[Thu Mar 05 02:47:36.218958 2026] [php:error] [pid 18629] [client 20.203.144.43:0] script '/domains/pbuilder/claw.php' not found or unable to stat
[Thu Mar 05 02:47:36.319640 2026] [php:error] [pid 18629] [client 20.203.144.43:0] script '/domains/pbuilder/fvvff.php' not found or unable to stat
[Thu Mar 05 02:47:36.419452 2026] [php:error] [pid 18629] [client 20.203.144.43:0] script '/domains/pbuilder/a2.php' not found or unable to stat
[Thu Mar 05 02:47:36.518875 2026] [php:error] [pid 18629] [client 20.203.144.43:0] script '/domains/pbuilder/sty.php' not found or unable to stat
[Thu Mar 05 02:47:36.620222 2026] [php:error] [pid 18629] [client 20.203.144.43:0] script '/domains/pbuilder/xxxx.php' not found or unable to stat
[Thu Mar 05 02:47:36.719483 2026] [php:error] [pid 18629] [client 20.203.144.43:0] script '/domains/pbuilder/h.php' not found or unable to stat
[Thu Mar 05 02:47:36.863877 2026] [php:error] [pid 18629] [client 20.203.144.43:0] script '/domains/pbuilder/g.php' not found or unable to stat
[Thu Mar 05 02:47:37.013381 2026] [php:error] [pid 18629] [client 20.203.144.43:0] script '/domains/pbuilder/pp.php' not found or unable to stat
[Thu Mar 05 02:47:37.119793 2026] [php:error] [pid 18629] [client 20.203.144.43:0] script '/domains/pbuilder/sys.php' not found or unable to stat
[Thu Mar 05 02:47:37.346413 2026] [php:error] [pid 18629] [client 20.203.144.43:0] script '/domains/pbuilder/txets.php' not found or unable to stat
[Thu Mar 05 02:47:37.446081 2026] [php:error] [pid 18629] [client 20.203.144.43:0] script '/domains/pbuilder/wp9.php' not found or unable to stat
[Thu Mar 05 02:47:37.545648 2026] [php:error] [pid 18629] [client 20.203.144.43:0] script '/domains/pbuilder/path.php' not found or unable to stat
[Thu Mar 05 02:47:37.644932 2026] [php:error] [pid 18629] [client 20.203.144.43:0] script '/domains/pbuilder/wdf.php' not found or unable to stat
[Thu Mar 05 02:47:37.752555 2026] [php:error] [pid 18629] [client 20.203.144.43:0] script '/domains/pbuilder/2.php' not found or unable to stat
[Thu Mar 05 02:47:37.866304 2026] [php:error] [pid 18629] [client 20.203.144.43:0] script '/domains/pbuilder/mga.php' not found or unable to stat
[Thu Mar 05 02:47:37.967282 2026] [php:error] [pid 18629] [client 20.203.144.43:0] script '/domains/pbuilder/maxro.php' not found or unable to stat
[Thu Mar 05 02:47:38.160891 2026] [php:error] [pid 18629] [client 20.203.144.43:0] script '/domains/pbuilder/pass2.php' not found or unable to stat
[Thu Mar 05 02:47:38.260218 2026] [php:error] [pid 18629] [client 20.203.144.43:0] script '/domains/pbuilder/wsvvs.php' not found or unable to stat
[Thu Mar 05 02:47:38.359496 2026] [php:error] [pid 18629] [client 20.203.144.43:0] script '/domains/pbuilder/3.php' not found or unable to stat
[Thu Mar 05 02:47:38.462511 2026] [php:error] [pid 18629] [client 20.203.144.43:0] script '/domains/pbuilder/edit.php' not found or unable to stat
[Thu Mar 05 02:47:38.599600 2026] [php:error] [pid 18629] [client 20.203.144.43:0] script '/domains/pbuilder/ioxi-o.php' not found or unable to stat
[Thu Mar 05 02:47:38.801621 2026] [php:error] [pid 18629] [client 20.203.144.43:0] script '/domains/pbuilder/66.php' not found or unable to stat
[Thu Mar 05 02:47:39.000088 2026] [php:error] [pid 18629] [client 20.203.144.43:0] script '/domains/pbuilder/gifclass.php' not found or unable to stat
[Thu Mar 05 02:47:39.704672 2026] [php:error] [pid 18629] [client 20.203.144.43:0] script '/domains/pbuilder/sc.php' not found or unable to stat
[Thu Mar 05 02:47:39.804354 2026] [php:error] [pid 18629] [client 20.203.144.43:0] script '/domains/pbuilder/xmlrpc.php' not found or unable to stat
[Thu Mar 05 02:47:39.978819 2026] [php:error] [pid 18629] [client 20.203.144.43:0] script '/domains/pbuilder/ol.php' not found or unable to stat
[Thu Mar 05 02:47:40.309806 2026] [php:error] [pid 18629] [client 20.203.144.43:0] script '/domains/pbuilder/f6.php' not found or unable to stat
[Thu Mar 05 02:47:40.580351 2026] [php:error] [pid 18629] [client 20.203.144.43:0] script '/domains/pbuilder/inputs.php' not found or unable to stat
[Thu Mar 05 02:47:40.679520 2026] [php:error] [pid 18629] [client 20.203.144.43:0] script '/domains/pbuilder/style.php' not found or unable to stat
[Thu Mar 05 02:47:40.832232 2026] [php:error] [pid 18629] [client 20.203.144.43:0] script '/domains/pbuilder/bgymj.php' not found or unable to stat
[Thu Mar 05 02:47:40.932082 2026] [php:error] [pid 18629] [client 20.203.144.43:0] script '/domains/pbuilder/aa.php' not found or unable to stat
[Thu Mar 05 02:47:41.038574 2026] [php:error] [pid 18629] [client 20.203.144.43:0] script '/domains/pbuilder/1.php' not found or unable to stat
[Thu Mar 05 02:47:41.197447 2026] [php:error] [pid 18629] [client 20.203.144.43:0] script '/domains/pbuilder/sc.php' not found or unable to stat
[Thu Mar 05 02:47:41.399464 2026] [php:error] [pid 18629] [client 20.203.144.43:0] script '/domains/pbuilder/av.php' not found or unable to stat
[Thu Mar 05 02:47:41.549056 2026] [php:error] [pid 18629] [client 20.203.144.43:0] script '/domains/pbuilder/file.php' not found or unable to stat
[Thu Mar 05 02:47:41.648350 2026] [php:error] [pid 18629] [client 20.203.144.43:0] script '/domains/pbuilder/file59.php' not found or unable to stat
[Thu Mar 05 02:47:41.747604 2026] [php:error] [pid 18629] [client 20.203.144.43:0] script '/domains/pbuilder/bless.php' not found or unable to stat
[Thu Mar 05 02:47:41.885729 2026] [php:error] [pid 18629] [client 20.203.144.43:0] script '/domains/pbuilder/wp9.php' not found or unable to stat
[Thu Mar 05 02:47:42.002082 2026] [php:error] [pid 18629] [client 20.203.144.43:0] script '/domains/pbuilder/wp-act.php' not found or unable to stat
[Thu Mar 05 02:47:42.111692 2026] [php:error] [pid 18629] [client 20.203.144.43:0] script '/domains/pbuilder/class-t.api.php' not found or unable to stat
[Thu Mar 05 02:47:42.210807 2026] [php:error] [pid 18629] [client 20.203.144.43:0] script '/domains/pbuilder/xqq.php' not found or unable to stat
[Thu Mar 05 02:47:42.521855 2026] [php:error] [pid 18629] [client 20.203.144.43:0] script '/domains/pbuilder/a.php' not found or unable to stat
[Thu Mar 05 02:47:42.623610 2026] [php:error] [pid 18629] [client 20.203.144.43:0] script '/domains/pbuilder/06.php' not found or unable to stat
[Thu Mar 05 02:47:42.723840 2026] [php:error] [pid 18629] [client 20.203.144.43:0] script '/domains/pbuilder/plss3.php' not found or unable to stat
[Thu Mar 05 02:47:42.886439 2026] [php:error] [pid 18629] [client 20.203.144.43:0] script '/domains/pbuilder/aaa.php' not found or unable to stat
[Thu Mar 05 02:47:42.986040 2026] [php:error] [pid 18629] [client 20.203.144.43:0] script '/domains/pbuilder/classwithtostring.php' not found or unable to stat
[Thu Mar 05 02:47:43.187389 2026] [php:error] [pid 18629] [client 20.203.144.43:0] script '/domains/pbuilder/tinyfilemanager.php' not found or unable to stat
[Thu Mar 05 02:47:43.287153 2026] [php:error] [pid 18629] [client 20.203.144.43:0] script '/domains/pbuilder/x.php' not found or unable to stat
[Thu Mar 05 02:47:43.390330 2026] [php:error] [pid 18629] [client 20.203.144.43:0] script '/domains/pbuilder/ms.php' not found or unable to stat
[Thu Mar 05 02:47:43.607262 2026] [php:error] [pid 18629] [client 20.203.144.43:0] script '/domains/pbuilder/wp-update.php' not found or unable to stat
[Thu Mar 05 02:47:43.712265 2026] [php:error] [pid 18629] [client 20.203.144.43:0] script '/domains/pbuilder/sbhu.php' not found or unable to stat
[Thu Mar 05 02:47:43.926748 2026] [php:error] [pid 18629] [client 20.203.144.43:0] script '/domains/pbuilder/wp-blog.php' not found or unable to stat
[Thu Mar 05 02:47:44.026242 2026] [php:error] [pid 18629] [client 20.203.144.43:0] script '/domains/pbuilder/test1.php' not found or unable to stat
[Thu Mar 05 02:47:44.257106 2026] [php:error] [pid 18629] [client 20.203.144.43:0] script '/domains/pbuilder/166.php' not found or unable to stat
[Thu Mar 05 02:47:44.534837 2026] [php:error] [pid 18629] [client 20.203.144.43:0] script '/domains/pbuilder/ms-edit.php' not found or unable to stat
[Thu Mar 05 02:47:44.633916 2026] [php:error] [pid 18629] [client 20.203.144.43:0] script '/domains/pbuilder/adminfuns.php' not found or unable to stat
[Thu Mar 05 02:47:44.733720 2026] [php:error] [pid 18629] [client 20.203.144.43:0] script '/domains/pbuilder/goods.php' not found or unable to stat
[Thu Mar 05 02:47:44.880336 2026] [php:error] [pid 18629] [client 20.203.144.43:0] script '/domains/pbuilder/ms-edit.php' not found or unable to stat
[Thu Mar 05 02:47:45.078909 2026] [php:error] [pid 18629] [client 20.203.144.43:0] script '/domains/pbuilder/222.php' not found or unable to stat
[Thu Mar 05 02:47:45.182680 2026] [php:error] [pid 18629] [client 20.203.144.43:0] script '/domains/pbuilder/plugins.php' not found or unable to stat
[Thu Mar 05 02:47:45.757193 2026] [php:error] [pid 18629] [client 20.203.144.43:0] script '/domains/pbuilder/ff1.php' not found or unable to stat
[Thu Mar 05 02:47:45.856665 2026] [php:error] [pid 18629] [client 20.203.144.43:0] script '/domains/pbuilder/fff.php' not found or unable to stat
[Thu Mar 05 02:47:46.315958 2026] [php:error] [pid 18629] [client 20.203.144.43:0] script '/domains/pbuilder/goat.php' not found or unable to stat
[Thu Mar 05 02:47:46.608973 2026] [php:error] [pid 18629] [client 20.203.144.43:0] script '/domains/pbuilder/155.php' not found or unable to stat
[Thu Mar 05 02:47:46.771825 2026] [php:error] [pid 18629] [client 20.203.144.43:0] script '/domains/pbuilder/we.php' not found or unable to stat
[Thu Mar 05 02:47:47.393501 2026] [php:error] [pid 18637] [client 20.203.144.43:0] script '/domains/pbuilder/alpha.php' not found or unable to stat
[Thu Mar 05 02:47:47.495530 2026] [php:error] [pid 18637] [client 20.203.144.43:0] script '/domains/pbuilder/makeasmtp.php' not found or unable to stat
[Thu Mar 05 02:47:47.596494 2026] [php:error] [pid 18637] [client 20.203.144.43:0] script '/domains/pbuilder/wp-michan.php' not found or unable to stat
[Thu Mar 05 02:47:47.816572 2026] [php:error] [pid 18637] [client 20.203.144.43:0] script '/domains/pbuilder/wp-the.php' not found or unable to stat
[Thu Mar 05 02:47:48.107162 2026] [php:error] [pid 18637] [client 20.203.144.43:0] script '/domains/pbuilder/BDKR28WP.php' not found or unable to stat
[Thu Mar 05 02:47:48.334964 2026] [php:error] [pid 18637] [client 20.203.144.43:0] script '/domains/pbuilder/wp.php' not found or unable to stat
[Thu Mar 05 02:47:48.548633 2026] [php:error] [pid 18637] [client 20.203.144.43:0] script '/domains/pbuilder/w4.php' not found or unable to stat
[Thu Mar 05 02:47:48.810373 2026] [php:error] [pid 18637] [client 20.203.144.43:0] script '/domains/pbuilder/ok.php' not found or unable to stat
[Thu Mar 05 02:47:48.975681 2026] [php:error] [pid 18637] [client 20.203.144.43:0] script '/domains/pbuilder/about.php' not found or unable to stat
[Thu Mar 05 02:47:49.196581 2026] [php:error] [pid 18637] [client 20.203.144.43:0] script '/domains/pbuilder/fe5.php' not found or unable to stat
[Thu Mar 05 02:47:49.325772 2026] [php:error] [pid 18637] [client 20.203.144.43:0] script '/domains/pbuilder/kj.php' not found or unable to stat
[Thu Mar 05 02:47:49.554559 2026] [php:error] [pid 18637] [client 20.203.144.43:0] script '/domains/pbuilder/av.php' not found or unable to stat
[Thu Mar 05 02:47:49.655196 2026] [php:error] [pid 18637] [client 20.203.144.43:0] script '/domains/pbuilder/abcd.php' not found or unable to stat
[Thu Mar 05 02:47:49.838043 2026] [php:error] [pid 18637] [client 20.203.144.43:0] script '/domains/pbuilder/init.php' not found or unable to stat
[Thu Mar 05 02:47:49.961177 2026] [php:error] [pid 18637] [client 20.203.144.43:0] script '/domains/pbuilder/fi.php' not found or unable to stat
[Thu Mar 05 02:47:50.084293 2026] [php:error] [pid 18637] [client 20.203.144.43:0] script '/domains/pbuilder/a1.php' not found or unable to stat
[Thu Mar 05 02:47:50.336900 2026] [php:error] [pid 18655] [client 121.121.218.136:0] script '/domains/druckrey/xmlrpc.php' not found or unable to stat
[Thu Mar 05 02:47:50.477776 2026] [php:error] [pid 18637] [client 20.203.144.43:0] script '/domains/pbuilder/f35.php' not found or unable to stat
[Thu Mar 05 02:47:50.578562 2026] [php:error] [pid 18637] [client 20.203.144.43:0] script '/domains/pbuilder/hi.php' not found or unable to stat
[Thu Mar 05 02:47:50.802686 2026] [php:error] [pid 18637] [client 20.203.144.43:0] script '/domains/pbuilder/lala.php' not found or unable to stat
[Thu Mar 05 02:47:50.905109 2026] [php:error] [pid 18637] [client 20.203.144.43:0] script '/domains/pbuilder/lb.php' not found or unable to stat
[Thu Mar 05 02:47:52.138959 2026] [php:error] [pid 18637] [client 20.203.144.43:0] script '/domains/pbuilder/0.php' not found or unable to stat
[Thu Mar 05 02:47:52.723919 2026] [php:error] [pid 18637] [client 20.203.144.43:0] script '/domains/pbuilder/core.php' not found or unable to stat
[Thu Mar 05 02:47:52.755852 2026] [php:error] [pid 18656] [client 45.148.10.244:0] script '/domains/nlyfoods/.env.php' not found or unable to stat
[Thu Mar 05 02:47:52.962740 2026] [php:error] [pid 18637] [client 20.203.144.43:0] script '/domains/pbuilder/prv8.php' not found or unable to stat
[Thu Mar 05 02:47:53.041184 2026] [php:error] [pid 18656] [client 45.148.10.244:0] script '/domains/nlyfoods/config.php' not found or unable to stat
[Thu Mar 05 02:47:53.094350 2026] [php:error] [pid 18637] [client 20.203.144.43:0] script '/domains/pbuilder/k.php' not found or unable to stat
[Thu Mar 05 02:47:53.161679 2026] [php:error] [pid 18656] [client 45.148.10.244:0] script '/domains/nlyfoods/configuration.php' not found or unable to stat
[Thu Mar 05 02:47:53.212876 2026] [php:error] [pid 18637] [client 20.203.144.43:0] script '/domains/pbuilder/dev.php' not found or unable to stat
[Thu Mar 05 02:47:53.257449 2026] [php:error] [pid 18656] [client 45.148.10.244:0] script '/domains/nlyfoods/settings.php' not found or unable to stat
[Thu Mar 05 02:47:53.354849 2026] [php:error] [pid 18637] [client 20.203.144.43:0] script '/domains/pbuilder/bal.php' not found or unable to stat
[Thu Mar 05 02:47:53.359495 2026] [php:error] [pid 18656] [client 45.148.10.244:0] script '/domains/nlyfoods/database.php' not found or unable to stat
[Thu Mar 05 02:47:53.453940 2026] [php:error] [pid 18656] [client 45.148.10.244:0] script '/domains/nlyfoods/db.php' not found or unable to stat
[Thu Mar 05 02:47:53.470967 2026] [php:error] [pid 18637] [client 20.203.144.43:0] script '/domains/pbuilder/in.php' not found or unable to stat
[Thu Mar 05 02:47:53.578933 2026] [php:error] [pid 18656] [client 45.148.10.244:0] script '/domains/nlyfoods/connect.php' not found or unable to stat
[Thu Mar 05 02:47:53.591086 2026] [php:error] [pid 18637] [client 20.203.144.43:0] script '/domains/pbuilder/gssdd.php' not found or unable to stat
[Thu Mar 05 02:47:53.669137 2026] [php:error] [pid 18656] [client 45.148.10.244:0] script '/domains/nlyfoods/connection.php' not found or unable to stat
[Thu Mar 05 02:47:53.709231 2026] [php:error] [pid 18637] [client 20.203.144.43:0] script '/domains/pbuilder/motu.php' not found or unable to stat
[Thu Mar 05 02:47:53.829974 2026] [php:error] [pid 18637] [client 20.203.144.43:0] script '/domains/pbuilder/bs1.php' not found or unable to stat
[Thu Mar 05 02:47:53.944747 2026] [php:error] [pid 18637] [client 20.203.144.43:0] script '/domains/pbuilder/bengi.php' not found or unable to stat
[Thu Mar 05 02:47:54.057264 2026] [php:error] [pid 18637] [client 20.203.144.43:0] script '/domains/pbuilder/miansha.php' not found or unable to stat
[Thu Mar 05 02:47:54.157970 2026] [php:error] [pid 18637] [client 20.203.144.43:0] script '/domains/pbuilder/erty.php' not found or unable to stat
[Thu Mar 05 02:47:54.289606 2026] [php:error] [pid 18656] [client 45.148.10.244:0] script '/domains/nlyfoods/config.inc.php' not found or unable to stat
[Thu Mar 05 02:47:54.359641 2026] [php:error] [pid 18637] [client 20.203.144.43:0] script '/domains/pbuilder/X57.php' not found or unable to stat
[Thu Mar 05 02:47:54.463581 2026] [php:error] [pid 18656] [client 45.148.10.244:0] script '/domains/nlyfoods/settings.inc.php' not found or unable to stat
[Thu Mar 05 02:47:54.479019 2026] [php:error] [pid 18637] [client 20.203.144.43:0] script '/domains/pbuilder/axx.php' not found or unable to stat
[Thu Mar 05 02:47:54.594405 2026] [php:error] [pid 18637] [client 20.203.144.43:0] script '/domains/pbuilder/alfashell.php' not found or unable to stat
[Thu Mar 05 02:47:54.702956 2026] [php:error] [pid 18637] [client 20.203.144.43:0] script '/domains/pbuilder/re.php' not found or unable to stat
[Thu Mar 05 02:47:54.819190 2026] [php:error] [pid 18637] [client 20.203.144.43:0] script '/domains/pbuilder/styll.php' not found or unable to stat
[Thu Mar 05 02:47:54.936343 2026] [php:error] [pid 18637] [client 20.203.144.43:0] script '/domains/pbuilder/flower.php' not found or unable to stat
[Thu Mar 05 02:47:55.056927 2026] [php:error] [pid 18637] [client 20.203.144.43:0] script '/domains/pbuilder/4h.php' not found or unable to stat
[Thu Mar 05 02:47:55.177374 2026] [php:error] [pid 18637] [client 20.203.144.43:0] script '/domains/pbuilder/gettest.php' not found or unable to stat
[Thu Mar 05 02:47:55.298473 2026] [php:error] [pid 18637] [client 20.203.144.43:0] script '/domains/pbuilder/acp.php' not found or unable to stat
[Thu Mar 05 02:47:55.399162 2026] [php:error] [pid 18637] [client 20.203.144.43:0] script '/domains/pbuilder/database.php' not found or unable to stat
[Thu Mar 05 02:47:58.912589 2026] [php:error] [pid 18657] [client 45.148.10.244:0] script '/domains/nlyfoods/wp-config.php' not found or unable to stat
[Thu Mar 05 02:47:59.030276 2026] [php:error] [pid 18657] [client 45.148.10.244:0] script '/domains/nlyfoods/wp-config.php.old' not found or unable to stat
[Thu Mar 05 02:47:59.144960 2026] [php:error] [pid 18657] [client 45.148.10.244:0] script '/domains/nlyfoods/wp-config.php.save' not found or unable to stat
[Thu Mar 05 02:47:59.282158 2026] [php:error] [pid 18657] [client 45.148.10.244:0] script '/domains/nlyfoods/wp-config.php.swp' not found or unable to stat
[Thu Mar 05 02:48:01.683961 2026] [php:error] [pid 18629] [client 45.148.10.244:0] script '/domains/nlyfoods/wp-config-sample.php' not found or unable to stat
[Thu Mar 05 02:48:02.141151 2026] [php:error] [pid 18629] [client 45.148.10.244:0] script '/domains/nlyfoods/.wp-config.php.swp' not found or unable to stat
[Thu Mar 05 02:48:02.652170 2026] [php:error] [pid 18629] [client 45.148.10.244:0] script '/domains/nlyfoods/configuration.php.bak' not found or unable to stat
[Thu Mar 05 02:48:02.737826 2026] [php:error] [pid 18629] [client 45.148.10.244:0] script '/domains/nlyfoods/configuration.php.old' not found or unable to stat
[Thu Mar 05 02:48:07.444574 2026] [php:error] [pid 18637] [client 20.219.8.79:0] script '/domains/windsorweb/auth.php' not found or unable to stat
[Thu Mar 05 02:48:07.659715 2026] [php:error] [pid 18637] [client 20.219.8.79:0] script '/domains/windsorweb/504.php' not found or unable to stat
[Thu Mar 05 02:48:08.696612 2026] [php:error] [pid 18637] [client 20.219.8.79:0] script '/domains/windsorweb/bk.php' not found or unable to stat
[Thu Mar 05 02:48:08.900506 2026] [php:error] [pid 18637] [client 20.219.8.79:0] script '/domains/windsorweb/1.php' not found or unable to stat
[Thu Mar 05 02:48:09.241788 2026] [php:error] [pid 18644] [client 45.148.10.244:0] script '/domains/nlyfoods/payment_config.php' not found or unable to stat
[Thu Mar 05 02:48:09.334828 2026] [php:error] [pid 18644] [client 45.148.10.244:0] script '/domains/nlyfoods/checkout.php' not found or unable to stat
[Thu Mar 05 02:48:09.512542 2026] [php:error] [pid 18637] [client 20.219.8.79:0] script '/domains/windsorweb/error.php' not found or unable to stat
[Thu Mar 05 02:48:10.737270 2026] [php:error] [pid 18637] [client 20.219.8.79:0] script '/domains/windsorweb/ab.php' not found or unable to stat
[Thu Mar 05 02:48:12.647118 2026] [authz_core:error] [pid 18660] [client 45.148.10.244:0] AH01630: client denied by server configuration: /domains/nlyfoods/.htaccess
[Thu Mar 05 02:48:12.745807 2026] [authz_core:error] [pid 18660] [client 45.148.10.244:0] AH01630: client denied by server configuration: /domains/nlyfoods/.htpasswd
[Thu Mar 05 02:48:13.168005 2026] [php:error] [pid 18660] [client 45.148.10.244:0] script '/domains/nlyfoods/debug.php' not found or unable to stat
[Thu Mar 05 02:48:13.629207 2026] [php:error] [pid 18637] [client 20.219.8.79:0] script '/domains/windsorweb/new.php' not found or unable to stat
[Thu Mar 05 02:48:14.045896 2026] [php:error] [pid 18637] [client 20.219.8.79:0] script '/domains/windsorweb/post.php' not found or unable to stat
[Thu Mar 05 02:48:15.467286 2026] [php:error] [pid 18660] [client 45.148.10.244:0] script '/domains/nlyfoods/admin.php' not found or unable to stat
[Thu Mar 05 02:48:15.553661 2026] [php:error] [pid 18660] [client 45.148.10.244:0] script '/domains/nlyfoods/login.php' not found or unable to stat
[Thu Mar 05 02:48:16.145119 2026] [php:error] [pid 18637] [client 20.219.8.79:0] script '/domains/windsorweb/lock360.php' not found or unable to stat
[Thu Mar 05 02:48:16.194242 2026] [php:error] [pid 18660] [client 45.148.10.244:0] script '/domains/nlyfoods/adminer.php' not found or unable to stat
[Thu Mar 05 02:48:16.808196 2026] [core:crit] [pid 18660] (13)Permission denied: [client 45.148.10.244:0] AH00529: /domains/nlyfoods/logs/.htaccess pcfg_openfile: unable to check htaccess file, ensure it is readable and that '/domains/nlyfoods/logs/' is executable
[Thu Mar 05 02:48:17.014885 2026] [php:error] [pid 18637] [client 20.219.8.79:0] script '/domains/windsorweb/10.php' not found or unable to stat
[Thu Mar 05 02:48:18.094818 2026] [php:error] [pid 18637] [client 20.219.8.79:0] script '/domains/windsorweb/fox.php' not found or unable to stat
[Thu Mar 05 02:48:18.554864 2026] [php:error] [pid 18637] [client 20.219.8.79:0] script '/domains/windsorweb/s.php' not found or unable to stat
[Thu Mar 05 02:48:19.223915 2026] [php:error] [pid 18637] [client 20.219.8.79:0] script '/domains/windsorweb/archive.php' not found or unable to stat
[Thu Mar 05 02:48:19.870474 2026] [php:error] [pid 18660] [client 45.148.10.244:0] script '/domains/nlyfoods/email.php' not found or unable to stat
[Thu Mar 05 02:48:19.974885 2026] [php:error] [pid 18660] [client 45.148.10.244:0] script '/domains/nlyfoods/mail.php' not found or unable to stat
[Thu Mar 05 02:48:20.065693 2026] [php:error] [pid 18660] [client 45.148.10.244:0] script '/domains/nlyfoods/sendmail.php' not found or unable to stat
[Thu Mar 05 02:48:20.157696 2026] [php:error] [pid 18660] [client 45.148.10.244:0] script '/domains/nlyfoods/mailer.php' not found or unable to stat
[Thu Mar 05 02:48:20.241886 2026] [php:error] [pid 18660] [client 45.148.10.244:0] script '/domains/nlyfoods/smtp.php' not found or unable to stat
[Thu Mar 05 02:48:21.065353 2026] [php:error] [pid 18660] [client 45.148.10.244:0] script '/domains/nlyfoods/graphql.php' not found or unable to stat
[Thu Mar 05 02:48:25.064743 2026] [php:error] [pid 18658] [client 45.148.10.244:0] script '/domains/nlyfoods/postmark_webhook.php' not found or unable to stat
[Thu Mar 05 02:48:28.783299 2026] [php:error] [pid 18637] [client 45.148.10.244:0] script '/domains/nlyfoods/sendgrid_webhook.php' not found or unable to stat
[Thu Mar 05 02:48:41.220274 2026] [php:error] [pid 18660] [client 45.148.10.244:0] script '/domains/nlyfoods/stripe_webhook.php' not found or unable to stat
[Thu Mar 05 02:48:42.382153 2026] [core:crit] [pid 18666] (13)Permission denied: [client 45.148.10.244:0] AH00529: /domains/nlyfoods/logs/.htaccess pcfg_openfile: unable to check htaccess file, ensure it is readable and that '/domains/nlyfoods/logs/' is executable
[Thu Mar 05 02:48:42.478311 2026] [core:crit] [pid 18666] (13)Permission denied: [client 45.148.10.244:0] AH00529: /domains/nlyfoods/logs/.htaccess pcfg_openfile: unable to check htaccess file, ensure it is readable and that '/domains/nlyfoods/logs/' is executable
[Thu Mar 05 02:48:42.567118 2026] [core:crit] [pid 18666] (13)Permission denied: [client 45.148.10.244:0] AH00529: /domains/nlyfoods/logs/.htaccess pcfg_openfile: unable to check htaccess file, ensure it is readable and that '/domains/nlyfoods/logs/' is executable
[Thu Mar 05 02:48:42.667018 2026] [core:crit] [pid 18666] (13)Permission denied: [client 45.148.10.244:0] AH00529: /domains/nlyfoods/logs/.htaccess pcfg_openfile: unable to check htaccess file, ensure it is readable and that '/domains/nlyfoods/logs/' is executable
[Thu Mar 05 02:48:42.763571 2026] [core:crit] [pid 18666] (13)Permission denied: [client 45.148.10.244:0] AH00529: /domains/nlyfoods/logs/.htaccess pcfg_openfile: unable to check htaccess file, ensure it is readable and that '/domains/nlyfoods/logs/' is executable
[Thu Mar 05 02:48:50.756096 2026] [php:error] [pid 18670] [client 20.104.19.195:0] script '/domains/king1969/main.php' not found or unable to stat
[Thu Mar 05 02:48:50.789658 2026] [php:error] [pid 18670] [client 20.104.19.195:0] script '/domains/king1969/input.php' not found or unable to stat
[Thu Mar 05 02:48:50.823420 2026] [php:error] [pid 18670] [client 20.104.19.195:0] script '/domains/king1969/jquery.php' not found or unable to stat
[Thu Mar 05 02:48:50.963088 2026] [php:error] [pid 18670] [client 20.104.19.195:0] script '/domains/king1969/hehe.php' not found or unable to stat
[Thu Mar 05 02:48:50.997126 2026] [php:error] [pid 18670] [client 20.104.19.195:0] script '/domains/king1969/02.php' not found or unable to stat
[Thu Mar 05 02:48:51.171268 2026] [php:error] [pid 18670] [client 20.104.19.195:0] script '/domains/king1969/fi2.php' not found or unable to stat
[Thu Mar 05 02:48:51.204831 2026] [php:error] [pid 18670] [client 20.104.19.195:0] script '/domains/king1969/gecko-new.php' not found or unable to stat
[Thu Mar 05 02:48:51.335557 2026] [php:error] [pid 18670] [client 20.104.19.195:0] script '/domains/king1969/alfanew.php' not found or unable to stat
[Thu Mar 05 02:48:51.381571 2026] [php:error] [pid 18670] [client 20.104.19.195:0] script '/domains/king1969/text.php' not found or unable to stat
[Thu Mar 05 02:48:51.422192 2026] [php:error] [pid 18670] [client 20.104.19.195:0] script '/domains/king1969/f.php' not found or unable to stat
[Thu Mar 05 02:48:51.455565 2026] [php:error] [pid 18670] [client 20.104.19.195:0] script '/domains/king1969/cljntmcz.php' not found or unable to stat
[Thu Mar 05 02:48:51.490019 2026] [php:error] [pid 18670] [client 20.104.19.195:0] script '/domains/king1969/wp-links.php' not found or unable to stat
[Thu Mar 05 02:48:51.523605 2026] [php:error] [pid 18670] [client 20.104.19.195:0] script '/domains/king1969/xpw.php' not found or unable to stat
[Thu Mar 05 02:48:51.560018 2026] [php:error] [pid 18670] [client 20.104.19.195:0] script '/domains/king1969/cah.php' not found or unable to stat
[Thu Mar 05 02:48:51.659323 2026] [php:error] [pid 18670] [client 20.104.19.195:0] script '/domains/king1969/cong.php' not found or unable to stat
[Thu Mar 05 02:48:51.693255 2026] [php:error] [pid 18670] [client 20.104.19.195:0] script '/domains/king1969/ms-edit.php' not found or unable to stat
[Thu Mar 05 02:48:51.727274 2026] [php:error] [pid 18670] [client 20.104.19.195:0] script '/domains/king1969/function.php' not found or unable to stat
[Thu Mar 05 02:48:51.760877 2026] [php:error] [pid 18670] [client 20.104.19.195:0] script '/domains/king1969/send.php' not found or unable to stat
[Thu Mar 05 02:48:51.794441 2026] [php:error] [pid 18670] [client 20.104.19.195:0] script '/domains/king1969/ee.php' not found or unable to stat
[Thu Mar 05 02:48:51.827992 2026] [php:error] [pid 18670] [client 20.104.19.195:0] script '/domains/king1969/plugins.php' not found or unable to stat
[Thu Mar 05 02:48:51.863425 2026] [php:error] [pid 18670] [client 20.104.19.195:0] script '/domains/king1969/xxx.php' not found or unable to stat
[Thu Mar 05 02:48:51.926479 2026] [php:error] [pid 18670] [client 20.104.19.195:0] script '/domains/king1969/css.php' not found or unable to stat
[Thu Mar 05 02:48:52.268742 2026] [php:error] [pid 18670] [client 20.104.19.195:0] script '/domains/king1969/wp-content.php' not found or unable to stat
[Thu Mar 05 02:48:52.315917 2026] [php:error] [pid 18670] [client 20.104.19.195:0] script '/domains/king1969/6.php' not found or unable to stat
[Thu Mar 05 02:48:52.349721 2026] [php:error] [pid 18670] [client 20.104.19.195:0] script '/domains/king1969/berlin.php' not found or unable to stat
[Thu Mar 05 02:48:52.627725 2026] [php:error] [pid 18670] [client 20.104.19.195:0] script '/domains/king1969/f35.php' not found or unable to stat
[Thu Mar 05 02:48:52.670156 2026] [php:error] [pid 18670] [client 20.104.19.195:0] script '/domains/king1969/nakrip.php' not found or unable to stat
[Thu Mar 05 02:48:52.703819 2026] [php:error] [pid 18670] [client 20.104.19.195:0] script '/domains/king1969/radio.php' not found or unable to stat
[Thu Mar 05 02:48:52.737642 2026] [php:error] [pid 18670] [client 20.104.19.195:0] script '/domains/king1969/wp-file.php' not found or unable to stat
[Thu Mar 05 02:48:52.771486 2026] [php:error] [pid 18670] [client 20.104.19.195:0] script '/domains/king1969/wp-singin.php' not found or unable to stat
[Thu Mar 05 02:48:52.908751 2026] [php:error] [pid 18670] [client 20.104.19.195:0] script '/domains/king1969/shell.php' not found or unable to stat
[Thu Mar 05 02:48:52.944676 2026] [php:error] [pid 18670] [client 20.104.19.195:0] script '/domains/king1969/wp-fmfile.php' not found or unable to stat
[Thu Mar 05 02:48:52.978367 2026] [php:error] [pid 18670] [client 20.104.19.195:0] script '/domains/king1969/inputs.php' not found or unable to stat
[Thu Mar 05 02:48:53.019720 2026] [php:error] [pid 18670] [client 20.104.19.195:0] script '/domains/king1969/wp-theme.php' not found or unable to stat
[Thu Mar 05 02:48:53.091112 2026] [php:error] [pid 18670] [client 20.104.19.195:0] script '/domains/king1969/wi.php' not found or unable to stat
[Thu Mar 05 02:48:53.133859 2026] [php:error] [pid 18670] [client 20.104.19.195:0] script '/domains/king1969/php8.php' not found or unable to stat
[Thu Mar 05 02:48:53.187426 2026] [php:error] [pid 18670] [client 20.104.19.195:0] script '/domains/king1969/tes.php' not found or unable to stat
[Thu Mar 05 02:48:53.221332 2026] [php:error] [pid 18670] [client 20.104.19.195:0] script '/domains/king1969/headers.php' not found or unable to stat
[Thu Mar 05 02:48:53.255735 2026] [php:error] [pid 18670] [client 20.104.19.195:0] script '/domains/king1969/flower.php' not found or unable to stat
[Thu Mar 05 02:48:53.289698 2026] [php:error] [pid 18670] [client 20.104.19.195:0] script '/domains/king1969/system_log.php' not found or unable to stat
[Thu Mar 05 02:48:53.323525 2026] [php:error] [pid 18670] [client 20.104.19.195:0] script '/domains/king1969/wp-gr.php' not found or unable to stat
[Thu Mar 05 02:48:53.357698 2026] [php:error] [pid 18670] [client 20.104.19.195:0] script '/domains/king1969/dev.php' not found or unable to stat
[Thu Mar 05 02:48:53.455496 2026] [php:error] [pid 18670] [client 20.104.19.195:0] script '/domains/king1969/moon.php' not found or unable to stat
[Thu Mar 05 02:48:53.489371 2026] [php:error] [pid 18670] [client 20.104.19.195:0] script '/domains/king1969/abcd.php' not found or unable to stat
[Thu Mar 05 02:48:53.529568 2026] [php:error] [pid 18670] [client 20.104.19.195:0] script '/domains/king1969/we.php' not found or unable to stat
[Thu Mar 05 02:48:53.590755 2026] [php:error] [pid 18670] [client 20.104.19.195:0] script '/domains/king1969/a1.php' not found or unable to stat
[Thu Mar 05 02:48:53.624463 2026] [php:error] [pid 18670] [client 20.104.19.195:0] script '/domains/king1969/class20.php' not found or unable to stat
[Thu Mar 05 02:48:53.658176 2026] [php:error] [pid 18670] [client 20.104.19.195:0] script '/domains/king1969/epinyins.php' not found or unable to stat
[Thu Mar 05 02:48:53.692203 2026] [php:error] [pid 18670] [client 20.104.19.195:0] script '/domains/king1969/asus.php' not found or unable to stat
[Thu Mar 05 02:48:53.726641 2026] [php:error] [pid 18670] [client 20.104.19.195:0] script '/domains/king1969/a2.php' not found or unable to stat
[Thu Mar 05 02:48:53.768247 2026] [php:error] [pid 18670] [client 20.104.19.195:0] script '/domains/king1969/av.php' not found or unable to stat
[Thu Mar 05 02:49:05.038188 2026] [php:error] [pid 18671] [client 45.148.10.244:0] script '/domains/nlyfoods/sendgrid_inbound.php' not found or unable to stat
[Thu Mar 05 02:49:08.139221 2026] [core:crit] [pid 18656] (13)Permission denied: [client 45.148.10.244:0] AH00529: /domains/nlyfoods/logs/.htaccess pcfg_openfile: unable to check htaccess file, ensure it is readable and that '/domains/nlyfoods/logs/' is executable
[Thu Mar 05 02:49:08.315277 2026] [core:crit] [pid 18656] (13)Permission denied: [client 45.148.10.244:0] AH00529: /domains/nlyfoods/logs/.htaccess pcfg_openfile: unable to check htaccess file, ensure it is readable and that '/domains/nlyfoods/logs/' is executable
[Thu Mar 05 02:49:08.502768 2026] [core:crit] [pid 18656] (13)Permission denied: [client 45.148.10.244:0] AH00529: /domains/nlyfoods/logs/.htaccess pcfg_openfile: unable to check htaccess file, ensure it is readable and that '/domains/nlyfoods/logs/' is executable
[Thu Mar 05 02:50:06.328353 2026] [php:error] [pid 18689] [client 20.78.169.245:0] script '/domains/davidbacker/auth.php' not found or unable to stat
[Thu Mar 05 02:50:06.506704 2026] [php:error] [pid 18689] [client 20.78.169.245:0] script '/domains/davidbacker/504.php' not found or unable to stat
[Thu Mar 05 02:50:07.543224 2026] [php:error] [pid 18689] [client 20.78.169.245:0] script '/domains/davidbacker/bk.php' not found or unable to stat
[Thu Mar 05 02:50:07.757105 2026] [php:error] [pid 18689] [client 20.78.169.245:0] script '/domains/davidbacker/1.php' not found or unable to stat
[Thu Mar 05 02:50:08.339110 2026] [php:error] [pid 18689] [client 20.78.169.245:0] script '/domains/davidbacker/error.php' not found or unable to stat
[Thu Mar 05 02:50:09.520775 2026] [php:error] [pid 18689] [client 20.78.169.245:0] script '/domains/davidbacker/ab.php' not found or unable to stat
[Thu Mar 05 02:50:12.181861 2026] [php:error] [pid 18689] [client 20.78.169.245:0] script '/domains/davidbacker/new.php' not found or unable to stat
[Thu Mar 05 02:50:12.539368 2026] [php:error] [pid 18689] [client 20.78.169.245:0] script '/domains/davidbacker/post.php' not found or unable to stat
[Thu Mar 05 02:50:14.432985 2026] [php:error] [pid 18689] [client 20.78.169.245:0] script '/domains/davidbacker/lock360.php' not found or unable to stat
[Thu Mar 05 02:50:15.186606 2026] [php:error] [pid 18689] [client 20.78.169.245:0] script '/domains/davidbacker/10.php' not found or unable to stat
[Thu Mar 05 02:50:16.189364 2026] [php:error] [pid 18689] [client 20.78.169.245:0] script '/domains/davidbacker/fox.php' not found or unable to stat
[Thu Mar 05 02:50:16.601506 2026] [php:error] [pid 18689] [client 20.78.169.245:0] script '/domains/davidbacker/s.php' not found or unable to stat
[Thu Mar 05 02:50:17.139069 2026] [php:error] [pid 18689] [client 20.78.169.245:0] script '/domains/davidbacker/archive.php' not found or unable to stat
/bin/sh: /usr/public/bin/counter.cgi: not found
[Thu Mar 05 02:53:11.437837 2026] [authz_core:error] [pid 18709] [client 66.228.36.223:0] AH01630: client denied by server configuration: /
[Thu Mar 05 02:53:11.581176 2026] [authz_core:error] [pid 18708] [client 66.228.36.223:0] AH01630: client denied by server configuration: /
[Thu Mar 05 02:53:14.518156 2026] [php:error] [pid 18703] [client 52.253.113.41:0] script '/domains/assetenhance/ioxi-o.php' not found or unable to stat
[Thu Mar 05 02:53:14.688040 2026] [php:error] [pid 18703] [client 52.253.113.41:0] script '/domains/assetenhance/0x.php' not found or unable to stat
[Thu Mar 05 02:53:14.857951 2026] [php:error] [pid 18703] [client 52.253.113.41:0] script '/domains/assetenhance/222.php' not found or unable to stat
[Thu Mar 05 02:53:15.028025 2026] [php:error] [pid 18703] [client 52.253.113.41:0] script '/domains/assetenhance/aa.php' not found or unable to stat
[Thu Mar 05 02:53:15.197907 2026] [php:error] [pid 18703] [client 52.253.113.41:0] script '/domains/assetenhance/abcd.php' not found or unable to stat
[Thu Mar 05 02:53:15.400131 2026] [php:error] [pid 18703] [client 52.253.113.41:0] script '/domains/assetenhance/admin.php' not found or unable to stat
[Thu Mar 05 02:53:15.740310 2026] [php:error] [pid 18703] [client 52.253.113.41:0] script '/domains/assetenhance/adminfuns.php' not found or unable to stat
[Thu Mar 05 02:53:15.910610 2026] [php:error] [pid 18703] [client 52.253.113.41:0] script '/domains/assetenhance/akc.php' not found or unable to stat
[Thu Mar 05 02:53:16.080844 2026] [php:error] [pid 18703] [client 52.253.113.41:0] script '/domains/assetenhance/buy.php' not found or unable to stat
[Thu Mar 05 02:53:16.275642 2026] [php:error] [pid 18703] [client 52.253.113.41:0] script '/domains/assetenhance/cong.php' not found or unable to stat
[Thu Mar 05 02:53:16.618356 2026] [php:error] [pid 18703] [client 52.253.113.41:0] script '/domains/assetenhance/db.php' not found or unable to stat
[Thu Mar 05 02:53:16.788297 2026] [php:error] [pid 18703] [client 52.253.113.41:0] script '/domains/assetenhance/dropdown.php' not found or unable to stat
[Thu Mar 05 02:53:16.958735 2026] [php:error] [pid 18703] [client 52.253.113.41:0] script '/domains/assetenhance/file.php' not found or unable to stat
[Thu Mar 05 02:53:17.139793 2026] [php:error] [pid 18703] [client 52.253.113.41:0] script '/domains/assetenhance/goods.php' not found or unable to stat
[Thu Mar 05 02:53:17.325839 2026] [php:error] [pid 18703] [client 52.253.113.41:0] script '/domains/assetenhance/hplfuns.php' not found or unable to stat
[Thu Mar 05 02:53:17.497305 2026] [php:error] [pid 18703] [client 52.253.113.41:0] script '/domains/assetenhance/htaccess.php' not found or unable to stat
[Thu Mar 05 02:53:17.668477 2026] [php:error] [pid 18703] [client 52.253.113.41:0] script '/domains/assetenhance/images/wso.php' not found or unable to stat
[Thu Mar 05 02:53:18.008598 2026] [php:error] [pid 18703] [client 52.253.113.41:0] script '/domains/assetenhance/info.php' not found or unable to stat
[Thu Mar 05 02:53:18.198315 2026] [php:error] [pid 18703] [client 52.253.113.41:0] script '/domains/assetenhance/profile.php' not found or unable to stat
[Thu Mar 05 02:53:18.368716 2026] [php:error] [pid 18703] [client 52.253.113.41:0] script '/domains/assetenhance/sx.php' not found or unable to stat
[Thu Mar 05 02:53:22.156339 2026] [php:error] [pid 18703] [client 52.253.113.41:0] script '/domains/assetenhance/wp-fclass.php' not found or unable to stat
[Thu Mar 05 02:53:25.405526 2026] [php:error] [pid 18703] [client 52.253.113.41:0] script '/domains/assetenhance/wp-themes.php' not found or unable to stat
[Thu Mar 05 02:53:25.581773 2026] [php:error] [pid 18703] [client 52.253.113.41:0] script '/domains/assetenhance/xmlrpc.php' not found or unable to stat
[Thu Mar 05 02:53:30.335217 2026] [php:error] [pid 18704] [client 2a09:bac6:d862:16b4::243:91:0] script '/domains/ecernstelectric/wp-login.php' not found or unable to stat
[Thu Mar 05 02:54:25.279784 2026] [php:error] [pid 18709] [client 20.194.29.45:0] script '/domains/nostrada/wp-2019.php' not found or unable to stat
[Thu Mar 05 02:54:25.696949 2026] [php:error] [pid 18709] [client 20.194.29.45:0] script '/domains/nostrada/0.php' not found or unable to stat
[Thu Mar 05 02:54:25.905164 2026] [php:error] [pid 18709] [client 20.194.29.45:0] script '/domains/nostrada/1.php' not found or unable to stat
[Thu Mar 05 02:54:26.114367 2026] [php:error] [pid 18709] [client 20.194.29.45:0] script '/domains/nostrada/12.php' not found or unable to stat
[Thu Mar 05 02:54:26.374859 2026] [php:error] [pid 18709] [client 20.194.29.45:0] script '/domains/nostrada/120f9.php' not found or unable to stat
[Thu Mar 05 02:54:26.587096 2026] [php:error] [pid 18709] [client 20.194.29.45:0] script '/domains/nostrada/22.php' not found or unable to stat
[Thu Mar 05 02:54:26.795006 2026] [php:error] [pid 18709] [client 20.194.29.45:0] script '/domains/nostrada/403.php' not found or unable to stat
[Thu Mar 05 02:54:27.005479 2026] [php:error] [pid 18709] [client 20.194.29.45:0] script '/domains/nostrada/504.php' not found or unable to stat
[Thu Mar 05 02:54:27.213484 2026] [php:error] [pid 18709] [client 20.194.29.45:0] script '/domains/nostrada/GOD.php' not found or unable to stat
[Thu Mar 05 02:54:27.421411 2026] [php:error] [pid 18709] [client 20.194.29.45:0] script '/domains/nostrada/NewFile.php' not found or unable to stat
[Thu Mar 05 02:54:27.648988 2026] [php:error] [pid 18709] [client 20.194.29.45:0] script '/domains/nostrada/aaa.php' not found or unable to stat
[Thu Mar 05 02:54:27.856831 2026] [php:error] [pid 18709] [client 20.194.29.45:0] script '/domains/nostrada/ab.php' not found or unable to stat
[Thu Mar 05 02:54:28.743389 2026] [php:error] [pid 18709] [client 20.194.29.45:0] script '/domains/nostrada/al.php' not found or unable to stat
[Thu Mar 05 02:54:28.970513 2026] [php:error] [pid 18709] [client 20.194.29.45:0] script '/domains/nostrada/alfa-rex.php' not found or unable to stat
[Thu Mar 05 02:54:29.386510 2026] [php:error] [pid 18709] [client 20.194.29.45:0] script '/domains/nostrada/alfanew.php' not found or unable to stat
[Thu Mar 05 02:54:29.594487 2026] [php:error] [pid 18709] [client 20.194.29.45:0] script '/domains/nostrada/auth.php' not found or unable to stat
[Thu Mar 05 02:54:29.808127 2026] [php:error] [pid 18709] [client 20.194.29.45:0] script '/domains/nostrada/b.php' not found or unable to stat
[Thu Mar 05 02:54:29.847524 2026] [php:error] [pid 18713] [client 20.104.19.195:0] script '/domains/redpeninc/main.php' not found or unable to stat
[Thu Mar 05 02:54:29.881768 2026] [php:error] [pid 18713] [client 20.104.19.195:0] script '/domains/redpeninc/input.php' not found or unable to stat
[Thu Mar 05 02:54:29.915587 2026] [php:error] [pid 18713] [client 20.104.19.195:0] script '/domains/redpeninc/jquery.php' not found or unable to stat
[Thu Mar 05 02:54:29.949197 2026] [php:error] [pid 18713] [client 20.104.19.195:0] script '/domains/redpeninc/hehe.php' not found or unable to stat
[Thu Mar 05 02:54:29.982823 2026] [php:error] [pid 18713] [client 20.104.19.195:0] script '/domains/redpeninc/02.php' not found or unable to stat
[Thu Mar 05 02:54:30.053237 2026] [php:error] [pid 18709] [client 20.194.29.45:0] script '/domains/nostrada/b0.php' not found or unable to stat
[Thu Mar 05 02:54:30.261070 2026] [php:error] [pid 18709] [client 20.194.29.45:0] script '/domains/nostrada/back.php' not found or unable to stat
[Thu Mar 05 02:54:30.321963 2026] [php:error] [pid 18713] [client 20.104.19.195:0] script '/domains/redpeninc/fi2.php' not found or unable to stat
[Thu Mar 05 02:54:30.361936 2026] [php:error] [pid 18713] [client 20.104.19.195:0] script '/domains/redpeninc/gecko-new.php' not found or unable to stat
[Thu Mar 05 02:54:30.469014 2026] [php:error] [pid 18709] [client 20.194.29.45:0] script '/domains/nostrada/bala.php' not found or unable to stat
[Thu Mar 05 02:54:30.636802 2026] [php:error] [pid 18713] [client 20.104.19.195:0] script '/domains/redpeninc/alfanew.php' not found or unable to stat
[Thu Mar 05 02:54:30.670400 2026] [php:error] [pid 18713] [client 20.104.19.195:0] script '/domains/redpeninc/text.php' not found or unable to stat
[Thu Mar 05 02:54:30.682105 2026] [php:error] [pid 18709] [client 20.194.29.45:0] script '/domains/nostrada/baxa1.php' not found or unable to stat
[Thu Mar 05 02:54:30.704407 2026] [php:error] [pid 18713] [client 20.104.19.195:0] script '/domains/redpeninc/f.php' not found or unable to stat
[Thu Mar 05 02:54:30.738383 2026] [php:error] [pid 18713] [client 20.104.19.195:0] script '/domains/redpeninc/cljntmcz.php' not found or unable to stat
[Thu Mar 05 02:54:30.772076 2026] [php:error] [pid 18713] [client 20.104.19.195:0] script '/domains/redpeninc/wp-links.php' not found or unable to stat
[Thu Mar 05 02:54:30.805974 2026] [php:error] [pid 18713] [client 20.104.19.195:0] script '/domains/redpeninc/xpw.php' not found or unable to stat
[Thu Mar 05 02:54:30.852250 2026] [php:error] [pid 18713] [client 20.104.19.195:0] script '/domains/redpeninc/cah.php' not found or unable to stat
[Thu Mar 05 02:54:30.899837 2026] [php:error] [pid 18713] [client 20.104.19.195:0] script '/domains/redpeninc/cong.php' not found or unable to stat
[Thu Mar 05 02:54:30.910591 2026] [php:error] [pid 18709] [client 20.194.29.45:0] script '/domains/nostrada/buy.php' not found or unable to stat
[Thu Mar 05 02:54:30.933793 2026] [php:error] [pid 18713] [client 20.104.19.195:0] script '/domains/redpeninc/ms-edit.php' not found or unable to stat
[Thu Mar 05 02:54:31.118683 2026] [php:error] [pid 18709] [client 20.194.29.45:0] script '/domains/nostrada/byp.php' not found or unable to stat
[Thu Mar 05 02:54:31.270646 2026] [php:error] [pid 18713] [client 20.104.19.195:0] script '/domains/redpeninc/function.php' not found or unable to stat
[Thu Mar 05 02:54:31.313845 2026] [php:error] [pid 18713] [client 20.104.19.195:0] script '/domains/redpeninc/send.php' not found or unable to stat
[Thu Mar 05 02:54:31.326831 2026] [php:error] [pid 18709] [client 20.194.29.45:0] script '/domains/nostrada/c.php' not found or unable to stat
[Thu Mar 05 02:54:31.349103 2026] [php:error] [pid 18713] [client 20.104.19.195:0] script '/domains/redpeninc/ee.php' not found or unable to stat
[Thu Mar 05 02:54:31.387408 2026] [php:error] [pid 18713] [client 20.104.19.195:0] script '/domains/redpeninc/plugins.php' not found or unable to stat
[Thu Mar 05 02:54:31.421061 2026] [php:error] [pid 18713] [client 20.104.19.195:0] script '/domains/redpeninc/xxx.php' not found or unable to stat
[Thu Mar 05 02:54:31.457806 2026] [php:error] [pid 18713] [client 20.104.19.195:0] script '/domains/redpeninc/css.php' not found or unable to stat
[Thu Mar 05 02:54:31.532217 2026] [php:error] [pid 18713] [client 20.104.19.195:0] script '/domains/redpeninc/wp-content.php' not found or unable to stat
[Thu Mar 05 02:54:31.553576 2026] [php:error] [pid 18709] [client 20.194.29.45:0] script '/domains/nostrada/c99.php' not found or unable to stat
[Thu Mar 05 02:54:31.565855 2026] [php:error] [pid 18713] [client 20.104.19.195:0] script '/domains/redpeninc/6.php' not found or unable to stat
[Thu Mar 05 02:54:31.599663 2026] [php:error] [pid 18713] [client 20.104.19.195:0] script '/domains/redpeninc/berlin.php' not found or unable to stat
[Thu Mar 05 02:54:31.643490 2026] [php:error] [pid 18713] [client 20.104.19.195:0] script '/domains/redpeninc/f35.php' not found or unable to stat
[Thu Mar 05 02:54:31.688236 2026] [php:error] [pid 18713] [client 20.104.19.195:0] script '/domains/redpeninc/nakrip.php' not found or unable to stat
[Thu Mar 05 02:54:31.735531 2026] [php:error] [pid 18713] [client 20.104.19.195:0] script '/domains/redpeninc/radio.php' not found or unable to stat
[Thu Mar 05 02:54:31.772938 2026] [php:error] [pid 18709] [client 20.194.29.45:0] script '/domains/nostrada/chosen.php' not found or unable to stat
[Thu Mar 05 02:54:31.776178 2026] [php:error] [pid 18713] [client 20.104.19.195:0] script '/domains/redpeninc/wp-file.php' not found or unable to stat
[Thu Mar 05 02:54:31.809660 2026] [php:error] [pid 18713] [client 20.104.19.195:0] script '/domains/redpeninc/wp-singin.php' not found or unable to stat
[Thu Mar 05 02:54:31.843569 2026] [php:error] [pid 18713] [client 20.104.19.195:0] script '/domains/redpeninc/shell.php' not found or unable to stat
[Thu Mar 05 02:54:31.881437 2026] [php:error] [pid 18713] [client 20.104.19.195:0] script '/domains/redpeninc/wp-fmfile.php' not found or unable to stat
[Thu Mar 05 02:54:31.928804 2026] [php:error] [pid 18713] [client 20.104.19.195:0] script '/domains/redpeninc/inputs.php' not found or unable to stat
[Thu Mar 05 02:54:31.962499 2026] [php:error] [pid 18713] [client 20.104.19.195:0] script '/domains/redpeninc/wp-theme.php' not found or unable to stat
[Thu Mar 05 02:54:31.980542 2026] [php:error] [pid 18709] [client 20.194.29.45:0] script '/domains/nostrada/class-wp-lock.php' not found or unable to stat
[Thu Mar 05 02:54:31.996481 2026] [php:error] [pid 18713] [client 20.104.19.195:0] script '/domains/redpeninc/wi.php' not found or unable to stat
[Thu Mar 05 02:54:32.035905 2026] [php:error] [pid 18713] [client 20.104.19.195:0] script '/domains/redpeninc/php8.php' not found or unable to stat
[Thu Mar 05 02:54:32.082069 2026] [php:error] [pid 18713] [client 20.104.19.195:0] script '/domains/redpeninc/tes.php' not found or unable to stat
[Thu Mar 05 02:54:32.124652 2026] [php:error] [pid 18713] [client 20.104.19.195:0] script '/domains/redpeninc/headers.php' not found or unable to stat
[Thu Mar 05 02:54:32.162180 2026] [php:error] [pid 18713] [client 20.104.19.195:0] script '/domains/redpeninc/flower.php' not found or unable to stat
[Thu Mar 05 02:54:32.188241 2026] [php:error] [pid 18709] [client 20.194.29.45:0] script '/domains/nostrada/cong.php' not found or unable to stat
[Thu Mar 05 02:54:32.195941 2026] [php:error] [pid 18713] [client 20.104.19.195:0] script '/domains/redpeninc/system_log.php' not found or unable to stat
[Thu Mar 05 02:54:32.241606 2026] [php:error] [pid 18713] [client 20.104.19.195:0] script '/domains/redpeninc/wp-gr.php' not found or unable to stat
[Thu Mar 05 02:54:32.282242 2026] [php:error] [pid 18713] [client 20.104.19.195:0] script '/domains/redpeninc/dev.php' not found or unable to stat
[Thu Mar 05 02:54:32.323476 2026] [php:error] [pid 18713] [client 20.104.19.195:0] script '/domains/redpeninc/moon.php' not found or unable to stat
