[Thu Mar 05 02:28:55.885822 2026] [php:error] [pid 18235] [client 20.63.83.113:0] script '/domains/quintet/class20.php' not found or unable to stat
[Thu Mar 05 02:28:55.933383 2026] [php:error] [pid 18235] [client 20.63.83.113:0] script '/domains/quintet/epinyins.php' not found or unable to stat
[Thu Mar 05 02:28:56.248228 2026] [php:error] [pid 18235] [client 20.63.83.113:0] script '/domains/quintet/asus.php' not found or unable to stat
[Thu Mar 05 02:28:56.281954 2026] [php:error] [pid 18235] [client 20.63.83.113:0] script '/domains/quintet/a2.php' not found or unable to stat
[Thu Mar 05 02:28:56.315603 2026] [php:error] [pid 18235] [client 20.63.83.113:0] script '/domains/quintet/av.php' not found or unable to stat
[Thu Mar 05 02:29:07.617555 2026] [php:error] [pid 18246] [client 145.239.10.137:0] script '/domains/redpeninc/wc.php' not found or unable to stat, referer: http://redpeninc.com/wc.php
[Thu Mar 05 02:29:54.949297 2026] [php:error] [pid 18290] [client 52.253.113.41:0] script '/domains/smartny/ioxi-o.php' not found or unable to stat
[Thu Mar 05 02:29:55.121919 2026] [php:error] [pid 18290] [client 52.253.113.41:0] script '/domains/smartny/0x.php' not found or unable to stat
[Thu Mar 05 02:29:55.304515 2026] [php:error] [pid 18290] [client 52.253.113.41:0] script '/domains/smartny/222.php' not found or unable to stat
[Thu Mar 05 02:29:55.476554 2026] [php:error] [pid 18290] [client 52.253.113.41:0] script '/domains/smartny/aa.php' not found or unable to stat
[Thu Mar 05 02:29:55.648794 2026] [php:error] [pid 18290] [client 52.253.113.41:0] script '/domains/smartny/abcd.php' not found or unable to stat
[Thu Mar 05 02:29:55.846788 2026] [php:error] [pid 18290] [client 52.253.113.41:0] script '/domains/smartny/admin.php' not found or unable to stat
[Thu Mar 05 02:29:56.191028 2026] [php:error] [pid 18290] [client 52.253.113.41:0] script '/domains/smartny/adminfuns.php' not found or unable to stat
[Thu Mar 05 02:29:56.363524 2026] [php:error] [pid 18290] [client 52.253.113.41:0] script '/domains/smartny/akc.php' not found or unable to stat
[Thu Mar 05 02:29:56.535881 2026] [php:error] [pid 18290] [client 52.253.113.41:0] script '/domains/smartny/buy.php' not found or unable to stat
[Thu Mar 05 02:29:56.708103 2026] [php:error] [pid 18290] [client 52.253.113.41:0] script '/domains/smartny/cong.php' not found or unable to stat
[Thu Mar 05 02:29:56.894964 2026] [php:error] [pid 18290] [client 52.253.113.41:0] script '/domains/smartny/css/classwithtostring.php' not found or unable to stat
[Thu Mar 05 02:29:57.067849 2026] [php:error] [pid 18290] [client 52.253.113.41:0] script '/domains/smartny/db.php' not found or unable to stat
[Thu Mar 05 02:29:57.240111 2026] [php:error] [pid 18290] [client 52.253.113.41:0] script '/domains/smartny/dropdown.php' not found or unable to stat
[Thu Mar 05 02:29:57.413527 2026] [php:error] [pid 18290] [client 52.253.113.41:0] script '/domains/smartny/file.php' not found or unable to stat
[Thu Mar 05 02:29:57.585527 2026] [php:error] [pid 18290] [client 52.253.113.41:0] script '/domains/smartny/goods.php' not found or unable to stat
[Thu Mar 05 02:29:57.758444 2026] [php:error] [pid 18290] [client 52.253.113.41:0] script '/domains/smartny/hplfuns.php' not found or unable to stat
[Thu Mar 05 02:29:57.930796 2026] [php:error] [pid 18290] [client 52.253.113.41:0] script '/domains/smartny/htaccess.php' not found or unable to stat
[Thu Mar 05 02:29:58.410283 2026] [php:error] [pid 18312] [client 20.205.120.43:0] script '/domains/ecernstelectric/wp-2019.php' not found or unable to stat
[Thu Mar 05 02:29:58.447165 2026] [php:error] [pid 18290] [client 52.253.113.41:0] script '/domains/smartny/info.php' not found or unable to stat
[Thu Mar 05 02:29:58.619170 2026] [php:error] [pid 18290] [client 52.253.113.41:0] script '/domains/smartny/profile.php' not found or unable to stat
[Thu Mar 05 02:29:58.791133 2026] [php:error] [pid 18290] [client 52.253.113.41:0] script '/domains/smartny/sx.php' not found or unable to stat
[Thu Mar 05 02:29:58.857460 2026] [php:error] [pid 18312] [client 20.205.120.43:0] script '/domains/ecernstelectric/0.php' not found or unable to stat
[Thu Mar 05 02:29:59.105033 2026] [php:error] [pid 18312] [client 20.205.120.43:0] script '/domains/ecernstelectric/1.php' not found or unable to stat
[Thu Mar 05 02:29:59.333389 2026] [php:error] [pid 18312] [client 20.205.120.43:0] script '/domains/ecernstelectric/12.php' not found or unable to stat
[Thu Mar 05 02:29:59.555951 2026] [php:error] [pid 18312] [client 20.205.120.43:0] script '/domains/ecernstelectric/120f9.php' not found or unable to stat
[Thu Mar 05 02:29:59.778801 2026] [php:error] [pid 18312] [client 20.205.120.43:0] script '/domains/ecernstelectric/22.php' not found or unable to stat
[Thu Mar 05 02:30:00.002228 2026] [php:error] [pid 18312] [client 20.205.120.43:0] script '/domains/ecernstelectric/403.php' not found or unable to stat
[Thu Mar 05 02:30:00.256461 2026] [php:error] [pid 18312] [client 20.205.120.43:0] script '/domains/ecernstelectric/504.php' not found or unable to stat
[Thu Mar 05 02:30:00.478764 2026] [php:error] [pid 18312] [client 20.205.120.43:0] script '/domains/ecernstelectric/GOD.php' not found or unable to stat
[Thu Mar 05 02:30:00.703498 2026] [php:error] [pid 18312] [client 20.205.120.43:0] script '/domains/ecernstelectric/NewFile.php' not found or unable to stat
[Thu Mar 05 02:30:00.932496 2026] [php:error] [pid 18312] [client 20.205.120.43:0] script '/domains/ecernstelectric/aaa.php' not found or unable to stat
[Thu Mar 05 02:30:01.155042 2026] [php:error] [pid 18312] [client 20.205.120.43:0] script '/domains/ecernstelectric/ab.php' not found or unable to stat
[Thu Mar 05 02:30:02.098782 2026] [php:error] [pid 18312] [client 20.205.120.43:0] script '/domains/ecernstelectric/al.php' not found or unable to stat
[Thu Mar 05 02:30:02.352390 2026] [php:error] [pid 18312] [client 20.205.120.43:0] script '/domains/ecernstelectric/alfa-rex.php' not found or unable to stat
[Thu Mar 05 02:30:02.595526 2026] [php:error] [pid 18290] [client 52.253.113.41:0] script '/domains/smartny/wp-fclass.php' not found or unable to stat
[Thu Mar 05 02:30:02.808184 2026] [php:error] [pid 18312] [client 20.205.120.43:0] script '/domains/ecernstelectric/alfanew.php' not found or unable to stat
[Thu Mar 05 02:30:03.064846 2026] [php:error] [pid 18312] [client 20.205.120.43:0] script '/domains/ecernstelectric/auth.php' not found or unable to stat
[Thu Mar 05 02:30:03.288035 2026] [php:error] [pid 18312] [client 20.205.120.43:0] script '/domains/ecernstelectric/b.php' not found or unable to stat
[Thu Mar 05 02:30:03.510324 2026] [php:error] [pid 18312] [client 20.205.120.43:0] script '/domains/ecernstelectric/b0.php' not found or unable to stat
[Thu Mar 05 02:30:03.740912 2026] [php:error] [pid 18312] [client 20.205.120.43:0] script '/domains/ecernstelectric/back.php' not found or unable to stat
[Thu Mar 05 02:30:03.967571 2026] [php:error] [pid 18312] [client 20.205.120.43:0] script '/domains/ecernstelectric/bala.php' not found or unable to stat
[Thu Mar 05 02:30:04.205878 2026] [php:error] [pid 18312] [client 20.205.120.43:0] script '/domains/ecernstelectric/baxa1.php' not found or unable to stat
[Thu Mar 05 02:30:04.461446 2026] [php:error] [pid 18312] [client 20.205.120.43:0] script '/domains/ecernstelectric/buy.php' not found or unable to stat
[Thu Mar 05 02:30:04.684189 2026] [php:error] [pid 18312] [client 20.205.120.43:0] script '/domains/ecernstelectric/byp.php' not found or unable to stat
[Thu Mar 05 02:30:04.907078 2026] [php:error] [pid 18312] [client 20.205.120.43:0] script '/domains/ecernstelectric/c.php' not found or unable to stat
[Thu Mar 05 02:30:05.136607 2026] [php:error] [pid 18312] [client 20.205.120.43:0] script '/domains/ecernstelectric/c99.php' not found or unable to stat
[Thu Mar 05 02:30:05.364771 2026] [php:error] [pid 18312] [client 20.205.120.43:0] script '/domains/ecernstelectric/chosen.php' not found or unable to stat
[Thu Mar 05 02:30:05.587669 2026] [php:error] [pid 18312] [client 20.205.120.43:0] script '/domains/ecernstelectric/class-wp-lock.php' not found or unable to stat
[Thu Mar 05 02:30:05.832810 2026] [php:error] [pid 18312] [client 20.205.120.43:0] script '/domains/ecernstelectric/cong.php' not found or unable to stat
[Thu Mar 05 02:30:05.861291 2026] [php:error] [pid 18290] [client 52.253.113.41:0] script '/domains/smartny/wp-themes.php' not found or unable to stat
[Thu Mar 05 02:30:06.033723 2026] [php:error] [pid 18290] [client 52.253.113.41:0] script '/domains/smartny/xmlrpc.php' not found or unable to stat
[Thu Mar 05 02:30:06.056627 2026] [php:error] [pid 18312] [client 20.205.120.43:0] script '/domains/ecernstelectric/content.php' not found or unable to stat
[Thu Mar 05 02:30:06.279091 2026] [php:error] [pid 18312] [client 20.205.120.43:0] script '/domains/ecernstelectric/control.php' not found or unable to stat
[Thu Mar 05 02:30:06.525778 2026] [php:error] [pid 18312] [client 20.205.120.43:0] script '/domains/ecernstelectric/cookie.php' not found or unable to stat
[Thu Mar 05 02:30:06.753707 2026] [php:error] [pid 18312] [client 20.205.120.43:0] script '/domains/ecernstelectric/credits.php' not found or unable to stat
[Thu Mar 05 02:30:06.978864 2026] [php:error] [pid 18312] [client 20.205.120.43:0] script '/domains/ecernstelectric/cron.php' not found or unable to stat
[Thu Mar 05 02:30:07.201614 2026] [php:error] [pid 18312] [client 20.205.120.43:0] script '/domains/ecernstelectric/css.php' not found or unable to stat
[Thu Mar 05 02:30:07.674038 2026] [php:error] [pid 18312] [client 20.205.120.43:0] script '/domains/ecernstelectric/data.php' not found or unable to stat
[Thu Mar 05 02:30:07.896293 2026] [php:error] [pid 18312] [client 20.205.120.43:0] script '/domains/ecernstelectric/disagreed.php' not found or unable to stat
[Thu Mar 05 02:30:08.118023 2026] [php:error] [pid 18312] [client 20.205.120.43:0] script '/domains/ecernstelectric/doc.php' not found or unable to stat
[Thu Mar 05 02:30:08.345632 2026] [php:error] [pid 18312] [client 20.205.120.43:0] script '/domains/ecernstelectric/dropdown.php' not found or unable to stat
[Thu Mar 05 02:30:08.588032 2026] [php:error] [pid 18312] [client 20.205.120.43:0] script '/domains/ecernstelectric/ds.php' not found or unable to stat
[Thu Mar 05 02:30:08.811408 2026] [php:error] [pid 18312] [client 20.205.120.43:0] script '/domains/ecernstelectric/edit.php' not found or unable to stat
[Thu Mar 05 02:30:09.034224 2026] [php:error] [pid 18312] [client 20.205.120.43:0] script '/domains/ecernstelectric/ee.php' not found or unable to stat
[Thu Mar 05 02:30:09.256220 2026] [php:error] [pid 18312] [client 20.205.120.43:0] script '/domains/ecernstelectric/en.php' not found or unable to stat
[Thu Mar 05 02:30:09.504820 2026] [php:error] [pid 18312] [client 20.205.120.43:0] script '/domains/ecernstelectric/error.php' not found or unable to stat
[Thu Mar 05 02:30:09.748452 2026] [php:error] [pid 18312] [client 20.205.120.43:0] script '/domains/ecernstelectric/f35.php' not found or unable to stat
[Thu Mar 05 02:30:09.972379 2026] [php:error] [pid 18312] [client 20.205.120.43:0] script '/domains/ecernstelectric/favicon.php' not found or unable to stat
[Thu Mar 05 02:30:10.633545 2026] [php:error] [pid 18280] [client 20.205.120.43:0] script '/domains/ecernstelectric/feeds.php' not found or unable to stat
[Thu Mar 05 02:30:11.302331 2026] [php:error] [pid 18381] [client 20.205.120.43:0] script '/domains/ecernstelectric/files.php' not found or unable to stat
[Thu Mar 05 02:30:11.790091 2026] [php:error] [pid 18381] [client 20.205.120.43:0] script '/domains/ecernstelectric/flower.php' not found or unable to stat
[Thu Mar 05 02:30:12.024467 2026] [php:error] [pid 18381] [client 20.205.120.43:0] script '/domains/ecernstelectric/function.php' not found or unable to stat
[Thu Mar 05 02:30:12.252756 2026] [php:error] [pid 18381] [client 20.205.120.43:0] script '/domains/ecernstelectric/functions.php' not found or unable to stat
[Thu Mar 05 02:30:12.483388 2026] [php:error] [pid 18381] [client 20.205.120.43:0] script '/domains/ecernstelectric/gecko-new.php' not found or unable to stat
[Thu Mar 05 02:30:12.717938 2026] [php:error] [pid 18381] [client 20.205.120.43:0] script '/domains/ecernstelectric/ggfi.php' not found or unable to stat
[Thu Mar 05 02:30:12.946595 2026] [php:error] [pid 18381] [client 20.205.120.43:0] script '/domains/ecernstelectric/gzak2w.php' not found or unable to stat
[Thu Mar 05 02:30:13.181519 2026] [php:error] [pid 18280] [client 20.205.120.43:0] script '/domains/ecernstelectric/hehe.php' not found or unable to stat
[Thu Mar 05 02:30:13.407432 2026] [php:error] [pid 18280] [client 20.205.120.43:0] script '/domains/ecernstelectric/hehehehe.php' not found or unable to stat
[Thu Mar 05 02:30:13.632103 2026] [php:error] [pid 18280] [client 20.205.120.43:0] script '/domains/ecernstelectric/help.php' not found or unable to stat
[Thu Mar 05 02:30:13.858209 2026] [php:error] [pid 18280] [client 20.205.120.43:0] script '/domains/ecernstelectric/images/wp-login.php' not found or unable to stat
[Thu Mar 05 02:30:14.082506 2026] [php:error] [pid 18280] [client 20.205.120.43:0] script '/domains/ecernstelectric/index.php' not found or unable to stat
[Thu Mar 05 02:30:14.557521 2026] [php:error] [pid 18280] [client 20.205.120.43:0] script '/domains/ecernstelectric/install.php' not found or unable to stat
[Thu Mar 05 02:30:14.782512 2026] [php:error] [pid 18280] [client 20.205.120.43:0] script '/domains/ecernstelectric/jp.php' not found or unable to stat
[Thu Mar 05 02:30:15.237699 2026] [php:error] [pid 18280] [client 20.205.120.43:0] script '/domains/ecernstelectric/meta.php' not found or unable to stat
[Thu Mar 05 02:30:15.462884 2026] [php:error] [pid 18280] [client 20.205.120.43:0] script '/domains/ecernstelectric/moon.php' not found or unable to stat
[Thu Mar 05 02:30:15.687601 2026] [php:error] [pid 18280] [client 20.205.120.43:0] script '/domains/ecernstelectric/new.php' not found or unable to stat
[Thu Mar 05 02:30:15.912358 2026] [php:error] [pid 18280] [client 20.205.120.43:0] script '/domains/ecernstelectric/ova.php' not found or unable to stat
[Thu Mar 05 02:30:16.376598 2026] [php:error] [pid 18280] [client 20.205.120.43:0] script '/domains/ecernstelectric/radio.php' not found or unable to stat
[Thu Mar 05 02:30:16.602670 2026] [php:error] [pid 18280] [client 20.205.120.43:0] script '/domains/ecernstelectric/randkeyword.php' not found or unable to stat
[Thu Mar 05 02:30:16.840249 2026] [php:error] [pid 18280] [client 20.205.120.43:0] script '/domains/ecernstelectric/room.php' not found or unable to stat
[Thu Mar 05 02:30:17.073961 2026] [php:error] [pid 18280] [client 20.205.120.43:0] script '/domains/ecernstelectric/s.php' not found or unable to stat
[Thu Mar 05 02:30:17.541502 2026] [php:error] [pid 18280] [client 20.205.120.43:0] script '/domains/ecernstelectric/sim.php' not found or unable to stat
[Thu Mar 05 02:30:17.783765 2026] [php:error] [pid 18280] [client 20.205.120.43:0] script '/domains/ecernstelectric/simple.php' not found or unable to stat
[Thu Mar 05 02:31:06.715396 2026] [php:error] [pid 18392] [client 40.69.66.178:0] script '/domains/system_default/lufix.php' not found or unable to stat
[Thu Mar 05 02:31:06.788770 2026] [php:error] [pid 18392] [client 40.69.66.178:0] script '/domains/system_default/zeal.php' not found or unable to stat
[Thu Mar 05 02:31:06.861856 2026] [php:error] [pid 18392] [client 40.69.66.178:0] script '/domains/system_default/a4.php' not found or unable to stat
[Thu Mar 05 02:31:06.935254 2026] [php:error] [pid 18392] [client 40.69.66.178:0] script '/domains/system_default/file6.php' not found or unable to stat
[Thu Mar 05 02:31:07.008426 2026] [php:error] [pid 18392] [client 40.69.66.178:0] script '/domains/system_default/pass4.php' not found or unable to stat
[Thu Mar 05 02:31:07.081675 2026] [php:error] [pid 18392] [client 40.69.66.178:0] script '/domains/system_default/Okxob.php' not found or unable to stat
[Thu Mar 05 02:31:44.212976 2026] [php:error] [pid 18340] [client 145.239.10.137:0] script '/domains/system_suspended/info.php' not found or unable to stat, referer: http://racerx.com/info.php
[Thu Mar 05 02:31:51.436831 2026] [php:error] [pid 18284] [client 145.239.10.137:0] script '/domains/redpeninc/dragontank.php' not found or unable to stat, referer: http://redpeninc.com/dragontank.php
[Thu Mar 05 02:32:48.775265 2026] [php:error] [pid 18416] [client 20.205.227.70:0] script '/domains/viamonte3/ioxi-o.php' not found or unable to stat
[Thu Mar 05 02:32:49.005743 2026] [php:error] [pid 18416] [client 20.205.227.70:0] script '/domains/viamonte3/0x.php' not found or unable to stat
[Thu Mar 05 02:32:49.236283 2026] [php:error] [pid 18416] [client 20.205.227.70:0] script '/domains/viamonte3/222.php' not found or unable to stat
[Thu Mar 05 02:32:49.467786 2026] [php:error] [pid 18416] [client 20.205.227.70:0] script '/domains/viamonte3/aa.php' not found or unable to stat
[Thu Mar 05 02:32:49.699432 2026] [php:error] [pid 18416] [client 20.205.227.70:0] script '/domains/viamonte3/abcd.php' not found or unable to stat
[Thu Mar 05 02:32:49.929966 2026] [php:error] [pid 18416] [client 20.205.227.70:0] script '/domains/viamonte3/admin.php' not found or unable to stat
[Thu Mar 05 02:32:50.391842 2026] [php:error] [pid 18416] [client 20.205.227.70:0] script '/domains/viamonte3/adminfuns.php' not found or unable to stat
[Thu Mar 05 02:32:50.626883 2026] [php:error] [pid 18416] [client 20.205.227.70:0] script '/domains/viamonte3/akc.php' not found or unable to stat
[Thu Mar 05 02:32:50.859182 2026] [php:error] [pid 18416] [client 20.205.227.70:0] script '/domains/viamonte3/buy.php' not found or unable to stat
[Thu Mar 05 02:32:51.090729 2026] [php:error] [pid 18416] [client 20.205.227.70:0] script '/domains/viamonte3/cong.php' not found or unable to stat
[Thu Mar 05 02:32:51.557715 2026] [php:error] [pid 18416] [client 20.205.227.70:0] script '/domains/viamonte3/db.php' not found or unable to stat
[Thu Mar 05 02:32:51.564372 2026] [php:error] [pid 18411] [client 173.244.42.167:0] script '/domains/astrosfm/wp-login.php' not found or unable to stat
[Thu Mar 05 02:32:51.788865 2026] [php:error] [pid 18416] [client 20.205.227.70:0] script '/domains/viamonte3/dropdown.php' not found or unable to stat
[Thu Mar 05 02:32:52.019790 2026] [php:error] [pid 18416] [client 20.205.227.70:0] script '/domains/viamonte3/file.php' not found or unable to stat
[Thu Mar 05 02:32:52.272179 2026] [php:error] [pid 18416] [client 20.205.227.70:0] script '/domains/viamonte3/goods.php' not found or unable to stat
[Thu Mar 05 02:32:52.502901 2026] [php:error] [pid 18416] [client 20.205.227.70:0] script '/domains/viamonte3/hplfuns.php' not found or unable to stat
[Thu Mar 05 02:32:52.737971 2026] [php:error] [pid 18416] [client 20.205.227.70:0] script '/domains/viamonte3/htaccess.php' not found or unable to stat
[Thu Mar 05 02:32:52.969591 2026] [php:error] [pid 18416] [client 20.205.227.70:0] script '/domains/viamonte3/images/wso.php' not found or unable to stat
[Thu Mar 05 02:32:53.431215 2026] [php:error] [pid 18416] [client 20.205.227.70:0] script '/domains/viamonte3/info.php' not found or unable to stat
[Thu Mar 05 02:32:53.661813 2026] [php:error] [pid 18416] [client 20.205.227.70:0] script '/domains/viamonte3/profile.php' not found or unable to stat
[Thu Mar 05 02:32:53.893810 2026] [php:error] [pid 18416] [client 20.205.227.70:0] script '/domains/viamonte3/sx.php' not found or unable to stat
[Thu Mar 05 02:32:59.130664 2026] [php:error] [pid 18416] [client 20.205.227.70:0] script '/domains/viamonte3/wp-fclass.php' not found or unable to stat
[Thu Mar 05 02:33:03.572917 2026] [php:error] [pid 18416] [client 20.205.227.70:0] script '/domains/viamonte3/wp-themes.php' not found or unable to stat
[Thu Mar 05 02:33:03.803857 2026] [php:error] [pid 18416] [client 20.205.227.70:0] script '/domains/viamonte3/xmlrpc.php' not found or unable to stat
[Thu Mar 05 02:33:49.402204 2026] [php:error] [pid 18416] [client 20.196.204.231:0] script '/domains/memanuel/ioxi-o.php' not found or unable to stat
[Thu Mar 05 02:33:49.601873 2026] [php:error] [pid 18416] [client 20.196.204.231:0] script '/domains/memanuel/0x.php' not found or unable to stat
[Thu Mar 05 02:33:49.818631 2026] [php:error] [pid 18416] [client 20.196.204.231:0] script '/domains/memanuel/222.php' not found or unable to stat
[Thu Mar 05 02:33:50.054465 2026] [php:error] [pid 18416] [client 20.196.204.231:0] script '/domains/memanuel/aa.php' not found or unable to stat
[Thu Mar 05 02:33:50.259093 2026] [php:error] [pid 18416] [client 20.196.204.231:0] script '/domains/memanuel/abcd.php' not found or unable to stat
[Thu Mar 05 02:33:50.459980 2026] [php:error] [pid 18416] [client 20.196.204.231:0] script '/domains/memanuel/admin.php' not found or unable to stat
[Thu Mar 05 02:33:50.861044 2026] [php:error] [pid 18416] [client 20.196.204.231:0] script '/domains/memanuel/adminfuns.php' not found or unable to stat
[Thu Mar 05 02:33:51.060900 2026] [php:error] [pid 18416] [client 20.196.204.231:0] script '/domains/memanuel/akc.php' not found or unable to stat
[Thu Mar 05 02:33:51.262239 2026] [php:error] [pid 18416] [client 20.196.204.231:0] script '/domains/memanuel/buy.php' not found or unable to stat
[Thu Mar 05 02:33:51.462745 2026] [php:error] [pid 18416] [client 20.196.204.231:0] script '/domains/memanuel/cong.php' not found or unable to stat
[Thu Mar 05 02:33:51.862447 2026] [php:error] [pid 18416] [client 20.196.204.231:0] script '/domains/memanuel/db.php' not found or unable to stat
[Thu Mar 05 02:33:52.085981 2026] [php:error] [pid 18416] [client 20.196.204.231:0] script '/domains/memanuel/dropdown.php' not found or unable to stat
[Thu Mar 05 02:33:52.309302 2026] [php:error] [pid 18416] [client 20.196.204.231:0] script '/domains/memanuel/file.php' not found or unable to stat
[Thu Mar 05 02:33:52.535719 2026] [php:error] [pid 18416] [client 20.196.204.231:0] script '/domains/memanuel/goods.php' not found or unable to stat
[Thu Mar 05 02:33:52.753439 2026] [php:error] [pid 18416] [client 20.196.204.231:0] script '/domains/memanuel/hplfuns.php' not found or unable to stat
[Thu Mar 05 02:33:52.979497 2026] [php:error] [pid 18416] [client 20.196.204.231:0] script '/domains/memanuel/htaccess.php' not found or unable to stat
[Thu Mar 05 02:33:53.194196 2026] [php:error] [pid 18416] [client 20.196.204.231:0] script '/domains/memanuel/images/wso.php' not found or unable to stat
[Thu Mar 05 02:33:53.623316 2026] [php:error] [pid 18416] [client 20.196.204.231:0] script '/domains/memanuel/info.php' not found or unable to stat
[Thu Mar 05 02:33:53.837730 2026] [php:error] [pid 18416] [client 20.196.204.231:0] script '/domains/memanuel/profile.php' not found or unable to stat
[Thu Mar 05 02:33:54.037296 2026] [php:error] [pid 18416] [client 20.196.204.231:0] script '/domains/memanuel/sx.php' not found or unable to stat
[Thu Mar 05 02:33:58.586871 2026] [php:error] [pid 18416] [client 20.196.204.231:0] script '/domains/memanuel/wp-fclass.php' not found or unable to stat
[Thu Mar 05 02:34:02.460802 2026] [php:error] [pid 18416] [client 20.196.204.231:0] script '/domains/memanuel/wp-themes.php' not found or unable to stat
[Thu Mar 05 02:34:02.675229 2026] [php:error] [pid 18416] [client 20.196.204.231:0] script '/domains/memanuel/xmlrpc.php' not found or unable to stat
[Thu Mar 05 02:34:31.258524 2026] [php:error] [pid 18447] [client 20.194.0.170:0] script '/domains/king1969/inputs.php' not found or unable to stat
[Thu Mar 05 02:34:31.460428 2026] [php:error] [pid 18447] [client 20.194.0.170:0] script '/domains/king1969/ioxi-o.php' not found or unable to stat
[Thu Mar 05 02:34:31.883423 2026] [php:error] [pid 18447] [client 20.194.0.170:0] script '/domains/king1969/rip.php' not found or unable to stat
[Thu Mar 05 02:34:32.087383 2026] [php:error] [pid 18447] [client 20.194.0.170:0] script '/domains/king1969/admin.php' not found or unable to stat
[Thu Mar 05 02:34:32.490886 2026] [php:error] [pid 18447] [client 20.194.0.170:0] script '/domains/king1969/cache.php' not found or unable to stat
[Thu Mar 05 02:34:32.693730 2026] [php:error] [pid 18447] [client 20.194.0.170:0] script '/domains/king1969/themes.php' not found or unable to stat
[Thu Mar 05 02:34:32.895570 2026] [php:error] [pid 18447] [client 20.194.0.170:0] script '/domains/king1969/an.php' not found or unable to stat
[Thu Mar 05 02:34:33.501016 2026] [php:error] [pid 18447] [client 20.194.0.170:0] script '/domains/king1969/ws.php' not found or unable to stat
[Thu Mar 05 02:34:33.706202 2026] [php:error] [pid 18447] [client 20.194.0.170:0] script '/domains/king1969/404.php' not found or unable to stat
[Thu Mar 05 02:34:34.120586 2026] [php:error] [pid 18447] [client 20.194.0.170:0] script '/domains/king1969/wp-conf.php' not found or unable to stat
[Thu Mar 05 02:34:34.563874 2026] [php:error] [pid 18447] [client 20.194.0.170:0] script '/domains/king1969/wp-login.php' not found or unable to stat
[Thu Mar 05 02:34:34.765855 2026] [php:error] [pid 18447] [client 20.194.0.170:0] script '/domains/king1969/abc.php' not found or unable to stat
[Thu Mar 05 02:34:34.967635 2026] [php:error] [pid 18447] [client 20.194.0.170:0] script '/domains/king1969/abcd.php' not found or unable to stat
[Thu Mar 05 02:34:35.193808 2026] [php:error] [pid 18447] [client 20.194.0.170:0] script '/domains/king1969/as.php' not found or unable to stat
[Thu Mar 05 02:34:35.413071 2026] [php:error] [pid 18447] [client 20.194.0.170:0] script '/domains/king1969/wp-trackback.php' not found or unable to stat
[Thu Mar 05 02:34:35.639384 2026] [php:error] [pid 18447] [client 20.194.0.170:0] script '/domains/king1969/about.php' not found or unable to stat
[Thu Mar 05 02:34:35.861830 2026] [php:error] [pid 18447] [client 20.194.0.170:0] script '/domains/king1969/file.php' not found or unable to stat
[Thu Mar 05 02:34:36.084592 2026] [php:error] [pid 18447] [client 20.194.0.170:0] script '/domains/king1969/adminfuns.php' not found or unable to stat
[Thu Mar 05 02:34:36.286275 2026] [php:error] [pid 18447] [client 20.194.0.170:0] script '/domains/king1969/wp-good.php' not found or unable to stat
[Thu Mar 05 02:34:36.488139 2026] [php:error] [pid 18447] [client 20.194.0.170:0] script '/domains/king1969/xmlrpc.php' not found or unable to stat
[Thu Mar 05 02:34:36.690451 2026] [php:error] [pid 18447] [client 20.194.0.170:0] script '/domains/king1969/goods.php' not found or unable to stat
[Thu Mar 05 02:34:36.893012 2026] [php:error] [pid 18447] [client 20.194.0.170:0] script '/domains/king1969/class-t.api.php' not found or unable to stat
[Thu Mar 05 02:34:37.126049 2026] [php:error] [pid 18447] [client 20.194.0.170:0] script '/domains/king1969/sf.php' not found or unable to stat
[Thu Mar 05 02:34:37.349115 2026] [php:error] [pid 18447] [client 20.194.0.170:0] script '/domains/king1969/kbfr.php' not found or unable to stat
[Thu Mar 05 02:34:37.588647 2026] [php:error] [pid 18447] [client 20.194.0.170:0] script '/domains/king1969/autoload_classmap.php' not found or unable to stat
[Thu Mar 05 02:34:37.794425 2026] [php:error] [pid 18447] [client 20.194.0.170:0] script '/domains/king1969/chosen.php' not found or unable to stat
[Thu Mar 05 02:34:38.014596 2026] [php:error] [pid 18447] [client 20.194.0.170:0] script '/domains/king1969/classwithtostring.php' not found or unable to stat
[Thu Mar 05 02:34:38.243006 2026] [php:error] [pid 18447] [client 20.194.0.170:0] script '/domains/king1969/defaults.php' not found or unable to stat
[Thu Mar 05 02:34:38.891111 2026] [php:error] [pid 18447] [client 20.194.0.170:0] script '/domains/king1969/info.php' not found or unable to stat
[Thu Mar 05 02:34:48.925032 2026] [php:error] [pid 18418] [client 20.205.120.43:0] script '/domains/takie/auth.php' not found or unable to stat
[Thu Mar 05 02:34:49.149025 2026] [php:error] [pid 18418] [client 20.205.120.43:0] script '/domains/takie/504.php' not found or unable to stat
[Thu Mar 05 02:34:50.287654 2026] [php:error] [pid 18418] [client 20.205.120.43:0] script '/domains/takie/bk.php' not found or unable to stat
[Thu Mar 05 02:34:50.512521 2026] [php:error] [pid 18418] [client 20.205.120.43:0] script '/domains/takie/1.php' not found or unable to stat
[Thu Mar 05 02:34:51.185224 2026] [php:error] [pid 18418] [client 20.205.120.43:0] script '/domains/takie/error.php' not found or unable to stat
[Thu Mar 05 02:34:52.530516 2026] [php:error] [pid 18418] [client 20.205.120.43:0] script '/domains/takie/ab.php' not found or unable to stat
[Thu Mar 05 02:34:54.404983 2026] [php:error] [pid 18461] [client 52.178.176.146:0] script '/domains/homesbyaudrey1/moshou.php' not found or unable to stat
[Thu Mar 05 02:34:54.497203 2026] [php:error] [pid 18461] [client 52.178.176.146:0] script '/domains/homesbyaudrey1/edit.php' not found or unable to stat
[Thu Mar 05 02:34:54.595173 2026] [php:error] [pid 18461] [client 52.178.176.146:0] script '/domains/homesbyaudrey1/Jcrop.php' not found or unable to stat
[Thu Mar 05 02:34:54.667763 2026] [php:error] [pid 18461] [client 52.178.176.146:0] script '/domains/homesbyaudrey1/inege.php' not found or unable to stat
[Thu Mar 05 02:34:54.740560 2026] [php:error] [pid 18461] [client 52.178.176.146:0] script '/domains/homesbyaudrey1/sbhu.php' not found or unable to stat
[Thu Mar 05 02:34:54.831508 2026] [php:error] [pid 18461] [client 52.178.176.146:0] script '/domains/homesbyaudrey1/jb33.php' not found or unable to stat
[Thu Mar 05 02:34:54.903998 2026] [php:error] [pid 18461] [client 52.178.176.146:0] script '/domains/homesbyaudrey1/gec.php' not found or unable to stat
[Thu Mar 05 02:34:54.976646 2026] [php:error] [pid 18461] [client 52.178.176.146:0] script '/domains/homesbyaudrey1/yas.php' not found or unable to stat
[Thu Mar 05 02:34:55.049242 2026] [php:error] [pid 18461] [client 52.178.176.146:0] script '/domains/homesbyaudrey1/wp-setting.php' not found or unable to stat
[Thu Mar 05 02:34:55.128380 2026] [php:error] [pid 18461] [client 52.178.176.146:0] script '/domains/homesbyaudrey1/ww.php' not found or unable to stat
[Thu Mar 05 02:34:55.201936 2026] [php:error] [pid 18461] [client 52.178.176.146:0] script '/domains/homesbyaudrey1/nc4.php' not found or unable to stat
[Thu Mar 05 02:34:55.283431 2026] [php:error] [pid 18461] [client 52.178.176.146:0] script '/domains/homesbyaudrey1/w3llstore.php' not found or unable to stat
[Thu Mar 05 02:34:55.429350 2026] [php:error] [pid 18461] [client 52.178.176.146:0] script '/domains/homesbyaudrey1/tool.php' not found or unable to stat
[Thu Mar 05 02:34:55.518709 2026] [php:error] [pid 18461] [client 52.178.176.146:0] script '/domains/homesbyaudrey1/ayk.php' not found or unable to stat
[Thu Mar 05 02:34:55.592359 2026] [php:error] [pid 18461] [client 52.178.176.146:0] script '/domains/homesbyaudrey1/erty.php' not found or unable to stat
[Thu Mar 05 02:34:55.685389 2026] [php:error] [pid 18418] [client 20.205.120.43:0] script '/domains/takie/new.php' not found or unable to stat
[Thu Mar 05 02:34:55.704675 2026] [php:error] [pid 18461] [client 52.178.176.146:0] script '/domains/homesbyaudrey1/ftyude.php' not found or unable to stat
[Thu Mar 05 02:34:55.852488 2026] [php:error] [pid 18461] [client 52.178.176.146:0] script '/domains/homesbyaudrey1/xxxx.php' not found or unable to stat
[Thu Mar 05 02:34:55.951289 2026] [php:error] [pid 18461] [client 52.178.176.146:0] script '/domains/homesbyaudrey1/aa.php' not found or unable to stat
[Thu Mar 05 02:34:56.043651 2026] [php:error] [pid 18461] [client 52.178.176.146:0] script '/domains/homesbyaudrey1/403.php' not found or unable to stat
[Thu Mar 05 02:34:56.130335 2026] [php:error] [pid 18461] [client 52.178.176.146:0] script '/domains/homesbyaudrey1/mh.php' not found or unable to stat
[Thu Mar 05 02:34:56.147734 2026] [php:error] [pid 18418] [client 20.205.120.43:0] script '/domains/takie/post.php' not found or unable to stat
[Thu Mar 05 02:34:56.203321 2026] [php:error] [pid 18461] [client 52.178.176.146:0] script '/domains/homesbyaudrey1/1index.php' not found or unable to stat
[Thu Mar 05 02:34:56.276289 2026] [php:error] [pid 18461] [client 52.178.176.146:0] script '/domains/homesbyaudrey1/1a.php' not found or unable to stat
[Thu Mar 05 02:34:56.360475 2026] [php:error] [pid 18461] [client 52.178.176.146:0] script '/domains/homesbyaudrey1/cwclass.php' not found or unable to stat
[Thu Mar 05 02:34:56.451069 2026] [php:error] [pid 18461] [client 52.178.176.146:0] script '/domains/homesbyaudrey1/66.php' not found or unable to stat
[Thu Mar 05 02:34:56.469461 2026] [php:error] [pid 18451] [client 20.205.226.191:0] script '/domains/redpeninc/ioxi-o.php' not found or unable to stat
[Thu Mar 05 02:34:56.524168 2026] [php:error] [pid 18461] [client 52.178.176.146:0] script '/domains/homesbyaudrey1/666.php' not found or unable to stat
[Thu Mar 05 02:34:56.712181 2026] [php:error] [pid 18451] [client 20.205.226.191:0] script '/domains/redpeninc/0x.php' not found or unable to stat
[Thu Mar 05 02:34:56.954532 2026] [php:error] [pid 18451] [client 20.205.226.191:0] script '/domains/redpeninc/222.php' not found or unable to stat
[Thu Mar 05 02:34:57.177139 2026] [php:error] [pid 18461] [client 52.178.176.146:0] script '/domains/homesbyaudrey1/1.php' not found or unable to stat
[Thu Mar 05 02:34:57.196594 2026] [php:error] [pid 18451] [client 20.205.226.191:0] script '/domains/redpeninc/aa.php' not found or unable to stat
[Thu Mar 05 02:34:57.279413 2026] [php:error] [pid 18461] [client 52.178.176.146:0] script '/domains/homesbyaudrey1/wp-the.php' not found or unable to stat
[Thu Mar 05 02:34:57.357298 2026] [php:error] [pid 18461] [client 52.178.176.146:0] script '/domains/homesbyaudrey1/god.php' not found or unable to stat
[Thu Mar 05 02:34:57.429934 2026] [php:error] [pid 18461] [client 52.178.176.146:0] script '/domains/homesbyaudrey1/wp-x.php' not found or unable to stat
[Thu Mar 05 02:34:57.438064 2026] [php:error] [pid 18451] [client 20.205.226.191:0] script '/domains/redpeninc/abcd.php' not found or unable to stat
[Thu Mar 05 02:34:57.502628 2026] [php:error] [pid 18461] [client 52.178.176.146:0] script '/domains/homesbyaudrey1/install.php' not found or unable to stat
[Thu Mar 05 02:34:57.591814 2026] [php:error] [pid 18461] [client 52.178.176.146:0] script '/domains/homesbyaudrey1/bgymj.php' not found or unable to stat
[Thu Mar 05 02:34:57.669466 2026] [php:error] [pid 18451] [client 20.205.226.191:0] script '/domains/redpeninc/admin.php' not found or unable to stat
[Thu Mar 05 02:34:57.679412 2026] [php:error] [pid 18461] [client 52.178.176.146:0] script '/domains/homesbyaudrey1/chosen.php' not found or unable to stat
[Thu Mar 05 02:34:57.751839 2026] [php:error] [pid 18461] [client 52.178.176.146:0] script '/domains/homesbyaudrey1/global.php' not found or unable to stat
[Thu Mar 05 02:34:57.825023 2026] [php:error] [pid 18461] [client 52.178.176.146:0] script '/domains/homesbyaudrey1/0x.php' not found or unable to stat
[Thu Mar 05 02:34:57.920356 2026] [php:error] [pid 18461] [client 52.178.176.146:0] script '/domains/homesbyaudrey1/we.php' not found or unable to stat
[Thu Mar 05 02:34:58.022848 2026] [php:error] [pid 18461] [client 52.178.176.146:0] script '/domains/homesbyaudrey1/jga.php' not found or unable to stat
[Thu Mar 05 02:34:58.128947 2026] [php:error] [pid 18451] [client 20.205.226.191:0] script '/domains/redpeninc/adminfuns.php' not found or unable to stat
[Thu Mar 05 02:34:58.167737 2026] [php:error] [pid 18461] [client 52.178.176.146:0] script '/domains/homesbyaudrey1/goat.php' not found or unable to stat
[Thu Mar 05 02:34:58.205273 2026] [php:error] [pid 18418] [client 20.205.120.43:0] script '/domains/takie/lock360.php' not found or unable to stat
[Thu Mar 05 02:34:58.241521 2026] [php:error] [pid 18461] [client 52.178.176.146:0] script '/domains/homesbyaudrey1/gettest.php' not found or unable to stat
[Thu Mar 05 02:34:58.359274 2026] [php:error] [pid 18451] [client 20.205.226.191:0] script '/domains/redpeninc/akc.php' not found or unable to stat
[Thu Mar 05 02:34:58.604242 2026] [php:error] [pid 18451] [client 20.205.226.191:0] script '/domains/redpeninc/buy.php' not found or unable to stat
[Thu Mar 05 02:34:58.694482 2026] [php:error] [pid 18461] [client 52.178.176.146:0] script '/domains/homesbyaudrey1/autoload_classmap.php' not found or unable to stat
[Thu Mar 05 02:34:58.786712 2026] [php:error] [pid 18461] [client 52.178.176.146:0] script '/domains/homesbyaudrey1/Ov-Simple1.php' not found or unable to stat
[Thu Mar 05 02:34:58.859208 2026] [php:error] [pid 18461] [client 52.178.176.146:0] script '/domains/homesbyaudrey1/wp-login.php' not found or unable to stat
[Thu Mar 05 02:34:58.860845 2026] [php:error] [pid 18451] [client 20.205.226.191:0] script '/domains/redpeninc/cong.php' not found or unable to stat
[Thu Mar 05 02:34:58.958624 2026] [php:error] [pid 18461] [client 52.178.176.146:0] script '/domains/homesbyaudrey1/wander.php' not found or unable to stat
[Thu Mar 05 02:34:59.109723 2026] [php:error] [pid 18461] [client 52.178.176.146:0] script '/domains/homesbyaudrey1/add.php' not found or unable to stat
[Thu Mar 05 02:34:59.182454 2026] [php:error] [pid 18461] [client 52.178.176.146:0] script '/domains/homesbyaudrey1/t00l.php' not found or unable to stat
[Thu Mar 05 02:34:59.204335 2026] [php:error] [pid 18418] [client 20.205.120.43:0] script '/domains/takie/10.php' not found or unable to stat
[Thu Mar 05 02:34:59.282987 2026] [php:error] [pid 18461] [client 52.178.176.146:0] script '/domains/homesbyaudrey1/lp6.php' not found or unable to stat
[Thu Mar 05 02:34:59.320532 2026] [php:error] [pid 18451] [client 20.205.226.191:0] script '/domains/redpeninc/db.php' not found or unable to stat
[Thu Mar 05 02:34:59.368872 2026] [php:error] [pid 18461] [client 52.178.176.146:0] script '/domains/homesbyaudrey1/img.php' not found or unable to stat
[Thu Mar 05 02:34:59.522423 2026] [php:error] [pid 18461] [client 52.178.176.146:0] script '/domains/homesbyaudrey1/torsa1.php' not found or unable to stat
[Thu Mar 05 02:34:59.576243 2026] [php:error] [pid 18451] [client 20.205.226.191:0] script '/domains/redpeninc/dropdown.php' not found or unable to stat
[Thu Mar 05 02:34:59.615809 2026] [php:error] [pid 18461] [client 52.178.176.146:0] script '/domains/homesbyaudrey1/8.php' not found or unable to stat
[Thu Mar 05 02:34:59.689213 2026] [php:error] [pid 18461] [client 52.178.176.146:0] script '/domains/homesbyaudrey1/path.php' not found or unable to stat
[Thu Mar 05 02:34:59.821710 2026] [php:error] [pid 18451] [client 20.205.226.191:0] script '/domains/redpeninc/file.php' not found or unable to stat
[Thu Mar 05 02:34:59.875836 2026] [php:error] [pid 18461] [client 52.178.176.146:0] script '/domains/homesbyaudrey1/simple.php' not found or unable to stat
[Thu Mar 05 02:35:00.049002 2026] [php:error] [pid 18461] [client 52.178.176.146:0] script '/domains/homesbyaudrey1/pp.php' not found or unable to stat
[Thu Mar 05 02:35:00.058864 2026] [php:error] [pid 18451] [client 20.205.226.191:0] script '/domains/redpeninc/goods.php' not found or unable to stat
[Thu Mar 05 02:35:00.147547 2026] [php:error] [pid 18461] [client 52.178.176.146:0] script '/domains/homesbyaudrey1/pepe.php' not found or unable to stat
[Thu Mar 05 02:35:00.288965 2026] [php:error] [pid 18451] [client 20.205.226.191:0] script '/domains/redpeninc/hplfuns.php' not found or unable to stat
[Thu Mar 05 02:35:00.296658 2026] [php:error] [pid 18461] [client 52.178.176.146:0] script '/domains/homesbyaudrey1/f35.php' not found or unable to stat
[Thu Mar 05 02:35:00.327139 2026] [php:error] [pid 18418] [client 20.205.120.43:0] script '/domains/takie/fox.php' not found or unable to stat
[Thu Mar 05 02:35:00.382809 2026] [php:error] [pid 18461] [client 52.178.176.146:0] script '/domains/homesbyaudrey1/bolt.php' not found or unable to stat
[Thu Mar 05 02:35:00.457846 2026] [php:error] [pid 18461] [client 52.178.176.146:0] script '/domains/homesbyaudrey1/fff.php' not found or unable to stat
[Thu Mar 05 02:35:00.518854 2026] [php:error] [pid 18451] [client 20.205.226.191:0] script '/domains/redpeninc/htaccess.php' not found or unable to stat
[Thu Mar 05 02:35:00.530158 2026] [php:error] [pid 18461] [client 52.178.176.146:0] script '/domains/homesbyaudrey1/txets.php' not found or unable to stat
[Thu Mar 05 02:35:00.749359 2026] [php:error] [pid 18451] [client 20.205.226.191:0] script '/domains/redpeninc/images/wso.php' not found or unable to stat
[Thu Mar 05 02:35:00.820766 2026] [php:error] [pid 18461] [client 52.178.176.146:0] script '/domains/homesbyaudrey1/b.php' not found or unable to stat
[Thu Mar 05 02:35:00.843925 2026] [php:error] [pid 18418] [client 20.205.120.43:0] script '/domains/takie/s.php' not found or unable to stat
[Thu Mar 05 02:35:00.893338 2026] [php:error] [pid 18461] [client 52.178.176.146:0] script '/domains/homesbyaudrey1/mjq.php' not found or unable to stat
[Thu Mar 05 02:35:00.966397 2026] [php:error] [pid 18461] [client 52.178.176.146:0] script '/domains/homesbyaudrey1/akcc.php' not found or unable to stat
[Thu Mar 05 02:35:01.060957 2026] [php:error] [pid 18461] [client 52.178.176.146:0] script '/domains/homesbyaudrey1/item.php' not found or unable to stat
[Thu Mar 05 02:35:01.133713 2026] [php:error] [pid 18461] [client 52.178.176.146:0] script '/domains/homesbyaudrey1/aki.php' not found or unable to stat
[Thu Mar 05 02:35:01.209413 2026] [php:error] [pid 18451] [client 20.205.226.191:0] script '/domains/redpeninc/info.php' not found or unable to stat
[Thu Mar 05 02:35:01.306746 2026] [php:error] [pid 18461] [client 52.178.176.146:0] script '/domains/homesbyaudrey1/ff1.php' not found or unable to stat
[Thu Mar 05 02:35:01.402702 2026] [php:error] [pid 18461] [client 52.178.176.146:0] script '/domains/homesbyaudrey1/wp-file.php' not found or unable to stat
[Thu Mar 05 02:35:01.439633 2026] [php:error] [pid 18451] [client 20.205.226.191:0] script '/domains/redpeninc/profile.php' not found or unable to stat
[Thu Mar 05 02:35:01.475755 2026] [php:error] [pid 18461] [client 52.178.176.146:0] script '/domains/homesbyaudrey1/grsiuk.php' not found or unable to stat
[Thu Mar 05 02:35:01.515835 2026] [php:error] [pid 18418] [client 20.205.120.43:0] script '/domains/takie/archive.php' not found or unable to stat
[Thu Mar 05 02:35:01.549375 2026] [php:error] [pid 18461] [client 52.178.176.146:0] script '/domains/homesbyaudrey1/backup.php' not found or unable to stat
[Thu Mar 05 02:35:01.621873 2026] [php:error] [pid 18461] [client 52.178.176.146:0] script '/domains/homesbyaudrey1/acp.php' not found or unable to stat
[Thu Mar 05 02:35:01.669380 2026] [php:error] [pid 18451] [client 20.205.226.191:0] script '/domains/redpeninc/sx.php' not found or unable to stat
[Thu Mar 05 02:35:01.694388 2026] [php:error] [pid 18461] [client 52.178.176.146:0] script '/domains/homesbyaudrey1/f6.php' not found or unable to stat
[Thu Mar 05 02:35:01.767052 2026] [php:error] [pid 18461] [client 52.178.176.146:0] script '/domains/homesbyaudrey1/opts.php' not found or unable to stat
[Thu Mar 05 02:35:01.840229 2026] [php:error] [pid 18461] [client 52.178.176.146:0] script '/domains/homesbyaudrey1/seetox.php' not found or unable to stat
[Thu Mar 05 02:35:01.933041 2026] [php:error] [pid 18461] [client 52.178.176.146:0] script '/domains/homesbyaudrey1/dom.php' not found or unable to stat
[Thu Mar 05 02:35:02.006173 2026] [php:error] [pid 18461] [client 52.178.176.146:0] script '/domains/homesbyaudrey1/xoot.php' not found or unable to stat
[Thu Mar 05 02:35:02.079045 2026] [php:error] [pid 18461] [client 52.178.176.146:0] script '/domains/homesbyaudrey1/ms.php' not found or unable to stat
[Thu Mar 05 02:35:02.151607 2026] [php:error] [pid 18461] [client 52.178.176.146:0] script '/domains/homesbyaudrey1/agg.php' not found or unable to stat
[Thu Mar 05 02:35:02.237790 2026] [php:error] [pid 18461] [client 52.178.176.146:0] script '/domains/homesbyaudrey1/fleen.php' not found or unable to stat
[Thu Mar 05 02:35:07.016779 2026] [php:error] [pid 18451] [client 20.205.226.191:0] script '/domains/redpeninc/wp-fclass.php' not found or unable to stat
[Thu Mar 05 02:35:11.417738 2026] [php:error] [pid 18451] [client 20.205.226.191:0] script '/domains/redpeninc/wp-themes.php' not found or unable to stat
[Thu Mar 05 02:35:11.649725 2026] [php:error] [pid 18451] [client 20.205.226.191:0] script '/domains/redpeninc/xmlrpc.php' not found or unable to stat
[Thu Mar 05 02:35:12.532995 2026] [php:error] [pid 18447] [client 170.205.30.62:0] script '/domains/oneylaw/admin.php' not found or unable to stat
[Thu Mar 05 02:35:15.643229 2026] [php:error] [pid 18463] [client 170.205.30.62:0] script '/domains/oneylaw/about.php' not found or unable to stat
[Thu Mar 05 02:37:56.657766 2026] [php:error] [pid 18509] [client 20.194.0.170:0] script '/domains/braniff/inputs.php' not found or unable to stat
[Thu Mar 05 02:37:56.848184 2026] [php:error] [pid 18509] [client 20.194.0.170:0] script '/domains/braniff/ioxi-o.php' not found or unable to stat
[Thu Mar 05 02:37:57.230041 2026] [php:error] [pid 18509] [client 20.194.0.170:0] script '/domains/braniff/rip.php' not found or unable to stat
[Thu Mar 05 02:37:57.421694 2026] [php:error] [pid 18509] [client 20.194.0.170:0] script '/domains/braniff/admin.php' not found or unable to stat
[Thu Mar 05 02:37:57.826876 2026] [php:error] [pid 18509] [client 20.194.0.170:0] script '/domains/braniff/cache.php' not found or unable to stat
[Thu Mar 05 02:37:58.018016 2026] [php:error] [pid 18509] [client 20.194.0.170:0] script '/domains/braniff/themes.php' not found or unable to stat
[Thu Mar 05 02:37:58.209042 2026] [php:error] [pid 18509] [client 20.194.0.170:0] script '/domains/braniff/an.php' not found or unable to stat
[Thu Mar 05 02:37:58.783055 2026] [php:error] [pid 18509] [client 20.194.0.170:0] script '/domains/braniff/ws.php' not found or unable to stat
[Thu Mar 05 02:37:58.974395 2026] [php:error] [pid 18509] [client 20.194.0.170:0] script '/domains/braniff/404.php' not found or unable to stat
[Thu Mar 05 02:37:59.356771 2026] [php:error] [pid 18509] [client 20.194.0.170:0] script '/domains/braniff/wp-conf.php' not found or unable to stat
[Thu Mar 05 02:37:59.753230 2026] [php:error] [pid 18509] [client 20.194.0.170:0] script '/domains/braniff/wp-login.php' not found or unable to stat
[Thu Mar 05 02:37:59.975134 2026] [php:error] [pid 18509] [client 20.194.0.170:0] script '/domains/braniff/abc.php' not found or unable to stat
[Thu Mar 05 02:38:00.199154 2026] [php:error] [pid 18509] [client 20.194.0.170:0] script '/domains/braniff/abcd.php' not found or unable to stat
[Thu Mar 05 02:38:00.410521 2026] [php:error] [pid 18509] [client 20.194.0.170:0] script '/domains/braniff/as.php' not found or unable to stat
[Thu Mar 05 02:38:00.640351 2026] [php:error] [pid 18509] [client 20.194.0.170:0] script '/domains/braniff/wp-trackback.php' not found or unable to stat
[Thu Mar 05 02:38:00.857584 2026] [php:error] [pid 18509] [client 20.194.0.170:0] script '/domains/braniff/about.php' not found or unable to stat
[Thu Mar 05 02:38:01.078870 2026] [php:error] [pid 18509] [client 20.194.0.170:0] script '/domains/braniff/file.php' not found or unable to stat
[Thu Mar 05 02:38:01.297737 2026] [php:error] [pid 18509] [client 20.194.0.170:0] script '/domains/braniff/adminfuns.php' not found or unable to stat
[Thu Mar 05 02:38:01.488197 2026] [php:error] [pid 18509] [client 20.194.0.170:0] script '/domains/braniff/wp-good.php' not found or unable to stat
[Thu Mar 05 02:38:01.679176 2026] [php:error] [pid 18509] [client 20.194.0.170:0] script '/domains/braniff/xmlrpc.php' not found or unable to stat
[Thu Mar 05 02:38:01.870013 2026] [php:error] [pid 18509] [client 20.194.0.170:0] script '/domains/braniff/goods.php' not found or unable to stat
[Thu Mar 05 02:38:02.060438 2026] [php:error] [pid 18509] [client 20.194.0.170:0] script '/domains/braniff/class-t.api.php' not found or unable to stat
[Thu Mar 05 02:38:02.250885 2026] [php:error] [pid 18509] [client 20.194.0.170:0] script '/domains/braniff/sf.php' not found or unable to stat
[Thu Mar 05 02:38:02.441705 2026] [php:error] [pid 18509] [client 20.194.0.170:0] script '/domains/braniff/kbfr.php' not found or unable to stat
[Thu Mar 05 02:38:02.663400 2026] [php:error] [pid 18509] [client 20.194.0.170:0] script '/domains/braniff/autoload_classmap.php' not found or unable to stat
[Thu Mar 05 02:38:02.881757 2026] [php:error] [pid 18509] [client 20.194.0.170:0] script '/domains/braniff/chosen.php' not found or unable to stat
[Thu Mar 05 02:38:03.072576 2026] [php:error] [pid 18509] [client 20.194.0.170:0] script '/domains/braniff/classwithtostring.php' not found or unable to stat
[Thu Mar 05 02:38:03.281405 2026] [php:error] [pid 18509] [client 20.194.0.170:0] script '/domains/braniff/defaults.php' not found or unable to stat
[Thu Mar 05 02:38:03.921242 2026] [php:error] [pid 18509] [client 20.194.0.170:0] script '/domains/braniff/info.php' not found or unable to stat
[Thu Mar 05 02:38:13.954809 2026] [php:error] [pid 18503] [client 20.203.144.43:0] script '/domains/metrolighting/gfile.php' not found or unable to stat
[Thu Mar 05 02:38:14.057723 2026] [php:error] [pid 18503] [client 20.203.144.43:0] script '/domains/metrolighting/eee.php' not found or unable to stat
[Thu Mar 05 02:38:14.220359 2026] [php:error] [pid 18503] [client 20.203.144.43:0] script '/domains/metrolighting/Zjokrx.php' not found or unable to stat
[Thu Mar 05 02:38:14.320721 2026] [php:error] [pid 18503] [client 20.203.144.43:0] script '/domains/metrolighting/asw.php' not found or unable to stat
[Thu Mar 05 02:38:14.605608 2026] [php:error] [pid 18503] [client 20.203.144.43:0] script '/domains/metrolighting/x .php' not found or unable to stat
[Thu Mar 05 02:38:14.741368 2026] [php:error] [pid 18503] [client 20.203.144.43:0] script '/domains/metrolighting/lp6.php' not found or unable to stat
