[Thu Mar 05 04:44:06.775692 2026] [php:error] [pid 20407] [client 20.89.58.13:0] script '/domains/system_suspended/000.php' not found or unable to stat
[Thu Mar 05 04:44:06.796060 2026] [php:error] [pid 20404] [client 20.151.11.236:0] script '/domains/aatweb/we.php' not found or unable to stat
[Thu Mar 05 04:44:06.836566 2026] [php:error] [pid 20404] [client 20.151.11.236:0] script '/domains/aatweb/alpha.php' not found or unable to stat
[Thu Mar 05 04:44:06.870773 2026] [php:error] [pid 20404] [client 20.151.11.236:0] script '/domains/aatweb/makeasmtp.php' not found or unable to stat
[Thu Mar 05 04:44:06.904587 2026] [php:error] [pid 20404] [client 20.151.11.236:0] script '/domains/aatweb/wp-michan.php' not found or unable to stat
[Thu Mar 05 04:44:06.945430 2026] [php:error] [pid 20407] [client 20.89.58.13:0] script '/domains/system_suspended/ex.php' not found or unable to stat
[Thu Mar 05 04:44:06.978173 2026] [php:error] [pid 20404] [client 20.151.11.236:0] script '/domains/aatweb/wp-the.php' not found or unable to stat
[Thu Mar 05 04:44:07.050689 2026] [php:error] [pid 20404] [client 20.151.11.236:0] script '/domains/aatweb/BDKR28WP.php' not found or unable to stat
[Thu Mar 05 04:44:07.115085 2026] [php:error] [pid 20407] [client 20.89.58.13:0] script '/domains/system_suspended/pp.php' not found or unable to stat
[Thu Mar 05 04:44:07.120238 2026] [php:error] [pid 20404] [client 20.151.11.236:0] script '/domains/aatweb/wp.php' not found or unable to stat
[Thu Mar 05 04:44:07.197043 2026] [php:error] [pid 20404] [client 20.151.11.236:0] script '/domains/aatweb/w4.php' not found or unable to stat
[Thu Mar 05 04:44:07.265575 2026] [php:error] [pid 20404] [client 20.151.11.236:0] script '/domains/aatweb/ok.php' not found or unable to stat
[Thu Mar 05 04:44:07.286285 2026] [php:error] [pid 20407] [client 20.89.58.13:0] script '/domains/system_suspended/sd.php' not found or unable to stat
[Thu Mar 05 04:44:07.326849 2026] [php:error] [pid 20404] [client 20.151.11.236:0] script '/domains/aatweb/about.php' not found or unable to stat
[Thu Mar 05 04:44:07.396283 2026] [php:error] [pid 20404] [client 20.151.11.236:0] script '/domains/aatweb/fe5.php' not found or unable to stat
[Thu Mar 05 04:44:07.430839 2026] [php:error] [pid 20404] [client 20.151.11.236:0] script '/domains/aatweb/kj.php' not found or unable to stat
[Thu Mar 05 04:44:07.457343 2026] [php:error] [pid 20407] [client 20.89.58.13:0] script '/domains/system_suspended/s.php' not found or unable to stat
[Thu Mar 05 04:44:07.510412 2026] [php:error] [pid 20404] [client 20.151.11.236:0] script '/domains/aatweb/av.php' not found or unable to stat
[Thu Mar 05 04:44:07.544147 2026] [php:error] [pid 20404] [client 20.151.11.236:0] script '/domains/aatweb/abcd.php' not found or unable to stat
[Thu Mar 05 04:44:07.578239 2026] [php:error] [pid 20404] [client 20.151.11.236:0] script '/domains/aatweb/init.php' not found or unable to stat
[Thu Mar 05 04:44:07.611872 2026] [php:error] [pid 20404] [client 20.151.11.236:0] script '/domains/aatweb/fi.php' not found or unable to stat
[Thu Mar 05 04:44:07.629253 2026] [php:error] [pid 20407] [client 20.89.58.13:0] script '/domains/system_suspended/sf.php' not found or unable to stat
[Thu Mar 05 04:44:07.651169 2026] [php:error] [pid 20404] [client 20.151.11.236:0] script '/domains/aatweb/a1.php' not found or unable to stat
[Thu Mar 05 04:44:07.756275 2026] [php:error] [pid 20404] [client 20.151.11.236:0] script '/domains/aatweb/f35.php' not found or unable to stat
[Thu Mar 05 04:44:07.792196 2026] [php:error] [pid 20404] [client 20.151.11.236:0] script '/domains/aatweb/hi.php' not found or unable to stat
[Thu Mar 05 04:44:07.798763 2026] [php:error] [pid 20407] [client 20.89.58.13:0] script '/domains/system_suspended/kbfr.php' not found or unable to stat
[Thu Mar 05 04:44:07.825815 2026] [php:error] [pid 20404] [client 20.151.11.236:0] script '/domains/aatweb/lala.php' not found or unable to stat
[Thu Mar 05 04:44:07.861188 2026] [php:error] [pid 20404] [client 20.151.11.236:0] script '/domains/aatweb/lb.php' not found or unable to stat
[Thu Mar 05 04:44:07.930032 2026] [php:error] [pid 20404] [client 20.151.11.236:0] script '/domains/aatweb/0.php' not found or unable to stat
[Thu Mar 05 04:44:07.978539 2026] [php:error] [pid 20404] [client 20.151.11.236:0] script '/domains/aatweb/core.php' not found or unable to stat
[Thu Mar 05 04:44:07.998100 2026] [php:error] [pid 20407] [client 20.89.58.13:0] script '/domains/system_suspended/222.php' not found or unable to stat
[Thu Mar 05 04:44:08.046399 2026] [php:error] [pid 20404] [client 20.151.11.236:0] script '/domains/aatweb/prv8.php' not found or unable to stat
[Thu Mar 05 04:44:08.080399 2026] [php:error] [pid 20404] [client 20.151.11.236:0] script '/domains/aatweb/k.php' not found or unable to stat
[Thu Mar 05 04:44:08.117270 2026] [php:error] [pid 20404] [client 20.151.11.236:0] script '/domains/aatweb/dev.php' not found or unable to stat
[Thu Mar 05 04:44:08.151102 2026] [php:error] [pid 20404] [client 20.151.11.236:0] script '/domains/aatweb/bal.php' not found or unable to stat
[Thu Mar 05 04:44:08.167726 2026] [php:error] [pid 20407] [client 20.89.58.13:0] script '/domains/system_suspended/ws.php' not found or unable to stat
[Thu Mar 05 04:44:08.184736 2026] [php:error] [pid 20404] [client 20.151.11.236:0] script '/domains/aatweb/in.php' not found or unable to stat
[Thu Mar 05 04:44:08.229158 2026] [php:error] [pid 20404] [client 20.151.11.236:0] script '/domains/aatweb/gssdd.php' not found or unable to stat
[Thu Mar 05 04:44:08.265174 2026] [php:error] [pid 20404] [client 20.151.11.236:0] script '/domains/aatweb/motu.php' not found or unable to stat
[Thu Mar 05 04:44:08.298846 2026] [php:error] [pid 20404] [client 20.151.11.236:0] script '/domains/aatweb/bs1.php' not found or unable to stat
[Thu Mar 05 04:44:08.332972 2026] [php:error] [pid 20404] [client 20.151.11.236:0] script '/domains/aatweb/bengi.php' not found or unable to stat
[Thu Mar 05 04:44:08.337437 2026] [php:error] [pid 20407] [client 20.89.58.13:0] script '/domains/system_suspended/404.php' not found or unable to stat
[Thu Mar 05 04:44:08.371662 2026] [php:error] [pid 20404] [client 20.151.11.236:0] script '/domains/aatweb/miansha.php' not found or unable to stat
[Thu Mar 05 04:44:08.410832 2026] [php:error] [pid 20404] [client 20.151.11.236:0] script '/domains/aatweb/erty.php' not found or unable to stat
[Thu Mar 05 04:44:08.488065 2026] [php:error] [pid 20404] [client 20.151.11.236:0] script '/domains/aatweb/X57.php' not found or unable to stat
[Thu Mar 05 04:44:08.507681 2026] [php:error] [pid 20407] [client 20.89.58.13:0] script '/domains/system_suspended/inputs.php' not found or unable to stat
[Thu Mar 05 04:44:08.522214 2026] [php:error] [pid 20404] [client 20.151.11.236:0] script '/domains/aatweb/axx.php' not found or unable to stat
[Thu Mar 05 04:44:08.656452 2026] [php:error] [pid 20404] [client 20.151.11.236:0] script '/domains/aatweb/alfashell.php' not found or unable to stat
[Thu Mar 05 04:44:08.677191 2026] [php:error] [pid 20407] [client 20.89.58.13:0] script '/domains/system_suspended/autoload_classmap.php' not found or unable to stat
[Thu Mar 05 04:44:08.697388 2026] [php:error] [pid 20404] [client 20.151.11.236:0] script '/domains/aatweb/re.php' not found or unable to stat
[Thu Mar 05 04:44:08.733744 2026] [php:error] [pid 20404] [client 20.151.11.236:0] script '/domains/aatweb/styll.php' not found or unable to stat
[Thu Mar 05 04:44:08.767459 2026] [php:error] [pid 20404] [client 20.151.11.236:0] script '/domains/aatweb/flower.php' not found or unable to stat
[Thu Mar 05 04:44:08.806320 2026] [php:error] [pid 20404] [client 20.151.11.236:0] script '/domains/aatweb/4h.php' not found or unable to stat
[Thu Mar 05 04:44:08.840312 2026] [php:error] [pid 20404] [client 20.151.11.236:0] script '/domains/aatweb/gettest.php' not found or unable to stat
[Thu Mar 05 04:44:08.847059 2026] [php:error] [pid 20407] [client 20.89.58.13:0] script '/domains/system_suspended/chosen.php' not found or unable to stat
[Thu Mar 05 04:44:08.890372 2026] [php:error] [pid 20404] [client 20.151.11.236:0] script '/domains/aatweb/acp.php' not found or unable to stat
[Thu Mar 05 04:44:08.924097 2026] [php:error] [pid 20404] [client 20.151.11.236:0] script '/domains/aatweb/database.php' not found or unable to stat
[Thu Mar 05 04:44:09.016820 2026] [php:error] [pid 20407] [client 20.89.58.13:0] script '/domains/system_suspended/classwithtostring.php' not found or unable to stat
[Thu Mar 05 04:44:09.213395 2026] [php:error] [pid 20407] [client 20.89.58.13:0] script '/domains/system_suspended/defaults.php' not found or unable to stat
[Thu Mar 05 04:44:09.401223 2026] [php:error] [pid 20407] [client 20.89.58.13:0] script '/domains/system_suspended/wp-trackback.php' not found or unable to stat
[Thu Mar 05 04:44:09.571340 2026] [php:error] [pid 20407] [client 20.89.58.13:0] script '/domains/system_suspended/info.php' not found or unable to stat
[Thu Mar 05 04:44:09.741181 2026] [php:error] [pid 20407] [client 20.89.58.13:0] script '/domains/system_suspended/about.php' not found or unable to stat
[Thu Mar 05 04:44:09.912402 2026] [php:error] [pid 20407] [client 20.89.58.13:0] script '/domains/system_suspended/file.php' not found or unable to stat
[Thu Mar 05 04:44:10.101037 2026] [php:error] [pid 20407] [client 20.89.58.13:0] script '/domains/system_suspended/wp-good.php' not found or unable to stat
[Thu Mar 05 04:44:10.295579 2026] [php:error] [pid 20407] [client 20.89.58.13:0] script '/domains/system_suspended/xmlrpc.php' not found or unable to stat
[Thu Mar 05 04:44:11.488436 2026] [php:error] [pid 20407] [client 20.89.58.13:0] script '/domains/system_suspended/server.php' not found or unable to stat
[Thu Mar 05 04:44:39.788244 2026] [php:error] [pid 20405] [client 143.14.6.139:0] script '/domains/hdickens.enteract/kmnj.php' not found or unable to stat
[Thu Mar 05 04:44:40.569288 2026] [php:error] [pid 20401] [client 207.180.11.213:0] script '/domains/hdickens.enteract/kmnj.php' not found or unable to stat
[Thu Mar 05 04:44:41.485528 2026] [php:error] [pid 20405] [client 144.31.35.69:0] script '/domains/hdickens.enteract/kmnj.php' not found or unable to stat
[Thu Mar 05 04:44:46.109568 2026] [php:error] [pid 20405] [client 20.215.208.157:0] script '/domains/system_default/gfile.php' not found or unable to stat
[Thu Mar 05 04:44:46.744885 2026] [php:error] [pid 20405] [client 20.215.208.157:0] script '/domains/system_default/eee.php' not found or unable to stat
[Thu Mar 05 04:44:47.016930 2026] [php:error] [pid 20405] [client 20.215.208.157:0] script '/domains/system_default/Zjokrx.php' not found or unable to stat
[Thu Mar 05 04:44:47.120417 2026] [php:error] [pid 20405] [client 20.215.208.157:0] script '/domains/system_default/asw.php' not found or unable to stat
[Thu Mar 05 04:44:47.224290 2026] [php:error] [pid 20405] [client 20.215.208.157:0] script '/domains/system_default/x .php' not found or unable to stat
[Thu Mar 05 04:44:47.351600 2026] [php:error] [pid 20405] [client 20.215.208.157:0] script '/domains/system_default/lp6.php' not found or unable to stat
[Thu Mar 05 04:44:47.468627 2026] [php:error] [pid 20405] [client 20.215.208.157:0] script '/domains/system_default/akses.php' not found or unable to stat
[Thu Mar 05 04:44:47.571981 2026] [php:error] [pid 20405] [client 20.215.208.157:0] script '/domains/system_default/no1.php' not found or unable to stat
[Thu Mar 05 04:44:47.690815 2026] [php:error] [pid 20405] [client 20.215.208.157:0] script '/domains/system_default/teee.php' not found or unable to stat
[Thu Mar 05 04:44:47.810964 2026] [php:error] [pid 20405] [client 20.215.208.157:0] script '/domains/system_default/elabel.php' not found or unable to stat
[Thu Mar 05 04:44:47.914186 2026] [php:error] [pid 20405] [client 20.215.208.157:0] script '/domains/system_default/bafFz.php' not found or unable to stat
[Thu Mar 05 04:44:48.113145 2026] [php:error] [pid 20405] [client 20.215.208.157:0] script '/domains/system_default/rere.php' not found or unable to stat
[Thu Mar 05 04:44:48.401397 2026] [php:error] [pid 20405] [client 20.215.208.157:0] script '/domains/system_default/ok356.php' not found or unable to stat
[Thu Mar 05 04:44:48.521559 2026] [php:error] [pid 20405] [client 20.215.208.157:0] script '/domains/system_default/jocundly.php' not found or unable to stat
[Thu Mar 05 04:44:48.625057 2026] [php:error] [pid 20405] [client 20.215.208.157:0] script '/domains/system_default/wo.php' not found or unable to stat
[Thu Mar 05 04:44:48.728545 2026] [php:error] [pid 20405] [client 20.215.208.157:0] script '/domains/system_default/h2h.php' not found or unable to stat
[Thu Mar 05 04:44:48.833225 2026] [php:error] [pid 20405] [client 20.215.208.157:0] script '/domains/system_default/rithin.php' not found or unable to stat
[Thu Mar 05 04:44:48.936451 2026] [php:error] [pid 20405] [client 20.215.208.157:0] script '/domains/system_default/kk.php' not found or unable to stat
[Thu Mar 05 04:44:49.059787 2026] [php:error] [pid 20405] [client 20.215.208.157:0] script '/domains/system_default/path.php' not found or unable to stat
[Thu Mar 05 04:44:49.181530 2026] [php:error] [pid 20405] [client 20.215.208.157:0] script '/domains/system_default/cs.php' not found or unable to stat
[Thu Mar 05 04:44:49.285241 2026] [php:error] [pid 20405] [client 20.215.208.157:0] script '/domains/system_default/w2025.php' not found or unable to stat
[Thu Mar 05 04:44:49.403090 2026] [php:error] [pid 20405] [client 20.215.208.157:0] script '/domains/system_default/foxr.php' not found or unable to stat
[Thu Mar 05 04:44:49.507194 2026] [php:error] [pid 20405] [client 20.215.208.157:0] script '/domains/system_default/swallowable.php' not found or unable to stat
[Thu Mar 05 04:44:49.629549 2026] [php:error] [pid 20405] [client 20.215.208.157:0] script '/domains/system_default/claw.php' not found or unable to stat
[Thu Mar 05 04:44:49.748274 2026] [php:error] [pid 20405] [client 20.215.208.157:0] script '/domains/system_default/fvvff.php' not found or unable to stat
[Thu Mar 05 04:44:49.919916 2026] [php:error] [pid 20405] [client 20.215.208.157:0] script '/domains/system_default/a2.php' not found or unable to stat
[Thu Mar 05 04:44:50.023277 2026] [php:error] [pid 20405] [client 20.215.208.157:0] script '/domains/system_default/sty.php' not found or unable to stat
[Thu Mar 05 04:44:50.141561 2026] [php:error] [pid 20405] [client 20.215.208.157:0] script '/domains/system_default/xxxx.php' not found or unable to stat
[Thu Mar 05 04:44:50.261449 2026] [php:error] [pid 20405] [client 20.215.208.157:0] script '/domains/system_default/h.php' not found or unable to stat
[Thu Mar 05 04:44:50.365360 2026] [php:error] [pid 20405] [client 20.215.208.157:0] script '/domains/system_default/g.php' not found or unable to stat
[Thu Mar 05 04:44:50.479980 2026] [php:error] [pid 20405] [client 20.215.208.157:0] script '/domains/system_default/pp.php' not found or unable to stat
[Thu Mar 05 04:44:50.605269 2026] [php:error] [pid 20405] [client 20.215.208.157:0] script '/domains/system_default/sys.php' not found or unable to stat
[Thu Mar 05 04:44:50.708872 2026] [php:error] [pid 20405] [client 20.215.208.157:0] script '/domains/system_default/txets.php' not found or unable to stat
[Thu Mar 05 04:44:50.831006 2026] [php:error] [pid 20405] [client 20.215.208.157:0] script '/domains/system_default/wp9.php' not found or unable to stat
[Thu Mar 05 04:44:50.953168 2026] [php:error] [pid 20405] [client 20.215.208.157:0] script '/domains/system_default/path.php' not found or unable to stat
[Thu Mar 05 04:44:51.063781 2026] [php:error] [pid 20405] [client 20.215.208.157:0] script '/domains/system_default/wdf.php' not found or unable to stat
[Thu Mar 05 04:44:51.167102 2026] [php:error] [pid 20405] [client 20.215.208.157:0] script '/domains/system_default/2.php' not found or unable to stat
[Thu Mar 05 04:44:51.285193 2026] [php:error] [pid 20405] [client 20.215.208.157:0] script '/domains/system_default/mga.php' not found or unable to stat
[Thu Mar 05 04:44:51.411525 2026] [php:error] [pid 20405] [client 20.215.208.157:0] script '/domains/system_default/maxro.php' not found or unable to stat
[Thu Mar 05 04:44:51.536624 2026] [php:error] [pid 20405] [client 20.215.208.157:0] script '/domains/system_default/pass2.php' not found or unable to stat
[Thu Mar 05 04:44:51.641798 2026] [php:error] [pid 20405] [client 20.215.208.157:0] script '/domains/system_default/wsvvs.php' not found or unable to stat
[Thu Mar 05 04:44:51.755929 2026] [php:error] [pid 20405] [client 20.215.208.157:0] script '/domains/system_default/3.php' not found or unable to stat
[Thu Mar 05 04:44:51.859557 2026] [php:error] [pid 20405] [client 20.215.208.157:0] script '/domains/system_default/edit.php' not found or unable to stat
[Thu Mar 05 04:44:51.976312 2026] [php:error] [pid 20405] [client 20.215.208.157:0] script '/domains/system_default/ioxi-o.php' not found or unable to stat
[Thu Mar 05 04:44:52.183504 2026] [php:error] [pid 20405] [client 20.215.208.157:0] script '/domains/system_default/66.php' not found or unable to stat
[Thu Mar 05 04:44:52.424436 2026] [php:error] [pid 20405] [client 20.215.208.157:0] script '/domains/system_default/gifclass.php' not found or unable to stat
[Thu Mar 05 04:44:52.989750 2026] [php:error] [pid 20405] [client 20.215.208.157:0] script '/domains/system_default/sc.php' not found or unable to stat
[Thu Mar 05 04:44:53.093107 2026] [php:error] [pid 20405] [client 20.215.208.157:0] script '/domains/system_default/xmlrpc.php' not found or unable to stat
[Thu Mar 05 04:44:53.218191 2026] [php:error] [pid 20405] [client 20.215.208.157:0] script '/domains/system_default/ol.php' not found or unable to stat
[Thu Mar 05 04:44:53.339912 2026] [php:error] [pid 20405] [client 20.215.208.157:0] script '/domains/system_default/f6.php' not found or unable to stat
[Thu Mar 05 04:44:53.465114 2026] [php:error] [pid 20405] [client 20.215.208.157:0] script '/domains/system_default/inputs.php' not found or unable to stat
[Thu Mar 05 04:44:53.568466 2026] [php:error] [pid 20405] [client 20.215.208.157:0] script '/domains/system_default/style.php' not found or unable to stat
[Thu Mar 05 04:44:53.676924 2026] [php:error] [pid 20405] [client 20.215.208.157:0] script '/domains/system_default/bgymj.php' not found or unable to stat
[Thu Mar 05 04:44:53.802915 2026] [php:error] [pid 20405] [client 20.215.208.157:0] script '/domains/system_default/aa.php' not found or unable to stat
[Thu Mar 05 04:44:53.925723 2026] [php:error] [pid 20405] [client 20.215.208.157:0] script '/domains/system_default/1.php' not found or unable to stat
[Thu Mar 05 04:44:54.030589 2026] [php:error] [pid 20405] [client 20.215.208.157:0] script '/domains/system_default/sc.php' not found or unable to stat
[Thu Mar 05 04:44:54.134691 2026] [php:error] [pid 20405] [client 20.215.208.157:0] script '/domains/system_default/av.php' not found or unable to stat
[Thu Mar 05 04:44:54.238083 2026] [php:error] [pid 20405] [client 20.215.208.157:0] script '/domains/system_default/file.php' not found or unable to stat
[Thu Mar 05 04:44:54.640178 2026] [php:error] [pid 20405] [client 20.215.208.157:0] script '/domains/system_default/file59.php' not found or unable to stat
[Thu Mar 05 04:44:54.755761 2026] [php:error] [pid 20405] [client 20.215.208.157:0] script '/domains/system_default/bless.php' not found or unable to stat
[Thu Mar 05 04:44:54.908806 2026] [php:error] [pid 20405] [client 20.215.208.157:0] script '/domains/system_default/wp9.php' not found or unable to stat
[Thu Mar 05 04:44:55.022680 2026] [php:error] [pid 20405] [client 20.215.208.157:0] script '/domains/system_default/wp-act.php' not found or unable to stat
[Thu Mar 05 04:44:55.153784 2026] [php:error] [pid 20405] [client 20.215.208.157:0] script '/domains/system_default/class-t.api.php' not found or unable to stat
[Thu Mar 05 04:44:55.257509 2026] [php:error] [pid 20405] [client 20.215.208.157:0] script '/domains/system_default/xqq.php' not found or unable to stat
[Thu Mar 05 04:44:56.161458 2026] [php:error] [pid 20405] [client 20.215.208.157:0] script '/domains/system_default/06.php' not found or unable to stat
[Thu Mar 05 04:44:56.295008 2026] [php:error] [pid 20405] [client 20.215.208.157:0] script '/domains/system_default/plss3.php' not found or unable to stat
[Thu Mar 05 04:44:56.416385 2026] [php:error] [pid 20405] [client 20.215.208.157:0] script '/domains/system_default/aaa.php' not found or unable to stat
[Thu Mar 05 04:44:56.521469 2026] [php:error] [pid 20405] [client 20.215.208.157:0] script '/domains/system_default/classwithtostring.php' not found or unable to stat
[Thu Mar 05 04:44:56.747414 2026] [php:error] [pid 20405] [client 20.215.208.157:0] script '/domains/system_default/tinyfilemanager.php' not found or unable to stat
[Thu Mar 05 04:44:56.865478 2026] [php:error] [pid 20405] [client 20.215.208.157:0] script '/domains/system_default/x.php' not found or unable to stat
[Thu Mar 05 04:44:57.043838 2026] [php:error] [pid 20405] [client 20.215.208.157:0] script '/domains/system_default/ms.php' not found or unable to stat
[Thu Mar 05 04:44:57.538503 2026] [php:error] [pid 20405] [client 20.215.208.157:0] script '/domains/system_default/wp-update.php' not found or unable to stat
[Thu Mar 05 04:44:57.686215 2026] [php:error] [pid 20405] [client 20.215.208.157:0] script '/domains/system_default/sbhu.php' not found or unable to stat
[Thu Mar 05 04:44:57.892832 2026] [php:error] [pid 20405] [client 20.215.208.157:0] script '/domains/system_default/wp-blog.php' not found or unable to stat
[Thu Mar 05 04:44:57.996146 2026] [php:error] [pid 20405] [client 20.215.208.157:0] script '/domains/system_default/test1.php' not found or unable to stat
[Thu Mar 05 04:44:58.223744 2026] [php:error] [pid 20405] [client 20.215.208.157:0] script '/domains/system_default/166.php' not found or unable to stat
[Thu Mar 05 04:44:58.430262 2026] [php:error] [pid 20405] [client 20.215.208.157:0] script '/domains/system_default/ms-edit.php' not found or unable to stat
[Thu Mar 05 04:44:58.533655 2026] [php:error] [pid 20405] [client 20.215.208.157:0] script '/domains/system_default/adminfuns.php' not found or unable to stat
[Thu Mar 05 04:44:58.638677 2026] [php:error] [pid 20405] [client 20.215.208.157:0] script '/domains/system_default/goods.php' not found or unable to stat
[Thu Mar 05 04:44:58.750748 2026] [php:error] [pid 20405] [client 20.215.208.157:0] script '/domains/system_default/ms-edit.php' not found or unable to stat
[Thu Mar 05 04:44:58.853935 2026] [php:error] [pid 20405] [client 20.215.208.157:0] script '/domains/system_default/222.php' not found or unable to stat
[Thu Mar 05 04:44:58.957456 2026] [php:error] [pid 20405] [client 20.215.208.157:0] script '/domains/system_default/plugins.php' not found or unable to stat
[Thu Mar 05 04:44:59.312734 2026] [php:error] [pid 20405] [client 20.215.208.157:0] script '/domains/system_default/ff1.php' not found or unable to stat
[Thu Mar 05 04:44:59.416266 2026] [php:error] [pid 20405] [client 20.215.208.157:0] script '/domains/system_default/fff.php' not found or unable to stat
[Thu Mar 05 04:45:00.304156 2026] [php:error] [pid 20424] [client 20.215.208.157:0] script '/domains/system_default/goat.php' not found or unable to stat
[Thu Mar 05 04:45:00.424847 2026] [php:error] [pid 20424] [client 20.215.208.157:0] script '/domains/system_default/155.php' not found or unable to stat
[Thu Mar 05 04:45:00.528485 2026] [php:error] [pid 20424] [client 20.215.208.157:0] script '/domains/system_default/we.php' not found or unable to stat
[Thu Mar 05 04:45:00.630478 2026] [php:error] [pid 20424] [client 20.215.208.157:0] script '/domains/system_default/alpha.php' not found or unable to stat
[Thu Mar 05 04:45:00.732970 2026] [php:error] [pid 20424] [client 20.215.208.157:0] script '/domains/system_default/makeasmtp.php' not found or unable to stat
[Thu Mar 05 04:45:00.956211 2026] [php:error] [pid 20424] [client 20.215.208.157:0] script '/domains/system_default/wp-michan.php' not found or unable to stat
[Thu Mar 05 04:45:01.212853 2026] [php:error] [pid 20424] [client 20.215.208.157:0] script '/domains/system_default/wp-the.php' not found or unable to stat
[Thu Mar 05 04:45:01.454823 2026] [php:error] [pid 20424] [client 20.215.208.157:0] script '/domains/system_default/BDKR28WP.php' not found or unable to stat
[Thu Mar 05 04:45:01.767664 2026] [php:error] [pid 20424] [client 20.215.208.157:0] script '/domains/system_default/wp.php' not found or unable to stat
[Thu Mar 05 04:45:02.097253 2026] [php:error] [pid 20424] [client 20.215.208.157:0] script '/domains/system_default/w4.php' not found or unable to stat
[Thu Mar 05 04:45:02.307506 2026] [php:error] [pid 20424] [client 20.215.208.157:0] script '/domains/system_default/ok.php' not found or unable to stat
[Thu Mar 05 04:45:02.409905 2026] [php:error] [pid 20424] [client 20.215.208.157:0] script '/domains/system_default/about.php' not found or unable to stat
[Thu Mar 05 04:45:02.615916 2026] [php:error] [pid 20390] [client 170.205.31.151:0] script '/domains/nostrada/admin.php' not found or unable to stat
[Thu Mar 05 04:45:02.620791 2026] [php:error] [pid 20424] [client 20.215.208.157:0] script '/domains/system_default/fe5.php' not found or unable to stat
[Thu Mar 05 04:45:02.723055 2026] [php:error] [pid 20424] [client 20.215.208.157:0] script '/domains/system_default/kj.php' not found or unable to stat
[Thu Mar 05 04:45:02.977432 2026] [php:error] [pid 20424] [client 20.215.208.157:0] script '/domains/system_default/av.php' not found or unable to stat
[Thu Mar 05 04:45:03.118755 2026] [php:error] [pid 20424] [client 20.215.208.157:0] script '/domains/system_default/abcd.php' not found or unable to stat
[Thu Mar 05 04:45:03.227153 2026] [php:error] [pid 20424] [client 20.215.208.157:0] script '/domains/system_default/init.php' not found or unable to stat
[Thu Mar 05 04:45:03.362276 2026] [php:error] [pid 20424] [client 20.215.208.157:0] script '/domains/system_default/fi.php' not found or unable to stat
[Thu Mar 05 04:45:03.506624 2026] [php:error] [pid 20424] [client 20.215.208.157:0] script '/domains/system_default/a1.php' not found or unable to stat
[Thu Mar 05 04:45:04.008535 2026] [php:error] [pid 20424] [client 20.215.208.157:0] script '/domains/system_default/f35.php' not found or unable to stat
[Thu Mar 05 04:45:04.188998 2026] [php:error] [pid 20424] [client 20.215.208.157:0] script '/domains/system_default/hi.php' not found or unable to stat
[Thu Mar 05 04:45:04.341160 2026] [php:error] [pid 20424] [client 20.215.208.157:0] script '/domains/system_default/lala.php' not found or unable to stat
[Thu Mar 05 04:45:04.471922 2026] [php:error] [pid 20424] [client 20.215.208.157:0] script '/domains/system_default/lb.php' not found or unable to stat
[Thu Mar 05 04:45:04.675656 2026] [php:error] [pid 20424] [client 20.215.208.157:0] script '/domains/system_default/0.php' not found or unable to stat
[Thu Mar 05 04:45:04.779678 2026] [php:error] [pid 20424] [client 20.215.208.157:0] script '/domains/system_default/core.php' not found or unable to stat
[Thu Mar 05 04:45:04.996916 2026] [php:error] [pid 20424] [client 20.215.208.157:0] script '/domains/system_default/prv8.php' not found or unable to stat
[Thu Mar 05 04:45:05.098603 2026] [php:error] [pid 20424] [client 20.215.208.157:0] script '/domains/system_default/k.php' not found or unable to stat
[Thu Mar 05 04:45:05.200645 2026] [php:error] [pid 20424] [client 20.215.208.157:0] script '/domains/system_default/dev.php' not found or unable to stat
[Thu Mar 05 04:45:05.332525 2026] [php:error] [pid 20424] [client 20.215.208.157:0] script '/domains/system_default/bal.php' not found or unable to stat
[Thu Mar 05 04:45:05.434853 2026] [php:error] [pid 20424] [client 20.215.208.157:0] script '/domains/system_default/in.php' not found or unable to stat
[Thu Mar 05 04:45:05.560691 2026] [php:error] [pid 20424] [client 20.215.208.157:0] script '/domains/system_default/gssdd.php' not found or unable to stat
[Thu Mar 05 04:45:05.664067 2026] [php:error] [pid 20424] [client 20.215.208.157:0] script '/domains/system_default/motu.php' not found or unable to stat
[Thu Mar 05 04:45:05.836872 2026] [php:error] [pid 20424] [client 20.215.208.157:0] script '/domains/system_default/bs1.php' not found or unable to stat
[Thu Mar 05 04:45:05.939205 2026] [php:error] [pid 20424] [client 20.215.208.157:0] script '/domains/system_default/bengi.php' not found or unable to stat
[Thu Mar 05 04:45:06.043435 2026] [php:error] [pid 20424] [client 20.215.208.157:0] script '/domains/system_default/miansha.php' not found or unable to stat
[Thu Mar 05 04:45:06.145324 2026] [php:error] [pid 20424] [client 20.215.208.157:0] script '/domains/system_default/erty.php' not found or unable to stat
[Thu Mar 05 04:45:06.149150 2026] [php:error] [pid 20421] [client 170.205.31.151:0] script '/domains/nostrada/about.php' not found or unable to stat
[Thu Mar 05 04:45:06.415320 2026] [php:error] [pid 20424] [client 20.215.208.157:0] script '/domains/system_default/X57.php' not found or unable to stat
[Thu Mar 05 04:45:06.734219 2026] [php:error] [pid 20424] [client 20.215.208.157:0] script '/domains/system_default/axx.php' not found or unable to stat
[Thu Mar 05 04:45:06.917899 2026] [php:error] [pid 20424] [client 20.215.208.157:0] script '/domains/system_default/alfashell.php' not found or unable to stat
[Thu Mar 05 04:45:07.249401 2026] [php:error] [pid 20424] [client 20.215.208.157:0] script '/domains/system_default/re.php' not found or unable to stat
[Thu Mar 05 04:45:07.403600 2026] [php:error] [pid 20424] [client 20.215.208.157:0] script '/domains/system_default/styll.php' not found or unable to stat
[Thu Mar 05 04:45:07.505818 2026] [php:error] [pid 20424] [client 20.215.208.157:0] script '/domains/system_default/flower.php' not found or unable to stat
[Thu Mar 05 04:45:07.625672 2026] [php:error] [pid 20424] [client 20.215.208.157:0] script '/domains/system_default/4h.php' not found or unable to stat
[Thu Mar 05 04:45:07.727793 2026] [php:error] [pid 20424] [client 20.215.208.157:0] script '/domains/system_default/gettest.php' not found or unable to stat
[Thu Mar 05 04:45:07.829667 2026] [php:error] [pid 20424] [client 20.215.208.157:0] script '/domains/system_default/acp.php' not found or unable to stat
[Thu Mar 05 04:45:08.085086 2026] [php:error] [pid 20424] [client 20.215.208.157:0] script '/domains/system_default/database.php' not found or unable to stat
[Thu Mar 05 04:45:43.656260 2026] [php:error] [pid 20431] [client 20.53.243.118:0] script '/domains/memanuel/ioxi-o.php' not found or unable to stat
[Thu Mar 05 04:45:43.869053 2026] [php:error] [pid 20431] [client 20.53.243.118:0] script '/domains/memanuel/0x.php' not found or unable to stat
[Thu Mar 05 04:45:44.082799 2026] [php:error] [pid 20431] [client 20.53.243.118:0] script '/domains/memanuel/222.php' not found or unable to stat
[Thu Mar 05 04:45:44.296041 2026] [php:error] [pid 20431] [client 20.53.243.118:0] script '/domains/memanuel/aa.php' not found or unable to stat
[Thu Mar 05 04:45:44.509437 2026] [php:error] [pid 20431] [client 20.53.243.118:0] script '/domains/memanuel/abcd.php' not found or unable to stat
[Thu Mar 05 04:45:44.722237 2026] [php:error] [pid 20431] [client 20.53.243.118:0] script '/domains/memanuel/admin.php' not found or unable to stat
[Thu Mar 05 04:45:45.151591 2026] [php:error] [pid 20431] [client 20.53.243.118:0] script '/domains/memanuel/adminfuns.php' not found or unable to stat
[Thu Mar 05 04:45:45.364208 2026] [php:error] [pid 20431] [client 20.53.243.118:0] script '/domains/memanuel/akc.php' not found or unable to stat
[Thu Mar 05 04:45:45.576852 2026] [php:error] [pid 20431] [client 20.53.243.118:0] script '/domains/memanuel/buy.php' not found or unable to stat
[Thu Mar 05 04:45:45.789782 2026] [php:error] [pid 20431] [client 20.53.243.118:0] script '/domains/memanuel/cong.php' not found or unable to stat
[Thu Mar 05 04:45:46.214935 2026] [php:error] [pid 20431] [client 20.53.243.118:0] script '/domains/memanuel/db.php' not found or unable to stat
[Thu Mar 05 04:45:46.456917 2026] [php:error] [pid 20431] [client 20.53.243.118:0] script '/domains/memanuel/dropdown.php' not found or unable to stat
[Thu Mar 05 04:45:46.669316 2026] [php:error] [pid 20431] [client 20.53.243.118:0] script '/domains/memanuel/file.php' not found or unable to stat
[Thu Mar 05 04:45:46.883082 2026] [php:error] [pid 20431] [client 20.53.243.118:0] script '/domains/memanuel/goods.php' not found or unable to stat
[Thu Mar 05 04:45:47.096070 2026] [php:error] [pid 20431] [client 20.53.243.118:0] script '/domains/memanuel/hplfuns.php' not found or unable to stat
[Thu Mar 05 04:45:47.309458 2026] [php:error] [pid 20431] [client 20.53.243.118:0] script '/domains/memanuel/htaccess.php' not found or unable to stat
[Thu Mar 05 04:45:47.523288 2026] [php:error] [pid 20431] [client 20.53.243.118:0] script '/domains/memanuel/images/wso.php' not found or unable to stat
[Thu Mar 05 04:45:47.948557 2026] [php:error] [pid 20431] [client 20.53.243.118:0] script '/domains/memanuel/info.php' not found or unable to stat
[Thu Mar 05 04:45:48.160980 2026] [php:error] [pid 20431] [client 20.53.243.118:0] script '/domains/memanuel/profile.php' not found or unable to stat
[Thu Mar 05 04:45:48.390424 2026] [php:error] [pid 20431] [client 20.53.243.118:0] script '/domains/memanuel/sx.php' not found or unable to stat
[Thu Mar 05 04:45:53.188272 2026] [php:error] [pid 20431] [client 20.53.243.118:0] script '/domains/memanuel/wp-fclass.php' not found or unable to stat
[Thu Mar 05 04:45:57.598580 2026] [php:error] [pid 20431] [client 20.53.243.118:0] script '/domains/memanuel/wp-themes.php' not found or unable to stat
[Thu Mar 05 04:45:57.836677 2026] [php:error] [pid 20431] [client 20.53.243.118:0] script '/domains/memanuel/xmlrpc.php' not found or unable to stat
[Thu Mar 05 04:46:02.347644 2026] [php:error] [pid 20439] [client 20.53.240.38:0] script '/domains/assetenhance/auth.php' not found or unable to stat
[Thu Mar 05 04:46:02.576721 2026] [php:error] [pid 20439] [client 20.53.240.38:0] script '/domains/assetenhance/504.php' not found or unable to stat
[Thu Mar 05 04:46:03.772426 2026] [php:error] [pid 20439] [client 20.53.240.38:0] script '/domains/assetenhance/bk.php' not found or unable to stat
[Thu Mar 05 04:46:04.006543 2026] [php:error] [pid 20439] [client 20.53.240.38:0] script '/domains/assetenhance/1.php' not found or unable to stat
[Thu Mar 05 04:46:04.735683 2026] [php:error] [pid 20439] [client 20.53.240.38:0] script '/domains/assetenhance/error.php' not found or unable to stat
[Thu Mar 05 04:46:06.107588 2026] [php:error] [pid 20439] [client 20.53.240.38:0] script '/domains/assetenhance/ab.php' not found or unable to stat
[Thu Mar 05 04:46:09.367089 2026] [php:error] [pid 20439] [client 20.53.240.38:0] script '/domains/assetenhance/new.php' not found or unable to stat
[Thu Mar 05 04:46:09.837820 2026] [php:error] [pid 20439] [client 20.53.240.38:0] script '/domains/assetenhance/post.php' not found or unable to stat
[Thu Mar 05 04:46:11.942084 2026] [php:error] [pid 20439] [client 20.53.240.38:0] script '/domains/assetenhance/lock360.php' not found or unable to stat
[Thu Mar 05 04:46:12.941594 2026] [php:error] [pid 20439] [client 20.53.240.38:0] script '/domains/assetenhance/10.php' not found or unable to stat
[Thu Mar 05 04:46:14.189946 2026] [php:error] [pid 20439] [client 20.53.240.38:0] script '/domains/assetenhance/fox.php' not found or unable to stat
[Thu Mar 05 04:46:14.670348 2026] [php:error] [pid 20439] [client 20.53.240.38:0] script '/domains/assetenhance/s.php' not found or unable to stat
[Thu Mar 05 04:46:15.353397 2026] [php:error] [pid 20439] [client 20.53.240.38:0] script '/domains/assetenhance/archive.php' not found or unable to stat
[Thu Mar 05 04:47:30.083659 2026] [php:error] [pid 20436] [client 20.205.120.43:0] script '/domains/homesbyaudrey1/auth.php' not found or unable to stat
[Thu Mar 05 04:47:30.299402 2026] [php:error] [pid 20436] [client 20.205.120.43:0] script '/domains/homesbyaudrey1/504.php' not found or unable to stat
[Thu Mar 05 04:47:31.399631 2026] [php:error] [pid 20436] [client 20.205.120.43:0] script '/domains/homesbyaudrey1/bk.php' not found or unable to stat
[Thu Mar 05 04:47:31.615544 2026] [php:error] [pid 20436] [client 20.205.120.43:0] script '/domains/homesbyaudrey1/1.php' not found or unable to stat
[Thu Mar 05 04:47:32.262682 2026] [php:error] [pid 20436] [client 20.205.120.43:0] script '/domains/homesbyaudrey1/error.php' not found or unable to stat
[Thu Mar 05 04:47:33.577057 2026] [php:error] [pid 20436] [client 20.205.120.43:0] script '/domains/homesbyaudrey1/ab.php' not found or unable to stat
[Thu Mar 05 04:47:36.776391 2026] [php:error] [pid 20436] [client 20.205.120.43:0] script '/domains/homesbyaudrey1/new.php' not found or unable to stat
[Thu Mar 05 04:47:37.209194 2026] [php:error] [pid 20436] [client 20.205.120.43:0] script '/domains/homesbyaudrey1/post.php' not found or unable to stat
[Thu Mar 05 04:47:39.255934 2026] [php:error] [pid 20436] [client 20.205.120.43:0] script '/domains/homesbyaudrey1/lock360.php' not found or unable to stat
[Thu Mar 05 04:47:40.133021 2026] [php:error] [pid 20436] [client 20.205.120.43:0] script '/domains/homesbyaudrey1/10.php' not found or unable to stat
[Thu Mar 05 04:47:41.220034 2026] [php:error] [pid 20436] [client 20.205.120.43:0] script '/domains/homesbyaudrey1/fox.php' not found or unable to stat
[Thu Mar 05 04:47:41.654874 2026] [php:error] [pid 20436] [client 20.205.120.43:0] script '/domains/homesbyaudrey1/s.php' not found or unable to stat
[Thu Mar 05 04:47:42.307934 2026] [php:error] [pid 20436] [client 20.205.120.43:0] script '/domains/homesbyaudrey1/archive.php' not found or unable to stat
[Thu Mar 05 04:49:45.850480 2026] [php:error] [pid 20464] [client 163.7.9.65:0] script '/domains/system_default/admin_info.php' not found or unable to stat
[Thu Mar 05 04:49:45.850486 2026] [php:error] [pid 20480] [client 163.7.9.65:0] script '/domains/system_default/pinfo.php' not found or unable to stat
[Thu Mar 05 04:49:46.107612 2026] [php:error] [pid 20464] [client 163.7.9.65:0] script '/domains/system_default/info.php.1' not found or unable to stat
[Thu Mar 05 04:49:46.441481 2026] [php:error] [pid 20481] [client 163.7.9.65:0] script '/domains/system_default/.env.php' not found or unable to stat
[Thu Mar 05 04:49:46.451307 2026] [php:error] [pid 20464] [client 163.7.9.65:0] script '/domains/system_default/info.php.save.1' not found or unable to stat
[Thu Mar 05 04:49:46.722885 2026] [php:error] [pid 20480] [client 163.7.9.65:0] script '/domains/system_default/pageinfo.php' not found or unable to stat
[Thu Mar 05 04:49:47.048861 2026] [php:error] [pid 20475] [client 163.7.9.65:0] script '/domains/system_default/phpinfo.php' not found or unable to stat
[Thu Mar 05 04:50:57.548791 2026] [php:error] [pid 20487] [client 144.31.35.163:0] script '/domains/hdickens.enteract/kmnj.php' not found or unable to stat
[Thu Mar 05 04:50:58.699379 2026] [php:error] [pid 20477] [client 143.14.6.207:0] script '/domains/hdickens.enteract/kmnj.php' not found or unable to stat
[Thu Mar 05 04:50:59.464059 2026] [php:error] [pid 20480] [client 207.180.11.146:0] script '/domains/hdickens.enteract/kmnj.php' not found or unable to stat
[Thu Mar 05 04:51:45.874708 2026] [php:error] [pid 20509] [client 40.115.138.121:0] script '/domains/tcrlle/auth.php' not found or unable to stat
[Thu Mar 05 04:51:46.044254 2026] [php:error] [pid 20507] [client 20.53.240.38:0] script '/domains/system_suspended/auth.php' not found or unable to stat
[Thu Mar 05 04:51:46.044467 2026] [php:error] [pid 20509] [client 40.115.138.121:0] script '/domains/tcrlle/504.php' not found or unable to stat
[Thu Mar 05 04:51:46.283437 2026] [php:error] [pid 20507] [client 20.53.240.38:0] script '/domains/system_suspended/504.php' not found or unable to stat
[Thu Mar 05 04:51:47.027848 2026] [php:error] [pid 20509] [client 40.115.138.121:0] script '/domains/tcrlle/bk.php' not found or unable to stat
[Thu Mar 05 04:51:47.238141 2026] [php:error] [pid 20509] [client 40.115.138.121:0] script '/domains/tcrlle/1.php' not found or unable to stat
[Thu Mar 05 04:51:47.379029 2026] [php:error] [pid 20507] [client 20.53.240.38:0] script '/domains/system_suspended/bk.php' not found or unable to stat
[Thu Mar 05 04:51:47.588693 2026] [php:error] [pid 20507] [client 20.53.240.38:0] script '/domains/system_suspended/1.php' not found or unable to stat
[Thu Mar 05 04:51:47.815698 2026] [php:error] [pid 20509] [client 40.115.138.121:0] script '/domains/tcrlle/error.php' not found or unable to stat
[Thu Mar 05 04:51:48.218184 2026] [php:error] [pid 20507] [client 20.53.240.38:0] script '/domains/system_suspended/error.php' not found or unable to stat
[Thu Mar 05 04:51:48.944390 2026] [php:error] [pid 20509] [client 40.115.138.121:0] script '/domains/tcrlle/ab.php' not found or unable to stat
[Thu Mar 05 04:51:49.623058 2026] [php:error] [pid 20507] [client 20.53.240.38:0] script '/domains/system_suspended/ab.php' not found or unable to stat
[Thu Mar 05 04:51:51.560902 2026] [php:error] [pid 20524] [client 163.7.9.65:0] script '/domains/system_default/123.php' not found or unable to stat
[Thu Mar 05 04:51:51.573366 2026] [php:error] [pid 20509] [client 40.115.138.121:0] script '/domains/tcrlle/new.php' not found or unable to stat
[Thu Mar 05 04:51:51.951458 2026] [php:error] [pid 20509] [client 40.115.138.121:0] script '/domains/tcrlle/post.php' not found or unable to stat
[Thu Mar 05 04:51:52.720590 2026] [php:error] [pid 20507] [client 20.53.240.38:0] script '/domains/system_suspended/new.php' not found or unable to stat
[Thu Mar 05 04:51:53.180421 2026] [php:error] [pid 20507] [client 20.53.240.38:0] script '/domains/system_suspended/post.php' not found or unable to stat
[Thu Mar 05 04:51:53.564578 2026] [php:error] [pid 20509] [client 40.115.138.121:0] script '/domains/tcrlle/lock360.php' not found or unable to stat
[Thu Mar 05 04:51:54.402938 2026] [php:error] [pid 20509] [client 40.115.138.121:0] script '/domains/tcrlle/10.php' not found or unable to stat
[Thu Mar 05 04:51:55.079601 2026] [php:error] [pid 20507] [client 20.53.240.38:0] script '/domains/system_suspended/lock360.php' not found or unable to stat
[Thu Mar 05 04:51:55.309887 2026] [php:error] [pid 20509] [client 40.115.138.121:0] script '/domains/tcrlle/fox.php' not found or unable to stat
[Thu Mar 05 04:51:55.700422 2026] [php:error] [pid 20509] [client 40.115.138.121:0] script '/domains/tcrlle/s.php' not found or unable to stat
[Thu Mar 05 04:51:55.998515 2026] [php:error] [pid 20507] [client 20.53.240.38:0] script '/domains/system_suspended/10.php' not found or unable to stat
[Thu Mar 05 04:51:56.313318 2026] [php:error] [pid 20509] [client 40.115.138.121:0] script '/domains/tcrlle/archive.php' not found or unable to stat
[Thu Mar 05 04:51:57.208960 2026] [php:error] [pid 20507] [client 20.53.240.38:0] script '/domains/system_suspended/fox.php' not found or unable to stat
[Thu Mar 05 04:51:57.668539 2026] [php:error] [pid 20507] [client 20.53.240.38:0] script '/domains/system_suspended/s.php' not found or unable to stat
[Thu Mar 05 04:51:58.297574 2026] [php:error] [pid 20507] [client 20.53.240.38:0] script '/domains/system_suspended/archive.php' not found or unable to stat
[Thu Mar 05 04:52:03.572309 2026] [php:error] [pid 20501] [client 20.53.240.38:0] script '/domains/amisol/auth.php' not found or unable to stat
[Thu Mar 05 04:52:03.796569 2026] [php:error] [pid 20501] [client 20.53.240.38:0] script '/domains/amisol/504.php' not found or unable to stat
[Thu Mar 05 04:52:05.063663 2026] [php:error] [pid 20501] [client 20.53.240.38:0] script '/domains/amisol/bk.php' not found or unable to stat
[Thu Mar 05 04:52:05.319012 2026] [php:error] [pid 20501] [client 20.53.240.38:0] script '/domains/amisol/1.php' not found or unable to stat
[Thu Mar 05 04:52:06.052153 2026] [php:error] [pid 20501] [client 20.53.240.38:0] script '/domains/amisol/error.php' not found or unable to stat
[Thu Mar 05 04:52:07.664908 2026] [php:error] [pid 20501] [client 20.53.240.38:0] script '/domains/amisol/ab.php' not found or unable to stat
[Thu Mar 05 04:52:10.948560 2026] [php:error] [pid 20501] [client 20.53.240.38:0] script '/domains/amisol/new.php' not found or unable to stat
[Thu Mar 05 04:52:11.401830 2026] [php:error] [pid 20501] [client 20.53.240.38:0] script '/domains/amisol/post.php' not found or unable to stat
[Thu Mar 05 04:52:13.351746 2026] [php:error] [pid 20501] [client 20.53.240.38:0] script '/domains/amisol/lock360.php' not found or unable to stat
[Thu Mar 05 04:52:14.230320 2026] [php:error] [pid 20501] [client 20.53.240.38:0] script '/domains/amisol/10.php' not found or unable to stat
[Thu Mar 05 04:52:15.388832 2026] [php:error] [pid 20501] [client 20.53.240.38:0] script '/domains/amisol/fox.php' not found or unable to stat
[Thu Mar 05 04:52:15.866076 2026] [php:error] [pid 20501] [client 20.53.240.38:0] script '/domains/amisol/s.php' not found or unable to stat
[Thu Mar 05 04:52:16.566549 2026] [php:error] [pid 20501] [client 20.53.240.38:0] script '/domains/amisol/archive.php' not found or unable to stat
[Thu Mar 05 04:53:16.914723 2026] [php:error] [pid 20507] [client 163.7.9.65:0] script '/domains/system_default/cache.php' not found or unable to stat
[Thu Mar 05 04:53:40.196271 2026] [php:error] [pid 20507] [client 45.148.10.244:0] script '/domains/astweb/phpinfo.php' not found or unable to stat
[Thu Mar 05 04:53:46.668725 2026] [php:error] [pid 20527] [client 45.148.10.244:0] script '/domains/astweb/_phpinfo.php' not found or unable to stat
[Thu Mar 05 04:53:49.023552 2026] [php:error] [pid 20538] [client 163.7.9.65:0] script '/domains/system_default/db.php' not found or unable to stat
[Thu Mar 05 04:53:49.491410 2026] [php:error] [pid 20505] [client 163.7.9.65:0] script '/domains/system_default/developer.php' not found or unable to stat
[Thu Mar 05 04:53:50.042661 2026] [php:error] [pid 20540] [client 163.7.9.65:0] script '/domains/system_default/devs.php' not found or unable to stat
[Thu Mar 05 04:54:01.018114 2026] [php:error] [pid 20538] [client 45.148.10.244:0] script '/domains/astweb/wp-config.php.bak' not found or unable to stat
[Thu Mar 05 04:54:01.113441 2026] [php:error] [pid 20538] [client 45.148.10.244:0] script '/domains/astweb/info.php' not found or unable to stat
[Thu Mar 05 04:54:01.711774 2026] [php:error] [pid 20538] [client 45.148.10.244:0] script '/domains/astweb/server_info.php' not found or unable to stat
[Thu Mar 05 04:54:01.822087 2026] [php:error] [pid 20538] [client 45.148.10.244:0] script '/domains/astweb/app_dev.php' not found or unable to stat
[Thu Mar 05 04:54:01.913116 2026] [php:error] [pid 20538] [client 45.148.10.244:0] script '/domains/astweb/test.php' not found or unable to stat
[Thu Mar 05 04:54:02.018606 2026] [access_compat:error] [pid 20538] [client 45.148.10.244:0] AH01797: client denied by server configuration: /domains/astweb/server-info
[Thu Mar 05 04:54:02.108715 2026] [php:error] [pid 20538] [client 45.148.10.244:0] script '/domains/astweb/server-info.php' not found or unable to stat
[Thu Mar 05 04:54:45.603494 2026] [php:error] [pid 20511] [client 34.142.251.255:0] script '/domains/biehlweb/phpinfo.php' not found or unable to stat
[Thu Mar 05 04:54:46.055175 2026] [php:error] [pid 20549] [client 34.142.251.255:0] script '/domains/biehlweb/info.php' not found or unable to stat
[Thu Mar 05 04:54:46.135632 2026] [php:error] [pid 20537] [client 45.148.10.244:0] script '/domains/astweb/.env.php' not found or unable to stat
[Thu Mar 05 04:54:46.606506 2026] [php:error] [pid 20537] [client 45.148.10.244:0] script '/domains/astweb/config.php' not found or unable to stat
[Thu Mar 05 04:54:46.809286 2026] [php:error] [pid 20537] [client 45.148.10.244:0] script '/domains/astweb/configuration.php' not found or unable to stat
[Thu Mar 05 04:54:46.938983 2026] [php:error] [pid 20537] [client 45.148.10.244:0] script '/domains/astweb/settings.php' not found or unable to stat
[Thu Mar 05 04:54:47.065707 2026] [php:error] [pid 20537] [client 45.148.10.244:0] script '/domains/astweb/database.php' not found or unable to stat
[Thu Mar 05 04:54:47.203594 2026] [php:error] [pid 20537] [client 45.148.10.244:0] script '/domains/astweb/db.php' not found or unable to stat
[Thu Mar 05 04:54:47.317644 2026] [php:error] [pid 20537] [client 45.148.10.244:0] script '/domains/astweb/connect.php' not found or unable to stat
[Thu Mar 05 04:54:47.421012 2026] [php:error] [pid 20537] [client 45.148.10.244:0] script '/domains/astweb/connection.php' not found or unable to stat
[Thu Mar 05 04:54:48.265748 2026] [php:error] [pid 20511] [client 45.148.10.244:0] script '/domains/astweb/config.inc.php' not found or unable to stat
[Thu Mar 05 04:54:48.424992 2026] [php:error] [pid 20511] [client 45.148.10.244:0] script '/domains/astweb/settings.inc.php' not found or unable to stat
[Thu Mar 05 04:54:53.025014 2026] [php:error] [pid 20542] [client 45.148.10.244:0] script '/domains/astweb/wp-config.php' not found or unable to stat
[Thu Mar 05 04:54:53.132752 2026] [php:error] [pid 20542] [client 45.148.10.244:0] script '/domains/astweb/wp-config.php.old' not found or unable to stat
[Thu Mar 05 04:54:53.929928 2026] [php:error] [pid 20552] [client 45.148.10.244:0] script '/domains/astweb/wp-config.php.save' not found or unable to stat
[Thu Mar 05 04:54:54.020194 2026] [php:error] [pid 20552] [client 45.148.10.244:0] script '/domains/astweb/wp-config.php.swp' not found or unable to stat
[Thu Mar 05 04:54:55.104509 2026] [php:error] [pid 20552] [client 45.148.10.244:0] script '/domains/astweb/wp-config-sample.php' not found or unable to stat
