[Thu Mar 05 01:58:57.523322 2026] [php:error] [pid 17897] [client 176.29.243.182:0] script '/domains/telacomp/xmlrpc.php' not found or unable to stat
[Thu Mar 05 01:59:25.529165 2026] [php:error] [pid 17898] [client 145.239.10.137:0] script '/domains/system_suspended/detail.php' not found or unable to stat, referer: http://bestinvite.com/detail.php
[Thu Mar 05 02:02:00.994922 2026] [php:error] [pid 17938] [client 161.35.219.183:0] script '/domains/bruceweb/wp-login.php' not found or unable to stat
[Thu Mar 05 02:02:15.522425 2026] [php:error] [pid 17937] [client 145.239.10.137:0] script '/domains/awciii/sn.php' not found or unable to stat, referer: http://carillon.org/sn.php
[Thu Mar 05 02:02:44.486511 2026] [php:error] [pid 17942] [client 20.63.210.169:0] script '/domains/testregisgroup/ioxi-o.php' not found or unable to stat
[Thu Mar 05 02:02:44.669438 2026] [php:error] [pid 17942] [client 20.63.210.169:0] script '/domains/testregisgroup/0x.php' not found or unable to stat
[Thu Mar 05 02:02:44.863272 2026] [php:error] [pid 17942] [client 20.63.210.169:0] script '/domains/testregisgroup/222.php' not found or unable to stat
[Thu Mar 05 02:02:45.045577 2026] [php:error] [pid 17942] [client 20.63.210.169:0] script '/domains/testregisgroup/aa.php' not found or unable to stat
[Thu Mar 05 02:02:45.235454 2026] [php:error] [pid 17942] [client 20.63.210.169:0] script '/domains/testregisgroup/abcd.php' not found or unable to stat
[Thu Mar 05 02:02:45.416872 2026] [php:error] [pid 17942] [client 20.63.210.169:0] script '/domains/testregisgroup/admin.php' not found or unable to stat
[Thu Mar 05 02:02:45.786682 2026] [php:error] [pid 17942] [client 20.63.210.169:0] script '/domains/testregisgroup/adminfuns.php' not found or unable to stat
[Thu Mar 05 02:02:45.967915 2026] [php:error] [pid 17942] [client 20.63.210.169:0] script '/domains/testregisgroup/akc.php' not found or unable to stat
[Thu Mar 05 02:02:46.150603 2026] [php:error] [pid 17942] [client 20.63.210.169:0] script '/domains/testregisgroup/buy.php' not found or unable to stat
[Thu Mar 05 02:02:46.332417 2026] [php:error] [pid 17942] [client 20.63.210.169:0] script '/domains/testregisgroup/cong.php' not found or unable to stat
[Thu Mar 05 02:02:46.695706 2026] [php:error] [pid 17942] [client 20.63.210.169:0] script '/domains/testregisgroup/db.php' not found or unable to stat
[Thu Mar 05 02:02:46.877317 2026] [php:error] [pid 17942] [client 20.63.210.169:0] script '/domains/testregisgroup/dropdown.php' not found or unable to stat
[Thu Mar 05 02:02:47.058598 2026] [php:error] [pid 17942] [client 20.63.210.169:0] script '/domains/testregisgroup/file.php' not found or unable to stat
[Thu Mar 05 02:02:47.240335 2026] [php:error] [pid 17942] [client 20.63.210.169:0] script '/domains/testregisgroup/goods.php' not found or unable to stat
[Thu Mar 05 02:02:47.428242 2026] [php:error] [pid 17942] [client 20.63.210.169:0] script '/domains/testregisgroup/hplfuns.php' not found or unable to stat
[Thu Mar 05 02:02:47.609493 2026] [php:error] [pid 17942] [client 20.63.210.169:0] script '/domains/testregisgroup/htaccess.php' not found or unable to stat
[Thu Mar 05 02:02:47.791420 2026] [php:error] [pid 17942] [client 20.63.210.169:0] script '/domains/testregisgroup/images/wso.php' not found or unable to stat
[Thu Mar 05 02:02:48.154170 2026] [php:error] [pid 17942] [client 20.63.210.169:0] script '/domains/testregisgroup/info.php' not found or unable to stat
[Thu Mar 05 02:02:48.335894 2026] [php:error] [pid 17942] [client 20.63.210.169:0] script '/domains/testregisgroup/profile.php' not found or unable to stat
[Thu Mar 05 02:02:48.517962 2026] [php:error] [pid 17942] [client 20.63.210.169:0] script '/domains/testregisgroup/sx.php' not found or unable to stat
[Thu Mar 05 02:02:52.572221 2026] [php:error] [pid 17942] [client 20.63.210.169:0] script '/domains/testregisgroup/wp-fclass.php' not found or unable to stat
[Thu Mar 05 02:02:56.061430 2026] [php:error] [pid 17942] [client 20.63.210.169:0] script '/domains/testregisgroup/wp-themes.php' not found or unable to stat
[Thu Mar 05 02:02:56.242753 2026] [php:error] [pid 17942] [client 20.63.210.169:0] script '/domains/testregisgroup/xmlrpc.php' not found or unable to stat
[Thu Mar 05 02:03:12.074454 2026] [php:error] [pid 17931] [client 4.193.177.110:0] script '/domains/abtechsci/auth.php' not found or unable to stat
[Thu Mar 05 02:03:12.318124 2026] [php:error] [pid 17931] [client 4.193.177.110:0] script '/domains/abtechsci/504.php' not found or unable to stat
[Thu Mar 05 02:03:13.559113 2026] [php:error] [pid 17931] [client 4.193.177.110:0] script '/domains/abtechsci/bk.php' not found or unable to stat
[Thu Mar 05 02:03:13.802076 2026] [php:error] [pid 17931] [client 4.193.177.110:0] script '/domains/abtechsci/1.php' not found or unable to stat
[Thu Mar 05 02:03:14.568935 2026] [php:error] [pid 17931] [client 4.193.177.110:0] script '/domains/abtechsci/error.php' not found or unable to stat
[Thu Mar 05 02:03:16.069100 2026] [php:error] [pid 17931] [client 4.193.177.110:0] script '/domains/abtechsci/ab.php' not found or unable to stat
[Thu Mar 05 02:03:18.414051 2026] [php:error] [pid 17959] [client 20.53.243.118:0] script '/domains/deltaele/ioxi-o.php' not found or unable to stat
[Thu Mar 05 02:03:18.626097 2026] [php:error] [pid 17959] [client 20.53.243.118:0] script '/domains/deltaele/0x.php' not found or unable to stat
[Thu Mar 05 02:03:18.835945 2026] [php:error] [pid 17959] [client 20.53.243.118:0] script '/domains/deltaele/222.php' not found or unable to stat
[Thu Mar 05 02:03:19.045935 2026] [php:error] [pid 17959] [client 20.53.243.118:0] script '/domains/deltaele/aa.php' not found or unable to stat
[Thu Mar 05 02:03:19.255888 2026] [php:error] [pid 17959] [client 20.53.243.118:0] script '/domains/deltaele/abcd.php' not found or unable to stat
[Thu Mar 05 02:03:19.467078 2026] [php:error] [pid 17959] [client 20.53.243.118:0] script '/domains/deltaele/admin.php' not found or unable to stat
[Thu Mar 05 02:03:19.532860 2026] [php:error] [pid 17931] [client 4.193.177.110:0] script '/domains/abtechsci/new.php' not found or unable to stat
[Thu Mar 05 02:03:19.925693 2026] [php:error] [pid 17959] [client 20.53.243.118:0] script '/domains/deltaele/adminfuns.php' not found or unable to stat
[Thu Mar 05 02:03:20.029833 2026] [php:error] [pid 17931] [client 4.193.177.110:0] script '/domains/abtechsci/post.php' not found or unable to stat
[Thu Mar 05 02:03:20.136537 2026] [php:error] [pid 17959] [client 20.53.243.118:0] script '/domains/deltaele/akc.php' not found or unable to stat
[Thu Mar 05 02:03:20.346329 2026] [php:error] [pid 17959] [client 20.53.243.118:0] script '/domains/deltaele/buy.php' not found or unable to stat
[Thu Mar 05 02:03:20.563217 2026] [php:error] [pid 17959] [client 20.53.243.118:0] script '/domains/deltaele/cong.php' not found or unable to stat
[Thu Mar 05 02:03:20.985117 2026] [php:error] [pid 17959] [client 20.53.243.118:0] script '/domains/deltaele/db.php' not found or unable to stat
[Thu Mar 05 02:03:21.195295 2026] [php:error] [pid 17959] [client 20.53.243.118:0] script '/domains/deltaele/dropdown.php' not found or unable to stat
[Thu Mar 05 02:03:21.405877 2026] [php:error] [pid 17959] [client 20.53.243.118:0] script '/domains/deltaele/file.php' not found or unable to stat
[Thu Mar 05 02:03:21.615992 2026] [php:error] [pid 17959] [client 20.53.243.118:0] script '/domains/deltaele/goods.php' not found or unable to stat
[Thu Mar 05 02:03:21.826253 2026] [php:error] [pid 17959] [client 20.53.243.118:0] script '/domains/deltaele/hplfuns.php' not found or unable to stat
[Thu Mar 05 02:03:22.064160 2026] [php:error] [pid 17959] [client 20.53.243.118:0] script '/domains/deltaele/htaccess.php' not found or unable to stat
[Thu Mar 05 02:03:22.243088 2026] [php:error] [pid 17931] [client 4.193.177.110:0] script '/domains/abtechsci/lock360.php' not found or unable to stat
[Thu Mar 05 02:03:22.694525 2026] [php:error] [pid 17959] [client 20.53.243.118:0] script '/domains/deltaele/info.php' not found or unable to stat
[Thu Mar 05 02:03:22.904545 2026] [php:error] [pid 17959] [client 20.53.243.118:0] script '/domains/deltaele/profile.php' not found or unable to stat
[Thu Mar 05 02:03:23.114518 2026] [php:error] [pid 17959] [client 20.53.243.118:0] script '/domains/deltaele/sx.php' not found or unable to stat
[Thu Mar 05 02:03:23.224980 2026] [php:error] [pid 17931] [client 4.193.177.110:0] script '/domains/abtechsci/10.php' not found or unable to stat
[Thu Mar 05 02:03:24.654345 2026] [php:error] [pid 17931] [client 4.193.177.110:0] script '/domains/abtechsci/fox.php' not found or unable to stat
[Thu Mar 05 02:03:25.139667 2026] [php:error] [pid 17931] [client 4.193.177.110:0] script '/domains/abtechsci/s.php' not found or unable to stat
[Thu Mar 05 02:03:25.866048 2026] [php:error] [pid 17931] [client 4.193.177.110:0] script '/domains/abtechsci/archive.php' not found or unable to stat
[Thu Mar 05 02:03:27.795452 2026] [php:error] [pid 17959] [client 20.53.243.118:0] script '/domains/deltaele/wp-fclass.php' not found or unable to stat
[Thu Mar 05 02:03:31.265767 2026] [php:error] [pid 17947] [client 20.214.137.177:0] script '/domains/fairlane1/inputs.php' not found or unable to stat
[Thu Mar 05 02:03:31.465168 2026] [php:error] [pid 17947] [client 20.214.137.177:0] script '/domains/fairlane1/ioxi-o.php' not found or unable to stat
[Thu Mar 05 02:03:31.845734 2026] [php:error] [pid 17959] [client 20.53.243.118:0] script '/domains/deltaele/wp-themes.php' not found or unable to stat
[Thu Mar 05 02:03:31.869803 2026] [php:error] [pid 17947] [client 20.214.137.177:0] script '/domains/fairlane1/rip.php' not found or unable to stat
[Thu Mar 05 02:03:32.056029 2026] [php:error] [pid 17959] [client 20.53.243.118:0] script '/domains/deltaele/xmlrpc.php' not found or unable to stat
[Thu Mar 05 02:03:32.069384 2026] [php:error] [pid 17947] [client 20.214.137.177:0] script '/domains/fairlane1/admin.php' not found or unable to stat
[Thu Mar 05 02:03:32.471464 2026] [php:error] [pid 17947] [client 20.214.137.177:0] script '/domains/fairlane1/cache.php' not found or unable to stat
[Thu Mar 05 02:03:32.671332 2026] [php:error] [pid 17947] [client 20.214.137.177:0] script '/domains/fairlane1/themes.php' not found or unable to stat
[Thu Mar 05 02:03:32.889517 2026] [php:error] [pid 17947] [client 20.214.137.177:0] script '/domains/fairlane1/an.php' not found or unable to stat
[Thu Mar 05 02:03:33.492174 2026] [php:error] [pid 17947] [client 20.214.137.177:0] script '/domains/fairlane1/ws.php' not found or unable to stat
[Thu Mar 05 02:03:33.691895 2026] [php:error] [pid 17947] [client 20.214.137.177:0] script '/domains/fairlane1/404.php' not found or unable to stat
[Thu Mar 05 02:03:34.093320 2026] [php:error] [pid 17947] [client 20.214.137.177:0] script '/domains/fairlane1/wp-conf.php' not found or unable to stat
[Thu Mar 05 02:03:34.493403 2026] [php:error] [pid 17947] [client 20.214.137.177:0] script '/domains/fairlane1/wp-login.php' not found or unable to stat
[Thu Mar 05 02:03:34.693676 2026] [php:error] [pid 17947] [client 20.214.137.177:0] script '/domains/fairlane1/abc.php' not found or unable to stat
[Thu Mar 05 02:03:34.893642 2026] [php:error] [pid 17947] [client 20.214.137.177:0] script '/domains/fairlane1/abcd.php' not found or unable to stat
[Thu Mar 05 02:03:35.093472 2026] [php:error] [pid 17947] [client 20.214.137.177:0] script '/domains/fairlane1/as.php' not found or unable to stat
[Thu Mar 05 02:03:35.295666 2026] [php:error] [pid 17947] [client 20.214.137.177:0] script '/domains/fairlane1/wp-trackback.php' not found or unable to stat
[Thu Mar 05 02:03:35.495380 2026] [php:error] [pid 17947] [client 20.214.137.177:0] script '/domains/fairlane1/about.php' not found or unable to stat
[Thu Mar 05 02:03:35.695103 2026] [php:error] [pid 17947] [client 20.214.137.177:0] script '/domains/fairlane1/file.php' not found or unable to stat
[Thu Mar 05 02:03:35.896837 2026] [php:error] [pid 17947] [client 20.214.137.177:0] script '/domains/fairlane1/adminfuns.php' not found or unable to stat
[Thu Mar 05 02:03:36.097610 2026] [php:error] [pid 17947] [client 20.214.137.177:0] script '/domains/fairlane1/wp-good.php' not found or unable to stat
[Thu Mar 05 02:03:36.298389 2026] [php:error] [pid 17947] [client 20.214.137.177:0] script '/domains/fairlane1/xmlrpc.php' not found or unable to stat
[Thu Mar 05 02:03:36.529999 2026] [php:error] [pid 17947] [client 20.214.137.177:0] script '/domains/fairlane1/goods.php' not found or unable to stat
[Thu Mar 05 02:03:36.729760 2026] [php:error] [pid 17947] [client 20.214.137.177:0] script '/domains/fairlane1/class-t.api.php' not found or unable to stat
[Thu Mar 05 02:03:36.929447 2026] [php:error] [pid 17947] [client 20.214.137.177:0] script '/domains/fairlane1/sf.php' not found or unable to stat
[Thu Mar 05 02:03:37.129188 2026] [php:error] [pid 17947] [client 20.214.137.177:0] script '/domains/fairlane1/kbfr.php' not found or unable to stat
[Thu Mar 05 02:03:37.329086 2026] [php:error] [pid 17947] [client 20.214.137.177:0] script '/domains/fairlane1/autoload_classmap.php' not found or unable to stat
[Thu Mar 05 02:03:37.528823 2026] [php:error] [pid 17947] [client 20.214.137.177:0] script '/domains/fairlane1/chosen.php' not found or unable to stat
[Thu Mar 05 02:03:37.729049 2026] [php:error] [pid 17947] [client 20.214.137.177:0] script '/domains/fairlane1/classwithtostring.php' not found or unable to stat
[Thu Mar 05 02:03:37.928804 2026] [php:error] [pid 17947] [client 20.214.137.177:0] script '/domains/fairlane1/defaults.php' not found or unable to stat
[Thu Mar 05 02:03:38.529331 2026] [php:error] [pid 17947] [client 20.214.137.177:0] script '/domains/fairlane1/info.php' not found or unable to stat
[Thu Mar 05 02:04:20.997876 2026] [php:error] [pid 17961] [client 20.210.89.37:0] script '/domains/system_cancel/inputs.php' not found or unable to stat
[Thu Mar 05 02:04:21.199385 2026] [php:error] [pid 17961] [client 20.210.89.37:0] script '/domains/system_cancel/ioxi-o.php' not found or unable to stat
[Thu Mar 05 02:04:21.640063 2026] [php:error] [pid 17961] [client 20.210.89.37:0] script '/domains/system_cancel/rip.php' not found or unable to stat
[Thu Mar 05 02:04:21.836704 2026] [php:error] [pid 17961] [client 20.210.89.37:0] script '/domains/system_cancel/admin.php' not found or unable to stat
[Thu Mar 05 02:04:22.248882 2026] [php:error] [pid 17961] [client 20.210.89.37:0] script '/domains/system_cancel/cache.php' not found or unable to stat
[Thu Mar 05 02:04:22.420260 2026] [php:error] [pid 17961] [client 20.210.89.37:0] script '/domains/system_cancel/themes.php' not found or unable to stat
[Thu Mar 05 02:04:22.590700 2026] [php:error] [pid 17961] [client 20.210.89.37:0] script '/domains/system_cancel/an.php' not found or unable to stat
[Thu Mar 05 02:04:24.272916 2026] [php:error] [pid 17961] [client 20.210.89.37:0] script '/domains/system_cancel/abc.php' not found or unable to stat
[Thu Mar 05 02:04:24.443175 2026] [php:error] [pid 17961] [client 20.210.89.37:0] script '/domains/system_cancel/abcd.php' not found or unable to stat
[Thu Mar 05 02:04:24.613747 2026] [php:error] [pid 17961] [client 20.210.89.37:0] script '/domains/system_cancel/as.php' not found or unable to stat
[Thu Mar 05 02:04:25.001331 2026] [php:error] [pid 17961] [client 20.210.89.37:0] script '/domains/system_cancel/about.php' not found or unable to stat
[Thu Mar 05 02:04:25.367045 2026] [php:error] [pid 17961] [client 20.210.89.37:0] script '/domains/system_cancel/adminfuns.php' not found or unable to stat
[Thu Mar 05 02:04:25.725865 2026] [php:error] [pid 17961] [client 20.210.89.37:0] script '/domains/system_cancel/xmlrpc.php' not found or unable to stat
[Thu Mar 05 02:04:26.078374 2026] [php:error] [pid 17961] [client 20.210.89.37:0] script '/domains/system_cancel/class-t.api.php' not found or unable to stat
[Thu Mar 05 02:04:26.593832 2026] [php:error] [pid 17961] [client 20.210.89.37:0] script '/domains/system_cancel/autoload_classmap.php' not found or unable to stat
[Thu Mar 05 02:04:26.775640 2026] [php:error] [pid 17961] [client 20.210.89.37:0] script '/domains/system_cancel/chosen.php' not found or unable to stat
[Thu Mar 05 02:04:26.946268 2026] [php:error] [pid 17961] [client 20.210.89.37:0] script '/domains/system_cancel/classwithtostring.php' not found or unable to stat
[Thu Mar 05 02:04:27.116530 2026] [php:error] [pid 17961] [client 20.210.89.37:0] script '/domains/system_cancel/defaults.php' not found or unable to stat
[Thu Mar 05 02:04:27.632155 2026] [php:error] [pid 17961] [client 20.210.89.37:0] script '/domains/system_cancel/info.php' not found or unable to stat
[Thu Mar 05 02:04:49.750658 2026] [php:error] [pid 17965] [client 20.63.210.169:0] script '/domains/nlyfoods/ioxi-o.php' not found or unable to stat
[Thu Mar 05 02:04:49.931651 2026] [php:error] [pid 17965] [client 20.63.210.169:0] script '/domains/nlyfoods/0x.php' not found or unable to stat
[Thu Mar 05 02:04:50.110904 2026] [php:error] [pid 17965] [client 20.63.210.169:0] script '/domains/nlyfoods/222.php' not found or unable to stat
[Thu Mar 05 02:04:50.289679 2026] [php:error] [pid 17965] [client 20.63.210.169:0] script '/domains/nlyfoods/aa.php' not found or unable to stat
[Thu Mar 05 02:04:50.468650 2026] [php:error] [pid 17965] [client 20.63.210.169:0] script '/domains/nlyfoods/abcd.php' not found or unable to stat
[Thu Mar 05 02:04:50.647495 2026] [php:error] [pid 17965] [client 20.63.210.169:0] script '/domains/nlyfoods/admin.php' not found or unable to stat
[Thu Mar 05 02:04:51.010710 2026] [php:error] [pid 17965] [client 20.63.210.169:0] script '/domains/nlyfoods/adminfuns.php' not found or unable to stat
[Thu Mar 05 02:04:51.194862 2026] [php:error] [pid 17965] [client 20.63.210.169:0] script '/domains/nlyfoods/akc.php' not found or unable to stat
[Thu Mar 05 02:04:51.373722 2026] [php:error] [pid 17965] [client 20.63.210.169:0] script '/domains/nlyfoods/buy.php' not found or unable to stat
[Thu Mar 05 02:04:51.552525 2026] [php:error] [pid 17965] [client 20.63.210.169:0] script '/domains/nlyfoods/cong.php' not found or unable to stat
[Thu Mar 05 02:04:51.732468 2026] [php:error] [pid 17965] [client 20.63.210.169:0] script '/domains/nlyfoods/css/classwithtostring.php' not found or unable to stat
[Thu Mar 05 02:04:51.932493 2026] [php:error] [pid 17965] [client 20.63.210.169:0] script '/domains/nlyfoods/db.php' not found or unable to stat
[Thu Mar 05 02:04:52.111825 2026] [php:error] [pid 17965] [client 20.63.210.169:0] script '/domains/nlyfoods/dropdown.php' not found or unable to stat
[Thu Mar 05 02:04:52.290753 2026] [php:error] [pid 17965] [client 20.63.210.169:0] script '/domains/nlyfoods/file.php' not found or unable to stat
[Thu Mar 05 02:04:52.471070 2026] [php:error] [pid 17965] [client 20.63.210.169:0] script '/domains/nlyfoods/goods.php' not found or unable to stat
[Thu Mar 05 02:04:52.655208 2026] [php:error] [pid 17965] [client 20.63.210.169:0] script '/domains/nlyfoods/hplfuns.php' not found or unable to stat
[Thu Mar 05 02:04:52.834103 2026] [php:error] [pid 17965] [client 20.63.210.169:0] script '/domains/nlyfoods/htaccess.php' not found or unable to stat
[Thu Mar 05 02:04:53.370491 2026] [php:error] [pid 17965] [client 20.63.210.169:0] script '/domains/nlyfoods/info.php' not found or unable to stat
[Thu Mar 05 02:04:53.549540 2026] [php:error] [pid 17965] [client 20.63.210.169:0] script '/domains/nlyfoods/profile.php' not found or unable to stat
[Thu Mar 05 02:04:53.728135 2026] [php:error] [pid 17965] [client 20.63.210.169:0] script '/domains/nlyfoods/sx.php' not found or unable to stat
[Thu Mar 05 02:04:57.664168 2026] [php:error] [pid 17965] [client 20.63.210.169:0] script '/domains/nlyfoods/wp-fclass.php' not found or unable to stat
[Thu Mar 05 02:05:01.107231 2026] [php:error] [pid 17965] [client 20.63.210.169:0] script '/domains/nlyfoods/wp-themes.php' not found or unable to stat
[Thu Mar 05 02:05:01.290747 2026] [php:error] [pid 17965] [client 20.63.210.169:0] script '/domains/nlyfoods/xmlrpc.php' not found or unable to stat
[Thu Mar 05 02:05:49.127214 2026] [php:error] [pid 17973] [client 20.214.137.177:0] script '/domains/peterbmiller/inputs.php' not found or unable to stat
[Thu Mar 05 02:05:49.341601 2026] [php:error] [pid 17973] [client 20.214.137.177:0] script '/domains/peterbmiller/ioxi-o.php' not found or unable to stat
[Thu Mar 05 02:05:49.735453 2026] [php:error] [pid 17973] [client 20.214.137.177:0] script '/domains/peterbmiller/rip.php' not found or unable to stat
[Thu Mar 05 02:05:49.932219 2026] [php:error] [pid 17973] [client 20.214.137.177:0] script '/domains/peterbmiller/admin.php' not found or unable to stat
[Thu Mar 05 02:05:50.326545 2026] [php:error] [pid 17973] [client 20.214.137.177:0] script '/domains/peterbmiller/cache.php' not found or unable to stat
[Thu Mar 05 02:05:50.523368 2026] [php:error] [pid 17973] [client 20.214.137.177:0] script '/domains/peterbmiller/themes.php' not found or unable to stat
[Thu Mar 05 02:05:50.719950 2026] [php:error] [pid 17973] [client 20.214.137.177:0] script '/domains/peterbmiller/an.php' not found or unable to stat
[Thu Mar 05 02:05:51.310186 2026] [php:error] [pid 17973] [client 20.214.137.177:0] script '/domains/peterbmiller/ws.php' not found or unable to stat
[Thu Mar 05 02:05:51.508649 2026] [php:error] [pid 17973] [client 20.214.137.177:0] script '/domains/peterbmiller/404.php' not found or unable to stat
[Thu Mar 05 02:05:51.904725 2026] [php:error] [pid 17973] [client 20.214.137.177:0] script '/domains/peterbmiller/wp-conf.php' not found or unable to stat
[Thu Mar 05 02:05:52.298321 2026] [php:error] [pid 17973] [client 20.214.137.177:0] script '/domains/peterbmiller/wp-login.php' not found or unable to stat
[Thu Mar 05 02:05:52.494983 2026] [php:error] [pid 17973] [client 20.214.137.177:0] script '/domains/peterbmiller/abc.php' not found or unable to stat
[Thu Mar 05 02:05:52.692013 2026] [php:error] [pid 17973] [client 20.214.137.177:0] script '/domains/peterbmiller/abcd.php' not found or unable to stat
[Thu Mar 05 02:05:52.889288 2026] [php:error] [pid 17973] [client 20.214.137.177:0] script '/domains/peterbmiller/as.php' not found or unable to stat
[Thu Mar 05 02:05:53.086069 2026] [php:error] [pid 17973] [client 20.214.137.177:0] script '/domains/peterbmiller/wp-trackback.php' not found or unable to stat
[Thu Mar 05 02:05:53.283817 2026] [php:error] [pid 17973] [client 20.214.137.177:0] script '/domains/peterbmiller/about.php' not found or unable to stat
[Thu Mar 05 02:05:53.480513 2026] [php:error] [pid 17973] [client 20.214.137.177:0] script '/domains/peterbmiller/file.php' not found or unable to stat
[Thu Mar 05 02:05:53.705414 2026] [php:error] [pid 17973] [client 20.214.137.177:0] script '/domains/peterbmiller/adminfuns.php' not found or unable to stat
[Thu Mar 05 02:05:53.903464 2026] [php:error] [pid 17973] [client 20.214.137.177:0] script '/domains/peterbmiller/wp-good.php' not found or unable to stat
[Thu Mar 05 02:05:54.100392 2026] [php:error] [pid 17973] [client 20.214.137.177:0] script '/domains/peterbmiller/xmlrpc.php' not found or unable to stat
[Thu Mar 05 02:05:54.297320 2026] [php:error] [pid 17973] [client 20.214.137.177:0] script '/domains/peterbmiller/goods.php' not found or unable to stat
[Thu Mar 05 02:05:54.494266 2026] [php:error] [pid 17973] [client 20.214.137.177:0] script '/domains/peterbmiller/class-t.api.php' not found or unable to stat
[Thu Mar 05 02:05:54.691207 2026] [php:error] [pid 17973] [client 20.214.137.177:0] script '/domains/peterbmiller/sf.php' not found or unable to stat
[Thu Mar 05 02:05:54.888029 2026] [php:error] [pid 17973] [client 20.214.137.177:0] script '/domains/peterbmiller/kbfr.php' not found or unable to stat
[Thu Mar 05 02:05:55.084686 2026] [php:error] [pid 17973] [client 20.214.137.177:0] script '/domains/peterbmiller/autoload_classmap.php' not found or unable to stat
[Thu Mar 05 02:05:55.281605 2026] [php:error] [pid 17973] [client 20.214.137.177:0] script '/domains/peterbmiller/chosen.php' not found or unable to stat
[Thu Mar 05 02:05:55.478411 2026] [php:error] [pid 17973] [client 20.214.137.177:0] script '/domains/peterbmiller/classwithtostring.php' not found or unable to stat
[Thu Mar 05 02:05:55.676335 2026] [php:error] [pid 17973] [client 20.214.137.177:0] script '/domains/peterbmiller/defaults.php' not found or unable to stat
[Thu Mar 05 02:05:56.292118 2026] [php:error] [pid 17973] [client 20.214.137.177:0] script '/domains/peterbmiller/info.php' not found or unable to stat
[Thu Mar 05 02:06:24.314007 2026] [php:error] [pid 17961] [client 145.239.10.137:0] script '/domains/system_default/sn.php' not found or unable to stat, referer: http://casid.org/sn.php
[Thu Mar 05 02:07:25.727383 2026] [php:error] [pid 18009] [client 194.26.192.56:0] script '/domains/telacomp/wp-login.php' not found or unable to stat
[Thu Mar 05 02:07:27.493917 2026] [php:error] [pid 18010] [client 194.26.192.56:0] script '/domains/micra/wp-login.php' not found or unable to stat
[Thu Mar 05 02:08:00.918836 2026] [php:error] [pid 18019] [client 45.148.10.244:0] script '/domains/msintl/phpinfo.php' not found or unable to stat
[Thu Mar 05 02:08:02.407994 2026] [php:error] [pid 18019] [client 45.148.10.244:0] script '/domains/msintl/_phpinfo.php' not found or unable to stat
[Thu Mar 05 02:08:11.903809 2026] [php:error] [pid 18002] [client 45.148.10.244:0] script '/domains/msintl/wp-config.php.bak' not found or unable to stat
[Thu Mar 05 02:08:12.038244 2026] [php:error] [pid 18002] [client 45.148.10.244:0] script '/domains/msintl/info.php' not found or unable to stat
[Thu Mar 05 02:08:12.754492 2026] [php:error] [pid 18002] [client 45.148.10.244:0] script '/domains/msintl/server_info.php' not found or unable to stat
[Thu Mar 05 02:08:12.910810 2026] [php:error] [pid 18002] [client 45.148.10.244:0] script '/domains/msintl/app_dev.php' not found or unable to stat
[Thu Mar 05 02:08:13.011841 2026] [php:error] [pid 18002] [client 45.148.10.244:0] script '/domains/msintl/test.php' not found or unable to stat
[Thu Mar 05 02:08:13.122812 2026] [access_compat:error] [pid 18002] [client 45.148.10.244:0] AH01797: client denied by server configuration: /domains/msintl/server-info
[Thu Mar 05 02:08:13.685763 2026] [php:error] [pid 18016] [client 45.148.10.244:0] script '/domains/msintl/server-info.php' not found or unable to stat
[Thu Mar 05 02:10:25.303835 2026] [php:error] [pid 18057] [client 45.148.10.244:0] script '/domains/msintl/.env.php' not found or unable to stat
[Thu Mar 05 02:10:25.584679 2026] [php:error] [pid 18057] [client 45.148.10.244:0] script '/domains/msintl/config.php' not found or unable to stat
[Thu Mar 05 02:10:25.670594 2026] [php:error] [pid 18057] [client 45.148.10.244:0] script '/domains/msintl/configuration.php' not found or unable to stat
[Thu Mar 05 02:10:25.757170 2026] [php:error] [pid 18057] [client 45.148.10.244:0] script '/domains/msintl/settings.php' not found or unable to stat
[Thu Mar 05 02:10:25.867789 2026] [php:error] [pid 18057] [client 45.148.10.244:0] script '/domains/msintl/database.php' not found or unable to stat
[Thu Mar 05 02:10:25.956091 2026] [php:error] [pid 18057] [client 45.148.10.244:0] script '/domains/msintl/db.php' not found or unable to stat
[Thu Mar 05 02:10:26.055969 2026] [php:error] [pid 18057] [client 45.148.10.244:0] script '/domains/msintl/connect.php' not found or unable to stat
[Thu Mar 05 02:10:26.143243 2026] [php:error] [pid 18057] [client 45.148.10.244:0] script '/domains/msintl/connection.php' not found or unable to stat
[Thu Mar 05 02:10:26.799545 2026] [php:error] [pid 18057] [client 45.148.10.244:0] script '/domains/msintl/config.inc.php' not found or unable to stat
[Thu Mar 05 02:10:27.000272 2026] [php:error] [pid 18057] [client 45.148.10.244:0] script '/domains/msintl/settings.inc.php' not found or unable to stat
[Thu Mar 05 02:10:31.843712 2026] [php:error] [pid 18002] [client 45.148.10.244:0] script '/domains/msintl/wp-config.php' not found or unable to stat
[Thu Mar 05 02:10:32.000910 2026] [php:error] [pid 18002] [client 45.148.10.244:0] script '/domains/msintl/wp-config.php.old' not found or unable to stat
[Thu Mar 05 02:10:32.132957 2026] [php:error] [pid 18002] [client 45.148.10.244:0] script '/domains/msintl/wp-config.php.save' not found or unable to stat
[Thu Mar 05 02:10:32.278661 2026] [php:error] [pid 18002] [client 45.148.10.244:0] script '/domains/msintl/wp-config.php.swp' not found or unable to stat
[Thu Mar 05 02:10:34.143590 2026] [php:error] [pid 18002] [client 45.148.10.244:0] script '/domains/msintl/wp-config-sample.php' not found or unable to stat
[Thu Mar 05 02:10:34.748387 2026] [php:error] [pid 18002] [client 45.148.10.244:0] script '/domains/msintl/.wp-config.php.swp' not found or unable to stat
[Thu Mar 05 02:10:35.453096 2026] [php:error] [pid 18002] [client 45.148.10.244:0] script '/domains/msintl/configuration.php.bak' not found or unable to stat
[Thu Mar 05 02:10:35.542604 2026] [php:error] [pid 18002] [client 45.148.10.244:0] script '/domains/msintl/configuration.php.old' not found or unable to stat
[Thu Mar 05 02:11:03.296312 2026] [php:error] [pid 18047] [client 178.128.49.124:0] script '/domains/conceptlabs1/xmlrpc.php' not found or unable to stat, referer: https://comunidadchevy.com//wp-login.php
[Thu Mar 05 02:11:58.431617 2026] [php:error] [pid 18053] [client 20.53.240.38:0] script '/domains/piltdweb1/wp-2019.php' not found or unable to stat
[Thu Mar 05 02:11:58.875533 2026] [php:error] [pid 18053] [client 20.53.240.38:0] script '/domains/piltdweb1/0.php' not found or unable to stat
[Thu Mar 05 02:11:59.097551 2026] [php:error] [pid 18053] [client 20.53.240.38:0] script '/domains/piltdweb1/1.php' not found or unable to stat
[Thu Mar 05 02:11:59.319322 2026] [php:error] [pid 18053] [client 20.53.240.38:0] script '/domains/piltdweb1/12.php' not found or unable to stat
[Thu Mar 05 02:11:59.448214 2026] [php:error] [pid 18075] [client 20.53.243.118:0] script '/domains/astrosfm/ioxi-o.php' not found or unable to stat
[Thu Mar 05 02:11:59.540886 2026] [php:error] [pid 18053] [client 20.53.240.38:0] script '/domains/piltdweb1/120f9.php' not found or unable to stat
[Thu Mar 05 02:11:59.662262 2026] [php:error] [pid 18075] [client 20.53.243.118:0] script '/domains/astrosfm/0x.php' not found or unable to stat
[Thu Mar 05 02:11:59.762464 2026] [php:error] [pid 18053] [client 20.53.240.38:0] script '/domains/piltdweb1/22.php' not found or unable to stat
[Thu Mar 05 02:11:59.875685 2026] [php:error] [pid 18075] [client 20.53.243.118:0] script '/domains/astrosfm/222.php' not found or unable to stat
[Thu Mar 05 02:11:59.985344 2026] [php:error] [pid 18053] [client 20.53.240.38:0] script '/domains/piltdweb1/403.php' not found or unable to stat
[Thu Mar 05 02:12:00.089509 2026] [php:error] [pid 18075] [client 20.53.243.118:0] script '/domains/astrosfm/aa.php' not found or unable to stat
[Thu Mar 05 02:12:00.244515 2026] [php:error] [pid 18053] [client 20.53.240.38:0] script '/domains/piltdweb1/504.php' not found or unable to stat
[Thu Mar 05 02:12:00.302993 2026] [php:error] [pid 18075] [client 20.53.243.118:0] script '/domains/astrosfm/abcd.php' not found or unable to stat
[Thu Mar 05 02:12:00.466415 2026] [php:error] [pid 18053] [client 20.53.240.38:0] script '/domains/piltdweb1/GOD.php' not found or unable to stat
[Thu Mar 05 02:12:00.517510 2026] [php:error] [pid 18075] [client 20.53.243.118:0] script '/domains/astrosfm/admin.php' not found or unable to stat
[Thu Mar 05 02:12:00.688279 2026] [php:error] [pid 18053] [client 20.53.240.38:0] script '/domains/piltdweb1/NewFile.php' not found or unable to stat
[Thu Mar 05 02:12:00.910019 2026] [php:error] [pid 18053] [client 20.53.240.38:0] script '/domains/piltdweb1/aaa.php' not found or unable to stat
[Thu Mar 05 02:12:00.944323 2026] [php:error] [pid 18075] [client 20.53.243.118:0] script '/domains/astrosfm/adminfuns.php' not found or unable to stat
[Thu Mar 05 02:12:01.132586 2026] [php:error] [pid 18053] [client 20.53.240.38:0] script '/domains/piltdweb1/ab.php' not found or unable to stat
[Thu Mar 05 02:12:01.157675 2026] [php:error] [pid 18075] [client 20.53.243.118:0] script '/domains/astrosfm/akc.php' not found or unable to stat
[Thu Mar 05 02:12:01.372975 2026] [php:error] [pid 18075] [client 20.53.243.118:0] script '/domains/astrosfm/buy.php' not found or unable to stat
[Thu Mar 05 02:12:01.588106 2026] [php:error] [pid 18075] [client 20.53.243.118:0] script '/domains/astrosfm/cong.php' not found or unable to stat
[Thu Mar 05 02:12:01.803459 2026] [php:error] [pid 18075] [client 20.53.243.118:0] script '/domains/astrosfm/css/classwithtostring.php' not found or unable to stat
[Thu Mar 05 02:12:02.017712 2026] [php:error] [pid 18075] [client 20.53.243.118:0] script '/domains/astrosfm/db.php' not found or unable to stat
[Thu Mar 05 02:12:02.027448 2026] [php:error] [pid 18053] [client 20.53.240.38:0] script '/domains/piltdweb1/al.php' not found or unable to stat
[Thu Mar 05 02:12:02.231712 2026] [php:error] [pid 18075] [client 20.53.243.118:0] script '/domains/astrosfm/dropdown.php' not found or unable to stat
[Thu Mar 05 02:12:02.286529 2026] [php:error] [pid 18053] [client 20.53.240.38:0] script '/domains/piltdweb1/alfa-rex.php' not found or unable to stat
[Thu Mar 05 02:12:02.445993 2026] [php:error] [pid 18075] [client 20.53.243.118:0] script '/domains/astrosfm/file.php' not found or unable to stat
[Thu Mar 05 02:12:02.681381 2026] [php:error] [pid 18075] [client 20.53.243.118:0] script '/domains/astrosfm/goods.php' not found or unable to stat
[Thu Mar 05 02:12:02.732140 2026] [php:error] [pid 18053] [client 20.53.240.38:0] script '/domains/piltdweb1/alfanew.php' not found or unable to stat
[Thu Mar 05 02:12:02.895497 2026] [php:error] [pid 18075] [client 20.53.243.118:0] script '/domains/astrosfm/hplfuns.php' not found or unable to stat
[Thu Mar 05 02:12:02.953718 2026] [php:error] [pid 18053] [client 20.53.240.38:0] script '/domains/piltdweb1/auth.php' not found or unable to stat
[Thu Mar 05 02:12:03.109531 2026] [php:error] [pid 18075] [client 20.53.243.118:0] script '/domains/astrosfm/htaccess.php' not found or unable to stat
[Thu Mar 05 02:12:03.175593 2026] [php:error] [pid 18053] [client 20.53.240.38:0] script '/domains/piltdweb1/b.php' not found or unable to stat
[Thu Mar 05 02:12:03.397616 2026] [php:error] [pid 18053] [client 20.53.240.38:0] script '/domains/piltdweb1/b0.php' not found or unable to stat
[Thu Mar 05 02:12:03.619761 2026] [php:error] [pid 18053] [client 20.53.240.38:0] script '/domains/piltdweb1/back.php' not found or unable to stat
[Thu Mar 05 02:12:03.750250 2026] [php:error] [pid 18075] [client 20.53.243.118:0] script '/domains/astrosfm/info.php' not found or unable to stat
[Thu Mar 05 02:12:03.841492 2026] [php:error] [pid 18053] [client 20.53.240.38:0] script '/domains/piltdweb1/bala.php' not found or unable to stat
[Thu Mar 05 02:12:03.963924 2026] [php:error] [pid 18075] [client 20.53.243.118:0] script '/domains/astrosfm/profile.php' not found or unable to stat
[Thu Mar 05 02:12:04.091477 2026] [php:error] [pid 18053] [client 20.53.240.38:0] script '/domains/piltdweb1/baxa1.php' not found or unable to stat
[Thu Mar 05 02:12:04.177602 2026] [php:error] [pid 18075] [client 20.53.243.118:0] script '/domains/astrosfm/sx.php' not found or unable to stat
[Thu Mar 05 02:12:04.315956 2026] [php:error] [pid 18053] [client 20.53.240.38:0] script '/domains/piltdweb1/buy.php' not found or unable to stat
[Thu Mar 05 02:12:04.539164 2026] [php:error] [pid 18053] [client 20.53.240.38:0] script '/domains/piltdweb1/byp.php' not found or unable to stat
[Thu Mar 05 02:12:04.762226 2026] [php:error] [pid 18053] [client 20.53.240.38:0] script '/domains/piltdweb1/c.php' not found or unable to stat
[Thu Mar 05 02:12:04.987994 2026] [php:error] [pid 18053] [client 20.53.240.38:0] script '/domains/piltdweb1/c99.php' not found or unable to stat
[Thu Mar 05 02:12:05.210204 2026] [php:error] [pid 18053] [client 20.53.240.38:0] script '/domains/piltdweb1/chosen.php' not found or unable to stat
[Thu Mar 05 02:12:05.432382 2026] [php:error] [pid 18053] [client 20.53.240.38:0] script '/domains/piltdweb1/class-wp-lock.php' not found or unable to stat
[Thu Mar 05 02:12:05.655444 2026] [php:error] [pid 18053] [client 20.53.240.38:0] script '/domains/piltdweb1/cong.php' not found or unable to stat
[Thu Mar 05 02:12:05.877735 2026] [php:error] [pid 18053] [client 20.53.240.38:0] script '/domains/piltdweb1/content.php' not found or unable to stat
[Thu Mar 05 02:12:06.099570 2026] [php:error] [pid 18053] [client 20.53.240.38:0] script '/domains/piltdweb1/control.php' not found or unable to stat
[Thu Mar 05 02:12:06.321567 2026] [php:error] [pid 18053] [client 20.53.240.38:0] script '/domains/piltdweb1/cookie.php' not found or unable to stat
[Thu Mar 05 02:12:06.543349 2026] [php:error] [pid 18053] [client 20.53.240.38:0] script '/domains/piltdweb1/credits.php' not found or unable to stat
[Thu Mar 05 02:12:06.765170 2026] [php:error] [pid 18053] [client 20.53.240.38:0] script '/domains/piltdweb1/cron.php' not found or unable to stat
[Thu Mar 05 02:12:06.986959 2026] [php:error] [pid 18053] [client 20.53.240.38:0] script '/domains/piltdweb1/css.php' not found or unable to stat
[Thu Mar 05 02:12:07.213969 2026] [php:error] [pid 18053] [client 20.53.240.38:0] script '/domains/piltdweb1/css/autoload_classmap.php' not found or unable to stat
[Thu Mar 05 02:12:07.452990 2026] [php:error] [pid 18053] [client 20.53.240.38:0] script '/domains/piltdweb1/data.php' not found or unable to stat
[Thu Mar 05 02:12:07.674666 2026] [php:error] [pid 18053] [client 20.53.240.38:0] script '/domains/piltdweb1/disagreed.php' not found or unable to stat
[Thu Mar 05 02:12:07.896253 2026] [php:error] [pid 18053] [client 20.53.240.38:0] script '/domains/piltdweb1/doc.php' not found or unable to stat
[Thu Mar 05 02:12:08.118004 2026] [php:error] [pid 18053] [client 20.53.240.38:0] script '/domains/piltdweb1/dropdown.php' not found or unable to stat
[Thu Mar 05 02:12:08.339657 2026] [php:error] [pid 18053] [client 20.53.240.38:0] script '/domains/piltdweb1/ds.php' not found or unable to stat
[Thu Mar 05 02:12:08.561223 2026] [php:error] [pid 18053] [client 20.53.240.38:0] script '/domains/piltdweb1/edit.php' not found or unable to stat
[Thu Mar 05 02:12:08.783374 2026] [php:error] [pid 18053] [client 20.53.240.38:0] script '/domains/piltdweb1/ee.php' not found or unable to stat
[Thu Mar 05 02:12:09.005305 2026] [php:error] [pid 18053] [client 20.53.240.38:0] script '/domains/piltdweb1/en.php' not found or unable to stat
[Thu Mar 05 02:12:09.034932 2026] [php:error] [pid 18075] [client 20.53.243.118:0] script '/domains/astrosfm/wp-fclass.php' not found or unable to stat
[Thu Mar 05 02:12:09.227260 2026] [php:error] [pid 18053] [client 20.53.240.38:0] script '/domains/piltdweb1/error.php' not found or unable to stat
[Thu Mar 05 02:12:09.482944 2026] [php:error] [pid 18053] [client 20.53.240.38:0] script '/domains/piltdweb1/f35.php' not found or unable to stat
[Thu Mar 05 02:12:09.705157 2026] [php:error] [pid 18053] [client 20.53.240.38:0] script '/domains/piltdweb1/favicon.php' not found or unable to stat
[Thu Mar 05 02:12:09.927896 2026] [php:error] [pid 18053] [client 20.53.240.38:0] script '/domains/piltdweb1/feeds.php' not found or unable to stat
[Thu Mar 05 02:12:10.150187 2026] [php:error] [pid 18053] [client 20.53.240.38:0] script '/domains/piltdweb1/files.php' not found or unable to stat
[Thu Mar 05 02:12:10.593938 2026] [php:error] [pid 18053] [client 20.53.240.38:0] script '/domains/piltdweb1/flower.php' not found or unable to stat
[Thu Mar 05 02:12:10.832171 2026] [php:error] [pid 18053] [client 20.53.240.38:0] script '/domains/piltdweb1/function.php' not found or unable to stat
[Thu Mar 05 02:12:11.054547 2026] [php:error] [pid 18053] [client 20.53.240.38:0] script '/domains/piltdweb1/functions.php' not found or unable to stat
[Thu Mar 05 02:12:11.276280 2026] [php:error] [pid 18053] [client 20.53.240.38:0] script '/domains/piltdweb1/gecko-new.php' not found or unable to stat
[Thu Mar 05 02:12:11.498430 2026] [php:error] [pid 18053] [client 20.53.240.38:0] script '/domains/piltdweb1/ggfi.php' not found or unable to stat
[Thu Mar 05 02:12:11.720289 2026] [php:error] [pid 18053] [client 20.53.240.38:0] script '/domains/piltdweb1/gzak2w.php' not found or unable to stat
[Thu Mar 05 02:12:11.942152 2026] [php:error] [pid 18053] [client 20.53.240.38:0] script '/domains/piltdweb1/hehe.php' not found or unable to stat
[Thu Mar 05 02:12:12.181128 2026] [php:error] [pid 18053] [client 20.53.240.38:0] script '/domains/piltdweb1/hehehehe.php' not found or unable to stat
[Thu Mar 05 02:12:12.403062 2026] [php:error] [pid 18053] [client 20.53.240.38:0] script '/domains/piltdweb1/help.php' not found or unable to stat
[Thu Mar 05 02:12:12.846374 2026] [php:error] [pid 18053] [client 20.53.240.38:0] script '/domains/piltdweb1/index.php' not found or unable to stat
[Thu Mar 05 02:12:13.157581 2026] [php:error] [pid 18075] [client 20.53.243.118:0] script '/domains/astrosfm/wp-themes.php' not found or unable to stat
[Thu Mar 05 02:12:13.290239 2026] [php:error] [pid 18053] [client 20.53.240.38:0] script '/domains/piltdweb1/install.php' not found or unable to stat
[Thu Mar 05 02:12:13.370969 2026] [php:error] [pid 18075] [client 20.53.243.118:0] script '/domains/astrosfm/xmlrpc.php' not found or unable to stat
[Thu Mar 05 02:12:13.512277 2026] [php:error] [pid 18053] [client 20.53.240.38:0] script '/domains/piltdweb1/jp.php' not found or unable to stat
[Thu Mar 05 02:12:13.956482 2026] [php:error] [pid 18053] [client 20.53.240.38:0] script '/domains/piltdweb1/meta.php' not found or unable to stat
[Thu Mar 05 02:12:14.178378 2026] [php:error] [pid 18053] [client 20.53.240.38:0] script '/domains/piltdweb1/moon.php' not found or unable to stat
[Thu Mar 05 02:12:14.208712 2026] [php:error] [pid 18060] [client 154.47.23.3:0] script '/domains/nostrada/wp-login.php' not found or unable to stat
[Thu Mar 05 02:12:14.431815 2026] [php:error] [pid 18053] [client 20.53.240.38:0] script '/domains/piltdweb1/new.php' not found or unable to stat
[Thu Mar 05 02:12:14.664942 2026] [php:error] [pid 18053] [client 20.53.240.38:0] script '/domains/piltdweb1/ova.php' not found or unable to stat
[Thu Mar 05 02:12:15.108531 2026] [php:error] [pid 18053] [client 20.53.240.38:0] script '/domains/piltdweb1/radio.php' not found or unable to stat
[Thu Mar 05 02:12:15.330301 2026] [php:error] [pid 18053] [client 20.53.240.38:0] script '/domains/piltdweb1/randkeyword.php' not found or unable to stat
[Thu Mar 05 02:12:15.552319 2026] [php:error] [pid 18053] [client 20.53.240.38:0] script '/domains/piltdweb1/room.php' not found or unable to stat
[Thu Mar 05 02:12:15.774325 2026] [php:error] [pid 18053] [client 20.53.240.38:0] script '/domains/piltdweb1/s.php' not found or unable to stat
[Thu Mar 05 02:12:16.218700 2026] [php:error] [pid 18053] [client 20.53.240.38:0] script '/domains/piltdweb1/sim.php' not found or unable to stat
[Thu Mar 05 02:12:16.467846 2026] [php:error] [pid 18053] [client 20.53.240.38:0] script '/domains/piltdweb1/simple.php' not found or unable to stat
[Thu Mar 05 02:14:40.325101 2026] [php:error] [pid 18088] [client 20.53.243.118:0] script '/domains/fayemoran/ioxi-o.php' not found or unable to stat
[Thu Mar 05 02:14:40.535671 2026] [php:error] [pid 18088] [client 20.53.243.118:0] script '/domains/fayemoran/0x.php' not found or unable to stat
[Thu Mar 05 02:14:40.746598 2026] [php:error] [pid 18088] [client 20.53.243.118:0] script '/domains/fayemoran/222.php' not found or unable to stat
[Thu Mar 05 02:14:40.957205 2026] [php:error] [pid 18088] [client 20.53.243.118:0] script '/domains/fayemoran/aa.php' not found or unable to stat
[Thu Mar 05 02:14:41.168106 2026] [php:error] [pid 18088] [client 20.53.243.118:0] script '/domains/fayemoran/abcd.php' not found or unable to stat
[Thu Mar 05 02:14:41.378756 2026] [php:error] [pid 18088] [client 20.53.243.118:0] script '/domains/fayemoran/admin.php' not found or unable to stat
[Thu Mar 05 02:14:41.806947 2026] [php:error] [pid 18088] [client 20.53.243.118:0] script '/domains/fayemoran/adminfuns.php' not found or unable to stat
[Thu Mar 05 02:14:42.029159 2026] [php:error] [pid 18088] [client 20.53.243.118:0] script '/domains/fayemoran/akc.php' not found or unable to stat
[Thu Mar 05 02:14:42.262359 2026] [php:error] [pid 18088] [client 20.53.243.118:0] script '/domains/fayemoran/buy.php' not found or unable to stat
[Thu Mar 05 02:14:42.497309 2026] [php:error] [pid 18088] [client 20.53.243.118:0] script '/domains/fayemoran/cong.php' not found or unable to stat
[Thu Mar 05 02:14:42.951714 2026] [php:error] [pid 18088] [client 20.53.243.118:0] script '/domains/fayemoran/db.php' not found or unable to stat
[Thu Mar 05 02:14:43.188889 2026] [php:error] [pid 18088] [client 20.53.243.118:0] script '/domains/fayemoran/dropdown.php' not found or unable to stat
[Thu Mar 05 02:14:43.421074 2026] [php:error] [pid 18088] [client 20.53.243.118:0] script '/domains/fayemoran/file.php' not found or unable to stat
[Thu Mar 05 02:14:43.631689 2026] [php:error] [pid 18088] [client 20.53.243.118:0] script '/domains/fayemoran/goods.php' not found or unable to stat
[Thu Mar 05 02:14:43.842273 2026] [php:error] [pid 18088] [client 20.53.243.118:0] script '/domains/fayemoran/hplfuns.php' not found or unable to stat
[Thu Mar 05 02:14:44.052692 2026] [php:error] [pid 18088] [client 20.53.243.118:0] script '/domains/fayemoran/htaccess.php' not found or unable to stat
[Thu Mar 05 02:14:44.264689 2026] [php:error] [pid 18088] [client 20.53.243.118:0] script '/domains/fayemoran/images/wso.php' not found or unable to stat
[Thu Mar 05 02:14:44.685696 2026] [php:error] [pid 18088] [client 20.53.243.118:0] script '/domains/fayemoran/info.php' not found or unable to stat
[Thu Mar 05 02:14:44.901620 2026] [php:error] [pid 18088] [client 20.53.243.118:0] script '/domains/fayemoran/profile.php' not found or unable to stat
[Thu Mar 05 02:14:45.112220 2026] [php:error] [pid 18088] [client 20.53.243.118:0] script '/domains/fayemoran/sx.php' not found or unable to stat
[Thu Mar 05 02:14:49.806400 2026] [php:error] [pid 18088] [client 20.53.243.118:0] script '/domains/fayemoran/wp-fclass.php' not found or unable to stat
[Thu Mar 05 02:14:53.886584 2026] [php:error] [pid 18088] [client 20.53.243.118:0] script '/domains/fayemoran/wp-themes.php' not found or unable to stat
[Thu Mar 05 02:14:54.097644 2026] [php:error] [pid 18088] [client 20.53.243.118:0] script '/domains/fayemoran/xmlrpc.php' not found or unable to stat
[Thu Mar 05 02:16:36.445135 2026] [php:error] [pid 18104] [client 20.194.0.170:0] script '/domains/drsuper/inputs.php' not found or unable to stat
[Thu Mar 05 02:16:36.647629 2026] [php:error] [pid 18104] [client 20.194.0.170:0] script '/domains/drsuper/ioxi-o.php' not found or unable to stat
[Thu Mar 05 02:16:37.085500 2026] [php:error] [pid 18104] [client 20.194.0.170:0] script '/domains/drsuper/rip.php' not found or unable to stat
[Thu Mar 05 02:16:37.313259 2026] [php:error] [pid 18104] [client 20.194.0.170:0] script '/domains/drsuper/admin.php' not found or unable to stat
[Thu Mar 05 02:16:37.751625 2026] [php:error] [pid 18104] [client 20.194.0.170:0] script '/domains/drsuper/cache.php' not found or unable to stat
[Thu Mar 05 02:16:37.961277 2026] [php:error] [pid 18104] [client 20.194.0.170:0] script '/domains/drsuper/themes.php' not found or unable to stat
[Thu Mar 05 02:16:38.181368 2026] [php:error] [pid 18104] [client 20.194.0.170:0] script '/domains/drsuper/an.php' not found or unable to stat
[Thu Mar 05 02:16:38.787625 2026] [php:error] [pid 18104] [client 20.194.0.170:0] script '/domains/drsuper/ws.php' not found or unable to stat
[Thu Mar 05 02:16:38.989969 2026] [php:error] [pid 18104] [client 20.194.0.170:0] script '/domains/drsuper/404.php' not found or unable to stat
[Thu Mar 05 02:16:39.396787 2026] [php:error] [pid 18104] [client 20.194.0.170:0] script '/domains/drsuper/wp-conf.php' not found or unable to stat
[Thu Mar 05 02:16:39.800886 2026] [php:error] [pid 18104] [client 20.194.0.170:0] script '/domains/drsuper/wp-login.php' not found or unable to stat
[Thu Mar 05 02:16:40.019066 2026] [php:error] [pid 18104] [client 20.194.0.170:0] script '/domains/drsuper/abc.php' not found or unable to stat
[Thu Mar 05 02:16:40.235988 2026] [php:error] [pid 18104] [client 20.194.0.170:0] script '/domains/drsuper/abcd.php' not found or unable to stat
[Thu Mar 05 02:16:40.448596 2026] [php:error] [pid 18104] [client 20.194.0.170:0] script '/domains/drsuper/as.php' not found or unable to stat
[Thu Mar 05 02:16:40.986364 2026] [php:error] [pid 18104] [client 20.194.0.170:0] script '/domains/drsuper/wp-trackback.php' not found or unable to stat
[Thu Mar 05 02:16:41.502061 2026] [php:error] [pid 18104] [client 20.194.0.170:0] script '/domains/drsuper/about.php' not found or unable to stat
[Thu Mar 05 02:16:41.705422 2026] [php:error] [pid 18104] [client 20.194.0.170:0] script '/domains/drsuper/file.php' not found or unable to stat
[Thu Mar 05 02:16:41.907650 2026] [php:error] [pid 18104] [client 20.194.0.170:0] script '/domains/drsuper/adminfuns.php' not found or unable to stat
[Thu Mar 05 02:16:42.109791 2026] [php:error] [pid 18104] [client 20.194.0.170:0] script '/domains/drsuper/wp-good.php' not found or unable to stat
[Thu Mar 05 02:16:42.311803 2026] [php:error] [pid 18104] [client 20.194.0.170:0] script '/domains/drsuper/xmlrpc.php' not found or unable to stat
[Thu Mar 05 02:16:42.514092 2026] [php:error] [pid 18104] [client 20.194.0.170:0] script '/domains/drsuper/goods.php' not found or unable to stat
[Thu Mar 05 02:16:42.716138 2026] [php:error] [pid 18104] [client 20.194.0.170:0] script '/domains/drsuper/class-t.api.php' not found or unable to stat
