[Thu Mar 05 00:19:28.335081 2026] [php:error] [pid 16730] [client 52.169.148.186:0] script '/domains/acagolf1/66.php' not found or unable to stat
[Thu Mar 05 00:19:28.405221 2026] [php:error] [pid 16730] [client 52.169.148.186:0] script '/domains/acagolf1/666.php' not found or unable to stat
[Thu Mar 05 00:19:28.475395 2026] [php:error] [pid 16730] [client 52.169.148.186:0] script '/domains/acagolf1/1.php' not found or unable to stat
[Thu Mar 05 00:19:28.546537 2026] [php:error] [pid 16730] [client 52.169.148.186:0] script '/domains/acagolf1/wp-the.php' not found or unable to stat
[Thu Mar 05 00:19:28.633212 2026] [php:error] [pid 16730] [client 52.169.148.186:0] script '/domains/acagolf1/god.php' not found or unable to stat
[Thu Mar 05 00:19:28.703935 2026] [php:error] [pid 16730] [client 52.169.148.186:0] script '/domains/acagolf1/wp-x.php' not found or unable to stat
[Thu Mar 05 00:19:28.774032 2026] [php:error] [pid 16730] [client 52.169.148.186:0] script '/domains/acagolf1/install.php' not found or unable to stat
[Thu Mar 05 00:19:28.844508 2026] [php:error] [pid 16730] [client 52.169.148.186:0] script '/domains/acagolf1/bgymj.php' not found or unable to stat
[Thu Mar 05 00:19:28.914645 2026] [php:error] [pid 16730] [client 52.169.148.186:0] script '/domains/acagolf1/chosen.php' not found or unable to stat
[Thu Mar 05 00:19:28.985612 2026] [php:error] [pid 16730] [client 52.169.148.186:0] script '/domains/acagolf1/global.php' not found or unable to stat
[Thu Mar 05 00:19:29.056513 2026] [php:error] [pid 16730] [client 52.169.148.186:0] script '/domains/acagolf1/0x.php' not found or unable to stat
[Thu Mar 05 00:19:29.126761 2026] [php:error] [pid 16730] [client 52.169.148.186:0] script '/domains/acagolf1/we.php' not found or unable to stat
[Thu Mar 05 00:19:29.203074 2026] [php:error] [pid 16730] [client 52.169.148.186:0] script '/domains/acagolf1/jga.php' not found or unable to stat
[Thu Mar 05 00:19:29.343935 2026] [php:error] [pid 16730] [client 52.169.148.186:0] script '/domains/acagolf1/goat.php' not found or unable to stat
[Thu Mar 05 00:19:29.414149 2026] [php:error] [pid 16730] [client 52.169.148.186:0] script '/domains/acagolf1/gettest.php' not found or unable to stat
[Thu Mar 05 00:19:29.624040 2026] [php:error] [pid 16730] [client 52.169.148.186:0] script '/domains/acagolf1/autoload_classmap.php' not found or unable to stat
[Thu Mar 05 00:19:29.694410 2026] [php:error] [pid 16730] [client 52.169.148.186:0] script '/domains/acagolf1/Ov-Simple1.php' not found or unable to stat
[Thu Mar 05 00:19:29.764330 2026] [php:error] [pid 16730] [client 52.169.148.186:0] script '/domains/acagolf1/wp-login.php' not found or unable to stat
[Thu Mar 05 00:19:29.846717 2026] [php:error] [pid 16730] [client 52.169.148.186:0] script '/domains/acagolf1/wander.php' not found or unable to stat
[Thu Mar 05 00:19:29.917079 2026] [php:error] [pid 16730] [client 52.169.148.186:0] script '/domains/acagolf1/add.php' not found or unable to stat
[Thu Mar 05 00:19:29.987986 2026] [php:error] [pid 16730] [client 52.169.148.186:0] script '/domains/acagolf1/t00l.php' not found or unable to stat
[Thu Mar 05 00:19:30.058146 2026] [php:error] [pid 16730] [client 52.169.148.186:0] script '/domains/acagolf1/lp6.php' not found or unable to stat
[Thu Mar 05 00:19:30.128852 2026] [php:error] [pid 16730] [client 52.169.148.186:0] script '/domains/acagolf1/img.php' not found or unable to stat
[Thu Mar 05 00:19:30.198967 2026] [php:error] [pid 16730] [client 52.169.148.186:0] script '/domains/acagolf1/torsa1.php' not found or unable to stat
[Thu Mar 05 00:19:30.271742 2026] [php:error] [pid 16730] [client 52.169.148.186:0] script '/domains/acagolf1/8.php' not found or unable to stat
[Thu Mar 05 00:19:30.341845 2026] [php:error] [pid 16730] [client 52.169.148.186:0] script '/domains/acagolf1/path.php' not found or unable to stat
[Thu Mar 05 00:19:30.481907 2026] [php:error] [pid 16730] [client 52.169.148.186:0] script '/domains/acagolf1/simple.php' not found or unable to stat
[Thu Mar 05 00:19:30.552682 2026] [php:error] [pid 16730] [client 52.169.148.186:0] script '/domains/acagolf1/pp.php' not found or unable to stat
[Thu Mar 05 00:19:30.624126 2026] [php:error] [pid 16730] [client 52.169.148.186:0] script '/domains/acagolf1/pepe.php' not found or unable to stat
[Thu Mar 05 00:19:30.694709 2026] [php:error] [pid 16730] [client 52.169.148.186:0] script '/domains/acagolf1/f35.php' not found or unable to stat
[Thu Mar 05 00:19:30.765256 2026] [php:error] [pid 16730] [client 52.169.148.186:0] script '/domains/acagolf1/bolt.php' not found or unable to stat
[Thu Mar 05 00:19:30.835678 2026] [php:error] [pid 16730] [client 52.169.148.186:0] script '/domains/acagolf1/fff.php' not found or unable to stat
[Thu Mar 05 00:19:30.905962 2026] [php:error] [pid 16730] [client 52.169.148.186:0] script '/domains/acagolf1/txets.php' not found or unable to stat
[Thu Mar 05 00:19:31.115883 2026] [php:error] [pid 16730] [client 52.169.148.186:0] script '/domains/acagolf1/b.php' not found or unable to stat
[Thu Mar 05 00:19:31.186146 2026] [php:error] [pid 16730] [client 52.169.148.186:0] script '/domains/acagolf1/mjq.php' not found or unable to stat
[Thu Mar 05 00:19:31.257389 2026] [php:error] [pid 16730] [client 52.169.148.186:0] script '/domains/acagolf1/akcc.php' not found or unable to stat
[Thu Mar 05 00:19:31.327761 2026] [php:error] [pid 16730] [client 52.169.148.186:0] script '/domains/acagolf1/item.php' not found or unable to stat
[Thu Mar 05 00:19:31.397994 2026] [php:error] [pid 16730] [client 52.169.148.186:0] script '/domains/acagolf1/aki.php' not found or unable to stat
[Thu Mar 05 00:19:31.539682 2026] [php:error] [pid 16730] [client 52.169.148.186:0] script '/domains/acagolf1/ff1.php' not found or unable to stat
[Thu Mar 05 00:19:31.615278 2026] [php:error] [pid 16730] [client 52.169.148.186:0] script '/domains/acagolf1/wp-file.php' not found or unable to stat
[Thu Mar 05 00:19:31.685268 2026] [php:error] [pid 16730] [client 52.169.148.186:0] script '/domains/acagolf1/grsiuk.php' not found or unable to stat
[Thu Mar 05 00:19:31.759873 2026] [php:error] [pid 16730] [client 52.169.148.186:0] script '/domains/acagolf1/backup.php' not found or unable to stat
[Thu Mar 05 00:19:31.830550 2026] [php:error] [pid 16730] [client 52.169.148.186:0] script '/domains/acagolf1/acp.php' not found or unable to stat
[Thu Mar 05 00:19:31.900530 2026] [php:error] [pid 16730] [client 52.169.148.186:0] script '/domains/acagolf1/f6.php' not found or unable to stat
[Thu Mar 05 00:19:31.970876 2026] [php:error] [pid 16730] [client 52.169.148.186:0] script '/domains/acagolf1/opts.php' not found or unable to stat
[Thu Mar 05 00:19:32.040940 2026] [php:error] [pid 16730] [client 52.169.148.186:0] script '/domains/acagolf1/seetox.php' not found or unable to stat
[Thu Mar 05 00:19:32.111233 2026] [php:error] [pid 16730] [client 52.169.148.186:0] script '/domains/acagolf1/dom.php' not found or unable to stat
[Thu Mar 05 00:19:32.181454 2026] [php:error] [pid 16730] [client 52.169.148.186:0] script '/domains/acagolf1/xoot.php' not found or unable to stat
[Thu Mar 05 00:19:32.252147 2026] [php:error] [pid 16730] [client 52.169.148.186:0] script '/domains/acagolf1/ms.php' not found or unable to stat
[Thu Mar 05 00:19:32.322154 2026] [php:error] [pid 16730] [client 52.169.148.186:0] script '/domains/acagolf1/agg.php' not found or unable to stat
[Thu Mar 05 00:19:32.392844 2026] [php:error] [pid 16730] [client 52.169.148.186:0] script '/domains/acagolf1/fleen.php' not found or unable to stat
[Thu Mar 05 00:19:38.150673 2026] [php:error] [pid 16729] [client 20.205.226.191:0] script '/domains/amisol/ioxi-o.php' not found or unable to stat
[Thu Mar 05 00:19:38.387453 2026] [php:error] [pid 16729] [client 20.205.226.191:0] script '/domains/amisol/0x.php' not found or unable to stat
[Thu Mar 05 00:19:38.624944 2026] [php:error] [pid 16729] [client 20.205.226.191:0] script '/domains/amisol/222.php' not found or unable to stat
[Thu Mar 05 00:19:38.862164 2026] [php:error] [pid 16729] [client 20.205.226.191:0] script '/domains/amisol/aa.php' not found or unable to stat
[Thu Mar 05 00:19:39.099062 2026] [php:error] [pid 16729] [client 20.205.226.191:0] script '/domains/amisol/abcd.php' not found or unable to stat
[Thu Mar 05 00:19:39.336040 2026] [php:error] [pid 16729] [client 20.205.226.191:0] script '/domains/amisol/admin.php' not found or unable to stat
[Thu Mar 05 00:19:39.809879 2026] [php:error] [pid 16729] [client 20.205.226.191:0] script '/domains/amisol/adminfuns.php' not found or unable to stat
[Thu Mar 05 00:19:40.046854 2026] [php:error] [pid 16729] [client 20.205.226.191:0] script '/domains/amisol/akc.php' not found or unable to stat
[Thu Mar 05 00:19:40.283547 2026] [php:error] [pid 16729] [client 20.205.226.191:0] script '/domains/amisol/buy.php' not found or unable to stat
[Thu Mar 05 00:19:40.520682 2026] [php:error] [pid 16729] [client 20.205.226.191:0] script '/domains/amisol/cong.php' not found or unable to stat
[Thu Mar 05 00:19:40.995658 2026] [php:error] [pid 16729] [client 20.205.226.191:0] script '/domains/amisol/db.php' not found or unable to stat
[Thu Mar 05 00:19:41.232821 2026] [php:error] [pid 16729] [client 20.205.226.191:0] script '/domains/amisol/dropdown.php' not found or unable to stat
[Thu Mar 05 00:19:41.469945 2026] [php:error] [pid 16729] [client 20.205.226.191:0] script '/domains/amisol/file.php' not found or unable to stat
[Thu Mar 05 00:19:41.708963 2026] [php:error] [pid 16729] [client 20.205.226.191:0] script '/domains/amisol/goods.php' not found or unable to stat
[Thu Mar 05 00:19:41.946040 2026] [php:error] [pid 16729] [client 20.205.226.191:0] script '/domains/amisol/hplfuns.php' not found or unable to stat
[Thu Mar 05 00:19:42.183360 2026] [php:error] [pid 16729] [client 20.205.226.191:0] script '/domains/amisol/htaccess.php' not found or unable to stat
[Thu Mar 05 00:19:42.421818 2026] [php:error] [pid 16729] [client 20.205.226.191:0] script '/domains/amisol/images/wso.php' not found or unable to stat
[Thu Mar 05 00:19:42.902573 2026] [php:error] [pid 16729] [client 20.205.226.191:0] script '/domains/amisol/info.php' not found or unable to stat
[Thu Mar 05 00:19:43.148452 2026] [php:error] [pid 16729] [client 20.205.226.191:0] script '/domains/amisol/profile.php' not found or unable to stat
[Thu Mar 05 00:19:43.417644 2026] [php:error] [pid 16729] [client 20.205.226.191:0] script '/domains/amisol/sx.php' not found or unable to stat
[Thu Mar 05 00:19:48.744020 2026] [php:error] [pid 16729] [client 20.205.226.191:0] script '/domains/amisol/wp-fclass.php' not found or unable to stat
[Thu Mar 05 00:19:53.445380 2026] [php:error] [pid 16729] [client 20.205.226.191:0] script '/domains/amisol/wp-themes.php' not found or unable to stat
[Thu Mar 05 00:19:53.682270 2026] [php:error] [pid 16729] [client 20.205.226.191:0] script '/domains/amisol/xmlrpc.php' not found or unable to stat
[Thu Mar 05 00:20:06.640202 2026] [php:error] [pid 16770] [client 20.205.120.43:0] script '/domains/lover/auth.php' not found or unable to stat
[Thu Mar 05 00:20:06.857020 2026] [php:error] [pid 16770] [client 20.205.120.43:0] script '/domains/lover/504.php' not found or unable to stat
[Thu Mar 05 00:20:07.974520 2026] [php:error] [pid 16770] [client 20.205.120.43:0] script '/domains/lover/bk.php' not found or unable to stat
[Thu Mar 05 00:20:08.190747 2026] [php:error] [pid 16770] [client 20.205.120.43:0] script '/domains/lover/1.php' not found or unable to stat
[Thu Mar 05 00:20:08.878266 2026] [php:error] [pid 16770] [client 20.205.120.43:0] script '/domains/lover/error.php' not found or unable to stat
[Thu Mar 05 00:20:10.248507 2026] [php:error] [pid 16770] [client 20.205.120.43:0] script '/domains/lover/ab.php' not found or unable to stat
[Thu Mar 05 00:20:13.357891 2026] [php:error] [pid 16770] [client 20.205.120.43:0] script '/domains/lover/new.php' not found or unable to stat
[Thu Mar 05 00:20:13.790039 2026] [php:error] [pid 16770] [client 20.205.120.43:0] script '/domains/lover/post.php' not found or unable to stat
[Thu Mar 05 00:20:15.826134 2026] [php:error] [pid 16770] [client 20.205.120.43:0] script '/domains/lover/lock360.php' not found or unable to stat
[Thu Mar 05 00:20:16.693128 2026] [php:error] [pid 16770] [client 20.205.120.43:0] script '/domains/lover/10.php' not found or unable to stat
[Thu Mar 05 00:20:17.332224 2026] [php:error] [pid 16769] [client 20.78.169.245:0] script '/domains/carynm/auth.php' not found or unable to stat
[Thu Mar 05 00:20:17.533178 2026] [php:error] [pid 16769] [client 20.78.169.245:0] script '/domains/carynm/504.php' not found or unable to stat
[Thu Mar 05 00:20:17.795607 2026] [php:error] [pid 16770] [client 20.205.120.43:0] script '/domains/lover/fox.php' not found or unable to stat
[Thu Mar 05 00:20:18.241010 2026] [php:error] [pid 16770] [client 20.205.120.43:0] script '/domains/lover/s.php' not found or unable to stat
[Thu Mar 05 00:20:18.605752 2026] [php:error] [pid 16769] [client 20.78.169.245:0] script '/domains/carynm/bk.php' not found or unable to stat
[Thu Mar 05 00:20:18.788667 2026] [php:error] [pid 16769] [client 20.78.169.245:0] script '/domains/carynm/1.php' not found or unable to stat
[Thu Mar 05 00:20:18.889196 2026] [php:error] [pid 16770] [client 20.205.120.43:0] script '/domains/lover/archive.php' not found or unable to stat
[Thu Mar 05 00:20:19.433680 2026] [php:error] [pid 16769] [client 20.78.169.245:0] script '/domains/carynm/error.php' not found or unable to stat
[Thu Mar 05 00:20:20.720450 2026] [php:error] [pid 16769] [client 20.78.169.245:0] script '/domains/carynm/ab.php' not found or unable to stat
[Thu Mar 05 00:20:23.420063 2026] [php:error] [pid 16769] [client 20.78.169.245:0] script '/domains/carynm/new.php' not found or unable to stat
[Thu Mar 05 00:20:23.778429 2026] [php:error] [pid 16769] [client 20.78.169.245:0] script '/domains/carynm/post.php' not found or unable to stat
[Thu Mar 05 00:20:25.676547 2026] [php:error] [pid 16769] [client 20.78.169.245:0] script '/domains/carynm/lock360.php' not found or unable to stat
[Thu Mar 05 00:20:26.475633 2026] [php:error] [pid 16769] [client 20.78.169.245:0] script '/domains/carynm/10.php' not found or unable to stat
[Thu Mar 05 00:20:27.394636 2026] [php:error] [pid 16769] [client 20.78.169.245:0] script '/domains/carynm/fox.php' not found or unable to stat
[Thu Mar 05 00:20:27.802886 2026] [php:error] [pid 16769] [client 20.78.169.245:0] script '/domains/carynm/s.php' not found or unable to stat
[Thu Mar 05 00:20:28.423979 2026] [php:error] [pid 16769] [client 20.78.169.245:0] script '/domains/carynm/archive.php' not found or unable to stat
[Thu Mar 05 00:20:34.485598 2026] [php:error] [pid 16761] [client 145.239.10.137:0] script '/domains/rainho/wc.php' not found or unable to stat, referer: http://rainho.com/wc.php
[Thu Mar 05 00:21:10.514543 2026] [include:error] [pid 16729] [client 54.204.12.115:0] AH01371: unknown directive "code" in parsed doc /domains/testregisgroup/index.shtml
[Thu Mar 05 00:21:10.514585 2026] [include:error] [pid 16729] [client 54.204.12.115:0] AH01371: unknown directive "#code" in parsed doc /domains/testregisgroup/index.shtml
[Thu Mar 05 00:21:10.514593 2026] [include:error] [pid 16729] [client 54.204.12.115:0] AH01371: unknown directive "code" in parsed doc /domains/testregisgroup/index.shtml
[Thu Mar 05 00:21:10.514598 2026] [include:error] [pid 16729] [client 54.204.12.115:0] AH01371: unknown directive "code" in parsed doc /domains/testregisgroup/index.shtml
[Thu Mar 05 00:22:41.837350 2026] [php:error] [pid 16781] [client 52.178.176.146:0] script '/domains/bfitpro2/moshou.php' not found or unable to stat
[Thu Mar 05 00:22:41.909293 2026] [php:error] [pid 16781] [client 52.178.176.146:0] script '/domains/bfitpro2/edit.php' not found or unable to stat
[Thu Mar 05 00:22:41.980876 2026] [php:error] [pid 16781] [client 52.178.176.146:0] script '/domains/bfitpro2/Jcrop.php' not found or unable to stat
[Thu Mar 05 00:22:42.052362 2026] [php:error] [pid 16781] [client 52.178.176.146:0] script '/domains/bfitpro2/inege.php' not found or unable to stat
[Thu Mar 05 00:22:42.133606 2026] [php:error] [pid 16781] [client 52.178.176.146:0] script '/domains/bfitpro2/sbhu.php' not found or unable to stat
[Thu Mar 05 00:22:42.205557 2026] [php:error] [pid 16781] [client 52.178.176.146:0] script '/domains/bfitpro2/jb33.php' not found or unable to stat
[Thu Mar 05 00:22:42.277218 2026] [php:error] [pid 16781] [client 52.178.176.146:0] script '/domains/bfitpro2/gec.php' not found or unable to stat
[Thu Mar 05 00:22:42.377793 2026] [php:error] [pid 16781] [client 52.178.176.146:0] script '/domains/bfitpro2/yas.php' not found or unable to stat
[Thu Mar 05 00:22:42.450007 2026] [php:error] [pid 16781] [client 52.178.176.146:0] script '/domains/bfitpro2/wp-setting.php' not found or unable to stat
[Thu Mar 05 00:22:42.523230 2026] [php:error] [pid 16781] [client 52.178.176.146:0] script '/domains/bfitpro2/ww.php' not found or unable to stat
[Thu Mar 05 00:22:42.594870 2026] [php:error] [pid 16781] [client 52.178.176.146:0] script '/domains/bfitpro2/nc4.php' not found or unable to stat
[Thu Mar 05 00:22:42.666387 2026] [php:error] [pid 16781] [client 52.178.176.146:0] script '/domains/bfitpro2/w3llstore.php' not found or unable to stat
[Thu Mar 05 00:22:42.809935 2026] [php:error] [pid 16781] [client 52.178.176.146:0] script '/domains/bfitpro2/tool.php' not found or unable to stat
[Thu Mar 05 00:22:42.881801 2026] [php:error] [pid 16781] [client 52.178.176.146:0] script '/domains/bfitpro2/ayk.php' not found or unable to stat
[Thu Mar 05 00:22:42.953577 2026] [php:error] [pid 16781] [client 52.178.176.146:0] script '/domains/bfitpro2/erty.php' not found or unable to stat
[Thu Mar 05 00:22:43.032353 2026] [php:error] [pid 16781] [client 52.178.176.146:0] script '/domains/bfitpro2/ftyude.php' not found or unable to stat
[Thu Mar 05 00:22:43.205301 2026] [php:error] [pid 16781] [client 52.178.176.146:0] script '/domains/bfitpro2/xxxx.php' not found or unable to stat
[Thu Mar 05 00:22:43.284660 2026] [php:error] [pid 16781] [client 52.178.176.146:0] script '/domains/bfitpro2/aa.php' not found or unable to stat
[Thu Mar 05 00:22:43.376544 2026] [php:error] [pid 16781] [client 52.178.176.146:0] script '/domains/bfitpro2/403.php' not found or unable to stat
[Thu Mar 05 00:22:43.455188 2026] [php:error] [pid 16781] [client 52.178.176.146:0] script '/domains/bfitpro2/mh.php' not found or unable to stat
[Thu Mar 05 00:22:43.557750 2026] [php:error] [pid 16781] [client 52.178.176.146:0] script '/domains/bfitpro2/1index.php' not found or unable to stat
[Thu Mar 05 00:22:43.649989 2026] [php:error] [pid 16781] [client 52.178.176.146:0] script '/domains/bfitpro2/1a.php' not found or unable to stat
[Thu Mar 05 00:22:43.722146 2026] [php:error] [pid 16781] [client 52.178.176.146:0] script '/domains/bfitpro2/cwclass.php' not found or unable to stat
[Thu Mar 05 00:22:43.793813 2026] [php:error] [pid 16781] [client 52.178.176.146:0] script '/domains/bfitpro2/66.php' not found or unable to stat
[Thu Mar 05 00:22:43.900667 2026] [php:error] [pid 16781] [client 52.178.176.146:0] script '/domains/bfitpro2/666.php' not found or unable to stat
[Thu Mar 05 00:22:44.004885 2026] [php:error] [pid 16781] [client 52.178.176.146:0] script '/domains/bfitpro2/1.php' not found or unable to stat
[Thu Mar 05 00:22:44.146071 2026] [php:error] [pid 16781] [client 52.178.176.146:0] script '/domains/bfitpro2/wp-the.php' not found or unable to stat
[Thu Mar 05 00:22:44.220186 2026] [php:error] [pid 16781] [client 52.178.176.146:0] script '/domains/bfitpro2/god.php' not found or unable to stat
[Thu Mar 05 00:22:44.291903 2026] [php:error] [pid 16781] [client 52.178.176.146:0] script '/domains/bfitpro2/wp-x.php' not found or unable to stat
[Thu Mar 05 00:22:44.363496 2026] [php:error] [pid 16781] [client 52.178.176.146:0] script '/domains/bfitpro2/install.php' not found or unable to stat
[Thu Mar 05 00:22:44.934017 2026] [php:error] [pid 16781] [client 52.178.176.146:0] script '/domains/bfitpro2/bgymj.php' not found or unable to stat
[Thu Mar 05 00:22:45.005496 2026] [php:error] [pid 16781] [client 52.178.176.146:0] script '/domains/bfitpro2/chosen.php' not found or unable to stat
[Thu Mar 05 00:22:45.077149 2026] [php:error] [pid 16781] [client 52.178.176.146:0] script '/domains/bfitpro2/global.php' not found or unable to stat
[Thu Mar 05 00:22:45.148615 2026] [php:error] [pid 16781] [client 52.178.176.146:0] script '/domains/bfitpro2/0x.php' not found or unable to stat
[Thu Mar 05 00:22:45.669715 2026] [php:error] [pid 16781] [client 52.178.176.146:0] script '/domains/bfitpro2/we.php' not found or unable to stat
[Thu Mar 05 00:22:45.834592 2026] [php:error] [pid 16781] [client 52.178.176.146:0] script '/domains/bfitpro2/jga.php' not found or unable to stat
[Thu Mar 05 00:22:46.010413 2026] [php:error] [pid 16781] [client 52.178.176.146:0] script '/domains/bfitpro2/goat.php' not found or unable to stat
[Thu Mar 05 00:22:46.082186 2026] [php:error] [pid 16781] [client 52.178.176.146:0] script '/domains/bfitpro2/gettest.php' not found or unable to stat
[Thu Mar 05 00:22:46.296275 2026] [php:error] [pid 16781] [client 52.178.176.146:0] script '/domains/bfitpro2/autoload_classmap.php' not found or unable to stat
[Thu Mar 05 00:22:46.470318 2026] [php:error] [pid 16781] [client 52.178.176.146:0] script '/domains/bfitpro2/Ov-Simple1.php' not found or unable to stat
[Thu Mar 05 00:22:46.548344 2026] [php:error] [pid 16781] [client 52.178.176.146:0] script '/domains/bfitpro2/wp-login.php' not found or unable to stat
[Thu Mar 05 00:22:46.619847 2026] [php:error] [pid 16781] [client 52.178.176.146:0] script '/domains/bfitpro2/wander.php' not found or unable to stat
[Thu Mar 05 00:22:46.693556 2026] [php:error] [pid 16781] [client 52.178.176.146:0] script '/domains/bfitpro2/add.php' not found or unable to stat
[Thu Mar 05 00:22:46.800205 2026] [php:error] [pid 16781] [client 52.178.176.146:0] script '/domains/bfitpro2/t00l.php' not found or unable to stat
[Thu Mar 05 00:22:46.873731 2026] [php:error] [pid 16781] [client 52.178.176.146:0] script '/domains/bfitpro2/lp6.php' not found or unable to stat
[Thu Mar 05 00:22:46.946079 2026] [php:error] [pid 16781] [client 52.178.176.146:0] script '/domains/bfitpro2/img.php' not found or unable to stat
[Thu Mar 05 00:22:47.051491 2026] [php:error] [pid 16781] [client 52.178.176.146:0] script '/domains/bfitpro2/torsa1.php' not found or unable to stat
[Thu Mar 05 00:22:47.124010 2026] [php:error] [pid 16781] [client 52.178.176.146:0] script '/domains/bfitpro2/8.php' not found or unable to stat
[Thu Mar 05 00:22:47.234352 2026] [php:error] [pid 16781] [client 52.178.176.146:0] script '/domains/bfitpro2/path.php' not found or unable to stat
[Thu Mar 05 00:22:47.424688 2026] [php:error] [pid 16781] [client 52.178.176.146:0] script '/domains/bfitpro2/simple.php' not found or unable to stat
[Thu Mar 05 00:22:47.516292 2026] [php:error] [pid 16781] [client 52.178.176.146:0] script '/domains/bfitpro2/pp.php' not found or unable to stat
[Thu Mar 05 00:22:47.605666 2026] [php:error] [pid 16781] [client 52.178.176.146:0] script '/domains/bfitpro2/pepe.php' not found or unable to stat
[Thu Mar 05 00:22:47.712523 2026] [php:error] [pid 16781] [client 52.178.176.146:0] script '/domains/bfitpro2/f35.php' not found or unable to stat
[Thu Mar 05 00:22:47.825301 2026] [php:error] [pid 16781] [client 52.178.176.146:0] script '/domains/bfitpro2/bolt.php' not found or unable to stat
[Thu Mar 05 00:22:47.899312 2026] [php:error] [pid 16781] [client 52.178.176.146:0] script '/domains/bfitpro2/fff.php' not found or unable to stat
[Thu Mar 05 00:22:48.014496 2026] [php:error] [pid 16781] [client 52.178.176.146:0] script '/domains/bfitpro2/txets.php' not found or unable to stat
[Thu Mar 05 00:22:48.862910 2026] [php:error] [pid 16781] [client 52.178.176.146:0] script '/domains/bfitpro2/b.php' not found or unable to stat
[Thu Mar 05 00:22:48.934560 2026] [php:error] [pid 16781] [client 52.178.176.146:0] script '/domains/bfitpro2/mjq.php' not found or unable to stat
[Thu Mar 05 00:22:49.006447 2026] [php:error] [pid 16781] [client 52.178.176.146:0] script '/domains/bfitpro2/akcc.php' not found or unable to stat
[Thu Mar 05 00:22:49.091534 2026] [php:error] [pid 16781] [client 52.178.176.146:0] script '/domains/bfitpro2/item.php' not found or unable to stat
[Thu Mar 05 00:22:49.192259 2026] [php:error] [pid 16781] [client 52.178.176.146:0] script '/domains/bfitpro2/aki.php' not found or unable to stat
[Thu Mar 05 00:22:49.703954 2026] [php:error] [pid 16781] [client 52.178.176.146:0] script '/domains/bfitpro2/ff1.php' not found or unable to stat
[Thu Mar 05 00:22:49.775500 2026] [php:error] [pid 16781] [client 52.178.176.146:0] script '/domains/bfitpro2/wp-file.php' not found or unable to stat
[Thu Mar 05 00:22:49.847010 2026] [php:error] [pid 16781] [client 52.178.176.146:0] script '/domains/bfitpro2/grsiuk.php' not found or unable to stat
[Thu Mar 05 00:22:50.077110 2026] [php:error] [pid 16781] [client 52.178.176.146:0] script '/domains/bfitpro2/backup.php' not found or unable to stat
[Thu Mar 05 00:22:50.182497 2026] [php:error] [pid 16781] [client 52.178.176.146:0] script '/domains/bfitpro2/acp.php' not found or unable to stat
[Thu Mar 05 00:22:50.270588 2026] [php:error] [pid 16781] [client 52.178.176.146:0] script '/domains/bfitpro2/f6.php' not found or unable to stat
[Thu Mar 05 00:22:50.342215 2026] [php:error] [pid 16781] [client 52.178.176.146:0] script '/domains/bfitpro2/opts.php' not found or unable to stat
[Thu Mar 05 00:22:50.413915 2026] [php:error] [pid 16781] [client 52.178.176.146:0] script '/domains/bfitpro2/seetox.php' not found or unable to stat
[Thu Mar 05 00:22:50.485632 2026] [php:error] [pid 16781] [client 52.178.176.146:0] script '/domains/bfitpro2/dom.php' not found or unable to stat
[Thu Mar 05 00:22:50.557629 2026] [php:error] [pid 16781] [client 52.178.176.146:0] script '/domains/bfitpro2/xoot.php' not found or unable to stat
[Thu Mar 05 00:22:50.630429 2026] [php:error] [pid 16781] [client 52.178.176.146:0] script '/domains/bfitpro2/ms.php' not found or unable to stat
[Thu Mar 05 00:22:50.702299 2026] [php:error] [pid 16781] [client 52.178.176.146:0] script '/domains/bfitpro2/agg.php' not found or unable to stat
[Thu Mar 05 00:22:50.788321 2026] [php:error] [pid 16781] [client 52.178.176.146:0] script '/domains/bfitpro2/fleen.php' not found or unable to stat
[Thu Mar 05 00:22:57.020113 2026] [php:error] [pid 16769] [client 20.194.29.45:0] script '/domains/cccweb/auth.php' not found or unable to stat
[Thu Mar 05 00:22:57.223571 2026] [php:error] [pid 16769] [client 20.194.29.45:0] script '/domains/cccweb/504.php' not found or unable to stat
[Thu Mar 05 00:22:58.293526 2026] [php:error] [pid 16769] [client 20.194.29.45:0] script '/domains/cccweb/bk.php' not found or unable to stat
[Thu Mar 05 00:22:58.520164 2026] [php:error] [pid 16769] [client 20.194.29.45:0] script '/domains/cccweb/1.php' not found or unable to stat
[Thu Mar 05 00:22:59.201268 2026] [php:error] [pid 16769] [client 20.194.29.45:0] script '/domains/cccweb/error.php' not found or unable to stat
[Thu Mar 05 00:23:00.534612 2026] [php:error] [pid 16769] [client 20.194.29.45:0] script '/domains/cccweb/ab.php' not found or unable to stat
[Thu Mar 05 00:23:03.513753 2026] [php:error] [pid 16769] [client 20.194.29.45:0] script '/domains/cccweb/new.php' not found or unable to stat
[Thu Mar 05 00:23:03.933357 2026] [php:error] [pid 16769] [client 20.194.29.45:0] script '/domains/cccweb/post.php' not found or unable to stat
[Thu Mar 05 00:23:05.906603 2026] [php:error] [pid 16769] [client 20.194.29.45:0] script '/domains/cccweb/lock360.php' not found or unable to stat
[Thu Mar 05 00:23:06.794748 2026] [php:error] [pid 16769] [client 20.194.29.45:0] script '/domains/cccweb/10.php' not found or unable to stat
[Thu Mar 05 00:23:07.957023 2026] [php:error] [pid 16769] [client 20.194.29.45:0] script '/domains/cccweb/fox.php' not found or unable to stat
[Thu Mar 05 00:23:08.394541 2026] [php:error] [pid 16769] [client 20.194.29.45:0] script '/domains/cccweb/s.php' not found or unable to stat
[Thu Mar 05 00:23:09.004457 2026] [php:error] [pid 16769] [client 20.194.29.45:0] script '/domains/cccweb/archive.php' not found or unable to stat
[Thu Mar 05 00:23:13.781291 2026] [php:error] [pid 16761] [client 145.239.10.137:0] script '/domains/rainho/dragontank.php' not found or unable to stat, referer: http://rainho.com/dragontank.php
[Thu Mar 05 00:24:29.173314 2026] [php:error] [pid 16806] [client 27.59.93.170:0] script '/domains/sjsachs/xmlrpc.php' not found or unable to stat
[Thu Mar 05 00:24:41.262347 2026] [php:error] [pid 16813] [client 20.205.120.43:0] script '/domains/king1969/auth.php' not found or unable to stat
[Thu Mar 05 00:24:41.502676 2026] [php:error] [pid 16813] [client 20.205.120.43:0] script '/domains/king1969/504.php' not found or unable to stat
[Thu Mar 05 00:24:42.637745 2026] [php:error] [pid 16813] [client 20.205.120.43:0] script '/domains/king1969/bk.php' not found or unable to stat
[Thu Mar 05 00:24:42.861627 2026] [php:error] [pid 16813] [client 20.205.120.43:0] script '/domains/king1969/1.php' not found or unable to stat
[Thu Mar 05 00:24:43.529111 2026] [php:error] [pid 16813] [client 20.205.120.43:0] script '/domains/king1969/error.php' not found or unable to stat
[Thu Mar 05 00:24:44.888462 2026] [php:error] [pid 16813] [client 20.205.120.43:0] script '/domains/king1969/ab.php' not found or unable to stat
[Thu Mar 05 00:24:46.910670 2026] [php:error] [pid 16819] [client 20.53.240.38:0] script '/domains/pauljbrock/wp-2019.php' not found or unable to stat
[Thu Mar 05 00:24:47.361514 2026] [php:error] [pid 16819] [client 20.53.240.38:0] script '/domains/pauljbrock/0.php' not found or unable to stat
[Thu Mar 05 00:24:47.465736 2026] [php:error] [pid 16818] [client 20.63.210.169:0] script '/domains/system_suspended/ioxi-o.php' not found or unable to stat
[Thu Mar 05 00:24:47.579113 2026] [php:error] [pid 16819] [client 20.53.240.38:0] script '/domains/pauljbrock/1.php' not found or unable to stat
[Thu Mar 05 00:24:47.645058 2026] [php:error] [pid 16818] [client 20.63.210.169:0] script '/domains/system_suspended/0x.php' not found or unable to stat
[Thu Mar 05 00:24:47.792551 2026] [php:error] [pid 16819] [client 20.53.240.38:0] script '/domains/pauljbrock/12.php' not found or unable to stat
[Thu Mar 05 00:24:47.823138 2026] [php:error] [pid 16818] [client 20.63.210.169:0] script '/domains/system_suspended/222.php' not found or unable to stat
[Thu Mar 05 00:24:48.001324 2026] [php:error] [pid 16818] [client 20.63.210.169:0] script '/domains/system_suspended/aa.php' not found or unable to stat
[Thu Mar 05 00:24:48.006469 2026] [php:error] [pid 16819] [client 20.53.240.38:0] script '/domains/pauljbrock/120f9.php' not found or unable to stat
[Thu Mar 05 00:24:48.072681 2026] [php:error] [pid 16813] [client 20.205.120.43:0] script '/domains/king1969/new.php' not found or unable to stat
[Thu Mar 05 00:24:48.180506 2026] [php:error] [pid 16818] [client 20.63.210.169:0] script '/domains/system_suspended/abcd.php' not found or unable to stat
[Thu Mar 05 00:24:48.221037 2026] [php:error] [pid 16819] [client 20.53.240.38:0] script '/domains/pauljbrock/22.php' not found or unable to stat
[Thu Mar 05 00:24:48.387108 2026] [php:error] [pid 16818] [client 20.63.210.169:0] script '/domains/system_suspended/admin.php' not found or unable to stat
[Thu Mar 05 00:24:48.436006 2026] [php:error] [pid 16819] [client 20.53.240.38:0] script '/domains/pauljbrock/403.php' not found or unable to stat
[Thu Mar 05 00:24:48.518108 2026] [php:error] [pid 16813] [client 20.205.120.43:0] script '/domains/king1969/post.php' not found or unable to stat
[Thu Mar 05 00:24:48.649759 2026] [php:error] [pid 16819] [client 20.53.240.38:0] script '/domains/pauljbrock/504.php' not found or unable to stat
[Thu Mar 05 00:24:48.744613 2026] [php:error] [pid 16818] [client 20.63.210.169:0] script '/domains/system_suspended/adminfuns.php' not found or unable to stat
[Thu Mar 05 00:24:48.863239 2026] [php:error] [pid 16819] [client 20.53.240.38:0] script '/domains/pauljbrock/GOD.php' not found or unable to stat
[Thu Mar 05 00:24:48.922665 2026] [php:error] [pid 16818] [client 20.63.210.169:0] script '/domains/system_suspended/akc.php' not found or unable to stat
[Thu Mar 05 00:24:49.079902 2026] [php:error] [pid 16819] [client 20.53.240.38:0] script '/domains/pauljbrock/NewFile.php' not found or unable to stat
[Thu Mar 05 00:24:49.100917 2026] [php:error] [pid 16818] [client 20.63.210.169:0] script '/domains/system_suspended/buy.php' not found or unable to stat
[Thu Mar 05 00:24:49.293399 2026] [php:error] [pid 16819] [client 20.53.240.38:0] script '/domains/pauljbrock/aaa.php' not found or unable to stat
[Thu Mar 05 00:24:49.293428 2026] [php:error] [pid 16818] [client 20.63.210.169:0] script '/domains/system_suspended/cong.php' not found or unable to stat
[Thu Mar 05 00:24:49.507359 2026] [php:error] [pid 16819] [client 20.53.240.38:0] script '/domains/pauljbrock/ab.php' not found or unable to stat
[Thu Mar 05 00:24:49.649991 2026] [php:error] [pid 16818] [client 20.63.210.169:0] script '/domains/system_suspended/db.php' not found or unable to stat
[Thu Mar 05 00:24:49.828359 2026] [php:error] [pid 16818] [client 20.63.210.169:0] script '/domains/system_suspended/dropdown.php' not found or unable to stat
[Thu Mar 05 00:24:50.007297 2026] [php:error] [pid 16818] [client 20.63.210.169:0] script '/domains/system_suspended/file.php' not found or unable to stat
[Thu Mar 05 00:24:50.193756 2026] [php:error] [pid 16818] [client 20.63.210.169:0] script '/domains/system_suspended/goods.php' not found or unable to stat
[Thu Mar 05 00:24:50.361432 2026] [php:error] [pid 16819] [client 20.53.240.38:0] script '/domains/pauljbrock/al.php' not found or unable to stat
[Thu Mar 05 00:24:50.372035 2026] [php:error] [pid 16818] [client 20.63.210.169:0] script '/domains/system_suspended/hplfuns.php' not found or unable to stat
[Thu Mar 05 00:24:50.551319 2026] [php:error] [pid 16818] [client 20.63.210.169:0] script '/domains/system_suspended/htaccess.php' not found or unable to stat
[Thu Mar 05 00:24:50.580605 2026] [php:error] [pid 16819] [client 20.53.240.38:0] script '/domains/pauljbrock/alfa-rex.php' not found or unable to stat
[Thu Mar 05 00:24:50.584851 2026] [php:error] [pid 16813] [client 20.205.120.43:0] script '/domains/king1969/lock360.php' not found or unable to stat
[Thu Mar 05 00:24:51.008231 2026] [php:error] [pid 16819] [client 20.53.240.38:0] script '/domains/pauljbrock/alfanew.php' not found or unable to stat
[Thu Mar 05 00:24:51.116396 2026] [php:error] [pid 16818] [client 20.63.210.169:0] script '/domains/system_suspended/info.php' not found or unable to stat
[Thu Mar 05 00:24:51.222773 2026] [php:error] [pid 16819] [client 20.53.240.38:0] script '/domains/pauljbrock/auth.php' not found or unable to stat
[Thu Mar 05 00:24:51.297000 2026] [php:error] [pid 16818] [client 20.63.210.169:0] script '/domains/system_suspended/profile.php' not found or unable to stat
[Thu Mar 05 00:24:51.436436 2026] [php:error] [pid 16819] [client 20.53.240.38:0] script '/domains/pauljbrock/b.php' not found or unable to stat
[Thu Mar 05 00:24:51.474928 2026] [php:error] [pid 16818] [client 20.63.210.169:0] script '/domains/system_suspended/sx.php' not found or unable to stat
[Thu Mar 05 00:24:51.512730 2026] [php:error] [pid 16813] [client 20.205.120.43:0] script '/domains/king1969/10.php' not found or unable to stat
[Thu Mar 05 00:24:51.649899 2026] [php:error] [pid 16819] [client 20.53.240.38:0] script '/domains/pauljbrock/b0.php' not found or unable to stat
[Thu Mar 05 00:24:51.864186 2026] [php:error] [pid 16819] [client 20.53.240.38:0] script '/domains/pauljbrock/back.php' not found or unable to stat
[Thu Mar 05 00:24:52.077633 2026] [php:error] [pid 16819] [client 20.53.240.38:0] script '/domains/pauljbrock/bala.php' not found or unable to stat
[Thu Mar 05 00:24:52.291366 2026] [php:error] [pid 16819] [client 20.53.240.38:0] script '/domains/pauljbrock/baxa1.php' not found or unable to stat
[Thu Mar 05 00:24:52.504883 2026] [php:error] [pid 16819] [client 20.53.240.38:0] script '/domains/pauljbrock/buy.php' not found or unable to stat
[Thu Mar 05 00:24:52.637591 2026] [php:error] [pid 16813] [client 20.205.120.43:0] script '/domains/king1969/fox.php' not found or unable to stat
[Thu Mar 05 00:24:52.718266 2026] [php:error] [pid 16819] [client 20.53.240.38:0] script '/domains/pauljbrock/byp.php' not found or unable to stat
[Thu Mar 05 00:24:52.932271 2026] [php:error] [pid 16819] [client 20.53.240.38:0] script '/domains/pauljbrock/c.php' not found or unable to stat
[Thu Mar 05 00:24:53.080652 2026] [php:error] [pid 16813] [client 20.205.120.43:0] script '/domains/king1969/s.php' not found or unable to stat
[Thu Mar 05 00:24:53.145765 2026] [php:error] [pid 16819] [client 20.53.240.38:0] script '/domains/pauljbrock/c99.php' not found or unable to stat
[Thu Mar 05 00:24:53.359379 2026] [php:error] [pid 16819] [client 20.53.240.38:0] script '/domains/pauljbrock/chosen.php' not found or unable to stat
[Thu Mar 05 00:24:53.574447 2026] [php:error] [pid 16819] [client 20.53.240.38:0] script '/domains/pauljbrock/class-wp-lock.php' not found or unable to stat
[Thu Mar 05 00:24:53.745763 2026] [php:error] [pid 16813] [client 20.205.120.43:0] script '/domains/king1969/archive.php' not found or unable to stat
[Thu Mar 05 00:24:53.788155 2026] [php:error] [pid 16819] [client 20.53.240.38:0] script '/domains/pauljbrock/cong.php' not found or unable to stat
[Thu Mar 05 00:24:54.002367 2026] [php:error] [pid 16819] [client 20.53.240.38:0] script '/domains/pauljbrock/content.php' not found or unable to stat
[Thu Mar 05 00:24:54.216551 2026] [php:error] [pid 16819] [client 20.53.240.38:0] script '/domains/pauljbrock/control.php' not found or unable to stat
[Thu Mar 05 00:24:54.430185 2026] [php:error] [pid 16819] [client 20.53.240.38:0] script '/domains/pauljbrock/cookie.php' not found or unable to stat
[Thu Mar 05 00:24:54.644385 2026] [php:error] [pid 16819] [client 20.53.240.38:0] script '/domains/pauljbrock/credits.php' not found or unable to stat
[Thu Mar 05 00:24:54.859149 2026] [php:error] [pid 16819] [client 20.53.240.38:0] script '/domains/pauljbrock/cron.php' not found or unable to stat
[Thu Mar 05 00:24:55.072610 2026] [php:error] [pid 16819] [client 20.53.240.38:0] script '/domains/pauljbrock/css.php' not found or unable to stat
[Thu Mar 05 00:24:55.485409 2026] [php:error] [pid 16818] [client 20.63.210.169:0] script '/domains/system_suspended/wp-fclass.php' not found or unable to stat
[Thu Mar 05 00:24:55.499247 2026] [php:error] [pid 16819] [client 20.53.240.38:0] script '/domains/pauljbrock/data.php' not found or unable to stat
[Thu Mar 05 00:24:55.713670 2026] [php:error] [pid 16819] [client 20.53.240.38:0] script '/domains/pauljbrock/disagreed.php' not found or unable to stat
[Thu Mar 05 00:24:55.928563 2026] [php:error] [pid 16819] [client 20.53.240.38:0] script '/domains/pauljbrock/doc.php' not found or unable to stat
[Thu Mar 05 00:24:56.142619 2026] [php:error] [pid 16819] [client 20.53.240.38:0] script '/domains/pauljbrock/dropdown.php' not found or unable to stat
[Thu Mar 05 00:24:56.357465 2026] [php:error] [pid 16819] [client 20.53.240.38:0] script '/domains/pauljbrock/ds.php' not found or unable to stat
[Thu Mar 05 00:24:56.571414 2026] [php:error] [pid 16819] [client 20.53.240.38:0] script '/domains/pauljbrock/edit.php' not found or unable to stat
[Thu Mar 05 00:24:56.784982 2026] [php:error] [pid 16819] [client 20.53.240.38:0] script '/domains/pauljbrock/ee.php' not found or unable to stat
[Thu Mar 05 00:24:56.999057 2026] [php:error] [pid 16819] [client 20.53.240.38:0] script '/domains/pauljbrock/en.php' not found or unable to stat
[Thu Mar 05 00:24:57.212825 2026] [php:error] [pid 16819] [client 20.53.240.38:0] script '/domains/pauljbrock/error.php' not found or unable to stat
[Thu Mar 05 00:24:57.426793 2026] [php:error] [pid 16819] [client 20.53.240.38:0] script '/domains/pauljbrock/f35.php' not found or unable to stat
[Thu Mar 05 00:24:57.640157 2026] [php:error] [pid 16819] [client 20.53.240.38:0] script '/domains/pauljbrock/favicon.php' not found or unable to stat
[Thu Mar 05 00:24:57.853970 2026] [php:error] [pid 16819] [client 20.53.240.38:0] script '/domains/pauljbrock/feeds.php' not found or unable to stat
[Thu Mar 05 00:24:58.067479 2026] [php:error] [pid 16819] [client 20.53.240.38:0] script '/domains/pauljbrock/files.php' not found or unable to stat
[Thu Mar 05 00:24:58.495454 2026] [php:error] [pid 16819] [client 20.53.240.38:0] script '/domains/pauljbrock/flower.php' not found or unable to stat
[Thu Mar 05 00:24:58.709335 2026] [php:error] [pid 16819] [client 20.53.240.38:0] script '/domains/pauljbrock/function.php' not found or unable to stat
[Thu Mar 05 00:24:58.884758 2026] [php:error] [pid 16818] [client 20.63.210.169:0] script '/domains/system_suspended/wp-themes.php' not found or unable to stat
[Thu Mar 05 00:24:58.922971 2026] [php:error] [pid 16819] [client 20.53.240.38:0] script '/domains/pauljbrock/functions.php' not found or unable to stat
[Thu Mar 05 00:24:59.062951 2026] [php:error] [pid 16818] [client 20.63.210.169:0] script '/domains/system_suspended/xmlrpc.php' not found or unable to stat
[Thu Mar 05 00:24:59.176076 2026] [php:error] [pid 16819] [client 20.53.240.38:0] script '/domains/pauljbrock/gecko-new.php' not found or unable to stat
[Thu Mar 05 00:24:59.389636 2026] [php:error] [pid 16819] [client 20.53.240.38:0] script '/domains/pauljbrock/ggfi.php' not found or unable to stat
[Thu Mar 05 00:24:59.603230 2026] [php:error] [pid 16819] [client 20.53.240.38:0] script '/domains/pauljbrock/gzak2w.php' not found or unable to stat
[Thu Mar 05 00:24:59.817097 2026] [php:error] [pid 16819] [client 20.53.240.38:0] script '/domains/pauljbrock/hehe.php' not found or unable to stat
[Thu Mar 05 00:25:00.031374 2026] [php:error] [pid 16819] [client 20.53.240.38:0] script '/domains/pauljbrock/hehehehe.php' not found or unable to stat
[Thu Mar 05 00:25:00.245369 2026] [php:error] [pid 16819] [client 20.53.240.38:0] script '/domains/pauljbrock/help.php' not found or unable to stat
[Thu Mar 05 00:25:00.460265 2026] [php:error] [pid 16819] [client 20.53.240.38:0] script '/domains/pauljbrock/images/wp-login.php' not found or unable to stat
[Thu Mar 05 00:25:00.674679 2026] [php:error] [pid 16819] [client 20.53.240.38:0] script '/domains/pauljbrock/index.php' not found or unable to stat
[Thu Mar 05 00:25:01.103384 2026] [php:error] [pid 16819] [client 20.53.240.38:0] script '/domains/pauljbrock/install.php' not found or unable to stat
[Thu Mar 05 00:25:01.343063 2026] [php:error] [pid 16819] [client 20.53.240.38:0] script '/domains/pauljbrock/jp.php' not found or unable to stat
[Thu Mar 05 00:25:01.780920 2026] [php:error] [pid 16819] [client 20.53.240.38:0] script '/domains/pauljbrock/meta.php' not found or unable to stat
[Thu Mar 05 00:25:01.995027 2026] [php:error] [pid 16819] [client 20.53.240.38:0] script '/domains/pauljbrock/moon.php' not found or unable to stat
[Thu Mar 05 00:25:02.208755 2026] [php:error] [pid 16819] [client 20.53.240.38:0] script '/domains/pauljbrock/new.php' not found or unable to stat
[Thu Mar 05 00:25:02.422545 2026] [php:error] [pid 16819] [client 20.53.240.38:0] script '/domains/pauljbrock/ova.php' not found or unable to stat
[Thu Mar 05 00:25:02.850472 2026] [php:error] [pid 16819] [client 20.53.240.38:0] script '/domains/pauljbrock/radio.php' not found or unable to stat
[Thu Mar 05 00:25:03.064499 2026] [php:error] [pid 16819] [client 20.53.240.38:0] script '/domains/pauljbrock/randkeyword.php' not found or unable to stat
[Thu Mar 05 00:25:03.278371 2026] [php:error] [pid 16819] [client 20.53.240.38:0] script '/domains/pauljbrock/room.php' not found or unable to stat
[Thu Mar 05 00:25:03.491791 2026] [php:error] [pid 16819] [client 20.53.240.38:0] script '/domains/pauljbrock/s.php' not found or unable to stat
[Thu Mar 05 00:25:03.919405 2026] [php:error] [pid 16819] [client 20.53.240.38:0] script '/domains/pauljbrock/sim.php' not found or unable to stat
[Thu Mar 05 00:25:04.134418 2026] [php:error] [pid 16819] [client 20.53.240.38:0] script '/domains/pauljbrock/simple.php' not found or unable to stat
[Thu Mar 05 00:25:19.920900 2026] [php:error] [pid 16806] [client 176.65.149.188:0] script '/domains/byardrealestate/accesson.php' not found or unable to stat
[Thu Mar 05 00:25:29.990607 2026] [php:error] [pid 16823] [client 20.214.137.177:0] script '/domains/system_default/inputs.php' not found or unable to stat
[Thu Mar 05 00:25:30.189975 2026] [php:error] [pid 16823] [client 20.214.137.177:0] script '/domains/system_default/ioxi-o.php' not found or unable to stat
[Thu Mar 05 00:25:30.596918 2026] [php:error] [pid 16823] [client 20.214.137.177:0] script '/domains/system_default/rip.php' not found or unable to stat
[Thu Mar 05 00:25:30.796370 2026] [php:error] [pid 16823] [client 20.214.137.177:0] script '/domains/system_default/admin.php' not found or unable to stat
[Thu Mar 05 00:25:31.205849 2026] [php:error] [pid 16823] [client 20.214.137.177:0] script '/domains/system_default/cache.php' not found or unable to stat
[Thu Mar 05 00:25:31.405021 2026] [php:error] [pid 16823] [client 20.214.137.177:0] script '/domains/system_default/themes.php' not found or unable to stat
[Thu Mar 05 00:25:31.604052 2026] [php:error] [pid 16823] [client 20.214.137.177:0] script '/domains/system_default/an.php' not found or unable to stat
[Thu Mar 05 00:25:32.201007 2026] [php:error] [pid 16823] [client 20.214.137.177:0] script '/domains/system_default/ws.php' not found or unable to stat
[Thu Mar 05 00:25:32.400043 2026] [php:error] [pid 16823] [client 20.214.137.177:0] script '/domains/system_default/404.php' not found or unable to stat
[Thu Mar 05 00:25:32.429001 2026] [php:error] [pid 16819] [client 40.69.66.178:0] script '/domains/koenig.interport/lufix.php' not found or unable to stat
[Thu Mar 05 00:25:32.502153 2026] [php:error] [pid 16819] [client 40.69.66.178:0] script '/domains/koenig.interport/zeal.php' not found or unable to stat
[Thu Mar 05 00:25:32.575053 2026] [php:error] [pid 16819] [client 40.69.66.178:0] script '/domains/koenig.interport/a4.php' not found or unable to stat
[Thu Mar 05 00:25:32.648171 2026] [php:error] [pid 16819] [client 40.69.66.178:0] script '/domains/koenig.interport/file6.php' not found or unable to stat
[Thu Mar 05 00:25:32.721109 2026] [php:error] [pid 16819] [client 40.69.66.178:0] script '/domains/koenig.interport/pass4.php' not found or unable to stat
[Thu Mar 05 00:25:32.794892 2026] [php:error] [pid 16819] [client 40.69.66.178:0] script '/domains/koenig.interport/Okxob.php' not found or unable to stat
[Thu Mar 05 00:25:32.813180 2026] [php:error] [pid 16823] [client 20.214.137.177:0] script '/domains/system_default/wp-conf.php' not found or unable to stat
[Thu Mar 05 00:25:33.211287 2026] [php:error] [pid 16823] [client 20.214.137.177:0] script '/domains/system_default/wp-login.php' not found or unable to stat
[Thu Mar 05 00:25:33.410453 2026] [php:error] [pid 16823] [client 20.214.137.177:0] script '/domains/system_default/abc.php' not found or unable to stat
[Thu Mar 05 00:25:33.629264 2026] [php:error] [pid 16823] [client 20.214.137.177:0] script '/domains/system_default/abcd.php' not found or unable to stat
[Thu Mar 05 00:25:33.830203 2026] [php:error] [pid 16823] [client 20.214.137.177:0] script '/domains/system_default/as.php' not found or unable to stat
[Thu Mar 05 00:25:34.029667 2026] [php:error] [pid 16823] [client 20.214.137.177:0] script '/domains/system_default/wp-trackback.php' not found or unable to stat
[Thu Mar 05 00:25:34.228889 2026] [php:error] [pid 16823] [client 20.214.137.177:0] script '/domains/system_default/about.php' not found or unable to stat
[Thu Mar 05 00:25:34.428248 2026] [php:error] [pid 16823] [client 20.214.137.177:0] script '/domains/system_default/file.php' not found or unable to stat
[Thu Mar 05 00:25:34.627309 2026] [php:error] [pid 16823] [client 20.214.137.177:0] script '/domains/system_default/adminfuns.php' not found or unable to stat
[Thu Mar 05 00:25:34.826534 2026] [php:error] [pid 16823] [client 20.214.137.177:0] script '/domains/system_default/wp-good.php' not found or unable to stat
[Thu Mar 05 00:25:35.027998 2026] [php:error] [pid 16823] [client 20.214.137.177:0] script '/domains/system_default/xmlrpc.php' not found or unable to stat
[Thu Mar 05 00:25:35.227087 2026] [php:error] [pid 16823] [client 20.214.137.177:0] script '/domains/system_default/goods.php' not found or unable to stat
[Thu Mar 05 00:25:35.426362 2026] [php:error] [pid 16823] [client 20.214.137.177:0] script '/domains/system_default/class-t.api.php' not found or unable to stat
[Thu Mar 05 00:25:35.625570 2026] [php:error] [pid 16823] [client 20.214.137.177:0] script '/domains/system_default/sf.php' not found or unable to stat
[Thu Mar 05 00:25:35.824635 2026] [php:error] [pid 16823] [client 20.214.137.177:0] script '/domains/system_default/kbfr.php' not found or unable to stat
[Thu Mar 05 00:25:36.023522 2026] [php:error] [pid 16823] [client 20.214.137.177:0] script '/domains/system_default/autoload_classmap.php' not found or unable to stat
[Thu Mar 05 00:25:36.223466 2026] [php:error] [pid 16823] [client 20.214.137.177:0] script '/domains/system_default/chosen.php' not found or unable to stat
[Thu Mar 05 00:25:36.266105 2026] [php:error] [pid 16800] [client 20.63.210.169:0] script '/domains/bfitpro2/ioxi-o.php' not found or unable to stat
[Thu Mar 05 00:25:36.426579 2026] [php:error] [pid 16823] [client 20.214.137.177:0] script '/domains/system_default/classwithtostring.php' not found or unable to stat
