[Thu Mar 05 01:24:38.643825 2026] [php:error] [pid 17466] [client 4.193.177.110:0] script '/domains/apunderkofler/archive.php' not found or unable to stat
[Thu Mar 05 01:24:49.536632 2026] [php:error] [pid 17457] [client 188.166.252.16:0] script '/domains/antiqueweb1/xmlrpc.php' not found or unable to stat, referer: https://www.markbaileyassociates.com//wp-login.php
[Thu Mar 05 01:26:25.448794 2026] [php:error] [pid 17482] [client 88.207.209.14:0] script '/domains/tbarnhil/xmlrpc.php' not found or unable to stat
[Thu Mar 05 01:27:56.527946 2026] [php:error] [pid 17482] [client 145.239.10.137:0] script '/domains/davidbacker/45up.php' not found or unable to stat, referer: http://newstudio.com/45up.php
[Thu Mar 05 01:28:55.371539 2026] [php:error] [pid 17495] [client 217.145.224.182:0] script '/domains/davidbacker/wp-login.php' not found or unable to stat
[Thu Mar 05 01:28:55.563382 2026] [php:error] [pid 17498] [client 185.61.216.160:0] script '/domains/davidbacker/wp-login.php' not found or unable to stat
[Thu Mar 05 01:29:10.828124 2026] [php:error] [pid 17501] [client 122.187.156.54:0] script '/domains/vangoghagainweb/xmlrpc.php' not found or unable to stat
[Thu Mar 05 01:29:45.662432 2026] [php:error] [pid 17490] [client 143.20.253.32:0] script '/domains/hdickens.enteract/kmnj.php' not found or unable to stat
[Thu Mar 05 01:29:47.014144 2026] [php:error] [pid 17507] [client 143.14.6.45:0] script '/domains/hdickens.enteract/kmnj.php' not found or unable to stat
[Thu Mar 05 01:29:48.190102 2026] [php:error] [pid 17506] [client 143.14.6.19:0] script '/domains/hdickens.enteract/kmnj.php' not found or unable to stat
[Thu Mar 05 01:30:53.541747 2026] [php:error] [pid 17508] [client 20.246.83.247:0] script '/domains/markrose/wp-rss.php' not found or unable to stat
[Thu Mar 05 01:30:55.003785 2026] [php:error] [pid 17508] [client 20.246.83.247:0] script '/domains/markrose/wp-rss.php' not found or unable to stat
[Thu Mar 05 01:30:58.247041 2026] [php:error] [pid 17508] [client 20.246.83.247:0] script '/domains/markrose/wp-rss.php' not found or unable to stat
[Thu Mar 05 01:30:59.446077 2026] [php:error] [pid 17508] [client 20.246.83.247:0] script '/domains/markrose/wp-rss2.php' not found or unable to stat
[Thu Mar 05 01:31:02.645908 2026] [php:error] [pid 17508] [client 20.246.83.247:0] script '/domains/markrose/wp-rss2.php' not found or unable to stat
[Thu Mar 05 01:31:05.661610 2026] [php:error] [pid 17508] [client 20.246.83.247:0] script '/domains/markrose/wp-rss2.php' not found or unable to stat
[Thu Mar 05 01:31:07.301640 2026] [php:error] [pid 17508] [client 20.246.83.247:0] script '/domains/markrose/wp-atom.php' not found or unable to stat
[Thu Mar 05 01:31:09.272382 2026] [php:error] [pid 17508] [client 20.246.83.247:0] script '/domains/markrose/wp-atom.php' not found or unable to stat
[Thu Mar 05 01:31:12.199760 2026] [php:error] [pid 17508] [client 20.246.83.247:0] script '/domains/markrose/wp-atom.php' not found or unable to stat
[Thu Mar 05 01:31:13.369288 2026] [php:error] [pid 17508] [client 20.246.83.247:0] script '/domains/markrose/wp-commentsrss2.php' not found or unable to stat
[Thu Mar 05 01:31:14.880198 2026] [php:error] [pid 17508] [client 20.246.83.247:0] script '/domains/markrose/wp-commentsrss2.php' not found or unable to stat
[Thu Mar 05 01:31:17.261755 2026] [php:error] [pid 17508] [client 20.246.83.247:0] script '/domains/markrose/wp-commentsrss2.php' not found or unable to stat
[Thu Mar 05 01:32:28.953132 2026] [php:error] [pid 17492] [client 163.7.9.86:0] script '/domains/apunderkofler/wp-config.php' not found or unable to stat
[Thu Mar 05 01:32:42.914114 2026] [php:error] [pid 17538] [client 20.219.132.149:0] script '/domains/system_default/ioxi-o.php' not found or unable to stat
[Thu Mar 05 01:32:43.119914 2026] [php:error] [pid 17538] [client 20.219.132.149:0] script '/domains/system_default/0x.php' not found or unable to stat
[Thu Mar 05 01:32:43.329375 2026] [php:error] [pid 17538] [client 20.219.132.149:0] script '/domains/system_default/222.php' not found or unable to stat
[Thu Mar 05 01:32:43.535174 2026] [php:error] [pid 17538] [client 20.219.132.149:0] script '/domains/system_default/aa.php' not found or unable to stat
[Thu Mar 05 01:32:43.740772 2026] [php:error] [pid 17538] [client 20.219.132.149:0] script '/domains/system_default/abcd.php' not found or unable to stat
[Thu Mar 05 01:32:43.946375 2026] [php:error] [pid 17538] [client 20.219.132.149:0] script '/domains/system_default/admin.php' not found or unable to stat
[Thu Mar 05 01:32:44.105633 2026] [php:error] [pid 17537] [client 163.7.9.86:0] script '/domains/apunderkofler/configuration.php' not found or unable to stat
[Thu Mar 05 01:32:44.358492 2026] [php:error] [pid 17538] [client 20.219.132.149:0] script '/domains/system_default/adminfuns.php' not found or unable to stat
[Thu Mar 05 01:32:44.565206 2026] [php:error] [pid 17538] [client 20.219.132.149:0] script '/domains/system_default/akc.php' not found or unable to stat
[Thu Mar 05 01:32:44.771136 2026] [php:error] [pid 17538] [client 20.219.132.149:0] script '/domains/system_default/buy.php' not found or unable to stat
[Thu Mar 05 01:32:44.982036 2026] [php:error] [pid 17538] [client 20.219.132.149:0] script '/domains/system_default/cong.php' not found or unable to stat
[Thu Mar 05 01:32:45.421112 2026] [php:error] [pid 17538] [client 20.219.132.149:0] script '/domains/system_default/db.php' not found or unable to stat
[Thu Mar 05 01:32:45.650968 2026] [php:error] [pid 17538] [client 20.219.132.149:0] script '/domains/system_default/dropdown.php' not found or unable to stat
[Thu Mar 05 01:32:45.881933 2026] [php:error] [pid 17538] [client 20.219.132.149:0] script '/domains/system_default/file.php' not found or unable to stat
[Thu Mar 05 01:32:46.114505 2026] [php:error] [pid 17538] [client 20.219.132.149:0] script '/domains/system_default/goods.php' not found or unable to stat
[Thu Mar 05 01:32:46.325697 2026] [php:error] [pid 17538] [client 20.219.132.149:0] script '/domains/system_default/hplfuns.php' not found or unable to stat
[Thu Mar 05 01:32:46.550370 2026] [php:error] [pid 17538] [client 20.219.132.149:0] script '/domains/system_default/htaccess.php' not found or unable to stat
[Thu Mar 05 01:32:47.198418 2026] [php:error] [pid 17538] [client 20.219.132.149:0] script '/domains/system_default/info.php' not found or unable to stat
[Thu Mar 05 01:32:47.415931 2026] [php:error] [pid 17538] [client 20.219.132.149:0] script '/domains/system_default/profile.php' not found or unable to stat
[Thu Mar 05 01:32:47.643296 2026] [php:error] [pid 17538] [client 20.219.132.149:0] script '/domains/system_default/sx.php' not found or unable to stat
[Thu Mar 05 01:32:52.246874 2026] [php:error] [pid 17538] [client 20.219.132.149:0] script '/domains/system_default/wp-fclass.php' not found or unable to stat
[Thu Mar 05 01:32:56.239550 2026] [php:error] [pid 17538] [client 20.219.132.149:0] script '/domains/system_default/wp-themes.php' not found or unable to stat
[Thu Mar 05 01:32:56.445175 2026] [php:error] [pid 17538] [client 20.219.132.149:0] script '/domains/system_default/xmlrpc.php' not found or unable to stat
[Thu Mar 05 01:33:01.713194 2026] [php:error] [pid 17542] [client 163.7.9.86:0] script '/domains/apunderkofler/_phpinfo.php' not found or unable to stat
[Thu Mar 05 01:33:24.458931 2026] [php:error] [pid 17563] [client 163.7.9.86:0] script '/domains/apunderkofler/config.php.bak' not found or unable to stat
[Thu Mar 05 01:33:24.610768 2026] [php:error] [pid 17532] [client 163.7.9.86:0] script '/domains/apunderkofler/wp-config.php.bak' not found or unable to stat
[Thu Mar 05 01:33:24.678302 2026] [php:error] [pid 17542] [client 163.7.9.86:0] script '/domains/apunderkofler/test.php' not found or unable to stat
[Thu Mar 05 01:34:06.050698 2026] [php:error] [pid 17554] [client 163.7.9.86:0] script '/domains/apunderkofler/a.php' not found or unable to stat
[Thu Mar 05 01:34:33.503794 2026] [php:error] [pid 17582] [client 163.7.9.86:0] script '/domains/apunderkofler/apache2.php' not found or unable to stat
[Thu Mar 05 01:35:09.897956 2026] [php:error] [pid 17582] [client 31.26.88.59:0] script '/domains/supolo/xmlrpc.php' not found or unable to stat
[Thu Mar 05 01:35:18.586286 2026] [php:error] [pid 17580] [client 154.47.20.217:0] script '/domains/agribiz/wp-login.php' not found or unable to stat
[Thu Mar 05 01:35:37.557018 2026] [php:error] [pid 17576] [client 163.7.9.86:0] script '/domains/apunderkofler/dep.php' not found or unable to stat
[Thu Mar 05 01:35:37.743052 2026] [php:error] [pid 17591] [client 163.7.9.86:0] script '/domains/apunderkofler/deploy.php' not found or unable to stat
[Thu Mar 05 01:35:47.840752 2026] [php:error] [pid 17582] [client 163.7.9.86:0] script '/domains/apunderkofler/debug.php' not found or unable to stat
[Thu Mar 05 01:36:44.684788 2026] [php:error] [pid 17620] [client 163.7.9.86:0] script '/domains/apunderkofler/inc.config.php' not found or unable to stat
[Thu Mar 05 01:36:44.684809 2026] [php:error] [pid 17631] [client 163.7.9.86:0] script '/domains/apunderkofler/in.php' not found or unable to stat
[Thu Mar 05 01:36:52.301431 2026] [php:error] [pid 17628] [client 64.227.173.238:0] script '/domains/fairlane1/wp-login.php' not found or unable to stat
[Thu Mar 05 01:37:01.116686 2026] [php:error] [pid 17620] [client 163.7.9.86:0] script '/domains/apunderkofler/index.php' not found or unable to stat
[Thu Mar 05 01:37:16.249158 2026] [php:error] [pid 17622] [client 163.7.9.86:0] script '/domains/apunderkofler/info1.php' not found or unable to stat
[Thu Mar 05 01:37:16.884426 2026] [php:error] [pid 17619] [client 163.7.9.86:0] script '/domains/apunderkofler/infos.php' not found or unable to stat
[Thu Mar 05 01:37:17.643936 2026] [php:error] [pid 17625] [client 163.7.9.86:0] script '/domains/apunderkofler/infophp.php' not found or unable to stat
[Thu Mar 05 01:37:22.886798 2026] [php:error] [pid 17618] [client 163.7.9.86:0] script '/domains/apunderkofler/info2.php' not found or unable to stat
[Thu Mar 05 01:37:23.078334 2026] [php:error] [pid 17622] [client 163.7.9.86:0] script '/domains/apunderkofler/info3.php' not found or unable to stat
[Thu Mar 05 01:37:23.511100 2026] [php:error] [pid 17636] [client 163.7.9.86:0] script '/domains/apunderkofler/inf.php' not found or unable to stat
[Thu Mar 05 01:37:40.067928 2026] [php:error] [pid 17638] [client 163.7.9.86:0] script '/domains/apunderkofler/new.php' not found or unable to stat
[Thu Mar 05 01:37:42.573602 2026] [php:error] [pid 17639] [client 20.63.210.169:0] script '/domains/brigadeweb/ioxi-o.php' not found or unable to stat
[Thu Mar 05 01:37:42.755689 2026] [php:error] [pid 17639] [client 20.63.210.169:0] script '/domains/brigadeweb/0x.php' not found or unable to stat
[Thu Mar 05 01:37:42.938715 2026] [php:error] [pid 17639] [client 20.63.210.169:0] script '/domains/brigadeweb/222.php' not found or unable to stat
[Thu Mar 05 01:37:43.121250 2026] [php:error] [pid 17639] [client 20.63.210.169:0] script '/domains/brigadeweb/aa.php' not found or unable to stat
[Thu Mar 05 01:37:43.304287 2026] [php:error] [pid 17639] [client 20.63.210.169:0] script '/domains/brigadeweb/abcd.php' not found or unable to stat
[Thu Mar 05 01:37:43.486660 2026] [php:error] [pid 17639] [client 20.63.210.169:0] script '/domains/brigadeweb/admin.php' not found or unable to stat
[Thu Mar 05 01:37:43.851074 2026] [php:error] [pid 17639] [client 20.63.210.169:0] script '/domains/brigadeweb/adminfuns.php' not found or unable to stat
[Thu Mar 05 01:37:44.047375 2026] [php:error] [pid 17639] [client 20.63.210.169:0] script '/domains/brigadeweb/akc.php' not found or unable to stat
[Thu Mar 05 01:37:44.246648 2026] [php:error] [pid 17639] [client 20.63.210.169:0] script '/domains/brigadeweb/buy.php' not found or unable to stat
[Thu Mar 05 01:37:44.428968 2026] [php:error] [pid 17639] [client 20.63.210.169:0] script '/domains/brigadeweb/cong.php' not found or unable to stat
[Thu Mar 05 01:37:44.793370 2026] [php:error] [pid 17639] [client 20.63.210.169:0] script '/domains/brigadeweb/db.php' not found or unable to stat
[Thu Mar 05 01:37:44.841483 2026] [php:error] [pid 17649] [client 163.7.9.86:0] script '/domains/apunderkofler/o.php' not found or unable to stat
[Thu Mar 05 01:37:44.976748 2026] [php:error] [pid 17639] [client 20.63.210.169:0] script '/domains/brigadeweb/dropdown.php' not found or unable to stat
[Thu Mar 05 01:37:45.052042 2026] [php:error] [pid 17634] [client 163.7.9.86:0] script '/domains/apunderkofler/l.php' not found or unable to stat
[Thu Mar 05 01:37:45.138366 2026] [php:error] [pid 17646] [client 163.7.9.86:0] script '/domains/apunderkofler/ocp.php' not found or unable to stat
[Thu Mar 05 01:37:45.159144 2026] [php:error] [pid 17639] [client 20.63.210.169:0] script '/domains/brigadeweb/file.php' not found or unable to stat
[Thu Mar 05 01:37:45.341735 2026] [php:error] [pid 17639] [client 20.63.210.169:0] script '/domains/brigadeweb/goods.php' not found or unable to stat
[Thu Mar 05 01:37:45.523261 2026] [php:error] [pid 17639] [client 20.63.210.169:0] script '/domains/brigadeweb/hplfuns.php' not found or unable to stat
[Thu Mar 05 01:37:45.705625 2026] [php:error] [pid 17639] [client 20.63.210.169:0] script '/domains/brigadeweb/htaccess.php' not found or unable to stat
[Thu Mar 05 01:37:45.887966 2026] [php:error] [pid 17639] [client 20.63.210.169:0] script '/domains/brigadeweb/images/wso.php' not found or unable to stat
[Thu Mar 05 01:37:46.252430 2026] [php:error] [pid 17639] [client 20.63.210.169:0] script '/domains/brigadeweb/info.php' not found or unable to stat
[Thu Mar 05 01:37:46.434036 2026] [php:error] [pid 17639] [client 20.63.210.169:0] script '/domains/brigadeweb/profile.php' not found or unable to stat
[Thu Mar 05 01:37:46.615508 2026] [php:error] [pid 17639] [client 20.63.210.169:0] script '/domains/brigadeweb/sx.php' not found or unable to stat
[Thu Mar 05 01:37:50.778915 2026] [php:error] [pid 17639] [client 20.63.210.169:0] script '/domains/brigadeweb/wp-fclass.php' not found or unable to stat
[Thu Mar 05 01:37:54.242823 2026] [php:error] [pid 17639] [client 20.63.210.169:0] script '/domains/brigadeweb/wp-themes.php' not found or unable to stat
[Thu Mar 05 01:37:54.424539 2026] [php:error] [pid 17639] [client 20.63.210.169:0] script '/domains/brigadeweb/xmlrpc.php' not found or unable to stat
[Thu Mar 05 01:37:56.714475 2026] [php:error] [pid 17645] [client 163.7.9.86:0] script '/domains/apunderkofler/p.php' not found or unable to stat
[Thu Mar 05 01:37:59.648124 2026] [php:error] [pid 17651] [client 163.7.9.86:0] script '/domains/apunderkofler/php.php' not found or unable to stat
[Thu Mar 05 01:38:00.215479 2026] [php:error] [pid 17645] [client 163.7.9.86:0] script '/domains/apunderkofler/php1.php' not found or unable to stat
[Thu Mar 05 01:38:00.907684 2026] [php:error] [pid 17651] [client 163.7.9.86:0] script '/domains/apunderkofler/php_info.php' not found or unable to stat
[Thu Mar 05 01:38:03.967844 2026] [php:error] [pid 17619] [client 163.7.9.86:0] script '/domains/apunderkofler/phpinfo2.php' not found or unable to stat
[Thu Mar 05 01:38:04.077293 2026] [php:error] [pid 17649] [client 163.7.9.86:0] script '/domains/apunderkofler/phpinfo1.php' not found or unable to stat
[Thu Mar 05 01:38:04.570537 2026] [php:error] [pid 17639] [client 163.7.9.86:0] script '/domains/apunderkofler/lindex.php' not found or unable to stat
[Thu Mar 05 01:38:06.722465 2026] [php:error] [pid 17645] [client 163.7.9.86:0] script '/domains/apunderkofler/linusadmin-phpinfo.php' not found or unable to stat
[Thu Mar 05 01:38:07.048845 2026] [php:error] [pid 17651] [client 163.7.9.86:0] script '/domains/apunderkofler/phpinfo4.php' not found or unable to stat
[Thu Mar 05 01:38:07.823952 2026] [php:error] [pid 17649] [client 163.7.9.86:0] script '/domains/apunderkofler/phpsysinfo.php' not found or unable to stat
[Thu Mar 05 01:38:12.275222 2026] [php:error] [pid 17655] [client 163.7.9.86:0] script '/domains/apunderkofler/old_phpinfo.php' not found or unable to stat
[Thu Mar 05 01:38:15.785609 2026] [php:error] [pid 17657] [client 163.7.9.86:0] script '/domains/apunderkofler/phpversion.php' not found or unable to stat
[Thu Mar 05 01:38:24.291202 2026] [php:error] [pid 17635] [client 163.7.9.86:0] script '/domains/apunderkofler/of.php' not found or unable to stat
[Thu Mar 05 01:38:57.185417 2026] [php:error] [pid 17666] [client 163.7.9.86:0] script '/domains/apunderkofler/qq.php' not found or unable to stat
[Thu Mar 05 01:38:57.255836 2026] [php:error] [pid 17653] [client 163.7.9.86:0] script '/domains/apunderkofler/q.php' not found or unable to stat
[Thu Mar 05 01:38:57.644314 2026] [php:error] [pid 17665] [client 163.7.9.86:0] script '/domains/apunderkofler/phpinfo3.php' not found or unable to stat
[Thu Mar 05 01:38:58.066478 2026] [php:error] [pid 17657] [client 163.7.9.86:0] script '/domains/apunderkofler/rest.php' not found or unable to stat
[Thu Mar 05 01:38:59.708893 2026] [php:error] [pid 17635] [client 40.115.138.121:0] script '/domains/tennex/auth.php' not found or unable to stat
[Thu Mar 05 01:38:59.916283 2026] [php:error] [pid 17635] [client 40.115.138.121:0] script '/domains/tennex/504.php' not found or unable to stat
[Thu Mar 05 01:39:00.797932 2026] [php:error] [pid 17635] [client 40.115.138.121:0] script '/domains/tennex/bk.php' not found or unable to stat
[Thu Mar 05 01:39:01.003675 2026] [php:error] [pid 17635] [client 40.115.138.121:0] script '/domains/tennex/1.php' not found or unable to stat
[Thu Mar 05 01:39:01.582868 2026] [php:error] [pid 17635] [client 40.115.138.121:0] script '/domains/tennex/error.php' not found or unable to stat
[Thu Mar 05 01:39:02.690208 2026] [php:error] [pid 17635] [client 40.115.138.121:0] script '/domains/tennex/ab.php' not found or unable to stat
[Thu Mar 05 01:39:05.393915 2026] [php:error] [pid 17635] [client 40.115.138.121:0] script '/domains/tennex/new.php' not found or unable to stat
[Thu Mar 05 01:39:05.740041 2026] [php:error] [pid 17635] [client 40.115.138.121:0] script '/domains/tennex/post.php' not found or unable to stat
[Thu Mar 05 01:39:07.469556 2026] [php:error] [pid 17635] [client 40.115.138.121:0] script '/domains/tennex/lock360.php' not found or unable to stat
[Thu Mar 05 01:39:08.180628 2026] [php:error] [pid 17635] [client 40.115.138.121:0] script '/domains/tennex/10.php' not found or unable to stat
[Thu Mar 05 01:39:09.035779 2026] [php:error] [pid 17635] [client 40.115.138.121:0] script '/domains/tennex/fox.php' not found or unable to stat
[Thu Mar 05 01:39:09.334578 2026] [php:error] [pid 17667] [client 20.189.95.92:0] script '/domains/sjsachs/ioxi-o.php' not found or unable to stat
[Thu Mar 05 01:39:09.403783 2026] [php:error] [pid 17635] [client 40.115.138.121:0] script '/domains/tennex/s.php' not found or unable to stat
[Thu Mar 05 01:39:09.550391 2026] [php:error] [pid 17667] [client 20.189.95.92:0] script '/domains/sjsachs/0x.php' not found or unable to stat
[Thu Mar 05 01:39:09.765956 2026] [php:error] [pid 17667] [client 20.189.95.92:0] script '/domains/sjsachs/222.php' not found or unable to stat
[Thu Mar 05 01:39:09.983476 2026] [php:error] [pid 17667] [client 20.189.95.92:0] script '/domains/sjsachs/aa.php' not found or unable to stat
[Thu Mar 05 01:39:10.005174 2026] [php:error] [pid 17635] [client 40.115.138.121:0] script '/domains/tennex/archive.php' not found or unable to stat
[Thu Mar 05 01:39:10.208724 2026] [php:error] [pid 17667] [client 20.189.95.92:0] script '/domains/sjsachs/abcd.php' not found or unable to stat
[Thu Mar 05 01:39:10.438128 2026] [php:error] [pid 17667] [client 20.189.95.92:0] script '/domains/sjsachs/admin.php' not found or unable to stat
[Thu Mar 05 01:39:10.869389 2026] [php:error] [pid 17667] [client 20.189.95.92:0] script '/domains/sjsachs/adminfuns.php' not found or unable to stat
[Thu Mar 05 01:39:11.086963 2026] [php:error] [pid 17667] [client 20.189.95.92:0] script '/domains/sjsachs/akc.php' not found or unable to stat
[Thu Mar 05 01:39:11.304417 2026] [php:error] [pid 17667] [client 20.189.95.92:0] script '/domains/sjsachs/buy.php' not found or unable to stat
[Thu Mar 05 01:39:11.520219 2026] [php:error] [pid 17667] [client 20.189.95.92:0] script '/domains/sjsachs/cong.php' not found or unable to stat
[Thu Mar 05 01:39:11.951502 2026] [php:error] [pid 17667] [client 20.189.95.92:0] script '/domains/sjsachs/db.php' not found or unable to stat
[Thu Mar 05 01:39:12.167207 2026] [php:error] [pid 17667] [client 20.189.95.92:0] script '/domains/sjsachs/dropdown.php' not found or unable to stat
[Thu Mar 05 01:39:12.383231 2026] [php:error] [pid 17667] [client 20.189.95.92:0] script '/domains/sjsachs/file.php' not found or unable to stat
[Thu Mar 05 01:39:12.599116 2026] [php:error] [pid 17667] [client 20.189.95.92:0] script '/domains/sjsachs/goods.php' not found or unable to stat
[Thu Mar 05 01:39:12.814865 2026] [php:error] [pid 17667] [client 20.189.95.92:0] script '/domains/sjsachs/hplfuns.php' not found or unable to stat
[Thu Mar 05 01:39:13.030697 2026] [php:error] [pid 17667] [client 20.189.95.92:0] script '/domains/sjsachs/htaccess.php' not found or unable to stat
[Thu Mar 05 01:39:13.246777 2026] [php:error] [pid 17667] [client 20.189.95.92:0] script '/domains/sjsachs/images/wso.php' not found or unable to stat
[Thu Mar 05 01:39:13.686181 2026] [php:error] [pid 17667] [client 20.189.95.92:0] script '/domains/sjsachs/info.php' not found or unable to stat
[Thu Mar 05 01:39:13.902085 2026] [php:error] [pid 17667] [client 20.189.95.92:0] script '/domains/sjsachs/profile.php' not found or unable to stat
[Thu Mar 05 01:39:14.117756 2026] [php:error] [pid 17667] [client 20.189.95.92:0] script '/domains/sjsachs/sx.php' not found or unable to stat
[Thu Mar 05 01:39:18.879992 2026] [php:error] [pid 17667] [client 20.189.95.92:0] script '/domains/sjsachs/wp-fclass.php' not found or unable to stat
[Thu Mar 05 01:39:20.798705 2026] [php:error] [pid 17675] [client 169.150.203.197:0] script '/domains/rextrav/xmlrpc.php' not found or unable to stat
[Thu Mar 05 01:39:23.099559 2026] [access_compat:error] [pid 17639] [client 163.7.9.86:0] AH01797: client denied by server configuration: /domains/apunderkofler/server-status
[Thu Mar 05 01:39:23.357611 2026] [php:error] [pid 17667] [client 20.189.95.92:0] script '/domains/sjsachs/wp-themes.php' not found or unable to stat
[Thu Mar 05 01:39:23.589617 2026] [php:error] [pid 17667] [client 20.189.95.92:0] script '/domains/sjsachs/xmlrpc.php' not found or unable to stat
[Thu Mar 05 01:40:05.007845 2026] [php:error] [pid 17679] [client 163.7.9.86:0] script '/domains/apunderkofler/test0.php' not found or unable to stat
[Thu Mar 05 01:40:05.581915 2026] [php:error] [pid 17692] [client 163.7.9.86:0] script '/domains/apunderkofler/test1.php' not found or unable to stat
[Thu Mar 05 01:40:09.024975 2026] [php:error] [pid 17682] [client 163.7.9.86:0] script '/domains/apunderkofler/temp.php' not found or unable to stat
[Thu Mar 05 01:40:11.603637 2026] [php:error] [pid 17681] [client 163.7.9.86:0] script '/domains/apunderkofler/test_info4.php' not found or unable to stat
[Thu Mar 05 01:40:12.760470 2026] [php:error] [pid 17692] [client 163.7.9.86:0] script '/domains/apunderkofler/test_phpinfo1.php' not found or unable to stat
[Thu Mar 05 01:40:13.087750 2026] [php:error] [pid 17680] [client 163.7.9.86:0] script '/domains/apunderkofler/test_phpinfo2.php' not found or unable to stat
[Thu Mar 05 01:40:13.477451 2026] [php:error] [pid 17693] [client 87.106.146.14:0] script '/domains/highlandlabs/userfuns.php' not found or unable to stat, referer: www.google.com
[Thu Mar 05 01:40:24.830578 2026] [php:error] [pid 17684] [client 163.7.9.86:0] script '/domains/apunderkofler/test3.php' not found or unable to stat
[Thu Mar 05 01:40:31.640250 2026] [php:error] [pid 17682] [client 163.7.9.86:0] script '/domains/apunderkofler/test7.php' not found or unable to stat
[Thu Mar 05 01:40:31.719490 2026] [php:error] [pid 17680] [client 163.7.9.86:0] script '/domains/apunderkofler/testing.php' not found or unable to stat
[Thu Mar 05 01:40:31.738531 2026] [php:error] [pid 17683] [client 163.7.9.86:0] script '/domains/apunderkofler/test8.php' not found or unable to stat
[Thu Mar 05 01:40:31.798321 2026] [php:error] [pid 17693] [client 163.7.9.86:0] script '/domains/apunderkofler/test5.php' not found or unable to stat
[Thu Mar 05 01:40:32.415600 2026] [php:error] [pid 17681] [client 163.7.9.86:0] script '/domains/apunderkofler/token.php' not found or unable to stat
[Thu Mar 05 01:40:33.448826 2026] [php:error] [pid 17693] [client 20.63.210.169:0] script '/domains/tamara1/ioxi-o.php' not found or unable to stat
[Thu Mar 05 01:40:33.656581 2026] [php:error] [pid 17693] [client 20.63.210.169:0] script '/domains/tamara1/0x.php' not found or unable to stat
[Thu Mar 05 01:40:33.837539 2026] [php:error] [pid 17693] [client 20.63.210.169:0] script '/domains/tamara1/222.php' not found or unable to stat
[Thu Mar 05 01:40:34.018657 2026] [php:error] [pid 17693] [client 20.63.210.169:0] script '/domains/tamara1/aa.php' not found or unable to stat
[Thu Mar 05 01:40:34.200270 2026] [php:error] [pid 17693] [client 20.63.210.169:0] script '/domains/tamara1/abcd.php' not found or unable to stat
[Thu Mar 05 01:40:34.382488 2026] [php:error] [pid 17693] [client 20.63.210.169:0] script '/domains/tamara1/admin.php' not found or unable to stat
[Thu Mar 05 01:40:34.744690 2026] [php:error] [pid 17693] [client 20.63.210.169:0] script '/domains/tamara1/adminfuns.php' not found or unable to stat
[Thu Mar 05 01:40:34.926920 2026] [php:error] [pid 17693] [client 20.63.210.169:0] script '/domains/tamara1/akc.php' not found or unable to stat
[Thu Mar 05 01:40:35.108108 2026] [php:error] [pid 17693] [client 20.63.210.169:0] script '/domains/tamara1/buy.php' not found or unable to stat
[Thu Mar 05 01:40:35.290210 2026] [php:error] [pid 17693] [client 20.63.210.169:0] script '/domains/tamara1/cong.php' not found or unable to stat
[Thu Mar 05 01:40:35.653373 2026] [php:error] [pid 17693] [client 20.63.210.169:0] script '/domains/tamara1/db.php' not found or unable to stat
[Thu Mar 05 01:40:35.834695 2026] [php:error] [pid 17693] [client 20.63.210.169:0] script '/domains/tamara1/dropdown.php' not found or unable to stat
[Thu Mar 05 01:40:36.042763 2026] [php:error] [pid 17693] [client 20.63.210.169:0] script '/domains/tamara1/file.php' not found or unable to stat
[Thu Mar 05 01:40:36.224132 2026] [php:error] [pid 17693] [client 20.63.210.169:0] script '/domains/tamara1/goods.php' not found or unable to stat
[Thu Mar 05 01:40:36.405472 2026] [php:error] [pid 17693] [client 20.63.210.169:0] script '/domains/tamara1/hplfuns.php' not found or unable to stat
[Thu Mar 05 01:40:36.586454 2026] [php:error] [pid 17693] [client 20.63.210.169:0] script '/domains/tamara1/htaccess.php' not found or unable to stat
[Thu Mar 05 01:40:36.768590 2026] [php:error] [pid 17693] [client 20.63.210.169:0] script '/domains/tamara1/images/wso.php' not found or unable to stat
[Thu Mar 05 01:40:37.132259 2026] [php:error] [pid 17693] [client 20.63.210.169:0] script '/domains/tamara1/info.php' not found or unable to stat
[Thu Mar 05 01:40:37.323897 2026] [php:error] [pid 17693] [client 20.63.210.169:0] script '/domains/tamara1/profile.php' not found or unable to stat
[Thu Mar 05 01:40:37.505538 2026] [php:error] [pid 17693] [client 20.63.210.169:0] script '/domains/tamara1/sx.php' not found or unable to stat
[Thu Mar 05 01:40:41.535729 2026] [php:error] [pid 17693] [client 20.63.210.169:0] script '/domains/tamara1/wp-fclass.php' not found or unable to stat
[Thu Mar 05 01:40:44.258629 2026] [core:error] [pid 17680] [client 143.14.6.182:0] AH10244: invalid URI path (/../images/museum/36.African_Hall_E.jpg), referer: http://viamontedesign.com/
[Thu Mar 05 01:40:45.014184 2026] [php:error] [pid 17693] [client 20.63.210.169:0] script '/domains/tamara1/wp-themes.php' not found or unable to stat
[Thu Mar 05 01:40:45.195381 2026] [php:error] [pid 17693] [client 20.63.210.169:0] script '/domains/tamara1/xmlrpc.php' not found or unable to stat
[Thu Mar 05 01:40:52.746714 2026] [php:error] [pid 17684] [client 20.194.29.45:0] script '/domains/aatweb/auth.php' not found or unable to stat
[Thu Mar 05 01:40:52.941741 2026] [php:error] [pid 17684] [client 20.194.29.45:0] script '/domains/aatweb/504.php' not found or unable to stat
[Thu Mar 05 01:40:53.981188 2026] [php:error] [pid 17684] [client 20.194.29.45:0] script '/domains/aatweb/bk.php' not found or unable to stat
[Thu Mar 05 01:40:54.207875 2026] [php:error] [pid 17684] [client 20.194.29.45:0] script '/domains/aatweb/1.php' not found or unable to stat
[Thu Mar 05 01:40:54.862219 2026] [php:error] [pid 17684] [client 20.194.29.45:0] script '/domains/aatweb/error.php' not found or unable to stat
[Thu Mar 05 01:40:56.084597 2026] [php:error] [pid 17684] [client 20.194.29.45:0] script '/domains/aatweb/ab.php' not found or unable to stat
[Thu Mar 05 01:40:58.950902 2026] [php:error] [pid 17684] [client 20.194.29.45:0] script '/domains/aatweb/new.php' not found or unable to stat
[Thu Mar 05 01:40:59.340773 2026] [php:error] [pid 17684] [client 20.194.29.45:0] script '/domains/aatweb/post.php' not found or unable to stat
[Thu Mar 05 01:41:01.182820 2026] [php:error] [pid 17684] [client 20.194.29.45:0] script '/domains/aatweb/lock360.php' not found or unable to stat
[Thu Mar 05 01:41:02.078419 2026] [php:error] [pid 17684] [client 20.194.29.45:0] script '/domains/aatweb/10.php' not found or unable to stat
[Thu Mar 05 01:41:03.203984 2026] [php:error] [pid 17684] [client 20.194.29.45:0] script '/domains/aatweb/fox.php' not found or unable to stat
[Thu Mar 05 01:41:03.633501 2026] [php:error] [pid 17684] [client 20.194.29.45:0] script '/domains/aatweb/s.php' not found or unable to stat
[Thu Mar 05 01:41:04.285581 2026] [php:error] [pid 17684] [client 20.194.29.45:0] script '/domains/aatweb/archive.php' not found or unable to stat
[Thu Mar 05 01:41:24.739586 2026] [php:error] [pid 17695] [client 207.180.11.199:0] script '/domains/hdickens.enteract/kmnj.php' not found or unable to stat
[Thu Mar 05 01:41:25.946876 2026] [php:error] [pid 17696] [client 143.20.253.28:0] script '/domains/hdickens.enteract/kmnj.php' not found or unable to stat
[Thu Mar 05 01:41:26.966503 2026] [php:error] [pid 17684] [client 143.14.6.14:0] script '/domains/hdickens.enteract/kmnj.php' not found or unable to stat
[Thu Mar 05 01:41:32.880533 2026] [php:error] [pid 17680] [client 163.7.9.86:0] script '/domains/apunderkofler/wp-config.php.orig' not found or unable to stat
[Thu Mar 05 01:42:14.534973 2026] [php:error] [pid 17703] [client 163.7.9.86:0] script '/domains/apunderkofler/connect.php.bak' not found or unable to stat
[Thu Mar 05 01:42:27.318351 2026] [php:error] [pid 17707] [client 163.7.9.86:0] script '/domains/apunderkofler/config.inc.php' not found or unable to stat
[Thu Mar 05 01:42:27.514806 2026] [php:error] [pid 17699] [client 163.7.9.86:0] script '/domains/apunderkofler/connection.php.bak' not found or unable to stat
[Thu Mar 05 01:42:27.530835 2026] [php:error] [pid 17700] [client 163.7.9.86:0] script '/domains/apunderkofler/config.php.old' not found or unable to stat
[Thu Mar 05 01:42:28.555641 2026] [php:error] [pid 17708] [client 163.7.9.86:0] script '/domains/apunderkofler/wp-config-sample.php.bak' not found or unable to stat
[Thu Mar 05 01:42:35.589757 2026] [php:error] [pid 17711] [client 163.7.9.86:0] script '/domains/apunderkofler/config.php.old' not found or unable to stat
[Thu Mar 05 01:42:43.965704 2026] [php:error] [pid 17706] [client 163.7.9.86:0] script '/domains/apunderkofler/settings.php.old' not found or unable to stat
[Thu Mar 05 01:42:44.026050 2026] [php:error] [pid 17684] [client 163.7.9.86:0] script '/domains/apunderkofler/settings.php.save' not found or unable to stat
[Thu Mar 05 01:42:51.240375 2026] [php:error] [pid 17716] [client 163.7.9.86:0] script '/domains/apunderkofler/xdebug.php' not found or unable to stat
[Thu Mar 05 01:42:52.344476 2026] [php:error] [pid 17715] [client 163.7.9.86:0] script '/domains/apunderkofler/test_socket.php' not found or unable to stat
[Thu Mar 05 01:42:52.408422 2026] [php:error] [pid 17714] [client 163.7.9.86:0] script '/domains/apunderkofler/configuration.php.bak' not found or unable to stat
[Thu Mar 05 01:42:53.260643 2026] [php:error] [pid 17716] [client 163.7.9.86:0] script '/domains/apunderkofler/testdb.php' not found or unable to stat
[Thu Mar 05 01:43:00.950560 2026] [php:error] [pid 17684] [client 163.7.9.86:0] script '/domains/apunderkofler/server-info.php' not found or unable to stat
[Thu Mar 05 01:43:01.843017 2026] [php:error] [pid 17707] [client 163.7.9.86:0] script '/domains/apunderkofler/adminer-4.2.5-mysql-en.php' not found or unable to stat
[Thu Mar 05 01:43:01.863621 2026] [php:error] [pid 17695] [client 163.7.9.86:0] script '/domains/apunderkofler/phpmyadmin.php' not found or unable to stat
[Thu Mar 05 01:43:02.551894 2026] [php:error] [pid 17703] [client 163.7.9.86:0] script '/domains/apunderkofler/dbadmin.php' not found or unable to stat
[Thu Mar 05 01:43:08.707005 2026] [php:error] [pid 17718] [client 163.7.9.86:0] script '/domains/apunderkofler/sqladmin.php' not found or unable to stat
[Thu Mar 05 01:43:09.021905 2026] [php:error] [pid 17711] [client 163.7.9.86:0] script '/domains/apunderkofler/sql.php' not found or unable to stat
[Thu Mar 05 01:43:25.208021 2026] [php:error] [pid 17714] [client 163.7.9.86:0] script '/domains/apunderkofler/install.php' not found or unable to stat
[Thu Mar 05 01:43:25.688740 2026] [php:error] [pid 17720] [client 163.7.9.86:0] script '/domains/apunderkofler/setup.php' not found or unable to stat
[Thu Mar 05 01:43:43.775096 2026] [php:error] [pid 17719] [client 163.7.9.86:0] script '/domains/apunderkofler/index-dev.php' not found or unable to stat
[Thu Mar 05 01:43:43.836951 2026] [php:error] [pid 17714] [client 163.7.9.86:0] script '/domains/apunderkofler/maintenance.php' not found or unable to stat
[Thu Mar 05 01:43:43.839776 2026] [php:error] [pid 17718] [client 163.7.9.86:0] script '/domains/apunderkofler/migrate.php' not found or unable to stat
[Thu Mar 05 01:43:44.174691 2026] [php:error] [pid 17721] [client 163.7.9.86:0] script '/domains/apunderkofler/console.php' not found or unable to stat
[Thu Mar 05 01:43:48.969413 2026] [php:error] [pid 17725] [client 163.7.9.86:0] script '/domains/apunderkofler/index-dev.php' not found or unable to stat
[Thu Mar 05 01:43:49.186889 2026] [php:error] [pid 17726] [client 163.7.9.86:0] script '/domains/apunderkofler/upgrader.php' not found or unable to stat
[Thu Mar 05 01:43:52.304975 2026] [php:error] [pid 17714] [client 163.7.9.86:0] script '/domains/apunderkofler/migration.php' not found or unable to stat
[Thu Mar 05 01:45:35.627432 2026] [php:error] [pid 17722] [client 20.205.226.191:0] script '/domains/system_suspended/ioxi-o.php' not found or unable to stat
[Thu Mar 05 01:45:35.865932 2026] [php:error] [pid 17722] [client 20.205.226.191:0] script '/domains/system_suspended/0x.php' not found or unable to stat
[Thu Mar 05 01:45:36.104394 2026] [php:error] [pid 17722] [client 20.205.226.191:0] script '/domains/system_suspended/222.php' not found or unable to stat
[Thu Mar 05 01:45:36.343001 2026] [php:error] [pid 17722] [client 20.205.226.191:0] script '/domains/system_suspended/aa.php' not found or unable to stat
[Thu Mar 05 01:45:36.581767 2026] [php:error] [pid 17722] [client 20.205.226.191:0] script '/domains/system_suspended/abcd.php' not found or unable to stat
[Thu Mar 05 01:45:36.820705 2026] [php:error] [pid 17722] [client 20.205.226.191:0] script '/domains/system_suspended/admin.php' not found or unable to stat
[Thu Mar 05 01:45:37.297719 2026] [php:error] [pid 17722] [client 20.205.226.191:0] script '/domains/system_suspended/adminfuns.php' not found or unable to stat
[Thu Mar 05 01:45:37.535719 2026] [php:error] [pid 17722] [client 20.205.226.191:0] script '/domains/system_suspended/akc.php' not found or unable to stat
[Thu Mar 05 01:45:37.773786 2026] [php:error] [pid 17722] [client 20.205.226.191:0] script '/domains/system_suspended/buy.php' not found or unable to stat
[Thu Mar 05 01:45:38.012396 2026] [php:error] [pid 17722] [client 20.205.226.191:0] script '/domains/system_suspended/cong.php' not found or unable to stat
[Thu Mar 05 01:45:38.290392 2026] [php:error] [pid 17753] [client 20.53.240.38:0] script '/domains/system_cancel/auth.php' not found or unable to stat
[Thu Mar 05 01:45:38.490536 2026] [php:error] [pid 17722] [client 20.205.226.191:0] script '/domains/system_suspended/db.php' not found or unable to stat
[Thu Mar 05 01:45:38.728871 2026] [php:error] [pid 17722] [client 20.205.226.191:0] script '/domains/system_suspended/dropdown.php' not found or unable to stat
[Thu Mar 05 01:45:38.967668 2026] [php:error] [pid 17722] [client 20.205.226.191:0] script '/domains/system_suspended/file.php' not found or unable to stat
[Thu Mar 05 01:45:39.205555 2026] [php:error] [pid 17722] [client 20.205.226.191:0] script '/domains/system_suspended/goods.php' not found or unable to stat
[Thu Mar 05 01:45:39.444073 2026] [php:error] [pid 17722] [client 20.205.226.191:0] script '/domains/system_suspended/hplfuns.php' not found or unable to stat
[Thu Mar 05 01:45:39.682100 2026] [php:error] [pid 17722] [client 20.205.226.191:0] script '/domains/system_suspended/htaccess.php' not found or unable to stat
[Thu Mar 05 01:45:40.396831 2026] [php:error] [pid 17722] [client 20.205.226.191:0] script '/domains/system_suspended/info.php' not found or unable to stat
[Thu Mar 05 01:45:40.522452 2026] [php:error] [pid 17753] [client 20.53.240.38:0] script '/domains/system_cancel/error.php' not found or unable to stat
[Thu Mar 05 01:45:40.635081 2026] [php:error] [pid 17722] [client 20.205.226.191:0] script '/domains/system_suspended/profile.php' not found or unable to stat
[Thu Mar 05 01:45:40.874702 2026] [php:error] [pid 17722] [client 20.205.226.191:0] script '/domains/system_suspended/sx.php' not found or unable to stat
[Thu Mar 05 01:45:42.001755 2026] [php:error] [pid 17753] [client 20.53.240.38:0] script '/domains/system_cancel/ab.php' not found or unable to stat
[Thu Mar 05 01:45:45.077759 2026] [php:error] [pid 17753] [client 20.53.240.38:0] script '/domains/system_cancel/new.php' not found or unable to stat
[Thu Mar 05 01:45:46.116746 2026] [php:error] [pid 17722] [client 20.205.226.191:0] script '/domains/system_suspended/wp-fclass.php' not found or unable to stat
[Thu Mar 05 01:45:47.462887 2026] [php:error] [pid 17753] [client 20.53.240.38:0] script '/domains/system_cancel/lock360.php' not found or unable to stat
[Thu Mar 05 01:45:50.624320 2026] [php:error] [pid 17753] [client 20.53.240.38:0] script '/domains/system_cancel/archive.php' not found or unable to stat
[Thu Mar 05 01:45:50.665535 2026] [php:error] [pid 17722] [client 20.205.226.191:0] script '/domains/system_suspended/wp-themes.php' not found or unable to stat
[Thu Mar 05 01:45:50.903728 2026] [php:error] [pid 17722] [client 20.205.226.191:0] script '/domains/system_suspended/xmlrpc.php' not found or unable to stat
[Thu Mar 05 01:46:55.917436 2026] [php:error] [pid 17759] [client 145.239.10.137:0] script '/domains/pmglobal/k.php' not found or unable to stat, referer: http://pmglobalinfra.com/k.php
[Thu Mar 05 01:47:12.412103 2026] [php:error] [pid 17740] [client 20.89.58.13:0] script '/domains/system_default/adminfuns.php' not found or unable to stat
[Thu Mar 05 01:47:12.624348 2026] [php:error] [pid 17740] [client 20.89.58.13:0] script '/domains/system_default/admin.php' not found or unable to stat
[Thu Mar 05 01:47:12.828884 2026] [php:error] [pid 17740] [client 20.89.58.13:0] script '/domains/system_default/adminer.php' not found or unable to stat
[Thu Mar 05 01:47:13.033079 2026] [php:error] [pid 17740] [client 20.89.58.13:0] script '/domains/system_default/ioxi-o.php' not found or unable to stat
[Thu Mar 05 01:47:13.218889 2026] [php:error] [pid 17740] [client 20.89.58.13:0] script '/domains/system_default/bless.php' not found or unable to stat
[Thu Mar 05 01:47:13.444333 2026] [php:error] [pid 17740] [client 20.89.58.13:0] script '/domains/system_default/rip.php' not found or unable to stat
[Thu Mar 05 01:47:13.618639 2026] [php:error] [pid 17740] [client 20.89.58.13:0] script '/domains/system_default/wp-blog.php' not found or unable to stat
[Thu Mar 05 01:47:13.793019 2026] [php:error] [pid 17740] [client 20.89.58.13:0] script '/domains/system_default/wp-editor.php' not found or unable to stat
[Thu Mar 05 01:47:13.967445 2026] [php:error] [pid 17740] [client 20.89.58.13:0] script '/domains/system_default/bolt.php' not found or unable to stat
[Thu Mar 05 01:47:14.151489 2026] [php:error] [pid 17740] [client 20.89.58.13:0] script '/domains/system_default/fff.php' not found or unable to stat
[Thu Mar 05 01:47:14.345106 2026] [php:error] [pid 17740] [client 20.89.58.13:0] script '/domains/system_default/cache.php' not found or unable to stat
[Thu Mar 05 01:47:14.529217 2026] [php:error] [pid 17740] [client 20.89.58.13:0] script '/domains/system_default/xmrlpc.php' not found or unable to stat
[Thu Mar 05 01:47:14.703776 2026] [php:error] [pid 17740] [client 20.89.58.13:0] script '/domains/system_default/themes.php' not found or unable to stat
[Thu Mar 05 01:47:14.879147 2026] [php:error] [pid 17740] [client 20.89.58.13:0] script '/domains/system_default/an.php' not found or unable to stat
[Thu Mar 05 01:47:15.053403 2026] [php:error] [pid 17740] [client 20.89.58.13:0] script '/domains/system_default/abc.php' not found or unable to stat
[Thu Mar 05 01:47:15.267136 2026] [php:error] [pid 17740] [client 20.89.58.13:0] script '/domains/system_default/abcd.php' not found or unable to stat
[Thu Mar 05 01:47:15.468711 2026] [php:error] [pid 17740] [client 20.89.58.13:0] script '/domains/system_default/as.php' not found or unable to stat
[Thu Mar 05 01:47:15.643361 2026] [php:error] [pid 17740] [client 20.89.58.13:0] script '/domains/system_default/goods.php' not found or unable to stat
[Thu Mar 05 01:47:15.819636 2026] [php:error] [pid 17740] [client 20.89.58.13:0] script '/domains/system_default/class-t.api.php' not found or unable to stat
[Thu Mar 05 01:47:15.994104 2026] [php:error] [pid 17740] [client 20.89.58.13:0] script '/domains/system_default/ccou.php' not found or unable to stat
[Thu Mar 05 01:47:16.170286 2026] [php:error] [pid 17740] [client 20.89.58.13:0] script '/domains/system_default/000.php' not found or unable to stat
[Thu Mar 05 01:47:16.386247 2026] [php:error] [pid 17740] [client 20.89.58.13:0] script '/domains/system_default/ex.php' not found or unable to stat
[Thu Mar 05 01:47:16.606669 2026] [php:error] [pid 17740] [client 20.89.58.13:0] script '/domains/system_default/pp.php' not found or unable to stat
[Thu Mar 05 01:47:16.781288 2026] [php:error] [pid 17740] [client 20.89.58.13:0] script '/domains/system_default/sd.php' not found or unable to stat
[Thu Mar 05 01:47:16.956130 2026] [php:error] [pid 17740] [client 20.89.58.13:0] script '/domains/system_default/s.php' not found or unable to stat
[Thu Mar 05 01:47:17.130480 2026] [php:error] [pid 17740] [client 20.89.58.13:0] script '/domains/system_default/sf.php' not found or unable to stat
[Thu Mar 05 01:47:17.325178 2026] [php:error] [pid 17740] [client 20.89.58.13:0] script '/domains/system_default/kbfr.php' not found or unable to stat
[Thu Mar 05 01:47:17.499412 2026] [php:error] [pid 17740] [client 20.89.58.13:0] script '/domains/system_default/222.php' not found or unable to stat
[Thu Mar 05 01:47:17.675173 2026] [php:error] [pid 17740] [client 20.89.58.13:0] script '/domains/system_default/ws.php' not found or unable to stat
[Thu Mar 05 01:47:17.849903 2026] [php:error] [pid 17740] [client 20.89.58.13:0] script '/domains/system_default/404.php' not found or unable to stat
[Thu Mar 05 01:47:18.028070 2026] [php:error] [pid 17740] [client 20.89.58.13:0] script '/domains/system_default/inputs.php' not found or unable to stat
[Thu Mar 05 01:47:18.216887 2026] [php:error] [pid 17740] [client 20.89.58.13:0] script '/domains/system_default/autoload_classmap.php' not found or unable to stat
[Thu Mar 05 01:47:18.391086 2026] [php:error] [pid 17740] [client 20.89.58.13:0] script '/domains/system_default/chosen.php' not found or unable to stat
[Thu Mar 05 01:47:18.565714 2026] [php:error] [pid 17740] [client 20.89.58.13:0] script '/domains/system_default/classwithtostring.php' not found or unable to stat
[Thu Mar 05 01:47:18.740829 2026] [php:error] [pid 17740] [client 20.89.58.13:0] script '/domains/system_default/defaults.php' not found or unable to stat
[Thu Mar 05 01:47:18.915341 2026] [php:error] [pid 17740] [client 20.89.58.13:0] script '/domains/system_default/wp-trackback.php' not found or unable to stat
[Thu Mar 05 01:47:19.109532 2026] [php:error] [pid 17740] [client 20.89.58.13:0] script '/domains/system_default/info.php' not found or unable to stat
[Thu Mar 05 01:47:19.283944 2026] [php:error] [pid 17740] [client 20.89.58.13:0] script '/domains/system_default/about.php' not found or unable to stat
[Thu Mar 05 01:47:19.458242 2026] [php:error] [pid 17740] [client 20.89.58.13:0] script '/domains/system_default/file.php' not found or unable to stat
[Thu Mar 05 01:47:19.632460 2026] [php:error] [pid 17740] [client 20.89.58.13:0] script '/domains/system_default/wp-good.php' not found or unable to stat
[Thu Mar 05 01:47:19.818690 2026] [php:error] [pid 17740] [client 20.89.58.13:0] script '/domains/system_default/xmlrpc.php' not found or unable to stat
[Thu Mar 05 01:47:21.121187 2026] [php:error] [pid 17740] [client 20.89.58.13:0] script '/domains/system_default/server.php' not found or unable to stat
[Thu Mar 05 01:47:31.100630 2026] [php:error] [pid 17769] [client 20.205.120.43:0] script '/domains/resourceandeventweb/wp-2019.php' not found or unable to stat
[Thu Mar 05 01:47:31.536060 2026] [php:error] [pid 17769] [client 20.205.120.43:0] script '/domains/resourceandeventweb/0.php' not found or unable to stat
[Thu Mar 05 01:47:31.785814 2026] [php:error] [pid 17769] [client 20.205.120.43:0] script '/domains/resourceandeventweb/1.php' not found or unable to stat
[Thu Mar 05 01:47:32.001119 2026] [php:error] [pid 17769] [client 20.205.120.43:0] script '/domains/resourceandeventweb/12.php' not found or unable to stat
[Thu Mar 05 01:47:32.216248 2026] [php:error] [pid 17769] [client 20.205.120.43:0] script '/domains/resourceandeventweb/120f9.php' not found or unable to stat
[Thu Mar 05 01:47:32.464514 2026] [php:error] [pid 17769] [client 20.205.120.43:0] script '/domains/resourceandeventweb/22.php' not found or unable to stat
[Thu Mar 05 01:47:32.679697 2026] [php:error] [pid 17769] [client 20.205.120.43:0] script '/domains/resourceandeventweb/403.php' not found or unable to stat
[Thu Mar 05 01:47:32.908214 2026] [php:error] [pid 17769] [client 20.205.120.43:0] script '/domains/resourceandeventweb/504.php' not found or unable to stat
[Thu Mar 05 01:47:33.130249 2026] [php:error] [pid 17769] [client 20.205.120.43:0] script '/domains/resourceandeventweb/GOD.php' not found or unable to stat
[Thu Mar 05 01:47:33.345594 2026] [php:error] [pid 17769] [client 20.205.120.43:0] script '/domains/resourceandeventweb/NewFile.php' not found or unable to stat
[Thu Mar 05 01:47:33.560726 2026] [php:error] [pid 17769] [client 20.205.120.43:0] script '/domains/resourceandeventweb/aaa.php' not found or unable to stat
[Thu Mar 05 01:47:33.791504 2026] [php:error] [pid 17769] [client 20.205.120.43:0] script '/domains/resourceandeventweb/ab.php' not found or unable to stat
[Thu Mar 05 01:47:34.699418 2026] [php:error] [pid 17769] [client 20.205.120.43:0] script '/domains/resourceandeventweb/al.php' not found or unable to stat
[Thu Mar 05 01:47:34.958150 2026] [php:error] [pid 17769] [client 20.205.120.43:0] script '/domains/resourceandeventweb/alfa-rex.php' not found or unable to stat
[Thu Mar 05 01:47:35.389564 2026] [php:error] [pid 17769] [client 20.205.120.43:0] script '/domains/resourceandeventweb/alfanew.php' not found or unable to stat
[Thu Mar 05 01:47:35.604595 2026] [php:error] [pid 17769] [client 20.205.120.43:0] script '/domains/resourceandeventweb/auth.php' not found or unable to stat
[Thu Mar 05 01:47:35.823401 2026] [php:error] [pid 17769] [client 20.205.120.43:0] script '/domains/resourceandeventweb/b.php' not found or unable to stat
[Thu Mar 05 01:47:36.040720 2026] [php:error] [pid 17769] [client 20.205.120.43:0] script '/domains/resourceandeventweb/b0.php' not found or unable to stat
[Thu Mar 05 01:47:36.256203 2026] [php:error] [pid 17769] [client 20.205.120.43:0] script '/domains/resourceandeventweb/back.php' not found or unable to stat
[Thu Mar 05 01:47:36.495773 2026] [php:error] [pid 17769] [client 20.205.120.43:0] script '/domains/resourceandeventweb/bala.php' not found or unable to stat
[Thu Mar 05 01:47:36.720794 2026] [php:error] [pid 17769] [client 20.205.120.43:0] script '/domains/resourceandeventweb/baxa1.php' not found or unable to stat
[Thu Mar 05 01:47:36.964940 2026] [php:error] [pid 17769] [client 20.205.120.43:0] script '/domains/resourceandeventweb/buy.php' not found or unable to stat
[Thu Mar 05 01:47:37.180451 2026] [php:error] [pid 17769] [client 20.205.120.43:0] script '/domains/resourceandeventweb/byp.php' not found or unable to stat
[Thu Mar 05 01:47:37.395505 2026] [php:error] [pid 17769] [client 20.205.120.43:0] script '/domains/resourceandeventweb/c.php' not found or unable to stat
[Thu Mar 05 01:47:37.627619 2026] [php:error] [pid 17769] [client 20.205.120.43:0] script '/domains/resourceandeventweb/c99.php' not found or unable to stat
[Thu Mar 05 01:47:37.854982 2026] [php:error] [pid 17769] [client 20.205.120.43:0] script '/domains/resourceandeventweb/chosen.php' not found or unable to stat
