[Tue Mar 03 02:04:05.624368 2026] [php:error] [pid 75230] [client 45.154.138.175:0] script '/domains/system_suspended/options-writing.php' not found or unable to stat
[Tue Mar 03 02:04:05.828705 2026] [php:error] [pid 75230] [client 45.154.138.175:0] script '/domains/system_suspended/options-reading.php' not found or unable to stat
[Tue Mar 03 02:04:06.034580 2026] [php:error] [pid 75230] [client 45.154.138.175:0] script '/domains/system_suspended/wsad.php' not found or unable to stat
[Tue Mar 03 02:04:06.360112 2026] [php:error] [pid 75230] [client 45.154.138.175:0] script '/domains/system_suspended/nation.php' not found or unable to stat
[Tue Mar 03 02:04:07.710561 2026] [php:error] [pid 75230] [client 45.154.138.175:0] script '/domains/system_suspended/wp-atomx.php' not found or unable to stat
[Tue Mar 03 02:04:08.055396 2026] [php:error] [pid 75230] [client 45.154.138.175:0] script '/domains/system_suspended/admin-footer.php' not found or unable to stat
[Tue Mar 03 02:04:08.571202 2026] [php:error] [pid 75230] [client 45.154.138.175:0] script '/domains/system_suspended/XxX.php' not found or unable to stat
[Tue Mar 03 02:04:15.468403 2026] [php:error] [pid 75230] [client 45.154.138.175:0] script '/domains/system_suspended/xex.php' not found or unable to stat
[Tue Mar 03 02:04:16.623862 2026] [php:error] [pid 75230] [client 45.154.138.175:0] script '/domains/system_suspended/wp-head.php' not found or unable to stat
[Tue Mar 03 02:04:17.409462 2026] [php:error] [pid 75230] [client 45.154.138.175:0] script '/domains/system_suspended/makeasmtp.php' not found or unable to stat
[Tue Mar 03 02:04:21.995519 2026] [php:error] [pid 75230] [client 45.154.138.175:0] script '/domains/system_suspended/click.php' not found or unable to stat
[Tue Mar 03 02:04:24.671933 2026] [php:error] [pid 75230] [client 45.154.138.175:0] script '/domains/system_suspended/wp-admin.php' not found or unable to stat
[Tue Mar 03 02:04:25.666323 2026] [php:error] [pid 75230] [client 45.154.138.175:0] script '/domains/system_suspended/wp-editor.php' not found or unable to stat
[Tue Mar 03 02:04:27.004839 2026] [php:error] [pid 75224] [client 45.154.138.238:0] script '/domains/system_suspended/adminfusm.php' not found or unable to stat
[Tue Mar 03 02:04:30.271614 2026] [php:error] [pid 75224] [client 45.154.138.238:0] script '/domains/system_suspended/f35_SpaceTn.php' not found or unable to stat
[Tue Mar 03 02:04:33.223072 2026] [php:error] [pid 75224] [client 45.154.138.238:0] script '/domains/system_suspended/gm.php' not found or unable to stat
[Tue Mar 03 02:04:37.036080 2026] [php:error] [pid 75224] [client 45.154.138.238:0] script '/domains/system_suspended/plugin-install.php' not found or unable to stat
[Tue Mar 03 02:04:42.998889 2026] [php:error] [pid 75224] [client 45.154.138.238:0] script '/domains/system_suspended/b.php' not found or unable to stat
[Tue Mar 03 02:04:44.525167 2026] [php:error] [pid 75224] [client 45.154.138.238:0] script '/domains/system_suspended/wsax.php' not found or unable to stat
[Tue Mar 03 02:04:46.080946 2026] [php:error] [pid 75215] [client 104.28.163.4:0] script '/domains/drsuper/xmlrpc.php' not found or unable to stat
[Tue Mar 03 02:04:54.387301 2026] [php:error] [pid 75222] [client 45.154.138.220:0] script '/domains/system_suspended/bs1.php' not found or unable to stat
[Tue Mar 03 02:04:55.132362 2026] [php:error] [pid 75222] [client 45.154.138.220:0] script '/domains/system_suspended/page.php' not found or unable to stat
[Tue Mar 03 02:05:00.984894 2026] [php:error] [pid 75227] [client 181.215.94.6:0] script '/domains/system_suspended/ws.php' not found or unable to stat
[Tue Mar 03 02:05:01.768536 2026] [php:error] [pid 75227] [client 181.215.94.6:0] script '/domains/system_suspended/shop.php' not found or unable to stat
[Tue Mar 03 02:05:03.368632 2026] [php:error] [pid 75227] [client 181.215.94.6:0] script '/domains/system_suspended/wp-api.php' not found or unable to stat
[Tue Mar 03 02:05:03.910553 2026] [php:error] [pid 75227] [client 181.215.94.6:0] script '/domains/system_suspended/css.php' not found or unable to stat
[Tue Mar 03 02:05:05.497141 2026] [php:error] [pid 75227] [client 181.215.94.6:0] script '/domains/system_suspended/wp-error_log.php' not found or unable to stat
[Tue Mar 03 02:05:05.898424 2026] [php:error] [pid 75222] [client 94.26.106.199:0] script '/domains/system_default/wp-login.php' not found or unable to stat
[Tue Mar 03 02:05:09.421987 2026] [php:error] [pid 75227] [client 181.215.94.6:0] script '/domains/system_suspended/files.php' not found or unable to stat
[Tue Mar 03 02:05:11.630688 2026] [php:error] [pid 75227] [client 181.215.94.6:0] script '/domains/system_suspended/blog.php' not found or unable to stat
[Tue Mar 03 02:05:13.953513 2026] [php:error] [pid 75227] [client 181.215.94.6:0] script '/domains/system_suspended/elp.php' not found or unable to stat
[Tue Mar 03 02:05:15.966669 2026] [php:error] [pid 75227] [client 181.215.94.6:0] script '/domains/system_suspended/entrepreneuse.php' not found or unable to stat
[Tue Mar 03 02:05:18.941360 2026] [php:error] [pid 75227] [client 181.215.94.6:0] script '/domains/system_suspended/testt.php' not found or unable to stat
[Tue Mar 03 02:05:20.685655 2026] [php:error] [pid 75227] [client 181.215.94.6:0] script '/domains/system_suspended/network.php' not found or unable to stat
[Tue Mar 03 02:05:21.304444 2026] [php:error] [pid 75227] [client 181.215.94.6:0] script '/domains/system_suspended/wikindex.php' not found or unable to stat
[Tue Mar 03 02:05:25.762873 2026] [php:error] [pid 75221] [client 103.77.107.72:0] script '/domains/efusion1/404.php' not found or unable to stat
[Tue Mar 03 02:05:26.432833 2026] [php:error] [pid 75227] [client 103.77.107.72:0] script '/domains/efusion1/users.php' not found or unable to stat
[Tue Mar 03 02:05:27.364395 2026] [php:error] [pid 75238] [client 103.77.107.72:0] script '/domains/efusion1/classwithtostring.php' not found or unable to stat
[Tue Mar 03 02:05:28.063835 2026] [php:error] [pid 75227] [client 103.77.107.72:0] script '/domains/efusion1/wp-head.php' not found or unable to stat
[Tue Mar 03 02:05:28.760703 2026] [php:error] [pid 75227] [client 103.77.107.72:0] script '/domains/efusion1/admin.php' not found or unable to stat
[Tue Mar 03 02:05:28.831313 2026] [php:error] [pid 75238] [client 20.239.137.159:0] script '/domains/highlandlabs/222.php' not found or unable to stat
[Tue Mar 03 02:05:29.054855 2026] [php:error] [pid 75238] [client 20.239.137.159:0] script '/domains/highlandlabs/404.php' not found or unable to stat
[Tue Mar 03 02:05:29.278184 2026] [php:error] [pid 75238] [client 20.239.137.159:0] script '/domains/highlandlabs/about.php' not found or unable to stat
[Tue Mar 03 02:05:29.706264 2026] [php:error] [pid 75221] [client 103.77.107.72:0] script '/domains/efusion1/about.php' not found or unable to stat
[Tue Mar 03 02:05:29.733717 2026] [php:error] [pid 75238] [client 20.239.137.159:0] script '/domains/highlandlabs/adminfuns.php' not found or unable to stat
[Tue Mar 03 02:05:29.956814 2026] [php:error] [pid 75238] [client 20.239.137.159:0] script '/domains/highlandlabs/bless.php' not found or unable to stat
[Tue Mar 03 02:05:30.181343 2026] [php:error] [pid 75238] [client 20.239.137.159:0] script '/domains/highlandlabs/bolt.php' not found or unable to stat
[Tue Mar 03 02:05:30.405070 2026] [php:error] [pid 75238] [client 20.239.137.159:0] script '/domains/highlandlabs/ccou.php' not found or unable to stat
[Tue Mar 03 02:05:30.408920 2026] [php:error] [pid 75227] [client 103.77.107.72:0] script '/domains/efusion1/dropdown.php' not found or unable to stat
[Tue Mar 03 02:05:30.629824 2026] [php:error] [pid 75238] [client 20.239.137.159:0] script '/domains/highlandlabs/class-t.api.php' not found or unable to stat
[Tue Mar 03 02:05:30.853099 2026] [php:error] [pid 75238] [client 20.239.137.159:0] script '/domains/highlandlabs/css.php' not found or unable to stat
[Tue Mar 03 02:05:30.997949 2026] [php:error] [pid 75224] [client 45.154.138.174:0] script '/domains/system_suspended/media-new.php' not found or unable to stat
[Tue Mar 03 02:05:31.302670 2026] [php:error] [pid 75238] [client 20.239.137.159:0] script '/domains/highlandlabs/edit.php' not found or unable to stat
[Tue Mar 03 02:05:31.406066 2026] [php:error] [pid 75231] [client 103.77.107.72:0] script '/domains/efusion1/wp-header.php' not found or unable to stat
[Tue Mar 03 02:05:31.525822 2026] [php:error] [pid 75238] [client 20.239.137.159:0] script '/domains/highlandlabs/fff.php' not found or unable to stat
[Tue Mar 03 02:05:31.749139 2026] [php:error] [pid 75238] [client 20.239.137.159:0] script '/domains/highlandlabs/file.php' not found or unable to stat
[Tue Mar 03 02:05:31.972476 2026] [php:error] [pid 75238] [client 20.239.137.159:0] script '/domains/highlandlabs/fx.php' not found or unable to stat
[Tue Mar 03 02:05:32.195921 2026] [php:error] [pid 75238] [client 20.239.137.159:0] script '/domains/highlandlabs/info.php' not found or unable to stat
[Tue Mar 03 02:05:32.420592 2026] [php:error] [pid 75238] [client 20.239.137.159:0] script '/domains/highlandlabs/ioxi-o.php' not found or unable to stat
[Tue Mar 03 02:05:32.624298 2026] [php:error] [pid 75224] [client 45.154.138.174:0] script '/domains/system_suspended/pages.php' not found or unable to stat
[Tue Mar 03 02:05:32.645621 2026] [php:error] [pid 75238] [client 20.239.137.159:0] script '/domains/highlandlabs/rip.php' not found or unable to stat
[Tue Mar 03 02:05:32.869003 2026] [php:error] [pid 75238] [client 20.239.137.159:0] script '/domains/highlandlabs/server.php' not found or unable to stat
[Tue Mar 03 02:05:33.104099 2026] [php:error] [pid 75238] [client 20.239.137.159:0] script '/domains/highlandlabs/wp-blog.php' not found or unable to stat
[Tue Mar 03 02:05:33.817834 2026] [php:error] [pid 75236] [client 103.77.107.72:0] script '/domains/efusion1/alfanew.php' not found or unable to stat
[Tue Mar 03 02:05:34.446132 2026] [php:error] [pid 75238] [client 20.239.137.159:0] script '/domains/highlandlabs/wp-editor.php' not found or unable to stat
[Tue Mar 03 02:05:34.658149 2026] [php:error] [pid 75224] [client 45.154.138.174:0] script '/domains/system_suspended/adminfus.php' not found or unable to stat
[Tue Mar 03 02:05:35.152147 2026] [php:error] [pid 75231] [client 103.77.107.72:0] script '/domains/efusion1/radio.php' not found or unable to stat
[Tue Mar 03 02:05:35.562896 2026] [php:error] [pid 75238] [client 20.239.137.159:0] script '/domains/highlandlabs/wp.php' not found or unable to stat
[Tue Mar 03 02:05:35.786067 2026] [php:error] [pid 75238] [client 20.239.137.159:0] script '/domains/highlandlabs/x.php' not found or unable to stat
[Tue Mar 03 02:05:35.897204 2026] [php:error] [pid 75224] [client 45.154.138.174:0] script '/domains/system_suspended/cong.php' not found or unable to stat
[Tue Mar 03 02:05:36.203431 2026] [php:error] [pid 75221] [client 103.77.107.72:0] script '/domains/efusion1/simple.php' not found or unable to stat
[Tue Mar 03 02:05:37.980583 2026] [php:error] [pid 75224] [client 45.154.138.174:0] script '/domains/system_suspended/wp-configs.php' not found or unable to stat
[Tue Mar 03 02:05:38.468051 2026] [php:error] [pid 75231] [client 103.77.107.72:0] script '/domains/efusion1/cong.php' not found or unable to stat
[Tue Mar 03 02:05:40.091173 2026] [php:error] [pid 75231] [client 103.77.107.72:0] script '/domains/efusion1/options.php' not found or unable to stat
[Tue Mar 03 02:05:40.260022 2026] [php:error] [pid 75236] [client 45.154.138.214:0] script '/domains/system_suspended/ms-users.php' not found or unable to stat
[Tue Mar 03 02:05:41.161239 2026] [php:error] [pid 75224] [client 103.77.107.72:0] script '/domains/efusion1/alfa-rex.php' not found or unable to stat
[Tue Mar 03 02:05:46.673575 2026] [php:error] [pid 75236] [client 45.154.138.214:0] script '/domains/system_suspended/top.php' not found or unable to stat
[Tue Mar 03 02:05:54.308453 2026] [php:error] [pid 75236] [client 45.154.138.214:0] script '/domains/system_suspended/setup-config.php' not found or unable to stat
[Tue Mar 03 02:05:55.302920 2026] [php:error] [pid 75236] [client 45.154.138.214:0] script '/domains/system_suspended/type.php' not found or unable to stat
[Tue Mar 03 02:05:57.878692 2026] [php:error] [pid 75236] [client 45.154.138.214:0] script '/domains/system_suspended/goat.php' not found or unable to stat
[Tue Mar 03 02:06:15.327973 2026] [php:error] [pid 75231] [client 216.244.66.232:0] script '/domains/hdickens.enteract/kmnj.php' not found or unable to stat
[Tue Mar 03 02:07:10.176145 2026] [php:error] [pid 75255] [client 20.193.68.41:0] script '/domains/fifibear/222.php' not found or unable to stat
[Tue Mar 03 02:07:10.387417 2026] [php:error] [pid 75255] [client 20.193.68.41:0] script '/domains/fifibear/404.php' not found or unable to stat
[Tue Mar 03 02:07:10.598684 2026] [php:error] [pid 75255] [client 20.193.68.41:0] script '/domains/fifibear/about.php' not found or unable to stat
[Tue Mar 03 02:07:10.809985 2026] [php:error] [pid 75255] [client 20.193.68.41:0] script '/domains/fifibear/admin.php' not found or unable to stat
[Tue Mar 03 02:07:11.021030 2026] [php:error] [pid 75255] [client 20.193.68.41:0] script '/domains/fifibear/adminfuns.php' not found or unable to stat
[Tue Mar 03 02:07:11.249532 2026] [php:error] [pid 75255] [client 20.193.68.41:0] script '/domains/fifibear/bless.php' not found or unable to stat
[Tue Mar 03 02:07:11.476186 2026] [php:error] [pid 75255] [client 20.193.68.41:0] script '/domains/fifibear/bolt.php' not found or unable to stat
[Tue Mar 03 02:07:11.687163 2026] [php:error] [pid 75255] [client 20.193.68.41:0] script '/domains/fifibear/ccou.php' not found or unable to stat
[Tue Mar 03 02:07:11.898150 2026] [php:error] [pid 75255] [client 20.193.68.41:0] script '/domains/fifibear/class-t.api.php' not found or unable to stat
[Tue Mar 03 02:07:12.109932 2026] [php:error] [pid 75255] [client 20.193.68.41:0] script '/domains/fifibear/css.php' not found or unable to stat
[Tue Mar 03 02:07:12.539606 2026] [php:error] [pid 75255] [client 20.193.68.41:0] script '/domains/fifibear/edit.php' not found or unable to stat
[Tue Mar 03 02:07:12.752085 2026] [php:error] [pid 75255] [client 20.193.68.41:0] script '/domains/fifibear/fff.php' not found or unable to stat
[Tue Mar 03 02:07:12.963341 2026] [php:error] [pid 75255] [client 20.193.68.41:0] script '/domains/fifibear/file.php' not found or unable to stat
[Tue Mar 03 02:07:13.174708 2026] [php:error] [pid 75255] [client 20.193.68.41:0] script '/domains/fifibear/fx.php' not found or unable to stat
[Tue Mar 03 02:07:13.386108 2026] [php:error] [pid 75255] [client 20.193.68.41:0] script '/domains/fifibear/info.php' not found or unable to stat
[Tue Mar 03 02:07:13.601874 2026] [php:error] [pid 75255] [client 20.193.68.41:0] script '/domains/fifibear/ioxi-o.php' not found or unable to stat
[Tue Mar 03 02:07:13.813053 2026] [php:error] [pid 75255] [client 20.193.68.41:0] script '/domains/fifibear/rip.php' not found or unable to stat
[Tue Mar 03 02:07:14.024158 2026] [php:error] [pid 75255] [client 20.193.68.41:0] script '/domains/fifibear/server.php' not found or unable to stat
[Tue Mar 03 02:07:14.235576 2026] [php:error] [pid 75255] [client 20.193.68.41:0] script '/domains/fifibear/wp-blog.php' not found or unable to stat
[Tue Mar 03 02:07:15.524058 2026] [php:error] [pid 75255] [client 20.193.68.41:0] script '/domains/fifibear/wp-editor.php' not found or unable to stat
[Tue Mar 03 02:07:16.590852 2026] [php:error] [pid 75255] [client 20.193.68.41:0] script '/domains/fifibear/wp.php' not found or unable to stat
[Tue Mar 03 02:07:16.802874 2026] [php:error] [pid 75255] [client 20.193.68.41:0] script '/domains/fifibear/x.php' not found or unable to stat
[Tue Mar 03 02:07:21.164908 2026] [php:error] [pid 75242] [client 35.247.243.249:0] script '/domains/sjsachs/SQL.php' not found or unable to stat
[Tue Mar 03 02:08:23.176952 2026] [php:error] [pid 75264] [client 20.63.96.50:0] script '/domains/ltemple/xxxx.php' not found or unable to stat
[Tue Mar 03 02:08:23.213121 2026] [php:error] [pid 75264] [client 20.63.96.50:0] script '/domains/ltemple/sbhu.php' not found or unable to stat
[Tue Mar 03 02:08:23.372981 2026] [php:error] [pid 75264] [client 20.63.96.50:0] script '/domains/ltemple/gettest.php' not found or unable to stat
[Tue Mar 03 02:08:23.412944 2026] [php:error] [pid 75264] [client 20.63.96.50:0] script '/domains/ltemple/ayk.php' not found or unable to stat
[Tue Mar 03 02:08:23.449603 2026] [php:error] [pid 75264] [client 20.63.96.50:0] script '/domains/ltemple/wp-setting.php' not found or unable to stat
[Tue Mar 03 02:08:23.485889 2026] [php:error] [pid 75264] [client 20.63.96.50:0] script '/domains/ltemple/fleen.php' not found or unable to stat
[Tue Mar 03 02:08:23.539393 2026] [php:error] [pid 75264] [client 20.63.96.50:0] script '/domains/ltemple/install.php' not found or unable to stat
[Tue Mar 03 02:08:23.576428 2026] [php:error] [pid 75264] [client 20.63.96.50:0] script '/domains/ltemple/add.php' not found or unable to stat
[Tue Mar 03 02:08:23.619620 2026] [php:error] [pid 75264] [client 20.63.96.50:0] script '/domains/ltemple/path.php' not found or unable to stat
[Tue Mar 03 02:08:23.659380 2026] [php:error] [pid 75264] [client 20.63.96.50:0] script '/domains/ltemple/my.php' not found or unable to stat
[Tue Mar 03 02:08:23.695716 2026] [php:error] [pid 75264] [client 20.63.96.50:0] script '/domains/ltemple/we.php' not found or unable to stat
[Tue Mar 03 02:08:23.743979 2026] [php:error] [pid 75264] [client 20.63.96.50:0] script '/domains/ltemple/acp.php' not found or unable to stat
[Tue Mar 03 02:08:23.788051 2026] [php:error] [pid 75264] [client 20.63.96.50:0] script '/domains/ltemple/f6.php' not found or unable to stat
[Tue Mar 03 02:08:23.831916 2026] [php:error] [pid 75264] [client 20.63.96.50:0] script '/domains/ltemple/akcc.php' not found or unable to stat
[Tue Mar 03 02:08:23.925950 2026] [php:error] [pid 75264] [client 20.63.96.50:0] script '/domains/ltemple/0x.php' not found or unable to stat
[Tue Mar 03 02:08:23.971605 2026] [php:error] [pid 75264] [client 20.63.96.50:0] script '/domains/ltemple/chosen.php' not found or unable to stat
[Tue Mar 03 02:08:24.008159 2026] [php:error] [pid 75264] [client 20.63.96.50:0] script '/domains/ltemple/cwclass.php' not found or unable to stat
[Tue Mar 03 02:08:24.080448 2026] [php:error] [pid 75264] [client 20.63.96.50:0] script '/domains/ltemple/X57.php' not found or unable to stat
[Tue Mar 03 02:08:24.124463 2026] [php:error] [pid 75264] [client 20.63.96.50:0] script '/domains/ltemple/autoload_classmap.php' not found or unable to stat
[Tue Mar 03 02:08:24.161931 2026] [php:error] [pid 75264] [client 20.63.96.50:0] script '/domains/ltemple/wp-x.php' not found or unable to stat
[Tue Mar 03 02:08:24.198647 2026] [php:error] [pid 75264] [client 20.63.96.50:0] script '/domains/ltemple/fff.php' not found or unable to stat
[Tue Mar 03 02:08:24.272638 2026] [php:error] [pid 75264] [client 20.63.96.50:0] script '/domains/ltemple/txets.php' not found or unable to stat
[Tue Mar 03 02:08:24.315617 2026] [php:error] [pid 75264] [client 20.63.96.50:0] script '/domains/ltemple/erty.php' not found or unable to stat
[Tue Mar 03 02:08:24.335973 2026] [php:error] [pid 75267] [client 52.253.113.41:0] script '/domains/telacomp/222.php' not found or unable to stat
[Tue Mar 03 02:08:24.409585 2026] [php:error] [pid 75264] [client 20.63.96.50:0] script '/domains/ltemple/pepe.php' not found or unable to stat
[Tue Mar 03 02:08:24.502767 2026] [php:error] [pid 75264] [client 20.63.96.50:0] script '/domains/ltemple/f35.php' not found or unable to stat
[Tue Mar 03 02:08:24.507098 2026] [php:error] [pid 75267] [client 52.253.113.41:0] script '/domains/telacomp/404.php' not found or unable to stat
[Tue Mar 03 02:08:24.539174 2026] [php:error] [pid 75264] [client 20.63.96.50:0] script '/domains/ltemple/backup.php' not found or unable to stat
[Tue Mar 03 02:08:24.582742 2026] [php:error] [pid 75264] [client 20.63.96.50:0] script '/domains/ltemple/god.php' not found or unable to stat
[Tue Mar 03 02:08:24.625375 2026] [php:error] [pid 75264] [client 20.63.96.50:0] script '/domains/ltemple/b.php' not found or unable to stat
[Tue Mar 03 02:08:24.674832 2026] [php:error] [pid 75264] [client 20.63.96.50:0] script '/domains/ltemple/t00l.php' not found or unable to stat
[Tue Mar 03 02:08:24.677454 2026] [php:error] [pid 75267] [client 52.253.113.41:0] script '/domains/telacomp/about.php' not found or unable to stat
[Tue Mar 03 02:08:24.716695 2026] [php:error] [pid 75264] [client 20.63.96.50:0] script '/domains/ltemple/ad2.php' not found or unable to stat
[Tue Mar 03 02:08:24.753002 2026] [php:error] [pid 75264] [client 20.63.96.50:0] script '/domains/ltemple/goat.php' not found or unable to stat
[Tue Mar 03 02:08:24.801294 2026] [php:error] [pid 75264] [client 20.63.96.50:0] script '/domains/ltemple/w3llstore.php' not found or unable to stat
[Tue Mar 03 02:08:24.841489 2026] [php:error] [pid 75264] [client 20.63.96.50:0] script '/domains/ltemple/1a.php' not found or unable to stat
[Tue Mar 03 02:08:24.847312 2026] [php:error] [pid 75267] [client 52.253.113.41:0] script '/domains/telacomp/admin.php' not found or unable to stat
[Tue Mar 03 02:08:24.937120 2026] [php:error] [pid 75264] [client 20.63.96.50:0] script '/domains/ltemple/aki.php' not found or unable to stat
[Tue Mar 03 02:08:24.980334 2026] [php:error] [pid 75264] [client 20.63.96.50:0] script '/domains/ltemple/simple.php' not found or unable to stat
[Tue Mar 03 02:08:25.017443 2026] [php:error] [pid 75267] [client 52.253.113.41:0] script '/domains/telacomp/adminfuns.php' not found or unable to stat
[Tue Mar 03 02:08:25.021555 2026] [php:error] [pid 75264] [client 20.63.96.50:0] script '/domains/ltemple/ws66.php' not found or unable to stat
[Tue Mar 03 02:08:25.095789 2026] [php:error] [pid 75264] [client 20.63.96.50:0] script '/domains/ltemple/item.php' not found or unable to stat
[Tue Mar 03 02:08:25.136968 2026] [php:error] [pid 75264] [client 20.63.96.50:0] script '/domains/ltemple/ww.php' not found or unable to stat
[Tue Mar 03 02:08:25.187709 2026] [php:error] [pid 75267] [client 52.253.113.41:0] script '/domains/telacomp/bless.php' not found or unable to stat
[Tue Mar 03 02:08:25.272892 2026] [php:error] [pid 75264] [client 20.63.96.50:0] script '/domains/ltemple/ftyude.php' not found or unable to stat
[Tue Mar 03 02:08:25.332512 2026] [php:error] [pid 75264] [client 20.63.96.50:0] script '/domains/ltemple/mh.php' not found or unable to stat
[Tue Mar 03 02:08:25.357569 2026] [php:error] [pid 75267] [client 52.253.113.41:0] script '/domains/telacomp/bolt.php' not found or unable to stat
[Tue Mar 03 02:08:25.381892 2026] [php:error] [pid 75264] [client 20.63.96.50:0] script '/domains/ltemple/1.php' not found or unable to stat
[Tue Mar 03 02:08:25.470635 2026] [php:error] [pid 75264] [client 20.63.96.50:0] script '/domains/ltemple/edit.php' not found or unable to stat
[Tue Mar 03 02:08:25.527508 2026] [php:error] [pid 75267] [client 52.253.113.41:0] script '/domains/telacomp/ccou.php' not found or unable to stat
[Tue Mar 03 02:08:25.549290 2026] [php:error] [pid 75264] [client 20.63.96.50:0] script '/domains/ltemple/pp.php' not found or unable to stat
[Tue Mar 03 02:08:25.622363 2026] [php:error] [pid 75264] [client 20.63.96.50:0] script '/domains/ltemple/sxdfrt.php' not found or unable to stat
[Tue Mar 03 02:08:25.658713 2026] [php:error] [pid 75264] [client 20.63.96.50:0] script '/domains/ltemple/yas.php' not found or unable to stat
[Tue Mar 03 02:08:25.697723 2026] [php:error] [pid 75267] [client 52.253.113.41:0] script '/domains/telacomp/class-t.api.php' not found or unable to stat
[Tue Mar 03 02:08:25.713494 2026] [php:error] [pid 75264] [client 20.63.96.50:0] script '/domains/ltemple/info.php' not found or unable to stat
[Tue Mar 03 02:08:25.749688 2026] [php:error] [pid 75264] [client 20.63.96.50:0] script '/domains/ltemple/lp6.php' not found or unable to stat
[Tue Mar 03 02:08:25.829825 2026] [php:error] [pid 75264] [client 20.63.96.50:0] script '/domains/ltemple/bgymj.php' not found or unable to stat
[Tue Mar 03 02:08:25.866183 2026] [php:error] [pid 75264] [client 20.63.96.50:0] script '/domains/ltemple/8.php' not found or unable to stat
[Tue Mar 03 02:08:25.867798 2026] [php:error] [pid 75267] [client 52.253.113.41:0] script '/domains/telacomp/css.php' not found or unable to stat
[Tue Mar 03 02:08:25.910261 2026] [php:error] [pid 75264] [client 20.63.96.50:0] script '/domains/ltemple/bolt.php' not found or unable to stat
[Tue Mar 03 02:08:25.994432 2026] [php:error] [pid 75264] [client 20.63.96.50:0] script '/domains/ltemple/666.php' not found or unable to stat
[Tue Mar 03 02:08:26.031605 2026] [php:error] [pid 75264] [client 20.63.96.50:0] script '/domains/ltemple/moshou.php' not found or unable to stat
[Tue Mar 03 02:08:26.073588 2026] [php:error] [pid 75264] [client 20.63.96.50:0] script '/domains/ltemple/jga.php' not found or unable to stat
[Tue Mar 03 02:08:26.116483 2026] [php:error] [pid 75264] [client 20.63.96.50:0] script '/domains/ltemple/Jcrop.php' not found or unable to stat
[Tue Mar 03 02:08:26.211868 2026] [php:error] [pid 75267] [client 52.253.113.41:0] script '/domains/telacomp/edit.php' not found or unable to stat
[Tue Mar 03 02:08:26.329985 2026] [php:error] [pid 75264] [client 20.63.96.50:0] script '/domains/ltemple/aa.php' not found or unable to stat
[Tue Mar 03 02:08:26.375990 2026] [php:error] [pid 75264] [client 20.63.96.50:0] script '/domains/ltemple/ff1.php' not found or unable to stat
[Tue Mar 03 02:08:26.381926 2026] [php:error] [pid 75267] [client 52.253.113.41:0] script '/domains/telacomp/fff.php' not found or unable to stat
[Tue Mar 03 02:08:26.412167 2026] [php:error] [pid 75264] [client 20.63.96.50:0] script '/domains/ltemple/wp-the.php' not found or unable to stat
[Tue Mar 03 02:08:26.480596 2026] [php:error] [pid 75264] [client 20.63.96.50:0] script '/domains/ltemple/pass4.php' not found or unable to stat
[Tue Mar 03 02:08:26.516747 2026] [php:error] [pid 75264] [client 20.63.96.50:0] script '/domains/ltemple/C1.php' not found or unable to stat
[Tue Mar 03 02:08:26.552150 2026] [php:error] [pid 75267] [client 52.253.113.41:0] script '/domains/telacomp/file.php' not found or unable to stat
[Tue Mar 03 02:08:26.552812 2026] [php:error] [pid 75264] [client 20.63.96.50:0] script '/domains/ltemple/gi.php' not found or unable to stat
[Tue Mar 03 02:08:26.589113 2026] [php:error] [pid 75264] [client 20.63.96.50:0] script '/domains/ltemple/tkllu.php' not found or unable to stat
[Tue Mar 03 02:08:26.635716 2026] [php:error] [pid 75264] [client 20.63.96.50:0] script '/domains/ltemple/fetch.php' not found or unable to stat
[Tue Mar 03 02:08:26.671867 2026] [php:error] [pid 75264] [client 20.63.96.50:0] script '/domains/ltemple/66.php' not found or unable to stat
[Tue Mar 03 02:08:26.717370 2026] [php:error] [pid 75264] [client 20.63.96.50:0] script '/domains/ltemple/1index.php' not found or unable to stat
[Tue Mar 03 02:08:26.722262 2026] [php:error] [pid 75267] [client 52.253.113.41:0] script '/domains/telacomp/fx.php' not found or unable to stat
[Tue Mar 03 02:08:26.764413 2026] [php:error] [pid 75264] [client 20.63.96.50:0] script '/domains/ltemple/wander.php' not found or unable to stat
[Tue Mar 03 02:08:26.802840 2026] [php:error] [pid 75264] [client 20.63.96.50:0] script '/domains/ltemple/makeasmtp.php' not found or unable to stat
[Tue Mar 03 02:08:26.841862 2026] [php:error] [pid 75264] [client 20.63.96.50:0] script '/domains/ltemple/xtsr.php' not found or unable to stat
[Tue Mar 03 02:08:26.878020 2026] [php:error] [pid 75264] [client 20.63.96.50:0] script '/domains/ltemple/Masks.php' not found or unable to stat
[Tue Mar 03 02:08:26.913132 2026] [php:error] [pid 75267] [client 52.253.113.41:0] script '/domains/telacomp/info.php' not found or unable to stat
[Tue Mar 03 02:08:26.914267 2026] [php:error] [pid 75264] [client 20.63.96.50:0] script '/domains/ltemple/Geforce.php' not found or unable to stat
[Tue Mar 03 02:08:26.961687 2026] [php:error] [pid 75264] [client 20.63.96.50:0] script '/domains/ltemple/jb33.php' not found or unable to stat
[Tue Mar 03 02:08:27.001616 2026] [php:error] [pid 75264] [client 20.63.96.50:0] script '/domains/ltemple/vogme.php' not found or unable to stat
[Tue Mar 03 02:08:27.038089 2026] [php:error] [pid 75264] [client 20.63.96.50:0] script '/domains/ltemple/grsiuk.php' not found or unable to stat
[Tue Mar 03 02:08:27.083070 2026] [php:error] [pid 75267] [client 52.253.113.41:0] script '/domains/telacomp/ioxi-o.php' not found or unable to stat
[Tue Mar 03 02:08:27.127934 2026] [php:error] [pid 75264] [client 20.63.96.50:0] script '/domains/ltemple/inege.php' not found or unable to stat
[Tue Mar 03 02:08:27.169573 2026] [php:error] [pid 75264] [client 20.63.96.50:0] script '/domains/ltemple/global.php' not found or unable to stat
[Tue Mar 03 02:08:27.205649 2026] [php:error] [pid 75264] [client 20.63.96.50:0] script '/domains/ltemple/As.php' not found or unable to stat
[Tue Mar 03 02:08:27.252981 2026] [php:error] [pid 75267] [client 52.253.113.41:0] script '/domains/telacomp/rip.php' not found or unable to stat
[Tue Mar 03 02:08:27.277838 2026] [php:error] [pid 75264] [client 20.63.96.50:0] script '/domains/ltemple/btx25.php' not found or unable to stat
[Tue Mar 03 02:08:27.314220 2026] [php:error] [pid 75264] [client 20.63.96.50:0] script '/domains/ltemple/advanc.php' not found or unable to stat
[Tue Mar 03 02:08:27.350569 2026] [php:error] [pid 75264] [client 20.63.96.50:0] script '/domains/ltemple/ahgag.php' not found or unable to stat
[Tue Mar 03 02:08:27.386673 2026] [php:error] [pid 75264] [client 20.63.96.50:0] script '/domains/ltemple/yoawv.php' not found or unable to stat
[Tue Mar 03 02:08:27.423013 2026] [php:error] [pid 75264] [client 20.63.96.50:0] script '/domains/ltemple/xogve.php' not found or unable to stat
[Tue Mar 03 02:08:27.423020 2026] [php:error] [pid 75267] [client 52.253.113.41:0] script '/domains/telacomp/server.php' not found or unable to stat
[Tue Mar 03 02:08:27.464269 2026] [php:error] [pid 75264] [client 20.63.96.50:0] script '/domains/ltemple/lp5.php' not found or unable to stat
[Tue Mar 03 02:08:27.504399 2026] [php:error] [pid 75264] [client 20.63.96.50:0] script '/domains/ltemple/torsa1.php' not found or unable to stat
[Tue Mar 03 02:08:27.540535 2026] [php:error] [pid 75264] [client 20.63.96.50:0] script '/domains/ltemple/an7.php' not found or unable to stat
[Tue Mar 03 02:08:27.576821 2026] [php:error] [pid 75264] [client 20.63.96.50:0] script '/domains/ltemple/clcdu.php' not found or unable to stat
[Tue Mar 03 02:08:27.594069 2026] [php:error] [pid 75267] [client 52.253.113.41:0] script '/domains/telacomp/wp-blog.php' not found or unable to stat
[Tue Mar 03 02:08:27.618669 2026] [php:error] [pid 75264] [client 20.63.96.50:0] script '/domains/ltemple/uxijj.php' not found or unable to stat
[Tue Mar 03 02:08:27.655424 2026] [php:error] [pid 75264] [client 20.63.96.50:0] script '/domains/ltemple/rkiea.php' not found or unable to stat
[Tue Mar 03 02:08:27.775394 2026] [php:error] [pid 75252] [client 20.63.96.50:0] script '/domains/ltemple/resp.php' not found or unable to stat
[Tue Mar 03 02:08:27.814086 2026] [php:error] [pid 75252] [client 20.63.96.50:0] script '/domains/ltemple/ppxhp.php' not found or unable to stat
[Tue Mar 03 02:08:27.848320 2026] [php:error] [pid 75252] [client 20.63.96.50:0] script '/domains/ltemple/fs7.php' not found or unable to stat
[Tue Mar 03 02:08:27.885155 2026] [php:error] [pid 75252] [client 20.63.96.50:0] script '/domains/ltemple/an7.php' not found or unable to stat
[Tue Mar 03 02:08:27.930496 2026] [php:error] [pid 75252] [client 20.63.96.50:0] script '/domains/ltemple/yclby.php' not found or unable to stat
[Tue Mar 03 02:08:27.966715 2026] [php:error] [pid 75252] [client 20.63.96.50:0] script '/domains/ltemple/100.kb.php' not found or unable to stat
[Tue Mar 03 02:08:28.000718 2026] [php:error] [pid 75252] [client 20.63.96.50:0] script '/domains/ltemple/gec.php' not found or unable to stat
[Tue Mar 03 02:08:28.041038 2026] [php:error] [pid 75252] [client 20.63.96.50:0] script '/domains/ltemple/zwq13.php' not found or unable to stat
[Tue Mar 03 02:08:28.075209 2026] [php:error] [pid 75252] [client 20.63.96.50:0] script '/domains/ltemple/wqqs.php' not found or unable to stat
[Tue Mar 03 02:08:28.122841 2026] [php:error] [pid 75252] [client 20.63.96.50:0] script '/domains/ltemple/wp_wlx.php' not found or unable to stat
[Tue Mar 03 02:08:28.301942 2026] [php:error] [pid 75252] [client 20.63.96.50:0] script '/domains/ltemple/trx24.php' not found or unable to stat
[Tue Mar 03 02:08:28.336023 2026] [php:error] [pid 75252] [client 20.63.96.50:0] script '/domains/ltemple/x123x.php' not found or unable to stat
[Tue Mar 03 02:08:28.370396 2026] [php:error] [pid 75252] [client 20.63.96.50:0] script '/domains/ltemple/nc4.php' not found or unable to stat
[Tue Mar 03 02:08:28.404222 2026] [php:error] [pid 75252] [client 20.63.96.50:0] script '/domains/ltemple/Ov-Simple1.php' not found or unable to stat
[Tue Mar 03 02:08:28.574106 2026] [php:error] [pid 75252] [client 20.63.96.50:0] script '/domains/ltemple/xex.php' not found or unable to stat
[Tue Mar 03 02:08:28.609781 2026] [php:error] [pid 75252] [client 20.63.96.50:0] script '/domains/ltemple/wp-file.php' not found or unable to stat
[Tue Mar 03 02:08:28.638430 2026] [php:error] [pid 75267] [client 52.253.113.41:0] script '/domains/telacomp/wp-editor.php' not found or unable to stat
[Tue Mar 03 02:08:28.643845 2026] [php:error] [pid 75252] [client 20.63.96.50:0] script '/domains/ltemple/wdf.php' not found or unable to stat
[Tue Mar 03 02:08:28.680396 2026] [php:error] [pid 75252] [client 20.63.96.50:0] script '/domains/ltemple/ticket.php' not found or unable to stat
[Tue Mar 03 02:08:28.714085 2026] [php:error] [pid 75252] [client 20.63.96.50:0] script '/domains/ltemple/state.php' not found or unable to stat
[Tue Mar 03 02:08:28.748823 2026] [php:error] [pid 75252] [client 20.63.96.50:0] script '/domains/ltemple/403.php' not found or unable to stat
[Tue Mar 03 02:08:28.799487 2026] [php:error] [pid 75252] [client 20.63.96.50:0] script '/domains/ltemple/xy.php' not found or unable to stat
[Tue Mar 03 02:08:28.840267 2026] [php:error] [pid 75252] [client 20.63.96.50:0] script '/domains/ltemple/tool.php' not found or unable to stat
[Tue Mar 03 02:08:28.874380 2026] [php:error] [pid 75252] [client 20.63.96.50:0] script '/domains/ltemple/wpls.php' not found or unable to stat
[Tue Mar 03 02:08:28.908095 2026] [php:error] [pid 75252] [client 20.63.96.50:0] script '/domains/ltemple/mjq.php' not found or unable to stat
[Tue Mar 03 02:08:28.942461 2026] [php:error] [pid 75252] [client 20.63.96.50:0] script '/domains/ltemple/wp-4doption1.php' not found or unable to stat
[Tue Mar 03 02:08:28.976866 2026] [php:error] [pid 75252] [client 20.63.96.50:0] script '/domains/ltemple/img.php' not found or unable to stat
[Tue Mar 03 02:08:29.510375 2026] [php:error] [pid 75267] [client 52.253.113.41:0] script '/domains/telacomp/wp.php' not found or unable to stat
[Tue Mar 03 02:08:29.680627 2026] [php:error] [pid 75267] [client 52.253.113.41:0] script '/domains/telacomp/x.php' not found or unable to stat
[Tue Mar 03 02:08:33.362455 2026] [php:error] [pid 75272] [client 20.151.2.242:0] script '/domains/rextrav/xxxx.php' not found or unable to stat
[Tue Mar 03 02:08:33.398781 2026] [php:error] [pid 75272] [client 20.151.2.242:0] script '/domains/rextrav/sbhu.php' not found or unable to stat
[Tue Mar 03 02:08:33.474041 2026] [php:error] [pid 75272] [client 20.151.2.242:0] script '/domains/rextrav/gettest.php' not found or unable to stat
[Tue Mar 03 02:08:33.511130 2026] [php:error] [pid 75272] [client 20.151.2.242:0] script '/domains/rextrav/ayk.php' not found or unable to stat
[Tue Mar 03 02:08:33.545281 2026] [php:error] [pid 75272] [client 20.151.2.242:0] script '/domains/rextrav/wp-setting.php' not found or unable to stat
[Tue Mar 03 02:08:33.580879 2026] [php:error] [pid 75272] [client 20.151.2.242:0] script '/domains/rextrav/fleen.php' not found or unable to stat
[Tue Mar 03 02:08:33.649009 2026] [php:error] [pid 75272] [client 20.151.2.242:0] script '/domains/rextrav/install.php' not found or unable to stat
[Tue Mar 03 02:08:33.683888 2026] [php:error] [pid 75272] [client 20.151.2.242:0] script '/domains/rextrav/add.php' not found or unable to stat
[Tue Mar 03 02:08:33.728361 2026] [php:error] [pid 75272] [client 20.151.2.242:0] script '/domains/rextrav/path.php' not found or unable to stat
[Tue Mar 03 02:08:33.762319 2026] [php:error] [pid 75272] [client 20.151.2.242:0] script '/domains/rextrav/my.php' not found or unable to stat
[Tue Mar 03 02:08:33.797170 2026] [php:error] [pid 75272] [client 20.151.2.242:0] script '/domains/rextrav/we.php' not found or unable to stat
[Tue Mar 03 02:08:33.834246 2026] [php:error] [pid 75272] [client 20.151.2.242:0] script '/domains/rextrav/acp.php' not found or unable to stat
[Tue Mar 03 02:08:33.880210 2026] [php:error] [pid 75272] [client 20.151.2.242:0] script '/domains/rextrav/f6.php' not found or unable to stat
[Tue Mar 03 02:08:33.914302 2026] [php:error] [pid 75272] [client 20.151.2.242:0] script '/domains/rextrav/akcc.php' not found or unable to stat
[Tue Mar 03 02:08:33.996714 2026] [php:error] [pid 75272] [client 20.151.2.242:0] script '/domains/rextrav/0x.php' not found or unable to stat
[Tue Mar 03 02:08:34.039884 2026] [php:error] [pid 75272] [client 20.151.2.242:0] script '/domains/rextrav/chosen.php' not found or unable to stat
[Tue Mar 03 02:08:34.080038 2026] [php:error] [pid 75272] [client 20.151.2.242:0] script '/domains/rextrav/cwclass.php' not found or unable to stat
[Tue Mar 03 02:08:34.162713 2026] [php:error] [pid 75272] [client 20.151.2.242:0] script '/domains/rextrav/X57.php' not found or unable to stat
[Tue Mar 03 02:08:34.197144 2026] [php:error] [pid 75272] [client 20.151.2.242:0] script '/domains/rextrav/autoload_classmap.php' not found or unable to stat
[Tue Mar 03 02:08:34.230983 2026] [php:error] [pid 75272] [client 20.151.2.242:0] script '/domains/rextrav/wp-x.php' not found or unable to stat
[Tue Mar 03 02:08:34.265121 2026] [php:error] [pid 75272] [client 20.151.2.242:0] script '/domains/rextrav/fff.php' not found or unable to stat
[Tue Mar 03 02:08:34.332715 2026] [php:error] [pid 75272] [client 20.151.2.242:0] script '/domains/rextrav/txets.php' not found or unable to stat
[Tue Mar 03 02:08:34.366727 2026] [php:error] [pid 75272] [client 20.151.2.242:0] script '/domains/rextrav/erty.php' not found or unable to stat
[Tue Mar 03 02:08:34.476117 2026] [php:error] [pid 75272] [client 20.151.2.242:0] script '/domains/rextrav/pepe.php' not found or unable to stat
[Tue Mar 03 02:08:34.515121 2026] [php:error] [pid 75272] [client 20.151.2.242:0] script '/domains/rextrav/f35.php' not found or unable to stat
[Tue Mar 03 02:08:34.552750 2026] [php:error] [pid 75272] [client 20.151.2.242:0] script '/domains/rextrav/backup.php' not found or unable to stat
[Tue Mar 03 02:08:34.593963 2026] [php:error] [pid 75272] [client 20.151.2.242:0] script '/domains/rextrav/god.php' not found or unable to stat
[Tue Mar 03 02:08:34.627848 2026] [php:error] [pid 75272] [client 20.151.2.242:0] script '/domains/rextrav/b.php' not found or unable to stat
[Tue Mar 03 02:08:34.661637 2026] [php:error] [pid 75272] [client 20.151.2.242:0] script '/domains/rextrav/t00l.php' not found or unable to stat
[Tue Mar 03 02:08:34.705526 2026] [php:error] [pid 75272] [client 20.151.2.242:0] script '/domains/rextrav/ad2.php' not found or unable to stat
[Tue Mar 03 02:08:34.791770 2026] [php:error] [pid 75272] [client 20.151.2.242:0] script '/domains/rextrav/goat.php' not found or unable to stat
[Tue Mar 03 02:08:34.840683 2026] [php:error] [pid 75272] [client 20.151.2.242:0] script '/domains/rextrav/w3llstore.php' not found or unable to stat
[Tue Mar 03 02:08:34.874312 2026] [php:error] [pid 75272] [client 20.151.2.242:0] script '/domains/rextrav/1a.php' not found or unable to stat
[Tue Mar 03 02:08:34.907991 2026] [php:error] [pid 75272] [client 20.151.2.242:0] script '/domains/rextrav/aki.php' not found or unable to stat
[Tue Mar 03 02:08:34.945922 2026] [php:error] [pid 75272] [client 20.151.2.242:0] script '/domains/rextrav/simple.php' not found or unable to stat
[Tue Mar 03 02:08:34.979758 2026] [php:error] [pid 75272] [client 20.151.2.242:0] script '/domains/rextrav/ws66.php' not found or unable to stat
[Tue Mar 03 02:08:35.051581 2026] [php:error] [pid 75272] [client 20.151.2.242:0] script '/domains/rextrav/item.php' not found or unable to stat
[Tue Mar 03 02:08:35.093503 2026] [php:error] [pid 75272] [client 20.151.2.242:0] script '/domains/rextrav/ww.php' not found or unable to stat
[Tue Mar 03 02:08:35.161626 2026] [php:error] [pid 75272] [client 20.151.2.242:0] script '/domains/rextrav/admin/index.php' not found or unable to stat
[Tue Mar 03 02:08:35.207858 2026] [php:error] [pid 75272] [client 20.151.2.242:0] script '/domains/rextrav/ftyude.php' not found or unable to stat
[Tue Mar 03 02:08:35.246246 2026] [php:error] [pid 75272] [client 20.151.2.242:0] script '/domains/rextrav/mh.php' not found or unable to stat
[Tue Mar 03 02:08:35.285990 2026] [php:error] [pid 75272] [client 20.151.2.242:0] script '/domains/rextrav/1.php' not found or unable to stat
[Tue Mar 03 02:08:35.328148 2026] [php:error] [pid 75272] [client 20.151.2.242:0] script '/domains/rextrav/edit.php' not found or unable to stat
[Tue Mar 03 02:08:35.397423 2026] [php:error] [pid 75272] [client 20.151.2.242:0] script '/domains/rextrav/pp.php' not found or unable to stat
[Tue Mar 03 02:08:35.470413 2026] [php:error] [pid 75272] [client 20.151.2.242:0] script '/domains/rextrav/sxdfrt.php' not found or unable to stat
[Tue Mar 03 02:08:35.505644 2026] [php:error] [pid 75272] [client 20.151.2.242:0] script '/domains/rextrav/yas.php' not found or unable to stat
[Tue Mar 03 02:08:35.540171 2026] [php:error] [pid 75272] [client 20.151.2.242:0] script '/domains/rextrav/info.php' not found or unable to stat
[Tue Mar 03 02:08:35.593216 2026] [php:error] [pid 75272] [client 20.151.2.242:0] script '/domains/rextrav/lp6.php' not found or unable to stat
[Tue Mar 03 02:08:35.667916 2026] [php:error] [pid 75272] [client 20.151.2.242:0] script '/domains/rextrav/bgymj.php' not found or unable to stat
[Tue Mar 03 02:08:35.710599 2026] [php:error] [pid 75272] [client 20.151.2.242:0] script '/domains/rextrav/8.php' not found or unable to stat
[Tue Mar 03 02:08:35.787349 2026] [php:error] [pid 75272] [client 20.151.2.242:0] script '/domains/rextrav/bolt.php' not found or unable to stat
[Tue Mar 03 02:08:35.863497 2026] [php:error] [pid 75272] [client 20.151.2.242:0] script '/domains/rextrav/666.php' not found or unable to stat
[Tue Mar 03 02:08:35.897660 2026] [php:error] [pid 75272] [client 20.151.2.242:0] script '/domains/rextrav/moshou.php' not found or unable to stat
[Tue Mar 03 02:08:35.956136 2026] [php:error] [pid 75272] [client 20.151.2.242:0] script '/domains/rextrav/jga.php' not found or unable to stat
[Tue Mar 03 02:08:35.997972 2026] [php:error] [pid 75272] [client 20.151.2.242:0] script '/domains/rextrav/Jcrop.php' not found or unable to stat
[Tue Mar 03 02:08:36.098910 2026] [php:error] [pid 75272] [client 20.151.2.242:0] script '/domains/rextrav/aa.php' not found or unable to stat
[Tue Mar 03 02:08:36.138411 2026] [php:error] [pid 75272] [client 20.151.2.242:0] script '/domains/rextrav/ff1.php' not found or unable to stat
[Tue Mar 03 02:08:36.175458 2026] [php:error] [pid 75272] [client 20.151.2.242:0] script '/domains/rextrav/wp-the.php' not found or unable to stat
[Tue Mar 03 02:08:36.215861 2026] [php:error] [pid 75272] [client 20.151.2.242:0] script '/domains/rextrav/pass4.php' not found or unable to stat
[Tue Mar 03 02:08:36.253498 2026] [php:error] [pid 75272] [client 20.151.2.242:0] script '/domains/rextrav/C1.php' not found or unable to stat
[Tue Mar 03 02:08:36.291818 2026] [php:error] [pid 75272] [client 20.151.2.242:0] script '/domains/rextrav/gi.php' not found or unable to stat
[Tue Mar 03 02:08:36.332705 2026] [php:error] [pid 75272] [client 20.151.2.242:0] script '/domains/rextrav/tkllu.php' not found or unable to stat
[Tue Mar 03 02:08:36.372742 2026] [php:error] [pid 75272] [client 20.151.2.242:0] script '/domains/rextrav/fetch.php' not found or unable to stat
[Tue Mar 03 02:08:36.406809 2026] [php:error] [pid 75272] [client 20.151.2.242:0] script '/domains/rextrav/66.php' not found or unable to stat
[Tue Mar 03 02:08:36.440863 2026] [php:error] [pid 75272] [client 20.151.2.242:0] script '/domains/rextrav/1index.php' not found or unable to stat
[Tue Mar 03 02:08:36.474774 2026] [php:error] [pid 75272] [client 20.151.2.242:0] script '/domains/rextrav/wander.php' not found or unable to stat
[Tue Mar 03 02:08:36.512695 2026] [php:error] [pid 75272] [client 20.151.2.242:0] script '/domains/rextrav/makeasmtp.php' not found or unable to stat
[Tue Mar 03 02:08:36.547035 2026] [php:error] [pid 75272] [client 20.151.2.242:0] script '/domains/rextrav/xtsr.php' not found or unable to stat
[Tue Mar 03 02:08:36.592905 2026] [php:error] [pid 75272] [client 20.151.2.242:0] script '/domains/rextrav/Masks.php' not found or unable to stat
[Tue Mar 03 02:08:36.631457 2026] [php:error] [pid 75272] [client 20.151.2.242:0] script '/domains/rextrav/Geforce.php' not found or unable to stat
[Tue Mar 03 02:08:36.675411 2026] [php:error] [pid 75272] [client 20.151.2.242:0] script '/domains/rextrav/jb33.php' not found or unable to stat
[Tue Mar 03 02:08:36.720934 2026] [php:error] [pid 75272] [client 20.151.2.242:0] script '/domains/rextrav/vogme.php' not found or unable to stat
[Tue Mar 03 02:08:36.765184 2026] [php:error] [pid 75272] [client 20.151.2.242:0] script '/domains/rextrav/grsiuk.php' not found or unable to stat
[Tue Mar 03 02:08:36.800901 2026] [php:error] [pid 75272] [client 20.151.2.242:0] script '/domains/rextrav/inege.php' not found or unable to stat
[Tue Mar 03 02:08:36.840013 2026] [php:error] [pid 75272] [client 20.151.2.242:0] script '/domains/rextrav/global.php' not found or unable to stat
[Tue Mar 03 02:08:36.877259 2026] [php:error] [pid 75272] [client 20.151.2.242:0] script '/domains/rextrav/As.php' not found or unable to stat
[Tue Mar 03 02:08:36.911619 2026] [php:error] [pid 75272] [client 20.151.2.242:0] script '/domains/rextrav/btx25.php' not found or unable to stat
[Tue Mar 03 02:08:36.946700 2026] [php:error] [pid 75272] [client 20.151.2.242:0] script '/domains/rextrav/advanc.php' not found or unable to stat
[Tue Mar 03 02:08:36.986753 2026] [php:error] [pid 75272] [client 20.151.2.242:0] script '/domains/rextrav/ahgag.php' not found or unable to stat
[Tue Mar 03 02:08:37.021730 2026] [php:error] [pid 75272] [client 20.151.2.242:0] script '/domains/rextrav/yoawv.php' not found or unable to stat
[Tue Mar 03 02:08:37.075278 2026] [php:error] [pid 75272] [client 20.151.2.242:0] script '/domains/rextrav/xogve.php' not found or unable to stat
[Tue Mar 03 02:08:37.111914 2026] [php:error] [pid 75272] [client 20.151.2.242:0] script '/domains/rextrav/lp5.php' not found or unable to stat
[Tue Mar 03 02:08:37.156184 2026] [php:error] [pid 75272] [client 20.151.2.242:0] script '/domains/rextrav/torsa1.php' not found or unable to stat
[Tue Mar 03 02:08:37.189828 2026] [php:error] [pid 75272] [client 20.151.2.242:0] script '/domains/rextrav/an7.php' not found or unable to stat
[Tue Mar 03 02:08:37.232981 2026] [php:error] [pid 75272] [client 20.151.2.242:0] script '/domains/rextrav/clcdu.php' not found or unable to stat
[Tue Mar 03 02:08:37.274500 2026] [php:error] [pid 75272] [client 20.151.2.242:0] script '/domains/rextrav/uxijj.php' not found or unable to stat
[Tue Mar 03 02:08:37.308137 2026] [php:error] [pid 75272] [client 20.151.2.242:0] script '/domains/rextrav/rkiea.php' not found or unable to stat
[Tue Mar 03 02:08:37.422410 2026] [php:error] [pid 75252] [client 20.151.2.242:0] script '/domains/rextrav/resp.php' not found or unable to stat
[Tue Mar 03 02:08:37.468579 2026] [php:error] [pid 75252] [client 20.151.2.242:0] script '/domains/rextrav/ppxhp.php' not found or unable to stat
[Tue Mar 03 02:08:37.513028 2026] [php:error] [pid 75252] [client 20.151.2.242:0] script '/domains/rextrav/fs7.php' not found or unable to stat
[Tue Mar 03 02:08:37.553934 2026] [php:error] [pid 75252] [client 20.151.2.242:0] script '/domains/rextrav/an7.php' not found or unable to stat
[Tue Mar 03 02:08:37.591169 2026] [php:error] [pid 75252] [client 20.151.2.242:0] script '/domains/rextrav/yclby.php' not found or unable to stat
[Tue Mar 03 02:08:37.636062 2026] [php:error] [pid 75252] [client 20.151.2.242:0] script '/domains/rextrav/100.kb.php' not found or unable to stat
[Tue Mar 03 02:08:37.675787 2026] [php:error] [pid 75252] [client 20.151.2.242:0] script '/domains/rextrav/gec.php' not found or unable to stat
[Tue Mar 03 02:08:37.717714 2026] [php:error] [pid 75252] [client 20.151.2.242:0] script '/domains/rextrav/zwq13.php' not found or unable to stat
[Tue Mar 03 02:08:37.764119 2026] [php:error] [pid 75252] [client 20.151.2.242:0] script '/domains/rextrav/wqqs.php' not found or unable to stat
[Tue Mar 03 02:08:37.800548 2026] [php:error] [pid 75252] [client 20.151.2.242:0] script '/domains/rextrav/wp_wlx.php' not found or unable to stat
[Tue Mar 03 02:08:37.858219 2026] [php:error] [pid 75252] [client 20.151.2.242:0] script '/domains/rextrav/trx24.php' not found or unable to stat
[Tue Mar 03 02:08:37.915275 2026] [php:error] [pid 75252] [client 20.151.2.242:0] script '/domains/rextrav/x123x.php' not found or unable to stat
[Tue Mar 03 02:08:37.951784 2026] [php:error] [pid 75252] [client 20.151.2.242:0] script '/domains/rextrav/nc4.php' not found or unable to stat
