[Tue Mar 03 01:20:25.720046 2026] [php:error] [pid 74677] [client 20.63.83.113:0] script '/domains/system_default/wp-fmfile.php' not found or unable to stat
[Tue Mar 03 01:20:25.753730 2026] [php:error] [pid 74677] [client 20.63.83.113:0] script '/domains/system_default/inputs.php' not found or unable to stat
[Tue Mar 03 01:20:25.788244 2026] [php:error] [pid 74677] [client 20.63.83.113:0] script '/domains/system_default/wp-theme.php' not found or unable to stat
[Tue Mar 03 01:20:25.834239 2026] [php:error] [pid 74677] [client 20.63.83.113:0] script '/domains/system_default/wi.php' not found or unable to stat
[Tue Mar 03 01:20:25.867956 2026] [php:error] [pid 74677] [client 20.63.83.113:0] script '/domains/system_default/php8.php' not found or unable to stat
[Tue Mar 03 01:20:26.051190 2026] [php:error] [pid 74677] [client 20.63.83.113:0] script '/domains/system_default/tes.php' not found or unable to stat
[Tue Mar 03 01:20:26.085289 2026] [php:error] [pid 74677] [client 20.63.83.113:0] script '/domains/system_default/headers.php' not found or unable to stat
[Tue Mar 03 01:20:26.123231 2026] [php:error] [pid 74677] [client 20.63.83.113:0] script '/domains/system_default/flower.php' not found or unable to stat
[Tue Mar 03 01:20:26.157114 2026] [php:error] [pid 74677] [client 20.63.83.113:0] script '/domains/system_default/system_log.php' not found or unable to stat
[Tue Mar 03 01:20:26.314590 2026] [php:error] [pid 74677] [client 20.63.83.113:0] script '/domains/system_default/wp-gr.php' not found or unable to stat
[Tue Mar 03 01:20:26.348483 2026] [php:error] [pid 74677] [client 20.63.83.113:0] script '/domains/system_default/dev.php' not found or unable to stat
[Tue Mar 03 01:20:26.456766 2026] [php:error] [pid 74677] [client 20.63.83.113:0] script '/domains/system_default/moon.php' not found or unable to stat
[Tue Mar 03 01:20:26.524830 2026] [php:error] [pid 74677] [client 20.63.83.113:0] script '/domains/system_default/abcd.php' not found or unable to stat
[Tue Mar 03 01:20:26.558517 2026] [php:error] [pid 74677] [client 20.63.83.113:0] script '/domains/system_default/we.php' not found or unable to stat
[Tue Mar 03 01:20:26.592125 2026] [php:error] [pid 74677] [client 20.63.83.113:0] script '/domains/system_default/a1.php' not found or unable to stat
[Tue Mar 03 01:20:26.639512 2026] [php:error] [pid 74677] [client 20.63.83.113:0] script '/domains/system_default/class20.php' not found or unable to stat
[Tue Mar 03 01:20:26.682141 2026] [php:error] [pid 74677] [client 20.63.83.113:0] script '/domains/system_default/epinyins.php' not found or unable to stat
[Tue Mar 03 01:20:26.745255 2026] [php:error] [pid 74677] [client 20.63.83.113:0] script '/domains/system_default/asus.php' not found or unable to stat
[Tue Mar 03 01:20:26.809711 2026] [php:error] [pid 74677] [client 20.63.83.113:0] script '/domains/system_default/a2.php' not found or unable to stat
[Tue Mar 03 01:20:26.861217 2026] [php:error] [pid 74677] [client 20.63.83.113:0] script '/domains/system_default/av.php' not found or unable to stat
[Tue Mar 03 01:22:58.465022 2026] [php:error] [pid 74711] [client 4.231.228.236:0] script '/domains/system_default/gfile.php' not found or unable to stat
[Tue Mar 03 01:22:58.538636 2026] [php:error] [pid 74711] [client 4.231.228.236:0] script '/domains/system_default/bitch.php' not found or unable to stat
[Tue Mar 03 01:22:58.612038 2026] [php:error] [pid 74711] [client 4.231.228.236:0] script '/domains/system_default/file61.php' not found or unable to stat
[Tue Mar 03 01:22:58.685477 2026] [php:error] [pid 74711] [client 4.231.228.236:0] script '/domains/system_default/eee.php' not found or unable to stat
[Tue Mar 03 01:22:58.758789 2026] [php:error] [pid 74711] [client 4.231.228.236:0] script '/domains/system_default/swallowable.php' not found or unable to stat
[Tue Mar 03 01:22:58.832066 2026] [php:error] [pid 74711] [client 4.231.228.236:0] script '/domains/system_default/dox.php' not found or unable to stat
[Tue Mar 03 01:22:58.905683 2026] [php:error] [pid 74711] [client 4.231.228.236:0] script '/domains/system_default/qwas.php' not found or unable to stat
[Tue Mar 03 01:22:58.979507 2026] [php:error] [pid 74711] [client 4.231.228.236:0] script '/domains/system_default/claw.php' not found or unable to stat
[Tue Mar 03 01:22:59.052979 2026] [php:error] [pid 74711] [client 4.231.228.236:0] script '/domains/system_default/cfgy.php' not found or unable to stat
[Tue Mar 03 01:22:59.126704 2026] [php:error] [pid 74711] [client 4.231.228.236:0] script '/domains/system_default/jbuft.php' not found or unable to stat
[Tue Mar 03 01:22:59.200041 2026] [php:error] [pid 74711] [client 4.231.228.236:0] script '/domains/system_default/fvvff.php' not found or unable to stat
[Tue Mar 03 01:22:59.274124 2026] [php:error] [pid 74711] [client 4.231.228.236:0] script '/domains/system_default/vaza.php' not found or unable to stat
[Tue Mar 03 01:22:59.348050 2026] [php:error] [pid 74711] [client 4.231.228.236:0] script '/domains/system_default/a2.php' not found or unable to stat
[Tue Mar 03 01:22:59.422308 2026] [php:error] [pid 74711] [client 4.231.228.236:0] script '/domains/system_default/sty.php' not found or unable to stat
[Tue Mar 03 01:22:59.496019 2026] [php:error] [pid 74711] [client 4.231.228.236:0] script '/domains/system_default/xxxx.php' not found or unable to stat
[Tue Mar 03 01:22:59.569392 2026] [php:error] [pid 74711] [client 4.231.228.236:0] script '/domains/system_default/h.php' not found or unable to stat
[Tue Mar 03 01:22:59.643240 2026] [php:error] [pid 74711] [client 4.231.228.236:0] script '/domains/system_default/g.php' not found or unable to stat
[Tue Mar 03 01:22:59.716819 2026] [php:error] [pid 74711] [client 4.231.228.236:0] script '/domains/system_default/pp.php' not found or unable to stat
[Tue Mar 03 01:22:59.791869 2026] [php:error] [pid 74711] [client 4.231.228.236:0] script '/domains/system_default/sys.php' not found or unable to stat
[Tue Mar 03 01:22:59.865208 2026] [php:error] [pid 74711] [client 4.231.228.236:0] script '/domains/system_default/txets.php' not found or unable to stat
[Tue Mar 03 01:22:59.938507 2026] [php:error] [pid 74711] [client 4.231.228.236:0] script '/domains/system_default/tt.php' not found or unable to stat
[Tue Mar 03 01:23:00.011813 2026] [php:error] [pid 74711] [client 4.231.228.236:0] script '/domains/system_default/wp9.php' not found or unable to stat
[Tue Mar 03 01:23:00.085007 2026] [php:error] [pid 74711] [client 4.231.228.236:0] script '/domains/system_default/path.php' not found or unable to stat
[Tue Mar 03 01:23:00.158463 2026] [php:error] [pid 74711] [client 4.231.228.236:0] script '/domains/system_default/wdf.php' not found or unable to stat
[Tue Mar 03 01:23:00.231788 2026] [php:error] [pid 74711] [client 4.231.228.236:0] script '/domains/system_default/fleen.php' not found or unable to stat
[Tue Mar 03 01:23:00.305042 2026] [php:error] [pid 74711] [client 4.231.228.236:0] script '/domains/system_default/wp-tem.php' not found or unable to stat
[Tue Mar 03 01:23:00.378629 2026] [php:error] [pid 74711] [client 4.231.228.236:0] script '/domains/system_default/av6m.php' not found or unable to stat
[Tue Mar 03 01:23:00.452611 2026] [php:error] [pid 74711] [client 4.231.228.236:0] script '/domains/system_default/autogooey.php' not found or unable to stat
[Tue Mar 03 01:23:00.526657 2026] [php:error] [pid 74711] [client 4.231.228.236:0] script '/domains/system_default/btx25.php' not found or unable to stat
[Tue Mar 03 01:23:00.600224 2026] [php:error] [pid 74711] [client 4.231.228.236:0] script '/domains/system_default/mga.php' not found or unable to stat
[Tue Mar 03 01:23:00.673890 2026] [php:error] [pid 74711] [client 4.231.228.236:0] script '/domains/system_default/maxro.php' not found or unable to stat
[Tue Mar 03 01:23:00.747074 2026] [php:error] [pid 74711] [client 4.231.228.236:0] script '/domains/system_default/agg.php' not found or unable to stat
[Tue Mar 03 01:23:00.820613 2026] [php:error] [pid 74711] [client 4.231.228.236:0] script '/domains/system_default/pass4.php' not found or unable to stat
[Tue Mar 03 01:23:00.894288 2026] [php:error] [pid 74711] [client 4.231.228.236:0] script '/domains/system_default/wsvvs.php' not found or unable to stat
[Tue Mar 03 01:23:00.968006 2026] [php:error] [pid 74711] [client 4.231.228.236:0] script '/domains/system_default/G-In.php' not found or unable to stat
[Tue Mar 03 01:23:01.042834 2026] [php:error] [pid 74711] [client 4.231.228.236:0] script '/domains/system_default/edit.php' not found or unable to stat
[Tue Mar 03 01:23:01.116456 2026] [php:error] [pid 74711] [client 4.231.228.236:0] script '/domains/system_default/ioxi-o.php' not found or unable to stat
[Tue Mar 03 01:23:01.263273 2026] [php:error] [pid 74711] [client 4.231.228.236:0] script '/domains/system_default/66.php' not found or unable to stat
[Tue Mar 03 01:23:01.409995 2026] [php:error] [pid 74711] [client 4.231.228.236:0] script '/domains/system_default/gifclass.php' not found or unable to stat
[Tue Mar 03 01:23:01.780246 2026] [php:error] [pid 74711] [client 4.231.228.236:0] script '/domains/system_default/sc.php' not found or unable to stat
[Tue Mar 03 01:23:01.854006 2026] [php:error] [pid 74711] [client 4.231.228.236:0] script '/domains/system_default/xmlrpc.php' not found or unable to stat
[Tue Mar 03 01:23:01.927521 2026] [php:error] [pid 74711] [client 4.231.228.236:0] script '/domains/system_default/ol.php' not found or unable to stat
[Tue Mar 03 01:23:02.001247 2026] [php:error] [pid 74711] [client 4.231.228.236:0] script '/domains/system_default/f6.php' not found or unable to stat
[Tue Mar 03 01:23:02.075674 2026] [php:error] [pid 74711] [client 4.231.228.236:0] script '/domains/system_default/inputs.php' not found or unable to stat
[Tue Mar 03 01:23:02.149181 2026] [php:error] [pid 74711] [client 4.231.228.236:0] script '/domains/system_default/style.php' not found or unable to stat
[Tue Mar 03 01:23:02.222782 2026] [php:error] [pid 74711] [client 4.231.228.236:0] script '/domains/system_default/bgymj.php' not found or unable to stat
[Tue Mar 03 01:23:02.296918 2026] [php:error] [pid 74711] [client 4.231.228.236:0] script '/domains/system_default/aa.php' not found or unable to stat
[Tue Mar 03 01:23:02.370780 2026] [php:error] [pid 74711] [client 4.231.228.236:0] script '/domains/system_default/1.php' not found or unable to stat
[Tue Mar 03 01:23:02.444373 2026] [php:error] [pid 74711] [client 4.231.228.236:0] script '/domains/system_default/sc.php' not found or unable to stat
[Tue Mar 03 01:23:02.517868 2026] [php:error] [pid 74711] [client 4.231.228.236:0] script '/domains/system_default/av.php' not found or unable to stat
[Tue Mar 03 01:23:02.594826 2026] [php:error] [pid 74711] [client 4.231.228.236:0] script '/domains/system_default/file.php' not found or unable to stat
[Tue Mar 03 01:23:02.672342 2026] [php:error] [pid 74711] [client 4.231.228.236:0] script '/domains/system_default/666.php' not found or unable to stat
[Tue Mar 03 01:23:02.745727 2026] [php:error] [pid 74711] [client 4.231.228.236:0] script '/domains/system_default/file59.php' not found or unable to stat
[Tue Mar 03 01:23:02.819086 2026] [php:error] [pid 74711] [client 4.231.228.236:0] script '/domains/system_default/bless.php' not found or unable to stat
[Tue Mar 03 01:23:02.893132 2026] [php:error] [pid 74711] [client 4.231.228.236:0] script '/domains/system_default/wp9.php' not found or unable to stat
[Tue Mar 03 01:23:02.967139 2026] [php:error] [pid 74711] [client 4.231.228.236:0] script '/domains/system_default/wp-act.php' not found or unable to stat
[Tue Mar 03 01:23:03.040930 2026] [php:error] [pid 74711] [client 4.231.228.236:0] script '/domains/system_default/class-t.api.php' not found or unable to stat
[Tue Mar 03 01:23:03.115185 2026] [php:error] [pid 74711] [client 4.231.228.236:0] script '/domains/system_default/xqq.php' not found or unable to stat
[Tue Mar 03 01:23:03.455068 2026] [php:error] [pid 74711] [client 4.231.228.236:0] script '/domains/system_default/06.php' not found or unable to stat
[Tue Mar 03 01:23:03.528886 2026] [php:error] [pid 74711] [client 4.231.228.236:0] script '/domains/system_default/plss3.php' not found or unable to stat
[Tue Mar 03 01:23:03.607295 2026] [php:error] [pid 74711] [client 4.231.228.236:0] script '/domains/system_default/aaa.php' not found or unable to stat
[Tue Mar 03 01:23:03.680598 2026] [php:error] [pid 74711] [client 4.231.228.236:0] script '/domains/system_default/classwithtostring.php' not found or unable to stat
[Tue Mar 03 01:23:03.830247 2026] [php:error] [pid 74711] [client 4.231.228.236:0] script '/domains/system_default/tinyfilemanager.php' not found or unable to stat
[Tue Mar 03 01:23:03.904485 2026] [php:error] [pid 74711] [client 4.231.228.236:0] script '/domains/system_default/x.php' not found or unable to stat
[Tue Mar 03 01:23:04.001277 2026] [php:error] [pid 74711] [client 4.231.228.236:0] script '/domains/system_default/ms.php' not found or unable to stat
[Tue Mar 03 01:23:04.148918 2026] [php:error] [pid 74711] [client 4.231.228.236:0] script '/domains/system_default/wdf.php' not found or unable to stat
[Tue Mar 03 01:23:04.222471 2026] [php:error] [pid 74711] [client 4.231.228.236:0] script '/domains/system_default/wp-update.php' not found or unable to stat
[Tue Mar 03 01:23:04.296042 2026] [php:error] [pid 74711] [client 4.231.228.236:0] script '/domains/system_default/sbhu.php' not found or unable to stat
[Tue Mar 03 01:23:04.442934 2026] [php:error] [pid 74711] [client 4.231.228.236:0] script '/domains/system_default/wp-blog.php' not found or unable to stat
[Tue Mar 03 01:23:04.519792 2026] [php:error] [pid 74711] [client 4.231.228.236:0] script '/domains/system_default/test1.php' not found or unable to stat
[Tue Mar 03 01:23:04.676941 2026] [php:error] [pid 74711] [client 4.231.228.236:0] script '/domains/system_default/166.php' not found or unable to stat
[Tue Mar 03 01:23:04.751055 2026] [php:error] [pid 74711] [client 4.231.228.236:0] script '/domains/system_default/fleen.php' not found or unable to stat
[Tue Mar 03 01:23:04.897579 2026] [php:error] [pid 74711] [client 4.231.228.236:0] script '/domains/system_default/ms-edit.php' not found or unable to stat
[Tue Mar 03 01:23:04.950193 2026] [php:error] [pid 74710] [client 20.89.58.13:0] script '/domains/davidbacker/222.php' not found or unable to stat
[Tue Mar 03 01:23:04.971436 2026] [php:error] [pid 74711] [client 4.231.228.236:0] script '/domains/system_default/adminfuns.php' not found or unable to stat
[Tue Mar 03 01:23:05.045563 2026] [php:error] [pid 74711] [client 4.231.228.236:0] script '/domains/system_default/goods.php' not found or unable to stat
[Tue Mar 03 01:23:05.118820 2026] [php:error] [pid 74711] [client 4.231.228.236:0] script '/domains/system_default/ms-edit.php' not found or unable to stat
[Tue Mar 03 01:23:05.120400 2026] [php:error] [pid 74710] [client 20.89.58.13:0] script '/domains/davidbacker/404.php' not found or unable to stat
[Tue Mar 03 01:23:05.199967 2026] [php:error] [pid 74711] [client 4.231.228.236:0] script '/domains/system_default/222.php' not found or unable to stat
[Tue Mar 03 01:23:05.273674 2026] [php:error] [pid 74711] [client 4.231.228.236:0] script '/domains/system_default/plugins.php' not found or unable to stat
[Tue Mar 03 01:23:05.290316 2026] [php:error] [pid 74710] [client 20.89.58.13:0] script '/domains/davidbacker/about.php' not found or unable to stat
[Tue Mar 03 01:23:05.460105 2026] [php:error] [pid 74710] [client 20.89.58.13:0] script '/domains/davidbacker/admin.php' not found or unable to stat
[Tue Mar 03 01:23:05.493880 2026] [php:error] [pid 74711] [client 4.231.228.236:0] script '/domains/system_default/ff1.php' not found or unable to stat
[Tue Mar 03 01:23:05.567296 2026] [php:error] [pid 74711] [client 4.231.228.236:0] script '/domains/system_default/fff.php' not found or unable to stat
[Tue Mar 03 01:23:05.657724 2026] [php:error] [pid 74710] [client 20.89.58.13:0] script '/domains/davidbacker/adminfuns.php' not found or unable to stat
[Tue Mar 03 01:23:05.716703 2026] [php:error] [pid 74711] [client 4.231.228.236:0] script '/domains/system_default/goat.php' not found or unable to stat
[Tue Mar 03 01:23:05.790864 2026] [php:error] [pid 74711] [client 4.231.228.236:0] script '/domains/system_default/155.php' not found or unable to stat
[Tue Mar 03 01:23:05.827732 2026] [php:error] [pid 74710] [client 20.89.58.13:0] script '/domains/davidbacker/bless.php' not found or unable to stat
[Tue Mar 03 01:23:05.864901 2026] [php:error] [pid 74711] [client 4.231.228.236:0] script '/domains/system_default/we.php' not found or unable to stat
[Tue Mar 03 01:23:05.938451 2026] [php:error] [pid 74711] [client 4.231.228.236:0] script '/domains/system_default/alpha.php' not found or unable to stat
[Tue Mar 03 01:23:05.997485 2026] [php:error] [pid 74710] [client 20.89.58.13:0] script '/domains/davidbacker/bolt.php' not found or unable to stat
[Tue Mar 03 01:23:06.085991 2026] [php:error] [pid 74697] [client 4.231.228.236:0] script '/domains/system_default/makeasmtp.php' not found or unable to stat
[Tue Mar 03 01:23:06.159764 2026] [php:error] [pid 74697] [client 4.231.228.236:0] script '/domains/system_default/wp-michan.php' not found or unable to stat
[Tue Mar 03 01:23:06.169296 2026] [php:error] [pid 74710] [client 20.89.58.13:0] script '/domains/davidbacker/ccou.php' not found or unable to stat
[Tue Mar 03 01:23:06.306419 2026] [php:error] [pid 74697] [client 4.231.228.236:0] script '/domains/system_default/wp-the.php' not found or unable to stat
[Tue Mar 03 01:23:06.339065 2026] [php:error] [pid 74710] [client 20.89.58.13:0] script '/domains/davidbacker/class-t.api.php' not found or unable to stat
[Tue Mar 03 01:23:06.452178 2026] [php:error] [pid 74697] [client 4.231.228.236:0] script '/domains/system_default/BDKR28WP.php' not found or unable to stat
[Tue Mar 03 01:23:06.508858 2026] [php:error] [pid 74710] [client 20.89.58.13:0] script '/domains/davidbacker/css.php' not found or unable to stat
[Tue Mar 03 01:23:06.596774 2026] [php:error] [pid 74697] [client 4.231.228.236:0] script '/domains/system_default/wp.php' not found or unable to stat
[Tue Mar 03 01:23:06.682919 2026] [php:error] [pid 74710] [client 20.89.58.13:0] script '/domains/davidbacker/css/000.php' not found or unable to stat
[Tue Mar 03 01:23:06.741200 2026] [php:error] [pid 74697] [client 4.231.228.236:0] script '/domains/system_default/w4.php' not found or unable to stat
[Tue Mar 03 01:23:06.872959 2026] [php:error] [pid 74710] [client 20.89.58.13:0] script '/domains/davidbacker/edit.php' not found or unable to stat
[Tue Mar 03 01:23:06.886419 2026] [php:error] [pid 74697] [client 4.231.228.236:0] script '/domains/system_default/ok.php' not found or unable to stat
[Tue Mar 03 01:23:06.965190 2026] [php:error] [pid 74697] [client 4.231.228.236:0] script '/domains/system_default/about.php' not found or unable to stat
[Tue Mar 03 01:23:07.037358 2026] [php:error] [pid 74697] [client 4.231.228.236:0] script '/domains/system_default/tymn.php' not found or unable to stat
[Tue Mar 03 01:23:07.042944 2026] [php:error] [pid 74710] [client 20.89.58.13:0] script '/domains/davidbacker/fff.php' not found or unable to stat
[Tue Mar 03 01:23:07.109971 2026] [php:error] [pid 74697] [client 4.231.228.236:0] script '/domains/system_default/bak.php' not found or unable to stat
[Tue Mar 03 01:23:07.212778 2026] [php:error] [pid 74710] [client 20.89.58.13:0] script '/domains/davidbacker/file.php' not found or unable to stat
[Tue Mar 03 01:23:07.254662 2026] [php:error] [pid 74697] [client 4.231.228.236:0] script '/domains/system_default/fe5.php' not found or unable to stat
[Tue Mar 03 01:23:07.327620 2026] [php:error] [pid 74697] [client 4.231.228.236:0] script '/domains/system_default/kj.php' not found or unable to stat
[Tue Mar 03 01:23:07.392985 2026] [php:error] [pid 74710] [client 20.89.58.13:0] script '/domains/davidbacker/fx.php' not found or unable to stat
[Tue Mar 03 01:23:07.471638 2026] [php:error] [pid 74697] [client 4.231.228.236:0] script '/domains/system_default/av.php' not found or unable to stat
[Tue Mar 03 01:23:07.543779 2026] [php:error] [pid 74697] [client 4.231.228.236:0] script '/domains/system_default/abcd.php' not found or unable to stat
[Tue Mar 03 01:23:07.562908 2026] [php:error] [pid 74710] [client 20.89.58.13:0] script '/domains/davidbacker/info.php' not found or unable to stat
[Tue Mar 03 01:23:07.609931 2026] [php:error] [pid 74712] [client 20.207.204.235:0] script '/domains/viamonte3/222.php' not found or unable to stat
[Tue Mar 03 01:23:07.616369 2026] [php:error] [pid 74697] [client 4.231.228.236:0] script '/domains/system_default/init.php' not found or unable to stat
[Tue Mar 03 01:23:07.689682 2026] [php:error] [pid 74697] [client 4.231.228.236:0] script '/domains/system_default/fi.php' not found or unable to stat
[Tue Mar 03 01:23:07.732999 2026] [php:error] [pid 74710] [client 20.89.58.13:0] script '/domains/davidbacker/ioxi-o.php' not found or unable to stat
[Tue Mar 03 01:23:07.763372 2026] [php:error] [pid 74697] [client 4.231.228.236:0] script '/domains/system_default/a1.php' not found or unable to stat
[Tue Mar 03 01:23:07.809417 2026] [php:error] [pid 74712] [client 20.207.204.235:0] script '/domains/viamonte3/404.php' not found or unable to stat
[Tue Mar 03 01:23:07.903831 2026] [php:error] [pid 74710] [client 20.89.58.13:0] script '/domains/davidbacker/rip.php' not found or unable to stat
[Tue Mar 03 01:23:07.979507 2026] [php:error] [pid 74697] [client 4.231.228.236:0] script '/domains/system_default/f35.php' not found or unable to stat
[Tue Mar 03 01:23:08.008812 2026] [php:error] [pid 74712] [client 20.207.204.235:0] script '/domains/viamonte3/about.php' not found or unable to stat
[Tue Mar 03 01:23:08.052811 2026] [php:error] [pid 74697] [client 4.231.228.236:0] script '/domains/system_default/hi.php' not found or unable to stat
[Tue Mar 03 01:23:08.073783 2026] [php:error] [pid 74710] [client 20.89.58.13:0] script '/domains/davidbacker/server.php' not found or unable to stat
[Tue Mar 03 01:23:08.124864 2026] [php:error] [pid 74697] [client 4.231.228.236:0] script '/domains/system_default/lala.php' not found or unable to stat
[Tue Mar 03 01:23:08.197153 2026] [php:error] [pid 74697] [client 4.231.228.236:0] script '/domains/system_default/lb.php' not found or unable to stat
[Tue Mar 03 01:23:08.212730 2026] [php:error] [pid 74712] [client 20.207.204.235:0] script '/domains/viamonte3/admin.php' not found or unable to stat
[Tue Mar 03 01:23:08.243469 2026] [php:error] [pid 74710] [client 20.89.58.13:0] script '/domains/davidbacker/wp-blog.php' not found or unable to stat
[Tue Mar 03 01:23:08.341411 2026] [php:error] [pid 74697] [client 4.231.228.236:0] script '/domains/system_default/0.php' not found or unable to stat
[Tue Mar 03 01:23:08.411660 2026] [php:error] [pid 74712] [client 20.207.204.235:0] script '/domains/viamonte3/adminfuns.php' not found or unable to stat
[Tue Mar 03 01:23:08.413989 2026] [php:error] [pid 74697] [client 4.231.228.236:0] script '/domains/system_default/core.php' not found or unable to stat
[Tue Mar 03 01:23:08.485872 2026] [php:error] [pid 74697] [client 4.231.228.236:0] script '/domains/system_default/autogooey.php' not found or unable to stat
[Tue Mar 03 01:23:08.611762 2026] [php:error] [pid 74712] [client 20.207.204.235:0] script '/domains/viamonte3/bless.php' not found or unable to stat
[Tue Mar 03 01:23:08.630916 2026] [php:error] [pid 74697] [client 4.231.228.236:0] script '/domains/system_default/prv8.php' not found or unable to stat
[Tue Mar 03 01:23:08.703420 2026] [php:error] [pid 74697] [client 4.231.228.236:0] script '/domains/system_default/k.php' not found or unable to stat
[Tue Mar 03 01:23:08.776113 2026] [php:error] [pid 74697] [client 4.231.228.236:0] script '/domains/system_default/dev.php' not found or unable to stat
[Tue Mar 03 01:23:08.811064 2026] [php:error] [pid 74712] [client 20.207.204.235:0] script '/domains/viamonte3/bolt.php' not found or unable to stat
[Tue Mar 03 01:23:08.850280 2026] [php:error] [pid 74697] [client 4.231.228.236:0] script '/domains/system_default/x123x.php' not found or unable to stat
[Tue Mar 03 01:23:08.922385 2026] [php:error] [pid 74697] [client 4.231.228.236:0] script '/domains/system_default/bal.php' not found or unable to stat
[Tue Mar 03 01:23:08.994496 2026] [php:error] [pid 74697] [client 4.231.228.236:0] script '/domains/system_default/in.php' not found or unable to stat
[Tue Mar 03 01:23:09.009798 2026] [php:error] [pid 74712] [client 20.207.204.235:0] script '/domains/viamonte3/ccou.php' not found or unable to stat
[Tue Mar 03 01:23:09.066425 2026] [php:error] [pid 74697] [client 4.231.228.236:0] script '/domains/system_default/gssdd.php' not found or unable to stat
[Tue Mar 03 01:23:09.138479 2026] [php:error] [pid 74697] [client 4.231.228.236:0] script '/domains/system_default/motu.php' not found or unable to stat
[Tue Mar 03 01:23:09.208627 2026] [php:error] [pid 74712] [client 20.207.204.235:0] script '/domains/viamonte3/class-t.api.php' not found or unable to stat
[Tue Mar 03 01:23:09.210399 2026] [php:error] [pid 74697] [client 4.231.228.236:0] script '/domains/system_default/bs1.php' not found or unable to stat
[Tue Mar 03 01:23:09.280404 2026] [php:error] [pid 74710] [client 20.89.58.13:0] script '/domains/davidbacker/wp-editor.php' not found or unable to stat
[Tue Mar 03 01:23:09.283134 2026] [php:error] [pid 74697] [client 4.231.228.236:0] script '/domains/system_default/bengi.php' not found or unable to stat
[Tue Mar 03 01:23:09.356116 2026] [php:error] [pid 74697] [client 4.231.228.236:0] script '/domains/system_default/log.php' not found or unable to stat
[Tue Mar 03 01:23:09.407651 2026] [php:error] [pid 74712] [client 20.207.204.235:0] script '/domains/viamonte3/css.php' not found or unable to stat
[Tue Mar 03 01:23:09.428013 2026] [php:error] [pid 74697] [client 4.231.228.236:0] script '/domains/system_default/miansha.php' not found or unable to stat
[Tue Mar 03 01:23:09.499962 2026] [php:error] [pid 74697] [client 4.231.228.236:0] script '/domains/system_default/erty.php' not found or unable to stat
[Tue Mar 03 01:23:09.645085 2026] [php:error] [pid 74697] [client 4.231.228.236:0] script '/domains/system_default/X57.php' not found or unable to stat
[Tue Mar 03 01:23:09.717007 2026] [php:error] [pid 74697] [client 4.231.228.236:0] script '/domains/system_default/axx.php' not found or unable to stat
[Tue Mar 03 01:23:09.789794 2026] [php:error] [pid 74697] [client 4.231.228.236:0] script '/domains/system_default/alfashell.php' not found or unable to stat
[Tue Mar 03 01:23:09.827479 2026] [php:error] [pid 74712] [client 20.207.204.235:0] script '/domains/viamonte3/edit.php' not found or unable to stat
[Tue Mar 03 01:23:09.861691 2026] [php:error] [pid 74697] [client 4.231.228.236:0] script '/domains/system_default/myfile.php' not found or unable to stat
[Tue Mar 03 01:23:09.933800 2026] [php:error] [pid 74697] [client 4.231.228.236:0] script '/domains/system_default/re.php' not found or unable to stat
[Tue Mar 03 01:23:10.006550 2026] [php:error] [pid 74697] [client 4.231.228.236:0] script '/domains/system_default/styll.php' not found or unable to stat
[Tue Mar 03 01:23:10.026379 2026] [php:error] [pid 74712] [client 20.207.204.235:0] script '/domains/viamonte3/fff.php' not found or unable to stat
[Tue Mar 03 01:23:10.080099 2026] [php:error] [pid 74697] [client 4.231.228.236:0] script '/domains/system_default/flower.php' not found or unable to stat
[Tue Mar 03 01:23:10.129679 2026] [php:error] [pid 74710] [client 20.89.58.13:0] script '/domains/davidbacker/wp.php' not found or unable to stat
[Tue Mar 03 01:23:10.152676 2026] [php:error] [pid 74697] [client 4.231.228.236:0] script '/domains/system_default/flower2.php' not found or unable to stat
[Tue Mar 03 01:23:10.224780 2026] [php:error] [pid 74697] [client 4.231.228.236:0] script '/domains/system_default/4h.php' not found or unable to stat
[Tue Mar 03 01:23:10.225182 2026] [php:error] [pid 74712] [client 20.207.204.235:0] script '/domains/viamonte3/file.php' not found or unable to stat
[Tue Mar 03 01:23:10.297682 2026] [php:error] [pid 74697] [client 4.231.228.236:0] script '/domains/system_default/gettest.php' not found or unable to stat
[Tue Mar 03 01:23:10.299652 2026] [php:error] [pid 74710] [client 20.89.58.13:0] script '/domains/davidbacker/x.php' not found or unable to stat
[Tue Mar 03 01:23:10.370010 2026] [php:error] [pid 74697] [client 4.231.228.236:0] script '/domains/system_default/acp.php' not found or unable to stat
[Tue Mar 03 01:23:10.425454 2026] [php:error] [pid 74712] [client 20.207.204.235:0] script '/domains/viamonte3/fx.php' not found or unable to stat
[Tue Mar 03 01:23:10.442720 2026] [php:error] [pid 74697] [client 4.231.228.236:0] script '/domains/system_default/database.php' not found or unable to stat
[Tue Mar 03 01:23:10.624858 2026] [php:error] [pid 74712] [client 20.207.204.235:0] script '/domains/viamonte3/info.php' not found or unable to stat
[Tue Mar 03 01:23:10.824855 2026] [php:error] [pid 74712] [client 20.207.204.235:0] script '/domains/viamonte3/ioxi-o.php' not found or unable to stat
[Tue Mar 03 01:23:11.024010 2026] [php:error] [pid 74712] [client 20.207.204.235:0] script '/domains/viamonte3/rip.php' not found or unable to stat
[Tue Mar 03 01:23:11.223680 2026] [php:error] [pid 74712] [client 20.207.204.235:0] script '/domains/viamonte3/server.php' not found or unable to stat
[Tue Mar 03 01:23:11.422873 2026] [php:error] [pid 74712] [client 20.207.204.235:0] script '/domains/viamonte3/wp-blog.php' not found or unable to stat
[Tue Mar 03 01:23:12.618998 2026] [php:error] [pid 74712] [client 20.207.204.235:0] script '/domains/viamonte3/wp-editor.php' not found or unable to stat
[Tue Mar 03 01:23:13.615383 2026] [php:error] [pid 74712] [client 20.207.204.235:0] script '/domains/viamonte3/wp.php' not found or unable to stat
[Tue Mar 03 01:23:13.814602 2026] [php:error] [pid 74712] [client 20.207.204.235:0] script '/domains/viamonte3/x.php' not found or unable to stat
[Tue Mar 03 01:23:43.533826 2026] [php:error] [pid 74721] [client 20.53.243.118:0] script '/domains/kandg-pc/222.php' not found or unable to stat
[Tue Mar 03 01:23:43.744467 2026] [php:error] [pid 74721] [client 20.53.243.118:0] script '/domains/kandg-pc/404.php' not found or unable to stat
[Tue Mar 03 01:23:43.954867 2026] [php:error] [pid 74721] [client 20.53.243.118:0] script '/domains/kandg-pc/about.php' not found or unable to stat
[Tue Mar 03 01:23:44.165242 2026] [php:error] [pid 74721] [client 20.53.243.118:0] script '/domains/kandg-pc/admin.php' not found or unable to stat
[Tue Mar 03 01:23:44.376753 2026] [php:error] [pid 74721] [client 20.53.243.118:0] script '/domains/kandg-pc/adminfuns.php' not found or unable to stat
[Tue Mar 03 01:23:44.587709 2026] [php:error] [pid 74721] [client 20.53.243.118:0] script '/domains/kandg-pc/bless.php' not found or unable to stat
[Tue Mar 03 01:23:44.798623 2026] [php:error] [pid 74721] [client 20.53.243.118:0] script '/domains/kandg-pc/bolt.php' not found or unable to stat
[Tue Mar 03 01:23:45.009397 2026] [php:error] [pid 74721] [client 20.53.243.118:0] script '/domains/kandg-pc/ccou.php' not found or unable to stat
[Tue Mar 03 01:23:45.220188 2026] [php:error] [pid 74721] [client 20.53.243.118:0] script '/domains/kandg-pc/class-t.api.php' not found or unable to stat
[Tue Mar 03 01:23:45.430639 2026] [php:error] [pid 74721] [client 20.53.243.118:0] script '/domains/kandg-pc/css.php' not found or unable to stat
[Tue Mar 03 01:23:45.851679 2026] [php:error] [pid 74721] [client 20.53.243.118:0] script '/domains/kandg-pc/edit.php' not found or unable to stat
[Tue Mar 03 01:23:46.062439 2026] [php:error] [pid 74721] [client 20.53.243.118:0] script '/domains/kandg-pc/fff.php' not found or unable to stat
[Tue Mar 03 01:23:46.273160 2026] [php:error] [pid 74721] [client 20.53.243.118:0] script '/domains/kandg-pc/file.php' not found or unable to stat
[Tue Mar 03 01:23:46.499544 2026] [php:error] [pid 74721] [client 20.53.243.118:0] script '/domains/kandg-pc/fx.php' not found or unable to stat
[Tue Mar 03 01:23:46.710258 2026] [php:error] [pid 74721] [client 20.53.243.118:0] script '/domains/kandg-pc/info.php' not found or unable to stat
[Tue Mar 03 01:23:46.920640 2026] [php:error] [pid 74721] [client 20.53.243.118:0] script '/domains/kandg-pc/ioxi-o.php' not found or unable to stat
[Tue Mar 03 01:23:47.133505 2026] [php:error] [pid 74721] [client 20.53.243.118:0] script '/domains/kandg-pc/rip.php' not found or unable to stat
[Tue Mar 03 01:23:47.366313 2026] [php:error] [pid 74721] [client 20.53.243.118:0] script '/domains/kandg-pc/server.php' not found or unable to stat
[Tue Mar 03 01:23:47.577023 2026] [php:error] [pid 74721] [client 20.53.243.118:0] script '/domains/kandg-pc/wp-blog.php' not found or unable to stat
[Tue Mar 03 01:23:48.855616 2026] [php:error] [pid 74721] [client 20.53.243.118:0] script '/domains/kandg-pc/wp-editor.php' not found or unable to stat
[Tue Mar 03 01:23:49.934569 2026] [php:error] [pid 74721] [client 20.53.243.118:0] script '/domains/kandg-pc/wp.php' not found or unable to stat
[Tue Mar 03 01:23:50.145081 2026] [php:error] [pid 74721] [client 20.53.243.118:0] script '/domains/kandg-pc/x.php' not found or unable to stat
[Tue Mar 03 01:23:57.966124 2026] [core:error] [pid 74697] [client 107.150.119.229:0] AH10244: invalid URI path (/cgi-bin/.%2e/.%2e/.%2e/.%2e/.%2e/.%2e/.%2e/.%2e/.%2e/.%2e/bin/sh)
[Tue Mar 03 01:23:58.515248 2026] [core:error] [pid 74718] [client 107.150.119.229:0] AH10244: invalid URI path (/cgi-bin/%%32%65%%32%65/%%32%65%%32%65/%%32%65%%32%65/%%32%65%%32%65/%%32%65%%32%65/%%32%65%%32%65/%%32%65%%32%65/bin/sh)
[Tue Mar 03 01:24:12.575673 2026] [php:error] [pid 74714] [client 107.150.119.229:0] script '/domains/system_default/index.php' not found or unable to stat
[Tue Mar 03 01:24:13.285090 2026] [php:error] [pid 74714] [client 107.150.119.229:0] script '/domains/system_default/index.php' not found or unable to stat
[Tue Mar 03 01:24:13.650815 2026] [php:error] [pid 74714] [client 107.150.119.229:0] script '/domains/system_default/index.php' not found or unable to stat
[Tue Mar 03 01:24:47.833240 2026] [php:error] [pid 74718] [client 20.211.1.210:0] script '/domains/ltemple/inputs.php' not found or unable to stat
[Tue Mar 03 01:24:48.043030 2026] [php:error] [pid 74718] [client 20.211.1.210:0] script '/domains/ltemple/ioxi-o.php' not found or unable to stat
[Tue Mar 03 01:24:48.464444 2026] [php:error] [pid 74718] [client 20.211.1.210:0] script '/domains/ltemple/rip.php' not found or unable to stat
[Tue Mar 03 01:24:48.674246 2026] [php:error] [pid 74718] [client 20.211.1.210:0] script '/domains/ltemple/admin.php' not found or unable to stat
[Tue Mar 03 01:24:49.125697 2026] [php:error] [pid 74718] [client 20.211.1.210:0] script '/domains/ltemple/cache.php' not found or unable to stat
[Tue Mar 03 01:24:49.156151 2026] [php:error] [pid 74728] [client 40.77.167.75:0] script '/domains/brenties/huvb.php' not found or unable to stat
[Tue Mar 03 01:24:49.335653 2026] [php:error] [pid 74718] [client 20.211.1.210:0] script '/domains/ltemple/themes.php' not found or unable to stat
[Tue Mar 03 01:24:49.545373 2026] [php:error] [pid 74718] [client 20.211.1.210:0] script '/domains/ltemple/an.php' not found or unable to stat
[Tue Mar 03 01:24:50.175932 2026] [php:error] [pid 74718] [client 20.211.1.210:0] script '/domains/ltemple/ws.php' not found or unable to stat
[Tue Mar 03 01:24:50.404336 2026] [php:error] [pid 74718] [client 20.211.1.210:0] script '/domains/ltemple/404.php' not found or unable to stat
[Tue Mar 03 01:24:50.824237 2026] [php:error] [pid 74718] [client 20.211.1.210:0] script '/domains/ltemple/wp-conf.php' not found or unable to stat
[Tue Mar 03 01:24:51.260804 2026] [php:error] [pid 74718] [client 20.211.1.210:0] script '/domains/ltemple/wp-login.php' not found or unable to stat
[Tue Mar 03 01:24:51.470549 2026] [php:error] [pid 74718] [client 20.211.1.210:0] script '/domains/ltemple/abc.php' not found or unable to stat
[Tue Mar 03 01:24:51.680338 2026] [php:error] [pid 74718] [client 20.211.1.210:0] script '/domains/ltemple/abcd.php' not found or unable to stat
[Tue Mar 03 01:24:51.890092 2026] [php:error] [pid 74718] [client 20.211.1.210:0] script '/domains/ltemple/as.php' not found or unable to stat
[Tue Mar 03 01:24:52.099960 2026] [php:error] [pid 74718] [client 20.211.1.210:0] script '/domains/ltemple/wp-trackback.php' not found or unable to stat
[Tue Mar 03 01:24:52.309695 2026] [php:error] [pid 74718] [client 20.211.1.210:0] script '/domains/ltemple/about.php' not found or unable to stat
[Tue Mar 03 01:24:52.519859 2026] [php:error] [pid 74718] [client 20.211.1.210:0] script '/domains/ltemple/file.php' not found or unable to stat
[Tue Mar 03 01:24:52.729685 2026] [php:error] [pid 74718] [client 20.211.1.210:0] script '/domains/ltemple/adminfuns.php' not found or unable to stat
[Tue Mar 03 01:24:52.939861 2026] [php:error] [pid 74718] [client 20.211.1.210:0] script '/domains/ltemple/wp-good.php' not found or unable to stat
[Tue Mar 03 01:24:53.150050 2026] [php:error] [pid 74718] [client 20.211.1.210:0] script '/domains/ltemple/xmlrpc.php' not found or unable to stat
[Tue Mar 03 01:24:53.360928 2026] [php:error] [pid 74718] [client 20.211.1.210:0] script '/domains/ltemple/goods.php' not found or unable to stat
[Tue Mar 03 01:24:53.574059 2026] [php:error] [pid 74718] [client 20.211.1.210:0] script '/domains/ltemple/class-t.api.php' not found or unable to stat
[Tue Mar 03 01:24:53.801881 2026] [php:error] [pid 74718] [client 20.211.1.210:0] script '/domains/ltemple/sf.php' not found or unable to stat
[Tue Mar 03 01:24:54.012179 2026] [php:error] [pid 74718] [client 20.211.1.210:0] script '/domains/ltemple/kbfr.php' not found or unable to stat
[Tue Mar 03 01:24:54.224007 2026] [php:error] [pid 74718] [client 20.211.1.210:0] script '/domains/ltemple/autoload_classmap.php' not found or unable to stat
[Tue Mar 03 01:24:54.435291 2026] [php:error] [pid 74718] [client 20.211.1.210:0] script '/domains/ltemple/chosen.php' not found or unable to stat
[Tue Mar 03 01:24:54.645247 2026] [php:error] [pid 74718] [client 20.211.1.210:0] script '/domains/ltemple/classwithtostring.php' not found or unable to stat
[Tue Mar 03 01:24:54.855067 2026] [php:error] [pid 74718] [client 20.211.1.210:0] script '/domains/ltemple/defaults.php' not found or unable to stat
[Tue Mar 03 01:24:55.517097 2026] [php:error] [pid 74718] [client 20.211.1.210:0] script '/domains/ltemple/info.php' not found or unable to stat
[Tue Mar 03 01:25:04.238766 2026] [php:error] [pid 74726] [client 185.193.156.145:0] script '/domains/astweb/xmlrpc.php' not found or unable to stat
[Tue Mar 03 01:25:21.820892 2026] [php:error] [pid 74733] [client 20.239.137.159:0] script '/domains/king1969/222.php' not found or unable to stat
[Tue Mar 03 01:25:22.042285 2026] [php:error] [pid 74733] [client 20.239.137.159:0] script '/domains/king1969/404.php' not found or unable to stat
[Tue Mar 03 01:25:22.263887 2026] [php:error] [pid 74733] [client 20.239.137.159:0] script '/domains/king1969/about.php' not found or unable to stat
[Tue Mar 03 01:25:22.486137 2026] [php:error] [pid 74733] [client 20.239.137.159:0] script '/domains/king1969/admin.php' not found or unable to stat
[Tue Mar 03 01:25:22.710749 2026] [php:error] [pid 74733] [client 20.239.137.159:0] script '/domains/king1969/adminfuns.php' not found or unable to stat
[Tue Mar 03 01:25:22.932298 2026] [php:error] [pid 74733] [client 20.239.137.159:0] script '/domains/king1969/bless.php' not found or unable to stat
[Tue Mar 03 01:25:23.153910 2026] [php:error] [pid 74733] [client 20.239.137.159:0] script '/domains/king1969/bolt.php' not found or unable to stat
[Tue Mar 03 01:25:23.375582 2026] [php:error] [pid 74733] [client 20.239.137.159:0] script '/domains/king1969/ccou.php' not found or unable to stat
[Tue Mar 03 01:25:23.597024 2026] [php:error] [pid 74733] [client 20.239.137.159:0] script '/domains/king1969/class-t.api.php' not found or unable to stat
[Tue Mar 03 01:25:23.818571 2026] [php:error] [pid 74733] [client 20.239.137.159:0] script '/domains/king1969/css.php' not found or unable to stat
[Tue Mar 03 01:25:24.040976 2026] [php:error] [pid 74733] [client 20.239.137.159:0] script '/domains/king1969/css/000.php' not found or unable to stat
[Tue Mar 03 01:25:24.262946 2026] [php:error] [pid 74733] [client 20.239.137.159:0] script '/domains/king1969/edit.php' not found or unable to stat
[Tue Mar 03 01:25:24.485486 2026] [php:error] [pid 74733] [client 20.239.137.159:0] script '/domains/king1969/fff.php' not found or unable to stat
[Tue Mar 03 01:25:24.707029 2026] [php:error] [pid 74733] [client 20.239.137.159:0] script '/domains/king1969/file.php' not found or unable to stat
[Tue Mar 03 01:25:24.928666 2026] [php:error] [pid 74733] [client 20.239.137.159:0] script '/domains/king1969/fx.php' not found or unable to stat
[Tue Mar 03 01:25:25.162595 2026] [php:error] [pid 74733] [client 20.239.137.159:0] script '/domains/king1969/info.php' not found or unable to stat
[Tue Mar 03 01:25:25.384677 2026] [php:error] [pid 74733] [client 20.239.137.159:0] script '/domains/king1969/ioxi-o.php' not found or unable to stat
[Tue Mar 03 01:25:25.606261 2026] [php:error] [pid 74733] [client 20.239.137.159:0] script '/domains/king1969/rip.php' not found or unable to stat
[Tue Mar 03 01:25:25.827774 2026] [php:error] [pid 74733] [client 20.239.137.159:0] script '/domains/king1969/server.php' not found or unable to stat
[Tue Mar 03 01:25:26.049395 2026] [php:error] [pid 74733] [client 20.239.137.159:0] script '/domains/king1969/wp-blog.php' not found or unable to stat
[Tue Mar 03 01:25:27.380484 2026] [php:error] [pid 74733] [client 20.239.137.159:0] script '/domains/king1969/wp-editor.php' not found or unable to stat
[Tue Mar 03 01:25:28.506047 2026] [php:error] [pid 74733] [client 20.239.137.159:0] script '/domains/king1969/wp.php' not found or unable to stat
[Tue Mar 03 01:25:28.727931 2026] [php:error] [pid 74733] [client 20.239.137.159:0] script '/domains/king1969/x.php' not found or unable to stat
[Tue Mar 03 01:25:48.777654 2026] [php:error] [pid 74718] [client 4.232.90.96:0] script '/domains/tennex/gfile.php' not found or unable to stat
[Tue Mar 03 01:25:48.870372 2026] [php:error] [pid 74718] [client 4.232.90.96:0] script '/domains/tennex/eee.php' not found or unable to stat
[Tue Mar 03 01:25:48.976300 2026] [php:error] [pid 74718] [client 4.232.90.96:0] script '/domains/tennex/lp6.php' not found or unable to stat
[Tue Mar 03 01:25:49.069248 2026] [php:error] [pid 74718] [client 4.232.90.96:0] script '/domains/tennex/xnty.php' not found or unable to stat
[Tue Mar 03 01:25:49.162027 2026] [php:error] [pid 74718] [client 4.232.90.96:0] script '/domains/tennex/w2025.php' not found or unable to stat
[Tue Mar 03 01:25:49.254458 2026] [php:error] [pid 74718] [client 4.232.90.96:0] script '/domains/tennex/foxr.php' not found or unable to stat
[Tue Mar 03 01:25:49.346666 2026] [php:error] [pid 74718] [client 4.232.90.96:0] script '/domains/tennex/xv23.php' not found or unable to stat
[Tue Mar 03 01:25:49.439215 2026] [php:error] [pid 74718] [client 4.232.90.96:0] script '/domains/tennex/swallowable.php' not found or unable to stat
[Tue Mar 03 01:25:49.531471 2026] [php:error] [pid 74718] [client 4.232.90.96:0] script '/domains/tennex/claw.php' not found or unable to stat
[Tue Mar 03 01:25:49.624582 2026] [php:error] [pid 74718] [client 4.232.90.96:0] script '/domains/tennex/fvvff.php' not found or unable to stat
[Tue Mar 03 01:25:49.722194 2026] [php:error] [pid 74718] [client 4.232.90.96:0] script '/domains/tennex/a2.php' not found or unable to stat
[Tue Mar 03 01:25:49.816623 2026] [php:error] [pid 74718] [client 4.232.90.96:0] script '/domains/tennex/sty.php' not found or unable to stat
[Tue Mar 03 01:25:49.908980 2026] [php:error] [pid 74718] [client 4.232.90.96:0] script '/domains/tennex/xxxx.php' not found or unable to stat
[Tue Mar 03 01:25:50.009805 2026] [php:error] [pid 74718] [client 4.232.90.96:0] script '/domains/tennex/h.php' not found or unable to stat
[Tue Mar 03 01:25:50.102150 2026] [php:error] [pid 74718] [client 4.232.90.96:0] script '/domains/tennex/g.php' not found or unable to stat
[Tue Mar 03 01:25:50.194496 2026] [php:error] [pid 74718] [client 4.232.90.96:0] script '/domains/tennex/pp.php' not found or unable to stat
[Tue Mar 03 01:25:50.287014 2026] [php:error] [pid 74718] [client 4.232.90.96:0] script '/domains/tennex/sys.php' not found or unable to stat
[Tue Mar 03 01:25:50.379621 2026] [php:error] [pid 74718] [client 4.232.90.96:0] script '/domains/tennex/txets.php' not found or unable to stat
[Tue Mar 03 01:25:50.471791 2026] [php:error] [pid 74718] [client 4.232.90.96:0] script '/domains/tennex/tt.php' not found or unable to stat
[Tue Mar 03 01:25:50.564194 2026] [php:error] [pid 74718] [client 4.232.90.96:0] script '/domains/tennex/wp9.php' not found or unable to stat
[Tue Mar 03 01:25:50.656746 2026] [php:error] [pid 74718] [client 4.232.90.96:0] script '/domains/tennex/path.php' not found or unable to stat
[Tue Mar 03 01:25:50.761021 2026] [php:error] [pid 74718] [client 4.232.90.96:0] script '/domains/tennex/wdf.php' not found or unable to stat
[Tue Mar 03 01:25:50.853395 2026] [php:error] [pid 74718] [client 4.232.90.96:0] script '/domains/tennex/2.php' not found or unable to stat
[Tue Mar 03 01:25:50.945537 2026] [php:error] [pid 74718] [client 4.232.90.96:0] script '/domains/tennex/mga.php' not found or unable to stat
[Tue Mar 03 01:25:51.052462 2026] [php:error] [pid 74718] [client 4.232.90.96:0] script '/domains/tennex/maxro.php' not found or unable to stat
[Tue Mar 03 01:25:51.144900 2026] [php:error] [pid 74718] [client 4.232.90.96:0] script '/domains/tennex/agg.php' not found or unable to stat
[Tue Mar 03 01:25:51.237259 2026] [php:error] [pid 74718] [client 4.232.90.96:0] script '/domains/tennex/pass4.php' not found or unable to stat
[Tue Mar 03 01:25:51.329525 2026] [php:error] [pid 74718] [client 4.232.90.96:0] script '/domains/tennex/wsvvs.php' not found or unable to stat
[Tue Mar 03 01:25:51.421837 2026] [php:error] [pid 74718] [client 4.232.90.96:0] script '/domains/tennex/G-In.php' not found or unable to stat
[Tue Mar 03 01:25:51.514349 2026] [php:error] [pid 74718] [client 4.232.90.96:0] script '/domains/tennex/edit.php' not found or unable to stat
[Tue Mar 03 01:25:51.606896 2026] [php:error] [pid 74718] [client 4.232.90.96:0] script '/domains/tennex/ioxi-o.php' not found or unable to stat
[Tue Mar 03 01:25:51.792268 2026] [php:error] [pid 74718] [client 4.232.90.96:0] script '/domains/tennex/66.php' not found or unable to stat
[Tue Mar 03 01:25:51.977973 2026] [php:error] [pid 74718] [client 4.232.90.96:0] script '/domains/tennex/gifclass.php' not found or unable to stat
[Tue Mar 03 01:25:52.463590 2026] [php:error] [pid 74718] [client 4.232.90.96:0] script '/domains/tennex/sc.php' not found or unable to stat
[Tue Mar 03 01:25:52.555936 2026] [php:error] [pid 74718] [client 4.232.90.96:0] script '/domains/tennex/xmlrpc.php' not found or unable to stat
[Tue Mar 03 01:25:52.648273 2026] [php:error] [pid 74718] [client 4.232.90.96:0] script '/domains/tennex/ol.php' not found or unable to stat
[Tue Mar 03 01:25:52.740760 2026] [php:error] [pid 74718] [client 4.232.90.96:0] script '/domains/tennex/f6.php' not found or unable to stat
[Tue Mar 03 01:25:52.833132 2026] [php:error] [pid 74718] [client 4.232.90.96:0] script '/domains/tennex/inputs.php' not found or unable to stat
[Tue Mar 03 01:25:52.925785 2026] [php:error] [pid 74718] [client 4.232.90.96:0] script '/domains/tennex/style.php' not found or unable to stat
[Tue Mar 03 01:25:53.018551 2026] [php:error] [pid 74718] [client 4.232.90.96:0] script '/domains/tennex/bgymj.php' not found or unable to stat
[Tue Mar 03 01:25:53.127051 2026] [php:error] [pid 74718] [client 4.232.90.96:0] script '/domains/tennex/aa.php' not found or unable to stat
[Tue Mar 03 01:25:53.219407 2026] [php:error] [pid 74718] [client 4.232.90.96:0] script '/domains/tennex/1.php' not found or unable to stat
[Tue Mar 03 01:25:53.311856 2026] [php:error] [pid 74718] [client 4.232.90.96:0] script '/domains/tennex/sc.php' not found or unable to stat
[Tue Mar 03 01:25:53.404983 2026] [php:error] [pid 74718] [client 4.232.90.96:0] script '/domains/tennex/av.php' not found or unable to stat
[Tue Mar 03 01:25:53.505692 2026] [php:error] [pid 74718] [client 4.232.90.96:0] script '/domains/tennex/file.php' not found or unable to stat
[Tue Mar 03 01:25:53.601084 2026] [php:error] [pid 74718] [client 4.232.90.96:0] script '/domains/tennex/666.php' not found or unable to stat
[Tue Mar 03 01:25:53.693376 2026] [php:error] [pid 74718] [client 4.232.90.96:0] script '/domains/tennex/file59.php' not found or unable to stat
[Tue Mar 03 01:25:53.788643 2026] [php:error] [pid 74718] [client 4.232.90.96:0] script '/domains/tennex/bless.php' not found or unable to stat
[Tue Mar 03 01:25:53.884785 2026] [php:error] [pid 74718] [client 4.232.90.96:0] script '/domains/tennex/wp9.php' not found or unable to stat
[Tue Mar 03 01:25:53.978935 2026] [php:error] [pid 74718] [client 4.232.90.96:0] script '/domains/tennex/wp-act.php' not found or unable to stat
[Tue Mar 03 01:25:54.071897 2026] [php:error] [pid 74718] [client 4.232.90.96:0] script '/domains/tennex/class-t.api.php' not found or unable to stat
[Tue Mar 03 01:25:54.169375 2026] [php:error] [pid 74718] [client 4.232.90.96:0] script '/domains/tennex/xqq.php' not found or unable to stat
[Tue Mar 03 01:25:54.354138 2026] [php:error] [pid 74718] [client 4.232.90.96:0] script '/domains/tennex/a.php' not found or unable to stat
