[Tue Mar 03 01:41:43.602031 2026] [php:error] [pid 74924] [client 20.111.57.125:0] script '/domains/system_default/fi.php' not found or unable to stat
[Tue Mar 03 01:41:43.690076 2026] [php:error] [pid 74924] [client 20.111.57.125:0] script '/domains/system_default/a1.php' not found or unable to stat
[Tue Mar 03 01:41:43.965466 2026] [php:error] [pid 74924] [client 20.111.57.125:0] script '/domains/system_default/f35.php' not found or unable to stat
[Tue Mar 03 01:41:44.054042 2026] [php:error] [pid 74924] [client 20.111.57.125:0] script '/domains/system_default/hi.php' not found or unable to stat
[Tue Mar 03 01:41:44.142255 2026] [php:error] [pid 74924] [client 20.111.57.125:0] script '/domains/system_default/lala.php' not found or unable to stat
[Tue Mar 03 01:41:44.231065 2026] [php:error] [pid 74924] [client 20.111.57.125:0] script '/domains/system_default/lb.php' not found or unable to stat
[Tue Mar 03 01:41:44.407302 2026] [php:error] [pid 74924] [client 20.111.57.125:0] script '/domains/system_default/0.php' not found or unable to stat
[Tue Mar 03 01:41:44.495501 2026] [php:error] [pid 74924] [client 20.111.57.125:0] script '/domains/system_default/core.php' not found or unable to stat
[Tue Mar 03 01:41:44.590314 2026] [php:error] [pid 74924] [client 20.111.57.125:0] script '/domains/system_default/autogooey.php' not found or unable to stat
[Tue Mar 03 01:41:44.776751 2026] [php:error] [pid 74924] [client 20.111.57.125:0] script '/domains/system_default/prv8.php' not found or unable to stat
[Tue Mar 03 01:41:44.865074 2026] [php:error] [pid 74924] [client 20.111.57.125:0] script '/domains/system_default/k.php' not found or unable to stat
[Tue Mar 03 01:41:44.953886 2026] [php:error] [pid 74924] [client 20.111.57.125:0] script '/domains/system_default/dev.php' not found or unable to stat
[Tue Mar 03 01:41:45.042250 2026] [php:error] [pid 74924] [client 20.111.57.125:0] script '/domains/system_default/x123x.php' not found or unable to stat
[Tue Mar 03 01:41:45.130511 2026] [php:error] [pid 74924] [client 20.111.57.125:0] script '/domains/system_default/bal.php' not found or unable to stat
[Tue Mar 03 01:41:45.219221 2026] [php:error] [pid 74924] [client 20.111.57.125:0] script '/domains/system_default/in.php' not found or unable to stat
[Tue Mar 03 01:41:45.327111 2026] [php:error] [pid 74924] [client 20.111.57.125:0] script '/domains/system_default/gssdd.php' not found or unable to stat
[Tue Mar 03 01:41:45.416300 2026] [php:error] [pid 74924] [client 20.111.57.125:0] script '/domains/system_default/motu.php' not found or unable to stat
[Tue Mar 03 01:41:45.504375 2026] [php:error] [pid 74924] [client 20.111.57.125:0] script '/domains/system_default/bs1.php' not found or unable to stat
[Tue Mar 03 01:41:45.612682 2026] [php:error] [pid 74924] [client 20.111.57.125:0] script '/domains/system_default/bengi.php' not found or unable to stat
[Tue Mar 03 01:41:45.701469 2026] [php:error] [pid 74924] [client 20.111.57.125:0] script '/domains/system_default/miansha.php' not found or unable to stat
[Tue Mar 03 01:41:45.789798 2026] [php:error] [pid 74924] [client 20.111.57.125:0] script '/domains/system_default/erty.php' not found or unable to stat
[Tue Mar 03 01:41:45.842111 2026] [php:error] [pid 74933] [client 20.189.95.92:0] script '/domains/nlyfoods/222.php' not found or unable to stat
[Tue Mar 03 01:41:45.965747 2026] [php:error] [pid 74924] [client 20.111.57.125:0] script '/domains/system_default/X57.php' not found or unable to stat
[Tue Mar 03 01:41:46.054291 2026] [php:error] [pid 74924] [client 20.111.57.125:0] script '/domains/system_default/axx.php' not found or unable to stat
[Tue Mar 03 01:41:46.061787 2026] [php:error] [pid 74933] [client 20.189.95.92:0] script '/domains/nlyfoods/404.php' not found or unable to stat
[Tue Mar 03 01:41:46.142672 2026] [php:error] [pid 74924] [client 20.111.57.125:0] script '/domains/system_default/alfashell.php' not found or unable to stat
[Tue Mar 03 01:41:46.231005 2026] [php:error] [pid 74924] [client 20.111.57.125:0] script '/domains/system_default/re.php' not found or unable to stat
[Tue Mar 03 01:41:46.281663 2026] [php:error] [pid 74933] [client 20.189.95.92:0] script '/domains/nlyfoods/about.php' not found or unable to stat
[Tue Mar 03 01:41:46.319270 2026] [php:error] [pid 74924] [client 20.111.57.125:0] script '/domains/system_default/styll.php' not found or unable to stat
[Tue Mar 03 01:41:46.407420 2026] [php:error] [pid 74924] [client 20.111.57.125:0] script '/domains/system_default/flower.php' not found or unable to stat
[Tue Mar 03 01:41:46.495536 2026] [php:error] [pid 74924] [client 20.111.57.125:0] script '/domains/system_default/flower2.php' not found or unable to stat
[Tue Mar 03 01:41:46.501598 2026] [php:error] [pid 74933] [client 20.189.95.92:0] script '/domains/nlyfoods/admin.php' not found or unable to stat
[Tue Mar 03 01:41:46.584052 2026] [php:error] [pid 74924] [client 20.111.57.125:0] script '/domains/system_default/4h.php' not found or unable to stat
[Tue Mar 03 01:41:46.678034 2026] [php:error] [pid 74924] [client 20.111.57.125:0] script '/domains/system_default/gettest.php' not found or unable to stat
[Tue Mar 03 01:41:46.728908 2026] [php:error] [pid 74933] [client 20.189.95.92:0] script '/domains/nlyfoods/adminfuns.php' not found or unable to stat
[Tue Mar 03 01:41:46.766412 2026] [php:error] [pid 74924] [client 20.111.57.125:0] script '/domains/system_default/acp.php' not found or unable to stat
[Tue Mar 03 01:41:46.857580 2026] [php:error] [pid 74924] [client 20.111.57.125:0] script '/domains/system_default/database.php' not found or unable to stat
[Tue Mar 03 01:41:46.949429 2026] [php:error] [pid 74933] [client 20.189.95.92:0] script '/domains/nlyfoods/bless.php' not found or unable to stat
[Tue Mar 03 01:41:47.169588 2026] [php:error] [pid 74933] [client 20.189.95.92:0] script '/domains/nlyfoods/bolt.php' not found or unable to stat
[Tue Mar 03 01:41:47.391683 2026] [php:error] [pid 74933] [client 20.189.95.92:0] script '/domains/nlyfoods/ccou.php' not found or unable to stat
[Tue Mar 03 01:41:47.616356 2026] [php:error] [pid 74933] [client 20.189.95.92:0] script '/domains/nlyfoods/class-t.api.php' not found or unable to stat
[Tue Mar 03 01:41:47.836598 2026] [php:error] [pid 74933] [client 20.189.95.92:0] script '/domains/nlyfoods/css.php' not found or unable to stat
[Tue Mar 03 01:41:48.057445 2026] [php:error] [pid 74933] [client 20.189.95.92:0] script '/domains/nlyfoods/css/000.php' not found or unable to stat
[Tue Mar 03 01:41:48.279285 2026] [php:error] [pid 74933] [client 20.189.95.92:0] script '/domains/nlyfoods/edit.php' not found or unable to stat
[Tue Mar 03 01:41:48.499230 2026] [php:error] [pid 74933] [client 20.189.95.92:0] script '/domains/nlyfoods/fff.php' not found or unable to stat
[Tue Mar 03 01:41:48.719149 2026] [php:error] [pid 74933] [client 20.189.95.92:0] script '/domains/nlyfoods/file.php' not found or unable to stat
[Tue Mar 03 01:41:48.939408 2026] [php:error] [pid 74933] [client 20.189.95.92:0] script '/domains/nlyfoods/fx.php' not found or unable to stat
[Tue Mar 03 01:41:49.159548 2026] [php:error] [pid 74933] [client 20.189.95.92:0] script '/domains/nlyfoods/info.php' not found or unable to stat
[Tue Mar 03 01:41:49.383738 2026] [php:error] [pid 74933] [client 20.189.95.92:0] script '/domains/nlyfoods/ioxi-o.php' not found or unable to stat
[Tue Mar 03 01:41:49.603582 2026] [php:error] [pid 74933] [client 20.189.95.92:0] script '/domains/nlyfoods/rip.php' not found or unable to stat
[Tue Mar 03 01:41:49.823514 2026] [php:error] [pid 74933] [client 20.189.95.92:0] script '/domains/nlyfoods/server.php' not found or unable to stat
[Tue Mar 03 01:41:50.043473 2026] [php:error] [pid 74933] [client 20.189.95.92:0] script '/domains/nlyfoods/wp-blog.php' not found or unable to stat
[Tue Mar 03 01:41:51.366047 2026] [php:error] [pid 74933] [client 20.189.95.92:0] script '/domains/nlyfoods/wp-editor.php' not found or unable to stat
[Tue Mar 03 01:41:52.505894 2026] [php:error] [pid 74925] [client 176.65.132.19:0] script '/domains/astrosfm/wp-login.php' not found or unable to stat, referer: https://www.bing.com/
[Tue Mar 03 01:41:52.536781 2026] [php:error] [pid 74933] [client 20.189.95.92:0] script '/domains/nlyfoods/wp.php' not found or unable to stat
[Tue Mar 03 01:41:52.756946 2026] [php:error] [pid 74933] [client 20.189.95.92:0] script '/domains/nlyfoods/x.php' not found or unable to stat
[Tue Mar 03 01:41:52.841354 2026] [php:error] [pid 74920] [client 176.65.132.19:0] script '/domains/astrosfm/wp-login.php' not found or unable to stat, referer: https://www.google.com/search?q=wordpress
[Tue Mar 03 01:42:08.219646 2026] [php:error] [pid 74919] [client 20.63.210.169:0] script '/domains/system_suspended/222.php' not found or unable to stat
[Tue Mar 03 01:42:08.404452 2026] [php:error] [pid 74919] [client 20.63.210.169:0] script '/domains/system_suspended/404.php' not found or unable to stat
[Tue Mar 03 01:42:08.583481 2026] [php:error] [pid 74919] [client 20.63.210.169:0] script '/domains/system_suspended/about.php' not found or unable to stat
[Tue Mar 03 01:42:08.698225 2026] [php:error] [pid 74920] [client 20.205.227.70:0] script '/domains/ebon/222.php' not found or unable to stat
[Tue Mar 03 01:42:08.766466 2026] [php:error] [pid 74919] [client 20.63.210.169:0] script '/domains/system_suspended/admin.php' not found or unable to stat
[Tue Mar 03 01:42:08.931768 2026] [php:error] [pid 74920] [client 20.205.227.70:0] script '/domains/ebon/404.php' not found or unable to stat
[Tue Mar 03 01:42:08.945138 2026] [php:error] [pid 74919] [client 20.63.210.169:0] script '/domains/system_suspended/adminfuns.php' not found or unable to stat
[Tue Mar 03 01:42:09.123364 2026] [php:error] [pid 74919] [client 20.63.210.169:0] script '/domains/system_suspended/bless.php' not found or unable to stat
[Tue Mar 03 01:42:09.165227 2026] [php:error] [pid 74920] [client 20.205.227.70:0] script '/domains/ebon/about.php' not found or unable to stat
[Tue Mar 03 01:42:09.323072 2026] [php:error] [pid 74919] [client 20.63.210.169:0] script '/domains/system_suspended/bolt.php' not found or unable to stat
[Tue Mar 03 01:42:09.399031 2026] [php:error] [pid 74920] [client 20.205.227.70:0] script '/domains/ebon/admin.php' not found or unable to stat
[Tue Mar 03 01:42:09.501246 2026] [php:error] [pid 74919] [client 20.63.210.169:0] script '/domains/system_suspended/ccou.php' not found or unable to stat
[Tue Mar 03 01:42:09.632518 2026] [php:error] [pid 74920] [client 20.205.227.70:0] script '/domains/ebon/adminfuns.php' not found or unable to stat
[Tue Mar 03 01:42:09.679059 2026] [php:error] [pid 74919] [client 20.63.210.169:0] script '/domains/system_suspended/class-t.api.php' not found or unable to stat
[Tue Mar 03 01:42:09.857447 2026] [php:error] [pid 74919] [client 20.63.210.169:0] script '/domains/system_suspended/css.php' not found or unable to stat
[Tue Mar 03 01:42:09.867235 2026] [php:error] [pid 74920] [client 20.205.227.70:0] script '/domains/ebon/bless.php' not found or unable to stat
[Tue Mar 03 01:42:10.113082 2026] [php:error] [pid 74920] [client 20.205.227.70:0] script '/domains/ebon/bolt.php' not found or unable to stat
[Tue Mar 03 01:42:10.213499 2026] [php:error] [pid 74919] [client 20.63.210.169:0] script '/domains/system_suspended/edit.php' not found or unable to stat
[Tue Mar 03 01:42:10.346472 2026] [php:error] [pid 74920] [client 20.205.227.70:0] script '/domains/ebon/ccou.php' not found or unable to stat
[Tue Mar 03 01:42:10.391768 2026] [php:error] [pid 74919] [client 20.63.210.169:0] script '/domains/system_suspended/fff.php' not found or unable to stat
[Tue Mar 03 01:42:10.571544 2026] [php:error] [pid 74919] [client 20.63.210.169:0] script '/domains/system_suspended/file.php' not found or unable to stat
[Tue Mar 03 01:42:10.579886 2026] [php:error] [pid 74920] [client 20.205.227.70:0] script '/domains/ebon/class-t.api.php' not found or unable to stat
[Tue Mar 03 01:42:10.749470 2026] [php:error] [pid 74919] [client 20.63.210.169:0] script '/domains/system_suspended/fx.php' not found or unable to stat
[Tue Mar 03 01:42:10.816579 2026] [php:error] [pid 74920] [client 20.205.227.70:0] script '/domains/ebon/css.php' not found or unable to stat
[Tue Mar 03 01:42:10.928462 2026] [php:error] [pid 74919] [client 20.63.210.169:0] script '/domains/system_suspended/info.php' not found or unable to stat
[Tue Mar 03 01:42:11.107990 2026] [php:error] [pid 74919] [client 20.63.210.169:0] script '/domains/system_suspended/ioxi-o.php' not found or unable to stat
[Tue Mar 03 01:42:11.286114 2026] [php:error] [pid 74919] [client 20.63.210.169:0] script '/domains/system_suspended/rip.php' not found or unable to stat
[Tue Mar 03 01:42:11.290324 2026] [php:error] [pid 74920] [client 20.205.227.70:0] script '/domains/ebon/edit.php' not found or unable to stat
[Tue Mar 03 01:42:11.478412 2026] [php:error] [pid 74919] [client 20.63.210.169:0] script '/domains/system_suspended/server.php' not found or unable to stat
[Tue Mar 03 01:42:11.526950 2026] [php:error] [pid 74920] [client 20.205.227.70:0] script '/domains/ebon/fff.php' not found or unable to stat
[Tue Mar 03 01:42:11.656339 2026] [php:error] [pid 74919] [client 20.63.210.169:0] script '/domains/system_suspended/wp-blog.php' not found or unable to stat
[Tue Mar 03 01:42:11.778103 2026] [php:error] [pid 74920] [client 20.205.227.70:0] script '/domains/ebon/file.php' not found or unable to stat
[Tue Mar 03 01:42:12.015089 2026] [php:error] [pid 74920] [client 20.205.227.70:0] script '/domains/ebon/fx.php' not found or unable to stat
[Tue Mar 03 01:42:12.251677 2026] [php:error] [pid 74920] [client 20.205.227.70:0] script '/domains/ebon/info.php' not found or unable to stat
[Tue Mar 03 01:42:12.489615 2026] [php:error] [pid 74920] [client 20.205.227.70:0] script '/domains/ebon/ioxi-o.php' not found or unable to stat
[Tue Mar 03 01:42:12.724244 2026] [php:error] [pid 74919] [client 20.63.210.169:0] script '/domains/system_suspended/wp-editor.php' not found or unable to stat
[Tue Mar 03 01:42:12.726212 2026] [php:error] [pid 74920] [client 20.205.227.70:0] script '/domains/ebon/rip.php' not found or unable to stat
[Tue Mar 03 01:42:12.962897 2026] [php:error] [pid 74920] [client 20.205.227.70:0] script '/domains/ebon/server.php' not found or unable to stat
[Tue Mar 03 01:42:13.199877 2026] [php:error] [pid 74920] [client 20.205.227.70:0] script '/domains/ebon/wp-blog.php' not found or unable to stat
[Tue Mar 03 01:42:13.629204 2026] [php:error] [pid 74919] [client 20.63.210.169:0] script '/domains/system_suspended/wp.php' not found or unable to stat
[Tue Mar 03 01:42:13.807107 2026] [php:error] [pid 74919] [client 20.63.210.169:0] script '/domains/system_suspended/x.php' not found or unable to stat
[Tue Mar 03 01:42:14.620317 2026] [php:error] [pid 74920] [client 20.205.227.70:0] script '/domains/ebon/wp-editor.php' not found or unable to stat
[Tue Mar 03 01:42:15.805882 2026] [php:error] [pid 74920] [client 20.205.227.70:0] script '/domains/ebon/wp.php' not found or unable to stat
[Tue Mar 03 01:42:16.042691 2026] [php:error] [pid 74920] [client 20.205.227.70:0] script '/domains/ebon/x.php' not found or unable to stat
[Tue Mar 03 01:42:16.063872 2026] [php:error] [pid 74925] [client 20.219.132.149:0] script '/domains/system_default/222.php' not found or unable to stat
[Tue Mar 03 01:42:16.267385 2026] [php:error] [pid 74925] [client 20.219.132.149:0] script '/domains/system_default/404.php' not found or unable to stat
[Tue Mar 03 01:42:16.465233 2026] [php:error] [pid 74925] [client 20.219.132.149:0] script '/domains/system_default/about.php' not found or unable to stat
[Tue Mar 03 01:42:16.663158 2026] [php:error] [pid 74925] [client 20.219.132.149:0] script '/domains/system_default/admin.php' not found or unable to stat
[Tue Mar 03 01:42:16.861017 2026] [php:error] [pid 74925] [client 20.219.132.149:0] script '/domains/system_default/adminfuns.php' not found or unable to stat
[Tue Mar 03 01:42:17.059050 2026] [php:error] [pid 74925] [client 20.219.132.149:0] script '/domains/system_default/bless.php' not found or unable to stat
[Tue Mar 03 01:42:17.257108 2026] [php:error] [pid 74925] [client 20.219.132.149:0] script '/domains/system_default/bolt.php' not found or unable to stat
[Tue Mar 03 01:42:17.454858 2026] [php:error] [pid 74925] [client 20.219.132.149:0] script '/domains/system_default/ccou.php' not found or unable to stat
[Tue Mar 03 01:42:17.652621 2026] [php:error] [pid 74925] [client 20.219.132.149:0] script '/domains/system_default/class-t.api.php' not found or unable to stat
[Tue Mar 03 01:42:17.850783 2026] [php:error] [pid 74925] [client 20.219.132.149:0] script '/domains/system_default/css.php' not found or unable to stat
[Tue Mar 03 01:42:18.248619 2026] [php:error] [pid 74925] [client 20.219.132.149:0] script '/domains/system_default/edit.php' not found or unable to stat
[Tue Mar 03 01:42:18.448034 2026] [php:error] [pid 74925] [client 20.219.132.149:0] script '/domains/system_default/fff.php' not found or unable to stat
[Tue Mar 03 01:42:18.645792 2026] [php:error] [pid 74925] [client 20.219.132.149:0] script '/domains/system_default/file.php' not found or unable to stat
[Tue Mar 03 01:42:18.843803 2026] [php:error] [pid 74925] [client 20.219.132.149:0] script '/domains/system_default/fx.php' not found or unable to stat
[Tue Mar 03 01:42:19.041570 2026] [php:error] [pid 74925] [client 20.219.132.149:0] script '/domains/system_default/info.php' not found or unable to stat
[Tue Mar 03 01:42:19.239549 2026] [php:error] [pid 74925] [client 20.219.132.149:0] script '/domains/system_default/ioxi-o.php' not found or unable to stat
[Tue Mar 03 01:42:19.437322 2026] [php:error] [pid 74925] [client 20.219.132.149:0] script '/domains/system_default/rip.php' not found or unable to stat
[Tue Mar 03 01:42:19.662539 2026] [php:error] [pid 74925] [client 20.219.132.149:0] script '/domains/system_default/server.php' not found or unable to stat
[Tue Mar 03 01:42:19.860526 2026] [php:error] [pid 74925] [client 20.219.132.149:0] script '/domains/system_default/wp-blog.php' not found or unable to stat
[Tue Mar 03 01:42:21.049404 2026] [php:error] [pid 74925] [client 20.219.132.149:0] script '/domains/system_default/wp-editor.php' not found or unable to stat
[Tue Mar 03 01:42:22.084590 2026] [php:error] [pid 74925] [client 20.219.132.149:0] script '/domains/system_default/wp.php' not found or unable to stat
[Tue Mar 03 01:42:22.282223 2026] [php:error] [pid 74925] [client 20.219.132.149:0] script '/domains/system_default/x.php' not found or unable to stat
[Tue Mar 03 01:43:30.457875 2026] [php:error] [pid 74920] [client 20.63.96.50:0] script '/domains/quintet/xxxx.php' not found or unable to stat
[Tue Mar 03 01:43:30.491785 2026] [php:error] [pid 74920] [client 20.63.96.50:0] script '/domains/quintet/sbhu.php' not found or unable to stat
[Tue Mar 03 01:43:30.559801 2026] [php:error] [pid 74920] [client 20.63.96.50:0] script '/domains/quintet/gettest.php' not found or unable to stat
[Tue Mar 03 01:43:30.593814 2026] [php:error] [pid 74920] [client 20.63.96.50:0] script '/domains/quintet/ayk.php' not found or unable to stat
[Tue Mar 03 01:43:30.627660 2026] [php:error] [pid 74920] [client 20.63.96.50:0] script '/domains/quintet/wp-setting.php' not found or unable to stat
[Tue Mar 03 01:43:30.672132 2026] [php:error] [pid 74920] [client 20.63.96.50:0] script '/domains/quintet/fleen.php' not found or unable to stat
[Tue Mar 03 01:43:30.706039 2026] [php:error] [pid 74920] [client 20.63.96.50:0] script '/domains/quintet/install.php' not found or unable to stat
[Tue Mar 03 01:43:30.741389 2026] [php:error] [pid 74920] [client 20.63.96.50:0] script '/domains/quintet/add.php' not found or unable to stat
[Tue Mar 03 01:43:30.786480 2026] [php:error] [pid 74920] [client 20.63.96.50:0] script '/domains/quintet/path.php' not found or unable to stat
[Tue Mar 03 01:43:30.820497 2026] [php:error] [pid 74920] [client 20.63.96.50:0] script '/domains/quintet/my.php' not found or unable to stat
[Tue Mar 03 01:43:30.854580 2026] [php:error] [pid 74920] [client 20.63.96.50:0] script '/domains/quintet/we.php' not found or unable to stat
[Tue Mar 03 01:43:30.888313 2026] [php:error] [pid 74920] [client 20.63.96.50:0] script '/domains/quintet/acp.php' not found or unable to stat
[Tue Mar 03 01:43:30.932978 2026] [php:error] [pid 74920] [client 20.63.96.50:0] script '/domains/quintet/f6.php' not found or unable to stat
[Tue Mar 03 01:43:30.966989 2026] [php:error] [pid 74920] [client 20.63.96.50:0] script '/domains/quintet/akcc.php' not found or unable to stat
[Tue Mar 03 01:43:31.038647 2026] [php:error] [pid 74920] [client 20.63.96.50:0] script '/domains/quintet/0x.php' not found or unable to stat
[Tue Mar 03 01:43:31.072509 2026] [php:error] [pid 74920] [client 20.63.96.50:0] script '/domains/quintet/chosen.php' not found or unable to stat
[Tue Mar 03 01:43:31.106504 2026] [php:error] [pid 74920] [client 20.63.96.50:0] script '/domains/quintet/cwclass.php' not found or unable to stat
[Tue Mar 03 01:43:31.173819 2026] [php:error] [pid 74920] [client 20.63.96.50:0] script '/domains/quintet/X57.php' not found or unable to stat
[Tue Mar 03 01:43:31.207906 2026] [php:error] [pid 74920] [client 20.63.96.50:0] script '/domains/quintet/autoload_classmap.php' not found or unable to stat
[Tue Mar 03 01:43:31.242743 2026] [php:error] [pid 74920] [client 20.63.96.50:0] script '/domains/quintet/wp-x.php' not found or unable to stat
[Tue Mar 03 01:43:31.277359 2026] [php:error] [pid 74920] [client 20.63.96.50:0] script '/domains/quintet/fff.php' not found or unable to stat
[Tue Mar 03 01:43:31.345405 2026] [php:error] [pid 74920] [client 20.63.96.50:0] script '/domains/quintet/txets.php' not found or unable to stat
[Tue Mar 03 01:43:31.379406 2026] [php:error] [pid 74920] [client 20.63.96.50:0] script '/domains/quintet/erty.php' not found or unable to stat
[Tue Mar 03 01:43:31.447181 2026] [php:error] [pid 74920] [client 20.63.96.50:0] script '/domains/quintet/pepe.php' not found or unable to stat
[Tue Mar 03 01:43:31.481185 2026] [php:error] [pid 74920] [client 20.63.96.50:0] script '/domains/quintet/f35.php' not found or unable to stat
[Tue Mar 03 01:43:31.514999 2026] [php:error] [pid 74920] [client 20.63.96.50:0] script '/domains/quintet/backup.php' not found or unable to stat
[Tue Mar 03 01:43:31.548938 2026] [php:error] [pid 74920] [client 20.63.96.50:0] script '/domains/quintet/god.php' not found or unable to stat
[Tue Mar 03 01:43:31.583045 2026] [php:error] [pid 74920] [client 20.63.96.50:0] script '/domains/quintet/b.php' not found or unable to stat
[Tue Mar 03 01:43:31.616830 2026] [php:error] [pid 74920] [client 20.63.96.50:0] script '/domains/quintet/t00l.php' not found or unable to stat
[Tue Mar 03 01:43:31.650804 2026] [php:error] [pid 74920] [client 20.63.96.50:0] script '/domains/quintet/ad2.php' not found or unable to stat
[Tue Mar 03 01:43:31.684925 2026] [php:error] [pid 74920] [client 20.63.96.50:0] script '/domains/quintet/goat.php' not found or unable to stat
[Tue Mar 03 01:43:31.718779 2026] [php:error] [pid 74920] [client 20.63.96.50:0] script '/domains/quintet/w3llstore.php' not found or unable to stat
[Tue Mar 03 01:43:31.752502 2026] [php:error] [pid 74920] [client 20.63.96.50:0] script '/domains/quintet/1a.php' not found or unable to stat
[Tue Mar 03 01:43:31.786538 2026] [php:error] [pid 74920] [client 20.63.96.50:0] script '/domains/quintet/aki.php' not found or unable to stat
[Tue Mar 03 01:43:31.820252 2026] [php:error] [pid 74920] [client 20.63.96.50:0] script '/domains/quintet/simple.php' not found or unable to stat
[Tue Mar 03 01:43:31.854477 2026] [php:error] [pid 74920] [client 20.63.96.50:0] script '/domains/quintet/ws66.php' not found or unable to stat
[Tue Mar 03 01:43:31.938054 2026] [php:error] [pid 74920] [client 20.63.96.50:0] script '/domains/quintet/item.php' not found or unable to stat
[Tue Mar 03 01:43:31.971799 2026] [php:error] [pid 74920] [client 20.63.96.50:0] script '/domains/quintet/ww.php' not found or unable to stat
[Tue Mar 03 01:43:32.074920 2026] [php:error] [pid 74920] [client 20.63.96.50:0] script '/domains/quintet/ftyude.php' not found or unable to stat
[Tue Mar 03 01:43:32.108842 2026] [php:error] [pid 74920] [client 20.63.96.50:0] script '/domains/quintet/mh.php' not found or unable to stat
[Tue Mar 03 01:43:32.143363 2026] [php:error] [pid 74920] [client 20.63.96.50:0] script '/domains/quintet/1.php' not found or unable to stat
[Tue Mar 03 01:43:32.177139 2026] [php:error] [pid 74920] [client 20.63.96.50:0] script '/domains/quintet/edit.php' not found or unable to stat
[Tue Mar 03 01:43:32.247564 2026] [php:error] [pid 74920] [client 20.63.96.50:0] script '/domains/quintet/pp.php' not found or unable to stat
[Tue Mar 03 01:43:32.320370 2026] [php:error] [pid 74920] [client 20.63.96.50:0] script '/domains/quintet/sxdfrt.php' not found or unable to stat
[Tue Mar 03 01:43:32.354439 2026] [php:error] [pid 74920] [client 20.63.96.50:0] script '/domains/quintet/yas.php' not found or unable to stat
[Tue Mar 03 01:43:32.388818 2026] [php:error] [pid 74920] [client 20.63.96.50:0] script '/domains/quintet/info.php' not found or unable to stat
[Tue Mar 03 01:43:32.426702 2026] [php:error] [pid 74920] [client 20.63.96.50:0] script '/domains/quintet/lp6.php' not found or unable to stat
[Tue Mar 03 01:43:32.495272 2026] [php:error] [pid 74920] [client 20.63.96.50:0] script '/domains/quintet/bgymj.php' not found or unable to stat
[Tue Mar 03 01:43:32.529777 2026] [php:error] [pid 74920] [client 20.63.96.50:0] script '/domains/quintet/8.php' not found or unable to stat
[Tue Mar 03 01:43:32.563826 2026] [php:error] [pid 74920] [client 20.63.96.50:0] script '/domains/quintet/bolt.php' not found or unable to stat
[Tue Mar 03 01:43:32.631504 2026] [php:error] [pid 74920] [client 20.63.96.50:0] script '/domains/quintet/666.php' not found or unable to stat
[Tue Mar 03 01:43:32.667089 2026] [php:error] [pid 74920] [client 20.63.96.50:0] script '/domains/quintet/moshou.php' not found or unable to stat
[Tue Mar 03 01:43:32.704909 2026] [php:error] [pid 74920] [client 20.63.96.50:0] script '/domains/quintet/jga.php' not found or unable to stat
[Tue Mar 03 01:43:32.738909 2026] [php:error] [pid 74920] [client 20.63.96.50:0] script '/domains/quintet/Jcrop.php' not found or unable to stat
[Tue Mar 03 01:43:32.840593 2026] [php:error] [pid 74920] [client 20.63.96.50:0] script '/domains/quintet/aa.php' not found or unable to stat
[Tue Mar 03 01:43:32.874520 2026] [php:error] [pid 74920] [client 20.63.96.50:0] script '/domains/quintet/ff1.php' not found or unable to stat
[Tue Mar 03 01:43:32.908671 2026] [php:error] [pid 74920] [client 20.63.96.50:0] script '/domains/quintet/wp-the.php' not found or unable to stat
[Tue Mar 03 01:43:32.947044 2026] [php:error] [pid 74920] [client 20.63.96.50:0] script '/domains/quintet/pass4.php' not found or unable to stat
[Tue Mar 03 01:43:32.981120 2026] [php:error] [pid 74920] [client 20.63.96.50:0] script '/domains/quintet/C1.php' not found or unable to stat
[Tue Mar 03 01:43:33.015503 2026] [php:error] [pid 74920] [client 20.63.96.50:0] script '/domains/quintet/gi.php' not found or unable to stat
[Tue Mar 03 01:43:33.056401 2026] [php:error] [pid 74920] [client 20.63.96.50:0] script '/domains/quintet/tkllu.php' not found or unable to stat
[Tue Mar 03 01:43:33.090085 2026] [php:error] [pid 74920] [client 20.63.96.50:0] script '/domains/quintet/fetch.php' not found or unable to stat
[Tue Mar 03 01:43:33.124194 2026] [php:error] [pid 74920] [client 20.63.96.50:0] script '/domains/quintet/66.php' not found or unable to stat
[Tue Mar 03 01:43:33.158068 2026] [php:error] [pid 74920] [client 20.63.96.50:0] script '/domains/quintet/1index.php' not found or unable to stat
[Tue Mar 03 01:43:33.192225 2026] [php:error] [pid 74920] [client 20.63.96.50:0] script '/domains/quintet/wander.php' not found or unable to stat
[Tue Mar 03 01:43:33.225912 2026] [php:error] [pid 74920] [client 20.63.96.50:0] script '/domains/quintet/makeasmtp.php' not found or unable to stat
[Tue Mar 03 01:43:33.259781 2026] [php:error] [pid 74920] [client 20.63.96.50:0] script '/domains/quintet/xtsr.php' not found or unable to stat
[Tue Mar 03 01:43:33.293464 2026] [php:error] [pid 74920] [client 20.63.96.50:0] script '/domains/quintet/Masks.php' not found or unable to stat
[Tue Mar 03 01:43:33.327387 2026] [php:error] [pid 74920] [client 20.63.96.50:0] script '/domains/quintet/Geforce.php' not found or unable to stat
[Tue Mar 03 01:43:33.361584 2026] [php:error] [pid 74920] [client 20.63.96.50:0] script '/domains/quintet/jb33.php' not found or unable to stat
[Tue Mar 03 01:43:33.396045 2026] [php:error] [pid 74920] [client 20.63.96.50:0] script '/domains/quintet/vogme.php' not found or unable to stat
[Tue Mar 03 01:43:33.429795 2026] [php:error] [pid 74920] [client 20.63.96.50:0] script '/domains/quintet/grsiuk.php' not found or unable to stat
[Tue Mar 03 01:43:33.463536 2026] [php:error] [pid 74920] [client 20.63.96.50:0] script '/domains/quintet/inege.php' not found or unable to stat
[Tue Mar 03 01:43:33.497545 2026] [php:error] [pid 74920] [client 20.63.96.50:0] script '/domains/quintet/global.php' not found or unable to stat
[Tue Mar 03 01:43:33.531266 2026] [php:error] [pid 74920] [client 20.63.96.50:0] script '/domains/quintet/As.php' not found or unable to stat
[Tue Mar 03 01:43:33.566325 2026] [php:error] [pid 74920] [client 20.63.96.50:0] script '/domains/quintet/btx25.php' not found or unable to stat
[Tue Mar 03 01:43:33.600509 2026] [php:error] [pid 74920] [client 20.63.96.50:0] script '/domains/quintet/advanc.php' not found or unable to stat
[Tue Mar 03 01:43:33.634215 2026] [php:error] [pid 74920] [client 20.63.96.50:0] script '/domains/quintet/ahgag.php' not found or unable to stat
[Tue Mar 03 01:43:33.673983 2026] [php:error] [pid 74920] [client 20.63.96.50:0] script '/domains/quintet/yoawv.php' not found or unable to stat
[Tue Mar 03 01:43:33.709157 2026] [php:error] [pid 74920] [client 20.63.96.50:0] script '/domains/quintet/xogve.php' not found or unable to stat
[Tue Mar 03 01:43:33.743189 2026] [php:error] [pid 74920] [client 20.63.96.50:0] script '/domains/quintet/lp5.php' not found or unable to stat
[Tue Mar 03 01:43:33.776950 2026] [php:error] [pid 74920] [client 20.63.96.50:0] script '/domains/quintet/torsa1.php' not found or unable to stat
[Tue Mar 03 01:43:33.810765 2026] [php:error] [pid 74920] [client 20.63.96.50:0] script '/domains/quintet/an7.php' not found or unable to stat
[Tue Mar 03 01:43:33.844757 2026] [php:error] [pid 74920] [client 20.63.96.50:0] script '/domains/quintet/clcdu.php' not found or unable to stat
[Tue Mar 03 01:43:33.878706 2026] [php:error] [pid 74920] [client 20.63.96.50:0] script '/domains/quintet/uxijj.php' not found or unable to stat
[Tue Mar 03 01:43:33.915438 2026] [php:error] [pid 74920] [client 20.63.96.50:0] script '/domains/quintet/rkiea.php' not found or unable to stat
[Tue Mar 03 01:43:33.952251 2026] [php:error] [pid 74946] [client 52.231.70.237:0] script '/domains/nsmd2/222.php' not found or unable to stat
[Tue Mar 03 01:43:33.985910 2026] [php:error] [pid 74947] [client 20.63.96.50:0] script '/domains/quintet/resp.php' not found or unable to stat
[Tue Mar 03 01:43:34.022369 2026] [php:error] [pid 74947] [client 20.63.96.50:0] script '/domains/quintet/ppxhp.php' not found or unable to stat
[Tue Mar 03 01:43:34.068304 2026] [php:error] [pid 74947] [client 20.63.96.50:0] script '/domains/quintet/fs7.php' not found or unable to stat
[Tue Mar 03 01:43:34.101553 2026] [php:error] [pid 74947] [client 20.63.96.50:0] script '/domains/quintet/an7.php' not found or unable to stat
[Tue Mar 03 01:43:34.135604 2026] [php:error] [pid 74947] [client 20.63.96.50:0] script '/domains/quintet/yclby.php' not found or unable to stat
[Tue Mar 03 01:43:34.150346 2026] [php:error] [pid 74946] [client 52.231.70.237:0] script '/domains/nsmd2/404.php' not found or unable to stat
[Tue Mar 03 01:43:34.170553 2026] [php:error] [pid 74947] [client 20.63.96.50:0] script '/domains/quintet/100.kb.php' not found or unable to stat
[Tue Mar 03 01:43:34.204129 2026] [php:error] [pid 74947] [client 20.63.96.50:0] script '/domains/quintet/gec.php' not found or unable to stat
[Tue Mar 03 01:43:34.237608 2026] [php:error] [pid 74947] [client 20.63.96.50:0] script '/domains/quintet/zwq13.php' not found or unable to stat
[Tue Mar 03 01:43:34.271214 2026] [php:error] [pid 74947] [client 20.63.96.50:0] script '/domains/quintet/wqqs.php' not found or unable to stat
[Tue Mar 03 01:43:34.305142 2026] [php:error] [pid 74947] [client 20.63.96.50:0] script '/domains/quintet/wp_wlx.php' not found or unable to stat
[Tue Mar 03 01:43:34.338912 2026] [php:error] [pid 74947] [client 20.63.96.50:0] script '/domains/quintet/trx24.php' not found or unable to stat
[Tue Mar 03 01:43:34.348461 2026] [php:error] [pid 74946] [client 52.231.70.237:0] script '/domains/nsmd2/about.php' not found or unable to stat
[Tue Mar 03 01:43:34.372671 2026] [php:error] [pid 74947] [client 20.63.96.50:0] script '/domains/quintet/x123x.php' not found or unable to stat
[Tue Mar 03 01:43:34.406344 2026] [php:error] [pid 74947] [client 20.63.96.50:0] script '/domains/quintet/nc4.php' not found or unable to stat
[Tue Mar 03 01:43:34.439998 2026] [php:error] [pid 74947] [client 20.63.96.50:0] script '/domains/quintet/Ov-Simple1.php' not found or unable to stat
[Tue Mar 03 01:43:34.507384 2026] [php:error] [pid 74947] [client 20.63.96.50:0] script '/domains/quintet/xex.php' not found or unable to stat
[Tue Mar 03 01:43:34.541090 2026] [php:error] [pid 74947] [client 20.63.96.50:0] script '/domains/quintet/wp-file.php' not found or unable to stat
[Tue Mar 03 01:43:34.546838 2026] [php:error] [pid 74946] [client 52.231.70.237:0] script '/domains/nsmd2/admin.php' not found or unable to stat
[Tue Mar 03 01:43:34.574813 2026] [php:error] [pid 74947] [client 20.63.96.50:0] script '/domains/quintet/wdf.php' not found or unable to stat
[Tue Mar 03 01:43:34.608944 2026] [php:error] [pid 74947] [client 20.63.96.50:0] script '/domains/quintet/ticket.php' not found or unable to stat
[Tue Mar 03 01:43:34.643070 2026] [php:error] [pid 74947] [client 20.63.96.50:0] script '/domains/quintet/state.php' not found or unable to stat
[Tue Mar 03 01:43:34.677429 2026] [php:error] [pid 74947] [client 20.63.96.50:0] script '/domains/quintet/403.php' not found or unable to stat
[Tue Mar 03 01:43:34.711176 2026] [php:error] [pid 74947] [client 20.63.96.50:0] script '/domains/quintet/xy.php' not found or unable to stat
[Tue Mar 03 01:43:34.744546 2026] [php:error] [pid 74947] [client 20.63.96.50:0] script '/domains/quintet/tool.php' not found or unable to stat
[Tue Mar 03 01:43:34.748909 2026] [php:error] [pid 74946] [client 52.231.70.237:0] script '/domains/nsmd2/adminfuns.php' not found or unable to stat
[Tue Mar 03 01:43:34.778244 2026] [php:error] [pid 74947] [client 20.63.96.50:0] script '/domains/quintet/wpls.php' not found or unable to stat
[Tue Mar 03 01:43:34.811729 2026] [php:error] [pid 74947] [client 20.63.96.50:0] script '/domains/quintet/mjq.php' not found or unable to stat
[Tue Mar 03 01:43:34.845626 2026] [php:error] [pid 74947] [client 20.63.96.50:0] script '/domains/quintet/wp-4doption1.php' not found or unable to stat
[Tue Mar 03 01:43:34.879200 2026] [php:error] [pid 74947] [client 20.63.96.50:0] script '/domains/quintet/img.php' not found or unable to stat
[Tue Mar 03 01:43:34.976058 2026] [php:error] [pid 74946] [client 52.231.70.237:0] script '/domains/nsmd2/bless.php' not found or unable to stat
[Tue Mar 03 01:43:35.191000 2026] [php:error] [pid 74946] [client 52.231.70.237:0] script '/domains/nsmd2/bolt.php' not found or unable to stat
[Tue Mar 03 01:43:35.388534 2026] [php:error] [pid 74946] [client 52.231.70.237:0] script '/domains/nsmd2/ccou.php' not found or unable to stat
[Tue Mar 03 01:43:35.586732 2026] [php:error] [pid 74946] [client 52.231.70.237:0] script '/domains/nsmd2/class-t.api.php' not found or unable to stat
[Tue Mar 03 01:43:35.784344 2026] [php:error] [pid 74946] [client 52.231.70.237:0] script '/domains/nsmd2/css.php' not found or unable to stat
[Tue Mar 03 01:43:36.184067 2026] [php:error] [pid 74946] [client 52.231.70.237:0] script '/domains/nsmd2/edit.php' not found or unable to stat
[Tue Mar 03 01:43:36.381645 2026] [php:error] [pid 74946] [client 52.231.70.237:0] script '/domains/nsmd2/fff.php' not found or unable to stat
[Tue Mar 03 01:43:36.579292 2026] [php:error] [pid 74946] [client 52.231.70.237:0] script '/domains/nsmd2/file.php' not found or unable to stat
[Tue Mar 03 01:43:36.777003 2026] [php:error] [pid 74946] [client 52.231.70.237:0] script '/domains/nsmd2/fx.php' not found or unable to stat
[Tue Mar 03 01:43:36.974549 2026] [php:error] [pid 74946] [client 52.231.70.237:0] script '/domains/nsmd2/info.php' not found or unable to stat
[Tue Mar 03 01:43:37.171775 2026] [php:error] [pid 74946] [client 52.231.70.237:0] script '/domains/nsmd2/ioxi-o.php' not found or unable to stat
[Tue Mar 03 01:43:37.369645 2026] [php:error] [pid 74946] [client 52.231.70.237:0] script '/domains/nsmd2/rip.php' not found or unable to stat
[Tue Mar 03 01:43:37.568283 2026] [php:error] [pid 74946] [client 52.231.70.237:0] script '/domains/nsmd2/server.php' not found or unable to stat
[Tue Mar 03 01:43:37.765762 2026] [php:error] [pid 74946] [client 52.231.70.237:0] script '/domains/nsmd2/wp-blog.php' not found or unable to stat
[Tue Mar 03 01:43:38.969714 2026] [php:error] [pid 74946] [client 52.231.70.237:0] script '/domains/nsmd2/wp-editor.php' not found or unable to stat
[Tue Mar 03 01:43:39.995280 2026] [php:error] [pid 74946] [client 52.231.70.237:0] script '/domains/nsmd2/wp.php' not found or unable to stat
[Tue Mar 03 01:43:40.192670 2026] [php:error] [pid 74946] [client 52.231.70.237:0] script '/domains/nsmd2/x.php' not found or unable to stat
[Tue Mar 03 01:43:55.598950 2026] [php:error] [pid 74933] [client 37.77.150.123:0] script '/domains/system_suspended/wp-login.php' not found or unable to stat, referer: http://softechgrp.com/wp-login.php
[Tue Mar 03 01:43:57.998845 2026] [php:error] [pid 74933] [client 20.89.241.129:0] script '/domains/system_suspended/222.php' not found or unable to stat
[Tue Mar 03 01:43:58.181861 2026] [php:error] [pid 74933] [client 20.89.241.129:0] script '/domains/system_suspended/404.php' not found or unable to stat
[Tue Mar 03 01:43:58.361833 2026] [php:error] [pid 74933] [client 20.89.241.129:0] script '/domains/system_suspended/about.php' not found or unable to stat
[Tue Mar 03 01:43:58.541007 2026] [php:error] [pid 74933] [client 20.89.241.129:0] script '/domains/system_suspended/admin.php' not found or unable to stat
[Tue Mar 03 01:43:58.719835 2026] [php:error] [pid 74933] [client 20.89.241.129:0] script '/domains/system_suspended/adminfuns.php' not found or unable to stat
[Tue Mar 03 01:43:58.898773 2026] [php:error] [pid 74933] [client 20.89.241.129:0] script '/domains/system_suspended/bless.php' not found or unable to stat
[Tue Mar 03 01:43:59.051050 2026] [php:error] [pid 74966] [client 37.77.150.123:0] script '/domains/system_suspended/xmlrpc.php' not found or unable to stat, referer: http://softechgrp.com/xmlrpc.php
[Tue Mar 03 01:43:59.077715 2026] [php:error] [pid 74933] [client 20.89.241.129:0] script '/domains/system_suspended/bolt.php' not found or unable to stat
[Tue Mar 03 01:43:59.256511 2026] [php:error] [pid 74933] [client 20.89.241.129:0] script '/domains/system_suspended/ccou.php' not found or unable to stat
[Tue Mar 03 01:43:59.435541 2026] [php:error] [pid 74933] [client 20.89.241.129:0] script '/domains/system_suspended/class-t.api.php' not found or unable to stat
[Tue Mar 03 01:43:59.614459 2026] [php:error] [pid 74933] [client 20.89.241.129:0] script '/domains/system_suspended/css.php' not found or unable to stat
[Tue Mar 03 01:43:59.972438 2026] [php:error] [pid 74933] [client 20.89.241.129:0] script '/domains/system_suspended/edit.php' not found or unable to stat
[Tue Mar 03 01:44:00.151313 2026] [php:error] [pid 74933] [client 20.89.241.129:0] script '/domains/system_suspended/fff.php' not found or unable to stat
[Tue Mar 03 01:44:00.330559 2026] [php:error] [pid 74933] [client 20.89.241.129:0] script '/domains/system_suspended/file.php' not found or unable to stat
[Tue Mar 03 01:44:00.509189 2026] [php:error] [pid 74933] [client 20.89.241.129:0] script '/domains/system_suspended/fx.php' not found or unable to stat
[Tue Mar 03 01:44:00.688010 2026] [php:error] [pid 74933] [client 20.89.241.129:0] script '/domains/system_suspended/info.php' not found or unable to stat
[Tue Mar 03 01:44:00.867588 2026] [php:error] [pid 74933] [client 20.89.241.129:0] script '/domains/system_suspended/ioxi-o.php' not found or unable to stat
[Tue Mar 03 01:44:01.047494 2026] [php:error] [pid 74933] [client 20.89.241.129:0] script '/domains/system_suspended/rip.php' not found or unable to stat
[Tue Mar 03 01:44:01.226349 2026] [php:error] [pid 74933] [client 20.89.241.129:0] script '/domains/system_suspended/server.php' not found or unable to stat
[Tue Mar 03 01:44:01.405257 2026] [php:error] [pid 74933] [client 20.89.241.129:0] script '/domains/system_suspended/wp-blog.php' not found or unable to stat
[Tue Mar 03 01:44:02.237859 2026] [php:error] [pid 74978] [client 20.89.52.173:0] script '/domains/redpeninc/inputs.php' not found or unable to stat
[Tue Mar 03 01:44:02.409472 2026] [php:error] [pid 74978] [client 20.89.52.173:0] script '/domains/redpeninc/ioxi-o.php' not found or unable to stat
[Tue Mar 03 01:44:02.481683 2026] [php:error] [pid 74933] [client 20.89.241.129:0] script '/domains/system_suspended/wp-editor.php' not found or unable to stat
[Tue Mar 03 01:44:02.752869 2026] [php:error] [pid 74978] [client 20.89.52.173:0] script '/domains/redpeninc/rip.php' not found or unable to stat
[Tue Mar 03 01:44:02.926070 2026] [php:error] [pid 74978] [client 20.89.52.173:0] script '/domains/redpeninc/admin.php' not found or unable to stat
[Tue Mar 03 01:44:03.273215 2026] [php:error] [pid 74978] [client 20.89.52.173:0] script '/domains/redpeninc/cache.php' not found or unable to stat
[Tue Mar 03 01:44:03.391938 2026] [php:error] [pid 74933] [client 20.89.241.129:0] script '/domains/system_suspended/wp.php' not found or unable to stat
[Tue Mar 03 01:44:03.445059 2026] [php:error] [pid 74978] [client 20.89.52.173:0] script '/domains/redpeninc/themes.php' not found or unable to stat
[Tue Mar 03 01:44:03.571063 2026] [php:error] [pid 74933] [client 20.89.241.129:0] script '/domains/system_suspended/x.php' not found or unable to stat
[Tue Mar 03 01:44:03.616785 2026] [php:error] [pid 74978] [client 20.89.52.173:0] script '/domains/redpeninc/an.php' not found or unable to stat
[Tue Mar 03 01:44:04.132674 2026] [php:error] [pid 74978] [client 20.89.52.173:0] script '/domains/redpeninc/ws.php' not found or unable to stat
[Tue Mar 03 01:44:04.304616 2026] [php:error] [pid 74978] [client 20.89.52.173:0] script '/domains/redpeninc/404.php' not found or unable to stat
[Tue Mar 03 01:44:04.648197 2026] [php:error] [pid 74978] [client 20.89.52.173:0] script '/domains/redpeninc/wp-conf.php' not found or unable to stat
[Tue Mar 03 01:44:04.992361 2026] [php:error] [pid 74978] [client 20.89.52.173:0] script '/domains/redpeninc/wp-login.php' not found or unable to stat
[Tue Mar 03 01:44:05.164092 2026] [php:error] [pid 74978] [client 20.89.52.173:0] script '/domains/redpeninc/abc.php' not found or unable to stat
[Tue Mar 03 01:44:05.335937 2026] [php:error] [pid 74978] [client 20.89.52.173:0] script '/domains/redpeninc/abcd.php' not found or unable to stat
[Tue Mar 03 01:44:05.509267 2026] [php:error] [pid 74978] [client 20.89.52.173:0] script '/domains/redpeninc/as.php' not found or unable to stat
[Tue Mar 03 01:44:05.680899 2026] [php:error] [pid 74978] [client 20.89.52.173:0] script '/domains/redpeninc/wp-trackback.php' not found or unable to stat
[Tue Mar 03 01:44:05.852583 2026] [php:error] [pid 74978] [client 20.89.52.173:0] script '/domains/redpeninc/about.php' not found or unable to stat
[Tue Mar 03 01:44:06.024306 2026] [php:error] [pid 74978] [client 20.89.52.173:0] script '/domains/redpeninc/file.php' not found or unable to stat
[Tue Mar 03 01:44:06.220526 2026] [php:error] [pid 74978] [client 20.89.52.173:0] script '/domains/redpeninc/adminfuns.php' not found or unable to stat
[Tue Mar 03 01:44:06.392392 2026] [php:error] [pid 74978] [client 20.89.52.173:0] script '/domains/redpeninc/wp-good.php' not found or unable to stat
[Tue Mar 03 01:44:06.565017 2026] [php:error] [pid 74978] [client 20.89.52.173:0] script '/domains/redpeninc/xmlrpc.php' not found or unable to stat
[Tue Mar 03 01:44:06.736769 2026] [php:error] [pid 74978] [client 20.89.52.173:0] script '/domains/redpeninc/goods.php' not found or unable to stat
[Tue Mar 03 01:44:06.909016 2026] [php:error] [pid 74978] [client 20.89.52.173:0] script '/domains/redpeninc/class-t.api.php' not found or unable to stat
[Tue Mar 03 01:44:07.080674 2026] [php:error] [pid 74978] [client 20.89.52.173:0] script '/domains/redpeninc/sf.php' not found or unable to stat
[Tue Mar 03 01:44:07.260659 2026] [php:error] [pid 74978] [client 20.89.52.173:0] script '/domains/redpeninc/kbfr.php' not found or unable to stat
[Tue Mar 03 01:44:07.432846 2026] [php:error] [pid 74978] [client 20.89.52.173:0] script '/domains/redpeninc/autoload_classmap.php' not found or unable to stat
[Tue Mar 03 01:44:07.605342 2026] [php:error] [pid 74978] [client 20.89.52.173:0] script '/domains/redpeninc/chosen.php' not found or unable to stat
[Tue Mar 03 01:44:07.777500 2026] [php:error] [pid 74978] [client 20.89.52.173:0] script '/domains/redpeninc/classwithtostring.php' not found or unable to stat
[Tue Mar 03 01:44:07.974091 2026] [php:error] [pid 74978] [client 20.89.52.173:0] script '/domains/redpeninc/defaults.php' not found or unable to stat
[Tue Mar 03 01:44:08.489633 2026] [php:error] [pid 74978] [client 20.89.52.173:0] script '/domains/redpeninc/info.php' not found or unable to stat
[Tue Mar 03 01:44:50.521745 2026] [php:error] [pid 74978] [client 20.207.204.235:0] script '/domains/ceonlinenews/222.php' not found or unable to stat
[Tue Mar 03 01:44:50.718497 2026] [php:error] [pid 74978] [client 20.207.204.235:0] script '/domains/ceonlinenews/404.php' not found or unable to stat
[Tue Mar 03 01:44:50.916023 2026] [php:error] [pid 74978] [client 20.207.204.235:0] script '/domains/ceonlinenews/about.php' not found or unable to stat
[Tue Mar 03 01:44:51.133965 2026] [php:error] [pid 74978] [client 20.207.204.235:0] script '/domains/ceonlinenews/admin.php' not found or unable to stat
[Tue Mar 03 01:44:51.340393 2026] [php:error] [pid 74978] [client 20.207.204.235:0] script '/domains/ceonlinenews/adminfuns.php' not found or unable to stat
[Tue Mar 03 01:44:51.544927 2026] [php:error] [pid 74978] [client 20.207.204.235:0] script '/domains/ceonlinenews/bless.php' not found or unable to stat
[Tue Mar 03 01:44:51.743193 2026] [php:error] [pid 74978] [client 20.207.204.235:0] script '/domains/ceonlinenews/bolt.php' not found or unable to stat
[Tue Mar 03 01:44:51.963073 2026] [php:error] [pid 74978] [client 20.207.204.235:0] script '/domains/ceonlinenews/ccou.php' not found or unable to stat
[Tue Mar 03 01:44:52.172149 2026] [php:error] [pid 74978] [client 20.207.204.235:0] script '/domains/ceonlinenews/class-t.api.php' not found or unable to stat
[Tue Mar 03 01:44:52.379284 2026] [php:error] [pid 74978] [client 20.207.204.235:0] script '/domains/ceonlinenews/css.php' not found or unable to stat
[Tue Mar 03 01:44:52.774685 2026] [php:error] [pid 74978] [client 20.207.204.235:0] script '/domains/ceonlinenews/edit.php' not found or unable to stat
[Tue Mar 03 01:44:52.971547 2026] [php:error] [pid 74978] [client 20.207.204.235:0] script '/domains/ceonlinenews/fff.php' not found or unable to stat
[Tue Mar 03 01:44:53.168551 2026] [php:error] [pid 74978] [client 20.207.204.235:0] script '/domains/ceonlinenews/file.php' not found or unable to stat
[Tue Mar 03 01:44:53.365491 2026] [php:error] [pid 74978] [client 20.207.204.235:0] script '/domains/ceonlinenews/fx.php' not found or unable to stat
[Tue Mar 03 01:44:53.562388 2026] [php:error] [pid 74978] [client 20.207.204.235:0] script '/domains/ceonlinenews/info.php' not found or unable to stat
[Tue Mar 03 01:44:53.759443 2026] [php:error] [pid 74978] [client 20.207.204.235:0] script '/domains/ceonlinenews/ioxi-o.php' not found or unable to stat
[Tue Mar 03 01:44:53.956701 2026] [php:error] [pid 74978] [client 20.207.204.235:0] script '/domains/ceonlinenews/rip.php' not found or unable to stat
[Tue Mar 03 01:44:54.153915 2026] [php:error] [pid 74978] [client 20.207.204.235:0] script '/domains/ceonlinenews/server.php' not found or unable to stat
[Tue Mar 03 01:44:54.350967 2026] [php:error] [pid 74978] [client 20.207.204.235:0] script '/domains/ceonlinenews/wp-blog.php' not found or unable to stat
[Tue Mar 03 01:44:55.557716 2026] [php:error] [pid 74978] [client 20.207.204.235:0] script '/domains/ceonlinenews/wp-editor.php' not found or unable to stat
[Tue Mar 03 01:44:56.557783 2026] [php:error] [pid 74978] [client 20.207.204.235:0] script '/domains/ceonlinenews/wp.php' not found or unable to stat
[Tue Mar 03 01:44:56.755897 2026] [php:error] [pid 74978] [client 20.207.204.235:0] script '/domains/ceonlinenews/x.php' not found or unable to stat
[Tue Mar 03 01:45:04.509568 2026] [php:error] [pid 74996] [client 168.63.70.12:0] script '/domains/system_default/gfile.php' not found or unable to stat
[Tue Mar 03 01:45:04.584851 2026] [php:error] [pid 74996] [client 168.63.70.12:0] script '/domains/system_default/file61.php' not found or unable to stat
[Tue Mar 03 01:45:04.660354 2026] [php:error] [pid 74996] [client 168.63.70.12:0] script '/domains/system_default/eee.php' not found or unable to stat
