[Tue Mar 03 00:40:53.654493 2026] [php:error] [pid 74213] [client 20.63.210.169:0] script '/domains/ecernstelectric/wp.php' not found or unable to stat
[Tue Mar 03 00:40:53.715797 2026] [php:error] [pid 74203] [client 52.169.148.186:0] script '/domains/system_suspended/666.php' not found or unable to stat
[Tue Mar 03 00:40:53.788840 2026] [php:error] [pid 74203] [client 52.169.148.186:0] script '/domains/system_suspended/moshou.php' not found or unable to stat
[Tue Mar 03 00:40:53.836110 2026] [php:error] [pid 74213] [client 20.63.210.169:0] script '/domains/ecernstelectric/x.php' not found or unable to stat
[Tue Mar 03 00:40:53.861917 2026] [php:error] [pid 74203] [client 52.169.148.186:0] script '/domains/system_suspended/jga.php' not found or unable to stat
[Tue Mar 03 00:40:53.935578 2026] [php:error] [pid 74203] [client 52.169.148.186:0] script '/domains/system_suspended/Jcrop.php' not found or unable to stat
[Tue Mar 03 00:40:54.154406 2026] [php:error] [pid 74203] [client 52.169.148.186:0] script '/domains/system_suspended/aa.php' not found or unable to stat
[Tue Mar 03 00:40:54.227459 2026] [php:error] [pid 74203] [client 52.169.148.186:0] script '/domains/system_suspended/ff1.php' not found or unable to stat
[Tue Mar 03 00:40:54.300341 2026] [php:error] [pid 74203] [client 52.169.148.186:0] script '/domains/system_suspended/wp-the.php' not found or unable to stat
[Tue Mar 03 00:40:54.373390 2026] [php:error] [pid 74203] [client 52.169.148.186:0] script '/domains/system_suspended/pass4.php' not found or unable to stat
[Tue Mar 03 00:40:54.447691 2026] [php:error] [pid 74203] [client 52.169.148.186:0] script '/domains/system_suspended/C1.php' not found or unable to stat
[Tue Mar 03 00:40:54.521028 2026] [php:error] [pid 74203] [client 52.169.148.186:0] script '/domains/system_suspended/gi.php' not found or unable to stat
[Tue Mar 03 00:40:54.594020 2026] [php:error] [pid 74203] [client 52.169.148.186:0] script '/domains/system_suspended/tkllu.php' not found or unable to stat
[Tue Mar 03 00:40:54.667784 2026] [php:error] [pid 74203] [client 52.169.148.186:0] script '/domains/system_suspended/fetch.php' not found or unable to stat
[Tue Mar 03 00:40:54.741005 2026] [php:error] [pid 74203] [client 52.169.148.186:0] script '/domains/system_suspended/66.php' not found or unable to stat
[Tue Mar 03 00:40:54.814300 2026] [php:error] [pid 74203] [client 52.169.148.186:0] script '/domains/system_suspended/1index.php' not found or unable to stat
[Tue Mar 03 00:40:54.887532 2026] [php:error] [pid 74203] [client 52.169.148.186:0] script '/domains/system_suspended/wander.php' not found or unable to stat
[Tue Mar 03 00:40:54.960700 2026] [php:error] [pid 74203] [client 52.169.148.186:0] script '/domains/system_suspended/makeasmtp.php' not found or unable to stat
[Tue Mar 03 00:40:55.033973 2026] [php:error] [pid 74203] [client 52.169.148.186:0] script '/domains/system_suspended/xtsr.php' not found or unable to stat
[Tue Mar 03 00:40:55.107035 2026] [php:error] [pid 74203] [client 52.169.148.186:0] script '/domains/system_suspended/Masks.php' not found or unable to stat
[Tue Mar 03 00:40:55.180634 2026] [php:error] [pid 74203] [client 52.169.148.186:0] script '/domains/system_suspended/Geforce.php' not found or unable to stat
[Tue Mar 03 00:40:55.253743 2026] [php:error] [pid 74203] [client 52.169.148.186:0] script '/domains/system_suspended/jb33.php' not found or unable to stat
[Tue Mar 03 00:40:55.328734 2026] [php:error] [pid 74203] [client 52.169.148.186:0] script '/domains/system_suspended/vogme.php' not found or unable to stat
[Tue Mar 03 00:40:55.402633 2026] [php:error] [pid 74203] [client 52.169.148.186:0] script '/domains/system_suspended/grsiuk.php' not found or unable to stat
[Tue Mar 03 00:40:55.475593 2026] [php:error] [pid 74203] [client 52.169.148.186:0] script '/domains/system_suspended/inege.php' not found or unable to stat
[Tue Mar 03 00:40:55.548603 2026] [php:error] [pid 74203] [client 52.169.148.186:0] script '/domains/system_suspended/global.php' not found or unable to stat
[Tue Mar 03 00:40:55.622178 2026] [php:error] [pid 74203] [client 52.169.148.186:0] script '/domains/system_suspended/As.php' not found or unable to stat
[Tue Mar 03 00:40:55.695317 2026] [php:error] [pid 74203] [client 52.169.148.186:0] script '/domains/system_suspended/btx25.php' not found or unable to stat
[Tue Mar 03 00:40:55.768231 2026] [php:error] [pid 74203] [client 52.169.148.186:0] script '/domains/system_suspended/advanc.php' not found or unable to stat
[Tue Mar 03 00:40:55.841056 2026] [php:error] [pid 74203] [client 52.169.148.186:0] script '/domains/system_suspended/ahgag.php' not found or unable to stat
[Tue Mar 03 00:40:55.914181 2026] [php:error] [pid 74203] [client 52.169.148.186:0] script '/domains/system_suspended/yoawv.php' not found or unable to stat
[Tue Mar 03 00:40:55.987850 2026] [php:error] [pid 74203] [client 52.169.148.186:0] script '/domains/system_suspended/xogve.php' not found or unable to stat
[Tue Mar 03 00:40:56.061294 2026] [php:error] [pid 74203] [client 52.169.148.186:0] script '/domains/system_suspended/lp5.php' not found or unable to stat
[Tue Mar 03 00:40:56.134620 2026] [php:error] [pid 74203] [client 52.169.148.186:0] script '/domains/system_suspended/torsa1.php' not found or unable to stat
[Tue Mar 03 00:40:56.207782 2026] [php:error] [pid 74203] [client 52.169.148.186:0] script '/domains/system_suspended/an7.php' not found or unable to stat
[Tue Mar 03 00:40:56.280703 2026] [php:error] [pid 74203] [client 52.169.148.186:0] script '/domains/system_suspended/clcdu.php' not found or unable to stat
[Tue Mar 03 00:40:56.353709 2026] [php:error] [pid 74203] [client 52.169.148.186:0] script '/domains/system_suspended/uxijj.php' not found or unable to stat
[Tue Mar 03 00:40:56.426641 2026] [php:error] [pid 74203] [client 52.169.148.186:0] script '/domains/system_suspended/rkiea.php' not found or unable to stat
[Tue Mar 03 00:40:56.592600 2026] [php:error] [pid 74214] [client 52.169.148.186:0] script '/domains/system_suspended/resp.php' not found or unable to stat
[Tue Mar 03 00:40:56.667621 2026] [php:error] [pid 74214] [client 52.169.148.186:0] script '/domains/system_suspended/ppxhp.php' not found or unable to stat
[Tue Mar 03 00:40:56.742499 2026] [php:error] [pid 74214] [client 52.169.148.186:0] script '/domains/system_suspended/fs7.php' not found or unable to stat
[Tue Mar 03 00:40:56.817223 2026] [php:error] [pid 74214] [client 52.169.148.186:0] script '/domains/system_suspended/an7.php' not found or unable to stat
[Tue Mar 03 00:40:56.892667 2026] [php:error] [pid 74214] [client 52.169.148.186:0] script '/domains/system_suspended/yclby.php' not found or unable to stat
[Tue Mar 03 00:40:56.968005 2026] [php:error] [pid 74214] [client 52.169.148.186:0] script '/domains/system_suspended/100.kb.php' not found or unable to stat
[Tue Mar 03 00:40:57.043149 2026] [php:error] [pid 74214] [client 52.169.148.186:0] script '/domains/system_suspended/gec.php' not found or unable to stat
[Tue Mar 03 00:40:57.118282 2026] [php:error] [pid 74214] [client 52.169.148.186:0] script '/domains/system_suspended/zwq13.php' not found or unable to stat
[Tue Mar 03 00:40:57.193629 2026] [php:error] [pid 74214] [client 52.169.148.186:0] script '/domains/system_suspended/wqqs.php' not found or unable to stat
[Tue Mar 03 00:40:57.269006 2026] [php:error] [pid 74214] [client 52.169.148.186:0] script '/domains/system_suspended/wp_wlx.php' not found or unable to stat
[Tue Mar 03 00:40:57.353049 2026] [php:error] [pid 74214] [client 52.169.148.186:0] script '/domains/system_suspended/trx24.php' not found or unable to stat
[Tue Mar 03 00:40:57.427879 2026] [php:error] [pid 74214] [client 52.169.148.186:0] script '/domains/system_suspended/x123x.php' not found or unable to stat
[Tue Mar 03 00:40:57.503183 2026] [php:error] [pid 74214] [client 52.169.148.186:0] script '/domains/system_suspended/nc4.php' not found or unable to stat
[Tue Mar 03 00:40:57.578278 2026] [php:error] [pid 74214] [client 52.169.148.186:0] script '/domains/system_suspended/Ov-Simple1.php' not found or unable to stat
[Tue Mar 03 00:40:57.729018 2026] [php:error] [pid 74214] [client 52.169.148.186:0] script '/domains/system_suspended/xex.php' not found or unable to stat
[Tue Mar 03 00:40:57.803988 2026] [php:error] [pid 74214] [client 52.169.148.186:0] script '/domains/system_suspended/wp-file.php' not found or unable to stat
[Tue Mar 03 00:40:57.879183 2026] [php:error] [pid 74214] [client 52.169.148.186:0] script '/domains/system_suspended/wdf.php' not found or unable to stat
[Tue Mar 03 00:40:57.954492 2026] [php:error] [pid 74214] [client 52.169.148.186:0] script '/domains/system_suspended/ticket.php' not found or unable to stat
[Tue Mar 03 00:40:58.032531 2026] [php:error] [pid 74214] [client 52.169.148.186:0] script '/domains/system_suspended/state.php' not found or unable to stat
[Tue Mar 03 00:40:58.107832 2026] [php:error] [pid 74214] [client 52.169.148.186:0] script '/domains/system_suspended/403.php' not found or unable to stat
[Tue Mar 03 00:40:58.183026 2026] [php:error] [pid 74214] [client 52.169.148.186:0] script '/domains/system_suspended/xy.php' not found or unable to stat
[Tue Mar 03 00:40:58.260229 2026] [php:error] [pid 74214] [client 52.169.148.186:0] script '/domains/system_suspended/tool.php' not found or unable to stat
[Tue Mar 03 00:40:58.335061 2026] [php:error] [pid 74214] [client 52.169.148.186:0] script '/domains/system_suspended/wpls.php' not found or unable to stat
[Tue Mar 03 00:40:58.410268 2026] [php:error] [pid 74214] [client 52.169.148.186:0] script '/domains/system_suspended/mjq.php' not found or unable to stat
[Tue Mar 03 00:40:58.485049 2026] [php:error] [pid 74214] [client 52.169.148.186:0] script '/domains/system_suspended/wp-4doption1.php' not found or unable to stat
[Tue Mar 03 00:40:58.560530 2026] [php:error] [pid 74214] [client 52.169.148.186:0] script '/domains/system_suspended/img.php' not found or unable to stat
[Tue Mar 03 00:41:26.513345 2026] [php:error] [pid 74203] [client 20.53.243.118:0] script '/domains/nostrada/222.php' not found or unable to stat
[Tue Mar 03 00:41:26.728203 2026] [php:error] [pid 74203] [client 20.53.243.118:0] script '/domains/nostrada/404.php' not found or unable to stat
[Tue Mar 03 00:41:26.942980 2026] [php:error] [pid 74203] [client 20.53.243.118:0] script '/domains/nostrada/about.php' not found or unable to stat
[Tue Mar 03 00:41:27.157484 2026] [php:error] [pid 74203] [client 20.53.243.118:0] script '/domains/nostrada/admin.php' not found or unable to stat
[Tue Mar 03 00:41:27.395397 2026] [php:error] [pid 74203] [client 20.53.243.118:0] script '/domains/nostrada/adminfuns.php' not found or unable to stat
[Tue Mar 03 00:41:27.610891 2026] [php:error] [pid 74203] [client 20.53.243.118:0] script '/domains/nostrada/bless.php' not found or unable to stat
[Tue Mar 03 00:41:27.825620 2026] [php:error] [pid 74203] [client 20.53.243.118:0] script '/domains/nostrada/bolt.php' not found or unable to stat
[Tue Mar 03 00:41:28.058412 2026] [php:error] [pid 74203] [client 20.53.243.118:0] script '/domains/nostrada/ccou.php' not found or unable to stat
[Tue Mar 03 00:41:28.272816 2026] [php:error] [pid 74203] [client 20.53.243.118:0] script '/domains/nostrada/class-t.api.php' not found or unable to stat
[Tue Mar 03 00:41:28.487310 2026] [php:error] [pid 74203] [client 20.53.243.118:0] script '/domains/nostrada/css.php' not found or unable to stat
[Tue Mar 03 00:41:28.916516 2026] [php:error] [pid 74203] [client 20.53.243.118:0] script '/domains/nostrada/edit.php' not found or unable to stat
[Tue Mar 03 00:41:29.130951 2026] [php:error] [pid 74203] [client 20.53.243.118:0] script '/domains/nostrada/fff.php' not found or unable to stat
[Tue Mar 03 00:41:29.345448 2026] [php:error] [pid 74203] [client 20.53.243.118:0] script '/domains/nostrada/file.php' not found or unable to stat
[Tue Mar 03 00:41:29.560375 2026] [php:error] [pid 74203] [client 20.53.243.118:0] script '/domains/nostrada/fx.php' not found or unable to stat
[Tue Mar 03 00:41:29.775841 2026] [php:error] [pid 74203] [client 20.53.243.118:0] script '/domains/nostrada/info.php' not found or unable to stat
[Tue Mar 03 00:41:29.990400 2026] [php:error] [pid 74203] [client 20.53.243.118:0] script '/domains/nostrada/ioxi-o.php' not found or unable to stat
[Tue Mar 03 00:41:30.205315 2026] [php:error] [pid 74203] [client 20.53.243.118:0] script '/domains/nostrada/rip.php' not found or unable to stat
[Tue Mar 03 00:41:30.420334 2026] [php:error] [pid 74203] [client 20.53.243.118:0] script '/domains/nostrada/server.php' not found or unable to stat
[Tue Mar 03 00:41:30.635100 2026] [php:error] [pid 74203] [client 20.53.243.118:0] script '/domains/nostrada/wp-blog.php' not found or unable to stat
[Tue Mar 03 00:41:31.924501 2026] [php:error] [pid 74203] [client 20.53.243.118:0] script '/domains/nostrada/wp-editor.php' not found or unable to stat
[Tue Mar 03 00:41:32.586686 2026] [php:error] [pid 74221] [client 172.213.0.239:0] script '/domains/system_default/zwso.php' not found or unable to stat
[Tue Mar 03 00:41:32.795346 2026] [php:error] [pid 74221] [client 172.213.0.239:0] script '/domains/system_default/class19.php' not found or unable to stat
[Tue Mar 03 00:41:32.886159 2026] [php:error] [pid 74221] [client 172.213.0.239:0] script '/domains/system_default/class20.php' not found or unable to stat
[Tue Mar 03 00:41:32.996100 2026] [php:error] [pid 74203] [client 20.53.243.118:0] script '/domains/nostrada/wp.php' not found or unable to stat
[Tue Mar 03 00:41:33.002135 2026] [php:error] [pid 74221] [client 172.213.0.239:0] script '/domains/system_default/admin.php' not found or unable to stat
[Tue Mar 03 00:41:33.092743 2026] [php:error] [pid 74221] [client 172.213.0.239:0] script '/domains/system_default/randkeyword.php' not found or unable to stat
[Tue Mar 03 00:41:33.183876 2026] [php:error] [pid 74221] [client 172.213.0.239:0] script '/domains/system_default/fwe.php' not found or unable to stat
[Tue Mar 03 00:41:33.210521 2026] [php:error] [pid 74203] [client 20.53.243.118:0] script '/domains/nostrada/x.php' not found or unable to stat
[Tue Mar 03 00:41:33.325743 2026] [php:error] [pid 74221] [client 172.213.0.239:0] script '/domains/system_default/ioxi-o.php' not found or unable to stat
[Tue Mar 03 00:41:33.507812 2026] [php:error] [pid 74221] [client 172.213.0.239:0] script '/domains/system_default/g.php' not found or unable to stat
[Tue Mar 03 00:41:33.641782 2026] [php:error] [pid 74221] [client 172.213.0.239:0] script '/domains/system_default/tx1.php' not found or unable to stat
[Tue Mar 03 00:41:33.734790 2026] [php:error] [pid 74221] [client 172.213.0.239:0] script '/domains/system_default/xv.php' not found or unable to stat
[Tue Mar 03 00:41:33.825590 2026] [php:error] [pid 74221] [client 172.213.0.239:0] script '/domains/system_default/x56.php' not found or unable to stat
[Tue Mar 03 00:41:33.916895 2026] [php:error] [pid 74221] [client 172.213.0.239:0] script '/domains/system_default/htaccess.php' not found or unable to stat
[Tue Mar 03 00:41:34.016004 2026] [php:error] [pid 74221] [client 172.213.0.239:0] script '/domains/system_default/readme.php' not found or unable to stat
[Tue Mar 03 00:41:34.152763 2026] [php:error] [pid 74221] [client 172.213.0.239:0] script '/domains/system_default/x50.php' not found or unable to stat
[Tue Mar 03 00:41:34.428763 2026] [php:error] [pid 74221] [client 172.213.0.239:0] script '/domains/system_default/fv.php' not found or unable to stat
[Tue Mar 03 00:41:34.519709 2026] [php:error] [pid 74221] [client 172.213.0.239:0] script '/domains/system_default/file.php' not found or unable to stat
[Tue Mar 03 00:41:34.610340 2026] [php:error] [pid 74221] [client 172.213.0.239:0] script '/domains/system_default/lsd.php' not found or unable to stat
[Tue Mar 03 00:41:34.701330 2026] [php:error] [pid 74221] [client 172.213.0.239:0] script '/domains/system_default/as.php' not found or unable to stat
[Tue Mar 03 00:41:34.923871 2026] [php:error] [pid 74221] [client 172.213.0.239:0] script '/domains/system_default/wsd.php' not found or unable to stat
[Tue Mar 03 00:41:35.014632 2026] [php:error] [pid 74221] [client 172.213.0.239:0] script '/domains/system_default/gtc.php' not found or unable to stat
[Tue Mar 03 00:41:35.076758 2026] [php:error] [pid 74206] [client 20.205.227.70:0] script '/domains/hand-hammerweb/222.php' not found or unable to stat
[Tue Mar 03 00:41:35.106132 2026] [php:error] [pid 74221] [client 172.213.0.239:0] script '/domains/system_default/atx.php' not found or unable to stat
[Tue Mar 03 00:41:35.214856 2026] [php:error] [pid 74221] [client 172.213.0.239:0] script '/domains/system_default/z60.php' not found or unable to stat
[Tue Mar 03 00:41:35.305591 2026] [php:error] [pid 74221] [client 172.213.0.239:0] script '/domains/system_default/403.php' not found or unable to stat
[Tue Mar 03 00:41:35.311846 2026] [php:error] [pid 74206] [client 20.205.227.70:0] script '/domains/hand-hammerweb/404.php' not found or unable to stat
[Tue Mar 03 00:41:35.410741 2026] [php:error] [pid 74221] [client 172.213.0.239:0] script '/domains/system_default/m.php' not found or unable to stat
[Tue Mar 03 00:41:35.501707 2026] [php:error] [pid 74221] [client 172.213.0.239:0] script '/domains/system_default/themes.php' not found or unable to stat
[Tue Mar 03 00:41:35.546755 2026] [php:error] [pid 74206] [client 20.205.227.70:0] script '/domains/hand-hammerweb/about.php' not found or unable to stat
[Tue Mar 03 00:41:35.781135 2026] [php:error] [pid 74206] [client 20.205.227.70:0] script '/domains/hand-hammerweb/admin.php' not found or unable to stat
[Tue Mar 03 00:41:35.793413 2026] [php:error] [pid 74221] [client 172.213.0.239:0] script '/domains/system_default/click.php' not found or unable to stat
[Tue Mar 03 00:41:35.948925 2026] [php:error] [pid 74221] [client 172.213.0.239:0] script '/domains/system_default/install.php' not found or unable to stat
[Tue Mar 03 00:41:36.015351 2026] [php:error] [pid 74206] [client 20.205.227.70:0] script '/domains/hand-hammerweb/adminfuns.php' not found or unable to stat
[Tue Mar 03 00:41:36.039555 2026] [php:error] [pid 74221] [client 172.213.0.239:0] script '/domains/system_default/lv.php' not found or unable to stat
[Tue Mar 03 00:41:36.130160 2026] [php:error] [pid 74221] [client 172.213.0.239:0] script '/domains/system_default/simple.php' not found or unable to stat
[Tue Mar 03 00:41:36.222103 2026] [php:error] [pid 74221] [client 172.213.0.239:0] script '/domains/system_default/css.php' not found or unable to stat
[Tue Mar 03 00:41:36.249969 2026] [php:error] [pid 74206] [client 20.205.227.70:0] script '/domains/hand-hammerweb/bless.php' not found or unable to stat
[Tue Mar 03 00:41:36.338079 2026] [php:error] [pid 74221] [client 172.213.0.239:0] script '/domains/system_default/cong.php' not found or unable to stat
[Tue Mar 03 00:41:36.485287 2026] [php:error] [pid 74206] [client 20.205.227.70:0] script '/domains/hand-hammerweb/bolt.php' not found or unable to stat
[Tue Mar 03 00:41:36.520158 2026] [php:error] [pid 74221] [client 172.213.0.239:0] script '/domains/system_default/cong.php' not found or unable to stat
[Tue Mar 03 00:41:36.611104 2026] [php:error] [pid 74221] [client 172.213.0.239:0] script '/domains/system_default/w.php' not found or unable to stat
[Tue Mar 03 00:41:36.719295 2026] [php:error] [pid 74206] [client 20.205.227.70:0] script '/domains/hand-hammerweb/ccou.php' not found or unable to stat
[Tue Mar 03 00:41:36.730970 2026] [php:error] [pid 74221] [client 172.213.0.239:0] script '/domains/system_default/404.php' not found or unable to stat
[Tue Mar 03 00:41:36.821367 2026] [php:error] [pid 74221] [client 172.213.0.239:0] script '/domains/system_default/0x.php' not found or unable to stat
[Tue Mar 03 00:41:36.911902 2026] [php:error] [pid 74221] [client 172.213.0.239:0] script '/domains/system_default/css.php' not found or unable to stat
[Tue Mar 03 00:41:36.954722 2026] [php:error] [pid 74206] [client 20.205.227.70:0] script '/domains/hand-hammerweb/class-t.api.php' not found or unable to stat
[Tue Mar 03 00:41:37.043108 2026] [php:error] [pid 74221] [client 172.213.0.239:0] script '/domains/system_default/222.php' not found or unable to stat
[Tue Mar 03 00:41:37.189168 2026] [php:error] [pid 74206] [client 20.205.227.70:0] script '/domains/hand-hammerweb/css.php' not found or unable to stat
[Tue Mar 03 00:41:37.223536 2026] [php:error] [pid 74221] [client 172.213.0.239:0] script '/domains/system_default/admin.php' not found or unable to stat
[Tue Mar 03 00:41:37.413956 2026] [php:error] [pid 74221] [client 172.213.0.239:0] script '/domains/system_default/classwithtostring.php' not found or unable to stat
[Tue Mar 03 00:41:37.507093 2026] [php:error] [pid 74221] [client 172.213.0.239:0] script '/domains/system_default/abcd.php' not found or unable to stat
[Tue Mar 03 00:41:37.617254 2026] [php:error] [pid 74221] [client 172.213.0.239:0] script '/domains/system_default/autoload_classmap.php' not found or unable to stat
[Tue Mar 03 00:41:37.657775 2026] [php:error] [pid 74206] [client 20.205.227.70:0] script '/domains/hand-hammerweb/edit.php' not found or unable to stat
[Tue Mar 03 00:41:37.900587 2026] [php:error] [pid 74206] [client 20.205.227.70:0] script '/domains/hand-hammerweb/fff.php' not found or unable to stat
[Tue Mar 03 00:41:37.950405 2026] [php:error] [pid 74221] [client 172.213.0.239:0] script '/domains/system_default/inputs.php' not found or unable to stat
[Tue Mar 03 00:41:38.041042 2026] [php:error] [pid 74221] [client 172.213.0.239:0] script '/domains/system_default/about.php' not found or unable to stat
[Tue Mar 03 00:41:38.134367 2026] [php:error] [pid 74221] [client 172.213.0.239:0] script '/domains/system_default/alfa.php' not found or unable to stat
[Tue Mar 03 00:41:38.134608 2026] [php:error] [pid 74206] [client 20.205.227.70:0] script '/domains/hand-hammerweb/file.php' not found or unable to stat
[Tue Mar 03 00:41:38.368516 2026] [php:error] [pid 74206] [client 20.205.227.70:0] script '/domains/hand-hammerweb/fx.php' not found or unable to stat
[Tue Mar 03 00:41:38.602355 2026] [php:error] [pid 74206] [client 20.205.227.70:0] script '/domains/hand-hammerweb/info.php' not found or unable to stat
[Tue Mar 03 00:41:38.731724 2026] [php:error] [pid 74221] [client 172.213.0.239:0] script '/domains/system_default/manager.php' not found or unable to stat
[Tue Mar 03 00:41:38.822302 2026] [php:error] [pid 74221] [client 172.213.0.239:0] script '/domains/system_default/item.php' not found or unable to stat
[Tue Mar 03 00:41:38.836439 2026] [php:error] [pid 74206] [client 20.205.227.70:0] script '/domains/hand-hammerweb/ioxi-o.php' not found or unable to stat
[Tue Mar 03 00:41:39.003642 2026] [php:error] [pid 74221] [client 172.213.0.239:0] script '/domains/system_default/404.php' not found or unable to stat
[Tue Mar 03 00:41:39.090004 2026] [php:error] [pid 74206] [client 20.205.227.70:0] script '/domains/hand-hammerweb/rip.php' not found or unable to stat
[Tue Mar 03 00:41:39.094121 2026] [php:error] [pid 74221] [client 172.213.0.239:0] script '/domains/system_default/mail.php' not found or unable to stat
[Tue Mar 03 00:41:39.278893 2026] [php:error] [pid 74221] [client 172.213.0.239:0] script '/domains/system_default/sx.php' not found or unable to stat
[Tue Mar 03 00:41:39.324006 2026] [php:error] [pid 74206] [client 20.205.227.70:0] script '/domains/hand-hammerweb/server.php' not found or unable to stat
[Tue Mar 03 00:41:39.440563 2026] [php:error] [pid 74217] [client 20.240.42.45:0] script '/domains/oneylaw/koiy.php' not found or unable to stat
[Tue Mar 03 00:41:39.488663 2026] [php:error] [pid 74221] [client 172.213.0.239:0] script '/domains/system_default/alfa.php' not found or unable to stat
[Tue Mar 03 00:41:39.550602 2026] [php:error] [pid 74217] [client 20.240.42.45:0] script '/domains/oneylaw/bes.php' not found or unable to stat
[Tue Mar 03 00:41:39.557968 2026] [php:error] [pid 74206] [client 20.205.227.70:0] script '/domains/hand-hammerweb/wp-blog.php' not found or unable to stat
[Tue Mar 03 00:41:39.658415 2026] [php:error] [pid 74217] [client 20.240.42.45:0] script '/domains/oneylaw/a2.php' not found or unable to stat
[Tue Mar 03 00:41:39.801578 2026] [php:error] [pid 74217] [client 20.240.42.45:0] script '/domains/oneylaw/eauu.php' not found or unable to stat
[Tue Mar 03 00:41:39.925638 2026] [php:error] [pid 74221] [client 172.213.0.239:0] script '/domains/system_default/1.php' not found or unable to stat
[Tue Mar 03 00:41:40.001650 2026] [php:error] [pid 74217] [client 20.240.42.45:0] script '/domains/oneylaw/h.php' not found or unable to stat
[Tue Mar 03 00:41:40.100096 2026] [php:error] [pid 74217] [client 20.240.42.45:0] script '/domains/oneylaw/myfile.php' not found or unable to stat
[Tue Mar 03 00:41:40.198859 2026] [php:error] [pid 74217] [client 20.240.42.45:0] script '/domains/oneylaw/sty.php' not found or unable to stat
[Tue Mar 03 00:41:40.297779 2026] [php:error] [pid 74221] [client 172.213.0.239:0] script '/domains/system_default/byp.php' not found or unable to stat
[Tue Mar 03 00:41:40.323851 2026] [php:error] [pid 74217] [client 20.240.42.45:0] script '/domains/oneylaw/nzv.php' not found or unable to stat
[Tue Mar 03 00:41:40.410977 2026] [php:error] [pid 74221] [client 172.213.0.239:0] script '/domains/system_default/wp-trackback.php' not found or unable to stat
[Tue Mar 03 00:41:40.422423 2026] [php:error] [pid 74217] [client 20.240.42.45:0] script '/domains/oneylaw/sadd.php' not found or unable to stat
[Tue Mar 03 00:41:40.532883 2026] [php:error] [pid 74217] [client 20.240.42.45:0] script '/domains/oneylaw/ae.php' not found or unable to stat
[Tue Mar 03 00:41:40.631439 2026] [php:error] [pid 74217] [client 20.240.42.45:0] script '/domains/oneylaw/wp-access.php' not found or unable to stat
[Tue Mar 03 00:41:40.744400 2026] [php:error] [pid 74217] [client 20.240.42.45:0] script '/domains/oneylaw/tmpls.php' not found or unable to stat
[Tue Mar 03 00:41:40.848802 2026] [php:error] [pid 74217] [client 20.240.42.45:0] script '/domains/oneylaw/xmy.php' not found or unable to stat
[Tue Mar 03 00:41:40.884786 2026] [php:error] [pid 74221] [client 172.213.0.239:0] script '/domains/system_default/gmo.php' not found or unable to stat
[Tue Mar 03 00:41:40.947682 2026] [php:error] [pid 74217] [client 20.240.42.45:0] script '/domains/oneylaw/g.php' not found or unable to stat
[Tue Mar 03 00:41:40.964146 2026] [php:error] [pid 74206] [client 20.205.227.70:0] script '/domains/hand-hammerweb/wp-editor.php' not found or unable to stat
[Tue Mar 03 00:41:41.046404 2026] [php:error] [pid 74217] [client 20.240.42.45:0] script '/domains/oneylaw/rum.php' not found or unable to stat
[Tue Mar 03 00:41:41.145514 2026] [php:error] [pid 74217] [client 20.240.42.45:0] script '/domains/oneylaw/wp-good.php' not found or unable to stat
[Tue Mar 03 00:41:41.244712 2026] [php:error] [pid 74217] [client 20.240.42.45:0] script '/domains/oneylaw/wpver.php' not found or unable to stat
[Tue Mar 03 00:41:41.353933 2026] [php:error] [pid 74217] [client 20.240.42.45:0] script '/domains/oneylaw/error1.php' not found or unable to stat
[Tue Mar 03 00:41:41.453134 2026] [php:error] [pid 74217] [client 20.240.42.45:0] script '/domains/oneylaw/zz.php' not found or unable to stat
[Tue Mar 03 00:41:41.551765 2026] [php:error] [pid 74217] [client 20.240.42.45:0] script '/domains/oneylaw/avim.php' not found or unable to stat
[Tue Mar 03 00:41:41.667375 2026] [php:error] [pid 74217] [client 20.240.42.45:0] script '/domains/oneylaw/jq.php' not found or unable to stat
[Tue Mar 03 00:41:41.775971 2026] [php:error] [pid 74217] [client 20.240.42.45:0] script '/domains/oneylaw/guk.php' not found or unable to stat
[Tue Mar 03 00:41:41.874930 2026] [php:error] [pid 74217] [client 20.240.42.45:0] script '/domains/oneylaw/gool.php' not found or unable to stat
[Tue Mar 03 00:41:42.024120 2026] [php:error] [pid 74217] [client 20.240.42.45:0] script '/domains/oneylaw/motu.php' not found or unable to stat
[Tue Mar 03 00:41:42.134322 2026] [php:error] [pid 74206] [client 20.205.227.70:0] script '/domains/hand-hammerweb/wp.php' not found or unable to stat
[Tue Mar 03 00:41:42.156231 2026] [php:error] [pid 74217] [client 20.240.42.45:0] script '/domains/oneylaw/ws79.php' not found or unable to stat
[Tue Mar 03 00:41:42.254884 2026] [php:error] [pid 74217] [client 20.240.42.45:0] script '/domains/oneylaw/an7.php' not found or unable to stat
[Tue Mar 03 00:41:42.353742 2026] [php:error] [pid 74217] [client 20.240.42.45:0] script '/domains/oneylaw/clasa99.php' not found or unable to stat
[Tue Mar 03 00:41:42.355218 2026] [php:error] [pid 74221] [client 172.213.0.239:0] script '/domains/system_default/ww1.php' not found or unable to stat
[Tue Mar 03 00:41:42.368469 2026] [php:error] [pid 74206] [client 20.205.227.70:0] script '/domains/hand-hammerweb/x.php' not found or unable to stat
[Tue Mar 03 00:41:42.452397 2026] [php:error] [pid 74217] [client 20.240.42.45:0] script '/domains/oneylaw/zxin.php' not found or unable to stat
[Tue Mar 03 00:41:42.554892 2026] [php:error] [pid 74217] [client 20.240.42.45:0] script '/domains/oneylaw/rtx.php' not found or unable to stat
[Tue Mar 03 00:41:42.653893 2026] [php:error] [pid 74217] [client 20.240.42.45:0] script '/domains/oneylaw/Okxob.php' not found or unable to stat
[Tue Mar 03 00:41:42.791561 2026] [php:error] [pid 74217] [client 20.240.42.45:0] script '/domains/oneylaw/ocxla.php' not found or unable to stat
[Tue Mar 03 00:41:42.902489 2026] [php:error] [pid 74217] [client 20.240.42.45:0] script '/domains/oneylaw/thui.php' not found or unable to stat
[Tue Mar 03 00:41:43.036797 2026] [php:error] [pid 74217] [client 20.240.42.45:0] script '/domains/oneylaw/brc.php' not found or unable to stat
[Tue Mar 03 00:41:43.146215 2026] [php:error] [pid 74217] [client 20.240.42.45:0] script '/domains/oneylaw/koiy.php' not found or unable to stat
[Tue Mar 03 00:41:43.182426 2026] [php:error] [pid 74222] [client 172.213.0.239:0] script '/domains/system_default/security.php' not found or unable to stat
[Tue Mar 03 00:41:43.249927 2026] [php:error] [pid 74217] [client 20.240.42.45:0] script '/domains/oneylaw/wp-tem.php' not found or unable to stat
[Tue Mar 03 00:41:43.382143 2026] [php:error] [pid 74217] [client 20.240.42.45:0] script '/domains/oneylaw/Ov-Simple1.php' not found or unable to stat
[Tue Mar 03 00:41:43.481227 2026] [php:error] [pid 74217] [client 20.240.42.45:0] script '/domains/oneylaw/gfile.php' not found or unable to stat
[Tue Mar 03 00:41:43.579801 2026] [php:error] [pid 74217] [client 20.240.42.45:0] script '/domains/oneylaw/a1vx.php' not found or unable to stat
[Tue Mar 03 00:41:43.678342 2026] [php:error] [pid 74217] [client 20.240.42.45:0] script '/domains/oneylaw/ws62.php' not found or unable to stat
[Tue Mar 03 00:41:44.087651 2026] [php:error] [pid 74217] [client 20.240.42.45:0] script '/domains/oneylaw/end.php' not found or unable to stat
[Tue Mar 03 00:41:44.186110 2026] [php:error] [pid 74217] [client 20.240.42.45:0] script '/domains/oneylaw/erty.php' not found or unable to stat
[Tue Mar 03 00:41:44.285037 2026] [php:error] [pid 74217] [client 20.240.42.45:0] script '/domains/oneylaw/zwq13.php' not found or unable to stat
[Tue Mar 03 00:41:44.384157 2026] [php:error] [pid 74217] [client 20.240.42.45:0] script '/domains/oneylaw/ebahvhhh.php' not found or unable to stat
[Tue Mar 03 00:41:44.482725 2026] [php:error] [pid 74217] [client 20.240.42.45:0] script '/domains/oneylaw/xqq.php' not found or unable to stat
[Tue Mar 03 00:41:44.501276 2026] [php:error] [pid 74222] [client 172.213.0.239:0] script '/domains/system_default/class.php' not found or unable to stat
[Tue Mar 03 00:41:44.623030 2026] [php:error] [pid 74222] [client 172.213.0.239:0] script '/domains/system_default/bless5.php' not found or unable to stat
[Tue Mar 03 00:41:44.667229 2026] [php:error] [pid 74217] [client 20.240.42.45:0] script '/domains/oneylaw/X7x.php' not found or unable to stat
[Tue Mar 03 00:41:44.774987 2026] [php:error] [pid 74217] [client 20.240.42.45:0] script '/domains/oneylaw/cxc.php' not found or unable to stat
[Tue Mar 03 00:41:44.873554 2026] [php:error] [pid 74217] [client 20.240.42.45:0] script '/domains/oneylaw/snq.php' not found or unable to stat
[Tue Mar 03 00:41:44.951473 2026] [php:error] [pid 74222] [client 172.213.0.239:0] script '/domains/system_default/lock360.php' not found or unable to stat
[Tue Mar 03 00:41:44.972007 2026] [php:error] [pid 74217] [client 20.240.42.45:0] script '/domains/oneylaw/bb.php' not found or unable to stat
[Tue Mar 03 00:41:45.042884 2026] [php:error] [pid 74222] [client 172.213.0.239:0] script '/domains/system_default/ioxi-o1.php' not found or unable to stat
[Tue Mar 03 00:41:45.088728 2026] [php:error] [pid 74217] [client 20.240.42.45:0] script '/domains/oneylaw/05.php' not found or unable to stat
[Tue Mar 03 00:41:45.133612 2026] [php:error] [pid 74222] [client 172.213.0.239:0] script '/domains/system_default/juuuu.php' not found or unable to stat
[Tue Mar 03 00:41:45.187736 2026] [php:error] [pid 74217] [client 20.240.42.45:0] script '/domains/oneylaw/xleet.php' not found or unable to stat
[Tue Mar 03 00:41:45.223935 2026] [php:error] [pid 74222] [client 172.213.0.239:0] script '/domains/system_default/ha.php' not found or unable to stat
[Tue Mar 03 00:41:45.315089 2026] [php:error] [pid 74222] [client 172.213.0.239:0] script '/domains/system_default/gg.php' not found or unable to stat
[Tue Mar 03 00:41:45.361069 2026] [php:error] [pid 74217] [client 20.240.42.45:0] script '/domains/oneylaw/gec.php' not found or unable to stat
[Tue Mar 03 00:41:45.405905 2026] [php:error] [pid 74222] [client 172.213.0.239:0] script '/domains/system_default/we2.php' not found or unable to stat
[Tue Mar 03 00:41:45.463922 2026] [php:error] [pid 74217] [client 20.240.42.45:0] script '/domains/oneylaw/maxro.php' not found or unable to stat
[Tue Mar 03 00:41:45.499988 2026] [php:error] [pid 74222] [client 172.213.0.239:0] script '/domains/system_default/04.php' not found or unable to stat
[Tue Mar 03 00:41:45.590429 2026] [php:error] [pid 74222] [client 172.213.0.239:0] script '/domains/system_default/333.php' not found or unable to stat
[Tue Mar 03 00:41:45.597514 2026] [php:error] [pid 74217] [client 20.240.42.45:0] script '/domains/oneylaw/ah25.php' not found or unable to stat
[Tue Mar 03 00:41:45.681369 2026] [php:error] [pid 74222] [client 172.213.0.239:0] script '/domains/system_default/520.php' not found or unable to stat
[Tue Mar 03 00:41:45.705600 2026] [php:error] [pid 74217] [client 20.240.42.45:0] script '/domains/oneylaw/opts.php' not found or unable to stat
[Tue Mar 03 00:41:45.810265 2026] [php:error] [pid 74222] [client 172.213.0.239:0] script '/domains/system_default/ar.php' not found or unable to stat
[Tue Mar 03 00:41:45.900495 2026] [php:error] [pid 74222] [client 172.213.0.239:0] script '/domains/system_default/x.php' not found or unable to stat
[Tue Mar 03 00:41:45.906667 2026] [php:error] [pid 74217] [client 20.240.42.45:0] script '/domains/oneylaw/222.php' not found or unable to stat
[Tue Mar 03 00:41:45.991151 2026] [php:error] [pid 74222] [client 172.213.0.239:0] script '/domains/system_default/xx.php' not found or unable to stat
[Tue Mar 03 00:41:46.005130 2026] [php:error] [pid 74217] [client 20.240.42.45:0] script '/domains/oneylaw/ty.php' not found or unable to stat
[Tue Mar 03 00:41:46.081563 2026] [php:error] [pid 74222] [client 172.213.0.239:0] script '/domains/system_default/gifclass4.php' not found or unable to stat
[Tue Mar 03 00:41:46.113182 2026] [php:error] [pid 74217] [client 20.240.42.45:0] script '/domains/oneylaw/loxi-o.php' not found or unable to stat
[Tue Mar 03 00:41:46.171891 2026] [php:error] [pid 74222] [client 172.213.0.239:0] script '/domains/system_default/2clas.php' not found or unable to stat
[Tue Mar 03 00:41:46.211529 2026] [php:error] [pid 74217] [client 20.240.42.45:0] script '/domains/oneylaw/G-in.php' not found or unable to stat
[Tue Mar 03 00:41:46.262762 2026] [php:error] [pid 74222] [client 172.213.0.239:0] script '/domains/system_default/ave.php' not found or unable to stat
[Tue Mar 03 00:41:46.310015 2026] [php:error] [pid 74217] [client 20.240.42.45:0] script '/domains/oneylaw/ccou.php' not found or unable to stat
[Tue Mar 03 00:41:46.353198 2026] [php:error] [pid 74222] [client 172.213.0.239:0] script '/domains/system_default/wrt.php' not found or unable to stat
[Tue Mar 03 00:41:46.408862 2026] [php:error] [pid 74217] [client 20.240.42.45:0] script '/domains/oneylaw/god.php' not found or unable to stat
[Tue Mar 03 00:41:46.466954 2026] [php:error] [pid 74222] [client 172.213.0.239:0] script '/domains/system_default/bibil.php' not found or unable to stat
[Tue Mar 03 00:41:46.508178 2026] [php:error] [pid 74217] [client 20.240.42.45:0] script '/domains/oneylaw/fff.php' not found or unable to stat
[Tue Mar 03 00:41:46.558227 2026] [php:error] [pid 74222] [client 172.213.0.239:0] script '/domains/system_default/radio.php' not found or unable to stat
[Tue Mar 03 00:41:46.624154 2026] [php:error] [pid 74217] [client 20.240.42.45:0] script '/domains/oneylaw/xxx.php' not found or unable to stat
[Tue Mar 03 00:41:46.661687 2026] [php:error] [pid 74222] [client 172.213.0.239:0] script '/domains/system_default/files.php' not found or unable to stat
[Tue Mar 03 00:41:46.723217 2026] [php:error] [pid 74217] [client 20.240.42.45:0] script '/domains/oneylaw/post.php' not found or unable to stat
[Tue Mar 03 00:41:46.752452 2026] [php:error] [pid 74222] [client 172.213.0.239:0] script '/domains/system_default/file7.php' not found or unable to stat
[Tue Mar 03 00:41:46.822245 2026] [php:error] [pid 74217] [client 20.240.42.45:0] script '/domains/oneylaw/wp-act.php' not found or unable to stat
[Tue Mar 03 00:41:46.842926 2026] [php:error] [pid 74222] [client 172.213.0.239:0] script '/domains/system_default/gifclass.php' not found or unable to stat
[Tue Mar 03 00:41:46.933704 2026] [php:error] [pid 74217] [client 20.240.42.45:0] script '/domains/oneylaw/sys.php' not found or unable to stat
[Tue Mar 03 00:41:47.036589 2026] [php:error] [pid 74222] [client 172.213.0.239:0] script '/domains/system_default/nox.php' not found or unable to stat
[Tue Mar 03 00:41:47.045168 2026] [php:error] [pid 74217] [client 20.240.42.45:0] script '/domains/oneylaw/rpk.php' not found or unable to stat
[Tue Mar 03 00:41:47.153803 2026] [php:error] [pid 74222] [client 172.213.0.239:0] script '/domains/system_default/file48.php' not found or unable to stat
[Tue Mar 03 00:41:47.186525 2026] [php:error] [pid 74217] [client 20.240.42.45:0] script '/domains/oneylaw/xda.php' not found or unable to stat
[Tue Mar 03 00:41:47.246429 2026] [php:error] [pid 74222] [client 172.213.0.239:0] script '/domains/system_default/info.php' not found or unable to stat
[Tue Mar 03 00:41:47.315734 2026] [php:error] [pid 74217] [client 20.240.42.45:0] script '/domains/oneylaw/666.php' not found or unable to stat
[Tue Mar 03 00:41:47.336835 2026] [php:error] [pid 74222] [client 172.213.0.239:0] script '/domains/system_default/class9.php' not found or unable to stat
[Tue Mar 03 00:41:47.414243 2026] [php:error] [pid 74217] [client 20.240.42.45:0] script '/domains/oneylaw/ws61.php' not found or unable to stat
[Tue Mar 03 00:41:47.428001 2026] [php:error] [pid 74222] [client 172.213.0.239:0] script '/domains/system_default/la.php' not found or unable to stat
[Tue Mar 03 00:41:47.513049 2026] [php:error] [pid 74217] [client 20.240.42.45:0] script '/domains/oneylaw/mini.php' not found or unable to stat
[Tue Mar 03 00:41:47.556205 2026] [php:error] [pid 74222] [client 172.213.0.239:0] script '/domains/system_default/bless11.php' not found or unable to stat
[Tue Mar 03 00:41:47.620137 2026] [php:error] [pid 74217] [client 20.240.42.45:0] script '/domains/oneylaw/nw.php' not found or unable to stat
[Tue Mar 03 00:41:47.680665 2026] [php:error] [pid 74222] [client 172.213.0.239:0] script '/domains/system_default/ccou.php' not found or unable to stat
[Tue Mar 03 00:41:47.719013 2026] [php:error] [pid 74217] [client 20.240.42.45:0] script '/domains/oneylaw/fleen.php' not found or unable to stat
[Tue Mar 03 00:41:47.817610 2026] [php:error] [pid 74217] [client 20.240.42.45:0] script '/domains/oneylaw/autogooey.php' not found or unable to stat
[Tue Mar 03 00:41:47.818835 2026] [php:error] [pid 74222] [client 172.213.0.239:0] script '/domains/system_default/ton.php' not found or unable to stat
[Tue Mar 03 00:41:47.921624 2026] [php:error] [pid 74222] [client 172.213.0.239:0] script '/domains/system_default/403.php' not found or unable to stat
[Tue Mar 03 00:41:47.929350 2026] [php:error] [pid 74217] [client 20.240.42.45:0] script '/domains/oneylaw/ex.php' not found or unable to stat
[Tue Mar 03 00:41:48.023453 2026] [php:error] [pid 74222] [client 172.213.0.239:0] script '/domains/system_default/file9.php' not found or unable to stat
[Tue Mar 03 00:41:48.027949 2026] [php:error] [pid 74217] [client 20.240.42.45:0] script '/domains/oneylaw/iko.php' not found or unable to stat
[Tue Mar 03 00:41:48.126624 2026] [php:error] [pid 74217] [client 20.240.42.45:0] script '/domains/oneylaw/ze.php' not found or unable to stat
[Tue Mar 03 00:41:48.140972 2026] [php:error] [pid 74222] [client 172.213.0.239:0] script '/domains/system_default/ac.php' not found or unable to stat
[Tue Mar 03 00:41:48.232333 2026] [php:error] [pid 74217] [client 20.240.42.45:0] script '/domains/oneylaw/moon.php' not found or unable to stat
[Tue Mar 03 00:41:48.251236 2026] [php:error] [pid 74222] [client 172.213.0.239:0] script '/domains/system_default/new4.php' not found or unable to stat
[Tue Mar 03 00:41:48.340311 2026] [php:error] [pid 74217] [client 20.240.42.45:0] script '/domains/oneylaw/c4.php' not found or unable to stat
[Tue Mar 03 00:41:48.341890 2026] [php:error] [pid 74222] [client 172.213.0.239:0] script '/domains/system_default/pop.php' not found or unable to stat
[Tue Mar 03 00:41:48.453192 2026] [php:error] [pid 74217] [client 20.240.42.45:0] script '/domains/oneylaw/f6.php' not found or unable to stat
[Tue Mar 03 00:41:48.479245 2026] [php:error] [pid 74222] [client 172.213.0.239:0] script '/domains/system_default/az.php' not found or unable to stat
[Tue Mar 03 00:41:48.568189 2026] [php:error] [pid 74217] [client 20.240.42.45:0] script '/domains/oneylaw/app.php' not found or unable to stat
[Tue Mar 03 00:41:48.569653 2026] [php:error] [pid 74222] [client 172.213.0.239:0] script '/domains/system_default/xaz.php' not found or unable to stat
[Tue Mar 03 00:41:48.661325 2026] [php:error] [pid 74222] [client 172.213.0.239:0] script '/domains/system_default/up4.php' not found or unable to stat
[Tue Mar 03 00:41:48.751742 2026] [php:error] [pid 74222] [client 172.213.0.239:0] script '/domains/system_default/1aa.php' not found or unable to stat
[Tue Mar 03 00:41:48.775892 2026] [php:error] [pid 74217] [client 20.240.42.45:0] script '/domains/oneylaw/grsiuk.php' not found or unable to stat
[Tue Mar 03 00:41:48.841917 2026] [php:error] [pid 74222] [client 172.213.0.239:0] script '/domains/system_default/elp.php' not found or unable to stat
[Tue Mar 03 00:41:48.883115 2026] [php:error] [pid 74217] [client 20.240.42.45:0] script '/domains/oneylaw/new4.php' not found or unable to stat
[Tue Mar 03 00:41:48.932259 2026] [php:error] [pid 74222] [client 172.213.0.239:0] script '/domains/system_default/wtz.php' not found or unable to stat
[Tue Mar 03 00:41:48.991474 2026] [php:error] [pid 74217] [client 20.240.42.45:0] script '/domains/oneylaw/olfclass.php' not found or unable to stat
[Tue Mar 03 00:41:49.034706 2026] [php:error] [pid 74222] [client 172.213.0.239:0] script '/domains/system_default/galex.php' not found or unable to stat
[Tue Mar 03 00:41:49.089950 2026] [php:error] [pid 74217] [client 20.240.42.45:0] script '/domains/oneylaw/ms.php' not found or unable to stat
[Tue Mar 03 00:41:49.125620 2026] [php:error] [pid 74222] [client 172.213.0.239:0] script '/domains/system_default/xb.php' not found or unable to stat
[Tue Mar 03 00:41:49.191272 2026] [php:error] [pid 74217] [client 20.240.42.45:0] script '/domains/oneylaw/pass4.php' not found or unable to stat
[Tue Mar 03 00:41:49.306302 2026] [php:error] [pid 74217] [client 20.240.42.45:0] script '/domains/oneylaw/wdf.php' not found or unable to stat
[Tue Mar 03 00:41:49.384102 2026] [php:error] [pid 74222] [client 172.213.0.239:0] script '/domains/system_default/ova.php' not found or unable to stat
[Tue Mar 03 00:41:49.413464 2026] [php:error] [pid 74217] [client 20.240.42.45:0] script '/domains/oneylaw/pouhg.php' not found or unable to stat
[Tue Mar 03 00:41:49.495193 2026] [php:error] [pid 74222] [client 172.213.0.239:0] script '/domains/system_default/vx.php' not found or unable to stat
[Tue Mar 03 00:41:49.511769 2026] [php:error] [pid 74217] [client 20.240.42.45:0] script '/domains/oneylaw/wqqs.php' not found or unable to stat
[Tue Mar 03 00:41:49.595107 2026] [php:error] [pid 74222] [client 172.213.0.239:0] script '/domains/system_default/rh.php' not found or unable to stat
[Tue Mar 03 00:41:49.610253 2026] [php:error] [pid 74217] [client 20.240.42.45:0] script '/domains/oneylaw/kj.php' not found or unable to stat
[Tue Mar 03 00:41:49.780715 2026] [php:error] [pid 74217] [client 20.240.42.45:0] script '/domains/oneylaw/e.php' not found or unable to stat
[Tue Mar 03 00:41:49.868853 2026] [php:error] [pid 74222] [client 172.213.0.239:0] script '/domains/system_default/spip.php' not found or unable to stat
[Tue Mar 03 00:41:49.879190 2026] [php:error] [pid 74217] [client 20.240.42.45:0] script '/domains/oneylaw/file52.php' not found or unable to stat
[Tue Mar 03 00:41:49.977642 2026] [php:error] [pid 74217] [client 20.240.42.45:0] script '/domains/oneylaw/z.php' not found or unable to stat
[Tue Mar 03 00:41:50.083118 2026] [php:error] [pid 74217] [client 20.240.42.45:0] script '/domains/oneylaw/thui.php' not found or unable to stat
[Tue Mar 03 00:41:50.181585 2026] [php:error] [pid 74217] [client 20.240.42.45:0] script '/domains/oneylaw/pp.php' not found or unable to stat
[Tue Mar 03 00:41:50.501236 2026] [php:error] [pid 74222] [client 172.213.0.239:0] script '/domains/system_default/myy.php' not found or unable to stat
[Tue Mar 03 00:41:50.688904 2026] [php:error] [pid 74227] [client 20.240.42.45:0] script '/domains/oneylaw/gjm.php' not found or unable to stat
[Tue Mar 03 00:41:50.800333 2026] [php:error] [pid 74227] [client 20.240.42.45:0] script '/domains/oneylaw/ok.php' not found or unable to stat
[Tue Mar 03 00:41:50.908593 2026] [php:error] [pid 74227] [client 20.240.42.45:0] script '/domains/oneylaw/edit.php' not found or unable to stat
[Tue Mar 03 00:41:51.008231 2026] [php:error] [pid 74227] [client 20.240.42.45:0] script '/domains/oneylaw/agg.php' not found or unable to stat
[Tue Mar 03 00:41:51.126432 2026] [php:error] [pid 74227] [client 20.240.42.45:0] script '/domains/oneylaw/wp-blog.php' not found or unable to stat
[Tue Mar 03 00:41:51.228078 2026] [php:error] [pid 74227] [client 20.240.42.45:0] script '/domains/oneylaw/66.php' not found or unable to stat
[Tue Mar 03 00:41:51.286861 2026] [php:error] [pid 74222] [client 172.213.0.239:0] script '/domains/system_default/dapa.php' not found or unable to stat
[Tue Mar 03 00:41:51.327031 2026] [php:error] [pid 74227] [client 20.240.42.45:0] script '/domains/oneylaw/wp-freya.php' not found or unable to stat
[Tue Mar 03 00:41:51.426446 2026] [php:error] [pid 74227] [client 20.240.42.45:0] script '/domains/oneylaw/0.php' not found or unable to stat
[Tue Mar 03 00:41:51.624888 2026] [php:error] [pid 74227] [client 20.240.42.45:0] script '/domains/oneylaw/fasx.php' not found or unable to stat
[Tue Mar 03 00:41:51.724363 2026] [php:error] [pid 74227] [client 20.240.42.45:0] script '/domains/oneylaw/file59.php' not found or unable to stat
[Tue Mar 03 00:41:51.830158 2026] [php:error] [pid 74227] [client 20.240.42.45:0] script '/domains/oneylaw/cu.php' not found or unable to stat
[Tue Mar 03 00:41:51.935674 2026] [php:error] [pid 74227] [client 20.240.42.45:0] script '/domains/oneylaw/tax.php' not found or unable to stat
[Tue Mar 03 00:41:52.140462 2026] [php:error] [pid 74227] [client 20.240.42.45:0] script '/domains/oneylaw/xa.php' not found or unable to stat
[Tue Mar 03 00:41:52.250059 2026] [php:error] [pid 74227] [client 20.240.42.45:0] script '/domains/oneylaw/ms-edit.php' not found or unable to stat
[Tue Mar 03 00:41:52.356521 2026] [php:error] [pid 74227] [client 20.240.42.45:0] script '/domains/oneylaw/sdsa.php' not found or unable to stat
[Tue Mar 03 00:41:52.458602 2026] [php:error] [pid 74227] [client 20.240.42.45:0] script '/domains/oneylaw/wsws.php' not found or unable to stat
[Tue Mar 03 00:41:52.584340 2026] [php:error] [pid 74227] [client 20.240.42.45:0] script '/domains/oneylaw/btx25.php' not found or unable to stat
[Tue Mar 03 00:41:52.683687 2026] [php:error] [pid 74227] [client 20.240.42.45:0] script '/domains/oneylaw/fun.php' not found or unable to stat
[Tue Mar 03 00:41:52.878149 2026] [php:error] [pid 74227] [client 20.240.42.45:0] script '/domains/oneylaw/vx.php' not found or unable to stat
[Tue Mar 03 00:41:52.977248 2026] [php:error] [pid 74227] [client 20.240.42.45:0] script '/domains/oneylaw/06.php' not found or unable to stat
[Tue Mar 03 00:41:53.076212 2026] [php:error] [pid 74227] [client 20.240.42.45:0] script '/domains/oneylaw/mga.php' not found or unable to stat
[Tue Mar 03 00:41:53.175584 2026] [php:error] [pid 74227] [client 20.240.42.45:0] script '/domains/oneylaw/X57.php' not found or unable to stat
[Tue Mar 03 00:41:53.274731 2026] [php:error] [pid 74227] [client 20.240.42.45:0] script '/domains/oneylaw/moon3.php' not found or unable to stat
[Tue Mar 03 00:41:53.375932 2026] [php:error] [pid 74227] [client 20.240.42.45:0] script '/domains/oneylaw/x7.php' not found or unable to stat
