[Tue Mar 03 00:54:46.970491 2026] [php:error] [pid 74378] [client 20.111.57.125:0] script '/domains/redpeninc/ms.php' not found or unable to stat
[Tue Mar 03 00:54:47.037565 2026] [php:error] [pid 74387] [client 168.63.70.12:0] script '/domains/conceptlabs1/aaa.php' not found or unable to stat
[Tue Mar 03 00:54:47.108065 2026] [php:error] [pid 74387] [client 168.63.70.12:0] script '/domains/conceptlabs1/classwithtostring.php' not found or unable to stat
[Tue Mar 03 00:54:47.144055 2026] [php:error] [pid 74378] [client 20.111.57.125:0] script '/domains/redpeninc/wdf.php' not found or unable to stat
[Tue Mar 03 00:54:47.236701 2026] [php:error] [pid 74378] [client 20.111.57.125:0] script '/domains/redpeninc/wp-update.php' not found or unable to stat
[Tue Mar 03 00:54:47.259110 2026] [php:error] [pid 74387] [client 168.63.70.12:0] script '/domains/conceptlabs1/tinyfilemanager.php' not found or unable to stat
[Tue Mar 03 00:54:47.323470 2026] [php:error] [pid 74378] [client 20.111.57.125:0] script '/domains/redpeninc/sbhu.php' not found or unable to stat
[Tue Mar 03 00:54:47.329769 2026] [php:error] [pid 74387] [client 168.63.70.12:0] script '/domains/conceptlabs1/x.php' not found or unable to stat
[Tue Mar 03 00:54:47.400171 2026] [php:error] [pid 74387] [client 168.63.70.12:0] script '/domains/conceptlabs1/ms.php' not found or unable to stat
[Tue Mar 03 00:54:47.496818 2026] [php:error] [pid 74378] [client 20.111.57.125:0] script '/domains/redpeninc/wp-blog.php' not found or unable to stat
[Tue Mar 03 00:54:47.541754 2026] [php:error] [pid 74387] [client 168.63.70.12:0] script '/domains/conceptlabs1/wdf.php' not found or unable to stat
[Tue Mar 03 00:54:47.583455 2026] [php:error] [pid 74378] [client 20.111.57.125:0] script '/domains/redpeninc/test1.php' not found or unable to stat
[Tue Mar 03 00:54:47.612911 2026] [php:error] [pid 74387] [client 168.63.70.12:0] script '/domains/conceptlabs1/wp-update.php' not found or unable to stat
[Tue Mar 03 00:54:47.683275 2026] [php:error] [pid 74387] [client 168.63.70.12:0] script '/domains/conceptlabs1/sbhu.php' not found or unable to stat
[Tue Mar 03 00:54:47.761341 2026] [php:error] [pid 74378] [client 20.111.57.125:0] script '/domains/redpeninc/166.php' not found or unable to stat
[Tue Mar 03 00:54:47.836379 2026] [php:error] [pid 74387] [client 168.63.70.12:0] script '/domains/conceptlabs1/wp-blog.php' not found or unable to stat
[Tue Mar 03 00:54:47.857035 2026] [php:error] [pid 74378] [client 20.111.57.125:0] script '/domains/redpeninc/fleen.php' not found or unable to stat
[Tue Mar 03 00:54:47.907136 2026] [php:error] [pid 74387] [client 168.63.70.12:0] script '/domains/conceptlabs1/test1.php' not found or unable to stat
[Tue Mar 03 00:54:48.036195 2026] [php:error] [pid 74378] [client 20.111.57.125:0] script '/domains/redpeninc/ms-edit.php' not found or unable to stat
[Tue Mar 03 00:54:48.074160 2026] [php:error] [pid 74387] [client 168.63.70.12:0] script '/domains/conceptlabs1/166.php' not found or unable to stat
[Tue Mar 03 00:54:48.125285 2026] [php:error] [pid 74378] [client 20.111.57.125:0] script '/domains/redpeninc/adminfuns.php' not found or unable to stat
[Tue Mar 03 00:54:48.144426 2026] [php:error] [pid 74387] [client 168.63.70.12:0] script '/domains/conceptlabs1/fleen.php' not found or unable to stat
[Tue Mar 03 00:54:48.212208 2026] [php:error] [pid 74378] [client 20.111.57.125:0] script '/domains/redpeninc/goods.php' not found or unable to stat
[Tue Mar 03 00:54:48.295675 2026] [php:error] [pid 74387] [client 168.63.70.12:0] script '/domains/conceptlabs1/ms-edit.php' not found or unable to stat
[Tue Mar 03 00:54:48.298638 2026] [php:error] [pid 74378] [client 20.111.57.125:0] script '/domains/redpeninc/ms-edit.php' not found or unable to stat
[Tue Mar 03 00:54:48.366002 2026] [php:error] [pid 74387] [client 168.63.70.12:0] script '/domains/conceptlabs1/adminfuns.php' not found or unable to stat
[Tue Mar 03 00:54:48.385312 2026] [php:error] [pid 74378] [client 20.111.57.125:0] script '/domains/redpeninc/222.php' not found or unable to stat
[Tue Mar 03 00:54:48.436398 2026] [php:error] [pid 74387] [client 168.63.70.12:0] script '/domains/conceptlabs1/goods.php' not found or unable to stat
[Tue Mar 03 00:54:48.475457 2026] [php:error] [pid 74378] [client 20.111.57.125:0] script '/domains/redpeninc/plugins.php' not found or unable to stat
[Tue Mar 03 00:54:48.506772 2026] [php:error] [pid 74387] [client 168.63.70.12:0] script '/domains/conceptlabs1/ms-edit.php' not found or unable to stat
[Tue Mar 03 00:54:48.577381 2026] [php:error] [pid 74387] [client 168.63.70.12:0] script '/domains/conceptlabs1/222.php' not found or unable to stat
[Tue Mar 03 00:54:48.676141 2026] [php:error] [pid 74387] [client 168.63.70.12:0] script '/domains/conceptlabs1/plugins.php' not found or unable to stat
[Tue Mar 03 00:54:48.735762 2026] [php:error] [pid 74378] [client 20.111.57.125:0] script '/domains/redpeninc/ff1.php' not found or unable to stat
[Tue Mar 03 00:54:48.747154 2026] [php:error] [pid 74387] [client 168.63.70.12:0] script '/domains/conceptlabs1/cgi-bin/index.php' not found or unable to stat
[Tue Mar 03 00:54:48.825143 2026] [php:error] [pid 74378] [client 20.111.57.125:0] script '/domains/redpeninc/fff.php' not found or unable to stat
[Tue Mar 03 00:54:48.935383 2026] [php:error] [pid 74387] [client 168.63.70.12:0] script '/domains/conceptlabs1/ff1.php' not found or unable to stat
[Tue Mar 03 00:54:49.000359 2026] [php:error] [pid 74378] [client 20.111.57.125:0] script '/domains/redpeninc/goat.php' not found or unable to stat
[Tue Mar 03 00:54:49.008071 2026] [php:error] [pid 74387] [client 168.63.70.12:0] script '/domains/conceptlabs1/fff.php' not found or unable to stat
[Tue Mar 03 00:54:49.087058 2026] [php:error] [pid 74378] [client 20.111.57.125:0] script '/domains/redpeninc/155.php' not found or unable to stat
[Tue Mar 03 00:54:49.175646 2026] [php:error] [pid 74387] [client 168.63.70.12:0] script '/domains/conceptlabs1/goat.php' not found or unable to stat
[Tue Mar 03 00:54:49.177270 2026] [php:error] [pid 74378] [client 20.111.57.125:0] script '/domains/redpeninc/we.php' not found or unable to stat
[Tue Mar 03 00:54:49.248624 2026] [php:error] [pid 74387] [client 168.63.70.12:0] script '/domains/conceptlabs1/155.php' not found or unable to stat
[Tue Mar 03 00:54:49.276285 2026] [php:error] [pid 74378] [client 20.111.57.125:0] script '/domains/redpeninc/alpha.php' not found or unable to stat
[Tue Mar 03 00:54:49.319325 2026] [php:error] [pid 74387] [client 168.63.70.12:0] script '/domains/conceptlabs1/we.php' not found or unable to stat
[Tue Mar 03 00:54:49.363127 2026] [php:error] [pid 74378] [client 20.111.57.125:0] script '/domains/redpeninc/makeasmtp.php' not found or unable to stat
[Tue Mar 03 00:54:49.389702 2026] [php:error] [pid 74387] [client 168.63.70.12:0] script '/domains/conceptlabs1/alpha.php' not found or unable to stat
[Tue Mar 03 00:54:49.460323 2026] [php:error] [pid 74387] [client 168.63.70.12:0] script '/domains/conceptlabs1/makeasmtp.php' not found or unable to stat
[Tue Mar 03 00:54:49.622535 2026] [php:error] [pid 74376] [client 168.63.70.12:0] script '/domains/conceptlabs1/wp-michan.php' not found or unable to stat
[Tue Mar 03 00:54:49.634973 2026] [php:error] [pid 74371] [client 20.111.57.125:0] script '/domains/redpeninc/wp-michan.php' not found or unable to stat
[Tue Mar 03 00:54:49.776194 2026] [php:error] [pid 74376] [client 168.63.70.12:0] script '/domains/conceptlabs1/wp-the.php' not found or unable to stat
[Tue Mar 03 00:54:49.803947 2026] [php:error] [pid 74371] [client 20.111.57.125:0] script '/domains/redpeninc/wp-the.php' not found or unable to stat
[Tue Mar 03 00:54:49.961766 2026] [php:error] [pid 74376] [client 168.63.70.12:0] script '/domains/conceptlabs1/BDKR28WP.php' not found or unable to stat
[Tue Mar 03 00:54:49.973596 2026] [php:error] [pid 74371] [client 20.111.57.125:0] script '/domains/redpeninc/BDKR28WP.php' not found or unable to stat
[Tue Mar 03 00:54:50.126501 2026] [php:error] [pid 74376] [client 168.63.70.12:0] script '/domains/conceptlabs1/wp.php' not found or unable to stat
[Tue Mar 03 00:54:50.173350 2026] [php:error] [pid 74371] [client 20.111.57.125:0] script '/domains/redpeninc/wp.php' not found or unable to stat
[Tue Mar 03 00:54:50.201588 2026] [php:error] [pid 74376] [client 168.63.70.12:0] script '/domains/conceptlabs1/assets/css/index.php' not found or unable to stat
[Tue Mar 03 00:54:50.283459 2026] [php:error] [pid 74376] [client 168.63.70.12:0] script '/domains/conceptlabs1/w4.php' not found or unable to stat
[Tue Mar 03 00:54:50.351278 2026] [php:error] [pid 74371] [client 20.111.57.125:0] script '/domains/redpeninc/w4.php' not found or unable to stat
[Tue Mar 03 00:54:50.430660 2026] [php:error] [pid 74376] [client 168.63.70.12:0] script '/domains/conceptlabs1/ok.php' not found or unable to stat
[Tue Mar 03 00:54:50.506365 2026] [php:error] [pid 74376] [client 168.63.70.12:0] script '/domains/conceptlabs1/about.php' not found or unable to stat
[Tue Mar 03 00:54:50.520114 2026] [php:error] [pid 74371] [client 20.111.57.125:0] script '/domains/redpeninc/ok.php' not found or unable to stat
[Tue Mar 03 00:54:50.597939 2026] [php:error] [pid 74376] [client 168.63.70.12:0] script '/domains/conceptlabs1/tymn.php' not found or unable to stat
[Tue Mar 03 00:54:50.605516 2026] [php:error] [pid 74371] [client 20.111.57.125:0] script '/domains/redpeninc/about.php' not found or unable to stat
[Tue Mar 03 00:54:50.668803 2026] [php:error] [pid 74376] [client 168.63.70.12:0] script '/domains/conceptlabs1/bak.php' not found or unable to stat
[Tue Mar 03 00:54:50.690529 2026] [php:error] [pid 74371] [client 20.111.57.125:0] script '/domains/redpeninc/tymn.php' not found or unable to stat
[Tue Mar 03 00:54:50.775726 2026] [php:error] [pid 74371] [client 20.111.57.125:0] script '/domains/redpeninc/bak.php' not found or unable to stat
[Tue Mar 03 00:54:50.811313 2026] [php:error] [pid 74376] [client 168.63.70.12:0] script '/domains/conceptlabs1/fe5.php' not found or unable to stat
[Tue Mar 03 00:54:50.882338 2026] [php:error] [pid 74376] [client 168.63.70.12:0] script '/domains/conceptlabs1/kj.php' not found or unable to stat
[Tue Mar 03 00:54:50.956438 2026] [php:error] [pid 74371] [client 20.111.57.125:0] script '/domains/redpeninc/fe5.php' not found or unable to stat
[Tue Mar 03 00:54:51.023294 2026] [php:error] [pid 74376] [client 168.63.70.12:0] script '/domains/conceptlabs1/av.php' not found or unable to stat
[Tue Mar 03 00:54:51.063147 2026] [php:error] [pid 74371] [client 20.111.57.125:0] script '/domains/redpeninc/kj.php' not found or unable to stat
[Tue Mar 03 00:54:51.094406 2026] [php:error] [pid 74376] [client 168.63.70.12:0] script '/domains/conceptlabs1/abcd.php' not found or unable to stat
[Tue Mar 03 00:54:51.169248 2026] [php:error] [pid 74376] [client 168.63.70.12:0] script '/domains/conceptlabs1/init.php' not found or unable to stat
[Tue Mar 03 00:54:51.233107 2026] [php:error] [pid 74371] [client 20.111.57.125:0] script '/domains/redpeninc/av.php' not found or unable to stat
[Tue Mar 03 00:54:51.252594 2026] [php:error] [pid 74376] [client 168.63.70.12:0] script '/domains/conceptlabs1/fi.php' not found or unable to stat
[Tue Mar 03 00:54:51.322686 2026] [php:error] [pid 74376] [client 168.63.70.12:0] script '/domains/conceptlabs1/a1.php' not found or unable to stat
[Tue Mar 03 00:54:51.340973 2026] [php:error] [pid 74371] [client 20.111.57.125:0] script '/domains/redpeninc/abcd.php' not found or unable to stat
[Tue Mar 03 00:54:51.453739 2026] [php:error] [pid 74371] [client 20.111.57.125:0] script '/domains/redpeninc/init.php' not found or unable to stat
[Tue Mar 03 00:54:51.538448 2026] [php:error] [pid 74371] [client 20.111.57.125:0] script '/domains/redpeninc/fi.php' not found or unable to stat
[Tue Mar 03 00:54:51.550561 2026] [php:error] [pid 74376] [client 168.63.70.12:0] script '/domains/conceptlabs1/f35.php' not found or unable to stat
[Tue Mar 03 00:54:51.621217 2026] [php:error] [pid 74376] [client 168.63.70.12:0] script '/domains/conceptlabs1/hi.php' not found or unable to stat
[Tue Mar 03 00:54:51.625295 2026] [php:error] [pid 74371] [client 20.111.57.125:0] script '/domains/redpeninc/a1.php' not found or unable to stat
[Tue Mar 03 00:54:51.691414 2026] [php:error] [pid 74376] [client 168.63.70.12:0] script '/domains/conceptlabs1/lala.php' not found or unable to stat
[Tue Mar 03 00:54:51.774345 2026] [php:error] [pid 74376] [client 168.63.70.12:0] script '/domains/conceptlabs1/lb.php' not found or unable to stat
[Tue Mar 03 00:54:51.880522 2026] [php:error] [pid 74371] [client 20.111.57.125:0] script '/domains/redpeninc/f35.php' not found or unable to stat
[Tue Mar 03 00:54:51.915097 2026] [php:error] [pid 74376] [client 168.63.70.12:0] script '/domains/conceptlabs1/0.php' not found or unable to stat
[Tue Mar 03 00:54:51.965206 2026] [php:error] [pid 74371] [client 20.111.57.125:0] script '/domains/redpeninc/hi.php' not found or unable to stat
[Tue Mar 03 00:54:51.985508 2026] [php:error] [pid 74376] [client 168.63.70.12:0] script '/domains/conceptlabs1/core.php' not found or unable to stat
[Tue Mar 03 00:54:52.051140 2026] [php:error] [pid 74371] [client 20.111.57.125:0] script '/domains/redpeninc/lala.php' not found or unable to stat
[Tue Mar 03 00:54:52.055650 2026] [php:error] [pid 74376] [client 168.63.70.12:0] script '/domains/conceptlabs1/autogooey.php' not found or unable to stat
[Tue Mar 03 00:54:52.146176 2026] [php:error] [pid 74371] [client 20.111.57.125:0] script '/domains/redpeninc/lb.php' not found or unable to stat
[Tue Mar 03 00:54:52.203347 2026] [php:error] [pid 74376] [client 168.63.70.12:0] script '/domains/conceptlabs1/prv8.php' not found or unable to stat
[Tue Mar 03 00:54:52.273593 2026] [php:error] [pid 74376] [client 168.63.70.12:0] script '/domains/conceptlabs1/k.php' not found or unable to stat
[Tue Mar 03 00:54:52.344163 2026] [php:error] [pid 74376] [client 168.63.70.12:0] script '/domains/conceptlabs1/dev.php' not found or unable to stat
[Tue Mar 03 00:54:52.352782 2026] [php:error] [pid 74371] [client 20.111.57.125:0] script '/domains/redpeninc/0.php' not found or unable to stat
[Tue Mar 03 00:54:52.415216 2026] [php:error] [pid 74376] [client 168.63.70.12:0] script '/domains/conceptlabs1/x123x.php' not found or unable to stat
[Tue Mar 03 00:54:52.485830 2026] [php:error] [pid 74376] [client 168.63.70.12:0] script '/domains/conceptlabs1/bal.php' not found or unable to stat
[Tue Mar 03 00:54:52.512831 2026] [php:error] [pid 74371] [client 20.111.57.125:0] script '/domains/redpeninc/core.php' not found or unable to stat
[Tue Mar 03 00:54:52.556023 2026] [php:error] [pid 74376] [client 168.63.70.12:0] script '/domains/conceptlabs1/in.php' not found or unable to stat
[Tue Mar 03 00:54:52.597117 2026] [php:error] [pid 74371] [client 20.111.57.125:0] script '/domains/redpeninc/autogooey.php' not found or unable to stat
[Tue Mar 03 00:54:52.638006 2026] [php:error] [pid 74376] [client 168.63.70.12:0] script '/domains/conceptlabs1/gssdd.php' not found or unable to stat
[Tue Mar 03 00:54:52.713647 2026] [php:error] [pid 74376] [client 168.63.70.12:0] script '/domains/conceptlabs1/motu.php' not found or unable to stat
[Tue Mar 03 00:54:52.776256 2026] [php:error] [pid 74371] [client 20.111.57.125:0] script '/domains/redpeninc/prv8.php' not found or unable to stat
[Tue Mar 03 00:54:52.798286 2026] [php:error] [pid 74376] [client 168.63.70.12:0] script '/domains/conceptlabs1/bs1.php' not found or unable to stat
[Tue Mar 03 00:54:52.861031 2026] [php:error] [pid 74371] [client 20.111.57.125:0] script '/domains/redpeninc/k.php' not found or unable to stat
[Tue Mar 03 00:54:52.949010 2026] [php:error] [pid 74371] [client 20.111.57.125:0] script '/domains/redpeninc/dev.php' not found or unable to stat
[Tue Mar 03 00:54:53.006120 2026] [php:error] [pid 74376] [client 168.63.70.12:0] script '/domains/conceptlabs1/bengi.php' not found or unable to stat
[Tue Mar 03 00:54:53.038156 2026] [php:error] [pid 74371] [client 20.111.57.125:0] script '/domains/redpeninc/x123x.php' not found or unable to stat
[Tue Mar 03 00:54:53.076339 2026] [php:error] [pid 74376] [client 168.63.70.12:0] script '/domains/conceptlabs1/log.php' not found or unable to stat
[Tue Mar 03 00:54:53.129332 2026] [php:error] [pid 74371] [client 20.111.57.125:0] script '/domains/redpeninc/bal.php' not found or unable to stat
[Tue Mar 03 00:54:53.150853 2026] [php:error] [pid 74376] [client 168.63.70.12:0] script '/domains/conceptlabs1/miansha.php' not found or unable to stat
[Tue Mar 03 00:54:53.221380 2026] [php:error] [pid 74376] [client 168.63.70.12:0] script '/domains/conceptlabs1/erty.php' not found or unable to stat
[Tue Mar 03 00:54:53.229265 2026] [php:error] [pid 74371] [client 20.111.57.125:0] script '/domains/redpeninc/in.php' not found or unable to stat
[Tue Mar 03 00:54:53.367411 2026] [php:error] [pid 74371] [client 20.111.57.125:0] script '/domains/redpeninc/gssdd.php' not found or unable to stat
[Tue Mar 03 00:54:53.391751 2026] [php:error] [pid 74376] [client 168.63.70.12:0] script '/domains/conceptlabs1/X57.php' not found or unable to stat
[Tue Mar 03 00:54:53.452166 2026] [php:error] [pid 74371] [client 20.111.57.125:0] script '/domains/redpeninc/motu.php' not found or unable to stat
[Tue Mar 03 00:54:53.462097 2026] [php:error] [pid 74376] [client 168.63.70.12:0] script '/domains/conceptlabs1/axx.php' not found or unable to stat
[Tue Mar 03 00:54:53.540548 2026] [php:error] [pid 74376] [client 168.63.70.12:0] script '/domains/conceptlabs1/alfashell.php' not found or unable to stat
[Tue Mar 03 00:54:53.544970 2026] [php:error] [pid 74371] [client 20.111.57.125:0] script '/domains/redpeninc/bs1.php' not found or unable to stat
[Tue Mar 03 00:54:53.611000 2026] [php:error] [pid 74376] [client 168.63.70.12:0] script '/domains/conceptlabs1/myfile.php' not found or unable to stat
[Tue Mar 03 00:54:53.641207 2026] [php:error] [pid 74371] [client 20.111.57.125:0] script '/domains/redpeninc/bengi.php' not found or unable to stat
[Tue Mar 03 00:54:53.690336 2026] [php:error] [pid 74376] [client 168.63.70.12:0] script '/domains/conceptlabs1/re.php' not found or unable to stat
[Tue Mar 03 00:54:53.733974 2026] [php:error] [pid 74371] [client 20.111.57.125:0] script '/domains/redpeninc/log.php' not found or unable to stat
[Tue Mar 03 00:54:53.760541 2026] [php:error] [pid 74376] [client 168.63.70.12:0] script '/domains/conceptlabs1/styll.php' not found or unable to stat
[Tue Mar 03 00:54:53.827986 2026] [php:error] [pid 74371] [client 20.111.57.125:0] script '/domains/redpeninc/miansha.php' not found or unable to stat
[Tue Mar 03 00:54:53.831023 2026] [php:error] [pid 74376] [client 168.63.70.12:0] script '/domains/conceptlabs1/flower.php' not found or unable to stat
[Tue Mar 03 00:54:53.907402 2026] [php:error] [pid 74376] [client 168.63.70.12:0] script '/domains/conceptlabs1/flower2.php' not found or unable to stat
[Tue Mar 03 00:54:53.913021 2026] [php:error] [pid 74371] [client 20.111.57.125:0] script '/domains/redpeninc/erty.php' not found or unable to stat
[Tue Mar 03 00:54:53.978402 2026] [php:error] [pid 74376] [client 168.63.70.12:0] script '/domains/conceptlabs1/4h.php' not found or unable to stat
[Tue Mar 03 00:54:54.049523 2026] [php:error] [pid 74376] [client 168.63.70.12:0] script '/domains/conceptlabs1/gettest.php' not found or unable to stat
[Tue Mar 03 00:54:54.084424 2026] [php:error] [pid 74371] [client 20.111.57.125:0] script '/domains/redpeninc/X57.php' not found or unable to stat
[Tue Mar 03 00:54:54.119854 2026] [php:error] [pid 74376] [client 168.63.70.12:0] script '/domains/conceptlabs1/acp.php' not found or unable to stat
[Tue Mar 03 00:54:54.169115 2026] [php:error] [pid 74371] [client 20.111.57.125:0] script '/domains/redpeninc/axx.php' not found or unable to stat
[Tue Mar 03 00:54:54.190263 2026] [php:error] [pid 74376] [client 168.63.70.12:0] script '/domains/conceptlabs1/database.php' not found or unable to stat
[Tue Mar 03 00:54:54.253563 2026] [php:error] [pid 74371] [client 20.111.57.125:0] script '/domains/redpeninc/alfashell.php' not found or unable to stat
[Tue Mar 03 00:54:54.349228 2026] [php:error] [pid 74371] [client 20.111.57.125:0] script '/domains/redpeninc/myfile.php' not found or unable to stat
[Tue Mar 03 00:54:54.440817 2026] [php:error] [pid 74371] [client 20.111.57.125:0] script '/domains/redpeninc/re.php' not found or unable to stat
[Tue Mar 03 00:54:54.525820 2026] [php:error] [pid 74371] [client 20.111.57.125:0] script '/domains/redpeninc/styll.php' not found or unable to stat
[Tue Mar 03 00:54:54.623047 2026] [php:error] [pid 74371] [client 20.111.57.125:0] script '/domains/redpeninc/flower.php' not found or unable to stat
[Tue Mar 03 00:54:54.709141 2026] [php:error] [pid 74389] [client 20.63.41.168:0] script '/domains/tbarnhil/vv.php' not found or unable to stat
[Tue Mar 03 00:54:54.709618 2026] [php:error] [pid 74371] [client 20.111.57.125:0] script '/domains/redpeninc/flower2.php' not found or unable to stat
[Tue Mar 03 00:54:54.745678 2026] [php:error] [pid 74389] [client 20.63.41.168:0] script '/domains/tbarnhil/fff.php' not found or unable to stat
[Tue Mar 03 00:54:54.782586 2026] [php:error] [pid 74389] [client 20.63.41.168:0] script '/domains/tbarnhil/wp-scxy.php' not found or unable to stat
[Tue Mar 03 00:54:54.794140 2026] [php:error] [pid 74371] [client 20.111.57.125:0] script '/domains/redpeninc/4h.php' not found or unable to stat
[Tue Mar 03 00:54:54.797862 2026] [php:error] [pid 74384] [client 52.253.113.41:0] script '/domains/pauljbrock/222.php' not found or unable to stat
[Tue Mar 03 00:54:54.820177 2026] [php:error] [pid 74389] [client 20.63.41.168:0] script '/domains/tbarnhil/ccou1.php' not found or unable to stat
[Tue Mar 03 00:54:54.878643 2026] [php:error] [pid 74371] [client 20.111.57.125:0] script '/domains/redpeninc/gettest.php' not found or unable to stat
[Tue Mar 03 00:54:54.888312 2026] [php:error] [pid 74389] [client 20.63.41.168:0] script '/domains/tbarnhil/wp-the1.php' not found or unable to stat
[Tue Mar 03 00:54:54.925821 2026] [php:error] [pid 74389] [client 20.63.41.168:0] script '/domains/tbarnhil/reyna.php' not found or unable to stat
[Tue Mar 03 00:54:54.963444 2026] [php:error] [pid 74371] [client 20.111.57.125:0] script '/domains/redpeninc/acp.php' not found or unable to stat
[Tue Mar 03 00:54:54.967766 2026] [php:error] [pid 74384] [client 52.253.113.41:0] script '/domains/pauljbrock/404.php' not found or unable to stat
[Tue Mar 03 00:54:55.048967 2026] [php:error] [pid 74371] [client 20.111.57.125:0] script '/domains/redpeninc/database.php' not found or unable to stat
[Tue Mar 03 00:54:55.148314 2026] [php:error] [pid 74384] [client 52.253.113.41:0] script '/domains/pauljbrock/about.php' not found or unable to stat
[Tue Mar 03 00:54:55.317960 2026] [php:error] [pid 74384] [client 52.253.113.41:0] script '/domains/pauljbrock/admin.php' not found or unable to stat
[Tue Mar 03 00:54:55.487495 2026] [php:error] [pid 74384] [client 52.253.113.41:0] script '/domains/pauljbrock/adminfuns.php' not found or unable to stat
[Tue Mar 03 00:54:55.657210 2026] [php:error] [pid 74384] [client 52.253.113.41:0] script '/domains/pauljbrock/bless.php' not found or unable to stat
[Tue Mar 03 00:54:55.826906 2026] [php:error] [pid 74384] [client 52.253.113.41:0] script '/domains/pauljbrock/bolt.php' not found or unable to stat
[Tue Mar 03 00:54:55.996634 2026] [php:error] [pid 74384] [client 52.253.113.41:0] script '/domains/pauljbrock/ccou.php' not found or unable to stat
[Tue Mar 03 00:54:56.166367 2026] [php:error] [pid 74384] [client 52.253.113.41:0] script '/domains/pauljbrock/class-t.api.php' not found or unable to stat
[Tue Mar 03 00:54:56.340420 2026] [php:error] [pid 74384] [client 52.253.113.41:0] script '/domains/pauljbrock/css.php' not found or unable to stat
[Tue Mar 03 00:54:56.680701 2026] [php:error] [pid 74384] [client 52.253.113.41:0] script '/domains/pauljbrock/edit.php' not found or unable to stat
[Tue Mar 03 00:54:56.850867 2026] [php:error] [pid 74384] [client 52.253.113.41:0] script '/domains/pauljbrock/fff.php' not found or unable to stat
[Tue Mar 03 00:54:57.021028 2026] [php:error] [pid 74384] [client 52.253.113.41:0] script '/domains/pauljbrock/file.php' not found or unable to stat
[Tue Mar 03 00:54:57.192753 2026] [php:error] [pid 74384] [client 52.253.113.41:0] script '/domains/pauljbrock/fx.php' not found or unable to stat
[Tue Mar 03 00:54:57.363195 2026] [php:error] [pid 74384] [client 52.253.113.41:0] script '/domains/pauljbrock/info.php' not found or unable to stat
[Tue Mar 03 00:54:57.534828 2026] [php:error] [pid 74384] [client 52.253.113.41:0] script '/domains/pauljbrock/ioxi-o.php' not found or unable to stat
[Tue Mar 03 00:54:57.704784 2026] [php:error] [pid 74384] [client 52.253.113.41:0] script '/domains/pauljbrock/rip.php' not found or unable to stat
[Tue Mar 03 00:54:57.875797 2026] [php:error] [pid 74384] [client 52.253.113.41:0] script '/domains/pauljbrock/server.php' not found or unable to stat
[Tue Mar 03 00:54:58.046059 2026] [php:error] [pid 74384] [client 52.253.113.41:0] script '/domains/pauljbrock/wp-blog.php' not found or unable to stat
[Tue Mar 03 00:54:59.065002 2026] [php:error] [pid 74384] [client 52.253.113.41:0] script '/domains/pauljbrock/wp-editor.php' not found or unable to stat
[Tue Mar 03 00:54:59.913429 2026] [php:error] [pid 74384] [client 52.253.113.41:0] script '/domains/pauljbrock/wp.php' not found or unable to stat
[Tue Mar 03 00:55:00.083622 2026] [php:error] [pid 74384] [client 52.253.113.41:0] script '/domains/pauljbrock/x.php' not found or unable to stat
[Tue Mar 03 00:55:10.459975 2026] [php:error] [pid 74384] [client 52.169.119.118:0] script '/domains/system_suspended/cah.php' not found or unable to stat
[Tue Mar 03 00:55:10.599780 2026] [php:error] [pid 74384] [client 52.169.119.118:0] script '/domains/system_suspended/acp.php' not found or unable to stat
[Tue Mar 03 00:55:10.669451 2026] [php:error] [pid 74384] [client 52.169.119.118:0] script '/domains/system_suspended/muzu.php' not found or unable to stat
[Tue Mar 03 00:55:10.739162 2026] [php:error] [pid 74384] [client 52.169.119.118:0] script '/domains/system_suspended/trx24.php' not found or unable to stat
[Tue Mar 03 00:55:10.809220 2026] [php:error] [pid 74384] [client 52.169.119.118:0] script '/domains/system_suspended/wpo.php' not found or unable to stat
[Tue Mar 03 00:55:10.879173 2026] [php:error] [pid 74384] [client 52.169.119.118:0] script '/domains/system_suspended/x123x.php' not found or unable to stat
[Tue Mar 03 00:55:10.949434 2026] [php:error] [pid 74384] [client 52.169.119.118:0] script '/domains/system_suspended/aq.php' not found or unable to stat
[Tue Mar 03 00:55:11.019213 2026] [php:error] [pid 74384] [client 52.169.119.118:0] script '/domains/system_suspended/011i.php' not found or unable to stat
[Tue Mar 03 00:55:11.089263 2026] [php:error] [pid 74384] [client 52.169.119.118:0] script '/domains/system_suspended/edit-tags.php' not found or unable to stat
[Tue Mar 03 00:55:11.159172 2026] [php:error] [pid 74384] [client 52.169.119.118:0] script '/domains/system_suspended/as1337.php' not found or unable to stat
[Tue Mar 03 00:55:11.229067 2026] [php:error] [pid 74384] [client 52.169.119.118:0] script '/domains/system_suspended/Okxob.php' not found or unable to stat
[Tue Mar 03 00:55:11.298945 2026] [php:error] [pid 74384] [client 52.169.119.118:0] script '/domains/system_suspended/wolf-shell.php' not found or unable to stat
[Tue Mar 03 00:55:11.368907 2026] [php:error] [pid 74384] [client 52.169.119.118:0] script '/domains/system_suspended/core.php' not found or unable to stat
[Tue Mar 03 00:55:11.438740 2026] [php:error] [pid 74384] [client 52.169.119.118:0] script '/domains/system_suspended/zeal.php' not found or unable to stat
[Tue Mar 03 00:55:11.508525 2026] [php:error] [pid 74384] [client 52.169.119.118:0] script '/domains/system_suspended/asf.php' not found or unable to stat
[Tue Mar 03 00:55:11.578277 2026] [php:error] [pid 74384] [client 52.169.119.118:0] script '/domains/system_suspended/sa.php' not found or unable to stat
[Tue Mar 03 00:55:13.709585 2026] [cgi:error] [pid 74402] [client 185.177.72.52:0] AH02811: stderr from /domains/system_cancel/dnscfg.cgi: script not found or unable to stat
[Tue Mar 03 00:55:24.012477 2026] [php:error] [pid 74404] [client 20.205.226.191:0] script '/domains/fayemoran/222.php' not found or unable to stat
[Tue Mar 03 00:55:24.249430 2026] [php:error] [pid 74404] [client 20.205.226.191:0] script '/domains/fayemoran/404.php' not found or unable to stat
[Tue Mar 03 00:55:24.487118 2026] [php:error] [pid 74404] [client 20.205.226.191:0] script '/domains/fayemoran/about.php' not found or unable to stat
[Tue Mar 03 00:55:24.723686 2026] [php:error] [pid 74404] [client 20.205.226.191:0] script '/domains/fayemoran/admin.php' not found or unable to stat
[Tue Mar 03 00:55:24.960834 2026] [php:error] [pid 74404] [client 20.205.226.191:0] script '/domains/fayemoran/adminfuns.php' not found or unable to stat
[Tue Mar 03 00:55:25.198246 2026] [php:error] [pid 74404] [client 20.205.226.191:0] script '/domains/fayemoran/bless.php' not found or unable to stat
[Tue Mar 03 00:55:25.435755 2026] [php:error] [pid 74404] [client 20.205.226.191:0] script '/domains/fayemoran/bolt.php' not found or unable to stat
[Tue Mar 03 00:55:25.689421 2026] [php:error] [pid 74404] [client 20.205.226.191:0] script '/domains/fayemoran/ccou.php' not found or unable to stat
[Tue Mar 03 00:55:25.927021 2026] [php:error] [pid 74404] [client 20.205.226.191:0] script '/domains/fayemoran/class-t.api.php' not found or unable to stat
[Tue Mar 03 00:55:26.163889 2026] [php:error] [pid 74404] [client 20.205.226.191:0] script '/domains/fayemoran/css.php' not found or unable to stat
[Tue Mar 03 00:55:26.645400 2026] [php:error] [pid 74404] [client 20.205.226.191:0] script '/domains/fayemoran/edit.php' not found or unable to stat
[Tue Mar 03 00:55:26.882101 2026] [php:error] [pid 74404] [client 20.205.226.191:0] script '/domains/fayemoran/fff.php' not found or unable to stat
[Tue Mar 03 00:55:27.118812 2026] [php:error] [pid 74404] [client 20.205.226.191:0] script '/domains/fayemoran/file.php' not found or unable to stat
[Tue Mar 03 00:55:27.355461 2026] [php:error] [pid 74404] [client 20.205.226.191:0] script '/domains/fayemoran/fx.php' not found or unable to stat
[Tue Mar 03 00:55:27.606791 2026] [php:error] [pid 74404] [client 20.205.226.191:0] script '/domains/fayemoran/info.php' not found or unable to stat
[Tue Mar 03 00:55:27.843651 2026] [php:error] [pid 74404] [client 20.205.226.191:0] script '/domains/fayemoran/ioxi-o.php' not found or unable to stat
[Tue Mar 03 00:55:28.080136 2026] [php:error] [pid 74404] [client 20.205.226.191:0] script '/domains/fayemoran/rip.php' not found or unable to stat
[Tue Mar 03 00:55:28.316760 2026] [php:error] [pid 74404] [client 20.205.226.191:0] script '/domains/fayemoran/server.php' not found or unable to stat
[Tue Mar 03 00:55:28.553395 2026] [php:error] [pid 74404] [client 20.205.226.191:0] script '/domains/fayemoran/wp-blog.php' not found or unable to stat
[Tue Mar 03 00:55:28.553707 2026] [php:error] [pid 74371] [client 20.89.241.129:0] script '/domains/agribiz/222.php' not found or unable to stat
[Tue Mar 03 00:55:28.731920 2026] [php:error] [pid 74371] [client 20.89.241.129:0] script '/domains/agribiz/404.php' not found or unable to stat
[Tue Mar 03 00:55:28.921731 2026] [php:error] [pid 74371] [client 20.89.241.129:0] script '/domains/agribiz/about.php' not found or unable to stat
[Tue Mar 03 00:55:29.100213 2026] [php:error] [pid 74371] [client 20.89.241.129:0] script '/domains/agribiz/admin.php' not found or unable to stat
[Tue Mar 03 00:55:29.278586 2026] [php:error] [pid 74371] [client 20.89.241.129:0] script '/domains/agribiz/adminfuns.php' not found or unable to stat
[Tue Mar 03 00:55:29.473548 2026] [php:error] [pid 74371] [client 20.89.241.129:0] script '/domains/agribiz/bless.php' not found or unable to stat
[Tue Mar 03 00:55:29.655415 2026] [php:error] [pid 74371] [client 20.89.241.129:0] script '/domains/agribiz/bolt.php' not found or unable to stat
[Tue Mar 03 00:55:29.834548 2026] [php:error] [pid 74371] [client 20.89.241.129:0] script '/domains/agribiz/ccou.php' not found or unable to stat
[Tue Mar 03 00:55:29.994932 2026] [php:error] [pid 74404] [client 20.205.226.191:0] script '/domains/fayemoran/wp-editor.php' not found or unable to stat
[Tue Mar 03 00:55:30.012737 2026] [php:error] [pid 74371] [client 20.89.241.129:0] script '/domains/agribiz/class-t.api.php' not found or unable to stat
[Tue Mar 03 00:55:30.192356 2026] [php:error] [pid 74371] [client 20.89.241.129:0] script '/domains/agribiz/css.php' not found or unable to stat
[Tue Mar 03 00:55:30.567084 2026] [php:error] [pid 74371] [client 20.89.241.129:0] script '/domains/agribiz/edit.php' not found or unable to stat
[Tue Mar 03 00:55:30.765254 2026] [php:error] [pid 74371] [client 20.89.241.129:0] script '/domains/agribiz/fff.php' not found or unable to stat
[Tue Mar 03 00:55:30.944035 2026] [php:error] [pid 74371] [client 20.89.241.129:0] script '/domains/agribiz/file.php' not found or unable to stat
[Tue Mar 03 00:55:31.122533 2026] [php:error] [pid 74371] [client 20.89.241.129:0] script '/domains/agribiz/fx.php' not found or unable to stat
[Tue Mar 03 00:55:31.198667 2026] [php:error] [pid 74404] [client 20.205.226.191:0] script '/domains/fayemoran/wp.php' not found or unable to stat
[Tue Mar 03 00:55:31.316022 2026] [php:error] [pid 74371] [client 20.89.241.129:0] script '/domains/agribiz/info.php' not found or unable to stat
[Tue Mar 03 00:55:31.436627 2026] [php:error] [pid 74404] [client 20.205.226.191:0] script '/domains/fayemoran/x.php' not found or unable to stat
[Tue Mar 03 00:55:31.494534 2026] [php:error] [pid 74371] [client 20.89.241.129:0] script '/domains/agribiz/ioxi-o.php' not found or unable to stat
[Tue Mar 03 00:55:31.672684 2026] [php:error] [pid 74371] [client 20.89.241.129:0] script '/domains/agribiz/rip.php' not found or unable to stat
[Tue Mar 03 00:55:31.851129 2026] [php:error] [pid 74371] [client 20.89.241.129:0] script '/domains/agribiz/server.php' not found or unable to stat
[Tue Mar 03 00:55:32.051329 2026] [php:error] [pid 74371] [client 20.89.241.129:0] script '/domains/agribiz/wp-blog.php' not found or unable to stat
[Tue Mar 03 00:55:33.122031 2026] [php:error] [pid 74371] [client 20.89.241.129:0] script '/domains/agribiz/wp-editor.php' not found or unable to stat
[Tue Mar 03 00:55:34.015935 2026] [php:error] [pid 74371] [client 20.89.241.129:0] script '/domains/agribiz/wp.php' not found or unable to stat
[Tue Mar 03 00:55:34.194437 2026] [php:error] [pid 74371] [client 20.89.241.129:0] script '/domains/agribiz/x.php' not found or unable to stat
[Tue Mar 03 00:56:03.693554 2026] [php:error] [pid 74384] [client 4.193.248.52:0] script '/domains/pmglobal/222.php' not found or unable to stat
[Tue Mar 03 00:56:03.935711 2026] [php:error] [pid 74384] [client 4.193.248.52:0] script '/domains/pmglobal/404.php' not found or unable to stat
[Tue Mar 03 00:56:04.177451 2026] [php:error] [pid 74384] [client 4.193.248.52:0] script '/domains/pmglobal/about.php' not found or unable to stat
[Tue Mar 03 00:56:04.419133 2026] [php:error] [pid 74384] [client 4.193.248.52:0] script '/domains/pmglobal/admin.php' not found or unable to stat
[Tue Mar 03 00:56:04.661048 2026] [php:error] [pid 74384] [client 4.193.248.52:0] script '/domains/pmglobal/adminfuns.php' not found or unable to stat
[Tue Mar 03 00:56:04.902844 2026] [php:error] [pid 74384] [client 4.193.248.52:0] script '/domains/pmglobal/bless.php' not found or unable to stat
[Tue Mar 03 00:56:05.144593 2026] [php:error] [pid 74384] [client 4.193.248.52:0] script '/domains/pmglobal/bolt.php' not found or unable to stat
[Tue Mar 03 00:56:05.386377 2026] [php:error] [pid 74384] [client 4.193.248.52:0] script '/domains/pmglobal/ccou.php' not found or unable to stat
[Tue Mar 03 00:56:05.628220 2026] [php:error] [pid 74384] [client 4.193.248.52:0] script '/domains/pmglobal/class-t.api.php' not found or unable to stat
[Tue Mar 03 00:56:05.870358 2026] [php:error] [pid 74384] [client 4.193.248.52:0] script '/domains/pmglobal/css.php' not found or unable to stat
[Tue Mar 03 00:56:06.353866 2026] [php:error] [pid 74384] [client 4.193.248.52:0] script '/domains/pmglobal/edit.php' not found or unable to stat
[Tue Mar 03 00:56:06.595774 2026] [php:error] [pid 74384] [client 4.193.248.52:0] script '/domains/pmglobal/fff.php' not found or unable to stat
[Tue Mar 03 00:56:06.837716 2026] [php:error] [pid 74384] [client 4.193.248.52:0] script '/domains/pmglobal/file.php' not found or unable to stat
[Tue Mar 03 00:56:07.079946 2026] [php:error] [pid 74384] [client 4.193.248.52:0] script '/domains/pmglobal/fx.php' not found or unable to stat
[Tue Mar 03 00:56:07.321640 2026] [php:error] [pid 74384] [client 4.193.248.52:0] script '/domains/pmglobal/info.php' not found or unable to stat
[Tue Mar 03 00:56:07.563555 2026] [php:error] [pid 74384] [client 4.193.248.52:0] script '/domains/pmglobal/ioxi-o.php' not found or unable to stat
[Tue Mar 03 00:56:07.805886 2026] [php:error] [pid 74384] [client 4.193.248.52:0] script '/domains/pmglobal/rip.php' not found or unable to stat
[Tue Mar 03 00:56:08.049027 2026] [php:error] [pid 74384] [client 4.193.248.52:0] script '/domains/pmglobal/server.php' not found or unable to stat
[Tue Mar 03 00:56:08.290696 2026] [php:error] [pid 74384] [client 4.193.248.52:0] script '/domains/pmglobal/wp-blog.php' not found or unable to stat
[Tue Mar 03 00:56:08.813162 2026] [php:error] [pid 74374] [client 20.207.204.235:0] script '/domains/jaspen/222.php' not found or unable to stat
[Tue Mar 03 00:56:09.011126 2026] [php:error] [pid 74374] [client 20.207.204.235:0] script '/domains/jaspen/404.php' not found or unable to stat
[Tue Mar 03 00:56:09.208673 2026] [php:error] [pid 74374] [client 20.207.204.235:0] script '/domains/jaspen/about.php' not found or unable to stat
[Tue Mar 03 00:56:09.406212 2026] [php:error] [pid 74374] [client 20.207.204.235:0] script '/domains/jaspen/admin.php' not found or unable to stat
[Tue Mar 03 00:56:09.603707 2026] [php:error] [pid 74374] [client 20.207.204.235:0] script '/domains/jaspen/adminfuns.php' not found or unable to stat
[Tue Mar 03 00:56:09.743918 2026] [php:error] [pid 74384] [client 4.193.248.52:0] script '/domains/pmglobal/wp-editor.php' not found or unable to stat
[Tue Mar 03 00:56:09.801557 2026] [php:error] [pid 74374] [client 20.207.204.235:0] script '/domains/jaspen/bless.php' not found or unable to stat
[Tue Mar 03 00:56:09.999000 2026] [php:error] [pid 74374] [client 20.207.204.235:0] script '/domains/jaspen/bolt.php' not found or unable to stat
[Tue Mar 03 00:56:10.196453 2026] [php:error] [pid 74374] [client 20.207.204.235:0] script '/domains/jaspen/ccou.php' not found or unable to stat
[Tue Mar 03 00:56:10.393789 2026] [php:error] [pid 74374] [client 20.207.204.235:0] script '/domains/jaspen/class-t.api.php' not found or unable to stat
[Tue Mar 03 00:56:10.593477 2026] [php:error] [pid 74374] [client 20.207.204.235:0] script '/domains/jaspen/css.php' not found or unable to stat
[Tue Mar 03 00:56:10.953101 2026] [php:error] [pid 74384] [client 4.193.248.52:0] script '/domains/pmglobal/wp.php' not found or unable to stat
[Tue Mar 03 00:56:10.988772 2026] [php:error] [pid 74374] [client 20.207.204.235:0] script '/domains/jaspen/edit.php' not found or unable to stat
[Tue Mar 03 00:56:11.186236 2026] [php:error] [pid 74374] [client 20.207.204.235:0] script '/domains/jaspen/fff.php' not found or unable to stat
[Tue Mar 03 00:56:11.194868 2026] [php:error] [pid 74384] [client 4.193.248.52:0] script '/domains/pmglobal/x.php' not found or unable to stat
[Tue Mar 03 00:56:11.383718 2026] [php:error] [pid 74374] [client 20.207.204.235:0] script '/domains/jaspen/file.php' not found or unable to stat
[Tue Mar 03 00:56:11.581285 2026] [php:error] [pid 74374] [client 20.207.204.235:0] script '/domains/jaspen/fx.php' not found or unable to stat
[Tue Mar 03 00:56:11.778724 2026] [php:error] [pid 74374] [client 20.207.204.235:0] script '/domains/jaspen/info.php' not found or unable to stat
[Tue Mar 03 00:56:11.976201 2026] [php:error] [pid 74374] [client 20.207.204.235:0] script '/domains/jaspen/ioxi-o.php' not found or unable to stat
[Tue Mar 03 00:56:12.174618 2026] [php:error] [pid 74374] [client 20.207.204.235:0] script '/domains/jaspen/rip.php' not found or unable to stat
[Tue Mar 03 00:56:12.372698 2026] [php:error] [pid 74374] [client 20.207.204.235:0] script '/domains/jaspen/server.php' not found or unable to stat
[Tue Mar 03 00:56:12.570176 2026] [php:error] [pid 74374] [client 20.207.204.235:0] script '/domains/jaspen/wp-blog.php' not found or unable to stat
[Tue Mar 03 00:56:13.757691 2026] [php:error] [pid 74374] [client 20.207.204.235:0] script '/domains/jaspen/wp-editor.php' not found or unable to stat
[Tue Mar 03 00:56:14.746272 2026] [php:error] [pid 74374] [client 20.207.204.235:0] script '/domains/jaspen/wp.php' not found or unable to stat
[Tue Mar 03 00:56:14.946193 2026] [php:error] [pid 74374] [client 20.207.204.235:0] script '/domains/jaspen/x.php' not found or unable to stat
[Tue Mar 03 00:56:34.359789 2026] [php:error] [pid 74421] [client 20.53.243.118:0] script '/domains/resourceandeventweb/222.php' not found or unable to stat
[Tue Mar 03 00:56:34.593548 2026] [php:error] [pid 74421] [client 20.53.243.118:0] script '/domains/resourceandeventweb/404.php' not found or unable to stat
[Tue Mar 03 00:56:34.807327 2026] [php:error] [pid 74421] [client 20.53.243.118:0] script '/domains/resourceandeventweb/about.php' not found or unable to stat
[Tue Mar 03 00:56:35.020705 2026] [php:error] [pid 74421] [client 20.53.243.118:0] script '/domains/resourceandeventweb/admin.php' not found or unable to stat
[Tue Mar 03 00:56:35.234679 2026] [php:error] [pid 74421] [client 20.53.243.118:0] script '/domains/resourceandeventweb/adminfuns.php' not found or unable to stat
[Tue Mar 03 00:56:35.448055 2026] [php:error] [pid 74421] [client 20.53.243.118:0] script '/domains/resourceandeventweb/bless.php' not found or unable to stat
[Tue Mar 03 00:56:35.661296 2026] [php:error] [pid 74421] [client 20.53.243.118:0] script '/domains/resourceandeventweb/bolt.php' not found or unable to stat
[Tue Mar 03 00:56:35.874588 2026] [php:error] [pid 74421] [client 20.53.243.118:0] script '/domains/resourceandeventweb/ccou.php' not found or unable to stat
[Tue Mar 03 00:56:36.088400 2026] [php:error] [pid 74421] [client 20.53.243.118:0] script '/domains/resourceandeventweb/class-t.api.php' not found or unable to stat
[Tue Mar 03 00:56:36.302887 2026] [php:error] [pid 74421] [client 20.53.243.118:0] script '/domains/resourceandeventweb/css.php' not found or unable to stat
[Tue Mar 03 00:56:36.464634 2026] [php:error] [pid 74374] [client 20.63.41.168:0] script '/domains/system_suspended/vv.php' not found or unable to stat
[Tue Mar 03 00:56:36.498888 2026] [php:error] [pid 74374] [client 20.63.41.168:0] script '/domains/system_suspended/fff.php' not found or unable to stat
[Tue Mar 03 00:56:36.532671 2026] [php:error] [pid 74374] [client 20.63.41.168:0] script '/domains/system_suspended/wp-scxy.php' not found or unable to stat
[Tue Mar 03 00:56:36.566511 2026] [php:error] [pid 74374] [client 20.63.41.168:0] script '/domains/system_suspended/ccou1.php' not found or unable to stat
[Tue Mar 03 00:56:36.601810 2026] [php:error] [pid 74374] [client 20.63.41.168:0] script '/domains/system_suspended/wp-the1.php' not found or unable to stat
[Tue Mar 03 00:56:36.635743 2026] [php:error] [pid 74374] [client 20.63.41.168:0] script '/domains/system_suspended/reyna.php' not found or unable to stat
[Tue Mar 03 00:56:36.730296 2026] [php:error] [pid 74421] [client 20.53.243.118:0] script '/domains/resourceandeventweb/edit.php' not found or unable to stat
[Tue Mar 03 00:56:36.944071 2026] [php:error] [pid 74421] [client 20.53.243.118:0] script '/domains/resourceandeventweb/fff.php' not found or unable to stat
[Tue Mar 03 00:56:37.178746 2026] [php:error] [pid 74421] [client 20.53.243.118:0] script '/domains/resourceandeventweb/file.php' not found or unable to stat
[Tue Mar 03 00:56:37.392031 2026] [php:error] [pid 74421] [client 20.53.243.118:0] script '/domains/resourceandeventweb/fx.php' not found or unable to stat
[Tue Mar 03 00:56:37.605916 2026] [php:error] [pid 74421] [client 20.53.243.118:0] script '/domains/resourceandeventweb/info.php' not found or unable to stat
[Tue Mar 03 00:56:37.819590 2026] [php:error] [pid 74421] [client 20.53.243.118:0] script '/domains/resourceandeventweb/ioxi-o.php' not found or unable to stat
[Tue Mar 03 00:56:38.033253 2026] [php:error] [pid 74421] [client 20.53.243.118:0] script '/domains/resourceandeventweb/rip.php' not found or unable to stat
[Tue Mar 03 00:56:38.246688 2026] [php:error] [pid 74421] [client 20.53.243.118:0] script '/domains/resourceandeventweb/server.php' not found or unable to stat
[Tue Mar 03 00:56:38.461096 2026] [php:error] [pid 74421] [client 20.53.243.118:0] script '/domains/resourceandeventweb/wp-blog.php' not found or unable to stat
[Tue Mar 03 00:56:39.743061 2026] [php:error] [pid 74421] [client 20.53.243.118:0] script '/domains/resourceandeventweb/wp-editor.php' not found or unable to stat
[Tue Mar 03 00:56:40.820371 2026] [php:error] [pid 74421] [client 20.53.243.118:0] script '/domains/resourceandeventweb/wp.php' not found or unable to stat
[Tue Mar 03 00:56:41.033763 2026] [php:error] [pid 74421] [client 20.53.243.118:0] script '/domains/resourceandeventweb/x.php' not found or unable to stat
[Tue Mar 03 00:57:04.978255 2026] [php:error] [pid 74412] [client 20.220.232.101:0] script '/domains/system_suspended/class-t.api.php' not found or unable to stat
[Tue Mar 03 00:57:05.013069 2026] [php:error] [pid 74412] [client 20.220.232.101:0] script '/domains/system_suspended/zwso.php' not found or unable to stat
[Tue Mar 03 00:57:05.095704 2026] [php:error] [pid 74412] [client 20.220.232.101:0] script '/domains/system_suspended/class19.php' not found or unable to stat
[Tue Mar 03 00:57:05.130989 2026] [php:error] [pid 74412] [client 20.220.232.101:0] script '/domains/system_suspended/class20.php' not found or unable to stat
[Tue Mar 03 00:57:05.167710 2026] [php:error] [pid 74412] [client 20.220.232.101:0] script '/domains/system_suspended/admin.php' not found or unable to stat
[Tue Mar 03 00:57:05.201611 2026] [php:error] [pid 74412] [client 20.220.232.101:0] script '/domains/system_suspended/randkeyword.php' not found or unable to stat
[Tue Mar 03 00:57:05.239482 2026] [php:error] [pid 74412] [client 20.220.232.101:0] script '/domains/system_suspended/fwe.php' not found or unable to stat
[Tue Mar 03 00:57:05.308492 2026] [php:error] [pid 74412] [client 20.220.232.101:0] script '/domains/system_suspended/g.php' not found or unable to stat
[Tue Mar 03 00:57:05.342991 2026] [php:error] [pid 74412] [client 20.220.232.101:0] script '/domains/system_suspended/tx1.php' not found or unable to stat
[Tue Mar 03 00:57:05.377537 2026] [php:error] [pid 74412] [client 20.220.232.101:0] script '/domains/system_suspended/xv.php' not found or unable to stat
[Tue Mar 03 00:57:05.411642 2026] [php:error] [pid 74412] [client 20.220.232.101:0] script '/domains/system_suspended/x56.php' not found or unable to stat
[Tue Mar 03 00:57:05.446001 2026] [php:error] [pid 74412] [client 20.220.232.101:0] script '/domains/system_suspended/htaccess.php' not found or unable to stat
[Tue Mar 03 00:57:05.480208 2026] [php:error] [pid 74412] [client 20.220.232.101:0] script '/domains/system_suspended/readme.php' not found or unable to stat
[Tue Mar 03 00:57:05.514870 2026] [php:error] [pid 74412] [client 20.220.232.101:0] script '/domains/system_suspended/x50.php' not found or unable to stat
[Tue Mar 03 00:57:05.551862 2026] [php:error] [pid 74412] [client 20.220.232.101:0] script '/domains/system_suspended/fv.php' not found or unable to stat
[Tue Mar 03 00:57:05.595042 2026] [php:error] [pid 74412] [client 20.220.232.101:0] script '/domains/system_suspended/file.php' not found or unable to stat
[Tue Mar 03 00:57:05.629319 2026] [php:error] [pid 74412] [client 20.220.232.101:0] script '/domains/system_suspended/lsd.php' not found or unable to stat
[Tue Mar 03 00:57:05.664630 2026] [php:error] [pid 74412] [client 20.220.232.101:0] script '/domains/system_suspended/as.php' not found or unable to stat
[Tue Mar 03 00:57:05.698828 2026] [php:error] [pid 74412] [client 20.220.232.101:0] script '/domains/system_suspended/wsd.php' not found or unable to stat
[Tue Mar 03 00:57:05.734351 2026] [php:error] [pid 74412] [client 20.220.232.101:0] script '/domains/system_suspended/gtc.php' not found or unable to stat
[Tue Mar 03 00:57:05.768560 2026] [php:error] [pid 74412] [client 20.220.232.101:0] script '/domains/system_suspended/atx.php' not found or unable to stat
[Tue Mar 03 00:57:05.802986 2026] [php:error] [pid 74412] [client 20.220.232.101:0] script '/domains/system_suspended/z60.php' not found or unable to stat
[Tue Mar 03 00:57:05.879890 2026] [php:error] [pid 74412] [client 20.220.232.101:0] script '/domains/system_suspended/403.php' not found or unable to stat
[Tue Mar 03 00:57:05.914036 2026] [php:error] [pid 74412] [client 20.220.232.101:0] script '/domains/system_suspended/m.php' not found or unable to stat
[Tue Mar 03 00:57:05.948488 2026] [php:error] [pid 74412] [client 20.220.232.101:0] script '/domains/system_suspended/themes.php' not found or unable to stat
[Tue Mar 03 00:57:06.059921 2026] [php:error] [pid 74412] [client 20.220.232.101:0] script '/domains/system_suspended/click.php' not found or unable to stat
