[Tue Mar 03 02:01:58.548414 2026] [php:error] [pid 75177] [client 45.154.138.179:0] script '/domains/system_suspended/wp-l0gin.php' not found or unable to stat
[Tue Mar 03 02:01:59.051754 2026] [php:error] [pid 75177] [client 45.154.138.179:0] script '/domains/system_suspended/new.php' not found or unable to stat
[Tue Mar 03 02:02:00.402383 2026] [php:error] [pid 75177] [client 45.154.138.179:0] script '/domains/system_suspended/natural.php' not found or unable to stat
[Tue Mar 03 02:02:00.658769 2026] [php:error] [pid 75177] [client 45.154.138.179:0] script '/domains/system_suspended/item.php' not found or unable to stat
[Tue Mar 03 02:02:04.027249 2026] [php:error] [pid 75192] [client 181.215.94.12:0] script '/domains/system_suspended/default.php' not found or unable to stat
[Tue Mar 03 02:02:05.354717 2026] [php:error] [pid 75192] [client 181.215.94.12:0] script '/domains/system_suspended/dropdown.php' not found or unable to stat
[Tue Mar 03 02:02:05.777714 2026] [php:error] [pid 75192] [client 181.215.94.12:0] script '/domains/system_suspended/db.php' not found or unable to stat
[Tue Mar 03 02:02:07.836225 2026] [php:error] [pid 75192] [client 181.215.94.12:0] script '/domains/system_suspended/install.php' not found or unable to stat
[Tue Mar 03 02:02:08.883199 2026] [php:error] [pid 75192] [client 181.215.94.12:0] script '/domains/system_suspended/bypass.php' not found or unable to stat
[Tue Mar 03 02:02:09.169562 2026] [php:error] [pid 75192] [client 181.215.94.12:0] script '/domains/system_suspended/class.php' not found or unable to stat
[Tue Mar 03 02:02:10.767025 2026] [php:error] [pid 75192] [client 181.215.94.12:0] script '/domains/system_suspended/init.php' not found or unable to stat
[Tue Mar 03 02:02:12.772851 2026] [php:error] [pid 75145] [client 4.193.177.110:0] script '/domains/antiqueweb1/inputs.php' not found or unable to stat
[Tue Mar 03 02:02:12.896280 2026] [php:error] [pid 75192] [client 181.215.94.12:0] script '/domains/system_suspended/adminfuns.php' not found or unable to stat
[Tue Mar 03 02:02:13.032986 2026] [php:error] [pid 75145] [client 4.193.177.110:0] script '/domains/antiqueweb1/ioxi-o.php' not found or unable to stat
[Tue Mar 03 02:02:13.466284 2026] [php:error] [pid 75192] [client 181.215.94.12:0] script '/domains/system_suspended/wp_wlx.php' not found or unable to stat
[Tue Mar 03 02:02:13.511790 2026] [php:error] [pid 75145] [client 4.193.177.110:0] script '/domains/antiqueweb1/rip.php' not found or unable to stat
[Tue Mar 03 02:02:13.751796 2026] [php:error] [pid 75145] [client 4.193.177.110:0] script '/domains/antiqueweb1/admin.php' not found or unable to stat
[Tue Mar 03 02:02:14.083294 2026] [php:error] [pid 75192] [client 181.215.94.12:0] script '/domains/system_suspended/wp.php' not found or unable to stat
[Tue Mar 03 02:02:14.253853 2026] [php:error] [pid 75145] [client 4.193.177.110:0] script '/domains/antiqueweb1/cache.php' not found or unable to stat
[Tue Mar 03 02:02:14.492777 2026] [php:error] [pid 75145] [client 4.193.177.110:0] script '/domains/antiqueweb1/themes.php' not found or unable to stat
[Tue Mar 03 02:02:14.736077 2026] [php:error] [pid 75145] [client 4.193.177.110:0] script '/domains/antiqueweb1/an.php' not found or unable to stat
[Tue Mar 03 02:02:14.860959 2026] [php:error] [pid 75192] [client 181.215.94.12:0] script '/domains/system_suspended/wp-header.php' not found or unable to stat
[Tue Mar 03 02:02:15.341907 2026] [php:error] [pid 75192] [client 181.215.94.12:0] script '/domains/system_suspended/Marvins.php' not found or unable to stat
[Tue Mar 03 02:02:15.450794 2026] [php:error] [pid 75145] [client 4.193.177.110:0] script '/domains/antiqueweb1/ws.php' not found or unable to stat
[Tue Mar 03 02:02:15.690446 2026] [php:error] [pid 75145] [client 4.193.177.110:0] script '/domains/antiqueweb1/404.php' not found or unable to stat
[Tue Mar 03 02:02:15.869931 2026] [php:error] [pid 75192] [client 181.215.94.12:0] script '/domains/system_suspended/wp-class.php' not found or unable to stat
[Tue Mar 03 02:02:16.168669 2026] [php:error] [pid 75145] [client 4.193.177.110:0] script '/domains/antiqueweb1/wp-conf.php' not found or unable to stat
[Tue Mar 03 02:02:16.270148 2026] [php:error] [pid 75192] [client 181.215.94.12:0] script '/domains/system_suspended/xx.php' not found or unable to stat
[Tue Mar 03 02:02:16.585974 2026] [php:error] [pid 75192] [client 181.215.94.12:0] script '/domains/system_suspended/autoload_classmap.php' not found or unable to stat
[Tue Mar 03 02:02:16.644821 2026] [php:error] [pid 75145] [client 4.193.177.110:0] script '/domains/antiqueweb1/wp-login.php' not found or unable to stat
[Tue Mar 03 02:02:16.883270 2026] [php:error] [pid 75145] [client 4.193.177.110:0] script '/domains/antiqueweb1/abc.php' not found or unable to stat
[Tue Mar 03 02:02:17.121275 2026] [php:error] [pid 75145] [client 4.193.177.110:0] script '/domains/antiqueweb1/abcd.php' not found or unable to stat
[Tue Mar 03 02:02:17.323897 2026] [php:error] [pid 75192] [client 181.215.94.12:0] script '/domains/system_suspended/content.php' not found or unable to stat
[Tue Mar 03 02:02:17.359886 2026] [php:error] [pid 75145] [client 4.193.177.110:0] script '/domains/antiqueweb1/as.php' not found or unable to stat
[Tue Mar 03 02:02:17.598270 2026] [php:error] [pid 75145] [client 4.193.177.110:0] script '/domains/antiqueweb1/wp-trackback.php' not found or unable to stat
[Tue Mar 03 02:02:17.836278 2026] [php:error] [pid 75145] [client 4.193.177.110:0] script '/domains/antiqueweb1/about.php' not found or unable to stat
[Tue Mar 03 02:02:18.075742 2026] [php:error] [pid 75145] [client 4.193.177.110:0] script '/domains/antiqueweb1/file.php' not found or unable to stat
[Tue Mar 03 02:02:18.314385 2026] [php:error] [pid 75145] [client 4.193.177.110:0] script '/domains/antiqueweb1/adminfuns.php' not found or unable to stat
[Tue Mar 03 02:02:18.552803 2026] [php:error] [pid 75145] [client 4.193.177.110:0] script '/domains/antiqueweb1/wp-good.php' not found or unable to stat
[Tue Mar 03 02:02:18.791322 2026] [php:error] [pid 75145] [client 4.193.177.110:0] script '/domains/antiqueweb1/xmlrpc.php' not found or unable to stat
[Tue Mar 03 02:02:19.030287 2026] [php:error] [pid 75145] [client 4.193.177.110:0] script '/domains/antiqueweb1/goods.php' not found or unable to stat
[Tue Mar 03 02:02:19.269370 2026] [php:error] [pid 75145] [client 4.193.177.110:0] script '/domains/antiqueweb1/class-t.api.php' not found or unable to stat
[Tue Mar 03 02:02:19.352282 2026] [php:error] [pid 75187] [client 13.70.40.215:0] script '/domains/nmksgroupweb/222.php' not found or unable to stat
[Tue Mar 03 02:02:19.508311 2026] [php:error] [pid 75145] [client 4.193.177.110:0] script '/domains/antiqueweb1/sf.php' not found or unable to stat
[Tue Mar 03 02:02:19.565193 2026] [php:error] [pid 75187] [client 13.70.40.215:0] script '/domains/nmksgroupweb/404.php' not found or unable to stat
[Tue Mar 03 02:02:19.746558 2026] [php:error] [pid 75145] [client 4.193.177.110:0] script '/domains/antiqueweb1/kbfr.php' not found or unable to stat
[Tue Mar 03 02:02:19.777585 2026] [php:error] [pid 75187] [client 13.70.40.215:0] script '/domains/nmksgroupweb/about.php' not found or unable to stat
[Tue Mar 03 02:02:19.985583 2026] [php:error] [pid 75145] [client 4.193.177.110:0] script '/domains/antiqueweb1/autoload_classmap.php' not found or unable to stat
[Tue Mar 03 02:02:19.990436 2026] [php:error] [pid 75187] [client 13.70.40.215:0] script '/domains/nmksgroupweb/admin.php' not found or unable to stat
[Tue Mar 03 02:02:20.203336 2026] [php:error] [pid 75187] [client 13.70.40.215:0] script '/domains/nmksgroupweb/adminfuns.php' not found or unable to stat
[Tue Mar 03 02:02:20.225299 2026] [php:error] [pid 75145] [client 4.193.177.110:0] script '/domains/antiqueweb1/chosen.php' not found or unable to stat
[Tue Mar 03 02:02:20.414954 2026] [php:error] [pid 75187] [client 13.70.40.215:0] script '/domains/nmksgroupweb/bless.php' not found or unable to stat
[Tue Mar 03 02:02:20.464481 2026] [php:error] [pid 75145] [client 4.193.177.110:0] script '/domains/antiqueweb1/classwithtostring.php' not found or unable to stat
[Tue Mar 03 02:02:20.626606 2026] [php:error] [pid 75187] [client 13.70.40.215:0] script '/domains/nmksgroupweb/bolt.php' not found or unable to stat
[Tue Mar 03 02:02:20.702666 2026] [php:error] [pid 75145] [client 4.193.177.110:0] script '/domains/antiqueweb1/defaults.php' not found or unable to stat
[Tue Mar 03 02:02:20.838490 2026] [php:error] [pid 75187] [client 13.70.40.215:0] script '/domains/nmksgroupweb/ccou.php' not found or unable to stat
[Tue Mar 03 02:02:21.054790 2026] [php:error] [pid 75192] [client 181.215.94.12:0] script '/domains/system_suspended/web.php' not found or unable to stat
[Tue Mar 03 02:02:21.057971 2026] [php:error] [pid 75187] [client 13.70.40.215:0] script '/domains/nmksgroupweb/class-t.api.php' not found or unable to stat
[Tue Mar 03 02:02:21.269456 2026] [php:error] [pid 75187] [client 13.70.40.215:0] script '/domains/nmksgroupweb/css.php' not found or unable to stat
[Tue Mar 03 02:02:21.443970 2026] [php:error] [pid 75145] [client 4.193.177.110:0] script '/domains/antiqueweb1/info.php' not found or unable to stat
[Tue Mar 03 02:02:21.692799 2026] [php:error] [pid 75187] [client 13.70.40.215:0] script '/domains/nmksgroupweb/edit.php' not found or unable to stat
[Tue Mar 03 02:02:21.906234 2026] [php:error] [pid 75187] [client 13.70.40.215:0] script '/domains/nmksgroupweb/fff.php' not found or unable to stat
[Tue Mar 03 02:02:22.117898 2026] [php:error] [pid 75187] [client 13.70.40.215:0] script '/domains/nmksgroupweb/file.php' not found or unable to stat
[Tue Mar 03 02:02:22.329683 2026] [php:error] [pid 75187] [client 13.70.40.215:0] script '/domains/nmksgroupweb/fx.php' not found or unable to stat
[Tue Mar 03 02:02:22.422137 2026] [php:error] [pid 75192] [client 181.215.94.12:0] script '/domains/system_suspended/wp-trackback.php' not found or unable to stat
[Tue Mar 03 02:02:22.541337 2026] [php:error] [pid 75187] [client 13.70.40.215:0] script '/domains/nmksgroupweb/info.php' not found or unable to stat
[Tue Mar 03 02:02:22.754001 2026] [php:error] [pid 75187] [client 13.70.40.215:0] script '/domains/nmksgroupweb/ioxi-o.php' not found or unable to stat
[Tue Mar 03 02:02:22.965791 2026] [php:error] [pid 75187] [client 13.70.40.215:0] script '/domains/nmksgroupweb/rip.php' not found or unable to stat
[Tue Mar 03 02:02:23.011184 2026] [php:error] [pid 75208] [client 20.89.52.173:0] script '/domains/takie/inputs.php' not found or unable to stat
[Tue Mar 03 02:02:23.171529 2026] [php:error] [pid 75192] [client 181.215.94.12:0] script '/domains/system_suspended/radio.php' not found or unable to stat
[Tue Mar 03 02:02:23.180986 2026] [php:error] [pid 75208] [client 20.89.52.173:0] script '/domains/takie/ioxi-o.php' not found or unable to stat
[Tue Mar 03 02:02:23.191057 2026] [php:error] [pid 75187] [client 13.70.40.215:0] script '/domains/nmksgroupweb/server.php' not found or unable to stat
[Tue Mar 03 02:02:23.402954 2026] [php:error] [pid 75187] [client 13.70.40.215:0] script '/domains/nmksgroupweb/wp-blog.php' not found or unable to stat
[Tue Mar 03 02:02:23.520876 2026] [php:error] [pid 75208] [client 20.89.52.173:0] script '/domains/takie/rip.php' not found or unable to stat
[Tue Mar 03 02:02:23.690816 2026] [php:error] [pid 75208] [client 20.89.52.173:0] script '/domains/takie/admin.php' not found or unable to stat
[Tue Mar 03 02:02:24.036280 2026] [php:error] [pid 75208] [client 20.89.52.173:0] script '/domains/takie/cache.php' not found or unable to stat
[Tue Mar 03 02:02:24.105643 2026] [php:error] [pid 75192] [client 181.215.94.12:0] script '/domains/system_suspended/wp-conflg.php' not found or unable to stat
[Tue Mar 03 02:02:24.205873 2026] [php:error] [pid 75208] [client 20.89.52.173:0] script '/domains/takie/themes.php' not found or unable to stat
[Tue Mar 03 02:02:24.350012 2026] [php:error] [pid 75192] [client 181.215.94.12:0] script '/domains/system_suspended/wp-setup.php' not found or unable to stat
[Tue Mar 03 02:02:24.375520 2026] [php:error] [pid 75208] [client 20.89.52.173:0] script '/domains/takie/an.php' not found or unable to stat
[Tue Mar 03 02:02:24.581685 2026] [php:error] [pid 75192] [client 181.215.94.12:0] script '/domains/system_suspended/ms-themes.php' not found or unable to stat
[Tue Mar 03 02:02:24.693270 2026] [php:error] [pid 75187] [client 13.70.40.215:0] script '/domains/nmksgroupweb/wp-editor.php' not found or unable to stat
[Tue Mar 03 02:02:24.886453 2026] [php:error] [pid 75208] [client 20.89.52.173:0] script '/domains/takie/ws.php' not found or unable to stat
[Tue Mar 03 02:02:25.046631 2026] [php:error] [pid 75192] [client 181.215.94.12:0] script '/domains/system_suspended/style.php' not found or unable to stat
[Tue Mar 03 02:02:25.056085 2026] [php:error] [pid 75208] [client 20.89.52.173:0] script '/domains/takie/404.php' not found or unable to stat
[Tue Mar 03 02:02:25.395883 2026] [php:error] [pid 75208] [client 20.89.52.173:0] script '/domains/takie/wp-conf.php' not found or unable to stat
[Tue Mar 03 02:02:25.745385 2026] [php:error] [pid 75208] [client 20.89.52.173:0] script '/domains/takie/wp-login.php' not found or unable to stat
[Tue Mar 03 02:02:25.786607 2026] [php:error] [pid 75187] [client 13.70.40.215:0] script '/domains/nmksgroupweb/wp.php' not found or unable to stat
[Tue Mar 03 02:02:25.915034 2026] [php:error] [pid 75208] [client 20.89.52.173:0] script '/domains/takie/abc.php' not found or unable to stat
[Tue Mar 03 02:02:25.936946 2026] [php:error] [pid 75192] [client 181.215.94.12:0] script '/domains/system_suspended/x.php' not found or unable to stat
[Tue Mar 03 02:02:26.013685 2026] [php:error] [pid 75187] [client 13.70.40.215:0] script '/domains/nmksgroupweb/x.php' not found or unable to stat
[Tue Mar 03 02:02:26.084875 2026] [php:error] [pid 75208] [client 20.89.52.173:0] script '/domains/takie/abcd.php' not found or unable to stat
[Tue Mar 03 02:02:26.254873 2026] [php:error] [pid 75208] [client 20.89.52.173:0] script '/domains/takie/as.php' not found or unable to stat
[Tue Mar 03 02:02:26.424711 2026] [php:error] [pid 75208] [client 20.89.52.173:0] script '/domains/takie/wp-trackback.php' not found or unable to stat
[Tue Mar 03 02:02:26.595227 2026] [php:error] [pid 75208] [client 20.89.52.173:0] script '/domains/takie/about.php' not found or unable to stat
[Tue Mar 03 02:02:26.765112 2026] [php:error] [pid 75208] [client 20.89.52.173:0] script '/domains/takie/file.php' not found or unable to stat
[Tue Mar 03 02:02:26.801211 2026] [php:error] [pid 75192] [client 181.215.94.12:0] script '/domains/system_suspended/wp-user.php' not found or unable to stat
[Tue Mar 03 02:02:26.936071 2026] [php:error] [pid 75208] [client 20.89.52.173:0] script '/domains/takie/adminfuns.php' not found or unable to stat
[Tue Mar 03 02:02:27.130934 2026] [php:error] [pid 75208] [client 20.89.52.173:0] script '/domains/takie/wp-good.php' not found or unable to stat
[Tue Mar 03 02:02:27.300519 2026] [php:error] [pid 75208] [client 20.89.52.173:0] script '/domains/takie/xmlrpc.php' not found or unable to stat
[Tue Mar 03 02:02:27.470582 2026] [php:error] [pid 75208] [client 20.89.52.173:0] script '/domains/takie/goods.php' not found or unable to stat
[Tue Mar 03 02:02:27.475973 2026] [php:error] [pid 75192] [client 181.215.94.12:0] script '/domains/system_suspended/config.php' not found or unable to stat
[Tue Mar 03 02:02:27.640169 2026] [php:error] [pid 75208] [client 20.89.52.173:0] script '/domains/takie/class-t.api.php' not found or unable to stat
[Tue Mar 03 02:02:27.700593 2026] [php:error] [pid 75192] [client 181.215.94.12:0] script '/domains/system_suspended/special.php' not found or unable to stat
[Tue Mar 03 02:02:27.810226 2026] [php:error] [pid 75208] [client 20.89.52.173:0] script '/domains/takie/sf.php' not found or unable to stat
[Tue Mar 03 02:02:27.979849 2026] [php:error] [pid 75208] [client 20.89.52.173:0] script '/domains/takie/kbfr.php' not found or unable to stat
[Tue Mar 03 02:02:28.149456 2026] [php:error] [pid 75208] [client 20.89.52.173:0] script '/domains/takie/autoload_classmap.php' not found or unable to stat
[Tue Mar 03 02:02:28.319245 2026] [php:error] [pid 75208] [client 20.89.52.173:0] script '/domains/takie/chosen.php' not found or unable to stat
[Tue Mar 03 02:02:28.489184 2026] [php:error] [pid 75208] [client 20.89.52.173:0] script '/domains/takie/classwithtostring.php' not found or unable to stat
[Tue Mar 03 02:02:28.665914 2026] [php:error] [pid 75208] [client 20.89.52.173:0] script '/domains/takie/defaults.php' not found or unable to stat
[Tue Mar 03 02:02:29.176573 2026] [php:error] [pid 75208] [client 20.89.52.173:0] script '/domains/takie/info.php' not found or unable to stat
[Tue Mar 03 02:02:30.410326 2026] [php:error] [pid 75203] [client 45.154.138.236:0] script '/domains/system_suspended/webdb.php' not found or unable to stat
[Tue Mar 03 02:02:30.872676 2026] [php:error] [pid 75203] [client 45.154.138.236:0] script '/domains/system_suspended/file2.php' not found or unable to stat
[Tue Mar 03 02:02:31.353099 2026] [php:error] [pid 75203] [client 45.154.138.236:0] script '/domains/system_suspended/alfa.php' not found or unable to stat
[Tue Mar 03 02:02:31.972221 2026] [php:error] [pid 75196] [client 52.231.70.237:0] script '/domains/druckrey/222.php' not found or unable to stat
[Tue Mar 03 02:02:32.171800 2026] [php:error] [pid 75196] [client 52.231.70.237:0] script '/domains/druckrey/404.php' not found or unable to stat
[Tue Mar 03 02:02:32.371405 2026] [php:error] [pid 75196] [client 52.231.70.237:0] script '/domains/druckrey/about.php' not found or unable to stat
[Tue Mar 03 02:02:32.570942 2026] [php:error] [pid 75196] [client 52.231.70.237:0] script '/domains/druckrey/admin.php' not found or unable to stat
[Tue Mar 03 02:02:32.770882 2026] [php:error] [pid 75196] [client 52.231.70.237:0] script '/domains/druckrey/adminfuns.php' not found or unable to stat
[Tue Mar 03 02:02:32.970396 2026] [php:error] [pid 75196] [client 52.231.70.237:0] script '/domains/druckrey/bless.php' not found or unable to stat
[Tue Mar 03 02:02:33.170122 2026] [php:error] [pid 75196] [client 52.231.70.237:0] script '/domains/druckrey/bolt.php' not found or unable to stat
[Tue Mar 03 02:02:33.369839 2026] [php:error] [pid 75196] [client 52.231.70.237:0] script '/domains/druckrey/ccou.php' not found or unable to stat
[Tue Mar 03 02:02:33.570494 2026] [php:error] [pid 75196] [client 52.231.70.237:0] script '/domains/druckrey/class-t.api.php' not found or unable to stat
[Tue Mar 03 02:02:33.746818 2026] [php:error] [pid 75203] [client 45.154.138.236:0] script '/domains/system_suspended/edit.php' not found or unable to stat
[Tue Mar 03 02:02:33.770306 2026] [php:error] [pid 75196] [client 52.231.70.237:0] script '/domains/druckrey/css.php' not found or unable to stat
[Tue Mar 03 02:02:34.183034 2026] [php:error] [pid 75196] [client 52.231.70.237:0] script '/domains/druckrey/edit.php' not found or unable to stat
[Tue Mar 03 02:02:34.383480 2026] [php:error] [pid 75196] [client 52.231.70.237:0] script '/domains/druckrey/fff.php' not found or unable to stat
[Tue Mar 03 02:02:34.482860 2026] [php:error] [pid 75203] [client 45.154.138.236:0] script '/domains/system_suspended/wp-links-opml.php' not found or unable to stat
[Tue Mar 03 02:02:34.582989 2026] [php:error] [pid 75196] [client 52.231.70.237:0] script '/domains/druckrey/file.php' not found or unable to stat
[Tue Mar 03 02:02:34.782391 2026] [php:error] [pid 75196] [client 52.231.70.237:0] script '/domains/druckrey/fx.php' not found or unable to stat
[Tue Mar 03 02:02:34.982037 2026] [php:error] [pid 75196] [client 52.231.70.237:0] script '/domains/druckrey/info.php' not found or unable to stat
[Tue Mar 03 02:02:35.182059 2026] [php:error] [pid 75196] [client 52.231.70.237:0] script '/domains/druckrey/ioxi-o.php' not found or unable to stat
[Tue Mar 03 02:02:35.283470 2026] [php:error] [pid 75203] [client 45.154.138.236:0] script '/domains/system_suspended/atomlib.php' not found or unable to stat
[Tue Mar 03 02:02:35.386183 2026] [php:error] [pid 75196] [client 52.231.70.237:0] script '/domains/druckrey/rip.php' not found or unable to stat
[Tue Mar 03 02:02:35.585738 2026] [php:error] [pid 75196] [client 52.231.70.237:0] script '/domains/druckrey/server.php' not found or unable to stat
[Tue Mar 03 02:02:35.785448 2026] [php:error] [pid 75196] [client 52.231.70.237:0] script '/domains/druckrey/wp-blog.php' not found or unable to stat
[Tue Mar 03 02:02:36.983449 2026] [php:error] [pid 75196] [client 52.231.70.237:0] script '/domains/druckrey/wp-editor.php' not found or unable to stat
[Tue Mar 03 02:02:36.995148 2026] [php:error] [pid 75203] [client 45.154.138.236:0] script '/domains/system_suspended/xp.php' not found or unable to stat
[Tue Mar 03 02:02:37.652586 2026] [php:error] [pid 75203] [client 45.154.138.236:0] script '/domains/system_suspended/wp-links.php' not found or unable to stat
[Tue Mar 03 02:02:38.071154 2026] [php:error] [pid 75196] [client 52.231.70.237:0] script '/domains/druckrey/wp.php' not found or unable to stat
[Tue Mar 03 02:02:38.270946 2026] [php:error] [pid 75196] [client 52.231.70.237:0] script '/domains/druckrey/x.php' not found or unable to stat
[Tue Mar 03 02:02:40.386685 2026] [php:error] [pid 75203] [client 45.154.138.236:0] script '/domains/system_suspended/moon.php' not found or unable to stat
[Tue Mar 03 02:02:41.473207 2026] [php:error] [pid 75203] [client 45.154.138.236:0] script '/domains/system_suspended/webadmin.php' not found or unable to stat
[Tue Mar 03 02:02:42.095358 2026] [php:error] [pid 75203] [client 45.154.138.236:0] script '/domains/system_suspended/xl2023.php' not found or unable to stat
[Tue Mar 03 02:02:42.335011 2026] [php:error] [pid 75203] [client 45.154.138.236:0] script '/domains/system_suspended/go.php' not found or unable to stat
[Tue Mar 03 02:02:47.575728 2026] [php:error] [pid 75203] [client 45.154.138.236:0] script '/domains/system_suspended/hehehehe.php' not found or unable to stat
[Tue Mar 03 02:02:50.834412 2026] [php:error] [pid 75211] [client 134.149.59.124:0] script '/domains/pauljbrock/vv.php' not found or unable to stat
[Tue Mar 03 02:02:50.907337 2026] [php:error] [pid 75211] [client 134.149.59.124:0] script '/domains/pauljbrock/fff.php' not found or unable to stat
[Tue Mar 03 02:02:50.979697 2026] [php:error] [pid 75211] [client 134.149.59.124:0] script '/domains/pauljbrock/wp-scxy.php' not found or unable to stat
[Tue Mar 03 02:02:51.052595 2026] [php:error] [pid 75211] [client 134.149.59.124:0] script '/domains/pauljbrock/ccou1.php' not found or unable to stat
[Tue Mar 03 02:02:51.125118 2026] [php:error] [pid 75211] [client 134.149.59.124:0] script '/domains/pauljbrock/wp-the1.php' not found or unable to stat
[Tue Mar 03 02:02:51.197615 2026] [php:error] [pid 75211] [client 134.149.59.124:0] script '/domains/pauljbrock/reyna.php' not found or unable to stat
[Tue Mar 03 02:02:54.818837 2026] [php:error] [pid 75190] [client 45.154.138.240:0] script '/domains/system_suspended/byp.php' not found or unable to stat
[Tue Mar 03 02:02:56.779221 2026] [php:error] [pid 75190] [client 45.154.138.240:0] script '/domains/system_suspended/class.api.php' not found or unable to stat
[Tue Mar 03 02:02:57.454361 2026] [php:error] [pid 75190] [client 45.154.138.240:0] script '/domains/system_suspended/system_log.php' not found or unable to stat
[Tue Mar 03 02:02:57.752310 2026] [php:error] [pid 75190] [client 45.154.138.240:0] script '/domains/system_suspended/.alf.php' not found or unable to stat
[Tue Mar 03 02:02:57.951850 2026] [php:error] [pid 75190] [client 45.154.138.240:0] script '/domains/system_suspended/wso.php' not found or unable to stat
[Tue Mar 03 02:02:58.465363 2026] [php:error] [pid 75190] [client 45.154.138.240:0] script '/domains/system_suspended/flower.php' not found or unable to stat
[Tue Mar 03 02:02:59.392193 2026] [php:error] [pid 75190] [client 45.154.138.240:0] script '/domains/system_suspended/ioxi-o.php' not found or unable to stat
[Tue Mar 03 02:02:59.682874 2026] [php:error] [pid 75190] [client 45.154.138.240:0] script '/domains/system_suspended/info.php' not found or unable to stat
[Tue Mar 03 02:02:59.925403 2026] [php:error] [pid 75190] [client 45.154.138.240:0] script '/domains/system_suspended/setup.php' not found or unable to stat
[Tue Mar 03 02:03:01.107625 2026] [php:error] [pid 75190] [client 45.154.138.240:0] script '/domains/system_suspended/as.php' not found or unable to stat
[Tue Mar 03 02:03:01.326914 2026] [php:error] [pid 75190] [client 45.154.138.240:0] script '/domains/system_suspended/cc.php' not found or unable to stat
[Tue Mar 03 02:03:01.740000 2026] [php:error] [pid 75190] [client 45.154.138.240:0] script '/domains/system_suspended/ab.php' not found or unable to stat
[Tue Mar 03 02:03:02.465992 2026] [php:error] [pid 75190] [client 45.154.138.240:0] script '/domains/system_suspended/doc.php' not found or unable to stat
[Tue Mar 03 02:03:03.201549 2026] [php:error] [pid 75190] [client 45.154.138.240:0] script '/domains/system_suspended/wp-login.php' not found or unable to stat
[Tue Mar 03 02:03:03.413237 2026] [php:error] [pid 75190] [client 45.154.138.240:0] script '/domains/system_suspended/mar.php' not found or unable to stat
[Tue Mar 03 02:03:04.079193 2026] [php:error] [pid 75190] [client 45.154.138.240:0] script '/domains/system_suspended/1.php' not found or unable to stat
[Tue Mar 03 02:03:05.875408 2026] [php:error] [pid 75190] [client 45.154.138.240:0] script '/domains/system_suspended/fm.php' not found or unable to stat
[Tue Mar 03 02:03:06.855531 2026] [php:error] [pid 75190] [client 45.154.138.240:0] script '/domains/system_suspended/ini.php' not found or unable to stat
[Tue Mar 03 02:03:09.458822 2026] [php:error] [pid 75227] [client 45.154.138.250:0] script '/domains/system_suspended/wp-content.php' not found or unable to stat
[Tue Mar 03 02:03:10.684459 2026] [php:error] [pid 75227] [client 45.154.138.250:0] script '/domains/system_suspended/customize.php' not found or unable to stat
[Tue Mar 03 02:03:11.372291 2026] [php:error] [pid 75227] [client 45.154.138.250:0] script '/domains/system_suspended/license.php' not found or unable to stat
[Tue Mar 03 02:03:11.848417 2026] [php:error] [pid 75227] [client 45.154.138.250:0] script '/domains/system_suspended/lock.php' not found or unable to stat
[Tue Mar 03 02:03:14.312230 2026] [php:error] [pid 75227] [client 45.154.138.250:0] script '/domains/system_suspended/wp-good.php' not found or unable to stat
[Tue Mar 03 02:03:16.775614 2026] [php:error] [pid 75227] [client 45.154.138.250:0] script '/domains/system_suspended/ff2.php' not found or unable to stat
[Tue Mar 03 02:03:17.889180 2026] [php:error] [pid 75227] [client 45.154.138.250:0] script '/domains/system_suspended/jp.php' not found or unable to stat
[Tue Mar 03 02:03:18.227135 2026] [php:error] [pid 75227] [client 45.154.138.250:0] script '/domains/system_suspended/wp-atom.php' not found or unable to stat
[Tue Mar 03 02:03:18.783689 2026] [php:error] [pid 75227] [client 45.154.138.250:0] script '/domains/system_suspended/up.php' not found or unable to stat
[Tue Mar 03 02:03:20.480596 2026] [php:error] [pid 75227] [client 45.154.138.250:0] script '/domains/system_suspended/worm.PhP' not found or unable to stat
[Tue Mar 03 02:03:20.696945 2026] [php:error] [pid 75227] [client 45.154.138.250:0] script '/domains/system_suspended/ext.php' not found or unable to stat
[Tue Mar 03 02:03:20.935189 2026] [php:error] [pid 75227] [client 45.154.138.250:0] script '/domains/system_suspended/delpaths.php' not found or unable to stat
[Tue Mar 03 02:03:22.738353 2026] [php:error] [pid 75227] [client 45.154.138.250:0] script '/domains/system_suspended/gifclass.php' not found or unable to stat
[Tue Mar 03 02:03:23.030523 2026] [php:error] [pid 75227] [client 45.154.138.250:0] script '/domains/system_suspended/plugin.php' not found or unable to stat
[Tue Mar 03 02:03:23.450765 2026] [php:error] [pid 75227] [client 45.154.138.250:0] script '/domains/system_suspended/update-core.php' not found or unable to stat
[Tue Mar 03 02:03:23.981034 2026] [php:error] [pid 75227] [client 45.154.138.250:0] script '/domains/system_suspended/wp-mail.php' not found or unable to stat
[Tue Mar 03 02:03:26.663936 2026] [php:error] [pid 75225] [client 45.154.138.180:0] script '/domains/system_suspended/aa.php' not found or unable to stat
[Tue Mar 03 02:03:26.895845 2026] [php:error] [pid 75225] [client 45.154.138.180:0] script '/domains/system_suspended/index2.php' not found or unable to stat
[Tue Mar 03 02:03:28.171748 2026] [php:error] [pid 75225] [client 45.154.138.180:0] script '/domains/system_suspended/shell.php' not found or unable to stat
[Tue Mar 03 02:03:29.395295 2026] [php:error] [pid 75225] [client 45.154.138.180:0] script '/domains/system_suspended/hehe.php' not found or unable to stat
[Tue Mar 03 02:03:30.112168 2026] [php:error] [pid 75225] [client 45.154.138.180:0] script '/domains/system_suspended/dir.php' not found or unable to stat
[Tue Mar 03 02:03:31.023313 2026] [php:error] [pid 75225] [client 45.154.138.180:0] script '/domains/system_suspended/nf_tracking.php' not found or unable to stat
[Tue Mar 03 02:03:31.575301 2026] [php:error] [pid 75225] [client 45.154.138.180:0] script '/domains/system_suspended/filefuns.php' not found or unable to stat
[Tue Mar 03 02:03:32.071946 2026] [php:error] [pid 75225] [client 45.154.138.180:0] script '/domains/system_suspended/l.php' not found or unable to stat
[Tue Mar 03 02:03:32.307544 2026] [php:error] [pid 75225] [client 45.154.138.180:0] script '/domains/system_suspended/repeater.php' not found or unable to stat
[Tue Mar 03 02:03:33.014884 2026] [php:error] [pid 75225] [client 45.154.138.180:0] script '/domains/system_suspended/contacts.php' not found or unable to stat
[Tue Mar 03 02:03:33.222450 2026] [php:error] [pid 75225] [client 45.154.138.180:0] script '/domains/system_suspended/wsa.php' not found or unable to stat
[Tue Mar 03 02:03:34.422304 2026] [php:error] [pid 75225] [client 45.154.138.180:0] script '/domains/system_suspended/lv.php' not found or unable to stat
[Tue Mar 03 02:03:37.839499 2026] [php:error] [pid 75227] [client 45.154.138.197:0] script '/domains/system_suspended/tox.php' not found or unable to stat
[Tue Mar 03 02:03:38.813914 2026] [php:error] [pid 75227] [client 45.154.138.197:0] script '/domains/system_suspended/tiny.php' not found or unable to stat
[Tue Mar 03 02:03:39.308913 2026] [php:error] [pid 75227] [client 45.154.138.197:0] script '/domains/system_suspended/themes.php' not found or unable to stat
[Tue Mar 03 02:03:39.541457 2026] [php:error] [pid 75227] [client 45.154.138.197:0] script '/domains/system_suspended/wp-themes.php' not found or unable to stat
[Tue Mar 03 02:03:40.180910 2026] [php:error] [pid 75227] [client 45.154.138.197:0] script '/domains/system_suspended/mariju.php' not found or unable to stat
[Tue Mar 03 02:03:40.813642 2026] [php:error] [pid 75227] [client 45.154.138.197:0] script '/domains/system_suspended/waf_defender.php' not found or unable to stat
[Tue Mar 03 02:03:41.322439 2026] [php:error] [pid 75227] [client 45.154.138.197:0] script '/domains/system_suspended/av.php' not found or unable to stat
[Tue Mar 03 02:03:43.601888 2026] [php:error] [pid 75222] [client 181.215.94.2:0] script '/domains/system_suspended/theme.php' not found or unable to stat
[Tue Mar 03 02:03:44.369646 2026] [php:error] [pid 75222] [client 181.215.94.2:0] script '/domains/system_suspended/Simple.php' not found or unable to stat
[Tue Mar 03 02:03:45.735454 2026] [php:error] [pid 75224] [client 20.63.96.50:0] script '/domains/king1969/xxxx.php' not found or unable to stat
[Tue Mar 03 02:03:45.775910 2026] [php:error] [pid 75224] [client 20.63.96.50:0] script '/domains/king1969/sbhu.php' not found or unable to stat
[Tue Mar 03 02:03:45.845346 2026] [php:error] [pid 75224] [client 20.63.96.50:0] script '/domains/king1969/gettest.php' not found or unable to stat
[Tue Mar 03 02:03:45.879241 2026] [php:error] [pid 75224] [client 20.63.96.50:0] script '/domains/king1969/ayk.php' not found or unable to stat
[Tue Mar 03 02:03:45.912909 2026] [php:error] [pid 75224] [client 20.63.96.50:0] script '/domains/king1969/wp-setting.php' not found or unable to stat
[Tue Mar 03 02:03:45.947565 2026] [php:error] [pid 75224] [client 20.63.96.50:0] script '/domains/king1969/fleen.php' not found or unable to stat
[Tue Mar 03 02:03:45.984693 2026] [php:error] [pid 75224] [client 20.63.96.50:0] script '/domains/king1969/install.php' not found or unable to stat
[Tue Mar 03 02:03:46.018979 2026] [php:error] [pid 75224] [client 20.63.96.50:0] script '/domains/king1969/add.php' not found or unable to stat
[Tue Mar 03 02:03:46.064669 2026] [php:error] [pid 75224] [client 20.63.96.50:0] script '/domains/king1969/path.php' not found or unable to stat
[Tue Mar 03 02:03:46.099106 2026] [php:error] [pid 75224] [client 20.63.96.50:0] script '/domains/king1969/my.php' not found or unable to stat
[Tue Mar 03 02:03:46.132894 2026] [php:error] [pid 75224] [client 20.63.96.50:0] script '/domains/king1969/we.php' not found or unable to stat
[Tue Mar 03 02:03:46.166552 2026] [php:error] [pid 75224] [client 20.63.96.50:0] script '/domains/king1969/acp.php' not found or unable to stat
[Tue Mar 03 02:03:46.210566 2026] [php:error] [pid 75224] [client 20.63.96.50:0] script '/domains/king1969/f6.php' not found or unable to stat
[Tue Mar 03 02:03:46.244557 2026] [php:error] [pid 75224] [client 20.63.96.50:0] script '/domains/king1969/akcc.php' not found or unable to stat
[Tue Mar 03 02:03:46.336239 2026] [php:error] [pid 75224] [client 20.63.96.50:0] script '/domains/king1969/0x.php' not found or unable to stat
[Tue Mar 03 02:03:46.370064 2026] [php:error] [pid 75224] [client 20.63.96.50:0] script '/domains/king1969/chosen.php' not found or unable to stat
[Tue Mar 03 02:03:46.407153 2026] [php:error] [pid 75224] [client 20.63.96.50:0] script '/domains/king1969/cwclass.php' not found or unable to stat
[Tue Mar 03 02:03:46.484024 2026] [php:error] [pid 75224] [client 20.63.96.50:0] script '/domains/king1969/X57.php' not found or unable to stat
[Tue Mar 03 02:03:46.518410 2026] [php:error] [pid 75224] [client 20.63.96.50:0] script '/domains/king1969/autoload_classmap.php' not found or unable to stat
[Tue Mar 03 02:03:46.559159 2026] [php:error] [pid 75224] [client 20.63.96.50:0] script '/domains/king1969/wp-x.php' not found or unable to stat
[Tue Mar 03 02:03:46.593227 2026] [php:error] [pid 75224] [client 20.63.96.50:0] script '/domains/king1969/fff.php' not found or unable to stat
[Tue Mar 03 02:03:46.674036 2026] [php:error] [pid 75224] [client 20.63.96.50:0] script '/domains/king1969/txets.php' not found or unable to stat
[Tue Mar 03 02:03:46.719842 2026] [php:error] [pid 75224] [client 20.63.96.50:0] script '/domains/king1969/erty.php' not found or unable to stat
[Tue Mar 03 02:03:46.779553 2026] [php:error] [pid 75215] [client 45.154.138.244:0] script '/domains/system_suspended/small.php' not found or unable to stat
[Tue Mar 03 02:03:46.787288 2026] [php:error] [pid 75224] [client 20.63.96.50:0] script '/domains/king1969/pepe.php' not found or unable to stat
[Tue Mar 03 02:03:46.821519 2026] [php:error] [pid 75224] [client 20.63.96.50:0] script '/domains/king1969/f35.php' not found or unable to stat
[Tue Mar 03 02:03:46.855404 2026] [php:error] [pid 75224] [client 20.63.96.50:0] script '/domains/king1969/backup.php' not found or unable to stat
[Tue Mar 03 02:03:46.894142 2026] [php:error] [pid 75224] [client 20.63.96.50:0] script '/domains/king1969/god.php' not found or unable to stat
[Tue Mar 03 02:03:46.927949 2026] [php:error] [pid 75224] [client 20.63.96.50:0] script '/domains/king1969/b.php' not found or unable to stat
[Tue Mar 03 02:03:46.971748 2026] [php:error] [pid 75224] [client 20.63.96.50:0] script '/domains/king1969/t00l.php' not found or unable to stat
[Tue Mar 03 02:03:47.005380 2026] [php:error] [pid 75224] [client 20.63.96.50:0] script '/domains/king1969/ad2.php' not found or unable to stat
[Tue Mar 03 02:03:47.077543 2026] [php:error] [pid 75224] [client 20.63.96.50:0] script '/domains/king1969/goat.php' not found or unable to stat
[Tue Mar 03 02:03:47.150573 2026] [php:error] [pid 75224] [client 20.63.96.50:0] script '/domains/king1969/w3llstore.php' not found or unable to stat
[Tue Mar 03 02:03:47.193171 2026] [php:error] [pid 75224] [client 20.63.96.50:0] script '/domains/king1969/1a.php' not found or unable to stat
[Tue Mar 03 02:03:47.222119 2026] [php:error] [pid 75215] [client 45.154.138.244:0] script '/domains/system_suspended/NewFile.php' not found or unable to stat
[Tue Mar 03 02:03:47.234382 2026] [php:error] [pid 75224] [client 20.63.96.50:0] script '/domains/king1969/aki.php' not found or unable to stat
[Tue Mar 03 02:03:47.268154 2026] [php:error] [pid 75224] [client 20.63.96.50:0] script '/domains/king1969/simple.php' not found or unable to stat
[Tue Mar 03 02:03:47.313060 2026] [php:error] [pid 75224] [client 20.63.96.50:0] script '/domains/king1969/ws66.php' not found or unable to stat
[Tue Mar 03 02:03:47.411760 2026] [php:error] [pid 75224] [client 20.63.96.50:0] script '/domains/king1969/item.php' not found or unable to stat
[Tue Mar 03 02:03:47.445558 2026] [php:error] [pid 75224] [client 20.63.96.50:0] script '/domains/king1969/ww.php' not found or unable to stat
[Tue Mar 03 02:03:47.559454 2026] [php:error] [pid 75224] [client 20.63.96.50:0] script '/domains/king1969/ftyude.php' not found or unable to stat
[Tue Mar 03 02:03:47.613799 2026] [php:error] [pid 75224] [client 20.63.96.50:0] script '/domains/king1969/mh.php' not found or unable to stat
[Tue Mar 03 02:03:47.648770 2026] [php:error] [pid 75215] [client 45.154.138.244:0] script '/domains/system_suspended/error.php' not found or unable to stat
[Tue Mar 03 02:03:47.832650 2026] [php:error] [pid 75224] [client 20.63.96.50:0] script '/domains/king1969/1.php' not found or unable to stat
[Tue Mar 03 02:03:48.035746 2026] [php:error] [pid 75224] [client 20.63.96.50:0] script '/domains/king1969/edit.php' not found or unable to stat
[Tue Mar 03 02:03:48.122410 2026] [php:error] [pid 75224] [client 20.63.96.50:0] script '/domains/king1969/pp.php' not found or unable to stat
[Tue Mar 03 02:03:48.200873 2026] [php:error] [pid 75224] [client 20.63.96.50:0] script '/domains/king1969/sxdfrt.php' not found or unable to stat
[Tue Mar 03 02:03:48.245286 2026] [php:error] [pid 75224] [client 20.63.96.50:0] script '/domains/king1969/yas.php' not found or unable to stat
[Tue Mar 03 02:03:48.280343 2026] [php:error] [pid 75224] [client 20.63.96.50:0] script '/domains/king1969/info.php' not found or unable to stat
[Tue Mar 03 02:03:48.388243 2026] [php:error] [pid 75224] [client 20.63.96.50:0] script '/domains/king1969/lp6.php' not found or unable to stat
[Tue Mar 03 02:03:48.455943 2026] [php:error] [pid 75224] [client 20.63.96.50:0] script '/domains/king1969/bgymj.php' not found or unable to stat
[Tue Mar 03 02:03:48.582496 2026] [php:error] [pid 75215] [client 45.154.138.244:0] script '/domains/system_suspended/wp-files.php' not found or unable to stat
[Tue Mar 03 02:03:48.585315 2026] [php:error] [pid 75224] [client 20.63.96.50:0] script '/domains/king1969/8.php' not found or unable to stat
[Tue Mar 03 02:03:48.625965 2026] [php:error] [pid 75224] [client 20.63.96.50:0] script '/domains/king1969/bolt.php' not found or unable to stat
[Tue Mar 03 02:03:48.700591 2026] [php:error] [pid 75224] [client 20.63.96.50:0] script '/domains/king1969/666.php' not found or unable to stat
[Tue Mar 03 02:03:48.734465 2026] [php:error] [pid 75224] [client 20.63.96.50:0] script '/domains/king1969/moshou.php' not found or unable to stat
[Tue Mar 03 02:03:48.876609 2026] [php:error] [pid 75215] [client 45.154.138.244:0] script '/domains/system_suspended/functions.php' not found or unable to stat
[Tue Mar 03 02:03:48.934064 2026] [php:error] [pid 75224] [client 20.63.96.50:0] script '/domains/king1969/jga.php' not found or unable to stat
[Tue Mar 03 02:03:48.969074 2026] [php:error] [pid 75224] [client 20.63.96.50:0] script '/domains/king1969/Jcrop.php' not found or unable to stat
[Tue Mar 03 02:03:49.102908 2026] [php:error] [pid 75224] [client 20.63.96.50:0] script '/domains/king1969/aa.php' not found or unable to stat
[Tue Mar 03 02:03:49.525160 2026] [php:error] [pid 75224] [client 20.63.96.50:0] script '/domains/king1969/ff1.php' not found or unable to stat
[Tue Mar 03 02:03:49.572724 2026] [php:error] [pid 75224] [client 20.63.96.50:0] script '/domains/king1969/wp-the.php' not found or unable to stat
[Tue Mar 03 02:03:49.606396 2026] [php:error] [pid 75224] [client 20.63.96.50:0] script '/domains/king1969/pass4.php' not found or unable to stat
[Tue Mar 03 02:03:49.640675 2026] [php:error] [pid 75224] [client 20.63.96.50:0] script '/domains/king1969/C1.php' not found or unable to stat
[Tue Mar 03 02:03:49.674392 2026] [php:error] [pid 75224] [client 20.63.96.50:0] script '/domains/king1969/gi.php' not found or unable to stat
[Tue Mar 03 02:03:49.708778 2026] [php:error] [pid 75224] [client 20.63.96.50:0] script '/domains/king1969/tkllu.php' not found or unable to stat
[Tue Mar 03 02:03:49.742728 2026] [php:error] [pid 75224] [client 20.63.96.50:0] script '/domains/king1969/fetch.php' not found or unable to stat
[Tue Mar 03 02:03:49.776977 2026] [php:error] [pid 75224] [client 20.63.96.50:0] script '/domains/king1969/66.php' not found or unable to stat
[Tue Mar 03 02:03:49.810823 2026] [php:error] [pid 75224] [client 20.63.96.50:0] script '/domains/king1969/1index.php' not found or unable to stat
[Tue Mar 03 02:03:50.258774 2026] [php:error] [pid 75224] [client 20.63.96.50:0] script '/domains/king1969/wander.php' not found or unable to stat
[Tue Mar 03 02:03:50.309062 2026] [php:error] [pid 75224] [client 20.63.96.50:0] script '/domains/king1969/makeasmtp.php' not found or unable to stat
[Tue Mar 03 02:03:50.343079 2026] [php:error] [pid 75224] [client 20.63.96.50:0] script '/domains/king1969/xtsr.php' not found or unable to stat
[Tue Mar 03 02:03:50.376988 2026] [php:error] [pid 75224] [client 20.63.96.50:0] script '/domains/king1969/Masks.php' not found or unable to stat
[Tue Mar 03 02:03:50.427494 2026] [php:error] [pid 75224] [client 20.63.96.50:0] script '/domains/king1969/Geforce.php' not found or unable to stat
[Tue Mar 03 02:03:50.461732 2026] [php:error] [pid 75224] [client 20.63.96.50:0] script '/domains/king1969/jb33.php' not found or unable to stat
[Tue Mar 03 02:03:50.502083 2026] [php:error] [pid 75224] [client 20.63.96.50:0] script '/domains/king1969/vogme.php' not found or unable to stat
[Tue Mar 03 02:03:50.535842 2026] [php:error] [pid 75224] [client 20.63.96.50:0] script '/domains/king1969/grsiuk.php' not found or unable to stat
[Tue Mar 03 02:03:50.601427 2026] [php:error] [pid 75224] [client 20.63.96.50:0] script '/domains/king1969/inege.php' not found or unable to stat
[Tue Mar 03 02:03:50.645004 2026] [php:error] [pid 75215] [client 45.154.138.244:0] script '/domains/system_suspended/aks.php' not found or unable to stat
[Tue Mar 03 02:03:50.659854 2026] [php:error] [pid 75224] [client 20.63.96.50:0] script '/domains/king1969/global.php' not found or unable to stat
[Tue Mar 03 02:03:50.696661 2026] [php:error] [pid 75224] [client 20.63.96.50:0] script '/domains/king1969/As.php' not found or unable to stat
[Tue Mar 03 02:03:50.747194 2026] [php:error] [pid 75224] [client 20.63.96.50:0] script '/domains/king1969/btx25.php' not found or unable to stat
[Tue Mar 03 02:03:50.781118 2026] [php:error] [pid 75224] [client 20.63.96.50:0] script '/domains/king1969/advanc.php' not found or unable to stat
[Tue Mar 03 02:03:50.837632 2026] [php:error] [pid 75224] [client 20.63.96.50:0] script '/domains/king1969/ahgag.php' not found or unable to stat
[Tue Mar 03 02:03:50.871509 2026] [php:error] [pid 75224] [client 20.63.96.50:0] script '/domains/king1969/yoawv.php' not found or unable to stat
[Tue Mar 03 02:03:50.884040 2026] [php:error] [pid 75215] [client 45.154.138.244:0] script '/domains/system_suspended/litespeed.php' not found or unable to stat
[Tue Mar 03 02:03:50.920594 2026] [php:error] [pid 75224] [client 20.63.96.50:0] script '/domains/king1969/xogve.php' not found or unable to stat
[Tue Mar 03 02:03:50.955196 2026] [php:error] [pid 75224] [client 20.63.96.50:0] script '/domains/king1969/lp5.php' not found or unable to stat
[Tue Mar 03 02:03:50.992436 2026] [php:error] [pid 75224] [client 20.63.96.50:0] script '/domains/king1969/torsa1.php' not found or unable to stat
[Tue Mar 03 02:03:51.042853 2026] [php:error] [pid 75224] [client 20.63.96.50:0] script '/domains/king1969/an7.php' not found or unable to stat
[Tue Mar 03 02:03:51.076820 2026] [php:error] [pid 75224] [client 20.63.96.50:0] script '/domains/king1969/clcdu.php' not found or unable to stat
[Tue Mar 03 02:03:51.110777 2026] [php:error] [pid 75224] [client 20.63.96.50:0] script '/domains/king1969/uxijj.php' not found or unable to stat
[Tue Mar 03 02:03:51.166326 2026] [php:error] [pid 75224] [client 20.63.96.50:0] script '/domains/king1969/rkiea.php' not found or unable to stat
[Tue Mar 03 02:03:51.639744 2026] [php:error] [pid 75215] [client 45.154.138.244:0] script '/domains/system_suspended/wpn.php' not found or unable to stat
[Tue Mar 03 02:03:52.067639 2026] [php:error] [pid 75218] [client 20.63.96.50:0] script '/domains/king1969/resp.php' not found or unable to stat
[Tue Mar 03 02:03:52.126511 2026] [php:error] [pid 75218] [client 20.63.96.50:0] script '/domains/king1969/ppxhp.php' not found or unable to stat
[Tue Mar 03 02:03:52.164716 2026] [php:error] [pid 75218] [client 20.63.96.50:0] script '/domains/king1969/fs7.php' not found or unable to stat
[Tue Mar 03 02:03:52.198495 2026] [php:error] [pid 75218] [client 20.63.96.50:0] script '/domains/king1969/an7.php' not found or unable to stat
[Tue Mar 03 02:03:52.238879 2026] [php:error] [pid 75218] [client 20.63.96.50:0] script '/domains/king1969/yclby.php' not found or unable to stat
[Tue Mar 03 02:03:52.272657 2026] [php:error] [pid 75218] [client 20.63.96.50:0] script '/domains/king1969/100.kb.php' not found or unable to stat
[Tue Mar 03 02:03:52.306920 2026] [php:error] [pid 75218] [client 20.63.96.50:0] script '/domains/king1969/gec.php' not found or unable to stat
[Tue Mar 03 02:03:52.420106 2026] [php:error] [pid 75218] [client 20.63.96.50:0] script '/domains/king1969/zwq13.php' not found or unable to stat
[Tue Mar 03 02:03:52.473160 2026] [php:error] [pid 75218] [client 20.63.96.50:0] script '/domains/king1969/wqqs.php' not found or unable to stat
[Tue Mar 03 02:03:52.570104 2026] [php:error] [pid 75218] [client 20.63.96.50:0] script '/domains/king1969/wp_wlx.php' not found or unable to stat
[Tue Mar 03 02:03:52.603945 2026] [php:error] [pid 75218] [client 20.63.96.50:0] script '/domains/king1969/trx24.php' not found or unable to stat
[Tue Mar 03 02:03:52.640637 2026] [php:error] [pid 75218] [client 20.63.96.50:0] script '/domains/king1969/x123x.php' not found or unable to stat
[Tue Mar 03 02:03:52.674518 2026] [php:error] [pid 75218] [client 20.63.96.50:0] script '/domains/king1969/nc4.php' not found or unable to stat
[Tue Mar 03 02:03:52.711290 2026] [php:error] [pid 75218] [client 20.63.96.50:0] script '/domains/king1969/Ov-Simple1.php' not found or unable to stat
[Tue Mar 03 02:03:52.784929 2026] [php:error] [pid 75218] [client 20.63.96.50:0] script '/domains/king1969/xex.php' not found or unable to stat
[Tue Mar 03 02:03:52.818903 2026] [php:error] [pid 75218] [client 20.63.96.50:0] script '/domains/king1969/wp-file.php' not found or unable to stat
[Tue Mar 03 02:03:52.860376 2026] [php:error] [pid 75218] [client 20.63.96.50:0] script '/domains/king1969/wdf.php' not found or unable to stat
[Tue Mar 03 02:03:52.897757 2026] [php:error] [pid 75218] [client 20.63.96.50:0] script '/domains/king1969/ticket.php' not found or unable to stat
[Tue Mar 03 02:03:52.937988 2026] [php:error] [pid 75218] [client 20.63.96.50:0] script '/domains/king1969/state.php' not found or unable to stat
[Tue Mar 03 02:03:52.971801 2026] [php:error] [pid 75218] [client 20.63.96.50:0] script '/domains/king1969/403.php' not found or unable to stat
[Tue Mar 03 02:03:53.005953 2026] [php:error] [pid 75218] [client 20.63.96.50:0] script '/domains/king1969/xy.php' not found or unable to stat
[Tue Mar 03 02:03:53.045041 2026] [php:error] [pid 75218] [client 20.63.96.50:0] script '/domains/king1969/tool.php' not found or unable to stat
[Tue Mar 03 02:03:53.097628 2026] [php:error] [pid 75218] [client 20.63.96.50:0] script '/domains/king1969/wpls.php' not found or unable to stat
[Tue Mar 03 02:03:53.131530 2026] [php:error] [pid 75218] [client 20.63.96.50:0] script '/domains/king1969/mjq.php' not found or unable to stat
[Tue Mar 03 02:03:53.167036 2026] [php:error] [pid 75218] [client 20.63.96.50:0] script '/domains/king1969/wp-4doption1.php' not found or unable to stat
[Tue Mar 03 02:03:53.201335 2026] [php:error] [pid 75218] [client 20.63.96.50:0] script '/domains/king1969/img.php' not found or unable to stat
[Tue Mar 03 02:04:02.799640 2026] [php:error] [pid 75230] [client 45.154.138.175:0] script '/domains/system_suspended/Sanskrit.php' not found or unable to stat
[Tue Mar 03 02:04:03.020291 2026] [php:error] [pid 75230] [client 45.154.138.175:0] script '/domains/system_suspended/wp-fmfile.php' not found or unable to stat
[Tue Mar 03 02:04:04.267405 2026] [php:error] [pid 75230] [client 45.154.138.175:0] script '/domains/system_suspended/memberfuns.php' not found or unable to stat
[Tue Mar 03 02:04:04.473216 2026] [php:error] [pid 75230] [client 45.154.138.175:0] script '/domains/system_suspended/infos.php' not found or unable to stat
