[Tue Mar 03 00:53:30.194040 2026] [php:error] [pid 74371] [client 20.151.11.236:0] script '/domains/homesbyaudrey1/gifclass.php' not found or unable to stat
[Tue Mar 03 00:53:30.364859 2026] [php:error] [pid 74371] [client 20.151.11.236:0] script '/domains/homesbyaudrey1/sc.php' not found or unable to stat
[Tue Mar 03 00:53:30.398780 2026] [php:error] [pid 74371] [client 20.151.11.236:0] script '/domains/homesbyaudrey1/xmlrpc.php' not found or unable to stat
[Tue Mar 03 00:53:30.432598 2026] [php:error] [pid 74371] [client 20.151.11.236:0] script '/domains/homesbyaudrey1/ol.php' not found or unable to stat
[Tue Mar 03 00:53:30.466335 2026] [php:error] [pid 74371] [client 20.151.11.236:0] script '/domains/homesbyaudrey1/f6.php' not found or unable to stat
[Tue Mar 03 00:53:30.500677 2026] [php:error] [pid 74371] [client 20.151.11.236:0] script '/domains/homesbyaudrey1/inputs.php' not found or unable to stat
[Tue Mar 03 00:53:30.534763 2026] [php:error] [pid 74371] [client 20.151.11.236:0] script '/domains/homesbyaudrey1/style.php' not found or unable to stat
[Tue Mar 03 00:53:30.569213 2026] [php:error] [pid 74371] [client 20.151.11.236:0] script '/domains/homesbyaudrey1/bgymj.php' not found or unable to stat
[Tue Mar 03 00:53:30.603487 2026] [php:error] [pid 74371] [client 20.151.11.236:0] script '/domains/homesbyaudrey1/aa.php' not found or unable to stat
[Tue Mar 03 00:53:30.638741 2026] [php:error] [pid 74371] [client 20.151.11.236:0] script '/domains/homesbyaudrey1/1.php' not found or unable to stat
[Tue Mar 03 00:53:30.672533 2026] [php:error] [pid 74371] [client 20.151.11.236:0] script '/domains/homesbyaudrey1/sc.php' not found or unable to stat
[Tue Mar 03 00:53:30.706399 2026] [php:error] [pid 74371] [client 20.151.11.236:0] script '/domains/homesbyaudrey1/av.php' not found or unable to stat
[Tue Mar 03 00:53:30.750098 2026] [php:error] [pid 74371] [client 20.151.11.236:0] script '/domains/homesbyaudrey1/file.php' not found or unable to stat
[Tue Mar 03 00:53:30.834378 2026] [php:error] [pid 74371] [client 20.151.11.236:0] script '/domains/homesbyaudrey1/666.php' not found or unable to stat
[Tue Mar 03 00:53:30.875753 2026] [php:error] [pid 74371] [client 20.151.11.236:0] script '/domains/homesbyaudrey1/file59.php' not found or unable to stat
[Tue Mar 03 00:53:30.909588 2026] [php:error] [pid 74371] [client 20.151.11.236:0] script '/domains/homesbyaudrey1/bless.php' not found or unable to stat
[Tue Mar 03 00:53:30.944277 2026] [php:error] [pid 74371] [client 20.151.11.236:0] script '/domains/homesbyaudrey1/wp9.php' not found or unable to stat
[Tue Mar 03 00:53:30.978206 2026] [php:error] [pid 74371] [client 20.151.11.236:0] script '/domains/homesbyaudrey1/wp-act.php' not found or unable to stat
[Tue Mar 03 00:53:31.012037 2026] [php:error] [pid 74371] [client 20.151.11.236:0] script '/domains/homesbyaudrey1/class-t.api.php' not found or unable to stat
[Tue Mar 03 00:53:31.045857 2026] [php:error] [pid 74371] [client 20.151.11.236:0] script '/domains/homesbyaudrey1/xqq.php' not found or unable to stat
[Tue Mar 03 00:53:31.113265 2026] [php:error] [pid 74371] [client 20.151.11.236:0] script '/domains/homesbyaudrey1/a.php' not found or unable to stat
[Tue Mar 03 00:53:31.154929 2026] [php:error] [pid 74371] [client 20.151.11.236:0] script '/domains/homesbyaudrey1/06.php' not found or unable to stat
[Tue Mar 03 00:53:31.190640 2026] [php:error] [pid 74371] [client 20.151.11.236:0] script '/domains/homesbyaudrey1/plss3.php' not found or unable to stat
[Tue Mar 03 00:53:31.225279 2026] [php:error] [pid 74371] [client 20.151.11.236:0] script '/domains/homesbyaudrey1/aaa.php' not found or unable to stat
[Tue Mar 03 00:53:31.259347 2026] [php:error] [pid 74371] [client 20.151.11.236:0] script '/domains/homesbyaudrey1/classwithtostring.php' not found or unable to stat
[Tue Mar 03 00:53:31.327122 2026] [php:error] [pid 74371] [client 20.151.11.236:0] script '/domains/homesbyaudrey1/tinyfilemanager.php' not found or unable to stat
[Tue Mar 03 00:53:31.370144 2026] [php:error] [pid 74371] [client 20.151.11.236:0] script '/domains/homesbyaudrey1/x.php' not found or unable to stat
[Tue Mar 03 00:53:31.405019 2026] [php:error] [pid 74371] [client 20.151.11.236:0] script '/domains/homesbyaudrey1/ms.php' not found or unable to stat
[Tue Mar 03 00:53:31.472060 2026] [php:error] [pid 74371] [client 20.151.11.236:0] script '/domains/homesbyaudrey1/wdf.php' not found or unable to stat
[Tue Mar 03 00:53:31.505950 2026] [php:error] [pid 74371] [client 20.151.11.236:0] script '/domains/homesbyaudrey1/wp-update.php' not found or unable to stat
[Tue Mar 03 00:53:31.541074 2026] [php:error] [pid 74371] [client 20.151.11.236:0] script '/domains/homesbyaudrey1/sbhu.php' not found or unable to stat
[Tue Mar 03 00:53:31.611667 2026] [php:error] [pid 74371] [client 20.151.11.236:0] script '/domains/homesbyaudrey1/wp-blog.php' not found or unable to stat
[Tue Mar 03 00:53:31.647798 2026] [php:error] [pid 74371] [client 20.151.11.236:0] script '/domains/homesbyaudrey1/test1.php' not found or unable to stat
[Tue Mar 03 00:53:31.716157 2026] [php:error] [pid 74371] [client 20.151.11.236:0] script '/domains/homesbyaudrey1/166.php' not found or unable to stat
[Tue Mar 03 00:53:31.750211 2026] [php:error] [pid 74371] [client 20.151.11.236:0] script '/domains/homesbyaudrey1/fleen.php' not found or unable to stat
[Tue Mar 03 00:53:31.819419 2026] [php:error] [pid 74371] [client 20.151.11.236:0] script '/domains/homesbyaudrey1/ms-edit.php' not found or unable to stat
[Tue Mar 03 00:53:31.853356 2026] [php:error] [pid 74371] [client 20.151.11.236:0] script '/domains/homesbyaudrey1/adminfuns.php' not found or unable to stat
[Tue Mar 03 00:53:31.896345 2026] [php:error] [pid 74371] [client 20.151.11.236:0] script '/domains/homesbyaudrey1/goods.php' not found or unable to stat
[Tue Mar 03 00:53:31.929998 2026] [php:error] [pid 74371] [client 20.151.11.236:0] script '/domains/homesbyaudrey1/ms-edit.php' not found or unable to stat
[Tue Mar 03 00:53:31.965252 2026] [php:error] [pid 74371] [client 20.151.11.236:0] script '/domains/homesbyaudrey1/222.php' not found or unable to stat
[Tue Mar 03 00:53:31.999039 2026] [php:error] [pid 74371] [client 20.151.11.236:0] script '/domains/homesbyaudrey1/plugins.php' not found or unable to stat
[Tue Mar 03 00:53:32.100956 2026] [php:error] [pid 74371] [client 20.151.11.236:0] script '/domains/homesbyaudrey1/ff1.php' not found or unable to stat
[Tue Mar 03 00:53:32.144543 2026] [php:error] [pid 74371] [client 20.151.11.236:0] script '/domains/homesbyaudrey1/fff.php' not found or unable to stat
[Tue Mar 03 00:53:32.215515 2026] [php:error] [pid 74371] [client 20.151.11.236:0] script '/domains/homesbyaudrey1/goat.php' not found or unable to stat
[Tue Mar 03 00:53:32.249419 2026] [php:error] [pid 74371] [client 20.151.11.236:0] script '/domains/homesbyaudrey1/155.php' not found or unable to stat
[Tue Mar 03 00:53:32.284407 2026] [php:error] [pid 74371] [client 20.151.11.236:0] script '/domains/homesbyaudrey1/we.php' not found or unable to stat
[Tue Mar 03 00:53:32.318024 2026] [php:error] [pid 74371] [client 20.151.11.236:0] script '/domains/homesbyaudrey1/alpha.php' not found or unable to stat
[Tue Mar 03 00:53:32.352051 2026] [php:error] [pid 74371] [client 20.151.11.236:0] script '/domains/homesbyaudrey1/makeasmtp.php' not found or unable to stat
[Tue Mar 03 00:53:32.423800 2026] [php:error] [pid 74376] [client 20.151.11.236:0] script '/domains/homesbyaudrey1/wp-michan.php' not found or unable to stat
[Tue Mar 03 00:53:32.491748 2026] [php:error] [pid 74376] [client 20.151.11.236:0] script '/domains/homesbyaudrey1/wp-the.php' not found or unable to stat
[Tue Mar 03 00:53:32.559909 2026] [php:error] [pid 74376] [client 20.151.11.236:0] script '/domains/homesbyaudrey1/BDKR28WP.php' not found or unable to stat
[Tue Mar 03 00:53:32.630197 2026] [php:error] [pid 74376] [client 20.151.11.236:0] script '/domains/homesbyaudrey1/wp.php' not found or unable to stat
[Tue Mar 03 00:53:32.702716 2026] [php:error] [pid 74376] [client 20.151.11.236:0] script '/domains/homesbyaudrey1/w4.php' not found or unable to stat
[Tue Mar 03 00:53:32.771011 2026] [php:error] [pid 74376] [client 20.151.11.236:0] script '/domains/homesbyaudrey1/ok.php' not found or unable to stat
[Tue Mar 03 00:53:32.811369 2026] [php:error] [pid 74376] [client 20.151.11.236:0] script '/domains/homesbyaudrey1/about.php' not found or unable to stat
[Tue Mar 03 00:53:32.849306 2026] [php:error] [pid 74376] [client 20.151.11.236:0] script '/domains/homesbyaudrey1/tymn.php' not found or unable to stat
[Tue Mar 03 00:53:32.886328 2026] [php:error] [pid 74376] [client 20.151.11.236:0] script '/domains/homesbyaudrey1/bak.php' not found or unable to stat
[Tue Mar 03 00:53:32.954622 2026] [php:error] [pid 74376] [client 20.151.11.236:0] script '/domains/homesbyaudrey1/fe5.php' not found or unable to stat
[Tue Mar 03 00:53:32.989460 2026] [php:error] [pid 74376] [client 20.151.11.236:0] script '/domains/homesbyaudrey1/kj.php' not found or unable to stat
[Tue Mar 03 00:53:33.061054 2026] [php:error] [pid 74376] [client 20.151.11.236:0] script '/domains/homesbyaudrey1/av.php' not found or unable to stat
[Tue Mar 03 00:53:33.097880 2026] [php:error] [pid 74376] [client 20.151.11.236:0] script '/domains/homesbyaudrey1/abcd.php' not found or unable to stat
[Tue Mar 03 00:53:33.137820 2026] [php:error] [pid 74376] [client 20.151.11.236:0] script '/domains/homesbyaudrey1/init.php' not found or unable to stat
[Tue Mar 03 00:53:33.172072 2026] [php:error] [pid 74376] [client 20.151.11.236:0] script '/domains/homesbyaudrey1/fi.php' not found or unable to stat
[Tue Mar 03 00:53:33.206110 2026] [php:error] [pid 74376] [client 20.151.11.236:0] script '/domains/homesbyaudrey1/a1.php' not found or unable to stat
[Tue Mar 03 00:53:33.309767 2026] [php:error] [pid 74376] [client 20.151.11.236:0] script '/domains/homesbyaudrey1/f35.php' not found or unable to stat
[Tue Mar 03 00:53:33.344280 2026] [php:error] [pid 74376] [client 20.151.11.236:0] script '/domains/homesbyaudrey1/hi.php' not found or unable to stat
[Tue Mar 03 00:53:33.378426 2026] [php:error] [pid 74376] [client 20.151.11.236:0] script '/domains/homesbyaudrey1/lala.php' not found or unable to stat
[Tue Mar 03 00:53:33.412386 2026] [php:error] [pid 74376] [client 20.151.11.236:0] script '/domains/homesbyaudrey1/lb.php' not found or unable to stat
[Tue Mar 03 00:53:33.480568 2026] [php:error] [pid 74376] [client 20.151.11.236:0] script '/domains/homesbyaudrey1/0.php' not found or unable to stat
[Tue Mar 03 00:53:33.515011 2026] [php:error] [pid 74376] [client 20.151.11.236:0] script '/domains/homesbyaudrey1/core.php' not found or unable to stat
[Tue Mar 03 00:53:33.548803 2026] [php:error] [pid 74376] [client 20.151.11.236:0] script '/domains/homesbyaudrey1/autogooey.php' not found or unable to stat
[Tue Mar 03 00:53:33.619397 2026] [php:error] [pid 74376] [client 20.151.11.236:0] script '/domains/homesbyaudrey1/prv8.php' not found or unable to stat
[Tue Mar 03 00:53:33.654433 2026] [php:error] [pid 74376] [client 20.151.11.236:0] script '/domains/homesbyaudrey1/k.php' not found or unable to stat
[Tue Mar 03 00:53:33.688240 2026] [php:error] [pid 74376] [client 20.151.11.236:0] script '/domains/homesbyaudrey1/dev.php' not found or unable to stat
[Tue Mar 03 00:53:33.722326 2026] [php:error] [pid 74376] [client 20.151.11.236:0] script '/domains/homesbyaudrey1/x123x.php' not found or unable to stat
[Tue Mar 03 00:53:33.756405 2026] [php:error] [pid 74376] [client 20.151.11.236:0] script '/domains/homesbyaudrey1/bal.php' not found or unable to stat
[Tue Mar 03 00:53:33.790616 2026] [php:error] [pid 74376] [client 20.151.11.236:0] script '/domains/homesbyaudrey1/in.php' not found or unable to stat
[Tue Mar 03 00:53:33.824749 2026] [php:error] [pid 74376] [client 20.151.11.236:0] script '/domains/homesbyaudrey1/gssdd.php' not found or unable to stat
[Tue Mar 03 00:53:33.860486 2026] [php:error] [pid 74376] [client 20.151.11.236:0] script '/domains/homesbyaudrey1/motu.php' not found or unable to stat
[Tue Mar 03 00:53:33.894435 2026] [php:error] [pid 74376] [client 20.151.11.236:0] script '/domains/homesbyaudrey1/bs1.php' not found or unable to stat
[Tue Mar 03 00:53:33.928462 2026] [php:error] [pid 74376] [client 20.151.11.236:0] script '/domains/homesbyaudrey1/bengi.php' not found or unable to stat
[Tue Mar 03 00:53:33.962637 2026] [php:error] [pid 74376] [client 20.151.11.236:0] script '/domains/homesbyaudrey1/log.php' not found or unable to stat
[Tue Mar 03 00:53:34.024313 2026] [php:error] [pid 74376] [client 20.151.11.236:0] script '/domains/homesbyaudrey1/miansha.php' not found or unable to stat
[Tue Mar 03 00:53:34.064827 2026] [php:error] [pid 74376] [client 20.151.11.236:0] script '/domains/homesbyaudrey1/erty.php' not found or unable to stat
[Tue Mar 03 00:53:34.135093 2026] [php:error] [pid 74376] [client 20.151.11.236:0] script '/domains/homesbyaudrey1/X57.php' not found or unable to stat
[Tue Mar 03 00:53:34.169514 2026] [php:error] [pid 74376] [client 20.151.11.236:0] script '/domains/homesbyaudrey1/axx.php' not found or unable to stat
[Tue Mar 03 00:53:34.203712 2026] [php:error] [pid 74376] [client 20.151.11.236:0] script '/domains/homesbyaudrey1/alfashell.php' not found or unable to stat
[Tue Mar 03 00:53:34.242016 2026] [php:error] [pid 74376] [client 20.151.11.236:0] script '/domains/homesbyaudrey1/myfile.php' not found or unable to stat
[Tue Mar 03 00:53:34.276665 2026] [php:error] [pid 74376] [client 20.151.11.236:0] script '/domains/homesbyaudrey1/re.php' not found or unable to stat
[Tue Mar 03 00:53:34.313283 2026] [php:error] [pid 74376] [client 20.151.11.236:0] script '/domains/homesbyaudrey1/styll.php' not found or unable to stat
[Tue Mar 03 00:53:34.347051 2026] [php:error] [pid 74376] [client 20.151.11.236:0] script '/domains/homesbyaudrey1/flower.php' not found or unable to stat
[Tue Mar 03 00:53:34.380996 2026] [php:error] [pid 74376] [client 20.151.11.236:0] script '/domains/homesbyaudrey1/flower2.php' not found or unable to stat
[Tue Mar 03 00:53:34.420293 2026] [php:error] [pid 74376] [client 20.151.11.236:0] script '/domains/homesbyaudrey1/4h.php' not found or unable to stat
[Tue Mar 03 00:53:34.454230 2026] [php:error] [pid 74376] [client 20.151.11.236:0] script '/domains/homesbyaudrey1/gettest.php' not found or unable to stat
[Tue Mar 03 00:53:34.488133 2026] [php:error] [pid 74376] [client 20.151.11.236:0] script '/domains/homesbyaudrey1/acp.php' not found or unable to stat
[Tue Mar 03 00:53:34.523159 2026] [php:error] [pid 74376] [client 20.151.11.236:0] script '/domains/homesbyaudrey1/database.php' not found or unable to stat
[Tue Mar 03 00:53:40.744768 2026] [php:error] [pid 74378] [client 20.239.137.159:0] script '/domains/nostrada/222.php' not found or unable to stat
[Tue Mar 03 00:53:40.967114 2026] [php:error] [pid 74378] [client 20.239.137.159:0] script '/domains/nostrada/404.php' not found or unable to stat
[Tue Mar 03 00:53:41.199999 2026] [php:error] [pid 74378] [client 20.239.137.159:0] script '/domains/nostrada/about.php' not found or unable to stat
[Tue Mar 03 00:53:41.417246 2026] [php:error] [pid 74378] [client 20.239.137.159:0] script '/domains/nostrada/admin.php' not found or unable to stat
[Tue Mar 03 00:53:41.634299 2026] [php:error] [pid 74378] [client 20.239.137.159:0] script '/domains/nostrada/adminfuns.php' not found or unable to stat
[Tue Mar 03 00:53:41.851486 2026] [php:error] [pid 74378] [client 20.239.137.159:0] script '/domains/nostrada/bless.php' not found or unable to stat
[Tue Mar 03 00:53:42.068368 2026] [php:error] [pid 74378] [client 20.239.137.159:0] script '/domains/nostrada/bolt.php' not found or unable to stat
[Tue Mar 03 00:53:42.285499 2026] [php:error] [pid 74378] [client 20.239.137.159:0] script '/domains/nostrada/ccou.php' not found or unable to stat
[Tue Mar 03 00:53:42.535526 2026] [php:error] [pid 74378] [client 20.239.137.159:0] script '/domains/nostrada/class-t.api.php' not found or unable to stat
[Tue Mar 03 00:53:42.768998 2026] [php:error] [pid 74378] [client 20.239.137.159:0] script '/domains/nostrada/css.php' not found or unable to stat
[Tue Mar 03 00:53:43.204313 2026] [php:error] [pid 74378] [client 20.239.137.159:0] script '/domains/nostrada/edit.php' not found or unable to stat
[Tue Mar 03 00:53:43.422965 2026] [php:error] [pid 74378] [client 20.239.137.159:0] script '/domains/nostrada/fff.php' not found or unable to stat
[Tue Mar 03 00:53:43.663781 2026] [php:error] [pid 74378] [client 20.239.137.159:0] script '/domains/nostrada/file.php' not found or unable to stat
[Tue Mar 03 00:53:43.895272 2026] [php:error] [pid 74378] [client 20.239.137.159:0] script '/domains/nostrada/fx.php' not found or unable to stat
[Tue Mar 03 00:53:44.112075 2026] [php:error] [pid 74378] [client 20.239.137.159:0] script '/domains/nostrada/info.php' not found or unable to stat
[Tue Mar 03 00:53:44.330009 2026] [php:error] [pid 74378] [client 20.239.137.159:0] script '/domains/nostrada/ioxi-o.php' not found or unable to stat
[Tue Mar 03 00:53:44.546904 2026] [php:error] [pid 74378] [client 20.239.137.159:0] script '/domains/nostrada/rip.php' not found or unable to stat
[Tue Mar 03 00:53:44.765118 2026] [php:error] [pid 74378] [client 20.239.137.159:0] script '/domains/nostrada/server.php' not found or unable to stat
[Tue Mar 03 00:53:44.982671 2026] [php:error] [pid 74378] [client 20.239.137.159:0] script '/domains/nostrada/wp-blog.php' not found or unable to stat
[Tue Mar 03 00:53:46.284829 2026] [php:error] [pid 74378] [client 20.239.137.159:0] script '/domains/nostrada/wp-editor.php' not found or unable to stat
[Tue Mar 03 00:53:47.377354 2026] [php:error] [pid 74378] [client 20.239.137.159:0] script '/domains/nostrada/wp.php' not found or unable to stat
[Tue Mar 03 00:53:47.594589 2026] [php:error] [pid 74378] [client 20.239.137.159:0] script '/domains/nostrada/x.php' not found or unable to stat
[Tue Mar 03 00:53:51.616187 2026] [php:error] [pid 74374] [client 100.30.186.133:0] script '/domains/highlandlabs/supform.php' not found or unable to stat
[Tue Mar 03 00:53:55.713116 2026] [php:error] [pid 74377] [client 4.193.97.168:0] script '/domains/windsorweb/inputs.php' not found or unable to stat
[Tue Mar 03 00:53:55.955102 2026] [php:error] [pid 74377] [client 4.193.97.168:0] script '/domains/windsorweb/ioxi-o.php' not found or unable to stat
[Tue Mar 03 00:53:56.471778 2026] [php:error] [pid 74377] [client 4.193.97.168:0] script '/domains/windsorweb/rip.php' not found or unable to stat
[Tue Mar 03 00:53:56.715283 2026] [php:error] [pid 74377] [client 4.193.97.168:0] script '/domains/windsorweb/admin.php' not found or unable to stat
[Tue Mar 03 00:53:57.200016 2026] [php:error] [pid 74377] [client 4.193.97.168:0] script '/domains/windsorweb/cache.php' not found or unable to stat
[Tue Mar 03 00:53:57.443219 2026] [php:error] [pid 74377] [client 4.193.97.168:0] script '/domains/windsorweb/themes.php' not found or unable to stat
[Tue Mar 03 00:53:57.684962 2026] [php:error] [pid 74377] [client 4.193.97.168:0] script '/domains/windsorweb/an.php' not found or unable to stat
[Tue Mar 03 00:53:58.412073 2026] [php:error] [pid 74377] [client 4.193.97.168:0] script '/domains/windsorweb/ws.php' not found or unable to stat
[Tue Mar 03 00:53:58.653988 2026] [php:error] [pid 74377] [client 4.193.97.168:0] script '/domains/windsorweb/404.php' not found or unable to stat
[Tue Mar 03 00:53:59.138783 2026] [php:error] [pid 74377] [client 4.193.97.168:0] script '/domains/windsorweb/wp-conf.php' not found or unable to stat
[Tue Mar 03 00:53:59.644664 2026] [php:error] [pid 74377] [client 4.193.97.168:0] script '/domains/windsorweb/wp-login.php' not found or unable to stat
[Tue Mar 03 00:53:59.886875 2026] [php:error] [pid 74377] [client 4.193.97.168:0] script '/domains/windsorweb/abc.php' not found or unable to stat
[Tue Mar 03 00:54:00.128556 2026] [php:error] [pid 74377] [client 4.193.97.168:0] script '/domains/windsorweb/abcd.php' not found or unable to stat
[Tue Mar 03 00:54:00.370775 2026] [php:error] [pid 74377] [client 4.193.97.168:0] script '/domains/windsorweb/as.php' not found or unable to stat
[Tue Mar 03 00:54:00.613843 2026] [php:error] [pid 74377] [client 4.193.97.168:0] script '/domains/windsorweb/wp-trackback.php' not found or unable to stat
[Tue Mar 03 00:54:00.856424 2026] [php:error] [pid 74377] [client 4.193.97.168:0] script '/domains/windsorweb/about.php' not found or unable to stat
[Tue Mar 03 00:54:01.098593 2026] [php:error] [pid 74377] [client 4.193.97.168:0] script '/domains/windsorweb/file.php' not found or unable to stat
[Tue Mar 03 00:54:01.340780 2026] [php:error] [pid 74377] [client 4.193.97.168:0] script '/domains/windsorweb/adminfuns.php' not found or unable to stat
[Tue Mar 03 00:54:01.582855 2026] [php:error] [pid 74377] [client 4.193.97.168:0] script '/domains/windsorweb/wp-good.php' not found or unable to stat
[Tue Mar 03 00:54:01.824615 2026] [php:error] [pid 74377] [client 4.193.97.168:0] script '/domains/windsorweb/xmlrpc.php' not found or unable to stat
[Tue Mar 03 00:54:02.066810 2026] [php:error] [pid 74377] [client 4.193.97.168:0] script '/domains/windsorweb/goods.php' not found or unable to stat
[Tue Mar 03 00:54:02.308734 2026] [php:error] [pid 74377] [client 4.193.97.168:0] script '/domains/windsorweb/class-t.api.php' not found or unable to stat
[Tue Mar 03 00:54:02.556136 2026] [php:error] [pid 74377] [client 4.193.97.168:0] script '/domains/windsorweb/sf.php' not found or unable to stat
[Tue Mar 03 00:54:02.798335 2026] [php:error] [pid 74377] [client 4.193.97.168:0] script '/domains/windsorweb/kbfr.php' not found or unable to stat
[Tue Mar 03 00:54:03.040104 2026] [php:error] [pid 74377] [client 4.193.97.168:0] script '/domains/windsorweb/autoload_classmap.php' not found or unable to stat
[Tue Mar 03 00:54:03.281956 2026] [php:error] [pid 74377] [client 4.193.97.168:0] script '/domains/windsorweb/chosen.php' not found or unable to stat
[Tue Mar 03 00:54:03.523942 2026] [php:error] [pid 74377] [client 4.193.97.168:0] script '/domains/windsorweb/classwithtostring.php' not found or unable to stat
[Tue Mar 03 00:54:03.765820 2026] [php:error] [pid 74377] [client 4.193.97.168:0] script '/domains/windsorweb/defaults.php' not found or unable to stat
[Tue Mar 03 00:54:04.497326 2026] [php:error] [pid 74377] [client 4.193.97.168:0] script '/domains/windsorweb/info.php' not found or unable to stat
[Tue Mar 03 00:54:08.415319 2026] [php:error] [pid 74378] [client 20.78.169.245:0] script '/domains/amisol/inputs.php' not found or unable to stat
[Tue Mar 03 00:54:08.593943 2026] [php:error] [pid 74378] [client 20.78.169.245:0] script '/domains/amisol/ioxi-o.php' not found or unable to stat
[Tue Mar 03 00:54:08.981479 2026] [php:error] [pid 74378] [client 20.78.169.245:0] script '/domains/amisol/rip.php' not found or unable to stat
[Tue Mar 03 00:54:09.159515 2026] [php:error] [pid 74378] [client 20.78.169.245:0] script '/domains/amisol/admin.php' not found or unable to stat
[Tue Mar 03 00:54:09.527090 2026] [php:error] [pid 74378] [client 20.78.169.245:0] script '/domains/amisol/cache.php' not found or unable to stat
[Tue Mar 03 00:54:09.733354 2026] [php:error] [pid 74378] [client 20.78.169.245:0] script '/domains/amisol/themes.php' not found or unable to stat
[Tue Mar 03 00:54:09.911687 2026] [php:error] [pid 74378] [client 20.78.169.245:0] script '/domains/amisol/an.php' not found or unable to stat
[Tue Mar 03 00:54:10.446838 2026] [php:error] [pid 74378] [client 20.78.169.245:0] script '/domains/amisol/ws.php' not found or unable to stat
[Tue Mar 03 00:54:10.658738 2026] [php:error] [pid 74378] [client 20.78.169.245:0] script '/domains/amisol/404.php' not found or unable to stat
[Tue Mar 03 00:54:11.017093 2026] [php:error] [pid 74378] [client 20.78.169.245:0] script '/domains/amisol/wp-conf.php' not found or unable to stat
[Tue Mar 03 00:54:11.383950 2026] [php:error] [pid 74378] [client 20.78.169.245:0] script '/domains/amisol/wp-login.php' not found or unable to stat
[Tue Mar 03 00:54:11.564986 2026] [php:error] [pid 74378] [client 20.78.169.245:0] script '/domains/amisol/abc.php' not found or unable to stat
[Tue Mar 03 00:54:11.743965 2026] [php:error] [pid 74378] [client 20.78.169.245:0] script '/domains/amisol/abcd.php' not found or unable to stat
[Tue Mar 03 00:54:11.923853 2026] [php:error] [pid 74378] [client 20.78.169.245:0] script '/domains/amisol/as.php' not found or unable to stat
[Tue Mar 03 00:54:12.103644 2026] [php:error] [pid 74378] [client 20.78.169.245:0] script '/domains/amisol/wp-trackback.php' not found or unable to stat
[Tue Mar 03 00:54:12.286847 2026] [php:error] [pid 74378] [client 20.78.169.245:0] script '/domains/amisol/about.php' not found or unable to stat
[Tue Mar 03 00:54:12.465906 2026] [php:error] [pid 74378] [client 20.78.169.245:0] script '/domains/amisol/file.php' not found or unable to stat
[Tue Mar 03 00:54:12.644980 2026] [php:error] [pid 74378] [client 20.78.169.245:0] script '/domains/amisol/adminfuns.php' not found or unable to stat
[Tue Mar 03 00:54:12.824694 2026] [php:error] [pid 74378] [client 20.78.169.245:0] script '/domains/amisol/wp-good.php' not found or unable to stat
[Tue Mar 03 00:54:13.004419 2026] [php:error] [pid 74378] [client 20.78.169.245:0] script '/domains/amisol/xmlrpc.php' not found or unable to stat
[Tue Mar 03 00:54:13.191185 2026] [php:error] [pid 74378] [client 20.78.169.245:0] script '/domains/amisol/goods.php' not found or unable to stat
[Tue Mar 03 00:54:13.371293 2026] [php:error] [pid 74378] [client 20.78.169.245:0] script '/domains/amisol/class-t.api.php' not found or unable to stat
[Tue Mar 03 00:54:13.549768 2026] [php:error] [pid 74378] [client 20.78.169.245:0] script '/domains/amisol/sf.php' not found or unable to stat
[Tue Mar 03 00:54:13.729921 2026] [php:error] [pid 74378] [client 20.78.169.245:0] script '/domains/amisol/kbfr.php' not found or unable to stat
[Tue Mar 03 00:54:13.917823 2026] [php:error] [pid 74378] [client 20.78.169.245:0] script '/domains/amisol/autoload_classmap.php' not found or unable to stat
[Tue Mar 03 00:54:14.096153 2026] [php:error] [pid 74378] [client 20.78.169.245:0] script '/domains/amisol/chosen.php' not found or unable to stat
[Tue Mar 03 00:54:14.274281 2026] [php:error] [pid 74378] [client 20.78.169.245:0] script '/domains/amisol/classwithtostring.php' not found or unable to stat
[Tue Mar 03 00:54:14.454153 2026] [php:error] [pid 74378] [client 20.78.169.245:0] script '/domains/amisol/defaults.php' not found or unable to stat
[Tue Mar 03 00:54:15.019672 2026] [php:error] [pid 74378] [client 20.78.169.245:0] script '/domains/amisol/info.php' not found or unable to stat
[Tue Mar 03 00:54:24.470433 2026] [php:error] [pid 74384] [client 185.177.72.52:0] script '/domains/system_cancel/info.php' not found or unable to stat
[Tue Mar 03 00:54:36.820205 2026] [php:error] [pid 74384] [client 20.89.52.173:0] script '/domains/kandg-pc/inputs.php' not found or unable to stat
[Tue Mar 03 00:54:36.990530 2026] [php:error] [pid 74384] [client 20.89.52.173:0] script '/domains/kandg-pc/ioxi-o.php' not found or unable to stat
[Tue Mar 03 00:54:37.331895 2026] [php:error] [pid 74384] [client 20.89.52.173:0] script '/domains/kandg-pc/rip.php' not found or unable to stat
[Tue Mar 03 00:54:37.502070 2026] [php:error] [pid 74384] [client 20.89.52.173:0] script '/domains/kandg-pc/admin.php' not found or unable to stat
[Tue Mar 03 00:54:37.842936 2026] [php:error] [pid 74384] [client 20.89.52.173:0] script '/domains/kandg-pc/cache.php' not found or unable to stat
[Tue Mar 03 00:54:38.012991 2026] [php:error] [pid 74384] [client 20.89.52.173:0] script '/domains/kandg-pc/themes.php' not found or unable to stat
[Tue Mar 03 00:54:38.183995 2026] [php:error] [pid 74384] [client 20.89.52.173:0] script '/domains/kandg-pc/an.php' not found or unable to stat
[Tue Mar 03 00:54:38.701139 2026] [php:error] [pid 74384] [client 20.89.52.173:0] script '/domains/kandg-pc/ws.php' not found or unable to stat
[Tue Mar 03 00:54:38.873358 2026] [php:error] [pid 74384] [client 20.89.52.173:0] script '/domains/kandg-pc/404.php' not found or unable to stat
[Tue Mar 03 00:54:39.226605 2026] [php:error] [pid 74384] [client 20.89.52.173:0] script '/domains/kandg-pc/wp-conf.php' not found or unable to stat
[Tue Mar 03 00:54:39.566724 2026] [php:error] [pid 74384] [client 20.89.52.173:0] script '/domains/kandg-pc/wp-login.php' not found or unable to stat
[Tue Mar 03 00:54:39.736319 2026] [php:error] [pid 74384] [client 20.89.52.173:0] script '/domains/kandg-pc/abc.php' not found or unable to stat
[Tue Mar 03 00:54:39.906137 2026] [php:error] [pid 74384] [client 20.89.52.173:0] script '/domains/kandg-pc/abcd.php' not found or unable to stat
[Tue Mar 03 00:54:40.076173 2026] [php:error] [pid 74384] [client 20.89.52.173:0] script '/domains/kandg-pc/as.php' not found or unable to stat
[Tue Mar 03 00:54:40.246487 2026] [php:error] [pid 74384] [client 20.89.52.173:0] script '/domains/kandg-pc/wp-trackback.php' not found or unable to stat
[Tue Mar 03 00:54:40.417243 2026] [php:error] [pid 74384] [client 20.89.52.173:0] script '/domains/kandg-pc/about.php' not found or unable to stat
[Tue Mar 03 00:54:40.476662 2026] [php:error] [pid 74378] [client 20.111.57.125:0] script '/domains/redpeninc/gfile.php' not found or unable to stat
[Tue Mar 03 00:54:40.568289 2026] [php:error] [pid 74378] [client 20.111.57.125:0] script '/domains/redpeninc/file61.php' not found or unable to stat
[Tue Mar 03 00:54:40.592836 2026] [php:error] [pid 74384] [client 20.89.52.173:0] script '/domains/kandg-pc/file.php' not found or unable to stat
[Tue Mar 03 00:54:40.655521 2026] [php:error] [pid 74378] [client 20.111.57.125:0] script '/domains/redpeninc/eee.php' not found or unable to stat
[Tue Mar 03 00:54:40.747163 2026] [php:error] [pid 74378] [client 20.111.57.125:0] script '/domains/redpeninc/swallowable.php' not found or unable to stat
[Tue Mar 03 00:54:40.764151 2026] [php:error] [pid 74384] [client 20.89.52.173:0] script '/domains/kandg-pc/adminfuns.php' not found or unable to stat
[Tue Mar 03 00:54:40.833931 2026] [php:error] [pid 74378] [client 20.111.57.125:0] script '/domains/redpeninc/dox.php' not found or unable to stat
[Tue Mar 03 00:54:40.927099 2026] [php:error] [pid 74378] [client 20.111.57.125:0] script '/domains/redpeninc/qwas.php' not found or unable to stat
[Tue Mar 03 00:54:40.934161 2026] [php:error] [pid 74384] [client 20.89.52.173:0] script '/domains/kandg-pc/wp-good.php' not found or unable to stat
[Tue Mar 03 00:54:41.013961 2026] [php:error] [pid 74378] [client 20.111.57.125:0] script '/domains/redpeninc/claw.php' not found or unable to stat
[Tue Mar 03 00:54:41.100930 2026] [php:error] [pid 74378] [client 20.111.57.125:0] script '/domains/redpeninc/cfgy.php' not found or unable to stat
[Tue Mar 03 00:54:41.112077 2026] [php:error] [pid 74384] [client 20.89.52.173:0] script '/domains/kandg-pc/xmlrpc.php' not found or unable to stat
[Tue Mar 03 00:54:41.188066 2026] [php:error] [pid 74378] [client 20.111.57.125:0] script '/domains/redpeninc/jbuft.php' not found or unable to stat
[Tue Mar 03 00:54:41.276259 2026] [php:error] [pid 74378] [client 20.111.57.125:0] script '/domains/redpeninc/fvvff.php' not found or unable to stat
[Tue Mar 03 00:54:41.281714 2026] [php:error] [pid 74384] [client 20.89.52.173:0] script '/domains/kandg-pc/goods.php' not found or unable to stat
[Tue Mar 03 00:54:41.364579 2026] [php:error] [pid 74378] [client 20.111.57.125:0] script '/domains/redpeninc/vaza.php' not found or unable to stat
[Tue Mar 03 00:54:41.451905 2026] [php:error] [pid 74384] [client 20.89.52.173:0] script '/domains/kandg-pc/class-t.api.php' not found or unable to stat
[Tue Mar 03 00:54:41.455556 2026] [php:error] [pid 74378] [client 20.111.57.125:0] script '/domains/redpeninc/a2.php' not found or unable to stat
[Tue Mar 03 00:54:41.542933 2026] [php:error] [pid 74378] [client 20.111.57.125:0] script '/domains/redpeninc/sty.php' not found or unable to stat
[Tue Mar 03 00:54:41.621644 2026] [php:error] [pid 74384] [client 20.89.52.173:0] script '/domains/kandg-pc/sf.php' not found or unable to stat
[Tue Mar 03 00:54:41.629709 2026] [php:error] [pid 74378] [client 20.111.57.125:0] script '/domains/redpeninc/xxxx.php' not found or unable to stat
[Tue Mar 03 00:54:41.718741 2026] [php:error] [pid 74378] [client 20.111.57.125:0] script '/domains/redpeninc/h.php' not found or unable to stat
[Tue Mar 03 00:54:41.791156 2026] [php:error] [pid 74384] [client 20.89.52.173:0] script '/domains/kandg-pc/kbfr.php' not found or unable to stat
[Tue Mar 03 00:54:41.807513 2026] [php:error] [pid 74378] [client 20.111.57.125:0] script '/domains/redpeninc/g.php' not found or unable to stat
[Tue Mar 03 00:54:41.902591 2026] [php:error] [pid 74378] [client 20.111.57.125:0] script '/domains/redpeninc/pp.php' not found or unable to stat
[Tue Mar 03 00:54:41.961234 2026] [php:error] [pid 74384] [client 20.89.52.173:0] script '/domains/kandg-pc/autoload_classmap.php' not found or unable to stat
[Tue Mar 03 00:54:41.989654 2026] [php:error] [pid 74378] [client 20.111.57.125:0] script '/domains/redpeninc/sys.php' not found or unable to stat
[Tue Mar 03 00:54:42.079658 2026] [php:error] [pid 74378] [client 20.111.57.125:0] script '/domains/redpeninc/txets.php' not found or unable to stat
[Tue Mar 03 00:54:42.131141 2026] [php:error] [pid 74384] [client 20.89.52.173:0] script '/domains/kandg-pc/chosen.php' not found or unable to stat
[Tue Mar 03 00:54:42.166558 2026] [php:error] [pid 74378] [client 20.111.57.125:0] script '/domains/redpeninc/tt.php' not found or unable to stat
[Tue Mar 03 00:54:42.225083 2026] [php:error] [pid 74387] [client 168.63.70.12:0] script '/domains/conceptlabs1/gfile.php' not found or unable to stat
[Tue Mar 03 00:54:42.255151 2026] [php:error] [pid 74378] [client 20.111.57.125:0] script '/domains/redpeninc/wp9.php' not found or unable to stat
[Tue Mar 03 00:54:42.295897 2026] [php:error] [pid 74387] [client 168.63.70.12:0] script '/domains/conceptlabs1/file61.php' not found or unable to stat
[Tue Mar 03 00:54:42.302096 2026] [php:error] [pid 74384] [client 20.89.52.173:0] script '/domains/kandg-pc/classwithtostring.php' not found or unable to stat
[Tue Mar 03 00:54:42.345383 2026] [php:error] [pid 74378] [client 20.111.57.125:0] script '/domains/redpeninc/path.php' not found or unable to stat
[Tue Mar 03 00:54:42.366544 2026] [php:error] [pid 74387] [client 168.63.70.12:0] script '/domains/conceptlabs1/eee.php' not found or unable to stat
[Tue Mar 03 00:54:42.433046 2026] [php:error] [pid 74378] [client 20.111.57.125:0] script '/domains/redpeninc/wdf.php' not found or unable to stat
[Tue Mar 03 00:54:42.437475 2026] [php:error] [pid 74387] [client 168.63.70.12:0] script '/domains/conceptlabs1/swallowable.php' not found or unable to stat
[Tue Mar 03 00:54:42.471973 2026] [php:error] [pid 74384] [client 20.89.52.173:0] script '/domains/kandg-pc/defaults.php' not found or unable to stat
[Tue Mar 03 00:54:42.508584 2026] [php:error] [pid 74387] [client 168.63.70.12:0] script '/domains/conceptlabs1/dox.php' not found or unable to stat
[Tue Mar 03 00:54:42.526534 2026] [php:error] [pid 74378] [client 20.111.57.125:0] script '/domains/redpeninc/2.php' not found or unable to stat
[Tue Mar 03 00:54:42.579346 2026] [php:error] [pid 74387] [client 168.63.70.12:0] script '/domains/conceptlabs1/qwas.php' not found or unable to stat
[Tue Mar 03 00:54:42.613555 2026] [php:error] [pid 74378] [client 20.111.57.125:0] script '/domains/redpeninc/wp-tem.php' not found or unable to stat
[Tue Mar 03 00:54:42.651780 2026] [php:error] [pid 74387] [client 168.63.70.12:0] script '/domains/conceptlabs1/claw.php' not found or unable to stat
[Tue Mar 03 00:54:42.704164 2026] [php:error] [pid 74378] [client 20.111.57.125:0] script '/domains/redpeninc/av6m.php' not found or unable to stat
[Tue Mar 03 00:54:42.722303 2026] [php:error] [pid 74387] [client 168.63.70.12:0] script '/domains/conceptlabs1/cfgy.php' not found or unable to stat
[Tue Mar 03 00:54:42.794977 2026] [php:error] [pid 74378] [client 20.111.57.125:0] script '/domains/redpeninc/autogooey.php' not found or unable to stat
[Tue Mar 03 00:54:42.795222 2026] [php:error] [pid 74387] [client 168.63.70.12:0] script '/domains/conceptlabs1/jbuft.php' not found or unable to stat
[Tue Mar 03 00:54:42.865548 2026] [php:error] [pid 74387] [client 168.63.70.12:0] script '/domains/conceptlabs1/fvvff.php' not found or unable to stat
[Tue Mar 03 00:54:42.881795 2026] [php:error] [pid 74378] [client 20.111.57.125:0] script '/domains/redpeninc/btx25.php' not found or unable to stat
[Tue Mar 03 00:54:42.936366 2026] [php:error] [pid 74387] [client 168.63.70.12:0] script '/domains/conceptlabs1/vaza.php' not found or unable to stat
[Tue Mar 03 00:54:42.968480 2026] [php:error] [pid 74378] [client 20.111.57.125:0] script '/domains/redpeninc/mga.php' not found or unable to stat
[Tue Mar 03 00:54:42.980895 2026] [php:error] [pid 74384] [client 20.89.52.173:0] script '/domains/kandg-pc/info.php' not found or unable to stat
[Tue Mar 03 00:54:43.006801 2026] [php:error] [pid 74387] [client 168.63.70.12:0] script '/domains/conceptlabs1/a2.php' not found or unable to stat
[Tue Mar 03 00:54:43.056120 2026] [php:error] [pid 74378] [client 20.111.57.125:0] script '/domains/redpeninc/maxro.php' not found or unable to stat
[Tue Mar 03 00:54:43.077171 2026] [php:error] [pid 74387] [client 168.63.70.12:0] script '/domains/conceptlabs1/sty.php' not found or unable to stat
[Tue Mar 03 00:54:43.147573 2026] [php:error] [pid 74387] [client 168.63.70.12:0] script '/domains/conceptlabs1/xxxx.php' not found or unable to stat
[Tue Mar 03 00:54:43.150330 2026] [php:error] [pid 74378] [client 20.111.57.125:0] script '/domains/redpeninc/agg.php' not found or unable to stat
[Tue Mar 03 00:54:43.219191 2026] [php:error] [pid 74387] [client 168.63.70.12:0] script '/domains/conceptlabs1/h.php' not found or unable to stat
[Tue Mar 03 00:54:43.242021 2026] [php:error] [pid 74378] [client 20.111.57.125:0] script '/domains/redpeninc/pass4.php' not found or unable to stat
[Tue Mar 03 00:54:43.289452 2026] [php:error] [pid 74387] [client 168.63.70.12:0] script '/domains/conceptlabs1/g.php' not found or unable to stat
[Tue Mar 03 00:54:43.328802 2026] [php:error] [pid 74378] [client 20.111.57.125:0] script '/domains/redpeninc/wsvvs.php' not found or unable to stat
[Tue Mar 03 00:54:43.364174 2026] [php:error] [pid 74387] [client 168.63.70.12:0] script '/domains/conceptlabs1/pp.php' not found or unable to stat
[Tue Mar 03 00:54:43.419257 2026] [php:error] [pid 74378] [client 20.111.57.125:0] script '/domains/redpeninc/G-In.php' not found or unable to stat
[Tue Mar 03 00:54:43.437805 2026] [php:error] [pid 74387] [client 168.63.70.12:0] script '/domains/conceptlabs1/sys.php' not found or unable to stat
[Tue Mar 03 00:54:43.507574 2026] [php:error] [pid 74378] [client 20.111.57.125:0] script '/domains/redpeninc/edit.php' not found or unable to stat
[Tue Mar 03 00:54:43.508326 2026] [php:error] [pid 74387] [client 168.63.70.12:0] script '/domains/conceptlabs1/txets.php' not found or unable to stat
[Tue Mar 03 00:54:43.578911 2026] [php:error] [pid 74387] [client 168.63.70.12:0] script '/domains/conceptlabs1/tt.php' not found or unable to stat
[Tue Mar 03 00:54:43.597913 2026] [php:error] [pid 74378] [client 20.111.57.125:0] script '/domains/redpeninc/ioxi-o.php' not found or unable to stat
[Tue Mar 03 00:54:43.649527 2026] [php:error] [pid 74387] [client 168.63.70.12:0] script '/domains/conceptlabs1/wp9.php' not found or unable to stat
[Tue Mar 03 00:54:43.726574 2026] [php:error] [pid 74387] [client 168.63.70.12:0] script '/domains/conceptlabs1/path.php' not found or unable to stat
[Tue Mar 03 00:54:43.790039 2026] [php:error] [pid 74378] [client 20.111.57.125:0] script '/domains/redpeninc/66.php' not found or unable to stat
[Tue Mar 03 00:54:43.797165 2026] [php:error] [pid 74387] [client 168.63.70.12:0] script '/domains/conceptlabs1/wdf.php' not found or unable to stat
[Tue Mar 03 00:54:43.872552 2026] [php:error] [pid 74387] [client 168.63.70.12:0] script '/domains/conceptlabs1/2.php' not found or unable to stat
[Tue Mar 03 00:54:43.943127 2026] [php:error] [pid 74387] [client 168.63.70.12:0] script '/domains/conceptlabs1/wp-tem.php' not found or unable to stat
[Tue Mar 03 00:54:43.965078 2026] [php:error] [pid 74378] [client 20.111.57.125:0] script '/domains/redpeninc/gifclass.php' not found or unable to stat
[Tue Mar 03 00:54:44.015179 2026] [php:error] [pid 74387] [client 168.63.70.12:0] script '/domains/conceptlabs1/av6m.php' not found or unable to stat
[Tue Mar 03 00:54:44.085959 2026] [php:error] [pid 74387] [client 168.63.70.12:0] script '/domains/conceptlabs1/autogooey.php' not found or unable to stat
[Tue Mar 03 00:54:44.156615 2026] [php:error] [pid 74387] [client 168.63.70.12:0] script '/domains/conceptlabs1/btx25.php' not found or unable to stat
[Tue Mar 03 00:54:44.227970 2026] [php:error] [pid 74387] [client 168.63.70.12:0] script '/domains/conceptlabs1/mga.php' not found or unable to stat
[Tue Mar 03 00:54:44.298802 2026] [php:error] [pid 74387] [client 168.63.70.12:0] script '/domains/conceptlabs1/maxro.php' not found or unable to stat
[Tue Mar 03 00:54:44.369461 2026] [php:error] [pid 74387] [client 168.63.70.12:0] script '/domains/conceptlabs1/agg.php' not found or unable to stat
[Tue Mar 03 00:54:44.414030 2026] [php:error] [pid 74378] [client 20.111.57.125:0] script '/domains/redpeninc/sc.php' not found or unable to stat
[Tue Mar 03 00:54:44.440374 2026] [php:error] [pid 74387] [client 168.63.70.12:0] script '/domains/conceptlabs1/pass4.php' not found or unable to stat
[Tue Mar 03 00:54:44.506903 2026] [php:error] [pid 74378] [client 20.111.57.125:0] script '/domains/redpeninc/xmlrpc.php' not found or unable to stat
[Tue Mar 03 00:54:44.511032 2026] [php:error] [pid 74387] [client 168.63.70.12:0] script '/domains/conceptlabs1/wsvvs.php' not found or unable to stat
[Tue Mar 03 00:54:44.581518 2026] [php:error] [pid 74387] [client 168.63.70.12:0] script '/domains/conceptlabs1/G-In.php' not found or unable to stat
[Tue Mar 03 00:54:44.596656 2026] [php:error] [pid 74378] [client 20.111.57.125:0] script '/domains/redpeninc/ol.php' not found or unable to stat
[Tue Mar 03 00:54:44.651938 2026] [php:error] [pid 74387] [client 168.63.70.12:0] script '/domains/conceptlabs1/edit.php' not found or unable to stat
[Tue Mar 03 00:54:44.692617 2026] [php:error] [pid 74378] [client 20.111.57.125:0] script '/domains/redpeninc/f6.php' not found or unable to stat
[Tue Mar 03 00:54:44.722402 2026] [php:error] [pid 74387] [client 168.63.70.12:0] script '/domains/conceptlabs1/ioxi-o.php' not found or unable to stat
[Tue Mar 03 00:54:44.791297 2026] [php:error] [pid 74378] [client 20.111.57.125:0] script '/domains/redpeninc/inputs.php' not found or unable to stat
[Tue Mar 03 00:54:44.865115 2026] [php:error] [pid 74387] [client 168.63.70.12:0] script '/domains/conceptlabs1/66.php' not found or unable to stat
[Tue Mar 03 00:54:44.878277 2026] [php:error] [pid 74378] [client 20.111.57.125:0] script '/domains/redpeninc/style.php' not found or unable to stat
[Tue Mar 03 00:54:44.965423 2026] [php:error] [pid 74378] [client 20.111.57.125:0] script '/domains/redpeninc/bgymj.php' not found or unable to stat
[Tue Mar 03 00:54:45.005943 2026] [php:error] [pid 74387] [client 168.63.70.12:0] script '/domains/conceptlabs1/gifclass.php' not found or unable to stat
[Tue Mar 03 00:54:45.055430 2026] [php:error] [pid 74378] [client 20.111.57.125:0] script '/domains/redpeninc/aa.php' not found or unable to stat
[Tue Mar 03 00:54:45.147821 2026] [php:error] [pid 74378] [client 20.111.57.125:0] script '/domains/redpeninc/1.php' not found or unable to stat
[Tue Mar 03 00:54:45.238765 2026] [php:error] [pid 74378] [client 20.111.57.125:0] script '/domains/redpeninc/sc.php' not found or unable to stat
[Tue Mar 03 00:54:45.289467 2026] [php:error] [pid 74387] [client 168.63.70.12:0] script '/domains/conceptlabs1/assets/css/index.php' not found or unable to stat
[Tue Mar 03 00:54:45.330532 2026] [php:error] [pid 74378] [client 20.111.57.125:0] script '/domains/redpeninc/av.php' not found or unable to stat
[Tue Mar 03 00:54:45.360025 2026] [php:error] [pid 74387] [client 168.63.70.12:0] script '/domains/conceptlabs1/sc.php' not found or unable to stat
[Tue Mar 03 00:54:45.417161 2026] [php:error] [pid 74378] [client 20.111.57.125:0] script '/domains/redpeninc/file.php' not found or unable to stat
[Tue Mar 03 00:54:45.430339 2026] [php:error] [pid 74387] [client 168.63.70.12:0] script '/domains/conceptlabs1/xmlrpc.php' not found or unable to stat
[Tue Mar 03 00:54:45.501242 2026] [php:error] [pid 74387] [client 168.63.70.12:0] script '/domains/conceptlabs1/ol.php' not found or unable to stat
[Tue Mar 03 00:54:45.511436 2026] [php:error] [pid 74378] [client 20.111.57.125:0] script '/domains/redpeninc/666.php' not found or unable to stat
[Tue Mar 03 00:54:45.572711 2026] [php:error] [pid 74387] [client 168.63.70.12:0] script '/domains/conceptlabs1/f6.php' not found or unable to stat
[Tue Mar 03 00:54:45.598222 2026] [php:error] [pid 74378] [client 20.111.57.125:0] script '/domains/redpeninc/file59.php' not found or unable to stat
[Tue Mar 03 00:54:45.644555 2026] [php:error] [pid 74387] [client 168.63.70.12:0] script '/domains/conceptlabs1/inputs.php' not found or unable to stat
[Tue Mar 03 00:54:45.688766 2026] [php:error] [pid 74378] [client 20.111.57.125:0] script '/domains/redpeninc/bless.php' not found or unable to stat
[Tue Mar 03 00:54:45.715110 2026] [php:error] [pid 74387] [client 168.63.70.12:0] script '/domains/conceptlabs1/style.php' not found or unable to stat
[Tue Mar 03 00:54:45.781532 2026] [php:error] [pid 74378] [client 20.111.57.125:0] script '/domains/redpeninc/wp9.php' not found or unable to stat
[Tue Mar 03 00:54:45.785476 2026] [php:error] [pid 74387] [client 168.63.70.12:0] script '/domains/conceptlabs1/bgymj.php' not found or unable to stat
[Tue Mar 03 00:54:45.875391 2026] [php:error] [pid 74387] [client 168.63.70.12:0] script '/domains/conceptlabs1/aa.php' not found or unable to stat
[Tue Mar 03 00:54:45.882135 2026] [php:error] [pid 74378] [client 20.111.57.125:0] script '/domains/redpeninc/wp-act.php' not found or unable to stat
[Tue Mar 03 00:54:45.946711 2026] [php:error] [pid 74387] [client 168.63.70.12:0] script '/domains/conceptlabs1/1.php' not found or unable to stat
[Tue Mar 03 00:54:45.968710 2026] [php:error] [pid 74378] [client 20.111.57.125:0] script '/domains/redpeninc/class-t.api.php' not found or unable to stat
[Tue Mar 03 00:54:46.019422 2026] [php:error] [pid 74387] [client 168.63.70.12:0] script '/domains/conceptlabs1/sc.php' not found or unable to stat
[Tue Mar 03 00:54:46.055514 2026] [php:error] [pid 74378] [client 20.111.57.125:0] script '/domains/redpeninc/xqq.php' not found or unable to stat
[Tue Mar 03 00:54:46.089884 2026] [php:error] [pid 74387] [client 168.63.70.12:0] script '/domains/conceptlabs1/av.php' not found or unable to stat
[Tue Mar 03 00:54:46.160155 2026] [php:error] [pid 74387] [client 168.63.70.12:0] script '/domains/conceptlabs1/file.php' not found or unable to stat
[Tue Mar 03 00:54:46.230852 2026] [php:error] [pid 74387] [client 168.63.70.12:0] script '/domains/conceptlabs1/666.php' not found or unable to stat
[Tue Mar 03 00:54:46.234446 2026] [php:error] [pid 74378] [client 20.111.57.125:0] script '/domains/redpeninc/a.php' not found or unable to stat
[Tue Mar 03 00:54:46.305160 2026] [php:error] [pid 74387] [client 168.63.70.12:0] script '/domains/conceptlabs1/file59.php' not found or unable to stat
[Tue Mar 03 00:54:46.326569 2026] [php:error] [pid 74378] [client 20.111.57.125:0] script '/domains/redpeninc/06.php' not found or unable to stat
[Tue Mar 03 00:54:46.375709 2026] [php:error] [pid 74387] [client 168.63.70.12:0] script '/domains/conceptlabs1/bless.php' not found or unable to stat
[Tue Mar 03 00:54:46.429868 2026] [php:error] [pid 74378] [client 20.111.57.125:0] script '/domains/redpeninc/plss3.php' not found or unable to stat
[Tue Mar 03 00:54:46.446940 2026] [php:error] [pid 74387] [client 168.63.70.12:0] script '/domains/conceptlabs1/wp9.php' not found or unable to stat
[Tue Mar 03 00:54:46.517438 2026] [php:error] [pid 74387] [client 168.63.70.12:0] script '/domains/conceptlabs1/wp-act.php' not found or unable to stat
[Tue Mar 03 00:54:46.520256 2026] [php:error] [pid 74378] [client 20.111.57.125:0] script '/domains/redpeninc/aaa.php' not found or unable to stat
[Tue Mar 03 00:54:46.587572 2026] [php:error] [pid 74387] [client 168.63.70.12:0] script '/domains/conceptlabs1/class-t.api.php' not found or unable to stat
[Tue Mar 03 00:54:46.606850 2026] [php:error] [pid 74378] [client 20.111.57.125:0] script '/domains/redpeninc/classwithtostring.php' not found or unable to stat
[Tue Mar 03 00:54:46.657988 2026] [php:error] [pid 74387] [client 168.63.70.12:0] script '/domains/conceptlabs1/xqq.php' not found or unable to stat
[Tue Mar 03 00:54:46.791763 2026] [php:error] [pid 74378] [client 20.111.57.125:0] script '/domains/redpeninc/tinyfilemanager.php' not found or unable to stat
[Tue Mar 03 00:54:46.798618 2026] [php:error] [pid 74387] [client 168.63.70.12:0] script '/domains/conceptlabs1/a.php' not found or unable to stat
[Tue Mar 03 00:54:46.878441 2026] [php:error] [pid 74378] [client 20.111.57.125:0] script '/domains/redpeninc/x.php' not found or unable to stat
[Tue Mar 03 00:54:46.896009 2026] [php:error] [pid 74387] [client 168.63.70.12:0] script '/domains/conceptlabs1/06.php' not found or unable to stat
[Tue Mar 03 00:54:46.967159 2026] [php:error] [pid 74387] [client 168.63.70.12:0] script '/domains/conceptlabs1/plss3.php' not found or unable to stat
