[Tue Mar 03 01:05:03.684990 2026] [php:error] [pid 74506] [client 20.151.109.1:0] script '/domains/familyplayhouse2/motu.php' not found or unable to stat
[Tue Mar 03 01:05:03.721118 2026] [php:error] [pid 74506] [client 20.151.109.1:0] script '/domains/familyplayhouse2/bs1.php' not found or unable to stat
[Tue Mar 03 01:05:03.757071 2026] [php:error] [pid 74506] [client 20.151.109.1:0] script '/domains/familyplayhouse2/bengi.php' not found or unable to stat
[Tue Mar 03 01:05:03.794339 2026] [php:error] [pid 74506] [client 20.151.109.1:0] script '/domains/familyplayhouse2/log.php' not found or unable to stat
[Tue Mar 03 01:05:03.830356 2026] [php:error] [pid 74506] [client 20.151.109.1:0] script '/domains/familyplayhouse2/miansha.php' not found or unable to stat
[Tue Mar 03 01:05:03.867493 2026] [php:error] [pid 74506] [client 20.151.109.1:0] script '/domains/familyplayhouse2/erty.php' not found or unable to stat
[Tue Mar 03 01:05:03.939717 2026] [php:error] [pid 74506] [client 20.151.109.1:0] script '/domains/familyplayhouse2/X57.php' not found or unable to stat
[Tue Mar 03 01:05:03.976937 2026] [php:error] [pid 74506] [client 20.151.109.1:0] script '/domains/familyplayhouse2/axx.php' not found or unable to stat
[Tue Mar 03 01:05:04.013318 2026] [php:error] [pid 74506] [client 20.151.109.1:0] script '/domains/familyplayhouse2/alfashell.php' not found or unable to stat
[Tue Mar 03 01:05:04.049310 2026] [php:error] [pid 74506] [client 20.151.109.1:0] script '/domains/familyplayhouse2/myfile.php' not found or unable to stat
[Tue Mar 03 01:05:04.085388 2026] [php:error] [pid 74506] [client 20.151.109.1:0] script '/domains/familyplayhouse2/re.php' not found or unable to stat
[Tue Mar 03 01:05:04.121369 2026] [php:error] [pid 74506] [client 20.151.109.1:0] script '/domains/familyplayhouse2/styll.php' not found or unable to stat
[Tue Mar 03 01:05:04.158705 2026] [php:error] [pid 74506] [client 20.151.109.1:0] script '/domains/familyplayhouse2/flower.php' not found or unable to stat
[Tue Mar 03 01:05:04.194909 2026] [php:error] [pid 74506] [client 20.151.109.1:0] script '/domains/familyplayhouse2/flower2.php' not found or unable to stat
[Tue Mar 03 01:05:04.231019 2026] [php:error] [pid 74506] [client 20.151.109.1:0] script '/domains/familyplayhouse2/4h.php' not found or unable to stat
[Tue Mar 03 01:05:04.267228 2026] [php:error] [pid 74506] [client 20.151.109.1:0] script '/domains/familyplayhouse2/gettest.php' not found or unable to stat
[Tue Mar 03 01:05:04.312740 2026] [php:error] [pid 74506] [client 20.151.109.1:0] script '/domains/familyplayhouse2/acp.php' not found or unable to stat
[Tue Mar 03 01:05:04.348884 2026] [php:error] [pid 74506] [client 20.151.109.1:0] script '/domains/familyplayhouse2/database.php' not found or unable to stat
[Tue Mar 03 01:05:54.761107 2026] [php:error] [pid 74519] [client 20.223.198.174:0] script '/domains/cccweb/vv.php' not found or unable to stat
[Tue Mar 03 01:05:54.831525 2026] [php:error] [pid 74519] [client 20.223.198.174:0] script '/domains/cccweb/fff.php' not found or unable to stat
[Tue Mar 03 01:05:54.902035 2026] [php:error] [pid 74519] [client 20.223.198.174:0] script '/domains/cccweb/wp-scxy.php' not found or unable to stat
[Tue Mar 03 01:05:54.972326 2026] [php:error] [pid 74519] [client 20.223.198.174:0] script '/domains/cccweb/ccou1.php' not found or unable to stat
[Tue Mar 03 01:05:55.042787 2026] [php:error] [pid 74519] [client 20.223.198.174:0] script '/domains/cccweb/wp-the1.php' not found or unable to stat
[Tue Mar 03 01:05:55.113320 2026] [php:error] [pid 74519] [client 20.223.198.174:0] script '/domains/cccweb/reyna.php' not found or unable to stat
[Tue Mar 03 01:06:08.200389 2026] [php:error] [pid 74515] [client 158.158.32.183:0] script '/domains/pookie.dnai/gfile.php' not found or unable to stat
[Tue Mar 03 01:06:08.283874 2026] [php:error] [pid 74515] [client 158.158.32.183:0] script '/domains/pookie.dnai/eee.php' not found or unable to stat
[Tue Mar 03 01:06:08.374141 2026] [php:error] [pid 74515] [client 158.158.32.183:0] script '/domains/pookie.dnai/lp6.php' not found or unable to stat
[Tue Mar 03 01:06:08.457326 2026] [php:error] [pid 74515] [client 158.158.32.183:0] script '/domains/pookie.dnai/xnty.php' not found or unable to stat
[Tue Mar 03 01:06:08.540936 2026] [php:error] [pid 74515] [client 158.158.32.183:0] script '/domains/pookie.dnai/w2025.php' not found or unable to stat
[Tue Mar 03 01:06:08.657533 2026] [php:error] [pid 74515] [client 158.158.32.183:0] script '/domains/pookie.dnai/foxr.php' not found or unable to stat
[Tue Mar 03 01:06:08.740592 2026] [php:error] [pid 74515] [client 158.158.32.183:0] script '/domains/pookie.dnai/xv23.php' not found or unable to stat
[Tue Mar 03 01:06:08.823749 2026] [php:error] [pid 74515] [client 158.158.32.183:0] script '/domains/pookie.dnai/swallowable.php' not found or unable to stat
[Tue Mar 03 01:06:08.907346 2026] [php:error] [pid 74515] [client 158.158.32.183:0] script '/domains/pookie.dnai/claw.php' not found or unable to stat
[Tue Mar 03 01:06:08.990712 2026] [php:error] [pid 74515] [client 158.158.32.183:0] script '/domains/pookie.dnai/fvvff.php' not found or unable to stat
[Tue Mar 03 01:06:09.077231 2026] [php:error] [pid 74515] [client 158.158.32.183:0] script '/domains/pookie.dnai/a2.php' not found or unable to stat
[Tue Mar 03 01:06:09.160586 2026] [php:error] [pid 74515] [client 158.158.32.183:0] script '/domains/pookie.dnai/sty.php' not found or unable to stat
[Tue Mar 03 01:06:09.244269 2026] [php:error] [pid 74515] [client 158.158.32.183:0] script '/domains/pookie.dnai/xxxx.php' not found or unable to stat
[Tue Mar 03 01:06:09.327398 2026] [php:error] [pid 74515] [client 158.158.32.183:0] script '/domains/pookie.dnai/h.php' not found or unable to stat
[Tue Mar 03 01:06:09.412627 2026] [php:error] [pid 74515] [client 158.158.32.183:0] script '/domains/pookie.dnai/g.php' not found or unable to stat
[Tue Mar 03 01:06:09.496126 2026] [php:error] [pid 74515] [client 158.158.32.183:0] script '/domains/pookie.dnai/pp.php' not found or unable to stat
[Tue Mar 03 01:06:09.585550 2026] [php:error] [pid 74515] [client 158.158.32.183:0] script '/domains/pookie.dnai/sys.php' not found or unable to stat
[Tue Mar 03 01:06:09.669450 2026] [php:error] [pid 74515] [client 158.158.32.183:0] script '/domains/pookie.dnai/txets.php' not found or unable to stat
[Tue Mar 03 01:06:09.791808 2026] [php:error] [pid 74515] [client 158.158.32.183:0] script '/domains/pookie.dnai/tt.php' not found or unable to stat
[Tue Mar 03 01:06:09.874955 2026] [php:error] [pid 74515] [client 158.158.32.183:0] script '/domains/pookie.dnai/wp9.php' not found or unable to stat
[Tue Mar 03 01:06:09.961235 2026] [php:error] [pid 74515] [client 158.158.32.183:0] script '/domains/pookie.dnai/path.php' not found or unable to stat
[Tue Mar 03 01:06:10.044322 2026] [php:error] [pid 74515] [client 158.158.32.183:0] script '/domains/pookie.dnai/wdf.php' not found or unable to stat
[Tue Mar 03 01:06:10.127726 2026] [php:error] [pid 74515] [client 158.158.32.183:0] script '/domains/pookie.dnai/2.php' not found or unable to stat
[Tue Mar 03 01:06:10.211064 2026] [php:error] [pid 74515] [client 158.158.32.183:0] script '/domains/pookie.dnai/mga.php' not found or unable to stat
[Tue Mar 03 01:06:10.294904 2026] [php:error] [pid 74515] [client 158.158.32.183:0] script '/domains/pookie.dnai/maxro.php' not found or unable to stat
[Tue Mar 03 01:06:10.378115 2026] [php:error] [pid 74515] [client 158.158.32.183:0] script '/domains/pookie.dnai/agg.php' not found or unable to stat
[Tue Mar 03 01:06:10.461351 2026] [php:error] [pid 74515] [client 158.158.32.183:0] script '/domains/pookie.dnai/pass4.php' not found or unable to stat
[Tue Mar 03 01:06:10.544472 2026] [php:error] [pid 74515] [client 158.158.32.183:0] script '/domains/pookie.dnai/wsvvs.php' not found or unable to stat
[Tue Mar 03 01:06:10.631885 2026] [php:error] [pid 74515] [client 158.158.32.183:0] script '/domains/pookie.dnai/G-In.php' not found or unable to stat
[Tue Mar 03 01:06:10.715146 2026] [php:error] [pid 74515] [client 158.158.32.183:0] script '/domains/pookie.dnai/edit.php' not found or unable to stat
[Tue Mar 03 01:06:10.798948 2026] [php:error] [pid 74515] [client 158.158.32.183:0] script '/domains/pookie.dnai/ioxi-o.php' not found or unable to stat
[Tue Mar 03 01:06:10.973711 2026] [php:error] [pid 74515] [client 158.158.32.183:0] script '/domains/pookie.dnai/66.php' not found or unable to stat
[Tue Mar 03 01:06:11.142642 2026] [php:error] [pid 74515] [client 158.158.32.183:0] script '/domains/pookie.dnai/gifclass.php' not found or unable to stat
[Tue Mar 03 01:06:11.583987 2026] [php:error] [pid 74515] [client 158.158.32.183:0] script '/domains/pookie.dnai/sc.php' not found or unable to stat
[Tue Mar 03 01:06:11.668612 2026] [php:error] [pid 74515] [client 158.158.32.183:0] script '/domains/pookie.dnai/xmlrpc.php' not found or unable to stat
[Tue Mar 03 01:06:11.752518 2026] [php:error] [pid 74515] [client 158.158.32.183:0] script '/domains/pookie.dnai/ol.php' not found or unable to stat
[Tue Mar 03 01:06:11.855577 2026] [php:error] [pid 74515] [client 158.158.32.183:0] script '/domains/pookie.dnai/f6.php' not found or unable to stat
[Tue Mar 03 01:06:11.939008 2026] [php:error] [pid 74515] [client 158.158.32.183:0] script '/domains/pookie.dnai/inputs.php' not found or unable to stat
[Tue Mar 03 01:06:12.022001 2026] [php:error] [pid 74515] [client 158.158.32.183:0] script '/domains/pookie.dnai/style.php' not found or unable to stat
[Tue Mar 03 01:06:12.106470 2026] [php:error] [pid 74515] [client 158.158.32.183:0] script '/domains/pookie.dnai/bgymj.php' not found or unable to stat
[Tue Mar 03 01:06:12.189699 2026] [php:error] [pid 74515] [client 158.158.32.183:0] script '/domains/pookie.dnai/aa.php' not found or unable to stat
[Tue Mar 03 01:06:12.273738 2026] [php:error] [pid 74515] [client 158.158.32.183:0] script '/domains/pookie.dnai/1.php' not found or unable to stat
[Tue Mar 03 01:06:12.356546 2026] [php:error] [pid 74515] [client 158.158.32.183:0] script '/domains/pookie.dnai/sc.php' not found or unable to stat
[Tue Mar 03 01:06:12.439487 2026] [php:error] [pid 74515] [client 158.158.32.183:0] script '/domains/pookie.dnai/av.php' not found or unable to stat
[Tue Mar 03 01:06:12.523905 2026] [php:error] [pid 74515] [client 158.158.32.183:0] script '/domains/pookie.dnai/file.php' not found or unable to stat
[Tue Mar 03 01:06:12.607947 2026] [php:error] [pid 74515] [client 158.158.32.183:0] script '/domains/pookie.dnai/666.php' not found or unable to stat
[Tue Mar 03 01:06:12.692987 2026] [php:error] [pid 74515] [client 158.158.32.183:0] script '/domains/pookie.dnai/file59.php' not found or unable to stat
[Tue Mar 03 01:06:12.776620 2026] [php:error] [pid 74515] [client 158.158.32.183:0] script '/domains/pookie.dnai/bless.php' not found or unable to stat
[Tue Mar 03 01:06:12.859416 2026] [php:error] [pid 74515] [client 158.158.32.183:0] script '/domains/pookie.dnai/wp9.php' not found or unable to stat
[Tue Mar 03 01:06:12.959115 2026] [php:error] [pid 74515] [client 158.158.32.183:0] script '/domains/pookie.dnai/wp-act.php' not found or unable to stat
[Tue Mar 03 01:06:13.042317 2026] [php:error] [pid 74515] [client 158.158.32.183:0] script '/domains/pookie.dnai/class-t.api.php' not found or unable to stat
[Tue Mar 03 01:06:13.125276 2026] [php:error] [pid 74515] [client 158.158.32.183:0] script '/domains/pookie.dnai/xqq.php' not found or unable to stat
[Tue Mar 03 01:06:13.296743 2026] [php:error] [pid 74515] [client 158.158.32.183:0] script '/domains/pookie.dnai/a.php' not found or unable to stat
[Tue Mar 03 01:06:13.379911 2026] [php:error] [pid 74515] [client 158.158.32.183:0] script '/domains/pookie.dnai/06.php' not found or unable to stat
[Tue Mar 03 01:06:13.463352 2026] [php:error] [pid 74515] [client 158.158.32.183:0] script '/domains/pookie.dnai/plss3.php' not found or unable to stat
[Tue Mar 03 01:06:13.549222 2026] [php:error] [pid 74515] [client 158.158.32.183:0] script '/domains/pookie.dnai/aaa.php' not found or unable to stat
[Tue Mar 03 01:06:13.632271 2026] [php:error] [pid 74515] [client 158.158.32.183:0] script '/domains/pookie.dnai/classwithtostring.php' not found or unable to stat
[Tue Mar 03 01:06:13.803235 2026] [php:error] [pid 74515] [client 158.158.32.183:0] script '/domains/pookie.dnai/tinyfilemanager.php' not found or unable to stat
[Tue Mar 03 01:06:13.886669 2026] [php:error] [pid 74515] [client 158.158.32.183:0] script '/domains/pookie.dnai/x.php' not found or unable to stat
[Tue Mar 03 01:06:13.969974 2026] [php:error] [pid 74515] [client 158.158.32.183:0] script '/domains/pookie.dnai/ms.php' not found or unable to stat
[Tue Mar 03 01:06:14.135455 2026] [php:error] [pid 74515] [client 158.158.32.183:0] script '/domains/pookie.dnai/wdf.php' not found or unable to stat
[Tue Mar 03 01:06:14.220177 2026] [php:error] [pid 74515] [client 158.158.32.183:0] script '/domains/pookie.dnai/wp-update.php' not found or unable to stat
[Tue Mar 03 01:06:14.303802 2026] [php:error] [pid 74515] [client 158.158.32.183:0] script '/domains/pookie.dnai/sbhu.php' not found or unable to stat
[Tue Mar 03 01:06:14.480237 2026] [php:error] [pid 74515] [client 158.158.32.183:0] script '/domains/pookie.dnai/wp-blog.php' not found or unable to stat
[Tue Mar 03 01:06:14.563848 2026] [php:error] [pid 74515] [client 158.158.32.183:0] script '/domains/pookie.dnai/test1.php' not found or unable to stat
[Tue Mar 03 01:06:14.734831 2026] [php:error] [pid 74515] [client 158.158.32.183:0] script '/domains/pookie.dnai/166.php' not found or unable to stat
[Tue Mar 03 01:06:14.818276 2026] [php:error] [pid 74515] [client 158.158.32.183:0] script '/domains/pookie.dnai/fleen.php' not found or unable to stat
[Tue Mar 03 01:06:15.008820 2026] [php:error] [pid 74515] [client 158.158.32.183:0] script '/domains/pookie.dnai/ms-edit.php' not found or unable to stat
[Tue Mar 03 01:06:15.092222 2026] [php:error] [pid 74515] [client 158.158.32.183:0] script '/domains/pookie.dnai/adminfuns.php' not found or unable to stat
[Tue Mar 03 01:06:15.151800 2026] [php:error] [pid 74530] [client 20.89.52.173:0] script '/domains/system_suspended/inputs.php' not found or unable to stat
[Tue Mar 03 01:06:15.178789 2026] [php:error] [pid 74515] [client 158.158.32.183:0] script '/domains/pookie.dnai/goods.php' not found or unable to stat
[Tue Mar 03 01:06:15.261703 2026] [php:error] [pid 74515] [client 158.158.32.183:0] script '/domains/pookie.dnai/ms-edit.php' not found or unable to stat
[Tue Mar 03 01:06:15.333047 2026] [php:error] [pid 74530] [client 20.89.52.173:0] script '/domains/system_suspended/ioxi-o.php' not found or unable to stat
[Tue Mar 03 01:06:15.347846 2026] [php:error] [pid 74515] [client 158.158.32.183:0] script '/domains/pookie.dnai/222.php' not found or unable to stat
[Tue Mar 03 01:06:15.430874 2026] [php:error] [pid 74515] [client 158.158.32.183:0] script '/domains/pookie.dnai/plugins.php' not found or unable to stat
[Tue Mar 03 01:06:15.515028 2026] [php:error] [pid 74515] [client 158.158.32.183:0] script '/domains/pookie.dnai/cgi-bin/index.php' not found or unable to stat
[Tue Mar 03 01:06:15.673569 2026] [php:error] [pid 74530] [client 20.89.52.173:0] script '/domains/system_suspended/rip.php' not found or unable to stat
[Tue Mar 03 01:06:15.684277 2026] [php:error] [pid 74515] [client 158.158.32.183:0] script '/domains/pookie.dnai/ff1.php' not found or unable to stat
[Tue Mar 03 01:06:15.767471 2026] [php:error] [pid 74515] [client 158.158.32.183:0] script '/domains/pookie.dnai/fff.php' not found or unable to stat
[Tue Mar 03 01:06:15.844448 2026] [php:error] [pid 74530] [client 20.89.52.173:0] script '/domains/system_suspended/admin.php' not found or unable to stat
[Tue Mar 03 01:06:15.937839 2026] [php:error] [pid 74515] [client 158.158.32.183:0] script '/domains/pookie.dnai/goat.php' not found or unable to stat
[Tue Mar 03 01:06:16.021544 2026] [php:error] [pid 74515] [client 158.158.32.183:0] script '/domains/pookie.dnai/155.php' not found or unable to stat
[Tue Mar 03 01:06:16.104528 2026] [php:error] [pid 74515] [client 158.158.32.183:0] script '/domains/pookie.dnai/we.php' not found or unable to stat
[Tue Mar 03 01:06:16.184365 2026] [php:error] [pid 74530] [client 20.89.52.173:0] script '/domains/system_suspended/cache.php' not found or unable to stat
[Tue Mar 03 01:06:16.188660 2026] [php:error] [pid 74515] [client 158.158.32.183:0] script '/domains/pookie.dnai/alpha.php' not found or unable to stat
[Tue Mar 03 01:06:16.274908 2026] [php:error] [pid 74515] [client 158.158.32.183:0] script '/domains/pookie.dnai/makeasmtp.php' not found or unable to stat
[Tue Mar 03 01:06:16.355206 2026] [php:error] [pid 74530] [client 20.89.52.173:0] script '/domains/system_suspended/themes.php' not found or unable to stat
[Tue Mar 03 01:06:16.359306 2026] [php:error] [pid 74515] [client 158.158.32.183:0] script '/domains/pookie.dnai/wp-michan.php' not found or unable to stat
[Tue Mar 03 01:06:16.525937 2026] [php:error] [pid 74530] [client 20.89.52.173:0] script '/domains/system_suspended/an.php' not found or unable to stat
[Tue Mar 03 01:06:16.527686 2026] [php:error] [pid 74515] [client 158.158.32.183:0] script '/domains/pookie.dnai/wp-the.php' not found or unable to stat
[Tue Mar 03 01:06:16.696850 2026] [php:error] [pid 74515] [client 158.158.32.183:0] script '/domains/pookie.dnai/BDKR28WP.php' not found or unable to stat
[Tue Mar 03 01:06:16.965177 2026] [php:error] [pid 74531] [client 158.158.32.183:0] script '/domains/pookie.dnai/wp.php' not found or unable to stat
[Tue Mar 03 01:06:17.056887 2026] [php:error] [pid 74530] [client 20.89.52.173:0] script '/domains/system_suspended/ws.php' not found or unable to stat
[Tue Mar 03 01:06:17.145716 2026] [php:error] [pid 74531] [client 158.158.32.183:0] script '/domains/pookie.dnai/w4.php' not found or unable to stat
[Tue Mar 03 01:06:17.226411 2026] [php:error] [pid 74530] [client 20.89.52.173:0] script '/domains/system_suspended/404.php' not found or unable to stat
[Tue Mar 03 01:06:17.314422 2026] [php:error] [pid 74531] [client 158.158.32.183:0] script '/domains/pookie.dnai/ok.php' not found or unable to stat
[Tue Mar 03 01:06:17.399858 2026] [php:error] [pid 74531] [client 158.158.32.183:0] script '/domains/pookie.dnai/about.php' not found or unable to stat
[Tue Mar 03 01:06:17.486918 2026] [php:error] [pid 74531] [client 158.158.32.183:0] script '/domains/pookie.dnai/tymn.php' not found or unable to stat
[Tue Mar 03 01:06:17.571768 2026] [php:error] [pid 74531] [client 158.158.32.183:0] script '/domains/pookie.dnai/bak.php' not found or unable to stat
[Tue Mar 03 01:06:17.581011 2026] [php:error] [pid 74530] [client 20.89.52.173:0] script '/domains/system_suspended/wp-conf.php' not found or unable to stat
[Tue Mar 03 01:06:17.740660 2026] [php:error] [pid 74531] [client 158.158.32.183:0] script '/domains/pookie.dnai/fe5.php' not found or unable to stat
[Tue Mar 03 01:06:17.825170 2026] [php:error] [pid 74531] [client 158.158.32.183:0] script '/domains/pookie.dnai/kj.php' not found or unable to stat
[Tue Mar 03 01:06:17.920042 2026] [php:error] [pid 74530] [client 20.89.52.173:0] script '/domains/system_suspended/wp-login.php' not found or unable to stat
[Tue Mar 03 01:06:18.003751 2026] [php:error] [pid 74531] [client 158.158.32.183:0] script '/domains/pookie.dnai/av.php' not found or unable to stat
[Tue Mar 03 01:06:18.089703 2026] [php:error] [pid 74531] [client 158.158.32.183:0] script '/domains/pookie.dnai/abcd.php' not found or unable to stat
[Tue Mar 03 01:06:18.089708 2026] [php:error] [pid 74530] [client 20.89.52.173:0] script '/domains/system_suspended/abc.php' not found or unable to stat
[Tue Mar 03 01:06:18.174259 2026] [php:error] [pid 74531] [client 158.158.32.183:0] script '/domains/pookie.dnai/init.php' not found or unable to stat
[Tue Mar 03 01:06:18.259423 2026] [php:error] [pid 74530] [client 20.89.52.173:0] script '/domains/system_suspended/abcd.php' not found or unable to stat
[Tue Mar 03 01:06:18.264779 2026] [php:error] [pid 74531] [client 158.158.32.183:0] script '/domains/pookie.dnai/fi.php' not found or unable to stat
[Tue Mar 03 01:06:18.351499 2026] [php:error] [pid 74531] [client 158.158.32.183:0] script '/domains/pookie.dnai/a1.php' not found or unable to stat
[Tue Mar 03 01:06:18.429206 2026] [php:error] [pid 74530] [client 20.89.52.173:0] script '/domains/system_suspended/as.php' not found or unable to stat
[Tue Mar 03 01:06:18.599283 2026] [php:error] [pid 74530] [client 20.89.52.173:0] script '/domains/system_suspended/wp-trackback.php' not found or unable to stat
[Tue Mar 03 01:06:18.608374 2026] [php:error] [pid 74531] [client 158.158.32.183:0] script '/domains/pookie.dnai/f35.php' not found or unable to stat
[Tue Mar 03 01:06:18.697395 2026] [php:error] [pid 74531] [client 158.158.32.183:0] script '/domains/pookie.dnai/hi.php' not found or unable to stat
[Tue Mar 03 01:06:18.769021 2026] [php:error] [pid 74530] [client 20.89.52.173:0] script '/domains/system_suspended/about.php' not found or unable to stat
[Tue Mar 03 01:06:18.786738 2026] [php:error] [pid 74531] [client 158.158.32.183:0] script '/domains/pookie.dnai/lala.php' not found or unable to stat
[Tue Mar 03 01:06:18.882806 2026] [php:error] [pid 74531] [client 158.158.32.183:0] script '/domains/pookie.dnai/lb.php' not found or unable to stat
[Tue Mar 03 01:06:18.938667 2026] [php:error] [pid 74530] [client 20.89.52.173:0] script '/domains/system_suspended/file.php' not found or unable to stat
[Tue Mar 03 01:06:19.054021 2026] [php:error] [pid 74531] [client 158.158.32.183:0] script '/domains/pookie.dnai/0.php' not found or unable to stat
[Tue Mar 03 01:06:19.129986 2026] [php:error] [pid 74530] [client 20.89.52.173:0] script '/domains/system_suspended/adminfuns.php' not found or unable to stat
[Tue Mar 03 01:06:19.138850 2026] [php:error] [pid 74531] [client 158.158.32.183:0] script '/domains/pookie.dnai/core.php' not found or unable to stat
[Tue Mar 03 01:06:19.223609 2026] [php:error] [pid 74531] [client 158.158.32.183:0] script '/domains/pookie.dnai/autogooey.php' not found or unable to stat
[Tue Mar 03 01:06:19.299828 2026] [php:error] [pid 74530] [client 20.89.52.173:0] script '/domains/system_suspended/wp-good.php' not found or unable to stat
[Tue Mar 03 01:06:19.417369 2026] [php:error] [pid 74531] [client 158.158.32.183:0] script '/domains/pookie.dnai/prv8.php' not found or unable to stat
[Tue Mar 03 01:06:19.469661 2026] [php:error] [pid 74530] [client 20.89.52.173:0] script '/domains/system_suspended/xmlrpc.php' not found or unable to stat
[Tue Mar 03 01:06:19.517717 2026] [php:error] [pid 74531] [client 158.158.32.183:0] script '/domains/pookie.dnai/k.php' not found or unable to stat
[Tue Mar 03 01:06:19.608595 2026] [php:error] [pid 74531] [client 158.158.32.183:0] script '/domains/pookie.dnai/dev.php' not found or unable to stat
[Tue Mar 03 01:06:19.639560 2026] [php:error] [pid 74530] [client 20.89.52.173:0] script '/domains/system_suspended/goods.php' not found or unable to stat
[Tue Mar 03 01:06:19.694957 2026] [php:error] [pid 74531] [client 158.158.32.183:0] script '/domains/pookie.dnai/x123x.php' not found or unable to stat
[Tue Mar 03 01:06:19.783624 2026] [php:error] [pid 74531] [client 158.158.32.183:0] script '/domains/pookie.dnai/bal.php' not found or unable to stat
[Tue Mar 03 01:06:19.816242 2026] [php:error] [pid 74530] [client 20.89.52.173:0] script '/domains/system_suspended/class-t.api.php' not found or unable to stat
[Tue Mar 03 01:06:19.869539 2026] [php:error] [pid 74531] [client 158.158.32.183:0] script '/domains/pookie.dnai/in.php' not found or unable to stat
[Tue Mar 03 01:06:19.958733 2026] [php:error] [pid 74531] [client 158.158.32.183:0] script '/domains/pookie.dnai/gssdd.php' not found or unable to stat
[Tue Mar 03 01:06:19.986069 2026] [php:error] [pid 74530] [client 20.89.52.173:0] script '/domains/system_suspended/sf.php' not found or unable to stat
[Tue Mar 03 01:06:20.043713 2026] [php:error] [pid 74531] [client 158.158.32.183:0] script '/domains/pookie.dnai/motu.php' not found or unable to stat
[Tue Mar 03 01:06:20.128507 2026] [php:error] [pid 74531] [client 158.158.32.183:0] script '/domains/pookie.dnai/bs1.php' not found or unable to stat
[Tue Mar 03 01:06:20.155728 2026] [php:error] [pid 74530] [client 20.89.52.173:0] script '/domains/system_suspended/kbfr.php' not found or unable to stat
[Tue Mar 03 01:06:20.217144 2026] [php:error] [pid 74531] [client 158.158.32.183:0] script '/domains/pookie.dnai/bengi.php' not found or unable to stat
[Tue Mar 03 01:06:20.302696 2026] [php:error] [pid 74531] [client 158.158.32.183:0] script '/domains/pookie.dnai/miansha.php' not found or unable to stat
[Tue Mar 03 01:06:20.325351 2026] [php:error] [pid 74530] [client 20.89.52.173:0] script '/domains/system_suspended/autoload_classmap.php' not found or unable to stat
[Tue Mar 03 01:06:20.390301 2026] [php:error] [pid 74531] [client 158.158.32.183:0] script '/domains/pookie.dnai/erty.php' not found or unable to stat
[Tue Mar 03 01:06:20.505105 2026] [php:error] [pid 74530] [client 20.89.52.173:0] script '/domains/system_suspended/chosen.php' not found or unable to stat
[Tue Mar 03 01:06:20.565389 2026] [php:error] [pid 74531] [client 158.158.32.183:0] script '/domains/pookie.dnai/X57.php' not found or unable to stat
[Tue Mar 03 01:06:20.649974 2026] [php:error] [pid 74531] [client 158.158.32.183:0] script '/domains/pookie.dnai/axx.php' not found or unable to stat
[Tue Mar 03 01:06:20.674761 2026] [php:error] [pid 74530] [client 20.89.52.173:0] script '/domains/system_suspended/classwithtostring.php' not found or unable to stat
[Tue Mar 03 01:06:20.734712 2026] [php:error] [pid 74531] [client 158.158.32.183:0] script '/domains/pookie.dnai/alfashell.php' not found or unable to stat
[Tue Mar 03 01:06:20.820008 2026] [php:error] [pid 74531] [client 158.158.32.183:0] script '/domains/pookie.dnai/re.php' not found or unable to stat
[Tue Mar 03 01:06:20.845806 2026] [php:error] [pid 74530] [client 20.89.52.173:0] script '/domains/system_suspended/defaults.php' not found or unable to stat
[Tue Mar 03 01:06:20.907198 2026] [php:error] [pid 74531] [client 158.158.32.183:0] script '/domains/pookie.dnai/styll.php' not found or unable to stat
[Tue Mar 03 01:06:20.991836 2026] [php:error] [pid 74531] [client 158.158.32.183:0] script '/domains/pookie.dnai/flower.php' not found or unable to stat
[Tue Mar 03 01:06:21.081197 2026] [php:error] [pid 74531] [client 158.158.32.183:0] script '/domains/pookie.dnai/flower2.php' not found or unable to stat
[Tue Mar 03 01:06:21.166791 2026] [php:error] [pid 74531] [client 158.158.32.183:0] script '/domains/pookie.dnai/4h.php' not found or unable to stat
[Tue Mar 03 01:06:21.251723 2026] [php:error] [pid 74531] [client 158.158.32.183:0] script '/domains/pookie.dnai/gettest.php' not found or unable to stat
[Tue Mar 03 01:06:21.336920 2026] [php:error] [pid 74531] [client 158.158.32.183:0] script '/domains/pookie.dnai/acp.php' not found or unable to stat
[Tue Mar 03 01:06:21.355030 2026] [php:error] [pid 74530] [client 20.89.52.173:0] script '/domains/system_suspended/info.php' not found or unable to stat
[Tue Mar 03 01:06:21.421619 2026] [php:error] [pid 74531] [client 158.158.32.183:0] script '/domains/pookie.dnai/database.php' not found or unable to stat
[Tue Mar 03 01:06:28.353579 2026] [php:error] [pid 74527] [client 145.239.10.137:0] script '/domains/antiqueweb1/wc.php' not found or unable to stat, referer: http://marketantique.com/wc.php
[Tue Mar 03 01:06:35.235701 2026] [php:error] [pid 74526] [client 145.239.10.137:0] script '/domains/antiqueweb1/script.php' not found or unable to stat, referer: http://marketantique.com/script.php
[Tue Mar 03 01:07:51.898645 2026] [php:error] [pid 74515] [client 20.78.169.245:0] script '/domains/brigadeweb/inputs.php' not found or unable to stat
[Tue Mar 03 01:07:52.078722 2026] [php:error] [pid 74515] [client 20.78.169.245:0] script '/domains/brigadeweb/ioxi-o.php' not found or unable to stat
[Tue Mar 03 01:07:52.454784 2026] [php:error] [pid 74515] [client 20.78.169.245:0] script '/domains/brigadeweb/rip.php' not found or unable to stat
[Tue Mar 03 01:07:52.635126 2026] [php:error] [pid 74515] [client 20.78.169.245:0] script '/domains/brigadeweb/admin.php' not found or unable to stat
[Tue Mar 03 01:07:52.994263 2026] [php:error] [pid 74515] [client 20.78.169.245:0] script '/domains/brigadeweb/cache.php' not found or unable to stat
[Tue Mar 03 01:07:53.201390 2026] [php:error] [pid 74515] [client 20.78.169.245:0] script '/domains/brigadeweb/themes.php' not found or unable to stat
[Tue Mar 03 01:07:53.413524 2026] [php:error] [pid 74515] [client 20.78.169.245:0] script '/domains/brigadeweb/an.php' not found or unable to stat
[Tue Mar 03 01:07:53.950336 2026] [php:error] [pid 74515] [client 20.78.169.245:0] script '/domains/brigadeweb/ws.php' not found or unable to stat
[Tue Mar 03 01:07:54.129796 2026] [php:error] [pid 74515] [client 20.78.169.245:0] script '/domains/brigadeweb/404.php' not found or unable to stat
[Tue Mar 03 01:07:54.493634 2026] [php:error] [pid 74515] [client 20.78.169.245:0] script '/domains/brigadeweb/wp-conf.php' not found or unable to stat
[Tue Mar 03 01:07:54.919701 2026] [php:error] [pid 74515] [client 20.78.169.245:0] script '/domains/brigadeweb/wp-login.php' not found or unable to stat
[Tue Mar 03 01:07:55.222333 2026] [php:error] [pid 74515] [client 20.78.169.245:0] script '/domains/brigadeweb/abc.php' not found or unable to stat
[Tue Mar 03 01:07:55.402853 2026] [php:error] [pid 74515] [client 20.78.169.245:0] script '/domains/brigadeweb/abcd.php' not found or unable to stat
[Tue Mar 03 01:07:55.599580 2026] [php:error] [pid 74515] [client 20.78.169.245:0] script '/domains/brigadeweb/as.php' not found or unable to stat
[Tue Mar 03 01:07:55.778313 2026] [php:error] [pid 74515] [client 20.78.169.245:0] script '/domains/brigadeweb/wp-trackback.php' not found or unable to stat
[Tue Mar 03 01:07:55.957058 2026] [php:error] [pid 74515] [client 20.78.169.245:0] script '/domains/brigadeweb/about.php' not found or unable to stat
[Tue Mar 03 01:07:56.136040 2026] [php:error] [pid 74515] [client 20.78.169.245:0] script '/domains/brigadeweb/file.php' not found or unable to stat
[Tue Mar 03 01:07:56.315035 2026] [php:error] [pid 74515] [client 20.78.169.245:0] script '/domains/brigadeweb/adminfuns.php' not found or unable to stat
[Tue Mar 03 01:07:56.493843 2026] [php:error] [pid 74515] [client 20.78.169.245:0] script '/domains/brigadeweb/wp-good.php' not found or unable to stat
[Tue Mar 03 01:07:56.693687 2026] [php:error] [pid 74515] [client 20.78.169.245:0] script '/domains/brigadeweb/xmlrpc.php' not found or unable to stat
[Tue Mar 03 01:07:56.891677 2026] [php:error] [pid 74515] [client 20.78.169.245:0] script '/domains/brigadeweb/goods.php' not found or unable to stat
[Tue Mar 03 01:07:57.088567 2026] [php:error] [pid 74515] [client 20.78.169.245:0] script '/domains/brigadeweb/class-t.api.php' not found or unable to stat
[Tue Mar 03 01:07:57.282989 2026] [php:error] [pid 74515] [client 20.78.169.245:0] script '/domains/brigadeweb/sf.php' not found or unable to stat
[Tue Mar 03 01:07:57.506854 2026] [php:error] [pid 74515] [client 20.78.169.245:0] script '/domains/brigadeweb/kbfr.php' not found or unable to stat
[Tue Mar 03 01:07:57.712551 2026] [php:error] [pid 74515] [client 20.78.169.245:0] script '/domains/brigadeweb/autoload_classmap.php' not found or unable to stat
[Tue Mar 03 01:07:57.920637 2026] [php:error] [pid 74515] [client 20.78.169.245:0] script '/domains/brigadeweb/chosen.php' not found or unable to stat
[Tue Mar 03 01:07:58.099435 2026] [php:error] [pid 74515] [client 20.78.169.245:0] script '/domains/brigadeweb/classwithtostring.php' not found or unable to stat
[Tue Mar 03 01:07:58.279073 2026] [php:error] [pid 74515] [client 20.78.169.245:0] script '/domains/brigadeweb/defaults.php' not found or unable to stat
[Tue Mar 03 01:07:58.843334 2026] [php:error] [pid 74515] [client 20.78.169.245:0] script '/domains/brigadeweb/info.php' not found or unable to stat
[Tue Mar 03 01:08:49.941605 2026] [php:error] [pid 74546] [client 52.231.70.237:0] script '/domains/system_suspended/222.php' not found or unable to stat
[Tue Mar 03 01:08:50.140877 2026] [php:error] [pid 74546] [client 52.231.70.237:0] script '/domains/system_suspended/404.php' not found or unable to stat
[Tue Mar 03 01:08:50.367616 2026] [php:error] [pid 74546] [client 52.231.70.237:0] script '/domains/system_suspended/about.php' not found or unable to stat
[Tue Mar 03 01:08:50.567023 2026] [php:error] [pid 74546] [client 52.231.70.237:0] script '/domains/system_suspended/admin.php' not found or unable to stat
[Tue Mar 03 01:08:50.766759 2026] [php:error] [pid 74546] [client 52.231.70.237:0] script '/domains/system_suspended/adminfuns.php' not found or unable to stat
[Tue Mar 03 01:08:50.966463 2026] [php:error] [pid 74546] [client 52.231.70.237:0] script '/domains/system_suspended/bless.php' not found or unable to stat
[Tue Mar 03 01:08:51.165971 2026] [php:error] [pid 74546] [client 52.231.70.237:0] script '/domains/system_suspended/bolt.php' not found or unable to stat
[Tue Mar 03 01:08:51.365007 2026] [php:error] [pid 74546] [client 52.231.70.237:0] script '/domains/system_suspended/ccou.php' not found or unable to stat
[Tue Mar 03 01:08:51.564173 2026] [php:error] [pid 74546] [client 52.231.70.237:0] script '/domains/system_suspended/class-t.api.php' not found or unable to stat
[Tue Mar 03 01:08:51.786457 2026] [php:error] [pid 74546] [client 52.231.70.237:0] script '/domains/system_suspended/css.php' not found or unable to stat
[Tue Mar 03 01:08:52.184629 2026] [php:error] [pid 74546] [client 52.231.70.237:0] script '/domains/system_suspended/edit.php' not found or unable to stat
[Tue Mar 03 01:08:52.383658 2026] [php:error] [pid 74546] [client 52.231.70.237:0] script '/domains/system_suspended/fff.php' not found or unable to stat
[Tue Mar 03 01:08:52.582805 2026] [php:error] [pid 74546] [client 52.231.70.237:0] script '/domains/system_suspended/file.php' not found or unable to stat
[Tue Mar 03 01:08:52.781852 2026] [php:error] [pid 74546] [client 52.231.70.237:0] script '/domains/system_suspended/fx.php' not found or unable to stat
[Tue Mar 03 01:08:53.002484 2026] [php:error] [pid 74546] [client 52.231.70.237:0] script '/domains/system_suspended/info.php' not found or unable to stat
[Tue Mar 03 01:08:53.201767 2026] [php:error] [pid 74546] [client 52.231.70.237:0] script '/domains/system_suspended/ioxi-o.php' not found or unable to stat
[Tue Mar 03 01:08:53.401117 2026] [php:error] [pid 74546] [client 52.231.70.237:0] script '/domains/system_suspended/rip.php' not found or unable to stat
[Tue Mar 03 01:08:53.600227 2026] [php:error] [pid 74546] [client 52.231.70.237:0] script '/domains/system_suspended/server.php' not found or unable to stat
[Tue Mar 03 01:08:53.799994 2026] [php:error] [pid 74546] [client 52.231.70.237:0] script '/domains/system_suspended/wp-blog.php' not found or unable to stat
[Tue Mar 03 01:08:55.001531 2026] [php:error] [pid 74546] [client 52.231.70.237:0] script '/domains/system_suspended/wp-editor.php' not found or unable to stat
[Tue Mar 03 01:08:55.999319 2026] [php:error] [pid 74546] [client 52.231.70.237:0] script '/domains/system_suspended/wp.php' not found or unable to stat
[Tue Mar 03 01:08:56.198801 2026] [php:error] [pid 74546] [client 52.231.70.237:0] script '/domains/system_suspended/x.php' not found or unable to stat
[Tue Mar 03 01:09:12.913977 2026] [php:error] [pid 74543] [client 223.181.12.255:0] script '/domains/hdickens.enteract/xmlrpc.php' not found or unable to stat
[Tue Mar 03 01:09:29.109735 2026] [php:error] [pid 74543] [client 145.239.10.137:0] script '/domains/antiqueweb1/dragontank.php' not found or unable to stat, referer: http://marketantique.com/dragontank.php
[Tue Mar 03 01:09:51.541463 2026] [php:error] [pid 74559] [client 52.253.113.41:0] script '/domains/proinc/222.php' not found or unable to stat
[Tue Mar 03 01:09:51.711536 2026] [php:error] [pid 74559] [client 52.253.113.41:0] script '/domains/proinc/404.php' not found or unable to stat
[Tue Mar 03 01:09:51.883381 2026] [php:error] [pid 74559] [client 52.253.113.41:0] script '/domains/proinc/about.php' not found or unable to stat
[Tue Mar 03 01:09:52.065776 2026] [php:error] [pid 74559] [client 52.253.113.41:0] script '/domains/proinc/admin.php' not found or unable to stat
[Tue Mar 03 01:09:52.235656 2026] [php:error] [pid 74559] [client 52.253.113.41:0] script '/domains/proinc/adminfuns.php' not found or unable to stat
[Tue Mar 03 01:09:52.406762 2026] [php:error] [pid 74559] [client 52.253.113.41:0] script '/domains/proinc/bless.php' not found or unable to stat
[Tue Mar 03 01:09:52.579872 2026] [php:error] [pid 74559] [client 52.253.113.41:0] script '/domains/proinc/bolt.php' not found or unable to stat
[Tue Mar 03 01:09:52.749871 2026] [php:error] [pid 74559] [client 52.253.113.41:0] script '/domains/proinc/ccou.php' not found or unable to stat
[Tue Mar 03 01:09:52.920319 2026] [php:error] [pid 74559] [client 52.253.113.41:0] script '/domains/proinc/class-t.api.php' not found or unable to stat
[Tue Mar 03 01:09:53.092202 2026] [php:error] [pid 74559] [client 52.253.113.41:0] script '/domains/proinc/css.php' not found or unable to stat
[Tue Mar 03 01:09:53.434980 2026] [php:error] [pid 74559] [client 52.253.113.41:0] script '/domains/proinc/edit.php' not found or unable to stat
[Tue Mar 03 01:09:53.605885 2026] [php:error] [pid 74559] [client 52.253.113.41:0] script '/domains/proinc/fff.php' not found or unable to stat
[Tue Mar 03 01:09:53.775867 2026] [php:error] [pid 74559] [client 52.253.113.41:0] script '/domains/proinc/file.php' not found or unable to stat
[Tue Mar 03 01:09:53.947800 2026] [php:error] [pid 74559] [client 52.253.113.41:0] script '/domains/proinc/fx.php' not found or unable to stat
[Tue Mar 03 01:09:54.118219 2026] [php:error] [pid 74559] [client 52.253.113.41:0] script '/domains/proinc/info.php' not found or unable to stat
[Tue Mar 03 01:09:54.299224 2026] [php:error] [pid 74559] [client 52.253.113.41:0] script '/domains/proinc/ioxi-o.php' not found or unable to stat
[Tue Mar 03 01:09:54.469373 2026] [php:error] [pid 74559] [client 52.253.113.41:0] script '/domains/proinc/rip.php' not found or unable to stat
[Tue Mar 03 01:09:54.640331 2026] [php:error] [pid 74559] [client 52.253.113.41:0] script '/domains/proinc/server.php' not found or unable to stat
[Tue Mar 03 01:09:54.810226 2026] [php:error] [pid 74559] [client 52.253.113.41:0] script '/domains/proinc/wp-blog.php' not found or unable to stat
[Tue Mar 03 01:09:55.851694 2026] [php:error] [pid 74559] [client 52.253.113.41:0] script '/domains/proinc/wp-editor.php' not found or unable to stat
[Tue Mar 03 01:09:56.720649 2026] [php:error] [pid 74559] [client 52.253.113.41:0] script '/domains/proinc/wp.php' not found or unable to stat
[Tue Mar 03 01:09:56.912335 2026] [php:error] [pid 74559] [client 52.253.113.41:0] script '/domains/proinc/x.php' not found or unable to stat
[Tue Mar 03 01:10:34.067352 2026] [php:error] [pid 74572] [client 41.200.14.143:0] script '/domains/hofficer1/xmlrpc.php' not found or unable to stat
[Tue Mar 03 01:10:43.944332 2026] [php:error] [pid 74515] [client 20.151.109.1:0] script '/domains/aatweb/gfile.php' not found or unable to stat
[Tue Mar 03 01:10:43.980487 2026] [php:error] [pid 74515] [client 20.151.109.1:0] script '/domains/aatweb/bitch.php' not found or unable to stat
[Tue Mar 03 01:10:44.016681 2026] [php:error] [pid 74515] [client 20.151.109.1:0] script '/domains/aatweb/file61.php' not found or unable to stat
[Tue Mar 03 01:10:44.052843 2026] [php:error] [pid 74515] [client 20.151.109.1:0] script '/domains/aatweb/eee.php' not found or unable to stat
[Tue Mar 03 01:10:44.089327 2026] [php:error] [pid 74515] [client 20.151.109.1:0] script '/domains/aatweb/swallowable.php' not found or unable to stat
[Tue Mar 03 01:10:44.125796 2026] [php:error] [pid 74515] [client 20.151.109.1:0] script '/domains/aatweb/dox.php' not found or unable to stat
[Tue Mar 03 01:10:44.162032 2026] [php:error] [pid 74515] [client 20.151.109.1:0] script '/domains/aatweb/qwas.php' not found or unable to stat
[Tue Mar 03 01:10:44.198263 2026] [php:error] [pid 74515] [client 20.151.109.1:0] script '/domains/aatweb/claw.php' not found or unable to stat
[Tue Mar 03 01:10:44.235021 2026] [php:error] [pid 74515] [client 20.151.109.1:0] script '/domains/aatweb/cfgy.php' not found or unable to stat
[Tue Mar 03 01:10:44.272757 2026] [php:error] [pid 74515] [client 20.151.109.1:0] script '/domains/aatweb/jbuft.php' not found or unable to stat
[Tue Mar 03 01:10:44.308917 2026] [php:error] [pid 74515] [client 20.151.109.1:0] script '/domains/aatweb/fvvff.php' not found or unable to stat
[Tue Mar 03 01:10:44.345278 2026] [php:error] [pid 74515] [client 20.151.109.1:0] script '/domains/aatweb/vaza.php' not found or unable to stat
[Tue Mar 03 01:10:44.381304 2026] [php:error] [pid 74515] [client 20.151.109.1:0] script '/domains/aatweb/a2.php' not found or unable to stat
[Tue Mar 03 01:10:44.417365 2026] [php:error] [pid 74515] [client 20.151.109.1:0] script '/domains/aatweb/sty.php' not found or unable to stat
[Tue Mar 03 01:10:44.453536 2026] [php:error] [pid 74515] [client 20.151.109.1:0] script '/domains/aatweb/xxxx.php' not found or unable to stat
[Tue Mar 03 01:10:44.489645 2026] [php:error] [pid 74515] [client 20.151.109.1:0] script '/domains/aatweb/h.php' not found or unable to stat
[Tue Mar 03 01:10:44.525925 2026] [php:error] [pid 74515] [client 20.151.109.1:0] script '/domains/aatweb/g.php' not found or unable to stat
[Tue Mar 03 01:10:44.562012 2026] [php:error] [pid 74515] [client 20.151.109.1:0] script '/domains/aatweb/pp.php' not found or unable to stat
[Tue Mar 03 01:10:44.598141 2026] [php:error] [pid 74515] [client 20.151.109.1:0] script '/domains/aatweb/sys.php' not found or unable to stat
[Tue Mar 03 01:10:44.634308 2026] [php:error] [pid 74515] [client 20.151.109.1:0] script '/domains/aatweb/txets.php' not found or unable to stat
[Tue Mar 03 01:10:44.680694 2026] [php:error] [pid 74515] [client 20.151.109.1:0] script '/domains/aatweb/tt.php' not found or unable to stat
[Tue Mar 03 01:10:44.716831 2026] [php:error] [pid 74515] [client 20.151.109.1:0] script '/domains/aatweb/wp9.php' not found or unable to stat
[Tue Mar 03 01:10:44.753035 2026] [php:error] [pid 74515] [client 20.151.109.1:0] script '/domains/aatweb/path.php' not found or unable to stat
[Tue Mar 03 01:10:44.790902 2026] [php:error] [pid 74515] [client 20.151.109.1:0] script '/domains/aatweb/wdf.php' not found or unable to stat
[Tue Mar 03 01:10:44.827222 2026] [php:error] [pid 74515] [client 20.151.109.1:0] script '/domains/aatweb/fleen.php' not found or unable to stat
[Tue Mar 03 01:10:44.864026 2026] [php:error] [pid 74515] [client 20.151.109.1:0] script '/domains/aatweb/wp-tem.php' not found or unable to stat
[Tue Mar 03 01:10:44.900517 2026] [php:error] [pid 74515] [client 20.151.109.1:0] script '/domains/aatweb/av6m.php' not found or unable to stat
[Tue Mar 03 01:10:44.936943 2026] [php:error] [pid 74515] [client 20.151.109.1:0] script '/domains/aatweb/autogooey.php' not found or unable to stat
[Tue Mar 03 01:10:44.973316 2026] [php:error] [pid 74515] [client 20.151.109.1:0] script '/domains/aatweb/btx25.php' not found or unable to stat
[Tue Mar 03 01:10:45.010050 2026] [php:error] [pid 74515] [client 20.151.109.1:0] script '/domains/aatweb/mga.php' not found or unable to stat
[Tue Mar 03 01:10:45.048135 2026] [php:error] [pid 74515] [client 20.151.109.1:0] script '/domains/aatweb/maxro.php' not found or unable to stat
[Tue Mar 03 01:10:45.084708 2026] [php:error] [pid 74515] [client 20.151.109.1:0] script '/domains/aatweb/agg.php' not found or unable to stat
[Tue Mar 03 01:10:45.120829 2026] [php:error] [pid 74515] [client 20.151.109.1:0] script '/domains/aatweb/pass4.php' not found or unable to stat
[Tue Mar 03 01:10:45.156942 2026] [php:error] [pid 74515] [client 20.151.109.1:0] script '/domains/aatweb/wsvvs.php' not found or unable to stat
[Tue Mar 03 01:10:45.193133 2026] [php:error] [pid 74515] [client 20.151.109.1:0] script '/domains/aatweb/G-In.php' not found or unable to stat
[Tue Mar 03 01:10:45.229516 2026] [php:error] [pid 74515] [client 20.151.109.1:0] script '/domains/aatweb/edit.php' not found or unable to stat
[Tue Mar 03 01:10:45.265847 2026] [php:error] [pid 74515] [client 20.151.109.1:0] script '/domains/aatweb/ioxi-o.php' not found or unable to stat
[Tue Mar 03 01:10:45.337808 2026] [php:error] [pid 74515] [client 20.151.109.1:0] script '/domains/aatweb/66.php' not found or unable to stat
[Tue Mar 03 01:10:45.411888 2026] [php:error] [pid 74515] [client 20.151.109.1:0] script '/domains/aatweb/gifclass.php' not found or unable to stat
[Tue Mar 03 01:10:45.592962 2026] [php:error] [pid 74515] [client 20.151.109.1:0] script '/domains/aatweb/sc.php' not found or unable to stat
[Tue Mar 03 01:10:45.629290 2026] [php:error] [pid 74515] [client 20.151.109.1:0] script '/domains/aatweb/xmlrpc.php' not found or unable to stat
[Tue Mar 03 01:10:45.665397 2026] [php:error] [pid 74515] [client 20.151.109.1:0] script '/domains/aatweb/ol.php' not found or unable to stat
[Tue Mar 03 01:10:45.706374 2026] [php:error] [pid 74515] [client 20.151.109.1:0] script '/domains/aatweb/f6.php' not found or unable to stat
[Tue Mar 03 01:10:45.742689 2026] [php:error] [pid 74515] [client 20.151.109.1:0] script '/domains/aatweb/inputs.php' not found or unable to stat
[Tue Mar 03 01:10:45.779129 2026] [php:error] [pid 74515] [client 20.151.109.1:0] script '/domains/aatweb/style.php' not found or unable to stat
[Tue Mar 03 01:10:45.815400 2026] [php:error] [pid 74515] [client 20.151.109.1:0] script '/domains/aatweb/bgymj.php' not found or unable to stat
[Tue Mar 03 01:10:45.852143 2026] [php:error] [pid 74515] [client 20.151.109.1:0] script '/domains/aatweb/aa.php' not found or unable to stat
[Tue Mar 03 01:10:45.888506 2026] [php:error] [pid 74515] [client 20.151.109.1:0] script '/domains/aatweb/1.php' not found or unable to stat
[Tue Mar 03 01:10:45.924599 2026] [php:error] [pid 74515] [client 20.151.109.1:0] script '/domains/aatweb/sc.php' not found or unable to stat
[Tue Mar 03 01:10:45.960976 2026] [php:error] [pid 74515] [client 20.151.109.1:0] script '/domains/aatweb/av.php' not found or unable to stat
[Tue Mar 03 01:10:45.997489 2026] [php:error] [pid 74515] [client 20.151.109.1:0] script '/domains/aatweb/file.php' not found or unable to stat
[Tue Mar 03 01:10:46.033754 2026] [php:error] [pid 74515] [client 20.151.109.1:0] script '/domains/aatweb/666.php' not found or unable to stat
[Tue Mar 03 01:10:46.072347 2026] [php:error] [pid 74515] [client 20.151.109.1:0] script '/domains/aatweb/file59.php' not found or unable to stat
[Tue Mar 03 01:10:46.108425 2026] [php:error] [pid 74515] [client 20.151.109.1:0] script '/domains/aatweb/bless.php' not found or unable to stat
[Tue Mar 03 01:10:46.144291 2026] [php:error] [pid 74515] [client 20.151.109.1:0] script '/domains/aatweb/wp9.php' not found or unable to stat
[Tue Mar 03 01:10:46.180581 2026] [php:error] [pid 74515] [client 20.151.109.1:0] script '/domains/aatweb/wp-act.php' not found or unable to stat
[Tue Mar 03 01:10:46.216821 2026] [php:error] [pid 74515] [client 20.151.109.1:0] script '/domains/aatweb/class-t.api.php' not found or unable to stat
[Tue Mar 03 01:10:46.253090 2026] [php:error] [pid 74515] [client 20.151.109.1:0] script '/domains/aatweb/xqq.php' not found or unable to stat
[Tue Mar 03 01:10:46.325771 2026] [php:error] [pid 74515] [client 20.151.109.1:0] script '/domains/aatweb/a.php' not found or unable to stat
[Tue Mar 03 01:10:46.362119 2026] [php:error] [pid 74515] [client 20.151.109.1:0] script '/domains/aatweb/06.php' not found or unable to stat
[Tue Mar 03 01:10:46.398517 2026] [php:error] [pid 74515] [client 20.151.109.1:0] script '/domains/aatweb/plss3.php' not found or unable to stat
[Tue Mar 03 01:10:46.438216 2026] [php:error] [pid 74515] [client 20.151.109.1:0] script '/domains/aatweb/aaa.php' not found or unable to stat
[Tue Mar 03 01:10:46.474538 2026] [php:error] [pid 74515] [client 20.151.109.1:0] script '/domains/aatweb/classwithtostring.php' not found or unable to stat
[Tue Mar 03 01:10:46.547237 2026] [php:error] [pid 74515] [client 20.151.109.1:0] script '/domains/aatweb/tinyfilemanager.php' not found or unable to stat
[Tue Mar 03 01:10:46.583674 2026] [php:error] [pid 74515] [client 20.151.109.1:0] script '/domains/aatweb/x.php' not found or unable to stat
[Tue Mar 03 01:10:46.619827 2026] [php:error] [pid 74515] [client 20.151.109.1:0] script '/domains/aatweb/ms.php' not found or unable to stat
[Tue Mar 03 01:10:46.692331 2026] [php:error] [pid 74515] [client 20.151.109.1:0] script '/domains/aatweb/wdf.php' not found or unable to stat
[Tue Mar 03 01:10:46.728518 2026] [php:error] [pid 74515] [client 20.151.109.1:0] script '/domains/aatweb/wp-update.php' not found or unable to stat
[Tue Mar 03 01:10:46.764794 2026] [php:error] [pid 74515] [client 20.151.109.1:0] script '/domains/aatweb/sbhu.php' not found or unable to stat
[Tue Mar 03 01:10:46.837427 2026] [php:error] [pid 74515] [client 20.151.109.1:0] script '/domains/aatweb/wp-blog.php' not found or unable to stat
[Tue Mar 03 01:10:46.874271 2026] [php:error] [pid 74515] [client 20.151.109.1:0] script '/domains/aatweb/test1.php' not found or unable to stat
[Tue Mar 03 01:10:46.946442 2026] [php:error] [pid 74515] [client 20.151.109.1:0] script '/domains/aatweb/166.php' not found or unable to stat
[Tue Mar 03 01:10:46.982824 2026] [php:error] [pid 74515] [client 20.151.109.1:0] script '/domains/aatweb/fleen.php' not found or unable to stat
