[Tue Mar 03 00:31:51.152950 2026] [php:error] [pid 74118] [client 51.120.79.194:0] script '/domains/bels/155.php' not found or unable to stat
[Tue Mar 03 00:31:51.248202 2026] [php:error] [pid 74118] [client 51.120.79.194:0] script '/domains/bels/we.php' not found or unable to stat
[Tue Mar 03 00:31:51.343637 2026] [php:error] [pid 74118] [client 51.120.79.194:0] script '/domains/bels/alpha.php' not found or unable to stat
[Tue Mar 03 00:31:51.439385 2026] [php:error] [pid 74118] [client 51.120.79.194:0] script '/domains/bels/makeasmtp.php' not found or unable to stat
[Tue Mar 03 00:31:51.625200 2026] [php:error] [pid 74129] [client 51.120.79.194:0] script '/domains/bels/wp-michan.php' not found or unable to stat
[Tue Mar 03 00:31:51.810577 2026] [php:error] [pid 74129] [client 51.120.79.194:0] script '/domains/bels/wp-the.php' not found or unable to stat
[Tue Mar 03 00:31:52.001816 2026] [php:error] [pid 74129] [client 51.120.79.194:0] script '/domains/bels/BDKR28WP.php' not found or unable to stat
[Tue Mar 03 00:31:52.187280 2026] [php:error] [pid 74129] [client 51.120.79.194:0] script '/domains/bels/wp.php' not found or unable to stat
[Tue Mar 03 00:31:52.372637 2026] [php:error] [pid 74129] [client 51.120.79.194:0] script '/domains/bels/w4.php' not found or unable to stat
[Tue Mar 03 00:31:52.558385 2026] [php:error] [pid 74129] [client 51.120.79.194:0] script '/domains/bels/ok.php' not found or unable to stat
[Tue Mar 03 00:31:52.651739 2026] [php:error] [pid 74129] [client 51.120.79.194:0] script '/domains/bels/about.php' not found or unable to stat
[Tue Mar 03 00:31:52.745090 2026] [php:error] [pid 74129] [client 51.120.79.194:0] script '/domains/bels/tymn.php' not found or unable to stat
[Tue Mar 03 00:31:52.839210 2026] [php:error] [pid 74129] [client 51.120.79.194:0] script '/domains/bels/bak.php' not found or unable to stat
[Tue Mar 03 00:31:53.024654 2026] [php:error] [pid 74129] [client 51.120.79.194:0] script '/domains/bels/fe5.php' not found or unable to stat
[Tue Mar 03 00:31:53.117556 2026] [php:error] [pid 74129] [client 51.120.79.194:0] script '/domains/bels/kj.php' not found or unable to stat
[Tue Mar 03 00:31:53.301947 2026] [php:error] [pid 74129] [client 51.120.79.194:0] script '/domains/bels/av.php' not found or unable to stat
[Tue Mar 03 00:31:53.394508 2026] [php:error] [pid 74129] [client 51.120.79.194:0] script '/domains/bels/abcd.php' not found or unable to stat
[Tue Mar 03 00:31:53.487623 2026] [php:error] [pid 74129] [client 51.120.79.194:0] script '/domains/bels/init.php' not found or unable to stat
[Tue Mar 03 00:31:53.580405 2026] [php:error] [pid 74129] [client 51.120.79.194:0] script '/domains/bels/fi.php' not found or unable to stat
[Tue Mar 03 00:31:53.673147 2026] [php:error] [pid 74129] [client 51.120.79.194:0] script '/domains/bels/a1.php' not found or unable to stat
[Tue Mar 03 00:31:53.951046 2026] [php:error] [pid 74129] [client 51.120.79.194:0] script '/domains/bels/f35.php' not found or unable to stat
[Tue Mar 03 00:31:54.043971 2026] [php:error] [pid 74129] [client 51.120.79.194:0] script '/domains/bels/hi.php' not found or unable to stat
[Tue Mar 03 00:31:54.140475 2026] [php:error] [pid 74129] [client 51.120.79.194:0] script '/domains/bels/lala.php' not found or unable to stat
[Tue Mar 03 00:31:54.233186 2026] [php:error] [pid 74129] [client 51.120.79.194:0] script '/domains/bels/lb.php' not found or unable to stat
[Tue Mar 03 00:31:54.418589 2026] [php:error] [pid 74129] [client 51.120.79.194:0] script '/domains/bels/0.php' not found or unable to stat
[Tue Mar 03 00:31:54.515641 2026] [php:error] [pid 74129] [client 51.120.79.194:0] script '/domains/bels/core.php' not found or unable to stat
[Tue Mar 03 00:31:54.608225 2026] [php:error] [pid 74129] [client 51.120.79.194:0] script '/domains/bels/autogooey.php' not found or unable to stat
[Tue Mar 03 00:31:54.793111 2026] [php:error] [pid 74129] [client 51.120.79.194:0] script '/domains/bels/prv8.php' not found or unable to stat
[Tue Mar 03 00:31:54.885708 2026] [php:error] [pid 74129] [client 51.120.79.194:0] script '/domains/bels/k.php' not found or unable to stat
[Tue Mar 03 00:31:54.978425 2026] [php:error] [pid 74129] [client 51.120.79.194:0] script '/domains/bels/dev.php' not found or unable to stat
[Tue Mar 03 00:31:55.071786 2026] [php:error] [pid 74129] [client 51.120.79.194:0] script '/domains/bels/x123x.php' not found or unable to stat
[Tue Mar 03 00:31:55.164869 2026] [php:error] [pid 74129] [client 51.120.79.194:0] script '/domains/bels/bal.php' not found or unable to stat
[Tue Mar 03 00:31:55.258033 2026] [php:error] [pid 74129] [client 51.120.79.194:0] script '/domains/bels/in.php' not found or unable to stat
[Tue Mar 03 00:31:55.350798 2026] [php:error] [pid 74129] [client 51.120.79.194:0] script '/domains/bels/gssdd.php' not found or unable to stat
[Tue Mar 03 00:31:55.443574 2026] [php:error] [pid 74129] [client 51.120.79.194:0] script '/domains/bels/motu.php' not found or unable to stat
[Tue Mar 03 00:31:55.539685 2026] [php:error] [pid 74129] [client 51.120.79.194:0] script '/domains/bels/bs1.php' not found or unable to stat
[Tue Mar 03 00:31:55.632231 2026] [php:error] [pid 74129] [client 51.120.79.194:0] script '/domains/bels/bengi.php' not found or unable to stat
[Tue Mar 03 00:31:55.724974 2026] [php:error] [pid 74129] [client 51.120.79.194:0] script '/domains/bels/log.php' not found or unable to stat
[Tue Mar 03 00:31:55.817457 2026] [php:error] [pid 74129] [client 51.120.79.194:0] script '/domains/bels/miansha.php' not found or unable to stat
[Tue Mar 03 00:31:55.910351 2026] [php:error] [pid 74129] [client 51.120.79.194:0] script '/domains/bels/erty.php' not found or unable to stat
[Tue Mar 03 00:31:56.106200 2026] [php:error] [pid 74129] [client 51.120.79.194:0] script '/domains/bels/X57.php' not found or unable to stat
[Tue Mar 03 00:31:56.198760 2026] [php:error] [pid 74129] [client 51.120.79.194:0] script '/domains/bels/axx.php' not found or unable to stat
[Tue Mar 03 00:31:56.292280 2026] [php:error] [pid 74129] [client 51.120.79.194:0] script '/domains/bels/alfashell.php' not found or unable to stat
[Tue Mar 03 00:31:56.384907 2026] [php:error] [pid 74129] [client 51.120.79.194:0] script '/domains/bels/myfile.php' not found or unable to stat
[Tue Mar 03 00:31:56.477761 2026] [php:error] [pid 74129] [client 51.120.79.194:0] script '/domains/bels/re.php' not found or unable to stat
[Tue Mar 03 00:31:56.570275 2026] [php:error] [pid 74129] [client 51.120.79.194:0] script '/domains/bels/styll.php' not found or unable to stat
[Tue Mar 03 00:31:56.665122 2026] [php:error] [pid 74129] [client 51.120.79.194:0] script '/domains/bels/flower.php' not found or unable to stat
[Tue Mar 03 00:31:56.758063 2026] [php:error] [pid 74129] [client 51.120.79.194:0] script '/domains/bels/flower2.php' not found or unable to stat
[Tue Mar 03 00:31:56.851060 2026] [php:error] [pid 74129] [client 51.120.79.194:0] script '/domains/bels/4h.php' not found or unable to stat
[Tue Mar 03 00:31:56.944034 2026] [php:error] [pid 74129] [client 51.120.79.194:0] script '/domains/bels/gettest.php' not found or unable to stat
[Tue Mar 03 00:31:57.036705 2026] [php:error] [pid 74129] [client 51.120.79.194:0] script '/domains/bels/acp.php' not found or unable to stat
[Tue Mar 03 00:31:57.150876 2026] [php:error] [pid 74129] [client 51.120.79.194:0] script '/domains/bels/database.php' not found or unable to stat
[Tue Mar 03 00:32:09.212255 2026] [php:error] [pid 74129] [client 20.214.137.177:0] script '/domains/perless2web/222.php' not found or unable to stat
[Tue Mar 03 00:32:09.404887 2026] [php:error] [pid 74129] [client 20.214.137.177:0] script '/domains/perless2web/404.php' not found or unable to stat
[Tue Mar 03 00:32:09.597473 2026] [php:error] [pid 74129] [client 20.214.137.177:0] script '/domains/perless2web/about.php' not found or unable to stat
[Tue Mar 03 00:32:09.790321 2026] [php:error] [pid 74129] [client 20.214.137.177:0] script '/domains/perless2web/admin.php' not found or unable to stat
[Tue Mar 03 00:32:09.986604 2026] [php:error] [pid 74129] [client 20.214.137.177:0] script '/domains/perless2web/adminfuns.php' not found or unable to stat
[Tue Mar 03 00:32:10.179745 2026] [php:error] [pid 74129] [client 20.214.137.177:0] script '/domains/perless2web/bless.php' not found or unable to stat
[Tue Mar 03 00:32:10.372400 2026] [php:error] [pid 74129] [client 20.214.137.177:0] script '/domains/perless2web/bolt.php' not found or unable to stat
[Tue Mar 03 00:32:10.565077 2026] [php:error] [pid 74129] [client 20.214.137.177:0] script '/domains/perless2web/ccou.php' not found or unable to stat
[Tue Mar 03 00:32:10.757781 2026] [php:error] [pid 74129] [client 20.214.137.177:0] script '/domains/perless2web/class-t.api.php' not found or unable to stat
[Tue Mar 03 00:32:10.950318 2026] [php:error] [pid 74129] [client 20.214.137.177:0] script '/domains/perless2web/css.php' not found or unable to stat
[Tue Mar 03 00:32:11.335783 2026] [php:error] [pid 74129] [client 20.214.137.177:0] script '/domains/perless2web/edit.php' not found or unable to stat
[Tue Mar 03 00:32:11.532882 2026] [php:error] [pid 74129] [client 20.214.137.177:0] script '/domains/perless2web/fff.php' not found or unable to stat
[Tue Mar 03 00:32:11.725920 2026] [php:error] [pid 74129] [client 20.214.137.177:0] script '/domains/perless2web/file.php' not found or unable to stat
[Tue Mar 03 00:32:11.918421 2026] [php:error] [pid 74129] [client 20.214.137.177:0] script '/domains/perless2web/fx.php' not found or unable to stat
[Tue Mar 03 00:32:12.111811 2026] [php:error] [pid 74129] [client 20.214.137.177:0] script '/domains/perless2web/info.php' not found or unable to stat
[Tue Mar 03 00:32:12.304589 2026] [php:error] [pid 74129] [client 20.214.137.177:0] script '/domains/perless2web/ioxi-o.php' not found or unable to stat
[Tue Mar 03 00:32:12.497973 2026] [php:error] [pid 74129] [client 20.214.137.177:0] script '/domains/perless2web/rip.php' not found or unable to stat
[Tue Mar 03 00:32:12.691048 2026] [php:error] [pid 74129] [client 20.214.137.177:0] script '/domains/perless2web/server.php' not found or unable to stat
[Tue Mar 03 00:32:12.883787 2026] [php:error] [pid 74129] [client 20.214.137.177:0] script '/domains/perless2web/wp-blog.php' not found or unable to stat
[Tue Mar 03 00:32:14.045018 2026] [php:error] [pid 74129] [client 20.214.137.177:0] script '/domains/perless2web/wp-editor.php' not found or unable to stat
[Tue Mar 03 00:32:15.006831 2026] [php:error] [pid 74129] [client 20.214.137.177:0] script '/domains/perless2web/wp.php' not found or unable to stat
[Tue Mar 03 00:32:15.199349 2026] [php:error] [pid 74129] [client 20.214.137.177:0] script '/domains/perless2web/x.php' not found or unable to stat
[Tue Mar 03 00:32:18.944715 2026] [php:error] [pid 74128] [client 20.223.198.174:0] script '/domains/koenig.interport/vv.php' not found or unable to stat
[Tue Mar 03 00:32:19.016708 2026] [php:error] [pid 74128] [client 20.223.198.174:0] script '/domains/koenig.interport/fff.php' not found or unable to stat
[Tue Mar 03 00:32:19.088560 2026] [php:error] [pid 74128] [client 20.223.198.174:0] script '/domains/koenig.interport/wp-scxy.php' not found or unable to stat
[Tue Mar 03 00:32:19.160725 2026] [php:error] [pid 74128] [client 20.223.198.174:0] script '/domains/koenig.interport/ccou1.php' not found or unable to stat
[Tue Mar 03 00:32:19.232616 2026] [php:error] [pid 74128] [client 20.223.198.174:0] script '/domains/koenig.interport/wp-the1.php' not found or unable to stat
[Tue Mar 03 00:32:19.304754 2026] [php:error] [pid 74128] [client 20.223.198.174:0] script '/domains/koenig.interport/reyna.php' not found or unable to stat
[Tue Mar 03 00:32:32.384929 2026] [php:error] [pid 74130] [client 52.231.70.237:0] script '/domains/dcoffman/222.php' not found or unable to stat
[Tue Mar 03 00:32:32.582780 2026] [php:error] [pid 74130] [client 52.231.70.237:0] script '/domains/dcoffman/404.php' not found or unable to stat
[Tue Mar 03 00:32:32.781558 2026] [php:error] [pid 74130] [client 52.231.70.237:0] script '/domains/dcoffman/about.php' not found or unable to stat
[Tue Mar 03 00:32:32.980142 2026] [php:error] [pid 74130] [client 52.231.70.237:0] script '/domains/dcoffman/admin.php' not found or unable to stat
[Tue Mar 03 00:32:33.178365 2026] [php:error] [pid 74130] [client 52.231.70.237:0] script '/domains/dcoffman/adminfuns.php' not found or unable to stat
[Tue Mar 03 00:32:33.377627 2026] [php:error] [pid 74130] [client 52.231.70.237:0] script '/domains/dcoffman/bless.php' not found or unable to stat
[Tue Mar 03 00:32:33.576861 2026] [php:error] [pid 74130] [client 52.231.70.237:0] script '/domains/dcoffman/bolt.php' not found or unable to stat
[Tue Mar 03 00:32:33.791065 2026] [php:error] [pid 74130] [client 52.231.70.237:0] script '/domains/dcoffman/ccou.php' not found or unable to stat
[Tue Mar 03 00:32:33.990080 2026] [php:error] [pid 74130] [client 52.231.70.237:0] script '/domains/dcoffman/class-t.api.php' not found or unable to stat
[Tue Mar 03 00:32:34.188252 2026] [php:error] [pid 74130] [client 52.231.70.237:0] script '/domains/dcoffman/css.php' not found or unable to stat
[Tue Mar 03 00:32:34.584746 2026] [php:error] [pid 74130] [client 52.231.70.237:0] script '/domains/dcoffman/edit.php' not found or unable to stat
[Tue Mar 03 00:32:34.795695 2026] [php:error] [pid 74130] [client 52.231.70.237:0] script '/domains/dcoffman/fff.php' not found or unable to stat
[Tue Mar 03 00:32:34.994651 2026] [php:error] [pid 74130] [client 52.231.70.237:0] script '/domains/dcoffman/file.php' not found or unable to stat
[Tue Mar 03 00:32:35.193293 2026] [php:error] [pid 74130] [client 52.231.70.237:0] script '/domains/dcoffman/fx.php' not found or unable to stat
[Tue Mar 03 00:32:35.394368 2026] [php:error] [pid 74130] [client 52.231.70.237:0] script '/domains/dcoffman/info.php' not found or unable to stat
[Tue Mar 03 00:32:35.592176 2026] [php:error] [pid 74130] [client 52.231.70.237:0] script '/domains/dcoffman/ioxi-o.php' not found or unable to stat
[Tue Mar 03 00:32:35.789995 2026] [php:error] [pid 74130] [client 52.231.70.237:0] script '/domains/dcoffman/rip.php' not found or unable to stat
[Tue Mar 03 00:32:35.987803 2026] [php:error] [pid 74130] [client 52.231.70.237:0] script '/domains/dcoffman/server.php' not found or unable to stat
[Tue Mar 03 00:32:36.186939 2026] [php:error] [pid 74130] [client 52.231.70.237:0] script '/domains/dcoffman/wp-blog.php' not found or unable to stat
[Tue Mar 03 00:32:37.381701 2026] [php:error] [pid 74130] [client 52.231.70.237:0] script '/domains/dcoffman/wp-editor.php' not found or unable to stat
[Tue Mar 03 00:32:38.372268 2026] [php:error] [pid 74130] [client 52.231.70.237:0] script '/domains/dcoffman/wp.php' not found or unable to stat
[Tue Mar 03 00:32:38.570473 2026] [php:error] [pid 74130] [client 52.231.70.237:0] script '/domains/dcoffman/x.php' not found or unable to stat
[Tue Mar 03 00:33:15.946899 2026] [php:error] [pid 74130] [client 52.169.119.118:0] script '/domains/nmksgroupweb/vv.php' not found or unable to stat
[Tue Mar 03 00:33:16.019792 2026] [php:error] [pid 74130] [client 52.169.119.118:0] script '/domains/nmksgroupweb/fff.php' not found or unable to stat
[Tue Mar 03 00:33:16.092975 2026] [php:error] [pid 74130] [client 52.169.119.118:0] script '/domains/nmksgroupweb/wp-scxy.php' not found or unable to stat
[Tue Mar 03 00:33:16.166068 2026] [php:error] [pid 74130] [client 52.169.119.118:0] script '/domains/nmksgroupweb/ccou1.php' not found or unable to stat
[Tue Mar 03 00:33:16.239365 2026] [php:error] [pid 74130] [client 52.169.119.118:0] script '/domains/nmksgroupweb/wp-the1.php' not found or unable to stat
[Tue Mar 03 00:33:16.312118 2026] [php:error] [pid 74130] [client 52.169.119.118:0] script '/domains/nmksgroupweb/reyna.php' not found or unable to stat
[Tue Mar 03 00:33:42.937632 2026] [php:error] [pid 74151] [client 4.193.248.52:0] script '/domains/hdickens.enteract/222.php' not found or unable to stat
[Tue Mar 03 00:33:43.171997 2026] [php:error] [pid 74151] [client 4.193.248.52:0] script '/domains/hdickens.enteract/404.php' not found or unable to stat
[Tue Mar 03 00:33:43.406732 2026] [php:error] [pid 74151] [client 4.193.248.52:0] script '/domains/hdickens.enteract/about.php' not found or unable to stat
[Tue Mar 03 00:33:43.641065 2026] [php:error] [pid 74151] [client 4.193.248.52:0] script '/domains/hdickens.enteract/admin.php' not found or unable to stat
[Tue Mar 03 00:33:43.878460 2026] [php:error] [pid 74151] [client 4.193.248.52:0] script '/domains/hdickens.enteract/adminfuns.php' not found or unable to stat
[Tue Mar 03 00:33:44.112889 2026] [php:error] [pid 74151] [client 4.193.248.52:0] script '/domains/hdickens.enteract/bless.php' not found or unable to stat
[Tue Mar 03 00:33:44.347441 2026] [php:error] [pid 74151] [client 4.193.248.52:0] script '/domains/hdickens.enteract/bolt.php' not found or unable to stat
[Tue Mar 03 00:33:44.581914 2026] [php:error] [pid 74151] [client 4.193.248.52:0] script '/domains/hdickens.enteract/ccou.php' not found or unable to stat
[Tue Mar 03 00:33:44.818559 2026] [php:error] [pid 74151] [client 4.193.248.52:0] script '/domains/hdickens.enteract/class-t.api.php' not found or unable to stat
[Tue Mar 03 00:33:45.053276 2026] [php:error] [pid 74151] [client 4.193.248.52:0] script '/domains/hdickens.enteract/css.php' not found or unable to stat
[Tue Mar 03 00:33:45.289139 2026] [php:error] [pid 74151] [client 4.193.248.52:0] script '/domains/hdickens.enteract/css/000.php' not found or unable to stat
[Tue Mar 03 00:33:45.523615 2026] [php:error] [pid 74151] [client 4.193.248.52:0] script '/domains/hdickens.enteract/edit.php' not found or unable to stat
[Tue Mar 03 00:33:45.757982 2026] [php:error] [pid 74151] [client 4.193.248.52:0] script '/domains/hdickens.enteract/fff.php' not found or unable to stat
[Tue Mar 03 00:33:45.994090 2026] [php:error] [pid 74151] [client 4.193.248.52:0] script '/domains/hdickens.enteract/file.php' not found or unable to stat
[Tue Mar 03 00:33:46.229703 2026] [php:error] [pid 74151] [client 4.193.248.52:0] script '/domains/hdickens.enteract/fx.php' not found or unable to stat
[Tue Mar 03 00:33:46.464130 2026] [php:error] [pid 74151] [client 4.193.248.52:0] script '/domains/hdickens.enteract/info.php' not found or unable to stat
[Tue Mar 03 00:33:46.698495 2026] [php:error] [pid 74151] [client 4.193.248.52:0] script '/domains/hdickens.enteract/ioxi-o.php' not found or unable to stat
[Tue Mar 03 00:33:46.932934 2026] [php:error] [pid 74151] [client 4.193.248.52:0] script '/domains/hdickens.enteract/rip.php' not found or unable to stat
[Tue Mar 03 00:33:47.167288 2026] [php:error] [pid 74151] [client 4.193.248.52:0] script '/domains/hdickens.enteract/server.php' not found or unable to stat
[Tue Mar 03 00:33:47.402530 2026] [php:error] [pid 74151] [client 4.193.248.52:0] script '/domains/hdickens.enteract/wp-blog.php' not found or unable to stat
[Tue Mar 03 00:33:48.813203 2026] [php:error] [pid 74151] [client 4.193.248.52:0] script '/domains/hdickens.enteract/wp-editor.php' not found or unable to stat
[Tue Mar 03 00:33:49.992688 2026] [php:error] [pid 74151] [client 4.193.248.52:0] script '/domains/hdickens.enteract/wp.php' not found or unable to stat
[Tue Mar 03 00:33:50.233010 2026] [php:error] [pid 74151] [client 4.193.248.52:0] script '/domains/hdickens.enteract/x.php' not found or unable to stat
[Tue Mar 03 00:34:51.049286 2026] [php:error] [pid 74162] [client 45.86.202.144:0] script '/domains/quintet/manager.php' not found or unable to stat
[Tue Mar 03 00:34:51.234958 2026] [php:error] [pid 74162] [client 45.86.202.144:0] script '/domains/quintet/bless.php' not found or unable to stat
[Tue Mar 03 00:34:51.398692 2026] [php:error] [pid 74162] [client 45.86.202.144:0] script '/domains/quintet/O-Simple.php' not found or unable to stat
[Tue Mar 03 00:34:51.442825 2026] [php:error] [pid 74163] [client 20.151.11.236:0] script '/domains/system_suspended/gfile.php' not found or unable to stat
[Tue Mar 03 00:34:51.476335 2026] [php:error] [pid 74163] [client 20.151.11.236:0] script '/domains/system_suspended/file61.php' not found or unable to stat
[Tue Mar 03 00:34:51.509919 2026] [php:error] [pid 74163] [client 20.151.11.236:0] script '/domains/system_suspended/eee.php' not found or unable to stat
[Tue Mar 03 00:34:51.547569 2026] [php:error] [pid 74163] [client 20.151.11.236:0] script '/domains/system_suspended/swallowable.php' not found or unable to stat
[Tue Mar 03 00:34:51.581566 2026] [php:error] [pid 74163] [client 20.151.11.236:0] script '/domains/system_suspended/dox.php' not found or unable to stat
[Tue Mar 03 00:34:51.599483 2026] [php:error] [pid 74162] [client 45.86.202.144:0] script '/domains/quintet/lock360.php' not found or unable to stat
[Tue Mar 03 00:34:51.615437 2026] [php:error] [pid 74163] [client 20.151.11.236:0] script '/domains/system_suspended/qwas.php' not found or unable to stat
[Tue Mar 03 00:34:51.649034 2026] [php:error] [pid 74163] [client 20.151.11.236:0] script '/domains/system_suspended/claw.php' not found or unable to stat
[Tue Mar 03 00:34:51.682577 2026] [php:error] [pid 74163] [client 20.151.11.236:0] script '/domains/system_suspended/cfgy.php' not found or unable to stat
[Tue Mar 03 00:34:51.716723 2026] [php:error] [pid 74163] [client 20.151.11.236:0] script '/domains/system_suspended/jbuft.php' not found or unable to stat
[Tue Mar 03 00:34:51.746108 2026] [php:error] [pid 74151] [client 180.191.232.118:0] script '/domains/king1969/xmlrpc.php' not found or unable to stat
[Tue Mar 03 00:34:51.750274 2026] [php:error] [pid 74163] [client 20.151.11.236:0] script '/domains/system_suspended/fvvff.php' not found or unable to stat
[Tue Mar 03 00:34:51.779786 2026] [php:error] [pid 74162] [client 45.86.202.144:0] script '/domains/quintet/zwso.php' not found or unable to stat
[Tue Mar 03 00:34:51.783867 2026] [php:error] [pid 74163] [client 20.151.11.236:0] script '/domains/system_suspended/vaza.php' not found or unable to stat
[Tue Mar 03 00:34:51.817606 2026] [php:error] [pid 74163] [client 20.151.11.236:0] script '/domains/system_suspended/a2.php' not found or unable to stat
[Tue Mar 03 00:34:51.851609 2026] [php:error] [pid 74163] [client 20.151.11.236:0] script '/domains/system_suspended/sty.php' not found or unable to stat
[Tue Mar 03 00:34:51.885199 2026] [php:error] [pid 74163] [client 20.151.11.236:0] script '/domains/system_suspended/xxxx.php' not found or unable to stat
[Tue Mar 03 00:34:51.924642 2026] [php:error] [pid 74163] [client 20.151.11.236:0] script '/domains/system_suspended/h.php' not found or unable to stat
[Tue Mar 03 00:34:51.958403 2026] [php:error] [pid 74163] [client 20.151.11.236:0] script '/domains/system_suspended/g.php' not found or unable to stat
[Tue Mar 03 00:34:51.958429 2026] [php:error] [pid 74162] [client 45.86.202.144:0] script '/domains/quintet/chosen.php' not found or unable to stat
[Tue Mar 03 00:34:51.992466 2026] [php:error] [pid 74163] [client 20.151.11.236:0] script '/domains/system_suspended/pp.php' not found or unable to stat
[Tue Mar 03 00:34:52.026746 2026] [php:error] [pid 74163] [client 20.151.11.236:0] script '/domains/system_suspended/sys.php' not found or unable to stat
[Tue Mar 03 00:34:52.060878 2026] [php:error] [pid 74163] [client 20.151.11.236:0] script '/domains/system_suspended/txets.php' not found or unable to stat
[Tue Mar 03 00:34:52.095139 2026] [php:error] [pid 74163] [client 20.151.11.236:0] script '/domains/system_suspended/tt.php' not found or unable to stat
[Tue Mar 03 00:34:52.129459 2026] [php:error] [pid 74163] [client 20.151.11.236:0] script '/domains/system_suspended/wp9.php' not found or unable to stat
[Tue Mar 03 00:34:52.160903 2026] [php:error] [pid 74162] [client 45.86.202.144:0] script '/domains/quintet/about.php' not found or unable to stat
[Tue Mar 03 00:34:52.162927 2026] [php:error] [pid 74163] [client 20.151.11.236:0] script '/domains/system_suspended/path.php' not found or unable to stat
[Tue Mar 03 00:34:52.196495 2026] [php:error] [pid 74163] [client 20.151.11.236:0] script '/domains/system_suspended/wdf.php' not found or unable to stat
[Tue Mar 03 00:34:52.230640 2026] [php:error] [pid 74163] [client 20.151.11.236:0] script '/domains/system_suspended/2.php' not found or unable to stat
[Tue Mar 03 00:34:52.264320 2026] [php:error] [pid 74163] [client 20.151.11.236:0] script '/domains/system_suspended/wp-tem.php' not found or unable to stat
[Tue Mar 03 00:34:52.301501 2026] [php:error] [pid 74163] [client 20.151.11.236:0] script '/domains/system_suspended/av6m.php' not found or unable to stat
[Tue Mar 03 00:34:52.315118 2026] [php:error] [pid 74162] [client 45.86.202.144:0] script '/domains/quintet/admin.php' not found or unable to stat
[Tue Mar 03 00:34:52.335252 2026] [php:error] [pid 74163] [client 20.151.11.236:0] script '/domains/system_suspended/autogooey.php' not found or unable to stat
[Tue Mar 03 00:34:52.368867 2026] [php:error] [pid 74163] [client 20.151.11.236:0] script '/domains/system_suspended/btx25.php' not found or unable to stat
[Tue Mar 03 00:34:52.402339 2026] [php:error] [pid 74163] [client 20.151.11.236:0] script '/domains/system_suspended/mga.php' not found or unable to stat
[Tue Mar 03 00:34:52.446659 2026] [php:error] [pid 74163] [client 20.151.11.236:0] script '/domains/system_suspended/maxro.php' not found or unable to stat
[Tue Mar 03 00:34:52.480087 2026] [php:error] [pid 74163] [client 20.151.11.236:0] script '/domains/system_suspended/agg.php' not found or unable to stat
[Tue Mar 03 00:34:52.513760 2026] [php:error] [pid 74163] [client 20.151.11.236:0] script '/domains/system_suspended/pass4.php' not found or unable to stat
[Tue Mar 03 00:34:52.548423 2026] [php:error] [pid 74163] [client 20.151.11.236:0] script '/domains/system_suspended/wsvvs.php' not found or unable to stat
[Tue Mar 03 00:34:52.581931 2026] [php:error] [pid 74163] [client 20.151.11.236:0] script '/domains/system_suspended/G-In.php' not found or unable to stat
[Tue Mar 03 00:34:52.615489 2026] [php:error] [pid 74163] [client 20.151.11.236:0] script '/domains/system_suspended/edit.php' not found or unable to stat
[Tue Mar 03 00:34:52.649305 2026] [php:error] [pid 74163] [client 20.151.11.236:0] script '/domains/system_suspended/ioxi-o.php' not found or unable to stat
[Tue Mar 03 00:34:52.682326 2026] [php:error] [pid 74162] [client 45.86.202.144:0] script '/domains/quintet/mah.php' not found or unable to stat
[Tue Mar 03 00:34:52.741472 2026] [php:error] [pid 74163] [client 20.151.11.236:0] script '/domains/system_suspended/66.php' not found or unable to stat
[Tue Mar 03 00:34:52.809313 2026] [php:error] [pid 74163] [client 20.151.11.236:0] script '/domains/system_suspended/gifclass.php' not found or unable to stat
[Tue Mar 03 00:34:52.978214 2026] [php:error] [pid 74163] [client 20.151.11.236:0] script '/domains/system_suspended/sc.php' not found or unable to stat
[Tue Mar 03 00:34:53.011851 2026] [php:error] [pid 74163] [client 20.151.11.236:0] script '/domains/system_suspended/xmlrpc.php' not found or unable to stat
[Tue Mar 03 00:34:53.028720 2026] [php:error] [pid 74162] [client 45.86.202.144:0] script '/domains/quintet/core.php' not found or unable to stat
[Tue Mar 03 00:34:53.045326 2026] [php:error] [pid 74163] [client 20.151.11.236:0] script '/domains/system_suspended/ol.php' not found or unable to stat
[Tue Mar 03 00:34:53.080111 2026] [php:error] [pid 74163] [client 20.151.11.236:0] script '/domains/system_suspended/f6.php' not found or unable to stat
[Tue Mar 03 00:34:53.118223 2026] [php:error] [pid 74163] [client 20.151.11.236:0] script '/domains/system_suspended/inputs.php' not found or unable to stat
[Tue Mar 03 00:34:53.164868 2026] [php:error] [pid 74163] [client 20.151.11.236:0] script '/domains/system_suspended/style.php' not found or unable to stat
[Tue Mar 03 00:34:53.198973 2026] [php:error] [pid 74163] [client 20.151.11.236:0] script '/domains/system_suspended/bgymj.php' not found or unable to stat
[Tue Mar 03 00:34:53.234561 2026] [php:error] [pid 74163] [client 20.151.11.236:0] script '/domains/system_suspended/aa.php' not found or unable to stat
[Tue Mar 03 00:34:53.272758 2026] [php:error] [pid 74163] [client 20.151.11.236:0] script '/domains/system_suspended/1.php' not found or unable to stat
[Tue Mar 03 00:34:53.283037 2026] [php:error] [pid 74162] [client 45.86.202.144:0] script '/domains/quintet/robots.php' not found or unable to stat
[Tue Mar 03 00:34:53.306054 2026] [php:error] [pid 74163] [client 20.151.11.236:0] script '/domains/system_suspended/sc.php' not found or unable to stat
[Tue Mar 03 00:34:53.344445 2026] [php:error] [pid 74163] [client 20.151.11.236:0] script '/domains/system_suspended/av.php' not found or unable to stat
[Tue Mar 03 00:34:53.378490 2026] [php:error] [pid 74163] [client 20.151.11.236:0] script '/domains/system_suspended/file.php' not found or unable to stat
[Tue Mar 03 00:34:53.414209 2026] [php:error] [pid 74163] [client 20.151.11.236:0] script '/domains/system_suspended/666.php' not found or unable to stat
[Tue Mar 03 00:34:53.462385 2026] [php:error] [pid 74163] [client 20.151.11.236:0] script '/domains/system_suspended/file59.php' not found or unable to stat
[Tue Mar 03 00:34:53.492149 2026] [php:error] [pid 74162] [client 45.86.202.144:0] script '/domains/quintet/inputs.php' not found or unable to stat
[Tue Mar 03 00:34:53.496412 2026] [php:error] [pid 74163] [client 20.151.11.236:0] script '/domains/system_suspended/bless.php' not found or unable to stat
[Tue Mar 03 00:34:53.529712 2026] [php:error] [pid 74163] [client 20.151.11.236:0] script '/domains/system_suspended/wp9.php' not found or unable to stat
[Tue Mar 03 00:34:53.563218 2026] [php:error] [pid 74163] [client 20.151.11.236:0] script '/domains/system_suspended/wp-act.php' not found or unable to stat
[Tue Mar 03 00:34:53.596555 2026] [php:error] [pid 74163] [client 20.151.11.236:0] script '/domains/system_suspended/class-t.api.php' not found or unable to stat
[Tue Mar 03 00:34:53.630389 2026] [php:error] [pid 74163] [client 20.151.11.236:0] script '/domains/system_suspended/xqq.php' not found or unable to stat
[Tue Mar 03 00:34:53.702130 2026] [php:error] [pid 74162] [client 45.86.202.144:0] script '/domains/quintet/mini.php' not found or unable to stat
[Tue Mar 03 00:34:53.776797 2026] [php:error] [pid 74163] [client 20.151.11.236:0] script '/domains/system_suspended/06.php' not found or unable to stat
[Tue Mar 03 00:34:53.810477 2026] [php:error] [pid 74163] [client 20.151.11.236:0] script '/domains/system_suspended/plss3.php' not found or unable to stat
[Tue Mar 03 00:34:53.844490 2026] [php:error] [pid 74163] [client 20.151.11.236:0] script '/domains/system_suspended/aaa.php' not found or unable to stat
[Tue Mar 03 00:34:53.875071 2026] [php:error] [pid 74162] [client 45.86.202.144:0] script '/domains/quintet/goods.php' not found or unable to stat
[Tue Mar 03 00:34:53.878252 2026] [php:error] [pid 74163] [client 20.151.11.236:0] script '/domains/system_suspended/classwithtostring.php' not found or unable to stat
[Tue Mar 03 00:34:53.944955 2026] [php:error] [pid 74163] [client 20.151.11.236:0] script '/domains/system_suspended/tinyfilemanager.php' not found or unable to stat
[Tue Mar 03 00:34:53.978519 2026] [php:error] [pid 74163] [client 20.151.11.236:0] script '/domains/system_suspended/x.php' not found or unable to stat
[Tue Mar 03 00:34:54.022082 2026] [php:error] [pid 74163] [client 20.151.11.236:0] script '/domains/system_suspended/ms.php' not found or unable to stat
[Tue Mar 03 00:34:54.075125 2026] [php:error] [pid 74162] [client 45.86.202.144:0] script '/domains/quintet/file5.php' not found or unable to stat
[Tue Mar 03 00:34:54.090360 2026] [php:error] [pid 74163] [client 20.151.11.236:0] script '/domains/system_suspended/wdf.php' not found or unable to stat
[Tue Mar 03 00:34:54.125028 2026] [php:error] [pid 74163] [client 20.151.11.236:0] script '/domains/system_suspended/wp-update.php' not found or unable to stat
[Tue Mar 03 00:34:54.158539 2026] [php:error] [pid 74163] [client 20.151.11.236:0] script '/domains/system_suspended/sbhu.php' not found or unable to stat
[Tue Mar 03 00:34:54.226149 2026] [php:error] [pid 74163] [client 20.151.11.236:0] script '/domains/system_suspended/wp-blog.php' not found or unable to stat
[Tue Mar 03 00:34:54.240206 2026] [php:error] [pid 74162] [client 45.86.202.144:0] script '/domains/quintet/ahax.php' not found or unable to stat
[Tue Mar 03 00:34:54.259809 2026] [php:error] [pid 74163] [client 20.151.11.236:0] script '/domains/system_suspended/test1.php' not found or unable to stat
[Tue Mar 03 00:34:54.326833 2026] [php:error] [pid 74163] [client 20.151.11.236:0] script '/domains/system_suspended/166.php' not found or unable to stat
[Tue Mar 03 00:34:54.360660 2026] [php:error] [pid 74163] [client 20.151.11.236:0] script '/domains/system_suspended/fleen.php' not found or unable to stat
[Tue Mar 03 00:34:54.402259 2026] [php:error] [pid 74162] [client 45.86.202.144:0] script '/domains/quintet/f35.php' not found or unable to stat
[Tue Mar 03 00:34:54.428486 2026] [php:error] [pid 74163] [client 20.151.11.236:0] script '/domains/system_suspended/ms-edit.php' not found or unable to stat
[Tue Mar 03 00:34:54.486562 2026] [php:error] [pid 74163] [client 20.151.11.236:0] script '/domains/system_suspended/adminfuns.php' not found or unable to stat
[Tue Mar 03 00:34:54.520472 2026] [php:error] [pid 74163] [client 20.151.11.236:0] script '/domains/system_suspended/goods.php' not found or unable to stat
[Tue Mar 03 00:34:54.554968 2026] [php:error] [pid 74163] [client 20.151.11.236:0] script '/domains/system_suspended/ms-edit.php' not found or unable to stat
[Tue Mar 03 00:34:54.598455 2026] [php:error] [pid 74163] [client 20.151.11.236:0] script '/domains/system_suspended/222.php' not found or unable to stat
[Tue Mar 03 00:34:54.601603 2026] [php:error] [pid 74162] [client 45.86.202.144:0] script '/domains/quintet/simple.php' not found or unable to stat
[Tue Mar 03 00:34:54.631885 2026] [php:error] [pid 74163] [client 20.151.11.236:0] script '/domains/system_suspended/plugins.php' not found or unable to stat
[Tue Mar 03 00:34:54.737827 2026] [php:error] [pid 74163] [client 20.151.11.236:0] script '/domains/system_suspended/ff1.php' not found or unable to stat
[Tue Mar 03 00:34:54.771224 2026] [php:error] [pid 74163] [client 20.151.11.236:0] script '/domains/system_suspended/fff.php' not found or unable to stat
[Tue Mar 03 00:34:54.848848 2026] [php:error] [pid 74163] [client 20.151.11.236:0] script '/domains/system_suspended/goat.php' not found or unable to stat
[Tue Mar 03 00:34:54.889205 2026] [php:error] [pid 74163] [client 20.151.11.236:0] script '/domains/system_suspended/155.php' not found or unable to stat
[Tue Mar 03 00:34:54.922983 2026] [php:error] [pid 74163] [client 20.151.11.236:0] script '/domains/system_suspended/we.php' not found or unable to stat
[Tue Mar 03 00:34:54.956504 2026] [php:error] [pid 74163] [client 20.151.11.236:0] script '/domains/system_suspended/alpha.php' not found or unable to stat
[Tue Mar 03 00:34:54.990626 2026] [php:error] [pid 74163] [client 20.151.11.236:0] script '/domains/system_suspended/makeasmtp.php' not found or unable to stat
[Tue Mar 03 00:34:55.183524 2026] [php:error] [pid 74165] [client 20.151.11.236:0] script '/domains/system_suspended/wp-michan.php' not found or unable to stat
[Tue Mar 03 00:34:55.277104 2026] [php:error] [pid 74165] [client 20.151.11.236:0] script '/domains/system_suspended/wp-the.php' not found or unable to stat
[Tue Mar 03 00:34:55.357681 2026] [php:error] [pid 74165] [client 20.151.11.236:0] script '/domains/system_suspended/BDKR28WP.php' not found or unable to stat
[Tue Mar 03 00:34:55.429986 2026] [php:error] [pid 74165] [client 20.151.11.236:0] script '/domains/system_suspended/wp.php' not found or unable to stat
[Tue Mar 03 00:34:55.510676 2026] [php:error] [pid 74165] [client 20.151.11.236:0] script '/domains/system_suspended/w4.php' not found or unable to stat
[Tue Mar 03 00:34:55.587333 2026] [php:error] [pid 74165] [client 20.151.11.236:0] script '/domains/system_suspended/ok.php' not found or unable to stat
[Tue Mar 03 00:34:55.630292 2026] [php:error] [pid 74165] [client 20.151.11.236:0] script '/domains/system_suspended/about.php' not found or unable to stat
[Tue Mar 03 00:34:55.666370 2026] [php:error] [pid 74165] [client 20.151.11.236:0] script '/domains/system_suspended/tymn.php' not found or unable to stat
[Tue Mar 03 00:34:55.702961 2026] [php:error] [pid 74165] [client 20.151.11.236:0] script '/domains/system_suspended/bak.php' not found or unable to stat
[Tue Mar 03 00:34:55.775307 2026] [php:error] [pid 74165] [client 20.151.11.236:0] script '/domains/system_suspended/fe5.php' not found or unable to stat
[Tue Mar 03 00:34:55.811533 2026] [php:error] [pid 74165] [client 20.151.11.236:0] script '/domains/system_suspended/kj.php' not found or unable to stat
[Tue Mar 03 00:34:55.883696 2026] [php:error] [pid 74165] [client 20.151.11.236:0] script '/domains/system_suspended/av.php' not found or unable to stat
[Tue Mar 03 00:34:55.920105 2026] [php:error] [pid 74165] [client 20.151.11.236:0] script '/domains/system_suspended/abcd.php' not found or unable to stat
[Tue Mar 03 00:34:55.956248 2026] [php:error] [pid 74165] [client 20.151.11.236:0] script '/domains/system_suspended/init.php' not found or unable to stat
[Tue Mar 03 00:34:55.993087 2026] [php:error] [pid 74165] [client 20.151.11.236:0] script '/domains/system_suspended/fi.php' not found or unable to stat
[Tue Mar 03 00:34:56.029353 2026] [php:error] [pid 74165] [client 20.151.11.236:0] script '/domains/system_suspended/a1.php' not found or unable to stat
[Tue Mar 03 00:34:56.138742 2026] [php:error] [pid 74165] [client 20.151.11.236:0] script '/domains/system_suspended/f35.php' not found or unable to stat
[Tue Mar 03 00:34:56.177343 2026] [php:error] [pid 74165] [client 20.151.11.236:0] script '/domains/system_suspended/hi.php' not found or unable to stat
[Tue Mar 03 00:34:56.213580 2026] [php:error] [pid 74165] [client 20.151.11.236:0] script '/domains/system_suspended/lala.php' not found or unable to stat
[Tue Mar 03 00:34:56.250329 2026] [php:error] [pid 74162] [client 45.86.202.144:0] script '/domains/quintet/images/upload.php' not found or unable to stat
[Tue Mar 03 00:34:56.273064 2026] [php:error] [pid 74165] [client 20.151.11.236:0] script '/domains/system_suspended/lb.php' not found or unable to stat
[Tue Mar 03 00:34:56.345371 2026] [php:error] [pid 74165] [client 20.151.11.236:0] script '/domains/system_suspended/0.php' not found or unable to stat
[Tue Mar 03 00:34:56.401482 2026] [php:error] [pid 74165] [client 20.151.11.236:0] script '/domains/system_suspended/core.php' not found or unable to stat
[Tue Mar 03 00:34:56.437296 2026] [php:error] [pid 74165] [client 20.151.11.236:0] script '/domains/system_suspended/autogooey.php' not found or unable to stat
[Tue Mar 03 00:34:56.512854 2026] [php:error] [pid 74165] [client 20.151.11.236:0] script '/domains/system_suspended/prv8.php' not found or unable to stat
[Tue Mar 03 00:34:56.555382 2026] [php:error] [pid 74165] [client 20.151.11.236:0] script '/domains/system_suspended/k.php' not found or unable to stat
[Tue Mar 03 00:34:56.595671 2026] [php:error] [pid 74165] [client 20.151.11.236:0] script '/domains/system_suspended/dev.php' not found or unable to stat
[Tue Mar 03 00:34:56.631939 2026] [php:error] [pid 74165] [client 20.151.11.236:0] script '/domains/system_suspended/x123x.php' not found or unable to stat
[Tue Mar 03 00:34:56.675237 2026] [php:error] [pid 74165] [client 20.151.11.236:0] script '/domains/system_suspended/bal.php' not found or unable to stat
[Tue Mar 03 00:34:56.713261 2026] [php:error] [pid 74165] [client 20.151.11.236:0] script '/domains/system_suspended/in.php' not found or unable to stat
[Tue Mar 03 00:34:56.749496 2026] [php:error] [pid 74165] [client 20.151.11.236:0] script '/domains/system_suspended/gssdd.php' not found or unable to stat
[Tue Mar 03 00:34:56.785755 2026] [php:error] [pid 74165] [client 20.151.11.236:0] script '/domains/system_suspended/motu.php' not found or unable to stat
[Tue Mar 03 00:34:56.824352 2026] [php:error] [pid 74165] [client 20.151.11.236:0] script '/domains/system_suspended/bs1.php' not found or unable to stat
[Tue Mar 03 00:34:56.868278 2026] [php:error] [pid 74165] [client 20.151.11.236:0] script '/domains/system_suspended/bengi.php' not found or unable to stat
[Tue Mar 03 00:34:56.914733 2026] [php:error] [pid 74165] [client 20.151.11.236:0] script '/domains/system_suspended/log.php' not found or unable to stat
[Tue Mar 03 00:34:56.951079 2026] [php:error] [pid 74165] [client 20.151.11.236:0] script '/domains/system_suspended/miansha.php' not found or unable to stat
[Tue Mar 03 00:34:56.987323 2026] [php:error] [pid 74165] [client 20.151.11.236:0] script '/domains/system_suspended/erty.php' not found or unable to stat
[Tue Mar 03 00:34:57.067170 2026] [php:error] [pid 74165] [client 20.151.11.236:0] script '/domains/system_suspended/X57.php' not found or unable to stat
[Tue Mar 03 00:34:57.103525 2026] [php:error] [pid 74165] [client 20.151.11.236:0] script '/domains/system_suspended/axx.php' not found or unable to stat
[Tue Mar 03 00:34:57.148288 2026] [php:error] [pid 74165] [client 20.151.11.236:0] script '/domains/system_suspended/alfashell.php' not found or unable to stat
[Tue Mar 03 00:34:57.196306 2026] [php:error] [pid 74165] [client 20.151.11.236:0] script '/domains/system_suspended/myfile.php' not found or unable to stat
[Tue Mar 03 00:34:57.240883 2026] [php:error] [pid 74165] [client 20.151.11.236:0] script '/domains/system_suspended/re.php' not found or unable to stat
[Tue Mar 03 00:34:57.277674 2026] [php:error] [pid 74165] [client 20.151.11.236:0] script '/domains/system_suspended/styll.php' not found or unable to stat
[Tue Mar 03 00:34:57.327889 2026] [php:error] [pid 74165] [client 20.151.11.236:0] script '/domains/system_suspended/flower.php' not found or unable to stat
[Tue Mar 03 00:34:57.364626 2026] [php:error] [pid 74165] [client 20.151.11.236:0] script '/domains/system_suspended/flower2.php' not found or unable to stat
[Tue Mar 03 00:34:57.401596 2026] [php:error] [pid 74165] [client 20.151.11.236:0] script '/domains/system_suspended/4h.php' not found or unable to stat
[Tue Mar 03 00:34:57.444194 2026] [php:error] [pid 74165] [client 20.151.11.236:0] script '/domains/system_suspended/gettest.php' not found or unable to stat
[Tue Mar 03 00:34:57.480554 2026] [php:error] [pid 74165] [client 20.151.11.236:0] script '/domains/system_suspended/acp.php' not found or unable to stat
[Tue Mar 03 00:34:57.516872 2026] [php:error] [pid 74165] [client 20.151.11.236:0] script '/domains/system_suspended/database.php' not found or unable to stat
[Tue Mar 03 00:34:59.134772 2026] [php:error] [pid 74162] [client 45.86.202.144:0] script '/domains/quintet/classwithtostring.php' not found or unable to stat
[Tue Mar 03 00:34:59.788943 2026] [php:error] [pid 74162] [client 45.86.202.144:0] script '/domains/quintet/tinyfilemanager.php' not found or unable to stat
[Tue Mar 03 00:35:00.394726 2026] [php:error] [pid 74162] [client 45.86.202.144:0] script '/domains/quintet/file.php' not found or unable to stat
[Tue Mar 03 00:35:01.045876 2026] [php:error] [pid 74162] [client 45.86.202.144:0] script '/domains/quintet/buy.php' not found or unable to stat
[Tue Mar 03 00:35:03.756816 2026] [php:error] [pid 74162] [client 45.86.202.144:0] script '/domains/quintet/inc.php' not found or unable to stat
[Tue Mar 03 00:35:04.151775 2026] [php:error] [pid 74162] [client 45.86.202.144:0] script '/domains/quintet/filemanager.php' not found or unable to stat
[Tue Mar 03 00:35:04.469367 2026] [php:error] [pid 74162] [client 45.86.202.144:0] script '/domains/quintet/cgi-bin/bypass.php' not found or unable to stat
[Tue Mar 03 00:35:04.928481 2026] [php:error] [pid 74158] [client 20.78.169.245:0] script '/domains/agribiz/inputs.php' not found or unable to stat
[Tue Mar 03 00:35:05.108416 2026] [php:error] [pid 74158] [client 20.78.169.245:0] script '/domains/agribiz/ioxi-o.php' not found or unable to stat
[Tue Mar 03 00:35:05.397990 2026] [php:error] [pid 74162] [client 45.86.202.144:0] script '/domains/quintet/function.php' not found or unable to stat
[Tue Mar 03 00:35:05.486161 2026] [php:error] [pid 74158] [client 20.78.169.245:0] script '/domains/agribiz/rip.php' not found or unable to stat
[Tue Mar 03 00:35:05.676444 2026] [php:error] [pid 74158] [client 20.78.169.245:0] script '/domains/agribiz/admin.php' not found or unable to stat
[Tue Mar 03 00:35:05.767388 2026] [php:error] [pid 74162] [client 45.86.202.144:0] script '/domains/quintet/wp-signup.php' not found or unable to stat
[Tue Mar 03 00:35:06.034812 2026] [php:error] [pid 74158] [client 20.78.169.245:0] script '/domains/agribiz/cache.php' not found or unable to stat
[Tue Mar 03 00:35:06.213919 2026] [php:error] [pid 74158] [client 20.78.169.245:0] script '/domains/agribiz/themes.php' not found or unable to stat
[Tue Mar 03 00:35:06.306430 2026] [php:error] [pid 74162] [client 45.86.202.144:0] script '/domains/quintet/wp-blog.php' not found or unable to stat
[Tue Mar 03 00:35:06.394818 2026] [php:error] [pid 74158] [client 20.78.169.245:0] script '/domains/agribiz/an.php' not found or unable to stat
[Tue Mar 03 00:35:06.942749 2026] [php:error] [pid 74158] [client 20.78.169.245:0] script '/domains/agribiz/ws.php' not found or unable to stat
[Tue Mar 03 00:35:07.115747 2026] [php:error] [pid 74162] [client 45.86.202.144:0] script '/domains/quintet/wp-l0gin.php' not found or unable to stat
[Tue Mar 03 00:35:07.121217 2026] [php:error] [pid 74158] [client 20.78.169.245:0] script '/domains/agribiz/404.php' not found or unable to stat
[Tue Mar 03 00:35:07.478530 2026] [php:error] [pid 74158] [client 20.78.169.245:0] script '/domains/agribiz/wp-conf.php' not found or unable to stat
[Tue Mar 03 00:35:07.559186 2026] [php:error] [pid 74162] [client 45.86.202.144:0] script '/domains/quintet/new.php' not found or unable to stat
[Tue Mar 03 00:35:07.862703 2026] [php:error] [pid 74158] [client 20.78.169.245:0] script '/domains/agribiz/wp-login.php' not found or unable to stat
[Tue Mar 03 00:35:08.041550 2026] [php:error] [pid 74158] [client 20.78.169.245:0] script '/domains/agribiz/abc.php' not found or unable to stat
[Tue Mar 03 00:35:08.152526 2026] [php:error] [pid 74162] [client 45.86.202.144:0] script '/domains/quintet/images/DJP9.php' not found or unable to stat
[Tue Mar 03 00:35:08.232556 2026] [php:error] [pid 74158] [client 20.78.169.245:0] script '/domains/agribiz/abcd.php' not found or unable to stat
[Tue Mar 03 00:35:08.412658 2026] [php:error] [pid 74158] [client 20.78.169.245:0] script '/domains/agribiz/as.php' not found or unable to stat
[Tue Mar 03 00:35:08.593297 2026] [php:error] [pid 74158] [client 20.78.169.245:0] script '/domains/agribiz/wp-trackback.php' not found or unable to stat
[Tue Mar 03 00:35:08.656915 2026] [php:error] [pid 74162] [client 45.86.202.144:0] script '/domains/quintet/natural.php' not found or unable to stat
[Tue Mar 03 00:35:08.771971 2026] [php:error] [pid 74158] [client 20.78.169.245:0] script '/domains/agribiz/about.php' not found or unable to stat
[Tue Mar 03 00:35:08.945227 2026] [php:error] [pid 74162] [client 45.86.202.144:0] script '/domains/quintet/item.php' not found or unable to stat
[Tue Mar 03 00:35:08.957093 2026] [php:error] [pid 74158] [client 20.78.169.245:0] script '/domains/agribiz/file.php' not found or unable to stat
[Tue Mar 03 00:35:09.136712 2026] [php:error] [pid 74158] [client 20.78.169.245:0] script '/domains/agribiz/adminfuns.php' not found or unable to stat
[Tue Mar 03 00:35:09.315451 2026] [php:error] [pid 74158] [client 20.78.169.245:0] script '/domains/agribiz/wp-good.php' not found or unable to stat
[Tue Mar 03 00:35:09.494371 2026] [php:error] [pid 74158] [client 20.78.169.245:0] script '/domains/agribiz/xmlrpc.php' not found or unable to stat
[Tue Mar 03 00:35:09.680401 2026] [php:error] [pid 74158] [client 20.78.169.245:0] script '/domains/agribiz/goods.php' not found or unable to stat
[Tue Mar 03 00:35:09.860620 2026] [php:error] [pid 74158] [client 20.78.169.245:0] script '/domains/agribiz/class-t.api.php' not found or unable to stat
[Tue Mar 03 00:35:10.040587 2026] [php:error] [pid 74158] [client 20.78.169.245:0] script '/domains/agribiz/sf.php' not found or unable to stat
[Tue Mar 03 00:35:10.219528 2026] [php:error] [pid 74158] [client 20.78.169.245:0] script '/domains/agribiz/kbfr.php' not found or unable to stat
[Tue Mar 03 00:35:10.398269 2026] [php:error] [pid 74158] [client 20.78.169.245:0] script '/domains/agribiz/autoload_classmap.php' not found or unable to stat
[Tue Mar 03 00:35:10.576946 2026] [php:error] [pid 74158] [client 20.78.169.245:0] script '/domains/agribiz/chosen.php' not found or unable to stat
[Tue Mar 03 00:35:10.755956 2026] [php:error] [pid 74158] [client 20.78.169.245:0] script '/domains/agribiz/classwithtostring.php' not found or unable to stat
[Tue Mar 03 00:35:10.961214 2026] [php:error] [pid 74158] [client 20.78.169.245:0] script '/domains/agribiz/defaults.php' not found or unable to stat
[Tue Mar 03 00:35:11.484682 2026] [php:error] [pid 74163] [client 45.86.202.121:0] script '/domains/quintet/default.php' not found or unable to stat
[Tue Mar 03 00:35:11.499792 2026] [php:error] [pid 74158] [client 20.78.169.245:0] script '/domains/agribiz/info.php' not found or unable to stat
[Tue Mar 03 00:35:12.602869 2026] [php:error] [pid 74163] [client 45.86.202.121:0] script '/domains/quintet/dropdown.php' not found or unable to stat
[Tue Mar 03 00:35:12.765383 2026] [php:error] [pid 74163] [client 45.86.202.121:0] script '/domains/quintet/images/admin.php' not found or unable to stat
