[Tue Mar 03 00:28:21.104209 2026] [php:error] [pid 74096] [client 20.104.206.150:0] script '/domains/frog.interport1/wp-configss.php' not found or unable to stat
[Tue Mar 03 00:28:21.140760 2026] [php:error] [pid 74096] [client 20.104.206.150:0] script '/domains/frog.interport1/ba.php' not found or unable to stat
[Tue Mar 03 00:28:21.177194 2026] [php:error] [pid 74096] [client 20.104.206.150:0] script '/domains/frog.interport1/wp-mail.php' not found or unable to stat
[Tue Mar 03 00:28:21.213570 2026] [php:error] [pid 74096] [client 20.104.206.150:0] script '/domains/frog.interport1/wp-mails.php' not found or unable to stat
[Tue Mar 03 00:28:21.249741 2026] [php:error] [pid 74096] [client 20.104.206.150:0] script '/domains/frog.interport1/222.php' not found or unable to stat
[Tue Mar 03 00:28:21.286116 2026] [php:error] [pid 74096] [client 20.104.206.150:0] script '/domains/frog.interport1/t00l.php' not found or unable to stat
[Tue Mar 03 00:29:06.957784 2026] [php:error] [pid 74100] [client 87.192.224.2:0] script '/domains/gohover/xmlrpc.php' not found or unable to stat
[Tue Mar 03 00:30:11.944155 2026] [cgi:error] [pid 74112] [client 44.215.127.1:0] AH02811: stderr from /domains/system_default/awstats.pl: script not found or unable to stat
[Tue Mar 03 00:30:29.036768 2026] [cgi:error] [pid 74122] [client 44.215.127.1:0] AH02811: stderr from /domains/system_default/logs/awstats.pl: script not found or unable to stat
[Tue Mar 03 00:31:21.546552 2026] [php:error] [pid 74117] [client 20.63.96.50:0] script '/domains/system_suspended/xxxx.php' not found or unable to stat
[Tue Mar 03 00:31:21.580311 2026] [php:error] [pid 74117] [client 20.63.96.50:0] script '/domains/system_suspended/sbhu.php' not found or unable to stat
[Tue Mar 03 00:31:21.655428 2026] [php:error] [pid 74117] [client 20.63.96.50:0] script '/domains/system_suspended/gettest.php' not found or unable to stat
[Tue Mar 03 00:31:21.693264 2026] [php:error] [pid 74117] [client 20.63.96.50:0] script '/domains/system_suspended/ayk.php' not found or unable to stat
[Tue Mar 03 00:31:21.727389 2026] [php:error] [pid 74117] [client 20.63.96.50:0] script '/domains/system_suspended/wp-setting.php' not found or unable to stat
[Tue Mar 03 00:31:21.762054 2026] [php:error] [pid 74117] [client 20.63.96.50:0] script '/domains/system_suspended/fleen.php' not found or unable to stat
[Tue Mar 03 00:31:21.796652 2026] [php:error] [pid 74117] [client 20.63.96.50:0] script '/domains/system_suspended/install.php' not found or unable to stat
[Tue Mar 03 00:31:21.831230 2026] [php:error] [pid 74117] [client 20.63.96.50:0] script '/domains/system_suspended/add.php' not found or unable to stat
[Tue Mar 03 00:31:21.865120 2026] [php:error] [pid 74117] [client 20.63.96.50:0] script '/domains/system_suspended/path.php' not found or unable to stat
[Tue Mar 03 00:31:21.898872 2026] [php:error] [pid 74117] [client 20.63.96.50:0] script '/domains/system_suspended/my.php' not found or unable to stat
[Tue Mar 03 00:31:21.938075 2026] [php:error] [pid 74117] [client 20.63.96.50:0] script '/domains/system_suspended/we.php' not found or unable to stat
[Tue Mar 03 00:31:21.972199 2026] [php:error] [pid 74117] [client 20.63.96.50:0] script '/domains/system_suspended/acp.php' not found or unable to stat
[Tue Mar 03 00:31:22.010006 2026] [php:error] [pid 74117] [client 20.63.96.50:0] script '/domains/system_suspended/f6.php' not found or unable to stat
[Tue Mar 03 00:31:22.043602 2026] [php:error] [pid 74117] [client 20.63.96.50:0] script '/domains/system_suspended/akcc.php' not found or unable to stat
[Tue Mar 03 00:31:22.113115 2026] [php:error] [pid 74117] [client 20.63.96.50:0] script '/domains/system_suspended/0x.php' not found or unable to stat
[Tue Mar 03 00:31:22.153199 2026] [php:error] [pid 74117] [client 20.63.96.50:0] script '/domains/system_suspended/chosen.php' not found or unable to stat
[Tue Mar 03 00:31:22.195105 2026] [php:error] [pid 74117] [client 20.63.96.50:0] script '/domains/system_suspended/cwclass.php' not found or unable to stat
[Tue Mar 03 00:31:22.262993 2026] [php:error] [pid 74117] [client 20.63.96.50:0] script '/domains/system_suspended/X57.php' not found or unable to stat
[Tue Mar 03 00:31:22.299371 2026] [php:error] [pid 74117] [client 20.63.96.50:0] script '/domains/system_suspended/autoload_classmap.php' not found or unable to stat
[Tue Mar 03 00:31:22.335839 2026] [php:error] [pid 74117] [client 20.63.96.50:0] script '/domains/system_suspended/wp-x.php' not found or unable to stat
[Tue Mar 03 00:31:22.374364 2026] [php:error] [pid 74117] [client 20.63.96.50:0] script '/domains/system_suspended/fff.php' not found or unable to stat
[Tue Mar 03 00:31:22.441404 2026] [php:error] [pid 74117] [client 20.63.96.50:0] script '/domains/system_suspended/txets.php' not found or unable to stat
[Tue Mar 03 00:31:22.481492 2026] [php:error] [pid 74117] [client 20.63.96.50:0] script '/domains/system_suspended/erty.php' not found or unable to stat
[Tue Mar 03 00:31:22.551177 2026] [php:error] [pid 74117] [client 20.63.96.50:0] script '/domains/system_suspended/pepe.php' not found or unable to stat
[Tue Mar 03 00:31:22.585130 2026] [php:error] [pid 74117] [client 20.63.96.50:0] script '/domains/system_suspended/f35.php' not found or unable to stat
[Tue Mar 03 00:31:22.636357 2026] [php:error] [pid 74117] [client 20.63.96.50:0] script '/domains/system_suspended/backup.php' not found or unable to stat
[Tue Mar 03 00:31:22.670098 2026] [php:error] [pid 74117] [client 20.63.96.50:0] script '/domains/system_suspended/god.php' not found or unable to stat
[Tue Mar 03 00:31:22.703904 2026] [php:error] [pid 74117] [client 20.63.96.50:0] script '/domains/system_suspended/b.php' not found or unable to stat
[Tue Mar 03 00:31:22.741445 2026] [php:error] [pid 74117] [client 20.63.96.50:0] script '/domains/system_suspended/t00l.php' not found or unable to stat
[Tue Mar 03 00:31:22.774819 2026] [php:error] [pid 74117] [client 20.63.96.50:0] script '/domains/system_suspended/ad2.php' not found or unable to stat
[Tue Mar 03 00:31:22.829453 2026] [php:error] [pid 74117] [client 20.63.96.50:0] script '/domains/system_suspended/goat.php' not found or unable to stat
[Tue Mar 03 00:31:22.866428 2026] [php:error] [pid 74117] [client 20.63.96.50:0] script '/domains/system_suspended/w3llstore.php' not found or unable to stat
[Tue Mar 03 00:31:22.902395 2026] [php:error] [pid 74117] [client 20.63.96.50:0] script '/domains/system_suspended/1a.php' not found or unable to stat
[Tue Mar 03 00:31:22.940827 2026] [php:error] [pid 74117] [client 20.63.96.50:0] script '/domains/system_suspended/aki.php' not found or unable to stat
[Tue Mar 03 00:31:22.979430 2026] [php:error] [pid 74117] [client 20.63.96.50:0] script '/domains/system_suspended/simple.php' not found or unable to stat
[Tue Mar 03 00:31:23.016214 2026] [php:error] [pid 74117] [client 20.63.96.50:0] script '/domains/system_suspended/ws66.php' not found or unable to stat
[Tue Mar 03 00:31:23.083970 2026] [php:error] [pid 74117] [client 20.63.96.50:0] script '/domains/system_suspended/item.php' not found or unable to stat
[Tue Mar 03 00:31:23.118243 2026] [php:error] [pid 74117] [client 20.63.96.50:0] script '/domains/system_suspended/ww.php' not found or unable to stat
[Tue Mar 03 00:31:23.222378 2026] [php:error] [pid 74117] [client 20.63.96.50:0] script '/domains/system_suspended/ftyude.php' not found or unable to stat
[Tue Mar 03 00:31:23.257687 2026] [php:error] [pid 74117] [client 20.63.96.50:0] script '/domains/system_suspended/mh.php' not found or unable to stat
[Tue Mar 03 00:31:23.298595 2026] [php:error] [pid 74117] [client 20.63.96.50:0] script '/domains/system_suspended/1.php' not found or unable to stat
[Tue Mar 03 00:31:23.337668 2026] [php:error] [pid 74117] [client 20.63.96.50:0] script '/domains/system_suspended/edit.php' not found or unable to stat
[Tue Mar 03 00:31:23.416196 2026] [php:error] [pid 74117] [client 20.63.96.50:0] script '/domains/system_suspended/pp.php' not found or unable to stat
[Tue Mar 03 00:31:23.488194 2026] [php:error] [pid 74117] [client 20.63.96.50:0] script '/domains/system_suspended/sxdfrt.php' not found or unable to stat
[Tue Mar 03 00:31:23.522045 2026] [php:error] [pid 74117] [client 20.63.96.50:0] script '/domains/system_suspended/yas.php' not found or unable to stat
[Tue Mar 03 00:31:23.556044 2026] [php:error] [pid 74117] [client 20.63.96.50:0] script '/domains/system_suspended/info.php' not found or unable to stat
[Tue Mar 03 00:31:23.590539 2026] [php:error] [pid 74117] [client 20.63.96.50:0] script '/domains/system_suspended/lp6.php' not found or unable to stat
[Tue Mar 03 00:31:23.660625 2026] [php:error] [pid 74117] [client 20.63.96.50:0] script '/domains/system_suspended/bgymj.php' not found or unable to stat
[Tue Mar 03 00:31:23.700738 2026] [php:error] [pid 74117] [client 20.63.96.50:0] script '/domains/system_suspended/8.php' not found or unable to stat
[Tue Mar 03 00:31:23.862106 2026] [php:error] [pid 74117] [client 20.63.96.50:0] script '/domains/system_suspended/bolt.php' not found or unable to stat
[Tue Mar 03 00:31:23.945069 2026] [php:error] [pid 74117] [client 20.63.96.50:0] script '/domains/system_suspended/666.php' not found or unable to stat
[Tue Mar 03 00:31:23.985918 2026] [php:error] [pid 74117] [client 20.63.96.50:0] script '/domains/system_suspended/moshou.php' not found or unable to stat
[Tue Mar 03 00:31:24.022397 2026] [php:error] [pid 74117] [client 20.63.96.50:0] script '/domains/system_suspended/jga.php' not found or unable to stat
[Tue Mar 03 00:31:24.057618 2026] [php:error] [pid 74117] [client 20.63.96.50:0] script '/domains/system_suspended/Jcrop.php' not found or unable to stat
[Tue Mar 03 00:31:24.162907 2026] [php:error] [pid 74117] [client 20.63.96.50:0] script '/domains/system_suspended/aa.php' not found or unable to stat
[Tue Mar 03 00:31:24.196637 2026] [php:error] [pid 74117] [client 20.63.96.50:0] script '/domains/system_suspended/ff1.php' not found or unable to stat
[Tue Mar 03 00:31:24.232715 2026] [php:error] [pid 74117] [client 20.63.96.50:0] script '/domains/system_suspended/wp-the.php' not found or unable to stat
[Tue Mar 03 00:31:24.266967 2026] [php:error] [pid 74117] [client 20.63.96.50:0] script '/domains/system_suspended/pass4.php' not found or unable to stat
[Tue Mar 03 00:31:24.301361 2026] [php:error] [pid 74117] [client 20.63.96.50:0] script '/domains/system_suspended/C1.php' not found or unable to stat
[Tue Mar 03 00:31:24.335240 2026] [php:error] [pid 74117] [client 20.63.96.50:0] script '/domains/system_suspended/gi.php' not found or unable to stat
[Tue Mar 03 00:31:24.369931 2026] [php:error] [pid 74117] [client 20.63.96.50:0] script '/domains/system_suspended/tkllu.php' not found or unable to stat
[Tue Mar 03 00:31:24.410053 2026] [php:error] [pid 74117] [client 20.63.96.50:0] script '/domains/system_suspended/fetch.php' not found or unable to stat
[Tue Mar 03 00:31:24.456309 2026] [php:error] [pid 74117] [client 20.63.96.50:0] script '/domains/system_suspended/66.php' not found or unable to stat
[Tue Mar 03 00:31:24.507917 2026] [php:error] [pid 74117] [client 20.63.96.50:0] script '/domains/system_suspended/1index.php' not found or unable to stat
[Tue Mar 03 00:31:24.541578 2026] [php:error] [pid 74117] [client 20.63.96.50:0] script '/domains/system_suspended/wander.php' not found or unable to stat
[Tue Mar 03 00:31:24.580715 2026] [php:error] [pid 74117] [client 20.63.96.50:0] script '/domains/system_suspended/makeasmtp.php' not found or unable to stat
[Tue Mar 03 00:31:24.616308 2026] [php:error] [pid 74117] [client 20.63.96.50:0] script '/domains/system_suspended/xtsr.php' not found or unable to stat
[Tue Mar 03 00:31:24.652810 2026] [php:error] [pid 74117] [client 20.63.96.50:0] script '/domains/system_suspended/Masks.php' not found or unable to stat
[Tue Mar 03 00:31:24.686571 2026] [php:error] [pid 74117] [client 20.63.96.50:0] script '/domains/system_suspended/Geforce.php' not found or unable to stat
[Tue Mar 03 00:31:24.720077 2026] [php:error] [pid 74117] [client 20.63.96.50:0] script '/domains/system_suspended/jb33.php' not found or unable to stat
[Tue Mar 03 00:31:24.771438 2026] [php:error] [pid 74117] [client 20.63.96.50:0] script '/domains/system_suspended/vogme.php' not found or unable to stat
[Tue Mar 03 00:31:24.805493 2026] [php:error] [pid 74117] [client 20.63.96.50:0] script '/domains/system_suspended/grsiuk.php' not found or unable to stat
[Tue Mar 03 00:31:24.839183 2026] [php:error] [pid 74117] [client 20.63.96.50:0] script '/domains/system_suspended/inege.php' not found or unable to stat
[Tue Mar 03 00:31:24.873798 2026] [php:error] [pid 74117] [client 20.63.96.50:0] script '/domains/system_suspended/global.php' not found or unable to stat
[Tue Mar 03 00:31:24.919773 2026] [php:error] [pid 74117] [client 20.63.96.50:0] script '/domains/system_suspended/As.php' not found or unable to stat
[Tue Mar 03 00:31:24.956284 2026] [php:error] [pid 74117] [client 20.63.96.50:0] script '/domains/system_suspended/btx25.php' not found or unable to stat
[Tue Mar 03 00:31:24.993270 2026] [php:error] [pid 74117] [client 20.63.96.50:0] script '/domains/system_suspended/advanc.php' not found or unable to stat
[Tue Mar 03 00:31:25.030981 2026] [php:error] [pid 74117] [client 20.63.96.50:0] script '/domains/system_suspended/ahgag.php' not found or unable to stat
[Tue Mar 03 00:31:25.064698 2026] [php:error] [pid 74117] [client 20.63.96.50:0] script '/domains/system_suspended/yoawv.php' not found or unable to stat
[Tue Mar 03 00:31:25.100468 2026] [php:error] [pid 74117] [client 20.63.96.50:0] script '/domains/system_suspended/xogve.php' not found or unable to stat
[Tue Mar 03 00:31:25.134303 2026] [php:error] [pid 74117] [client 20.63.96.50:0] script '/domains/system_suspended/lp5.php' not found or unable to stat
[Tue Mar 03 00:31:25.167863 2026] [php:error] [pid 74117] [client 20.63.96.50:0] script '/domains/system_suspended/torsa1.php' not found or unable to stat
[Tue Mar 03 00:31:25.201590 2026] [php:error] [pid 74117] [client 20.63.96.50:0] script '/domains/system_suspended/an7.php' not found or unable to stat
[Tue Mar 03 00:31:25.235726 2026] [php:error] [pid 74117] [client 20.63.96.50:0] script '/domains/system_suspended/clcdu.php' not found or unable to stat
[Tue Mar 03 00:31:25.269944 2026] [php:error] [pid 74117] [client 20.63.96.50:0] script '/domains/system_suspended/uxijj.php' not found or unable to stat
[Tue Mar 03 00:31:25.303680 2026] [php:error] [pid 74117] [client 20.63.96.50:0] script '/domains/system_suspended/rkiea.php' not found or unable to stat
[Tue Mar 03 00:31:25.381645 2026] [php:error] [pid 74118] [client 20.63.96.50:0] script '/domains/system_suspended/resp.php' not found or unable to stat
[Tue Mar 03 00:31:25.415609 2026] [php:error] [pid 74118] [client 20.63.96.50:0] script '/domains/system_suspended/ppxhp.php' not found or unable to stat
[Tue Mar 03 00:31:25.455347 2026] [php:error] [pid 74118] [client 20.63.96.50:0] script '/domains/system_suspended/fs7.php' not found or unable to stat
[Tue Mar 03 00:31:25.494262 2026] [php:error] [pid 74118] [client 20.63.96.50:0] script '/domains/system_suspended/an7.php' not found or unable to stat
[Tue Mar 03 00:31:25.529996 2026] [php:error] [pid 74118] [client 20.63.96.50:0] script '/domains/system_suspended/yclby.php' not found or unable to stat
[Tue Mar 03 00:31:25.567627 2026] [php:error] [pid 74118] [client 20.63.96.50:0] script '/domains/system_suspended/100.kb.php' not found or unable to stat
[Tue Mar 03 00:31:25.601857 2026] [php:error] [pid 74118] [client 20.63.96.50:0] script '/domains/system_suspended/gec.php' not found or unable to stat
[Tue Mar 03 00:31:25.635669 2026] [php:error] [pid 74118] [client 20.63.96.50:0] script '/domains/system_suspended/zwq13.php' not found or unable to stat
[Tue Mar 03 00:31:25.671366 2026] [php:error] [pid 74118] [client 20.63.96.50:0] script '/domains/system_suspended/wqqs.php' not found or unable to stat
[Tue Mar 03 00:31:25.710400 2026] [php:error] [pid 74118] [client 20.63.96.50:0] script '/domains/system_suspended/wp_wlx.php' not found or unable to stat
[Tue Mar 03 00:31:25.777693 2026] [php:error] [pid 74118] [client 20.63.96.50:0] script '/domains/system_suspended/trx24.php' not found or unable to stat
[Tue Mar 03 00:31:25.823914 2026] [php:error] [pid 74118] [client 20.63.96.50:0] script '/domains/system_suspended/x123x.php' not found or unable to stat
[Tue Mar 03 00:31:25.857876 2026] [php:error] [pid 74118] [client 20.63.96.50:0] script '/domains/system_suspended/nc4.php' not found or unable to stat
[Tue Mar 03 00:31:25.905771 2026] [php:error] [pid 74118] [client 20.63.96.50:0] script '/domains/system_suspended/Ov-Simple1.php' not found or unable to stat
[Tue Mar 03 00:31:25.981108 2026] [php:error] [pid 74118] [client 20.63.96.50:0] script '/domains/system_suspended/xex.php' not found or unable to stat
[Tue Mar 03 00:31:26.022952 2026] [php:error] [pid 74118] [client 20.63.96.50:0] script '/domains/system_suspended/wp-file.php' not found or unable to stat
[Tue Mar 03 00:31:26.057113 2026] [php:error] [pid 74118] [client 20.63.96.50:0] script '/domains/system_suspended/wdf.php' not found or unable to stat
[Tue Mar 03 00:31:26.092910 2026] [php:error] [pid 74118] [client 20.63.96.50:0] script '/domains/system_suspended/ticket.php' not found or unable to stat
[Tue Mar 03 00:31:26.137035 2026] [php:error] [pid 74118] [client 20.63.96.50:0] script '/domains/system_suspended/state.php' not found or unable to stat
[Tue Mar 03 00:31:26.172700 2026] [php:error] [pid 74118] [client 20.63.96.50:0] script '/domains/system_suspended/403.php' not found or unable to stat
[Tue Mar 03 00:31:26.210519 2026] [php:error] [pid 74118] [client 20.63.96.50:0] script '/domains/system_suspended/xy.php' not found or unable to stat
[Tue Mar 03 00:31:26.247766 2026] [php:error] [pid 74118] [client 20.63.96.50:0] script '/domains/system_suspended/tool.php' not found or unable to stat
[Tue Mar 03 00:31:26.286925 2026] [php:error] [pid 74118] [client 20.63.96.50:0] script '/domains/system_suspended/wpls.php' not found or unable to stat
[Tue Mar 03 00:31:26.323869 2026] [php:error] [pid 74118] [client 20.63.96.50:0] script '/domains/system_suspended/mjq.php' not found or unable to stat
[Tue Mar 03 00:31:26.358418 2026] [php:error] [pid 74118] [client 20.63.96.50:0] script '/domains/system_suspended/wp-4doption1.php' not found or unable to stat
[Tue Mar 03 00:31:26.397109 2026] [php:error] [pid 74118] [client 20.63.96.50:0] script '/domains/system_suspended/img.php' not found or unable to stat
[Tue Mar 03 00:31:34.058465 2026] [php:error] [pid 74102] [client 158.173.154.178:0] script '/domains/antiqueweb1/wp-login.php' not found or unable to stat
[Tue Mar 03 00:31:39.273967 2026] [php:error] [pid 74122] [client 20.151.109.1:0] script '/domains/larrysr/gfile.php' not found or unable to stat
[Tue Mar 03 00:31:39.309966 2026] [php:error] [pid 74122] [client 20.151.109.1:0] script '/domains/larrysr/bitch.php' not found or unable to stat
[Tue Mar 03 00:31:39.345599 2026] [php:error] [pid 74122] [client 20.151.109.1:0] script '/domains/larrysr/file61.php' not found or unable to stat
[Tue Mar 03 00:31:39.379288 2026] [php:error] [pid 74122] [client 20.151.109.1:0] script '/domains/larrysr/eee.php' not found or unable to stat
[Tue Mar 03 00:31:39.415274 2026] [php:error] [pid 74122] [client 20.151.109.1:0] script '/domains/larrysr/swallowable.php' not found or unable to stat
[Tue Mar 03 00:31:39.449266 2026] [php:error] [pid 74122] [client 20.151.109.1:0] script '/domains/larrysr/dox.php' not found or unable to stat
[Tue Mar 03 00:31:39.483057 2026] [php:error] [pid 74122] [client 20.151.109.1:0] script '/domains/larrysr/qwas.php' not found or unable to stat
[Tue Mar 03 00:31:39.517378 2026] [php:error] [pid 74122] [client 20.151.109.1:0] script '/domains/larrysr/claw.php' not found or unable to stat
[Tue Mar 03 00:31:39.557120 2026] [php:error] [pid 74122] [client 20.151.109.1:0] script '/domains/larrysr/cfgy.php' not found or unable to stat
[Tue Mar 03 00:31:39.593440 2026] [php:error] [pid 74122] [client 20.151.109.1:0] script '/domains/larrysr/jbuft.php' not found or unable to stat
[Tue Mar 03 00:31:39.630046 2026] [php:error] [pid 74122] [client 20.151.109.1:0] script '/domains/larrysr/fvvff.php' not found or unable to stat
[Tue Mar 03 00:31:39.664789 2026] [php:error] [pid 74122] [client 20.151.109.1:0] script '/domains/larrysr/vaza.php' not found or unable to stat
[Tue Mar 03 00:31:39.698700 2026] [php:error] [pid 74122] [client 20.151.109.1:0] script '/domains/larrysr/a2.php' not found or unable to stat
[Tue Mar 03 00:31:39.733869 2026] [php:error] [pid 74122] [client 20.151.109.1:0] script '/domains/larrysr/sty.php' not found or unable to stat
[Tue Mar 03 00:31:39.768533 2026] [php:error] [pid 74122] [client 20.151.109.1:0] script '/domains/larrysr/xxxx.php' not found or unable to stat
[Tue Mar 03 00:31:39.802366 2026] [php:error] [pid 74122] [client 20.151.109.1:0] script '/domains/larrysr/h.php' not found or unable to stat
[Tue Mar 03 00:31:39.837277 2026] [php:error] [pid 74122] [client 20.151.109.1:0] script '/domains/larrysr/g.php' not found or unable to stat
[Tue Mar 03 00:31:39.872163 2026] [php:error] [pid 74122] [client 20.151.109.1:0] script '/domains/larrysr/pp.php' not found or unable to stat
[Tue Mar 03 00:31:39.905986 2026] [php:error] [pid 74122] [client 20.151.109.1:0] script '/domains/larrysr/sys.php' not found or unable to stat
[Tue Mar 03 00:31:39.939498 2026] [php:error] [pid 74122] [client 20.151.109.1:0] script '/domains/larrysr/txets.php' not found or unable to stat
[Tue Mar 03 00:31:39.973166 2026] [php:error] [pid 74122] [client 20.151.109.1:0] script '/domains/larrysr/tt.php' not found or unable to stat
[Tue Mar 03 00:31:40.007804 2026] [php:error] [pid 74122] [client 20.151.109.1:0] script '/domains/larrysr/wp9.php' not found or unable to stat
[Tue Mar 03 00:31:40.041480 2026] [php:error] [pid 74122] [client 20.151.109.1:0] script '/domains/larrysr/path.php' not found or unable to stat
[Tue Mar 03 00:31:40.075384 2026] [php:error] [pid 74122] [client 20.151.109.1:0] script '/domains/larrysr/wdf.php' not found or unable to stat
[Tue Mar 03 00:31:40.109166 2026] [php:error] [pid 74122] [client 20.151.109.1:0] script '/domains/larrysr/fleen.php' not found or unable to stat
[Tue Mar 03 00:31:40.159449 2026] [php:error] [pid 74122] [client 20.151.109.1:0] script '/domains/larrysr/wp-tem.php' not found or unable to stat
[Tue Mar 03 00:31:40.193080 2026] [php:error] [pid 74122] [client 20.151.109.1:0] script '/domains/larrysr/av6m.php' not found or unable to stat
[Tue Mar 03 00:31:40.226671 2026] [php:error] [pid 74122] [client 20.151.109.1:0] script '/domains/larrysr/autogooey.php' not found or unable to stat
[Tue Mar 03 00:31:40.260306 2026] [php:error] [pid 74122] [client 20.151.109.1:0] script '/domains/larrysr/btx25.php' not found or unable to stat
[Tue Mar 03 00:31:40.296605 2026] [php:error] [pid 74122] [client 20.151.109.1:0] script '/domains/larrysr/mga.php' not found or unable to stat
[Tue Mar 03 00:31:40.333216 2026] [php:error] [pid 74122] [client 20.151.109.1:0] script '/domains/larrysr/maxro.php' not found or unable to stat
[Tue Mar 03 00:31:40.367911 2026] [php:error] [pid 74122] [client 20.151.109.1:0] script '/domains/larrysr/agg.php' not found or unable to stat
[Tue Mar 03 00:31:40.405241 2026] [php:error] [pid 74122] [client 20.151.109.1:0] script '/domains/larrysr/pass4.php' not found or unable to stat
[Tue Mar 03 00:31:40.442161 2026] [php:error] [pid 74122] [client 20.151.109.1:0] script '/domains/larrysr/wsvvs.php' not found or unable to stat
[Tue Mar 03 00:31:40.475785 2026] [php:error] [pid 74122] [client 20.151.109.1:0] script '/domains/larrysr/G-In.php' not found or unable to stat
[Tue Mar 03 00:31:40.511424 2026] [php:error] [pid 74122] [client 20.151.109.1:0] script '/domains/larrysr/edit.php' not found or unable to stat
[Tue Mar 03 00:31:40.545249 2026] [php:error] [pid 74122] [client 20.151.109.1:0] script '/domains/larrysr/ioxi-o.php' not found or unable to stat
[Tue Mar 03 00:31:40.616734 2026] [php:error] [pid 74122] [client 20.151.109.1:0] script '/domains/larrysr/66.php' not found or unable to stat
[Tue Mar 03 00:31:40.684260 2026] [php:error] [pid 74122] [client 20.151.109.1:0] script '/domains/larrysr/gifclass.php' not found or unable to stat
[Tue Mar 03 00:31:40.860971 2026] [php:error] [pid 74122] [client 20.151.109.1:0] script '/domains/larrysr/sc.php' not found or unable to stat
[Tue Mar 03 00:31:40.895716 2026] [php:error] [pid 74122] [client 20.151.109.1:0] script '/domains/larrysr/xmlrpc.php' not found or unable to stat
[Tue Mar 03 00:31:40.929584 2026] [php:error] [pid 74122] [client 20.151.109.1:0] script '/domains/larrysr/ol.php' not found or unable to stat
[Tue Mar 03 00:31:40.963369 2026] [php:error] [pid 74122] [client 20.151.109.1:0] script '/domains/larrysr/f6.php' not found or unable to stat
[Tue Mar 03 00:31:40.997945 2026] [php:error] [pid 74122] [client 20.151.109.1:0] script '/domains/larrysr/inputs.php' not found or unable to stat
[Tue Mar 03 00:31:41.031673 2026] [php:error] [pid 74122] [client 20.151.109.1:0] script '/domains/larrysr/style.php' not found or unable to stat
[Tue Mar 03 00:31:41.065286 2026] [php:error] [pid 74122] [client 20.151.109.1:0] script '/domains/larrysr/bgymj.php' not found or unable to stat
[Tue Mar 03 00:31:41.105321 2026] [php:error] [pid 74122] [client 20.151.109.1:0] script '/domains/larrysr/aa.php' not found or unable to stat
[Tue Mar 03 00:31:41.139143 2026] [php:error] [pid 74122] [client 20.151.109.1:0] script '/domains/larrysr/1.php' not found or unable to stat
[Tue Mar 03 00:31:41.172606 2026] [php:error] [pid 74122] [client 20.151.109.1:0] script '/domains/larrysr/sc.php' not found or unable to stat
[Tue Mar 03 00:31:41.206383 2026] [php:error] [pid 74122] [client 20.151.109.1:0] script '/domains/larrysr/av.php' not found or unable to stat
[Tue Mar 03 00:31:41.256529 2026] [php:error] [pid 74122] [client 20.151.109.1:0] script '/domains/larrysr/file.php' not found or unable to stat
[Tue Mar 03 00:31:41.293639 2026] [php:error] [pid 74122] [client 20.151.109.1:0] script '/domains/larrysr/666.php' not found or unable to stat
[Tue Mar 03 00:31:41.327381 2026] [php:error] [pid 74122] [client 20.151.109.1:0] script '/domains/larrysr/file59.php' not found or unable to stat
[Tue Mar 03 00:31:41.370346 2026] [php:error] [pid 74122] [client 20.151.109.1:0] script '/domains/larrysr/bless.php' not found or unable to stat
[Tue Mar 03 00:31:41.409667 2026] [php:error] [pid 74122] [client 20.151.109.1:0] script '/domains/larrysr/wp9.php' not found or unable to stat
[Tue Mar 03 00:31:41.443425 2026] [php:error] [pid 74122] [client 20.151.109.1:0] script '/domains/larrysr/wp-act.php' not found or unable to stat
[Tue Mar 03 00:31:41.481284 2026] [php:error] [pid 74122] [client 20.151.109.1:0] script '/domains/larrysr/class-t.api.php' not found or unable to stat
[Tue Mar 03 00:31:41.515854 2026] [php:error] [pid 74122] [client 20.151.109.1:0] script '/domains/larrysr/xqq.php' not found or unable to stat
[Tue Mar 03 00:31:41.583257 2026] [php:error] [pid 74122] [client 20.151.109.1:0] script '/domains/larrysr/a.php' not found or unable to stat
[Tue Mar 03 00:31:41.617143 2026] [php:error] [pid 74122] [client 20.151.109.1:0] script '/domains/larrysr/06.php' not found or unable to stat
[Tue Mar 03 00:31:41.651817 2026] [php:error] [pid 74122] [client 20.151.109.1:0] script '/domains/larrysr/plss3.php' not found or unable to stat
[Tue Mar 03 00:31:41.685381 2026] [php:error] [pid 74122] [client 20.151.109.1:0] script '/domains/larrysr/aaa.php' not found or unable to stat
[Tue Mar 03 00:31:41.723390 2026] [php:error] [pid 74122] [client 20.151.109.1:0] script '/domains/larrysr/classwithtostring.php' not found or unable to stat
[Tue Mar 03 00:31:41.797585 2026] [php:error] [pid 74122] [client 20.151.109.1:0] script '/domains/larrysr/tinyfilemanager.php' not found or unable to stat
[Tue Mar 03 00:31:41.832949 2026] [php:error] [pid 74122] [client 20.151.109.1:0] script '/domains/larrysr/x.php' not found or unable to stat
[Tue Mar 03 00:31:41.867203 2026] [php:error] [pid 74122] [client 20.151.109.1:0] script '/domains/larrysr/ms.php' not found or unable to stat
[Tue Mar 03 00:31:41.934719 2026] [php:error] [pid 74122] [client 20.151.109.1:0] script '/domains/larrysr/wdf.php' not found or unable to stat
[Tue Mar 03 00:31:41.946488 2026] [php:error] [pid 74118] [client 51.120.79.194:0] script '/domains/bels/gfile.php' not found or unable to stat
[Tue Mar 03 00:31:41.970182 2026] [php:error] [pid 74122] [client 20.151.109.1:0] script '/domains/larrysr/wp-update.php' not found or unable to stat
[Tue Mar 03 00:31:42.011190 2026] [php:error] [pid 74122] [client 20.151.109.1:0] script '/domains/larrysr/sbhu.php' not found or unable to stat
[Tue Mar 03 00:31:42.041925 2026] [php:error] [pid 74118] [client 51.120.79.194:0] script '/domains/bels/file61.php' not found or unable to stat
[Tue Mar 03 00:31:42.079922 2026] [php:error] [pid 74122] [client 20.151.109.1:0] script '/domains/larrysr/wp-blog.php' not found or unable to stat
[Tue Mar 03 00:31:42.114500 2026] [php:error] [pid 74122] [client 20.151.109.1:0] script '/domains/larrysr/test1.php' not found or unable to stat
[Tue Mar 03 00:31:42.137458 2026] [php:error] [pid 74118] [client 51.120.79.194:0] script '/domains/bels/eee.php' not found or unable to stat
[Tue Mar 03 00:31:42.182049 2026] [php:error] [pid 74122] [client 20.151.109.1:0] script '/domains/larrysr/166.php' not found or unable to stat
[Tue Mar 03 00:31:42.216750 2026] [php:error] [pid 74122] [client 20.151.109.1:0] script '/domains/larrysr/fleen.php' not found or unable to stat
[Tue Mar 03 00:31:42.232648 2026] [php:error] [pid 74118] [client 51.120.79.194:0] script '/domains/bels/swallowable.php' not found or unable to stat
[Tue Mar 03 00:31:42.284040 2026] [php:error] [pid 74122] [client 20.151.109.1:0] script '/domains/larrysr/ms-edit.php' not found or unable to stat
[Tue Mar 03 00:31:42.317809 2026] [php:error] [pid 74122] [client 20.151.109.1:0] script '/domains/larrysr/adminfuns.php' not found or unable to stat
[Tue Mar 03 00:31:42.331087 2026] [php:error] [pid 74118] [client 51.120.79.194:0] script '/domains/bels/dox.php' not found or unable to stat
[Tue Mar 03 00:31:42.360223 2026] [php:error] [pid 74122] [client 20.151.109.1:0] script '/domains/larrysr/goods.php' not found or unable to stat
[Tue Mar 03 00:31:42.393693 2026] [php:error] [pid 74122] [client 20.151.109.1:0] script '/domains/larrysr/ms-edit.php' not found or unable to stat
[Tue Mar 03 00:31:42.426164 2026] [php:error] [pid 74118] [client 51.120.79.194:0] script '/domains/bels/qwas.php' not found or unable to stat
[Tue Mar 03 00:31:42.429253 2026] [php:error] [pid 74122] [client 20.151.109.1:0] script '/domains/larrysr/222.php' not found or unable to stat
[Tue Mar 03 00:31:42.469113 2026] [php:error] [pid 74122] [client 20.151.109.1:0] script '/domains/larrysr/plugins.php' not found or unable to stat
[Tue Mar 03 00:31:42.521380 2026] [php:error] [pid 74118] [client 51.120.79.194:0] script '/domains/bels/claw.php' not found or unable to stat
[Tue Mar 03 00:31:42.575880 2026] [php:error] [pid 74122] [client 20.151.109.1:0] script '/domains/larrysr/ff1.php' not found or unable to stat
[Tue Mar 03 00:31:42.612780 2026] [php:error] [pid 74122] [client 20.151.109.1:0] script '/domains/larrysr/fff.php' not found or unable to stat
[Tue Mar 03 00:31:42.616510 2026] [php:error] [pid 74118] [client 51.120.79.194:0] script '/domains/bels/cfgy.php' not found or unable to stat
[Tue Mar 03 00:31:42.685383 2026] [php:error] [pid 74122] [client 20.151.109.1:0] script '/domains/larrysr/goat.php' not found or unable to stat
[Tue Mar 03 00:31:42.712379 2026] [php:error] [pid 74118] [client 51.120.79.194:0] script '/domains/bels/jbuft.php' not found or unable to stat
[Tue Mar 03 00:31:42.719654 2026] [php:error] [pid 74122] [client 20.151.109.1:0] script '/domains/larrysr/155.php' not found or unable to stat
[Tue Mar 03 00:31:42.761226 2026] [php:error] [pid 74122] [client 20.151.109.1:0] script '/domains/larrysr/we.php' not found or unable to stat
[Tue Mar 03 00:31:42.794931 2026] [php:error] [pid 74122] [client 20.151.109.1:0] script '/domains/larrysr/alpha.php' not found or unable to stat
[Tue Mar 03 00:31:42.807665 2026] [php:error] [pid 74118] [client 51.120.79.194:0] script '/domains/bels/fvvff.php' not found or unable to stat
[Tue Mar 03 00:31:42.905847 2026] [php:error] [pid 74118] [client 51.120.79.194:0] script '/domains/bels/vaza.php' not found or unable to stat
[Tue Mar 03 00:31:43.001291 2026] [php:error] [pid 74118] [client 51.120.79.194:0] script '/domains/bels/a2.php' not found or unable to stat
[Tue Mar 03 00:31:43.096631 2026] [php:error] [pid 74118] [client 51.120.79.194:0] script '/domains/bels/sty.php' not found or unable to stat
[Tue Mar 03 00:31:43.192018 2026] [php:error] [pid 74118] [client 51.120.79.194:0] script '/domains/bels/xxxx.php' not found or unable to stat
[Tue Mar 03 00:31:43.287296 2026] [php:error] [pid 74118] [client 51.120.79.194:0] script '/domains/bels/h.php' not found or unable to stat
[Tue Mar 03 00:31:43.382835 2026] [php:error] [pid 74118] [client 51.120.79.194:0] script '/domains/bels/g.php' not found or unable to stat
[Tue Mar 03 00:31:43.478301 2026] [php:error] [pid 74118] [client 51.120.79.194:0] script '/domains/bels/pp.php' not found or unable to stat
[Tue Mar 03 00:31:43.573494 2026] [php:error] [pid 74118] [client 51.120.79.194:0] script '/domains/bels/sys.php' not found or unable to stat
[Tue Mar 03 00:31:43.668963 2026] [php:error] [pid 74118] [client 51.120.79.194:0] script '/domains/bels/txets.php' not found or unable to stat
[Tue Mar 03 00:31:43.764611 2026] [php:error] [pid 74118] [client 51.120.79.194:0] script '/domains/bels/tt.php' not found or unable to stat
[Tue Mar 03 00:31:43.863111 2026] [php:error] [pid 74118] [client 51.120.79.194:0] script '/domains/bels/wp9.php' not found or unable to stat
[Tue Mar 03 00:31:43.874093 2026] [php:error] [pid 74102] [client 20.151.109.1:0] script '/domains/larrysr/makeasmtp.php' not found or unable to stat
[Tue Mar 03 00:31:43.912778 2026] [php:error] [pid 74102] [client 20.151.109.1:0] script '/domains/larrysr/wp-michan.php' not found or unable to stat
[Tue Mar 03 00:31:43.960725 2026] [php:error] [pid 74118] [client 51.120.79.194:0] script '/domains/bels/path.php' not found or unable to stat
[Tue Mar 03 00:31:43.994565 2026] [php:error] [pid 74102] [client 20.151.109.1:0] script '/domains/larrysr/wp-the.php' not found or unable to stat
[Tue Mar 03 00:31:44.055937 2026] [php:error] [pid 74118] [client 51.120.79.194:0] script '/domains/bels/wdf.php' not found or unable to stat
[Tue Mar 03 00:31:44.073037 2026] [php:error] [pid 74102] [client 20.151.109.1:0] script '/domains/larrysr/BDKR28WP.php' not found or unable to stat
[Tue Mar 03 00:31:44.150407 2026] [php:error] [pid 74102] [client 20.151.109.1:0] script '/domains/larrysr/wp.php' not found or unable to stat
[Tue Mar 03 00:31:44.151225 2026] [php:error] [pid 74118] [client 51.120.79.194:0] script '/domains/bels/2.php' not found or unable to stat
[Tue Mar 03 00:31:44.233175 2026] [php:error] [pid 74102] [client 20.151.109.1:0] script '/domains/larrysr/w4.php' not found or unable to stat
[Tue Mar 03 00:31:44.246537 2026] [php:error] [pid 74118] [client 51.120.79.194:0] script '/domains/bels/wp-tem.php' not found or unable to stat
[Tue Mar 03 00:31:44.316400 2026] [php:error] [pid 74102] [client 20.151.109.1:0] script '/domains/larrysr/ok.php' not found or unable to stat
[Tue Mar 03 00:31:44.341930 2026] [php:error] [pid 74118] [client 51.120.79.194:0] script '/domains/bels/av6m.php' not found or unable to stat
[Tue Mar 03 00:31:44.355115 2026] [php:error] [pid 74102] [client 20.151.109.1:0] script '/domains/larrysr/about.php' not found or unable to stat
[Tue Mar 03 00:31:44.396572 2026] [php:error] [pid 74102] [client 20.151.109.1:0] script '/domains/larrysr/tymn.php' not found or unable to stat
[Tue Mar 03 00:31:44.435509 2026] [php:error] [pid 74102] [client 20.151.109.1:0] script '/domains/larrysr/bak.php' not found or unable to stat
[Tue Mar 03 00:31:44.437464 2026] [php:error] [pid 74118] [client 51.120.79.194:0] script '/domains/bels/autogooey.php' not found or unable to stat
[Tue Mar 03 00:31:44.513444 2026] [php:error] [pid 74102] [client 20.151.109.1:0] script '/domains/larrysr/fe5.php' not found or unable to stat
[Tue Mar 03 00:31:44.532556 2026] [php:error] [pid 74118] [client 51.120.79.194:0] script '/domains/bels/btx25.php' not found or unable to stat
[Tue Mar 03 00:31:44.552366 2026] [php:error] [pid 74102] [client 20.151.109.1:0] script '/domains/larrysr/kj.php' not found or unable to stat
[Tue Mar 03 00:31:44.627823 2026] [php:error] [pid 74118] [client 51.120.79.194:0] script '/domains/bels/mga.php' not found or unable to stat
[Tue Mar 03 00:31:44.635239 2026] [php:error] [pid 74102] [client 20.151.109.1:0] script '/domains/larrysr/av.php' not found or unable to stat
[Tue Mar 03 00:31:44.674021 2026] [php:error] [pid 74102] [client 20.151.109.1:0] script '/domains/larrysr/abcd.php' not found or unable to stat
[Tue Mar 03 00:31:44.716715 2026] [php:error] [pid 74102] [client 20.151.109.1:0] script '/domains/larrysr/init.php' not found or unable to stat
[Tue Mar 03 00:31:44.723133 2026] [php:error] [pid 74118] [client 51.120.79.194:0] script '/domains/bels/maxro.php' not found or unable to stat
[Tue Mar 03 00:31:44.756912 2026] [php:error] [pid 74102] [client 20.151.109.1:0] script '/domains/larrysr/fi.php' not found or unable to stat
[Tue Mar 03 00:31:44.795906 2026] [php:error] [pid 74102] [client 20.151.109.1:0] script '/domains/larrysr/a1.php' not found or unable to stat
[Tue Mar 03 00:31:44.818334 2026] [php:error] [pid 74118] [client 51.120.79.194:0] script '/domains/bels/agg.php' not found or unable to stat
[Tue Mar 03 00:31:44.917223 2026] [php:error] [pid 74118] [client 51.120.79.194:0] script '/domains/bels/pass4.php' not found or unable to stat
[Tue Mar 03 00:31:44.919922 2026] [php:error] [pid 74102] [client 20.151.109.1:0] script '/domains/larrysr/f35.php' not found or unable to stat
[Tue Mar 03 00:31:44.958557 2026] [php:error] [pid 74102] [client 20.151.109.1:0] script '/domains/larrysr/hi.php' not found or unable to stat
[Tue Mar 03 00:31:44.999680 2026] [php:error] [pid 74102] [client 20.151.109.1:0] script '/domains/larrysr/lala.php' not found or unable to stat
[Tue Mar 03 00:31:45.012461 2026] [php:error] [pid 74118] [client 51.120.79.194:0] script '/domains/bels/wsvvs.php' not found or unable to stat
[Tue Mar 03 00:31:45.039719 2026] [php:error] [pid 74102] [client 20.151.109.1:0] script '/domains/larrysr/lb.php' not found or unable to stat
[Tue Mar 03 00:31:45.108050 2026] [php:error] [pid 74118] [client 51.120.79.194:0] script '/domains/bels/G-In.php' not found or unable to stat
[Tue Mar 03 00:31:45.117331 2026] [php:error] [pid 74102] [client 20.151.109.1:0] script '/domains/larrysr/0.php' not found or unable to stat
[Tue Mar 03 00:31:45.157920 2026] [php:error] [pid 74102] [client 20.151.109.1:0] script '/domains/larrysr/core.php' not found or unable to stat
[Tue Mar 03 00:31:45.197795 2026] [php:error] [pid 74102] [client 20.151.109.1:0] script '/domains/larrysr/autogooey.php' not found or unable to stat
[Tue Mar 03 00:31:45.203144 2026] [php:error] [pid 74118] [client 51.120.79.194:0] script '/domains/bels/edit.php' not found or unable to stat
[Tue Mar 03 00:31:45.275617 2026] [php:error] [pid 74102] [client 20.151.109.1:0] script '/domains/larrysr/prv8.php' not found or unable to stat
[Tue Mar 03 00:31:45.298437 2026] [php:error] [pid 74118] [client 51.120.79.194:0] script '/domains/bels/ioxi-o.php' not found or unable to stat
[Tue Mar 03 00:31:45.315434 2026] [php:error] [pid 74102] [client 20.151.109.1:0] script '/domains/larrysr/k.php' not found or unable to stat
[Tue Mar 03 00:31:45.356866 2026] [php:error] [pid 74102] [client 20.151.109.1:0] script '/domains/larrysr/dev.php' not found or unable to stat
[Tue Mar 03 00:31:45.395522 2026] [php:error] [pid 74102] [client 20.151.109.1:0] script '/domains/larrysr/x123x.php' not found or unable to stat
[Tue Mar 03 00:31:45.435783 2026] [php:error] [pid 74102] [client 20.151.109.1:0] script '/domains/larrysr/bal.php' not found or unable to stat
[Tue Mar 03 00:31:45.474708 2026] [php:error] [pid 74102] [client 20.151.109.1:0] script '/domains/larrysr/in.php' not found or unable to stat
[Tue Mar 03 00:31:45.490090 2026] [php:error] [pid 74118] [client 51.120.79.194:0] script '/domains/bels/66.php' not found or unable to stat
[Tue Mar 03 00:31:45.514004 2026] [php:error] [pid 74102] [client 20.151.109.1:0] script '/domains/larrysr/gssdd.php' not found or unable to stat
[Tue Mar 03 00:31:45.554385 2026] [php:error] [pid 74102] [client 20.151.109.1:0] script '/domains/larrysr/motu.php' not found or unable to stat
[Tue Mar 03 00:31:45.593160 2026] [php:error] [pid 74102] [client 20.151.109.1:0] script '/domains/larrysr/bs1.php' not found or unable to stat
[Tue Mar 03 00:31:45.631896 2026] [php:error] [pid 74102] [client 20.151.109.1:0] script '/domains/larrysr/bengi.php' not found or unable to stat
[Tue Mar 03 00:31:45.680733 2026] [php:error] [pid 74118] [client 51.120.79.194:0] script '/domains/bels/gifclass.php' not found or unable to stat
[Tue Mar 03 00:31:45.692566 2026] [php:error] [pid 74102] [client 20.151.109.1:0] script '/domains/larrysr/log.php' not found or unable to stat
[Tue Mar 03 00:31:45.731724 2026] [php:error] [pid 74102] [client 20.151.109.1:0] script '/domains/larrysr/miansha.php' not found or unable to stat
[Tue Mar 03 00:31:45.774375 2026] [php:error] [pid 74102] [client 20.151.109.1:0] script '/domains/larrysr/erty.php' not found or unable to stat
[Tue Mar 03 00:31:45.851783 2026] [php:error] [pid 74102] [client 20.151.109.1:0] script '/domains/larrysr/X57.php' not found or unable to stat
[Tue Mar 03 00:31:45.890966 2026] [php:error] [pid 74102] [client 20.151.109.1:0] script '/domains/larrysr/axx.php' not found or unable to stat
[Tue Mar 03 00:31:45.929573 2026] [php:error] [pid 74102] [client 20.151.109.1:0] script '/domains/larrysr/alfashell.php' not found or unable to stat
[Tue Mar 03 00:31:45.968274 2026] [php:error] [pid 74102] [client 20.151.109.1:0] script '/domains/larrysr/myfile.php' not found or unable to stat
[Tue Mar 03 00:31:46.006822 2026] [php:error] [pid 74102] [client 20.151.109.1:0] script '/domains/larrysr/re.php' not found or unable to stat
[Tue Mar 03 00:31:46.047276 2026] [php:error] [pid 74102] [client 20.151.109.1:0] script '/domains/larrysr/styll.php' not found or unable to stat
[Tue Mar 03 00:31:46.088945 2026] [php:error] [pid 74102] [client 20.151.109.1:0] script '/domains/larrysr/flower.php' not found or unable to stat
[Tue Mar 03 00:31:46.129346 2026] [php:error] [pid 74102] [client 20.151.109.1:0] script '/domains/larrysr/flower2.php' not found or unable to stat
[Tue Mar 03 00:31:46.157407 2026] [php:error] [pid 74118] [client 51.120.79.194:0] script '/domains/bels/sc.php' not found or unable to stat
[Tue Mar 03 00:31:46.172272 2026] [php:error] [pid 74102] [client 20.151.109.1:0] script '/domains/larrysr/4h.php' not found or unable to stat
[Tue Mar 03 00:31:46.217062 2026] [php:error] [pid 74102] [client 20.151.109.1:0] script '/domains/larrysr/gettest.php' not found or unable to stat
[Tue Mar 03 00:31:46.256140 2026] [php:error] [pid 74102] [client 20.151.109.1:0] script '/domains/larrysr/acp.php' not found or unable to stat
[Tue Mar 03 00:31:46.259577 2026] [php:error] [pid 74118] [client 51.120.79.194:0] script '/domains/bels/xmlrpc.php' not found or unable to stat
[Tue Mar 03 00:31:46.294894 2026] [php:error] [pid 74102] [client 20.151.109.1:0] script '/domains/larrysr/database.php' not found or unable to stat
[Tue Mar 03 00:31:46.355087 2026] [php:error] [pid 74118] [client 51.120.79.194:0] script '/domains/bels/ol.php' not found or unable to stat
[Tue Mar 03 00:31:46.450680 2026] [php:error] [pid 74118] [client 51.120.79.194:0] script '/domains/bels/f6.php' not found or unable to stat
[Tue Mar 03 00:31:46.546254 2026] [php:error] [pid 74118] [client 51.120.79.194:0] script '/domains/bels/inputs.php' not found or unable to stat
[Tue Mar 03 00:31:46.641852 2026] [php:error] [pid 74118] [client 51.120.79.194:0] script '/domains/bels/style.php' not found or unable to stat
[Tue Mar 03 00:31:46.737170 2026] [php:error] [pid 74118] [client 51.120.79.194:0] script '/domains/bels/bgymj.php' not found or unable to stat
[Tue Mar 03 00:31:46.832574 2026] [php:error] [pid 74118] [client 51.120.79.194:0] script '/domains/bels/aa.php' not found or unable to stat
[Tue Mar 03 00:31:46.929892 2026] [php:error] [pid 74118] [client 51.120.79.194:0] script '/domains/bels/1.php' not found or unable to stat
[Tue Mar 03 00:31:47.025739 2026] [php:error] [pid 74118] [client 51.120.79.194:0] script '/domains/bels/sc.php' not found or unable to stat
[Tue Mar 03 00:31:47.120875 2026] [php:error] [pid 74118] [client 51.120.79.194:0] script '/domains/bels/av.php' not found or unable to stat
[Tue Mar 03 00:31:47.216073 2026] [php:error] [pid 74118] [client 51.120.79.194:0] script '/domains/bels/file.php' not found or unable to stat
[Tue Mar 03 00:31:47.311265 2026] [php:error] [pid 74118] [client 51.120.79.194:0] script '/domains/bels/666.php' not found or unable to stat
[Tue Mar 03 00:31:47.406430 2026] [php:error] [pid 74118] [client 51.120.79.194:0] script '/domains/bels/file59.php' not found or unable to stat
[Tue Mar 03 00:31:47.502104 2026] [php:error] [pid 74118] [client 51.120.79.194:0] script '/domains/bels/bless.php' not found or unable to stat
[Tue Mar 03 00:31:47.597341 2026] [php:error] [pid 74118] [client 51.120.79.194:0] script '/domains/bels/wp9.php' not found or unable to stat
[Tue Mar 03 00:31:47.692637 2026] [php:error] [pid 74118] [client 51.120.79.194:0] script '/domains/bels/wp-act.php' not found or unable to stat
[Tue Mar 03 00:31:47.788741 2026] [php:error] [pid 74118] [client 51.120.79.194:0] script '/domains/bels/class-t.api.php' not found or unable to stat
[Tue Mar 03 00:31:47.884526 2026] [php:error] [pid 74118] [client 51.120.79.194:0] script '/domains/bels/xqq.php' not found or unable to stat
[Tue Mar 03 00:31:48.076069 2026] [php:error] [pid 74118] [client 51.120.79.194:0] script '/domains/bels/a.php' not found or unable to stat
[Tue Mar 03 00:31:48.171696 2026] [php:error] [pid 74118] [client 51.120.79.194:0] script '/domains/bels/06.php' not found or unable to stat
[Tue Mar 03 00:31:48.267083 2026] [php:error] [pid 74118] [client 51.120.79.194:0] script '/domains/bels/plss3.php' not found or unable to stat
[Tue Mar 03 00:31:48.363045 2026] [php:error] [pid 74118] [client 51.120.79.194:0] script '/domains/bels/aaa.php' not found or unable to stat
[Tue Mar 03 00:31:48.460337 2026] [php:error] [pid 74118] [client 51.120.79.194:0] script '/domains/bels/classwithtostring.php' not found or unable to stat
[Tue Mar 03 00:31:48.650895 2026] [php:error] [pid 74118] [client 51.120.79.194:0] script '/domains/bels/tinyfilemanager.php' not found or unable to stat
[Tue Mar 03 00:31:48.746620 2026] [php:error] [pid 74118] [client 51.120.79.194:0] script '/domains/bels/x.php' not found or unable to stat
[Tue Mar 03 00:31:48.842207 2026] [php:error] [pid 74118] [client 51.120.79.194:0] script '/domains/bels/ms.php' not found or unable to stat
[Tue Mar 03 00:31:49.032665 2026] [php:error] [pid 74118] [client 51.120.79.194:0] script '/domains/bels/wdf.php' not found or unable to stat
[Tue Mar 03 00:31:49.128372 2026] [php:error] [pid 74118] [client 51.120.79.194:0] script '/domains/bels/wp-update.php' not found or unable to stat
[Tue Mar 03 00:31:49.224026 2026] [php:error] [pid 74118] [client 51.120.79.194:0] script '/domains/bels/sbhu.php' not found or unable to stat
[Tue Mar 03 00:31:49.415339 2026] [php:error] [pid 74118] [client 51.120.79.194:0] script '/domains/bels/wp-blog.php' not found or unable to stat
[Tue Mar 03 00:31:49.510763 2026] [php:error] [pid 74118] [client 51.120.79.194:0] script '/domains/bels/test1.php' not found or unable to stat
[Tue Mar 03 00:31:49.703173 2026] [php:error] [pid 74118] [client 51.120.79.194:0] script '/domains/bels/166.php' not found or unable to stat
[Tue Mar 03 00:31:49.798520 2026] [php:error] [pid 74118] [client 51.120.79.194:0] script '/domains/bels/fleen.php' not found or unable to stat
[Tue Mar 03 00:31:49.989753 2026] [php:error] [pid 74118] [client 51.120.79.194:0] script '/domains/bels/ms-edit.php' not found or unable to stat
[Tue Mar 03 00:31:50.085909 2026] [php:error] [pid 74118] [client 51.120.79.194:0] script '/domains/bels/adminfuns.php' not found or unable to stat
[Tue Mar 03 00:31:50.181438 2026] [php:error] [pid 74118] [client 51.120.79.194:0] script '/domains/bels/goods.php' not found or unable to stat
[Tue Mar 03 00:31:50.276713 2026] [php:error] [pid 74118] [client 51.120.79.194:0] script '/domains/bels/ms-edit.php' not found or unable to stat
[Tue Mar 03 00:31:50.372090 2026] [php:error] [pid 74118] [client 51.120.79.194:0] script '/domains/bels/222.php' not found or unable to stat
[Tue Mar 03 00:31:50.467422 2026] [php:error] [pid 74118] [client 51.120.79.194:0] script '/domains/bels/plugins.php' not found or unable to stat
[Tue Mar 03 00:31:50.753636 2026] [php:error] [pid 74118] [client 51.120.79.194:0] script '/domains/bels/ff1.php' not found or unable to stat
[Tue Mar 03 00:31:50.849404 2026] [php:error] [pid 74118] [client 51.120.79.194:0] script '/domains/bels/fff.php' not found or unable to stat
[Tue Mar 03 00:31:51.057338 2026] [php:error] [pid 74118] [client 51.120.79.194:0] script '/domains/bels/goat.php' not found or unable to stat
