[Tue Mar 03 00:35:12.955879 2026] [php:error] [pid 74163] [client 45.86.202.121:0] script '/domains/quintet/db.php' not found or unable to stat
[Tue Mar 03 00:35:14.854399 2026] [php:error] [pid 74163] [client 45.86.202.121:0] script '/domains/quintet/install.php' not found or unable to stat
[Tue Mar 03 00:35:15.386742 2026] [php:error] [pid 74163] [client 45.86.202.121:0] script '/domains/quintet/images/class-config.php' not found or unable to stat
[Tue Mar 03 00:35:15.967562 2026] [php:error] [pid 74163] [client 45.86.202.121:0] script '/domains/quintet/bypass.php' not found or unable to stat
[Tue Mar 03 00:35:16.251988 2026] [php:error] [pid 74163] [client 45.86.202.121:0] script '/domains/quintet/class.php' not found or unable to stat
[Tue Mar 03 00:35:17.595426 2026] [php:error] [pid 74163] [client 45.86.202.121:0] script '/domains/quintet/init.php' not found or unable to stat
[Tue Mar 03 00:35:19.019836 2026] [php:error] [pid 74163] [client 45.86.202.121:0] script '/domains/quintet/adminfuns.php' not found or unable to stat
[Tue Mar 03 00:35:19.387918 2026] [php:error] [pid 74163] [client 45.86.202.121:0] script '/domains/quintet/wp_wlx.php' not found or unable to stat
[Tue Mar 03 00:35:19.921461 2026] [php:error] [pid 74163] [client 45.86.202.121:0] script '/domains/quintet/wp.php' not found or unable to stat
[Tue Mar 03 00:35:20.519770 2026] [php:error] [pid 74163] [client 45.86.202.121:0] script '/domains/quintet/wp-header.php' not found or unable to stat
[Tue Mar 03 00:35:20.870713 2026] [php:error] [pid 74163] [client 45.86.202.121:0] script '/domains/quintet/Marvins.php' not found or unable to stat
[Tue Mar 03 00:35:21.193764 2026] [php:error] [pid 74163] [client 45.86.202.121:0] script '/domains/quintet/wp-class.php' not found or unable to stat
[Tue Mar 03 00:35:21.546527 2026] [php:error] [pid 74163] [client 45.86.202.121:0] script '/domains/quintet/xx.php' not found or unable to stat
[Tue Mar 03 00:35:21.699792 2026] [php:error] [pid 74163] [client 45.86.202.121:0] script '/domains/quintet/autoload_classmap.php' not found or unable to stat
[Tue Mar 03 00:35:22.269622 2026] [php:error] [pid 74163] [client 45.86.202.121:0] script '/domains/quintet/content.php' not found or unable to stat
[Tue Mar 03 00:35:24.679160 2026] [php:error] [pid 74163] [client 45.86.202.121:0] script '/domains/quintet/images/class.php' not found or unable to stat
[Tue Mar 03 00:35:24.996245 2026] [php:error] [pid 74163] [client 45.86.202.121:0] script '/domains/quintet/web.php' not found or unable to stat
[Tue Mar 03 00:35:25.341601 2026] [php:error] [pid 74163] [client 45.86.202.121:0] script '/domains/quintet/images/index.php' not found or unable to stat
[Tue Mar 03 00:35:25.992003 2026] [php:error] [pid 74163] [client 45.86.202.121:0] script '/domains/quintet/wp-trackback.php' not found or unable to stat
[Tue Mar 03 00:35:26.328031 2026] [php:error] [pid 74163] [client 45.86.202.121:0] script '/domains/quintet/radio.php' not found or unable to stat
[Tue Mar 03 00:35:27.114535 2026] [php:error] [pid 74163] [client 45.86.202.121:0] script '/domains/quintet/wp-conflg.php' not found or unable to stat
[Tue Mar 03 00:35:27.281330 2026] [php:error] [pid 74163] [client 45.86.202.121:0] script '/domains/quintet/wp-setup.php' not found or unable to stat
[Tue Mar 03 00:35:27.459762 2026] [php:error] [pid 74163] [client 45.86.202.121:0] script '/domains/quintet/ms-themes.php' not found or unable to stat
[Tue Mar 03 00:35:27.990810 2026] [php:error] [pid 74163] [client 45.86.202.121:0] script '/domains/quintet/style.php' not found or unable to stat
[Tue Mar 03 00:35:28.560286 2026] [php:error] [pid 74163] [client 45.86.202.121:0] script '/domains/quintet/x.php' not found or unable to stat
[Tue Mar 03 00:35:29.140305 2026] [php:error] [pid 74163] [client 45.86.202.121:0] script '/domains/quintet/images/index22.php' not found or unable to stat
[Tue Mar 03 00:35:29.334214 2026] [php:error] [pid 74163] [client 45.86.202.121:0] script '/domains/quintet/wp-user.php' not found or unable to stat
[Tue Mar 03 00:35:29.918545 2026] [php:error] [pid 74163] [client 45.86.202.121:0] script '/domains/quintet/config.php' not found or unable to stat
[Tue Mar 03 00:35:30.091204 2026] [php:error] [pid 74163] [client 45.86.202.121:0] script '/domains/quintet/special.php' not found or unable to stat
[Tue Mar 03 00:35:30.227049 2026] [php:error] [pid 74165] [client 161.178.132.46:0] script '/domains/hpveweb/phpinfo.php' not found or unable to stat
[Tue Mar 03 00:35:30.770234 2026] [php:error] [pid 74117] [client 161.178.132.46:0] script '/domains/hpveweb/test.php' not found or unable to stat
[Tue Mar 03 00:35:31.808683 2026] [php:error] [pid 74165] [client 45.86.202.134:0] script '/domains/quintet/cgi-bin/class.api.php' not found or unable to stat
[Tue Mar 03 00:35:32.877718 2026] [php:error] [pid 74165] [client 45.86.202.134:0] script '/domains/quintet/webdb.php' not found or unable to stat
[Tue Mar 03 00:35:33.275950 2026] [php:error] [pid 74165] [client 45.86.202.134:0] script '/domains/quintet/file2.php' not found or unable to stat
[Tue Mar 03 00:35:33.855689 2026] [php:error] [pid 74165] [client 45.86.202.134:0] script '/domains/quintet/alfa.php' not found or unable to stat
[Tue Mar 03 00:35:35.380875 2026] [php:error] [pid 74165] [client 45.86.202.134:0] script '/domains/quintet/edit.php' not found or unable to stat
[Tue Mar 03 00:35:35.726716 2026] [php:error] [pid 74165] [client 45.86.202.134:0] script '/domains/quintet/cgi-bin/autoload_classmap.php' not found or unable to stat
[Tue Mar 03 00:35:35.901868 2026] [php:error] [pid 74165] [client 45.86.202.134:0] script '/domains/quintet/wp-links-opml.php' not found or unable to stat
[Tue Mar 03 00:35:36.249677 2026] [php:error] [pid 74165] [client 45.86.202.134:0] script '/domains/quintet/atomlib.php' not found or unable to stat
[Tue Mar 03 00:35:37.376527 2026] [php:error] [pid 74165] [client 45.86.202.134:0] script '/domains/quintet/xp.php' not found or unable to stat
[Tue Mar 03 00:35:38.002276 2026] [php:error] [pid 74165] [client 45.86.202.134:0] script '/domains/quintet/wp-links.php' not found or unable to stat
[Tue Mar 03 00:35:40.248092 2026] [php:error] [pid 74165] [client 45.86.202.134:0] script '/domains/quintet/moon.php' not found or unable to stat
[Tue Mar 03 00:35:40.793273 2026] [php:error] [pid 74165] [client 45.86.202.134:0] script '/domains/quintet/webadmin.php' not found or unable to stat
[Tue Mar 03 00:35:41.384658 2026] [php:error] [pid 74165] [client 45.86.202.134:0] script '/domains/quintet/xl2023.php' not found or unable to stat
[Tue Mar 03 00:35:41.570128 2026] [php:error] [pid 74165] [client 45.86.202.134:0] script '/domains/quintet/go.php' not found or unable to stat
[Tue Mar 03 00:35:42.768623 2026] [php:error] [pid 74165] [client 45.86.202.134:0] script '/domains/quintet/cgi-bin/index.php' not found or unable to stat
[Tue Mar 03 00:35:45.100825 2026] [php:error] [pid 74165] [client 45.86.202.134:0] script '/domains/quintet/hehehehe.php' not found or unable to stat
[Tue Mar 03 00:35:50.549053 2026] [php:error] [pid 74165] [client 45.86.202.137:0] script '/domains/quintet/byp.php' not found or unable to stat
[Tue Mar 03 00:35:51.675359 2026] [php:error] [pid 74165] [client 45.86.202.137:0] script '/domains/quintet/cgi-bin/install.php' not found or unable to stat
[Tue Mar 03 00:35:52.059130 2026] [php:error] [pid 74165] [client 45.86.202.137:0] script '/domains/quintet/class.api.php' not found or unable to stat
[Tue Mar 03 00:35:52.665019 2026] [php:error] [pid 74165] [client 45.86.202.137:0] script '/domains/quintet/system_log.php' not found or unable to stat
[Tue Mar 03 00:35:52.834023 2026] [php:error] [pid 74165] [client 45.86.202.137:0] script '/domains/quintet/.alf.php' not found or unable to stat
[Tue Mar 03 00:35:53.039984 2026] [php:error] [pid 74165] [client 45.86.202.137:0] script '/domains/quintet/wso.php' not found or unable to stat
[Tue Mar 03 00:35:53.481496 2026] [php:error] [pid 74165] [client 45.86.202.137:0] script '/domains/quintet/flower.php' not found or unable to stat
[Tue Mar 03 00:35:54.273565 2026] [php:error] [pid 74165] [client 45.86.202.137:0] script '/domains/quintet/ioxi-o.php' not found or unable to stat
[Tue Mar 03 00:35:54.428839 2026] [php:error] [pid 74165] [client 45.86.202.137:0] script '/domains/quintet/info.php' not found or unable to stat
[Tue Mar 03 00:35:54.825682 2026] [php:error] [pid 74165] [client 45.86.202.137:0] script '/domains/quintet/setup.php' not found or unable to stat
[Tue Mar 03 00:35:55.967607 2026] [php:error] [pid 74165] [client 45.86.202.137:0] script '/domains/quintet/as.php' not found or unable to stat
[Tue Mar 03 00:35:56.162964 2026] [php:error] [pid 74165] [client 45.86.202.137:0] script '/domains/quintet/cc.php' not found or unable to stat
[Tue Mar 03 00:35:56.496016 2026] [php:error] [pid 74165] [client 45.86.202.137:0] script '/domains/quintet/ab.php' not found or unable to stat
[Tue Mar 03 00:35:57.017549 2026] [php:error] [pid 74165] [client 45.86.202.137:0] script '/domains/quintet/doc.php' not found or unable to stat
[Tue Mar 03 00:35:57.820078 2026] [php:error] [pid 74165] [client 45.86.202.137:0] script '/domains/quintet/wp-login.php' not found or unable to stat
[Tue Mar 03 00:35:58.054563 2026] [php:error] [pid 74165] [client 45.86.202.137:0] script '/domains/quintet/mar.php' not found or unable to stat
[Tue Mar 03 00:35:58.753937 2026] [php:error] [pid 74165] [client 45.86.202.137:0] script '/domains/quintet/1.php' not found or unable to stat
[Tue Mar 03 00:36:00.267435 2026] [php:error] [pid 74165] [client 45.86.202.137:0] script '/domains/quintet/fm.php' not found or unable to stat
[Tue Mar 03 00:36:01.209269 2026] [php:error] [pid 74165] [client 45.86.202.137:0] script '/domains/quintet/ini.php' not found or unable to stat
[Tue Mar 03 00:36:03.678911 2026] [php:error] [pid 74174] [client 45.86.202.147:0] script '/domains/quintet/wp-content.php' not found or unable to stat
[Tue Mar 03 00:36:04.763123 2026] [php:error] [pid 74174] [client 45.86.202.147:0] script '/domains/quintet/customize.php' not found or unable to stat
[Tue Mar 03 00:36:05.022646 2026] [php:error] [pid 74174] [client 45.86.202.147:0] script '/domains/quintet/license.php' not found or unable to stat
[Tue Mar 03 00:36:05.429987 2026] [php:error] [pid 74174] [client 45.86.202.147:0] script '/domains/quintet/lock.php' not found or unable to stat
[Tue Mar 03 00:36:06.849244 2026] [php:error] [pid 74174] [client 45.86.202.147:0] script '/domains/quintet/wp-good.php' not found or unable to stat
[Tue Mar 03 00:36:08.492761 2026] [php:error] [pid 74174] [client 45.86.202.147:0] script '/domains/quintet/ff2.php' not found or unable to stat
[Tue Mar 03 00:36:09.316986 2026] [php:error] [pid 74174] [client 45.86.202.147:0] script '/domains/quintet/jp.php' not found or unable to stat
[Tue Mar 03 00:36:09.483495 2026] [php:error] [pid 74165] [client 20.111.57.125:0] script '/domains/conceptlabs1/gfile.php' not found or unable to stat
[Tue Mar 03 00:36:09.488307 2026] [php:error] [pid 74174] [client 45.86.202.147:0] script '/domains/quintet/wp-atom.php' not found or unable to stat
[Tue Mar 03 00:36:09.571136 2026] [php:error] [pid 74165] [client 20.111.57.125:0] script '/domains/conceptlabs1/eee.php' not found or unable to stat
[Tue Mar 03 00:36:09.658442 2026] [php:error] [pid 74165] [client 20.111.57.125:0] script '/domains/conceptlabs1/lp6.php' not found or unable to stat
[Tue Mar 03 00:36:09.746302 2026] [php:error] [pid 74165] [client 20.111.57.125:0] script '/domains/conceptlabs1/xnty.php' not found or unable to stat
[Tue Mar 03 00:36:09.834253 2026] [php:error] [pid 74165] [client 20.111.57.125:0] script '/domains/conceptlabs1/w2025.php' not found or unable to stat
[Tue Mar 03 00:36:09.836822 2026] [php:error] [pid 74174] [client 45.86.202.147:0] script '/domains/quintet/up.php' not found or unable to stat
[Tue Mar 03 00:36:09.921828 2026] [php:error] [pid 74165] [client 20.111.57.125:0] script '/domains/conceptlabs1/foxr.php' not found or unable to stat
[Tue Mar 03 00:36:10.009756 2026] [php:error] [pid 74165] [client 20.111.57.125:0] script '/domains/conceptlabs1/xv23.php' not found or unable to stat
[Tue Mar 03 00:36:10.097784 2026] [php:error] [pid 74165] [client 20.111.57.125:0] script '/domains/conceptlabs1/swallowable.php' not found or unable to stat
[Tue Mar 03 00:36:10.185038 2026] [php:error] [pid 74165] [client 20.111.57.125:0] script '/domains/conceptlabs1/claw.php' not found or unable to stat
[Tue Mar 03 00:36:10.272354 2026] [php:error] [pid 74165] [client 20.111.57.125:0] script '/domains/conceptlabs1/fvvff.php' not found or unable to stat
[Tue Mar 03 00:36:10.372733 2026] [php:error] [pid 74165] [client 20.111.57.125:0] script '/domains/conceptlabs1/a2.php' not found or unable to stat
[Tue Mar 03 00:36:10.459938 2026] [php:error] [pid 74165] [client 20.111.57.125:0] script '/domains/conceptlabs1/sty.php' not found or unable to stat
[Tue Mar 03 00:36:10.547797 2026] [php:error] [pid 74165] [client 20.111.57.125:0] script '/domains/conceptlabs1/xxxx.php' not found or unable to stat
[Tue Mar 03 00:36:10.635210 2026] [php:error] [pid 74165] [client 20.111.57.125:0] script '/domains/conceptlabs1/h.php' not found or unable to stat
[Tue Mar 03 00:36:10.722587 2026] [php:error] [pid 74165] [client 20.111.57.125:0] script '/domains/conceptlabs1/g.php' not found or unable to stat
[Tue Mar 03 00:36:10.809926 2026] [php:error] [pid 74165] [client 20.111.57.125:0] script '/domains/conceptlabs1/pp.php' not found or unable to stat
[Tue Mar 03 00:36:10.897290 2026] [php:error] [pid 74165] [client 20.111.57.125:0] script '/domains/conceptlabs1/sys.php' not found or unable to stat
[Tue Mar 03 00:36:11.000680 2026] [php:error] [pid 74165] [client 20.111.57.125:0] script '/domains/conceptlabs1/txets.php' not found or unable to stat
[Tue Mar 03 00:36:11.026002 2026] [php:error] [pid 74174] [client 45.86.202.147:0] script '/domains/quintet/worm.PhP' not found or unable to stat
[Tue Mar 03 00:36:11.088313 2026] [php:error] [pid 74165] [client 20.111.57.125:0] script '/domains/conceptlabs1/tt.php' not found or unable to stat
[Tue Mar 03 00:36:11.175659 2026] [php:error] [pid 74165] [client 20.111.57.125:0] script '/domains/conceptlabs1/wp9.php' not found or unable to stat
[Tue Mar 03 00:36:11.204469 2026] [php:error] [pid 74174] [client 45.86.202.147:0] script '/domains/quintet/ext.php' not found or unable to stat
[Tue Mar 03 00:36:11.263159 2026] [php:error] [pid 74165] [client 20.111.57.125:0] script '/domains/conceptlabs1/path.php' not found or unable to stat
[Tue Mar 03 00:36:11.351008 2026] [php:error] [pid 74165] [client 20.111.57.125:0] script '/domains/conceptlabs1/wdf.php' not found or unable to stat
[Tue Mar 03 00:36:11.401399 2026] [php:error] [pid 74174] [client 45.86.202.147:0] script '/domains/quintet/delpaths.php' not found or unable to stat
[Tue Mar 03 00:36:11.439131 2026] [php:error] [pid 74165] [client 20.111.57.125:0] script '/domains/conceptlabs1/2.php' not found or unable to stat
[Tue Mar 03 00:36:11.526623 2026] [php:error] [pid 74165] [client 20.111.57.125:0] script '/domains/conceptlabs1/mga.php' not found or unable to stat
[Tue Mar 03 00:36:11.614775 2026] [php:error] [pid 74165] [client 20.111.57.125:0] script '/domains/conceptlabs1/maxro.php' not found or unable to stat
[Tue Mar 03 00:36:11.702619 2026] [php:error] [pid 74165] [client 20.111.57.125:0] script '/domains/conceptlabs1/agg.php' not found or unable to stat
[Tue Mar 03 00:36:11.790447 2026] [php:error] [pid 74165] [client 20.111.57.125:0] script '/domains/conceptlabs1/pass4.php' not found or unable to stat
[Tue Mar 03 00:36:11.877637 2026] [php:error] [pid 74165] [client 20.111.57.125:0] script '/domains/conceptlabs1/wsvvs.php' not found or unable to stat
[Tue Mar 03 00:36:11.965029 2026] [php:error] [pid 74165] [client 20.111.57.125:0] script '/domains/conceptlabs1/G-In.php' not found or unable to stat
[Tue Mar 03 00:36:12.052506 2026] [php:error] [pid 74165] [client 20.111.57.125:0] script '/domains/conceptlabs1/edit.php' not found or unable to stat
[Tue Mar 03 00:36:12.140127 2026] [php:error] [pid 74165] [client 20.111.57.125:0] script '/domains/conceptlabs1/ioxi-o.php' not found or unable to stat
[Tue Mar 03 00:36:12.314660 2026] [php:error] [pid 74165] [client 20.111.57.125:0] script '/domains/conceptlabs1/66.php' not found or unable to stat
[Tue Mar 03 00:36:12.494491 2026] [php:error] [pid 74165] [client 20.111.57.125:0] script '/domains/conceptlabs1/gifclass.php' not found or unable to stat
[Tue Mar 03 00:36:12.597137 2026] [php:error] [pid 74174] [client 45.86.202.147:0] script '/domains/quintet/gifclass.php' not found or unable to stat
[Tue Mar 03 00:36:12.760634 2026] [php:error] [pid 74174] [client 45.86.202.147:0] script '/domains/quintet/plugin.php' not found or unable to stat
[Tue Mar 03 00:36:12.860283 2026] [php:error] [pid 74165] [client 20.111.57.125:0] script '/domains/conceptlabs1/assets/css/index.php' not found or unable to stat
[Tue Mar 03 00:36:12.948340 2026] [php:error] [pid 74165] [client 20.111.57.125:0] script '/domains/conceptlabs1/sc.php' not found or unable to stat
[Tue Mar 03 00:36:13.051789 2026] [php:error] [pid 74165] [client 20.111.57.125:0] script '/domains/conceptlabs1/xmlrpc.php' not found or unable to stat
[Tue Mar 03 00:36:13.139412 2026] [php:error] [pid 74165] [client 20.111.57.125:0] script '/domains/conceptlabs1/ol.php' not found or unable to stat
[Tue Mar 03 00:36:13.226936 2026] [php:error] [pid 74165] [client 20.111.57.125:0] script '/domains/conceptlabs1/f6.php' not found or unable to stat
[Tue Mar 03 00:36:13.314337 2026] [php:error] [pid 74165] [client 20.111.57.125:0] script '/domains/conceptlabs1/inputs.php' not found or unable to stat
[Tue Mar 03 00:36:13.321299 2026] [php:error] [pid 74174] [client 45.86.202.147:0] script '/domains/quintet/update-core.php' not found or unable to stat
[Tue Mar 03 00:36:13.401969 2026] [php:error] [pid 74165] [client 20.111.57.125:0] script '/domains/conceptlabs1/style.php' not found or unable to stat
[Tue Mar 03 00:36:13.489526 2026] [php:error] [pid 74165] [client 20.111.57.125:0] script '/domains/conceptlabs1/bgymj.php' not found or unable to stat
[Tue Mar 03 00:36:13.577419 2026] [php:error] [pid 74165] [client 20.111.57.125:0] script '/domains/conceptlabs1/aa.php' not found or unable to stat
[Tue Mar 03 00:36:13.664553 2026] [php:error] [pid 74165] [client 20.111.57.125:0] script '/domains/conceptlabs1/1.php' not found or unable to stat
[Tue Mar 03 00:36:13.725483 2026] [php:error] [pid 74174] [client 45.86.202.147:0] script '/domains/quintet/wp-mail.php' not found or unable to stat
[Tue Mar 03 00:36:13.752033 2026] [php:error] [pid 74165] [client 20.111.57.125:0] script '/domains/conceptlabs1/sc.php' not found or unable to stat
[Tue Mar 03 00:36:13.839932 2026] [php:error] [pid 74165] [client 20.111.57.125:0] script '/domains/conceptlabs1/av.php' not found or unable to stat
[Tue Mar 03 00:36:13.927539 2026] [php:error] [pid 74165] [client 20.111.57.125:0] script '/domains/conceptlabs1/file.php' not found or unable to stat
[Tue Mar 03 00:36:14.014988 2026] [php:error] [pid 74165] [client 20.111.57.125:0] script '/domains/conceptlabs1/666.php' not found or unable to stat
[Tue Mar 03 00:36:14.102394 2026] [php:error] [pid 74165] [client 20.111.57.125:0] script '/domains/conceptlabs1/file59.php' not found or unable to stat
[Tue Mar 03 00:36:14.195839 2026] [php:error] [pid 74165] [client 20.111.57.125:0] script '/domains/conceptlabs1/bless.php' not found or unable to stat
[Tue Mar 03 00:36:14.283406 2026] [php:error] [pid 74165] [client 20.111.57.125:0] script '/domains/conceptlabs1/wp9.php' not found or unable to stat
[Tue Mar 03 00:36:14.371640 2026] [php:error] [pid 74165] [client 20.111.57.125:0] script '/domains/conceptlabs1/wp-act.php' not found or unable to stat
[Tue Mar 03 00:36:14.459841 2026] [php:error] [pid 74165] [client 20.111.57.125:0] script '/domains/conceptlabs1/class-t.api.php' not found or unable to stat
[Tue Mar 03 00:36:14.547319 2026] [php:error] [pid 74165] [client 20.111.57.125:0] script '/domains/conceptlabs1/xqq.php' not found or unable to stat
[Tue Mar 03 00:36:14.722486 2026] [php:error] [pid 74165] [client 20.111.57.125:0] script '/domains/conceptlabs1/a.php' not found or unable to stat
[Tue Mar 03 00:36:14.810027 2026] [php:error] [pid 74165] [client 20.111.57.125:0] script '/domains/conceptlabs1/06.php' not found or unable to stat
[Tue Mar 03 00:36:14.897547 2026] [php:error] [pid 74165] [client 20.111.57.125:0] script '/domains/conceptlabs1/plss3.php' not found or unable to stat
[Tue Mar 03 00:36:14.985043 2026] [php:error] [pid 74165] [client 20.111.57.125:0] script '/domains/conceptlabs1/aaa.php' not found or unable to stat
[Tue Mar 03 00:36:15.100900 2026] [php:error] [pid 74165] [client 20.111.57.125:0] script '/domains/conceptlabs1/classwithtostring.php' not found or unable to stat
[Tue Mar 03 00:36:15.276249 2026] [php:error] [pid 74165] [client 20.111.57.125:0] script '/domains/conceptlabs1/tinyfilemanager.php' not found or unable to stat
[Tue Mar 03 00:36:15.363689 2026] [php:error] [pid 74165] [client 20.111.57.125:0] script '/domains/conceptlabs1/x.php' not found or unable to stat
[Tue Mar 03 00:36:15.451044 2026] [php:error] [pid 74165] [client 20.111.57.125:0] script '/domains/conceptlabs1/ms.php' not found or unable to stat
[Tue Mar 03 00:36:15.644634 2026] [php:error] [pid 74165] [client 20.111.57.125:0] script '/domains/conceptlabs1/wdf.php' not found or unable to stat
[Tue Mar 03 00:36:15.732043 2026] [php:error] [pid 74165] [client 20.111.57.125:0] script '/domains/conceptlabs1/wp-update.php' not found or unable to stat
[Tue Mar 03 00:36:15.819483 2026] [php:error] [pid 74165] [client 20.111.57.125:0] script '/domains/conceptlabs1/sbhu.php' not found or unable to stat
[Tue Mar 03 00:36:15.994081 2026] [php:error] [pid 74165] [client 20.111.57.125:0] script '/domains/conceptlabs1/wp-blog.php' not found or unable to stat
[Tue Mar 03 00:36:16.081420 2026] [php:error] [pid 74165] [client 20.111.57.125:0] script '/domains/conceptlabs1/test1.php' not found or unable to stat
[Tue Mar 03 00:36:16.105250 2026] [php:error] [pid 74171] [client 45.86.202.120:0] script '/domains/quintet/aa.php' not found or unable to stat
[Tue Mar 03 00:36:16.256506 2026] [php:error] [pid 74165] [client 20.111.57.125:0] script '/domains/conceptlabs1/166.php' not found or unable to stat
[Tue Mar 03 00:36:16.344007 2026] [php:error] [pid 74165] [client 20.111.57.125:0] script '/domains/conceptlabs1/fleen.php' not found or unable to stat
[Tue Mar 03 00:36:16.395650 2026] [php:error] [pid 74171] [client 45.86.202.120:0] script '/domains/quintet/index2.php' not found or unable to stat
[Tue Mar 03 00:36:16.518519 2026] [php:error] [pid 74165] [client 20.111.57.125:0] script '/domains/conceptlabs1/ms-edit.php' not found or unable to stat
[Tue Mar 03 00:36:16.605751 2026] [php:error] [pid 74165] [client 20.111.57.125:0] script '/domains/conceptlabs1/adminfuns.php' not found or unable to stat
[Tue Mar 03 00:36:16.693554 2026] [php:error] [pid 74165] [client 20.111.57.125:0] script '/domains/conceptlabs1/goods.php' not found or unable to stat
[Tue Mar 03 00:36:16.780583 2026] [php:error] [pid 74165] [client 20.111.57.125:0] script '/domains/conceptlabs1/ms-edit.php' not found or unable to stat
[Tue Mar 03 00:36:16.868267 2026] [php:error] [pid 74165] [client 20.111.57.125:0] script '/domains/conceptlabs1/222.php' not found or unable to stat
[Tue Mar 03 00:36:16.955948 2026] [php:error] [pid 74165] [client 20.111.57.125:0] script '/domains/conceptlabs1/plugins.php' not found or unable to stat
[Tue Mar 03 00:36:17.049004 2026] [php:error] [pid 74165] [client 20.111.57.125:0] script '/domains/conceptlabs1/cgi-bin/index.php' not found or unable to stat
[Tue Mar 03 00:36:17.244861 2026] [php:error] [pid 74165] [client 20.111.57.125:0] script '/domains/conceptlabs1/ff1.php' not found or unable to stat
[Tue Mar 03 00:36:17.289776 2026] [php:error] [pid 74171] [client 45.86.202.120:0] script '/domains/quintet/shell.php' not found or unable to stat
[Tue Mar 03 00:36:17.332363 2026] [php:error] [pid 74165] [client 20.111.57.125:0] script '/domains/conceptlabs1/fff.php' not found or unable to stat
[Tue Mar 03 00:36:17.507443 2026] [php:error] [pid 74165] [client 20.111.57.125:0] script '/domains/conceptlabs1/goat.php' not found or unable to stat
[Tue Mar 03 00:36:17.595603 2026] [php:error] [pid 74165] [client 20.111.57.125:0] script '/domains/conceptlabs1/155.php' not found or unable to stat
[Tue Mar 03 00:36:17.683409 2026] [php:error] [pid 74165] [client 20.111.57.125:0] script '/domains/conceptlabs1/we.php' not found or unable to stat
[Tue Mar 03 00:36:17.771481 2026] [php:error] [pid 74165] [client 20.111.57.125:0] script '/domains/conceptlabs1/alpha.php' not found or unable to stat
[Tue Mar 03 00:36:17.858957 2026] [php:error] [pid 74165] [client 20.111.57.125:0] script '/domains/conceptlabs1/makeasmtp.php' not found or unable to stat
[Tue Mar 03 00:36:17.946374 2026] [php:error] [pid 74165] [client 20.111.57.125:0] script '/domains/conceptlabs1/wp-michan.php' not found or unable to stat
[Tue Mar 03 00:36:18.120787 2026] [php:error] [pid 74165] [client 20.111.57.125:0] script '/domains/conceptlabs1/wp-the.php' not found or unable to stat
[Tue Mar 03 00:36:18.295579 2026] [php:error] [pid 74165] [client 20.111.57.125:0] script '/domains/conceptlabs1/BDKR28WP.php' not found or unable to stat
[Tue Mar 03 00:36:18.482368 2026] [php:error] [pid 74171] [client 45.86.202.120:0] script '/domains/quintet/hehe.php' not found or unable to stat
[Tue Mar 03 00:36:18.562609 2026] [php:error] [pid 74174] [client 20.111.57.125:0] script '/domains/conceptlabs1/wp.php' not found or unable to stat
[Tue Mar 03 00:36:18.650770 2026] [php:error] [pid 74174] [client 20.111.57.125:0] script '/domains/conceptlabs1/assets/css/index.php' not found or unable to stat
[Tue Mar 03 00:36:18.739040 2026] [php:error] [pid 74174] [client 20.111.57.125:0] script '/domains/conceptlabs1/w4.php' not found or unable to stat
[Tue Mar 03 00:36:18.915085 2026] [php:error] [pid 74174] [client 20.111.57.125:0] script '/domains/conceptlabs1/ok.php' not found or unable to stat
[Tue Mar 03 00:36:19.003208 2026] [php:error] [pid 74174] [client 20.111.57.125:0] script '/domains/conceptlabs1/about.php' not found or unable to stat
[Tue Mar 03 00:36:19.091473 2026] [php:error] [pid 74174] [client 20.111.57.125:0] script '/domains/conceptlabs1/tymn.php' not found or unable to stat
[Tue Mar 03 00:36:19.181272 2026] [php:error] [pid 74174] [client 20.111.57.125:0] script '/domains/conceptlabs1/bak.php' not found or unable to stat
[Tue Mar 03 00:36:19.195222 2026] [php:error] [pid 74171] [client 45.86.202.120:0] script '/domains/quintet/dir.php' not found or unable to stat
[Tue Mar 03 00:36:19.357417 2026] [php:error] [pid 74174] [client 20.111.57.125:0] script '/domains/conceptlabs1/fe5.php' not found or unable to stat
[Tue Mar 03 00:36:19.446065 2026] [php:error] [pid 74174] [client 20.111.57.125:0] script '/domains/conceptlabs1/kj.php' not found or unable to stat
[Tue Mar 03 00:36:19.624003 2026] [php:error] [pid 74174] [client 20.111.57.125:0] script '/domains/conceptlabs1/av.php' not found or unable to stat
[Tue Mar 03 00:36:19.712348 2026] [php:error] [pid 74174] [client 20.111.57.125:0] script '/domains/conceptlabs1/abcd.php' not found or unable to stat
[Tue Mar 03 00:36:19.800693 2026] [php:error] [pid 74174] [client 20.111.57.125:0] script '/domains/conceptlabs1/init.php' not found or unable to stat
[Tue Mar 03 00:36:19.889514 2026] [php:error] [pid 74174] [client 20.111.57.125:0] script '/domains/conceptlabs1/fi.php' not found or unable to stat
[Tue Mar 03 00:36:19.978070 2026] [php:error] [pid 74174] [client 20.111.57.125:0] script '/domains/conceptlabs1/a1.php' not found or unable to stat
[Tue Mar 03 00:36:19.994710 2026] [php:error] [pid 74171] [client 45.86.202.120:0] script '/domains/quintet/nf_tracking.php' not found or unable to stat
[Tue Mar 03 00:36:20.245815 2026] [php:error] [pid 74174] [client 20.111.57.125:0] script '/domains/conceptlabs1/f35.php' not found or unable to stat
[Tue Mar 03 00:36:20.334138 2026] [php:error] [pid 74174] [client 20.111.57.125:0] script '/domains/conceptlabs1/hi.php' not found or unable to stat
[Tue Mar 03 00:36:20.408234 2026] [php:error] [pid 74171] [client 45.86.202.120:0] script '/domains/quintet/filefuns.php' not found or unable to stat
[Tue Mar 03 00:36:20.422389 2026] [php:error] [pid 74174] [client 20.111.57.125:0] script '/domains/conceptlabs1/lala.php' not found or unable to stat
[Tue Mar 03 00:36:20.510470 2026] [php:error] [pid 74174] [client 20.111.57.125:0] script '/domains/conceptlabs1/lb.php' not found or unable to stat
[Tue Mar 03 00:36:20.686756 2026] [php:error] [pid 74174] [client 20.111.57.125:0] script '/domains/conceptlabs1/0.php' not found or unable to stat
[Tue Mar 03 00:36:20.775426 2026] [php:error] [pid 74174] [client 20.111.57.125:0] script '/domains/conceptlabs1/core.php' not found or unable to stat
[Tue Mar 03 00:36:20.808986 2026] [php:error] [pid 74171] [client 45.86.202.120:0] script '/domains/quintet/l.php' not found or unable to stat
[Tue Mar 03 00:36:20.870336 2026] [php:error] [pid 74174] [client 20.111.57.125:0] script '/domains/conceptlabs1/autogooey.php' not found or unable to stat
[Tue Mar 03 00:36:20.976344 2026] [php:error] [pid 74171] [client 45.86.202.120:0] script '/domains/quintet/repeater.php' not found or unable to stat
[Tue Mar 03 00:36:21.046797 2026] [php:error] [pid 74174] [client 20.111.57.125:0] script '/domains/conceptlabs1/prv8.php' not found or unable to stat
[Tue Mar 03 00:36:21.135425 2026] [php:error] [pid 74174] [client 20.111.57.125:0] script '/domains/conceptlabs1/k.php' not found or unable to stat
[Tue Mar 03 00:36:21.223742 2026] [php:error] [pid 74174] [client 20.111.57.125:0] script '/domains/conceptlabs1/dev.php' not found or unable to stat
[Tue Mar 03 00:36:21.313851 2026] [php:error] [pid 74174] [client 20.111.57.125:0] script '/domains/conceptlabs1/x123x.php' not found or unable to stat
[Tue Mar 03 00:36:21.402214 2026] [php:error] [pid 74174] [client 20.111.57.125:0] script '/domains/conceptlabs1/bal.php' not found or unable to stat
[Tue Mar 03 00:36:21.490488 2026] [php:error] [pid 74174] [client 20.111.57.125:0] script '/domains/conceptlabs1/in.php' not found or unable to stat
[Tue Mar 03 00:36:21.579230 2026] [php:error] [pid 74174] [client 20.111.57.125:0] script '/domains/conceptlabs1/gssdd.php' not found or unable to stat
[Tue Mar 03 00:36:21.594977 2026] [php:error] [pid 74171] [client 45.86.202.120:0] script '/domains/quintet/contacts.php' not found or unable to stat
[Tue Mar 03 00:36:21.668277 2026] [php:error] [pid 74174] [client 20.111.57.125:0] script '/domains/conceptlabs1/motu.php' not found or unable to stat
[Tue Mar 03 00:36:21.758471 2026] [php:error] [pid 74174] [client 20.111.57.125:0] script '/domains/conceptlabs1/bs1.php' not found or unable to stat
[Tue Mar 03 00:36:21.776246 2026] [php:error] [pid 74171] [client 45.86.202.120:0] script '/domains/quintet/wsa.php' not found or unable to stat
[Tue Mar 03 00:36:21.805639 2026] [php:error] [pid 74181] [client 168.63.70.12:0] script '/domains/system_default/gfile.php' not found or unable to stat
[Tue Mar 03 00:36:21.847327 2026] [php:error] [pid 74174] [client 20.111.57.125:0] script '/domains/conceptlabs1/bengi.php' not found or unable to stat
[Tue Mar 03 00:36:21.876032 2026] [php:error] [pid 74181] [client 168.63.70.12:0] script '/domains/system_default/file61.php' not found or unable to stat
[Tue Mar 03 00:36:21.936013 2026] [php:error] [pid 74174] [client 20.111.57.125:0] script '/domains/conceptlabs1/miansha.php' not found or unable to stat
[Tue Mar 03 00:36:21.948192 2026] [php:error] [pid 74181] [client 168.63.70.12:0] script '/domains/system_default/eee.php' not found or unable to stat
[Tue Mar 03 00:36:22.024453 2026] [php:error] [pid 74181] [client 168.63.70.12:0] script '/domains/system_default/swallowable.php' not found or unable to stat
[Tue Mar 03 00:36:22.025131 2026] [php:error] [pid 74174] [client 20.111.57.125:0] script '/domains/conceptlabs1/erty.php' not found or unable to stat
[Tue Mar 03 00:36:22.096173 2026] [php:error] [pid 74181] [client 168.63.70.12:0] script '/domains/system_default/dox.php' not found or unable to stat
[Tue Mar 03 00:36:22.167468 2026] [php:error] [pid 74181] [client 168.63.70.12:0] script '/domains/system_default/qwas.php' not found or unable to stat
[Tue Mar 03 00:36:22.201760 2026] [php:error] [pid 74174] [client 20.111.57.125:0] script '/domains/conceptlabs1/X57.php' not found or unable to stat
[Tue Mar 03 00:36:22.239583 2026] [php:error] [pid 74181] [client 168.63.70.12:0] script '/domains/system_default/claw.php' not found or unable to stat
[Tue Mar 03 00:36:22.308993 2026] [php:error] [pid 74174] [client 20.111.57.125:0] script '/domains/conceptlabs1/axx.php' not found or unable to stat
[Tue Mar 03 00:36:22.310204 2026] [php:error] [pid 74181] [client 168.63.70.12:0] script '/domains/system_default/cfgy.php' not found or unable to stat
[Tue Mar 03 00:36:22.380981 2026] [php:error] [pid 74181] [client 168.63.70.12:0] script '/domains/system_default/jbuft.php' not found or unable to stat
[Tue Mar 03 00:36:22.397039 2026] [php:error] [pid 74174] [client 20.111.57.125:0] script '/domains/conceptlabs1/alfashell.php' not found or unable to stat
[Tue Mar 03 00:36:22.451718 2026] [php:error] [pid 74181] [client 168.63.70.12:0] script '/domains/system_default/fvvff.php' not found or unable to stat
[Tue Mar 03 00:36:22.485403 2026] [php:error] [pid 74174] [client 20.111.57.125:0] script '/domains/conceptlabs1/re.php' not found or unable to stat
[Tue Mar 03 00:36:22.522334 2026] [php:error] [pid 74181] [client 168.63.70.12:0] script '/domains/system_default/vaza.php' not found or unable to stat
[Tue Mar 03 00:36:22.573449 2026] [php:error] [pid 74174] [client 20.111.57.125:0] script '/domains/conceptlabs1/styll.php' not found or unable to stat
[Tue Mar 03 00:36:22.610321 2026] [php:error] [pid 74181] [client 168.63.70.12:0] script '/domains/system_default/a2.php' not found or unable to stat
[Tue Mar 03 00:36:22.672196 2026] [php:error] [pid 74174] [client 20.111.57.125:0] script '/domains/conceptlabs1/flower.php' not found or unable to stat
[Tue Mar 03 00:36:22.681104 2026] [php:error] [pid 74181] [client 168.63.70.12:0] script '/domains/system_default/sty.php' not found or unable to stat
[Tue Mar 03 00:36:22.718871 2026] [php:error] [pid 74171] [client 45.86.202.120:0] script '/domains/quintet/lv.php' not found or unable to stat
[Tue Mar 03 00:36:22.751739 2026] [php:error] [pid 74181] [client 168.63.70.12:0] script '/domains/system_default/xxxx.php' not found or unable to stat
[Tue Mar 03 00:36:22.761735 2026] [php:error] [pid 74174] [client 20.111.57.125:0] script '/domains/conceptlabs1/flower2.php' not found or unable to stat
[Tue Mar 03 00:36:22.822579 2026] [php:error] [pid 74181] [client 168.63.70.12:0] script '/domains/system_default/h.php' not found or unable to stat
[Tue Mar 03 00:36:22.852310 2026] [php:error] [pid 74174] [client 20.111.57.125:0] script '/domains/conceptlabs1/4h.php' not found or unable to stat
[Tue Mar 03 00:36:22.893377 2026] [php:error] [pid 74181] [client 168.63.70.12:0] script '/domains/system_default/g.php' not found or unable to stat
[Tue Mar 03 00:36:22.945369 2026] [php:error] [pid 74174] [client 20.111.57.125:0] script '/domains/conceptlabs1/gettest.php' not found or unable to stat
[Tue Mar 03 00:36:22.952008 2026] [php:error] [pid 74171] [client 45.86.202.120:0] script '/domains/quintet/images/js1.php' not found or unable to stat
[Tue Mar 03 00:36:22.965312 2026] [php:error] [pid 74181] [client 168.63.70.12:0] script '/domains/system_default/pp.php' not found or unable to stat
[Tue Mar 03 00:36:23.036010 2026] [php:error] [pid 74174] [client 20.111.57.125:0] script '/domains/conceptlabs1/acp.php' not found or unable to stat
[Tue Mar 03 00:36:23.036210 2026] [php:error] [pid 74181] [client 168.63.70.12:0] script '/domains/system_default/sys.php' not found or unable to stat
[Tue Mar 03 00:36:23.107463 2026] [php:error] [pid 74181] [client 168.63.70.12:0] script '/domains/system_default/txets.php' not found or unable to stat
[Tue Mar 03 00:36:23.124010 2026] [php:error] [pid 74174] [client 20.111.57.125:0] script '/domains/conceptlabs1/database.php' not found or unable to stat
[Tue Mar 03 00:36:23.177982 2026] [php:error] [pid 74181] [client 168.63.70.12:0] script '/domains/system_default/tt.php' not found or unable to stat
[Tue Mar 03 00:36:23.249296 2026] [php:error] [pid 74181] [client 168.63.70.12:0] script '/domains/system_default/wp9.php' not found or unable to stat
[Tue Mar 03 00:36:23.319921 2026] [php:error] [pid 74181] [client 168.63.70.12:0] script '/domains/system_default/path.php' not found or unable to stat
[Tue Mar 03 00:36:23.396702 2026] [php:error] [pid 74181] [client 168.63.70.12:0] script '/domains/system_default/wdf.php' not found or unable to stat
[Tue Mar 03 00:36:23.467326 2026] [php:error] [pid 74181] [client 168.63.70.12:0] script '/domains/system_default/2.php' not found or unable to stat
[Tue Mar 03 00:36:23.538971 2026] [php:error] [pid 74181] [client 168.63.70.12:0] script '/domains/system_default/wp-tem.php' not found or unable to stat
[Tue Mar 03 00:36:23.609826 2026] [php:error] [pid 74181] [client 168.63.70.12:0] script '/domains/system_default/av6m.php' not found or unable to stat
[Tue Mar 03 00:36:23.680845 2026] [php:error] [pid 74181] [client 168.63.70.12:0] script '/domains/system_default/autogooey.php' not found or unable to stat
[Tue Mar 03 00:36:23.752121 2026] [php:error] [pid 74181] [client 168.63.70.12:0] script '/domains/system_default/btx25.php' not found or unable to stat
[Tue Mar 03 00:36:23.833272 2026] [php:error] [pid 74181] [client 168.63.70.12:0] script '/domains/system_default/mga.php' not found or unable to stat
[Tue Mar 03 00:36:23.903829 2026] [php:error] [pid 74181] [client 168.63.70.12:0] script '/domains/system_default/maxro.php' not found or unable to stat
[Tue Mar 03 00:36:23.974731 2026] [php:error] [pid 74181] [client 168.63.70.12:0] script '/domains/system_default/agg.php' not found or unable to stat
[Tue Mar 03 00:36:24.045700 2026] [php:error] [pid 74181] [client 168.63.70.12:0] script '/domains/system_default/pass4.php' not found or unable to stat
[Tue Mar 03 00:36:24.116719 2026] [php:error] [pid 74181] [client 168.63.70.12:0] script '/domains/system_default/wsvvs.php' not found or unable to stat
[Tue Mar 03 00:36:24.188458 2026] [php:error] [pid 74181] [client 168.63.70.12:0] script '/domains/system_default/G-In.php' not found or unable to stat
[Tue Mar 03 00:36:24.261414 2026] [php:error] [pid 74181] [client 168.63.70.12:0] script '/domains/system_default/edit.php' not found or unable to stat
[Tue Mar 03 00:36:24.344488 2026] [php:error] [pid 74181] [client 168.63.70.12:0] script '/domains/system_default/ioxi-o.php' not found or unable to stat
[Tue Mar 03 00:36:24.491467 2026] [php:error] [pid 74181] [client 168.63.70.12:0] script '/domains/system_default/66.php' not found or unable to stat
[Tue Mar 03 00:36:24.632765 2026] [php:error] [pid 74181] [client 168.63.70.12:0] script '/domains/system_default/gifclass.php' not found or unable to stat
[Tue Mar 03 00:36:25.018968 2026] [php:error] [pid 74181] [client 168.63.70.12:0] script '/domains/system_default/sc.php' not found or unable to stat
[Tue Mar 03 00:36:25.091673 2026] [php:error] [pid 74181] [client 168.63.70.12:0] script '/domains/system_default/xmlrpc.php' not found or unable to stat
[Tue Mar 03 00:36:25.162232 2026] [php:error] [pid 74181] [client 168.63.70.12:0] script '/domains/system_default/ol.php' not found or unable to stat
[Tue Mar 03 00:36:25.238068 2026] [php:error] [pid 74181] [client 168.63.70.12:0] script '/domains/system_default/f6.php' not found or unable to stat
[Tue Mar 03 00:36:25.309252 2026] [php:error] [pid 74181] [client 168.63.70.12:0] script '/domains/system_default/inputs.php' not found or unable to stat
[Tue Mar 03 00:36:25.379447 2026] [php:error] [pid 74181] [client 168.63.70.12:0] script '/domains/system_default/style.php' not found or unable to stat
[Tue Mar 03 00:36:25.465249 2026] [php:error] [pid 74181] [client 168.63.70.12:0] script '/domains/system_default/bgymj.php' not found or unable to stat
[Tue Mar 03 00:36:25.535602 2026] [php:error] [pid 74181] [client 168.63.70.12:0] script '/domains/system_default/aa.php' not found or unable to stat
[Tue Mar 03 00:36:25.606135 2026] [php:error] [pid 74181] [client 168.63.70.12:0] script '/domains/system_default/1.php' not found or unable to stat
[Tue Mar 03 00:36:25.676316 2026] [php:error] [pid 74181] [client 168.63.70.12:0] script '/domains/system_default/sc.php' not found or unable to stat
[Tue Mar 03 00:36:25.756287 2026] [php:error] [pid 74181] [client 168.63.70.12:0] script '/domains/system_default/av.php' not found or unable to stat
[Tue Mar 03 00:36:25.757006 2026] [php:error] [pid 74182] [client 45.86.202.106:0] script '/domains/quintet/tox.php' not found or unable to stat
[Tue Mar 03 00:36:25.852369 2026] [php:error] [pid 74181] [client 168.63.70.12:0] script '/domains/system_default/file.php' not found or unable to stat
[Tue Mar 03 00:36:25.924004 2026] [php:error] [pid 74181] [client 168.63.70.12:0] script '/domains/system_default/666.php' not found or unable to stat
[Tue Mar 03 00:36:25.994457 2026] [php:error] [pid 74181] [client 168.63.70.12:0] script '/domains/system_default/file59.php' not found or unable to stat
[Tue Mar 03 00:36:26.064956 2026] [php:error] [pid 74181] [client 168.63.70.12:0] script '/domains/system_default/bless.php' not found or unable to stat
[Tue Mar 03 00:36:26.135190 2026] [php:error] [pid 74181] [client 168.63.70.12:0] script '/domains/system_default/wp9.php' not found or unable to stat
[Tue Mar 03 00:36:26.205884 2026] [php:error] [pid 74181] [client 168.63.70.12:0] script '/domains/system_default/wp-act.php' not found or unable to stat
[Tue Mar 03 00:36:26.276617 2026] [php:error] [pid 74181] [client 168.63.70.12:0] script '/domains/system_default/class-t.api.php' not found or unable to stat
[Tue Mar 03 00:36:26.347892 2026] [php:error] [pid 74181] [client 168.63.70.12:0] script '/domains/system_default/xqq.php' not found or unable to stat
[Tue Mar 03 00:36:26.610360 2026] [php:error] [pid 74182] [client 45.86.202.106:0] script '/domains/quintet/tiny.php' not found or unable to stat
[Tue Mar 03 00:36:26.722085 2026] [php:error] [pid 74181] [client 168.63.70.12:0] script '/domains/system_default/06.php' not found or unable to stat
[Tue Mar 03 00:36:26.804232 2026] [php:error] [pid 74181] [client 168.63.70.12:0] script '/domains/system_default/plss3.php' not found or unable to stat
[Tue Mar 03 00:36:26.910986 2026] [php:error] [pid 74181] [client 168.63.70.12:0] script '/domains/system_default/aaa.php' not found or unable to stat
[Tue Mar 03 00:36:26.983696 2026] [php:error] [pid 74181] [client 168.63.70.12:0] script '/domains/system_default/classwithtostring.php' not found or unable to stat
[Tue Mar 03 00:36:27.016769 2026] [php:error] [pid 74182] [client 45.86.202.106:0] script '/domains/quintet/themes.php' not found or unable to stat
[Tue Mar 03 00:36:27.126198 2026] [php:error] [pid 74181] [client 168.63.70.12:0] script '/domains/system_default/tinyfilemanager.php' not found or unable to stat
[Tue Mar 03 00:36:27.196629 2026] [php:error] [pid 74181] [client 168.63.70.12:0] script '/domains/system_default/x.php' not found or unable to stat
[Tue Mar 03 00:36:27.212506 2026] [php:error] [pid 74182] [client 45.86.202.106:0] script '/domains/quintet/wp-themes.php' not found or unable to stat
[Tue Mar 03 00:36:27.267516 2026] [php:error] [pid 74181] [client 168.63.70.12:0] script '/domains/system_default/ms.php' not found or unable to stat
[Tue Mar 03 00:36:27.408329 2026] [php:error] [pid 74181] [client 168.63.70.12:0] script '/domains/system_default/wdf.php' not found or unable to stat
[Tue Mar 03 00:36:27.482622 2026] [php:error] [pid 74181] [client 168.63.70.12:0] script '/domains/system_default/wp-update.php' not found or unable to stat
[Tue Mar 03 00:36:27.553063 2026] [php:error] [pid 74181] [client 168.63.70.12:0] script '/domains/system_default/sbhu.php' not found or unable to stat
[Tue Mar 03 00:36:27.694028 2026] [php:error] [pid 74181] [client 168.63.70.12:0] script '/domains/system_default/wp-blog.php' not found or unable to stat
[Tue Mar 03 00:36:27.769382 2026] [php:error] [pid 74182] [client 45.86.202.106:0] script '/domains/quintet/mariju.php' not found or unable to stat
[Tue Mar 03 00:36:27.786061 2026] [php:error] [pid 74181] [client 168.63.70.12:0] script '/domains/system_default/test1.php' not found or unable to stat
[Tue Mar 03 00:36:27.931160 2026] [php:error] [pid 74181] [client 168.63.70.12:0] script '/domains/system_default/166.php' not found or unable to stat
[Tue Mar 03 00:36:27.953915 2026] [php:error] [pid 74182] [client 45.86.202.106:0] script '/domains/quintet/waf_defender.php' not found or unable to stat
[Tue Mar 03 00:36:28.009882 2026] [php:error] [pid 74181] [client 168.63.70.12:0] script '/domains/system_default/fleen.php' not found or unable to stat
[Tue Mar 03 00:36:28.157425 2026] [php:error] [pid 74181] [client 168.63.70.12:0] script '/domains/system_default/ms-edit.php' not found or unable to stat
[Tue Mar 03 00:36:28.254409 2026] [php:error] [pid 74181] [client 168.63.70.12:0] script '/domains/system_default/adminfuns.php' not found or unable to stat
[Tue Mar 03 00:36:28.325613 2026] [php:error] [pid 74181] [client 168.63.70.12:0] script '/domains/system_default/goods.php' not found or unable to stat
[Tue Mar 03 00:36:28.356458 2026] [php:error] [pid 74182] [client 45.86.202.106:0] script '/domains/quintet/av.php' not found or unable to stat
[Tue Mar 03 00:36:28.395802 2026] [php:error] [pid 74181] [client 168.63.70.12:0] script '/domains/system_default/ms-edit.php' not found or unable to stat
[Tue Mar 03 00:36:28.502586 2026] [php:error] [pid 74181] [client 168.63.70.12:0] script '/domains/system_default/222.php' not found or unable to stat
[Tue Mar 03 00:36:28.578618 2026] [php:error] [pid 74181] [client 168.63.70.12:0] script '/domains/system_default/plugins.php' not found or unable to stat
[Tue Mar 03 00:36:28.816322 2026] [php:error] [pid 74181] [client 168.63.70.12:0] script '/domains/system_default/ff1.php' not found or unable to stat
[Tue Mar 03 00:36:28.902882 2026] [php:error] [pid 74181] [client 168.63.70.12:0] script '/domains/system_default/fff.php' not found or unable to stat
[Tue Mar 03 00:36:29.045504 2026] [php:error] [pid 74181] [client 168.63.70.12:0] script '/domains/system_default/goat.php' not found or unable to stat
[Tue Mar 03 00:36:29.115967 2026] [php:error] [pid 74181] [client 168.63.70.12:0] script '/domains/system_default/155.php' not found or unable to stat
[Tue Mar 03 00:36:29.186441 2026] [php:error] [pid 74181] [client 168.63.70.12:0] script '/domains/system_default/we.php' not found or unable to stat
[Tue Mar 03 00:36:29.257457 2026] [php:error] [pid 74181] [client 168.63.70.12:0] script '/domains/system_default/alpha.php' not found or unable to stat
[Tue Mar 03 00:36:29.327933 2026] [php:error] [pid 74181] [client 168.63.70.12:0] script '/domains/system_default/makeasmtp.php' not found or unable to stat
[Tue Mar 03 00:36:29.482520 2026] [php:error] [pid 74184] [client 168.63.70.12:0] script '/domains/system_default/wp-michan.php' not found or unable to stat
[Tue Mar 03 00:36:31.109517 2026] [php:error] [pid 74185] [client 45.86.202.152:0] script '/domains/quintet/theme.php' not found or unable to stat
[Tue Mar 03 00:36:31.748718 2026] [php:error] [pid 74185] [client 45.86.202.152:0] script '/domains/quintet/Simple.php' not found or unable to stat
[Tue Mar 03 00:36:33.314499 2026] [php:error] [pid 74184] [client 168.63.70.12:0] script '/domains/system_default/wp-the.php' not found or unable to stat
[Tue Mar 03 00:36:33.400972 2026] [php:error] [pid 74182] [client 45.86.202.109:0] script '/domains/quintet/images/waf_defender.php' not found or unable to stat
[Tue Mar 03 00:36:33.455695 2026] [php:error] [pid 74184] [client 168.63.70.12:0] script '/domains/system_default/BDKR28WP.php' not found or unable to stat
[Tue Mar 03 00:36:33.596900 2026] [php:error] [pid 74184] [client 168.63.70.12:0] script '/domains/system_default/wp.php' not found or unable to stat
[Tue Mar 03 00:36:33.741623 2026] [php:error] [pid 74184] [client 168.63.70.12:0] script '/domains/system_default/w4.php' not found or unable to stat
[Tue Mar 03 00:36:33.795917 2026] [php:error] [pid 74182] [client 45.86.202.109:0] script '/domains/quintet/small.php' not found or unable to stat
[Tue Mar 03 00:36:33.882421 2026] [php:error] [pid 74184] [client 168.63.70.12:0] script '/domains/system_default/ok.php' not found or unable to stat
[Tue Mar 03 00:36:33.955709 2026] [php:error] [pid 74184] [client 168.63.70.12:0] script '/domains/system_default/about.php' not found or unable to stat
[Tue Mar 03 00:36:34.026369 2026] [php:error] [pid 74184] [client 168.63.70.12:0] script '/domains/system_default/tymn.php' not found or unable to stat
[Tue Mar 03 00:36:34.097194 2026] [php:error] [pid 74184] [client 168.63.70.12:0] script '/domains/system_default/bak.php' not found or unable to stat
[Tue Mar 03 00:36:34.238449 2026] [php:error] [pid 74184] [client 168.63.70.12:0] script '/domains/system_default/fe5.php' not found or unable to stat
[Tue Mar 03 00:36:34.245389 2026] [php:error] [pid 74182] [client 45.86.202.109:0] script '/domains/quintet/NewFile.php' not found or unable to stat
[Tue Mar 03 00:36:34.320499 2026] [php:error] [pid 74184] [client 168.63.70.12:0] script '/domains/system_default/kj.php' not found or unable to stat
