KGRKJGETMRETU895U-589TY5MIGM5JGB5SDFESFREWTGR54TY
Server : Apache/2.4.62
System : FreeBSD fbsdweb2.web.rcn.net 14.1-RELEASE FreeBSD 14.1-RELEASE releng/14.1-n267679-10e31f0946d8 GENERIC amd64
User : www ( 80)
PHP Version : 8.3.8
Disable Function : NONE
Directory :  /domains/highlandlabs/cqi-bin/ALFA_DATA/alfasymlink/root/var/log/httpd/error/

Upload File :
current_dir [ Writeable ] document_root [ Writeable ]

 

Current File : /domains/highlandlabs/cqi-bin/ALFA_DATA/alfasymlink/root/var/log/httpd/error/ex20260303.log
[Tue Mar 03 00:00:12.432836 2026] [php:error] [pid 73680] [client 20.89.41.34:0] script '/domains/mschmid/222.php' not found or unable to stat
[Tue Mar 03 00:00:12.603468 2026] [php:error] [pid 73680] [client 20.89.41.34:0] script '/domains/mschmid/404.php' not found or unable to stat
[Tue Mar 03 00:00:12.773051 2026] [php:error] [pid 73680] [client 20.89.41.34:0] script '/domains/mschmid/about.php' not found or unable to stat
[Tue Mar 03 00:00:12.942443 2026] [php:error] [pid 73680] [client 20.89.41.34:0] script '/domains/mschmid/admin.php' not found or unable to stat
[Tue Mar 03 00:00:13.136146 2026] [php:error] [pid 73680] [client 20.89.41.34:0] script '/domains/mschmid/adminfuns.php' not found or unable to stat
[Tue Mar 03 00:00:13.305888 2026] [php:error] [pid 73680] [client 20.89.41.34:0] script '/domains/mschmid/bless.php' not found or unable to stat
[Tue Mar 03 00:00:13.475956 2026] [php:error] [pid 73680] [client 20.89.41.34:0] script '/domains/mschmid/bolt.php' not found or unable to stat
[Tue Mar 03 00:00:13.645635 2026] [php:error] [pid 73680] [client 20.89.41.34:0] script '/domains/mschmid/ccou.php' not found or unable to stat
[Tue Mar 03 00:00:13.815163 2026] [php:error] [pid 73680] [client 20.89.41.34:0] script '/domains/mschmid/class-t.api.php' not found or unable to stat
[Tue Mar 03 00:00:13.984552 2026] [php:error] [pid 73680] [client 20.89.41.34:0] script '/domains/mschmid/css.php' not found or unable to stat
[Tue Mar 03 00:00:14.324780 2026] [php:error] [pid 73680] [client 20.89.41.34:0] script '/domains/mschmid/edit.php' not found or unable to stat
[Tue Mar 03 00:00:14.494372 2026] [php:error] [pid 73680] [client 20.89.41.34:0] script '/domains/mschmid/fff.php' not found or unable to stat
[Tue Mar 03 00:00:14.672925 2026] [php:error] [pid 73680] [client 20.89.41.34:0] script '/domains/mschmid/file.php' not found or unable to stat
[Tue Mar 03 00:00:14.842617 2026] [php:error] [pid 73680] [client 20.89.41.34:0] script '/domains/mschmid/fx.php' not found or unable to stat
[Tue Mar 03 00:00:15.012010 2026] [php:error] [pid 73680] [client 20.89.41.34:0] script '/domains/mschmid/info.php' not found or unable to stat
[Tue Mar 03 00:00:15.181662 2026] [php:error] [pid 73680] [client 20.89.41.34:0] script '/domains/mschmid/ioxi-o.php' not found or unable to stat
[Tue Mar 03 00:00:15.351236 2026] [php:error] [pid 73680] [client 20.89.41.34:0] script '/domains/mschmid/rip.php' not found or unable to stat
[Tue Mar 03 00:00:15.520627 2026] [php:error] [pid 73680] [client 20.89.41.34:0] script '/domains/mschmid/server.php' not found or unable to stat
[Tue Mar 03 00:00:15.712665 2026] [php:error] [pid 73680] [client 20.89.41.34:0] script '/domains/mschmid/wp-blog.php' not found or unable to stat
[Tue Mar 03 00:00:16.737931 2026] [php:error] [pid 73680] [client 20.89.41.34:0] script '/domains/mschmid/wp-editor.php' not found or unable to stat
[Tue Mar 03 00:00:17.585447 2026] [php:error] [pid 73680] [client 20.89.41.34:0] script '/domains/mschmid/wp.php' not found or unable to stat
[Tue Mar 03 00:00:17.755928 2026] [php:error] [pid 73680] [client 20.89.41.34:0] script '/domains/mschmid/x.php' not found or unable to stat
[Tue Mar 03 00:00:25.519453 2026] [php:error] [pid 73686] [client 20.89.241.129:0] script '/domains/lover/222.php' not found or unable to stat
[Tue Mar 03 00:00:25.701122 2026] [php:error] [pid 73686] [client 20.89.241.129:0] script '/domains/lover/404.php' not found or unable to stat
[Tue Mar 03 00:00:25.879941 2026] [php:error] [pid 73686] [client 20.89.241.129:0] script '/domains/lover/about.php' not found or unable to stat
[Tue Mar 03 00:00:26.058737 2026] [php:error] [pid 73686] [client 20.89.241.129:0] script '/domains/lover/admin.php' not found or unable to stat
[Tue Mar 03 00:00:26.237674 2026] [php:error] [pid 73686] [client 20.89.241.129:0] script '/domains/lover/adminfuns.php' not found or unable to stat
[Tue Mar 03 00:00:26.416463 2026] [php:error] [pid 73686] [client 20.89.241.129:0] script '/domains/lover/bless.php' not found or unable to stat
[Tue Mar 03 00:00:26.595847 2026] [php:error] [pid 73686] [client 20.89.241.129:0] script '/domains/lover/bolt.php' not found or unable to stat
[Tue Mar 03 00:00:26.774781 2026] [php:error] [pid 73686] [client 20.89.241.129:0] script '/domains/lover/ccou.php' not found or unable to stat
[Tue Mar 03 00:00:26.953712 2026] [php:error] [pid 73686] [client 20.89.241.129:0] script '/domains/lover/class-t.api.php' not found or unable to stat
[Tue Mar 03 00:00:27.132901 2026] [php:error] [pid 73686] [client 20.89.241.129:0] script '/domains/lover/css.php' not found or unable to stat
[Tue Mar 03 00:00:27.491479 2026] [php:error] [pid 73686] [client 20.89.241.129:0] script '/domains/lover/edit.php' not found or unable to stat
[Tue Mar 03 00:00:27.670491 2026] [php:error] [pid 73686] [client 20.89.241.129:0] script '/domains/lover/fff.php' not found or unable to stat
[Tue Mar 03 00:00:27.849248 2026] [php:error] [pid 73686] [client 20.89.241.129:0] script '/domains/lover/file.php' not found or unable to stat
[Tue Mar 03 00:00:28.029158 2026] [php:error] [pid 73686] [client 20.89.241.129:0] script '/domains/lover/fx.php' not found or unable to stat
[Tue Mar 03 00:00:28.214922 2026] [php:error] [pid 73686] [client 20.89.241.129:0] script '/domains/lover/info.php' not found or unable to stat
[Tue Mar 03 00:00:28.393993 2026] [php:error] [pid 73686] [client 20.89.241.129:0] script '/domains/lover/ioxi-o.php' not found or unable to stat
[Tue Mar 03 00:00:28.572693 2026] [php:error] [pid 73686] [client 20.89.241.129:0] script '/domains/lover/rip.php' not found or unable to stat
[Tue Mar 03 00:00:28.751900 2026] [php:error] [pid 73686] [client 20.89.241.129:0] script '/domains/lover/server.php' not found or unable to stat
[Tue Mar 03 00:00:28.930737 2026] [php:error] [pid 73686] [client 20.89.241.129:0] script '/domains/lover/wp-blog.php' not found or unable to stat
[Tue Mar 03 00:00:30.010760 2026] [php:error] [pid 73686] [client 20.89.241.129:0] script '/domains/lover/wp-editor.php' not found or unable to stat
[Tue Mar 03 00:00:30.906452 2026] [php:error] [pid 73686] [client 20.89.241.129:0] script '/domains/lover/wp.php' not found or unable to stat
[Tue Mar 03 00:00:31.085273 2026] [php:error] [pid 73686] [client 20.89.241.129:0] script '/domains/lover/x.php' not found or unable to stat
[Tue Mar 03 00:00:50.857314 2026] [php:error] [pid 73690] [client 20.89.254.160:0] script '/domains/larrysr/inputs.php' not found or unable to stat
[Tue Mar 03 00:00:51.037663 2026] [php:error] [pid 73690] [client 20.89.254.160:0] script '/domains/larrysr/ioxi-o.php' not found or unable to stat
[Tue Mar 03 00:00:51.394120 2026] [php:error] [pid 73690] [client 20.89.254.160:0] script '/domains/larrysr/rip.php' not found or unable to stat
[Tue Mar 03 00:00:51.572591 2026] [php:error] [pid 73690] [client 20.89.254.160:0] script '/domains/larrysr/admin.php' not found or unable to stat
[Tue Mar 03 00:00:51.930197 2026] [php:error] [pid 73690] [client 20.89.254.160:0] script '/domains/larrysr/cache.php' not found or unable to stat
[Tue Mar 03 00:00:52.110154 2026] [php:error] [pid 73690] [client 20.89.254.160:0] script '/domains/larrysr/themes.php' not found or unable to stat
[Tue Mar 03 00:00:52.289330 2026] [php:error] [pid 73690] [client 20.89.254.160:0] script '/domains/larrysr/an.php' not found or unable to stat
[Tue Mar 03 00:00:52.827493 2026] [php:error] [pid 73690] [client 20.89.254.160:0] script '/domains/larrysr/ws.php' not found or unable to stat
[Tue Mar 03 00:00:53.005919 2026] [php:error] [pid 73690] [client 20.89.254.160:0] script '/domains/larrysr/404.php' not found or unable to stat
[Tue Mar 03 00:00:53.362129 2026] [php:error] [pid 73690] [client 20.89.254.160:0] script '/domains/larrysr/wp-conf.php' not found or unable to stat
[Tue Mar 03 00:00:53.717727 2026] [php:error] [pid 73690] [client 20.89.254.160:0] script '/domains/larrysr/wp-login.php' not found or unable to stat
[Tue Mar 03 00:00:53.895714 2026] [php:error] [pid 73690] [client 20.89.254.160:0] script '/domains/larrysr/abc.php' not found or unable to stat
[Tue Mar 03 00:00:54.074679 2026] [php:error] [pid 73690] [client 20.89.254.160:0] script '/domains/larrysr/abcd.php' not found or unable to stat
[Tue Mar 03 00:00:54.257706 2026] [php:error] [pid 73690] [client 20.89.254.160:0] script '/domains/larrysr/as.php' not found or unable to stat
[Tue Mar 03 00:00:54.435624 2026] [php:error] [pid 73690] [client 20.89.254.160:0] script '/domains/larrysr/wp-trackback.php' not found or unable to stat
[Tue Mar 03 00:00:54.615970 2026] [php:error] [pid 73690] [client 20.89.254.160:0] script '/domains/larrysr/about.php' not found or unable to stat
[Tue Mar 03 00:00:54.794123 2026] [php:error] [pid 73690] [client 20.89.254.160:0] script '/domains/larrysr/file.php' not found or unable to stat
[Tue Mar 03 00:00:54.998203 2026] [php:error] [pid 73690] [client 20.89.254.160:0] script '/domains/larrysr/adminfuns.php' not found or unable to stat
[Tue Mar 03 00:00:55.176151 2026] [php:error] [pid 73690] [client 20.89.254.160:0] script '/domains/larrysr/wp-good.php' not found or unable to stat
[Tue Mar 03 00:00:55.354010 2026] [php:error] [pid 73690] [client 20.89.254.160:0] script '/domains/larrysr/xmlrpc.php' not found or unable to stat
[Tue Mar 03 00:00:55.532091 2026] [php:error] [pid 73690] [client 20.89.254.160:0] script '/domains/larrysr/goods.php' not found or unable to stat
[Tue Mar 03 00:00:55.710103 2026] [php:error] [pid 73690] [client 20.89.254.160:0] script '/domains/larrysr/class-t.api.php' not found or unable to stat
[Tue Mar 03 00:00:55.893022 2026] [php:error] [pid 73690] [client 20.89.254.160:0] script '/domains/larrysr/sf.php' not found or unable to stat
[Tue Mar 03 00:00:56.071236 2026] [php:error] [pid 73690] [client 20.89.254.160:0] script '/domains/larrysr/kbfr.php' not found or unable to stat
[Tue Mar 03 00:00:56.289332 2026] [php:error] [pid 73690] [client 20.89.254.160:0] script '/domains/larrysr/autoload_classmap.php' not found or unable to stat
[Tue Mar 03 00:00:56.484816 2026] [php:error] [pid 73690] [client 20.89.254.160:0] script '/domains/larrysr/chosen.php' not found or unable to stat
[Tue Mar 03 00:00:56.662944 2026] [php:error] [pid 73690] [client 20.89.254.160:0] script '/domains/larrysr/classwithtostring.php' not found or unable to stat
[Tue Mar 03 00:00:56.841023 2026] [php:error] [pid 73690] [client 20.89.254.160:0] script '/domains/larrysr/defaults.php' not found or unable to stat
[Tue Mar 03 00:00:57.514287 2026] [php:error] [pid 73690] [client 20.89.254.160:0] script '/domains/larrysr/info.php' not found or unable to stat
[Tue Mar 03 00:01:24.978562 2026] [php:error] [pid 73712] [client 20.111.57.125:0] script '/domains/system_suspended/gfile.php' not found or unable to stat
[Tue Mar 03 00:01:25.002801 2026] [php:error] [pid 73708] [client 20.207.204.235:0] script '/domains/wsmith.enteract/222.php' not found or unable to stat
[Tue Mar 03 00:01:25.065492 2026] [php:error] [pid 73712] [client 20.111.57.125:0] script '/domains/system_suspended/file61.php' not found or unable to stat
[Tue Mar 03 00:01:25.164676 2026] [php:error] [pid 73712] [client 20.111.57.125:0] script '/domains/system_suspended/eee.php' not found or unable to stat
[Tue Mar 03 00:01:25.229027 2026] [php:error] [pid 73708] [client 20.207.204.235:0] script '/domains/wsmith.enteract/404.php' not found or unable to stat
[Tue Mar 03 00:01:25.250871 2026] [php:error] [pid 73712] [client 20.111.57.125:0] script '/domains/system_suspended/swallowable.php' not found or unable to stat
[Tue Mar 03 00:01:25.347470 2026] [php:error] [pid 73712] [client 20.111.57.125:0] script '/domains/system_suspended/dox.php' not found or unable to stat
[Tue Mar 03 00:01:25.434331 2026] [php:error] [pid 73712] [client 20.111.57.125:0] script '/domains/system_suspended/qwas.php' not found or unable to stat
[Tue Mar 03 00:01:25.436536 2026] [php:error] [pid 73708] [client 20.207.204.235:0] script '/domains/wsmith.enteract/about.php' not found or unable to stat
[Tue Mar 03 00:01:25.522407 2026] [php:error] [pid 73712] [client 20.111.57.125:0] script '/domains/system_suspended/claw.php' not found or unable to stat
[Tue Mar 03 00:01:25.609692 2026] [php:error] [pid 73712] [client 20.111.57.125:0] script '/domains/system_suspended/cfgy.php' not found or unable to stat
[Tue Mar 03 00:01:25.647584 2026] [php:error] [pid 73708] [client 20.207.204.235:0] script '/domains/wsmith.enteract/admin.php' not found or unable to stat
[Tue Mar 03 00:01:25.697640 2026] [php:error] [pid 73712] [client 20.111.57.125:0] script '/domains/system_suspended/jbuft.php' not found or unable to stat
[Tue Mar 03 00:01:25.787228 2026] [php:error] [pid 73712] [client 20.111.57.125:0] script '/domains/system_suspended/fvvff.php' not found or unable to stat
[Tue Mar 03 00:01:25.854259 2026] [php:error] [pid 73708] [client 20.207.204.235:0] script '/domains/wsmith.enteract/adminfuns.php' not found or unable to stat
[Tue Mar 03 00:01:25.874001 2026] [php:error] [pid 73712] [client 20.111.57.125:0] script '/domains/system_suspended/vaza.php' not found or unable to stat
[Tue Mar 03 00:01:25.960278 2026] [php:error] [pid 73712] [client 20.111.57.125:0] script '/domains/system_suspended/a2.php' not found or unable to stat
[Tue Mar 03 00:01:26.047797 2026] [php:error] [pid 73712] [client 20.111.57.125:0] script '/domains/system_suspended/sty.php' not found or unable to stat
[Tue Mar 03 00:01:26.062789 2026] [php:error] [pid 73708] [client 20.207.204.235:0] script '/domains/wsmith.enteract/bless.php' not found or unable to stat
[Tue Mar 03 00:01:26.135870 2026] [php:error] [pid 73712] [client 20.111.57.125:0] script '/domains/system_suspended/xxxx.php' not found or unable to stat
[Tue Mar 03 00:01:26.224224 2026] [php:error] [pid 73712] [client 20.111.57.125:0] script '/domains/system_suspended/h.php' not found or unable to stat
[Tue Mar 03 00:01:26.275879 2026] [php:error] [pid 73708] [client 20.207.204.235:0] script '/domains/wsmith.enteract/bolt.php' not found or unable to stat
[Tue Mar 03 00:01:26.311005 2026] [php:error] [pid 73712] [client 20.111.57.125:0] script '/domains/system_suspended/g.php' not found or unable to stat
[Tue Mar 03 00:01:26.407920 2026] [php:error] [pid 73712] [client 20.111.57.125:0] script '/domains/system_suspended/pp.php' not found or unable to stat
[Tue Mar 03 00:01:26.490910 2026] [php:error] [pid 73708] [client 20.207.204.235:0] script '/domains/wsmith.enteract/ccou.php' not found or unable to stat
[Tue Mar 03 00:01:26.494158 2026] [php:error] [pid 73712] [client 20.111.57.125:0] script '/domains/system_suspended/sys.php' not found or unable to stat
[Tue Mar 03 00:01:26.580660 2026] [php:error] [pid 73712] [client 20.111.57.125:0] script '/domains/system_suspended/txets.php' not found or unable to stat
[Tue Mar 03 00:01:26.667701 2026] [php:error] [pid 73712] [client 20.111.57.125:0] script '/domains/system_suspended/tt.php' not found or unable to stat
[Tue Mar 03 00:01:26.710919 2026] [php:error] [pid 73708] [client 20.207.204.235:0] script '/domains/wsmith.enteract/class-t.api.php' not found or unable to stat
[Tue Mar 03 00:01:26.754479 2026] [php:error] [pid 73712] [client 20.111.57.125:0] script '/domains/system_suspended/wp9.php' not found or unable to stat
[Tue Mar 03 00:01:26.841779 2026] [php:error] [pid 73712] [client 20.111.57.125:0] script '/domains/system_suspended/path.php' not found or unable to stat
[Tue Mar 03 00:01:26.917735 2026] [php:error] [pid 73708] [client 20.207.204.235:0] script '/domains/wsmith.enteract/css.php' not found or unable to stat
[Tue Mar 03 00:01:26.928390 2026] [php:error] [pid 73712] [client 20.111.57.125:0] script '/domains/system_suspended/wdf.php' not found or unable to stat
[Tue Mar 03 00:01:27.015143 2026] [php:error] [pid 73712] [client 20.111.57.125:0] script '/domains/system_suspended/2.php' not found or unable to stat
[Tue Mar 03 00:01:27.101589 2026] [php:error] [pid 73712] [client 20.111.57.125:0] script '/domains/system_suspended/wp-tem.php' not found or unable to stat
[Tue Mar 03 00:01:27.188005 2026] [php:error] [pid 73712] [client 20.111.57.125:0] script '/domains/system_suspended/av6m.php' not found or unable to stat
[Tue Mar 03 00:01:27.275124 2026] [php:error] [pid 73712] [client 20.111.57.125:0] script '/domains/system_suspended/autogooey.php' not found or unable to stat
[Tue Mar 03 00:01:27.361815 2026] [php:error] [pid 73712] [client 20.111.57.125:0] script '/domains/system_suspended/btx25.php' not found or unable to stat
[Tue Mar 03 00:01:27.369678 2026] [php:error] [pid 73708] [client 20.207.204.235:0] script '/domains/wsmith.enteract/edit.php' not found or unable to stat
[Tue Mar 03 00:01:27.448413 2026] [php:error] [pid 73712] [client 20.111.57.125:0] script '/domains/system_suspended/mga.php' not found or unable to stat
[Tue Mar 03 00:01:27.535079 2026] [php:error] [pid 73712] [client 20.111.57.125:0] script '/domains/system_suspended/maxro.php' not found or unable to stat
[Tue Mar 03 00:01:27.576565 2026] [php:error] [pid 73708] [client 20.207.204.235:0] script '/domains/wsmith.enteract/fff.php' not found or unable to stat
[Tue Mar 03 00:01:27.621907 2026] [php:error] [pid 73712] [client 20.111.57.125:0] script '/domains/system_suspended/agg.php' not found or unable to stat
[Tue Mar 03 00:01:27.710903 2026] [php:error] [pid 73712] [client 20.111.57.125:0] script '/domains/system_suspended/pass4.php' not found or unable to stat
[Tue Mar 03 00:01:27.784353 2026] [php:error] [pid 73708] [client 20.207.204.235:0] script '/domains/wsmith.enteract/file.php' not found or unable to stat
[Tue Mar 03 00:01:27.797124 2026] [php:error] [pid 73712] [client 20.111.57.125:0] script '/domains/system_suspended/wsvvs.php' not found or unable to stat
[Tue Mar 03 00:01:27.883930 2026] [php:error] [pid 73712] [client 20.111.57.125:0] script '/domains/system_suspended/G-In.php' not found or unable to stat
[Tue Mar 03 00:01:27.970812 2026] [php:error] [pid 73712] [client 20.111.57.125:0] script '/domains/system_suspended/edit.php' not found or unable to stat
[Tue Mar 03 00:01:28.003680 2026] [php:error] [pid 73708] [client 20.207.204.235:0] script '/domains/wsmith.enteract/fx.php' not found or unable to stat
[Tue Mar 03 00:01:28.057358 2026] [php:error] [pid 73712] [client 20.111.57.125:0] script '/domains/system_suspended/ioxi-o.php' not found or unable to stat
[Tue Mar 03 00:01:28.210511 2026] [php:error] [pid 73708] [client 20.207.204.235:0] script '/domains/wsmith.enteract/info.php' not found or unable to stat
[Tue Mar 03 00:01:28.230438 2026] [php:error] [pid 73712] [client 20.111.57.125:0] script '/domains/system_suspended/66.php' not found or unable to stat
[Tue Mar 03 00:01:28.417804 2026] [php:error] [pid 73708] [client 20.207.204.235:0] script '/domains/wsmith.enteract/ioxi-o.php' not found or unable to stat
[Tue Mar 03 00:01:28.421028 2026] [php:error] [pid 73712] [client 20.111.57.125:0] script '/domains/system_suspended/gifclass.php' not found or unable to stat
[Tue Mar 03 00:01:28.624560 2026] [php:error] [pid 73708] [client 20.207.204.235:0] script '/domains/wsmith.enteract/rip.php' not found or unable to stat
[Tue Mar 03 00:01:28.831517 2026] [php:error] [pid 73708] [client 20.207.204.235:0] script '/domains/wsmith.enteract/server.php' not found or unable to stat
[Tue Mar 03 00:01:28.855706 2026] [php:error] [pid 73712] [client 20.111.57.125:0] script '/domains/system_suspended/sc.php' not found or unable to stat
[Tue Mar 03 00:01:28.942438 2026] [php:error] [pid 73712] [client 20.111.57.125:0] script '/domains/system_suspended/xmlrpc.php' not found or unable to stat
[Tue Mar 03 00:01:29.029244 2026] [php:error] [pid 73712] [client 20.111.57.125:0] script '/domains/system_suspended/ol.php' not found or unable to stat
[Tue Mar 03 00:01:29.038490 2026] [php:error] [pid 73708] [client 20.207.204.235:0] script '/domains/wsmith.enteract/wp-blog.php' not found or unable to stat
[Tue Mar 03 00:01:29.115756 2026] [php:error] [pid 73712] [client 20.111.57.125:0] script '/domains/system_suspended/f6.php' not found or unable to stat
[Tue Mar 03 00:01:29.202187 2026] [php:error] [pid 73712] [client 20.111.57.125:0] script '/domains/system_suspended/inputs.php' not found or unable to stat
[Tue Mar 03 00:01:29.291816 2026] [php:error] [pid 73712] [client 20.111.57.125:0] script '/domains/system_suspended/style.php' not found or unable to stat
[Tue Mar 03 00:01:29.378745 2026] [php:error] [pid 73712] [client 20.111.57.125:0] script '/domains/system_suspended/bgymj.php' not found or unable to stat
[Tue Mar 03 00:01:29.504776 2026] [php:error] [pid 73712] [client 20.111.57.125:0] script '/domains/system_suspended/aa.php' not found or unable to stat
[Tue Mar 03 00:01:29.591114 2026] [php:error] [pid 73712] [client 20.111.57.125:0] script '/domains/system_suspended/1.php' not found or unable to stat
[Tue Mar 03 00:01:29.677441 2026] [php:error] [pid 73712] [client 20.111.57.125:0] script '/domains/system_suspended/sc.php' not found or unable to stat
[Tue Mar 03 00:01:29.764177 2026] [php:error] [pid 73712] [client 20.111.57.125:0] script '/domains/system_suspended/av.php' not found or unable to stat
[Tue Mar 03 00:01:29.851216 2026] [php:error] [pid 73712] [client 20.111.57.125:0] script '/domains/system_suspended/file.php' not found or unable to stat
[Tue Mar 03 00:01:29.938300 2026] [php:error] [pid 73712] [client 20.111.57.125:0] script '/domains/system_suspended/666.php' not found or unable to stat
[Tue Mar 03 00:01:30.027154 2026] [php:error] [pid 73712] [client 20.111.57.125:0] script '/domains/system_suspended/file59.php' not found or unable to stat
[Tue Mar 03 00:01:30.113739 2026] [php:error] [pid 73712] [client 20.111.57.125:0] script '/domains/system_suspended/bless.php' not found or unable to stat
[Tue Mar 03 00:01:30.209616 2026] [php:error] [pid 73712] [client 20.111.57.125:0] script '/domains/system_suspended/wp9.php' not found or unable to stat
[Tue Mar 03 00:01:30.279509 2026] [php:error] [pid 73708] [client 20.207.204.235:0] script '/domains/wsmith.enteract/wp-editor.php' not found or unable to stat
[Tue Mar 03 00:01:30.297964 2026] [php:error] [pid 73712] [client 20.111.57.125:0] script '/domains/system_suspended/wp-act.php' not found or unable to stat
[Tue Mar 03 00:01:30.384458 2026] [php:error] [pid 73712] [client 20.111.57.125:0] script '/domains/system_suspended/class-t.api.php' not found or unable to stat
[Tue Mar 03 00:01:30.471527 2026] [php:error] [pid 73712] [client 20.111.57.125:0] script '/domains/system_suspended/xqq.php' not found or unable to stat
[Tue Mar 03 00:01:30.828406 2026] [php:error] [pid 73712] [client 20.111.57.125:0] script '/domains/system_suspended/06.php' not found or unable to stat
[Tue Mar 03 00:01:30.915175 2026] [php:error] [pid 73712] [client 20.111.57.125:0] script '/domains/system_suspended/plss3.php' not found or unable to stat
[Tue Mar 03 00:01:31.001755 2026] [php:error] [pid 73712] [client 20.111.57.125:0] script '/domains/system_suspended/aaa.php' not found or unable to stat
[Tue Mar 03 00:01:31.088107 2026] [php:error] [pid 73712] [client 20.111.57.125:0] script '/domains/system_suspended/classwithtostring.php' not found or unable to stat
[Tue Mar 03 00:01:31.276917 2026] [php:error] [pid 73712] [client 20.111.57.125:0] script '/domains/system_suspended/tinyfilemanager.php' not found or unable to stat
[Tue Mar 03 00:01:31.340428 2026] [php:error] [pid 73708] [client 20.207.204.235:0] script '/domains/wsmith.enteract/wp.php' not found or unable to stat
[Tue Mar 03 00:01:31.365107 2026] [php:error] [pid 73712] [client 20.111.57.125:0] script '/domains/system_suspended/x.php' not found or unable to stat
[Tue Mar 03 00:01:31.451620 2026] [php:error] [pid 73712] [client 20.111.57.125:0] script '/domains/system_suspended/ms.php' not found or unable to stat
[Tue Mar 03 00:01:31.547497 2026] [php:error] [pid 73708] [client 20.207.204.235:0] script '/domains/wsmith.enteract/x.php' not found or unable to stat
[Tue Mar 03 00:01:31.625113 2026] [php:error] [pid 73712] [client 20.111.57.125:0] script '/domains/system_suspended/wdf.php' not found or unable to stat
[Tue Mar 03 00:01:31.713295 2026] [php:error] [pid 73712] [client 20.111.57.125:0] script '/domains/system_suspended/wp-update.php' not found or unable to stat
[Tue Mar 03 00:01:31.799692 2026] [php:error] [pid 73712] [client 20.111.57.125:0] script '/domains/system_suspended/sbhu.php' not found or unable to stat
[Tue Mar 03 00:01:31.972432 2026] [php:error] [pid 73712] [client 20.111.57.125:0] script '/domains/system_suspended/wp-blog.php' not found or unable to stat
[Tue Mar 03 00:01:32.059538 2026] [php:error] [pid 73712] [client 20.111.57.125:0] script '/domains/system_suspended/test1.php' not found or unable to stat
[Tue Mar 03 00:01:32.232206 2026] [php:error] [pid 73712] [client 20.111.57.125:0] script '/domains/system_suspended/166.php' not found or unable to stat
[Tue Mar 03 00:01:32.318777 2026] [php:error] [pid 73712] [client 20.111.57.125:0] script '/domains/system_suspended/fleen.php' not found or unable to stat
[Tue Mar 03 00:01:32.491298 2026] [php:error] [pid 73712] [client 20.111.57.125:0] script '/domains/system_suspended/ms-edit.php' not found or unable to stat
[Tue Mar 03 00:01:32.583558 2026] [php:error] [pid 73712] [client 20.111.57.125:0] script '/domains/system_suspended/adminfuns.php' not found or unable to stat
[Tue Mar 03 00:01:32.670547 2026] [php:error] [pid 73712] [client 20.111.57.125:0] script '/domains/system_suspended/goods.php' not found or unable to stat
[Tue Mar 03 00:01:32.756773 2026] [php:error] [pid 73712] [client 20.111.57.125:0] script '/domains/system_suspended/ms-edit.php' not found or unable to stat
[Tue Mar 03 00:01:32.856137 2026] [php:error] [pid 73712] [client 20.111.57.125:0] script '/domains/system_suspended/222.php' not found or unable to stat
[Tue Mar 03 00:01:32.942387 2026] [php:error] [pid 73712] [client 20.111.57.125:0] script '/domains/system_suspended/plugins.php' not found or unable to stat
[Tue Mar 03 00:01:33.202171 2026] [php:error] [pid 73712] [client 20.111.57.125:0] script '/domains/system_suspended/ff1.php' not found or unable to stat
[Tue Mar 03 00:01:33.288874 2026] [php:error] [pid 73712] [client 20.111.57.125:0] script '/domains/system_suspended/fff.php' not found or unable to stat
[Tue Mar 03 00:01:33.461723 2026] [php:error] [pid 73712] [client 20.111.57.125:0] script '/domains/system_suspended/goat.php' not found or unable to stat
[Tue Mar 03 00:01:33.552291 2026] [php:error] [pid 73712] [client 20.111.57.125:0] script '/domains/system_suspended/155.php' not found or unable to stat
[Tue Mar 03 00:01:33.647158 2026] [php:error] [pid 73712] [client 20.111.57.125:0] script '/domains/system_suspended/we.php' not found or unable to stat
[Tue Mar 03 00:01:33.733964 2026] [php:error] [pid 73712] [client 20.111.57.125:0] script '/domains/system_suspended/alpha.php' not found or unable to stat
[Tue Mar 03 00:01:33.820821 2026] [php:error] [pid 73712] [client 20.111.57.125:0] script '/domains/system_suspended/makeasmtp.php' not found or unable to stat
[Tue Mar 03 00:01:33.996296 2026] [php:error] [pid 73666] [client 20.111.57.125:0] script '/domains/system_suspended/wp-michan.php' not found or unable to stat
[Tue Mar 03 00:01:34.169862 2026] [php:error] [pid 73666] [client 20.111.57.125:0] script '/domains/system_suspended/wp-the.php' not found or unable to stat
[Tue Mar 03 00:01:34.344288 2026] [php:error] [pid 73666] [client 20.111.57.125:0] script '/domains/system_suspended/BDKR28WP.php' not found or unable to stat
[Tue Mar 03 00:01:34.517883 2026] [php:error] [pid 73666] [client 20.111.57.125:0] script '/domains/system_suspended/wp.php' not found or unable to stat
[Tue Mar 03 00:01:34.701738 2026] [php:error] [pid 73666] [client 20.111.57.125:0] script '/domains/system_suspended/w4.php' not found or unable to stat
[Tue Mar 03 00:01:34.874869 2026] [php:error] [pid 73666] [client 20.111.57.125:0] script '/domains/system_suspended/ok.php' not found or unable to stat
[Tue Mar 03 00:01:34.961625 2026] [php:error] [pid 73666] [client 20.111.57.125:0] script '/domains/system_suspended/about.php' not found or unable to stat
[Tue Mar 03 00:01:35.048262 2026] [php:error] [pid 73666] [client 20.111.57.125:0] script '/domains/system_suspended/tymn.php' not found or unable to stat
[Tue Mar 03 00:01:35.135270 2026] [php:error] [pid 73666] [client 20.111.57.125:0] script '/domains/system_suspended/bak.php' not found or unable to stat
[Tue Mar 03 00:01:35.311687 2026] [php:error] [pid 73666] [client 20.111.57.125:0] script '/domains/system_suspended/fe5.php' not found or unable to stat
[Tue Mar 03 00:01:35.398345 2026] [php:error] [pid 73666] [client 20.111.57.125:0] script '/domains/system_suspended/kj.php' not found or unable to stat
[Tue Mar 03 00:01:35.571410 2026] [php:error] [pid 73666] [client 20.111.57.125:0] script '/domains/system_suspended/av.php' not found or unable to stat
[Tue Mar 03 00:01:35.658314 2026] [php:error] [pid 73666] [client 20.111.57.125:0] script '/domains/system_suspended/abcd.php' not found or unable to stat
[Tue Mar 03 00:01:35.745563 2026] [php:error] [pid 73666] [client 20.111.57.125:0] script '/domains/system_suspended/init.php' not found or unable to stat
[Tue Mar 03 00:01:35.832541 2026] [php:error] [pid 73666] [client 20.111.57.125:0] script '/domains/system_suspended/fi.php' not found or unable to stat
[Tue Mar 03 00:01:35.919436 2026] [php:error] [pid 73666] [client 20.111.57.125:0] script '/domains/system_suspended/a1.php' not found or unable to stat
[Tue Mar 03 00:01:36.193093 2026] [php:error] [pid 73666] [client 20.111.57.125:0] script '/domains/system_suspended/f35.php' not found or unable to stat
[Tue Mar 03 00:01:36.279924 2026] [php:error] [pid 73666] [client 20.111.57.125:0] script '/domains/system_suspended/hi.php' not found or unable to stat
[Tue Mar 03 00:01:36.366979 2026] [php:error] [pid 73666] [client 20.111.57.125:0] script '/domains/system_suspended/lala.php' not found or unable to stat
[Tue Mar 03 00:01:36.453836 2026] [php:error] [pid 73666] [client 20.111.57.125:0] script '/domains/system_suspended/lb.php' not found or unable to stat
[Tue Mar 03 00:01:36.636903 2026] [php:error] [pid 73666] [client 20.111.57.125:0] script '/domains/system_suspended/0.php' not found or unable to stat
[Tue Mar 03 00:01:36.684549 2026] [php:error] [pid 73690] [client 40.80.89.74:0] script '/domains/tbarnhil/inputs.php' not found or unable to stat
[Tue Mar 03 00:01:36.724326 2026] [php:error] [pid 73666] [client 20.111.57.125:0] script '/domains/system_suspended/core.php' not found or unable to stat
[Tue Mar 03 00:01:36.811080 2026] [php:error] [pid 73666] [client 20.111.57.125:0] script '/domains/system_suspended/autogooey.php' not found or unable to stat
[Tue Mar 03 00:01:36.888390 2026] [php:error] [pid 73690] [client 40.80.89.74:0] script '/domains/tbarnhil/ioxi-o.php' not found or unable to stat
[Tue Mar 03 00:01:36.992471 2026] [php:error] [pid 73666] [client 20.111.57.125:0] script '/domains/system_suspended/prv8.php' not found or unable to stat
[Tue Mar 03 00:01:37.079315 2026] [php:error] [pid 73666] [client 20.111.57.125:0] script '/domains/system_suspended/k.php' not found or unable to stat
[Tue Mar 03 00:01:37.166158 2026] [php:error] [pid 73666] [client 20.111.57.125:0] script '/domains/system_suspended/dev.php' not found or unable to stat
[Tue Mar 03 00:01:37.252888 2026] [php:error] [pid 73666] [client 20.111.57.125:0] script '/domains/system_suspended/x123x.php' not found or unable to stat
[Tue Mar 03 00:01:37.295191 2026] [php:error] [pid 73690] [client 40.80.89.74:0] script '/domains/tbarnhil/rip.php' not found or unable to stat
[Tue Mar 03 00:01:37.339654 2026] [php:error] [pid 73666] [client 20.111.57.125:0] script '/domains/system_suspended/bal.php' not found or unable to stat
[Tue Mar 03 00:01:37.430006 2026] [php:error] [pid 73666] [client 20.111.57.125:0] script '/domains/system_suspended/in.php' not found or unable to stat
[Tue Mar 03 00:01:37.515649 2026] [php:error] [pid 73690] [client 40.80.89.74:0] script '/domains/tbarnhil/admin.php' not found or unable to stat
[Tue Mar 03 00:01:37.517020 2026] [php:error] [pid 73666] [client 20.111.57.125:0] script '/domains/system_suspended/gssdd.php' not found or unable to stat
[Tue Mar 03 00:01:37.603846 2026] [php:error] [pid 73666] [client 20.111.57.125:0] script '/domains/system_suspended/motu.php' not found or unable to stat
[Tue Mar 03 00:01:37.691504 2026] [php:error] [pid 73666] [client 20.111.57.125:0] script '/domains/system_suspended/bs1.php' not found or unable to stat
[Tue Mar 03 00:01:37.784542 2026] [php:error] [pid 73666] [client 20.111.57.125:0] script '/domains/system_suspended/bengi.php' not found or unable to stat
[Tue Mar 03 00:01:37.871361 2026] [php:error] [pid 73666] [client 20.111.57.125:0] script '/domains/system_suspended/log.php' not found or unable to stat
[Tue Mar 03 00:01:37.958052 2026] [php:error] [pid 73666] [client 20.111.57.125:0] script '/domains/system_suspended/miansha.php' not found or unable to stat
[Tue Mar 03 00:01:37.961483 2026] [php:error] [pid 73690] [client 40.80.89.74:0] script '/domains/tbarnhil/cache.php' not found or unable to stat
[Tue Mar 03 00:01:38.044885 2026] [php:error] [pid 73666] [client 20.111.57.125:0] script '/domains/system_suspended/erty.php' not found or unable to stat
[Tue Mar 03 00:01:38.209480 2026] [php:error] [pid 73690] [client 40.80.89.74:0] script '/domains/tbarnhil/themes.php' not found or unable to stat
[Tue Mar 03 00:01:38.218209 2026] [php:error] [pid 73666] [client 20.111.57.125:0] script '/domains/system_suspended/X57.php' not found or unable to stat
[Tue Mar 03 00:01:38.305097 2026] [php:error] [pid 73666] [client 20.111.57.125:0] script '/domains/system_suspended/axx.php' not found or unable to stat
[Tue Mar 03 00:01:38.391963 2026] [php:error] [pid 73666] [client 20.111.57.125:0] script '/domains/system_suspended/alfashell.php' not found or unable to stat
[Tue Mar 03 00:01:38.413777 2026] [php:error] [pid 73690] [client 40.80.89.74:0] script '/domains/tbarnhil/an.php' not found or unable to stat
[Tue Mar 03 00:01:38.478721 2026] [php:error] [pid 73666] [client 20.111.57.125:0] script '/domains/system_suspended/myfile.php' not found or unable to stat
[Tue Mar 03 00:01:38.566553 2026] [php:error] [pid 73666] [client 20.111.57.125:0] script '/domains/system_suspended/re.php' not found or unable to stat
[Tue Mar 03 00:01:38.664029 2026] [php:error] [pid 73666] [client 20.111.57.125:0] script '/domains/system_suspended/styll.php' not found or unable to stat
[Tue Mar 03 00:01:38.751965 2026] [php:error] [pid 73666] [client 20.111.57.125:0] script '/domains/system_suspended/flower.php' not found or unable to stat
[Tue Mar 03 00:01:38.839738 2026] [php:error] [pid 73666] [client 20.111.57.125:0] script '/domains/system_suspended/flower2.php' not found or unable to stat
[Tue Mar 03 00:01:38.927993 2026] [php:error] [pid 73666] [client 20.111.57.125:0] script '/domains/system_suspended/4h.php' not found or unable to stat
[Tue Mar 03 00:01:39.014735 2026] [php:error] [pid 73666] [client 20.111.57.125:0] script '/domains/system_suspended/gettest.php' not found or unable to stat
[Tue Mar 03 00:01:39.025797 2026] [php:error] [pid 73690] [client 40.80.89.74:0] script '/domains/tbarnhil/ws.php' not found or unable to stat
[Tue Mar 03 00:01:39.104649 2026] [php:error] [pid 73666] [client 20.111.57.125:0] script '/domains/system_suspended/acp.php' not found or unable to stat
[Tue Mar 03 00:01:39.192282 2026] [php:error] [pid 73666] [client 20.111.57.125:0] script '/domains/system_suspended/database.php' not found or unable to stat
[Tue Mar 03 00:01:39.229440 2026] [php:error] [pid 73690] [client 40.80.89.74:0] script '/domains/tbarnhil/404.php' not found or unable to stat
[Tue Mar 03 00:01:39.655402 2026] [php:error] [pid 73690] [client 40.80.89.74:0] script '/domains/tbarnhil/wp-conf.php' not found or unable to stat
[Tue Mar 03 00:01:40.081437 2026] [php:error] [pid 73690] [client 40.80.89.74:0] script '/domains/tbarnhil/wp-login.php' not found or unable to stat
[Tue Mar 03 00:01:40.298307 2026] [php:error] [pid 73690] [client 40.80.89.74:0] script '/domains/tbarnhil/abc.php' not found or unable to stat
[Tue Mar 03 00:01:40.508056 2026] [php:error] [pid 73690] [client 40.80.89.74:0] script '/domains/tbarnhil/abcd.php' not found or unable to stat
[Tue Mar 03 00:01:40.712287 2026] [php:error] [pid 73690] [client 40.80.89.74:0] script '/domains/tbarnhil/as.php' not found or unable to stat
[Tue Mar 03 00:01:40.940123 2026] [php:error] [pid 73690] [client 40.80.89.74:0] script '/domains/tbarnhil/wp-trackback.php' not found or unable to stat
[Tue Mar 03 00:01:41.161108 2026] [php:error] [pid 73690] [client 40.80.89.74:0] script '/domains/tbarnhil/about.php' not found or unable to stat
[Tue Mar 03 00:01:41.388774 2026] [php:error] [pid 73690] [client 40.80.89.74:0] script '/domains/tbarnhil/file.php' not found or unable to stat
[Tue Mar 03 00:01:41.592766 2026] [php:error] [pid 73690] [client 40.80.89.74:0] script '/domains/tbarnhil/adminfuns.php' not found or unable to stat
[Tue Mar 03 00:01:41.797137 2026] [php:error] [pid 73690] [client 40.80.89.74:0] script '/domains/tbarnhil/wp-good.php' not found or unable to stat
[Tue Mar 03 00:01:42.014263 2026] [php:error] [pid 73690] [client 40.80.89.74:0] script '/domains/tbarnhil/xmlrpc.php' not found or unable to stat
[Tue Mar 03 00:01:42.218002 2026] [php:error] [pid 73690] [client 40.80.89.74:0] script '/domains/tbarnhil/goods.php' not found or unable to stat
[Tue Mar 03 00:01:42.421642 2026] [php:error] [pid 73690] [client 40.80.89.74:0] script '/domains/tbarnhil/class-t.api.php' not found or unable to stat
[Tue Mar 03 00:01:42.625814 2026] [php:error] [pid 73690] [client 40.80.89.74:0] script '/domains/tbarnhil/sf.php' not found or unable to stat
[Tue Mar 03 00:01:42.833950 2026] [php:error] [pid 73690] [client 40.80.89.74:0] script '/domains/tbarnhil/kbfr.php' not found or unable to stat
[Tue Mar 03 00:01:43.037465 2026] [php:error] [pid 73690] [client 40.80.89.74:0] script '/domains/tbarnhil/autoload_classmap.php' not found or unable to stat
[Tue Mar 03 00:01:43.242666 2026] [php:error] [pid 73690] [client 40.80.89.74:0] script '/domains/tbarnhil/chosen.php' not found or unable to stat
[Tue Mar 03 00:01:43.447074 2026] [php:error] [pid 73690] [client 40.80.89.74:0] script '/domains/tbarnhil/classwithtostring.php' not found or unable to stat
[Tue Mar 03 00:01:43.650720 2026] [php:error] [pid 73690] [client 40.80.89.74:0] script '/domains/tbarnhil/defaults.php' not found or unable to stat
[Tue Mar 03 00:01:44.267788 2026] [php:error] [pid 73690] [client 40.80.89.74:0] script '/domains/tbarnhil/info.php' not found or unable to stat
[Tue Mar 03 00:02:59.168876 2026] [php:error] [pid 73666] [client 20.223.198.174:0] script '/domains/perless2web/vv.php' not found or unable to stat
[Tue Mar 03 00:02:59.239171 2026] [php:error] [pid 73666] [client 20.223.198.174:0] script '/domains/perless2web/fff.php' not found or unable to stat
[Tue Mar 03 00:02:59.311659 2026] [php:error] [pid 73666] [client 20.223.198.174:0] script '/domains/perless2web/wp-scxy.php' not found or unable to stat
[Tue Mar 03 00:02:59.381433 2026] [php:error] [pid 73666] [client 20.223.198.174:0] script '/domains/perless2web/ccou1.php' not found or unable to stat
[Tue Mar 03 00:02:59.451179 2026] [php:error] [pid 73666] [client 20.223.198.174:0] script '/domains/perless2web/wp-the1.php' not found or unable to stat
[Tue Mar 03 00:02:59.520972 2026] [php:error] [pid 73666] [client 20.223.198.174:0] script '/domains/perless2web/reyna.php' not found or unable to stat
[Tue Mar 03 00:03:58.946254 2026] [php:error] [pid 73744] [client 4.231.228.236:0] script '/domains/system_cancel/eee.php' not found or unable to stat
[Tue Mar 03 00:03:59.172324 2026] [php:error] [pid 73744] [client 4.231.228.236:0] script '/domains/system_cancel/dox.php' not found or unable to stat
[Tue Mar 03 00:03:59.403052 2026] [php:error] [pid 73744] [client 4.231.228.236:0] script '/domains/system_cancel/claw.php' not found or unable to stat
[Tue Mar 03 00:03:59.481353 2026] [php:error] [pid 73744] [client 4.231.228.236:0] script '/domains/system_cancel/cfgy.php' not found or unable to stat
[Tue Mar 03 00:04:00.040695 2026] [php:error] [pid 73744] [client 4.231.228.236:0] script '/domains/system_cancel/a2.php' not found or unable to stat
[Tue Mar 03 00:04:00.274949 2026] [php:error] [pid 73744] [client 4.231.228.236:0] script '/domains/system_cancel/xxxx.php' not found or unable to stat
[Tue Mar 03 00:04:00.352939 2026] [php:error] [pid 73744] [client 4.231.228.236:0] script '/domains/system_cancel/h.php' not found or unable to stat
[Tue Mar 03 00:04:00.888287 2026] [php:error] [pid 73744] [client 4.231.228.236:0] script '/domains/system_cancel/txets.php' not found or unable to stat
[Tue Mar 03 00:04:00.961835 2026] [php:error] [pid 73744] [client 4.231.228.236:0] script '/domains/system_cancel/tt.php' not found or unable to stat
[Tue Mar 03 00:04:01.880286 2026] [php:error] [pid 73744] [client 4.231.228.236:0] script '/domains/system_cancel/av6m.php' not found or unable to stat
[Tue Mar 03 00:04:01.954136 2026] [php:error] [pid 73744] [client 4.231.228.236:0] script '/domains/system_cancel/autogooey.php' not found or unable to stat
[Tue Mar 03 00:04:02.182939 2026] [php:error] [pid 73744] [client 4.231.228.236:0] script '/domains/system_cancel/mga.php' not found or unable to stat
[Tue Mar 03 00:04:02.259513 2026] [php:error] [pid 73744] [client 4.231.228.236:0] script '/domains/system_cancel/maxro.php' not found or unable to stat
[Tue Mar 03 00:04:02.386297 2026] [php:error] [pid 73744] [client 4.231.228.236:0] script '/domains/system_cancel/agg.php' not found or unable to stat
[Tue Mar 03 00:04:02.963767 2026] [php:error] [pid 73744] [client 4.231.228.236:0] script '/domains/system_cancel/edit.php' not found or unable to stat
[Tue Mar 03 00:04:03.042030 2026] [php:error] [pid 73744] [client 4.231.228.236:0] script '/domains/system_cancel/ioxi-o.php' not found or unable to stat
[Tue Mar 03 00:04:04.455999 2026] [php:error] [pid 73744] [client 4.231.228.236:0] script '/domains/system_cancel/xmlrpc.php' not found or unable to stat
[Tue Mar 03 00:04:04.837272 2026] [php:error] [pid 73744] [client 4.231.228.236:0] script '/domains/system_cancel/inputs.php' not found or unable to stat
[Tue Mar 03 00:04:05.205149 2026] [php:error] [pid 73744] [client 4.231.228.236:0] script '/domains/system_cancel/aa.php' not found or unable to stat
[Tue Mar 03 00:04:05.578985 2026] [php:error] [pid 73744] [client 4.231.228.236:0] script '/domains/system_cancel/av.php' not found or unable to stat
[Tue Mar 03 00:04:06.545367 2026] [php:error] [pid 73740] [client 4.231.228.236:0] script '/domains/system_cancel/class-t.api.php' not found or unable to stat
[Tue Mar 03 00:04:06.615824 2026] [php:error] [pid 73740] [client 4.231.228.236:0] script '/domains/system_cancel/xqq.php' not found or unable to stat
[Tue Mar 03 00:04:06.827260 2026] [php:error] [pid 73740] [client 4.231.228.236:0] script '/domains/system_cancel/a.php' not found or unable to stat
[Tue Mar 03 00:04:07.183164 2026] [php:error] [pid 73740] [client 4.231.228.236:0] script '/domains/system_cancel/aaa.php' not found or unable to stat
[Tue Mar 03 00:04:07.253714 2026] [php:error] [pid 73740] [client 4.231.228.236:0] script '/domains/system_cancel/classwithtostring.php' not found or unable to stat
[Tue Mar 03 00:04:07.467624 2026] [php:error] [pid 73740] [client 4.231.228.236:0] script '/domains/system_cancel/tinyfilemanager.php' not found or unable to stat
[Tue Mar 03 00:04:07.537986 2026] [php:error] [pid 73740] [client 4.231.228.236:0] script '/domains/system_cancel/x.php' not found or unable to stat
[Tue Mar 03 00:04:07.608521 2026] [php:error] [pid 73740] [client 4.231.228.236:0] script '/domains/system_cancel/ms.php' not found or unable to stat
[Tue Mar 03 00:04:08.459404 2026] [php:error] [pid 73740] [client 4.231.228.236:0] script '/domains/system_cancel/test1.php' not found or unable to stat
[Tue Mar 03 00:04:09.100118 2026] [php:error] [pid 73740] [client 4.231.228.236:0] script '/domains/system_cancel/ms-edit.php' not found or unable to stat
[Tue Mar 03 00:04:09.171584 2026] [php:error] [pid 73740] [client 4.231.228.236:0] script '/domains/system_cancel/adminfuns.php' not found or unable to stat
[Tue Mar 03 00:04:09.391977 2026] [php:error] [pid 73740] [client 4.231.228.236:0] script '/domains/system_cancel/ms-edit.php' not found or unable to stat
[Tue Mar 03 00:04:10.810690 2026] [php:error] [pid 73749] [client 4.231.228.236:0] script '/domains/system_cancel/alpha.php' not found or unable to stat
[Tue Mar 03 00:04:10.881346 2026] [php:error] [pid 73749] [client 4.231.228.236:0] script '/domains/system_cancel/makeasmtp.php' not found or unable to stat
[Tue Mar 03 00:04:12.449322 2026] [php:error] [pid 73740] [client 4.231.228.236:0] script '/domains/system_cancel/about.php' not found or unable to stat
[Tue Mar 03 00:04:12.519907 2026] [php:error] [pid 73740] [client 4.231.228.236:0] script '/domains/system_cancel/tymn.php' not found or unable to stat
[Tue Mar 03 00:04:13.295249 2026] [php:error] [pid 73740] [client 4.231.228.236:0] script '/domains/system_cancel/av.php' not found or unable to stat
[Tue Mar 03 00:04:13.366256 2026] [php:error] [pid 73740] [client 4.231.228.236:0] script '/domains/system_cancel/abcd.php' not found or unable to stat
[Tue Mar 03 00:04:13.436614 2026] [php:error] [pid 73740] [client 4.231.228.236:0] script '/domains/system_cancel/init.php' not found or unable to stat
[Tue Mar 03 00:04:13.648908 2026] [php:error] [pid 73740] [client 4.231.228.236:0] script '/domains/system_cancel/a1.php' not found or unable to stat
[Tue Mar 03 00:04:14.147788 2026] [php:error] [pid 73740] [client 4.231.228.236:0] script '/domains/system_cancel/hi.php' not found or unable to stat
[Tue Mar 03 00:04:14.218230 2026] [php:error] [pid 73740] [client 4.231.228.236:0] script '/domains/system_cancel/lala.php' not found or unable to stat
[Tue Mar 03 00:04:14.288417 2026] [php:error] [pid 73740] [client 4.231.228.236:0] script '/domains/system_cancel/lb.php' not found or unable to stat
[Tue Mar 03 00:04:14.649529 2026] [php:error] [pid 73740] [client 4.231.228.236:0] script '/domains/system_cancel/core.php' not found or unable to stat
[Tue Mar 03 00:04:14.719804 2026] [php:error] [pid 73740] [client 4.231.228.236:0] script '/domains/system_cancel/autogooey.php' not found or unable to stat
[Tue Mar 03 00:04:15.217401 2026] [php:error] [pid 73740] [client 4.231.228.236:0] script '/domains/system_cancel/dev.php' not found or unable to stat
[Tue Mar 03 00:04:15.287966 2026] [php:error] [pid 73740] [client 4.231.228.236:0] script '/domains/system_cancel/x123x.php' not found or unable to stat
[Tue Mar 03 00:04:15.500111 2026] [php:error] [pid 73749] [client 4.231.228.236:0] script '/domains/system_cancel/in.php' not found or unable to stat
[Tue Mar 03 00:04:15.716747 2026] [php:error] [pid 73749] [client 4.231.228.236:0] script '/domains/system_cancel/motu.php' not found or unable to stat
[Tue Mar 03 00:04:16.074314 2026] [php:error] [pid 73749] [client 4.231.228.236:0] script '/domains/system_cancel/log.php' not found or unable to stat
[Tue Mar 03 00:04:16.147519 2026] [php:error] [pid 73749] [client 4.231.228.236:0] script '/domains/system_cancel/miansha.php' not found or unable to stat
[Tue Mar 03 00:04:16.218113 2026] [php:error] [pid 73749] [client 4.231.228.236:0] script '/domains/system_cancel/erty.php' not found or unable to stat
[Tue Mar 03 00:04:16.578692 2026] [php:error] [pid 73738] [client 4.231.228.236:0] script '/domains/system_cancel/axx.php' not found or unable to stat
[Tue Mar 03 00:04:16.646169 2026] [php:error] [pid 73738] [client 4.231.228.236:0] script '/domains/system_cancel/alfashell.php' not found or unable to stat
[Tue Mar 03 00:04:16.713665 2026] [php:error] [pid 73738] [client 4.231.228.236:0] script '/domains/system_cancel/myfile.php' not found or unable to stat
[Tue Mar 03 00:04:16.781080 2026] [php:error] [pid 73738] [client 4.231.228.236:0] script '/domains/system_cancel/re.php' not found or unable to stat
[Tue Mar 03 00:04:17.542755 2026] [php:error] [pid 73738] [client 4.231.228.236:0] script '/domains/system_cancel/acp.php' not found or unable to stat
[Tue Mar 03 00:04:17.616901 2026] [php:error] [pid 73738] [client 4.231.228.236:0] script '/domains/system_cancel/database.php' not found or unable to stat
[Tue Mar 03 00:04:25.662179 2026] [php:error] [pid 73751] [client 40.115.138.121:0] script '/domains/jrp.interport/inputs.php' not found or unable to stat
[Tue Mar 03 00:04:25.859285 2026] [php:error] [pid 73751] [client 40.115.138.121:0] script '/domains/jrp.interport/ioxi-o.php' not found or unable to stat
[Tue Mar 03 00:04:26.200683 2026] [php:error] [pid 73751] [client 40.115.138.121:0] script '/domains/jrp.interport/rip.php' not found or unable to stat
[Tue Mar 03 00:04:26.782558 2026] [php:error] [pid 73751] [client 40.115.138.121:0] script '/domains/jrp.interport/admin.php' not found or unable to stat
[Tue Mar 03 00:04:27.140727 2026] [php:error] [pid 73751] [client 40.115.138.121:0] script '/domains/jrp.interport/cache.php' not found or unable to stat
