[Tue Mar 03 00:59:29.431687 2026] [php:error] [pid 74439] [client 52.231.70.237:0] script '/domains/familyplayhouse2/server.php' not found or unable to stat
[Tue Mar 03 00:59:29.446512 2026] [php:error] [pid 74444] [client 20.239.137.159:0] script '/domains/king1969/wp-editor.php' not found or unable to stat
[Tue Mar 03 00:59:29.626676 2026] [php:error] [pid 74439] [client 52.231.70.237:0] script '/domains/familyplayhouse2/wp-blog.php' not found or unable to stat
[Tue Mar 03 00:59:30.492683 2026] [php:error] [pid 74444] [client 20.239.137.159:0] script '/domains/king1969/wp.php' not found or unable to stat
[Tue Mar 03 00:59:30.702088 2026] [php:error] [pid 74444] [client 20.239.137.159:0] script '/domains/king1969/x.php' not found or unable to stat
[Tue Mar 03 00:59:30.821463 2026] [php:error] [pid 74439] [client 52.231.70.237:0] script '/domains/familyplayhouse2/wp-editor.php' not found or unable to stat
[Tue Mar 03 00:59:31.793497 2026] [php:error] [pid 74439] [client 52.231.70.237:0] script '/domains/familyplayhouse2/wp.php' not found or unable to stat
[Tue Mar 03 00:59:31.987708 2026] [php:error] [pid 74439] [client 52.231.70.237:0] script '/domains/familyplayhouse2/x.php' not found or unable to stat
[Tue Mar 03 01:00:20.045109 2026] [php:error] [pid 74446] [client 20.207.204.235:0] script '/domains/fryer/222.php' not found or unable to stat
[Tue Mar 03 01:00:20.250347 2026] [php:error] [pid 74446] [client 20.207.204.235:0] script '/domains/fryer/404.php' not found or unable to stat
[Tue Mar 03 01:00:20.455456 2026] [php:error] [pid 74446] [client 20.207.204.235:0] script '/domains/fryer/about.php' not found or unable to stat
[Tue Mar 03 01:00:20.660773 2026] [php:error] [pid 74446] [client 20.207.204.235:0] script '/domains/fryer/admin.php' not found or unable to stat
[Tue Mar 03 01:00:20.866059 2026] [php:error] [pid 74446] [client 20.207.204.235:0] script '/domains/fryer/adminfuns.php' not found or unable to stat
[Tue Mar 03 01:00:21.071613 2026] [php:error] [pid 74446] [client 20.207.204.235:0] script '/domains/fryer/bless.php' not found or unable to stat
[Tue Mar 03 01:00:21.276740 2026] [php:error] [pid 74446] [client 20.207.204.235:0] script '/domains/fryer/bolt.php' not found or unable to stat
[Tue Mar 03 01:00:21.482687 2026] [php:error] [pid 74446] [client 20.207.204.235:0] script '/domains/fryer/ccou.php' not found or unable to stat
[Tue Mar 03 01:00:21.688109 2026] [php:error] [pid 74446] [client 20.207.204.235:0] script '/domains/fryer/class-t.api.php' not found or unable to stat
[Tue Mar 03 01:00:21.902359 2026] [php:error] [pid 74446] [client 20.207.204.235:0] script '/domains/fryer/css.php' not found or unable to stat
[Tue Mar 03 01:00:22.313676 2026] [php:error] [pid 74446] [client 20.207.204.235:0] script '/domains/fryer/edit.php' not found or unable to stat
[Tue Mar 03 01:00:22.518955 2026] [php:error] [pid 74446] [client 20.207.204.235:0] script '/domains/fryer/fff.php' not found or unable to stat
[Tue Mar 03 01:00:22.724287 2026] [php:error] [pid 74446] [client 20.207.204.235:0] script '/domains/fryer/file.php' not found or unable to stat
[Tue Mar 03 01:00:22.929673 2026] [php:error] [pid 74446] [client 20.207.204.235:0] script '/domains/fryer/fx.php' not found or unable to stat
[Tue Mar 03 01:00:23.134945 2026] [php:error] [pid 74446] [client 20.207.204.235:0] script '/domains/fryer/info.php' not found or unable to stat
[Tue Mar 03 01:00:23.340209 2026] [php:error] [pid 74446] [client 20.207.204.235:0] script '/domains/fryer/ioxi-o.php' not found or unable to stat
[Tue Mar 03 01:00:23.545476 2026] [php:error] [pid 74446] [client 20.207.204.235:0] script '/domains/fryer/rip.php' not found or unable to stat
[Tue Mar 03 01:00:23.750924 2026] [php:error] [pid 74446] [client 20.207.204.235:0] script '/domains/fryer/server.php' not found or unable to stat
[Tue Mar 03 01:00:23.956553 2026] [php:error] [pid 74446] [client 20.207.204.235:0] script '/domains/fryer/wp-blog.php' not found or unable to stat
[Tue Mar 03 01:00:25.187875 2026] [php:error] [pid 74446] [client 20.207.204.235:0] script '/domains/fryer/wp-editor.php' not found or unable to stat
[Tue Mar 03 01:00:26.238656 2026] [php:error] [pid 74446] [client 20.207.204.235:0] script '/domains/fryer/wp.php' not found or unable to stat
[Tue Mar 03 01:00:26.443911 2026] [php:error] [pid 74446] [client 20.207.204.235:0] script '/domains/fryer/x.php' not found or unable to stat
[Tue Mar 03 01:00:28.983866 2026] [php:error] [pid 74460] [client 20.63.83.113:0] script '/domains/astrosfm/main.php' not found or unable to stat
[Tue Mar 03 01:00:29.017424 2026] [php:error] [pid 74460] [client 20.63.83.113:0] script '/domains/astrosfm/input.php' not found or unable to stat
[Tue Mar 03 01:00:29.064794 2026] [php:error] [pid 74460] [client 20.63.83.113:0] script '/domains/astrosfm/jquery.php' not found or unable to stat
[Tue Mar 03 01:00:29.111124 2026] [php:error] [pid 74459] [client 20.63.96.50:0] script '/domains/system_suspended/xxxx.php' not found or unable to stat
[Tue Mar 03 01:00:29.112033 2026] [php:error] [pid 74460] [client 20.63.83.113:0] script '/domains/astrosfm/hehe.php' not found or unable to stat
[Tue Mar 03 01:00:29.145047 2026] [php:error] [pid 74459] [client 20.63.96.50:0] script '/domains/system_suspended/sbhu.php' not found or unable to stat
[Tue Mar 03 01:00:29.158802 2026] [php:error] [pid 74460] [client 20.63.83.113:0] script '/domains/astrosfm/02.php' not found or unable to stat
[Tue Mar 03 01:00:29.214299 2026] [php:error] [pid 74459] [client 20.63.96.50:0] script '/domains/system_suspended/gettest.php' not found or unable to stat
[Tue Mar 03 01:00:29.240462 2026] [php:error] [pid 74460] [client 20.63.83.113:0] script '/domains/astrosfm/fi2.php' not found or unable to stat
[Tue Mar 03 01:00:29.248170 2026] [php:error] [pid 74459] [client 20.63.96.50:0] script '/domains/system_suspended/ayk.php' not found or unable to stat
[Tue Mar 03 01:00:29.288927 2026] [php:error] [pid 74460] [client 20.63.83.113:0] script '/domains/astrosfm/gecko-new.php' not found or unable to stat
[Tue Mar 03 01:00:29.301187 2026] [php:error] [pid 74459] [client 20.63.96.50:0] script '/domains/system_suspended/wp-setting.php' not found or unable to stat
[Tue Mar 03 01:00:29.326188 2026] [php:error] [pid 74460] [client 20.63.83.113:0] script '/domains/astrosfm/alfanew.php' not found or unable to stat
[Tue Mar 03 01:00:29.363019 2026] [php:error] [pid 74459] [client 20.63.96.50:0] script '/domains/system_suspended/fleen.php' not found or unable to stat
[Tue Mar 03 01:00:29.369000 2026] [php:error] [pid 74460] [client 20.63.83.113:0] script '/domains/astrosfm/text.php' not found or unable to stat
[Tue Mar 03 01:00:29.400814 2026] [php:error] [pid 74459] [client 20.63.96.50:0] script '/domains/system_suspended/install.php' not found or unable to stat
[Tue Mar 03 01:00:29.416802 2026] [php:error] [pid 74460] [client 20.63.83.113:0] script '/domains/astrosfm/f.php' not found or unable to stat
[Tue Mar 03 01:00:29.463963 2026] [php:error] [pid 74460] [client 20.63.83.113:0] script '/domains/astrosfm/cljntmcz.php' not found or unable to stat
[Tue Mar 03 01:00:29.467890 2026] [php:error] [pid 74459] [client 20.63.96.50:0] script '/domains/system_suspended/add.php' not found or unable to stat
[Tue Mar 03 01:00:29.497639 2026] [php:error] [pid 74460] [client 20.63.83.113:0] script '/domains/astrosfm/wp-links.php' not found or unable to stat
[Tue Mar 03 01:00:29.540373 2026] [php:error] [pid 74459] [client 20.63.96.50:0] script '/domains/system_suspended/path.php' not found or unable to stat
[Tue Mar 03 01:00:29.541972 2026] [php:error] [pid 74460] [client 20.63.83.113:0] script '/domains/astrosfm/xpw.php' not found or unable to stat
[Tue Mar 03 01:00:29.574391 2026] [php:error] [pid 74459] [client 20.63.96.50:0] script '/domains/system_suspended/my.php' not found or unable to stat
[Tue Mar 03 01:00:29.586450 2026] [php:error] [pid 74460] [client 20.63.83.113:0] script '/domains/astrosfm/cah.php' not found or unable to stat
[Tue Mar 03 01:00:29.609343 2026] [php:error] [pid 74459] [client 20.63.96.50:0] script '/domains/system_suspended/we.php' not found or unable to stat
[Tue Mar 03 01:00:29.625624 2026] [php:error] [pid 74460] [client 20.63.83.113:0] script '/domains/astrosfm/cong.php' not found or unable to stat
[Tue Mar 03 01:00:29.643318 2026] [php:error] [pid 74459] [client 20.63.96.50:0] script '/domains/system_suspended/acp.php' not found or unable to stat
[Tue Mar 03 01:00:29.677159 2026] [php:error] [pid 74459] [client 20.63.96.50:0] script '/domains/system_suspended/f6.php' not found or unable to stat
[Tue Mar 03 01:00:29.720782 2026] [php:error] [pid 74460] [client 20.63.83.113:0] script '/domains/astrosfm/ms-edit.php' not found or unable to stat
[Tue Mar 03 01:00:29.731412 2026] [php:error] [pid 74459] [client 20.63.96.50:0] script '/domains/system_suspended/akcc.php' not found or unable to stat
[Tue Mar 03 01:00:29.754914 2026] [php:error] [pid 74460] [client 20.63.83.113:0] script '/domains/astrosfm/function.php' not found or unable to stat
[Tue Mar 03 01:00:29.800063 2026] [php:error] [pid 74460] [client 20.63.83.113:0] script '/domains/astrosfm/send.php' not found or unable to stat
[Tue Mar 03 01:00:29.802239 2026] [php:error] [pid 74459] [client 20.63.96.50:0] script '/domains/system_suspended/0x.php' not found or unable to stat
[Tue Mar 03 01:00:29.833530 2026] [php:error] [pid 74460] [client 20.63.83.113:0] script '/domains/astrosfm/ee.php' not found or unable to stat
[Tue Mar 03 01:00:29.835878 2026] [php:error] [pid 74459] [client 20.63.96.50:0] script '/domains/system_suspended/chosen.php' not found or unable to stat
[Tue Mar 03 01:00:29.866994 2026] [php:error] [pid 74460] [client 20.63.83.113:0] script '/domains/astrosfm/plugins.php' not found or unable to stat
[Tue Mar 03 01:00:29.869700 2026] [php:error] [pid 74459] [client 20.63.96.50:0] script '/domains/system_suspended/cwclass.php' not found or unable to stat
[Tue Mar 03 01:00:29.905157 2026] [php:error] [pid 74460] [client 20.63.83.113:0] script '/domains/astrosfm/xxx.php' not found or unable to stat
[Tue Mar 03 01:00:29.938876 2026] [php:error] [pid 74459] [client 20.63.96.50:0] script '/domains/system_suspended/X57.php' not found or unable to stat
[Tue Mar 03 01:00:29.958121 2026] [php:error] [pid 74460] [client 20.63.83.113:0] script '/domains/astrosfm/css.php' not found or unable to stat
[Tue Mar 03 01:00:29.977087 2026] [php:error] [pid 74459] [client 20.63.96.50:0] script '/domains/system_suspended/autoload_classmap.php' not found or unable to stat
[Tue Mar 03 01:00:30.010800 2026] [php:error] [pid 74459] [client 20.63.96.50:0] script '/domains/system_suspended/wp-x.php' not found or unable to stat
[Tue Mar 03 01:00:30.048916 2026] [php:error] [pid 74459] [client 20.63.96.50:0] script '/domains/system_suspended/fff.php' not found or unable to stat
[Tue Mar 03 01:00:30.116361 2026] [php:error] [pid 74459] [client 20.63.96.50:0] script '/domains/system_suspended/txets.php' not found or unable to stat
[Tue Mar 03 01:00:30.151030 2026] [php:error] [pid 74459] [client 20.63.96.50:0] script '/domains/system_suspended/erty.php' not found or unable to stat
[Tue Mar 03 01:00:30.225318 2026] [php:error] [pid 74459] [client 20.63.96.50:0] script '/domains/system_suspended/pepe.php' not found or unable to stat
[Tue Mar 03 01:00:30.265086 2026] [php:error] [pid 74459] [client 20.63.96.50:0] script '/domains/system_suspended/f35.php' not found or unable to stat
[Tue Mar 03 01:00:30.306722 2026] [php:error] [pid 74459] [client 20.63.96.50:0] script '/domains/system_suspended/backup.php' not found or unable to stat
[Tue Mar 03 01:00:30.342600 2026] [php:error] [pid 74459] [client 20.63.96.50:0] script '/domains/system_suspended/god.php' not found or unable to stat
[Tue Mar 03 01:00:30.379303 2026] [php:error] [pid 74459] [client 20.63.96.50:0] script '/domains/system_suspended/b.php' not found or unable to stat
[Tue Mar 03 01:00:30.414000 2026] [php:error] [pid 74459] [client 20.63.96.50:0] script '/domains/system_suspended/t00l.php' not found or unable to stat
[Tue Mar 03 01:00:30.459181 2026] [php:error] [pid 74459] [client 20.63.96.50:0] script '/domains/system_suspended/ad2.php' not found or unable to stat
[Tue Mar 03 01:00:30.479782 2026] [php:error] [pid 74460] [client 20.63.83.113:0] script '/domains/astrosfm/wp-content.php' not found or unable to stat
[Tue Mar 03 01:00:30.494795 2026] [php:error] [pid 74459] [client 20.63.96.50:0] script '/domains/system_suspended/goat.php' not found or unable to stat
[Tue Mar 03 01:00:30.513694 2026] [php:error] [pid 74460] [client 20.63.83.113:0] script '/domains/astrosfm/6.php' not found or unable to stat
[Tue Mar 03 01:00:30.528729 2026] [php:error] [pid 74459] [client 20.63.96.50:0] script '/domains/system_suspended/w3llstore.php' not found or unable to stat
[Tue Mar 03 01:00:30.562697 2026] [php:error] [pid 74459] [client 20.63.96.50:0] script '/domains/system_suspended/1a.php' not found or unable to stat
[Tue Mar 03 01:00:30.596963 2026] [php:error] [pid 74460] [client 20.63.83.113:0] script '/domains/astrosfm/berlin.php' not found or unable to stat
[Tue Mar 03 01:00:30.626779 2026] [php:error] [pid 74459] [client 20.63.96.50:0] script '/domains/system_suspended/aki.php' not found or unable to stat
[Tue Mar 03 01:00:30.645574 2026] [php:error] [pid 74460] [client 20.63.83.113:0] script '/domains/astrosfm/f35.php' not found or unable to stat
[Tue Mar 03 01:00:30.660548 2026] [php:error] [pid 74459] [client 20.63.96.50:0] script '/domains/system_suspended/simple.php' not found or unable to stat
[Tue Mar 03 01:00:30.679288 2026] [php:error] [pid 74460] [client 20.63.83.113:0] script '/domains/astrosfm/nakrip.php' not found or unable to stat
[Tue Mar 03 01:00:30.709467 2026] [php:error] [pid 74459] [client 20.63.96.50:0] script '/domains/system_suspended/ws66.php' not found or unable to stat
[Tue Mar 03 01:00:30.712798 2026] [php:error] [pid 74460] [client 20.63.83.113:0] script '/domains/astrosfm/radio.php' not found or unable to stat
[Tue Mar 03 01:00:30.831375 2026] [php:error] [pid 74459] [client 20.63.96.50:0] script '/domains/system_suspended/item.php' not found or unable to stat
[Tue Mar 03 01:00:30.860211 2026] [php:error] [pid 74460] [client 20.63.83.113:0] script '/domains/astrosfm/wp-file.php' not found or unable to stat
[Tue Mar 03 01:00:30.875750 2026] [php:error] [pid 74459] [client 20.63.96.50:0] script '/domains/system_suspended/ww.php' not found or unable to stat
[Tue Mar 03 01:00:30.893619 2026] [php:error] [pid 74460] [client 20.63.83.113:0] script '/domains/astrosfm/wp-singin.php' not found or unable to stat
[Tue Mar 03 01:00:30.984227 2026] [php:error] [pid 74459] [client 20.63.96.50:0] script '/domains/system_suspended/ftyude.php' not found or unable to stat
[Tue Mar 03 01:00:30.993876 2026] [php:error] [pid 74460] [client 20.63.83.113:0] script '/domains/astrosfm/shell.php' not found or unable to stat
[Tue Mar 03 01:00:31.030140 2026] [php:error] [pid 74459] [client 20.63.96.50:0] script '/domains/system_suspended/mh.php' not found or unable to stat
[Tue Mar 03 01:00:31.063595 2026] [php:error] [pid 74460] [client 20.63.83.113:0] script '/domains/astrosfm/wp-fmfile.php' not found or unable to stat
[Tue Mar 03 01:00:31.064046 2026] [php:error] [pid 74459] [client 20.63.96.50:0] script '/domains/system_suspended/1.php' not found or unable to stat
[Tue Mar 03 01:00:31.097145 2026] [php:error] [pid 74460] [client 20.63.83.113:0] script '/domains/astrosfm/inputs.php' not found or unable to stat
[Tue Mar 03 01:00:31.138164 2026] [php:error] [pid 74459] [client 20.63.96.50:0] script '/domains/system_suspended/edit.php' not found or unable to stat
[Tue Mar 03 01:00:31.152624 2026] [php:error] [pid 74460] [client 20.63.83.113:0] script '/domains/astrosfm/wp-theme.php' not found or unable to stat
[Tue Mar 03 01:00:31.186393 2026] [php:error] [pid 74460] [client 20.63.83.113:0] script '/domains/astrosfm/wi.php' not found or unable to stat
[Tue Mar 03 01:00:31.222428 2026] [php:error] [pid 74460] [client 20.63.83.113:0] script '/domains/astrosfm/php8.php' not found or unable to stat
[Tue Mar 03 01:00:31.252140 2026] [php:error] [pid 74459] [client 20.63.96.50:0] script '/domains/system_suspended/pp.php' not found or unable to stat
[Tue Mar 03 01:00:31.256024 2026] [php:error] [pid 74460] [client 20.63.83.113:0] script '/domains/astrosfm/tes.php' not found or unable to stat
[Tue Mar 03 01:00:31.294677 2026] [php:error] [pid 74460] [client 20.63.83.113:0] script '/domains/astrosfm/headers.php' not found or unable to stat
[Tue Mar 03 01:00:31.321859 2026] [php:error] [pid 74459] [client 20.63.96.50:0] script '/domains/system_suspended/sxdfrt.php' not found or unable to stat
[Tue Mar 03 01:00:31.328256 2026] [php:error] [pid 74460] [client 20.63.83.113:0] script '/domains/astrosfm/flower.php' not found or unable to stat
[Tue Mar 03 01:00:31.375329 2026] [php:error] [pid 74459] [client 20.63.96.50:0] script '/domains/system_suspended/yas.php' not found or unable to stat
[Tue Mar 03 01:00:31.409226 2026] [php:error] [pid 74459] [client 20.63.96.50:0] script '/domains/system_suspended/info.php' not found or unable to stat
[Tue Mar 03 01:00:31.449058 2026] [php:error] [pid 74459] [client 20.63.96.50:0] script '/domains/system_suspended/lp6.php' not found or unable to stat
[Tue Mar 03 01:00:31.478244 2026] [php:error] [pid 74460] [client 20.63.83.113:0] script '/domains/astrosfm/system_log.php' not found or unable to stat
[Tue Mar 03 01:00:31.511817 2026] [php:error] [pid 74460] [client 20.63.83.113:0] script '/domains/astrosfm/wp-gr.php' not found or unable to stat
[Tue Mar 03 01:00:31.522842 2026] [php:error] [pid 74459] [client 20.63.96.50:0] script '/domains/system_suspended/bgymj.php' not found or unable to stat
[Tue Mar 03 01:00:31.545460 2026] [php:error] [pid 74460] [client 20.63.83.113:0] script '/domains/astrosfm/dev.php' not found or unable to stat
[Tue Mar 03 01:00:31.563268 2026] [php:error] [pid 74459] [client 20.63.96.50:0] script '/domains/system_suspended/8.php' not found or unable to stat
[Tue Mar 03 01:00:31.579055 2026] [php:error] [pid 74460] [client 20.63.83.113:0] script '/domains/astrosfm/moon.php' not found or unable to stat
[Tue Mar 03 01:00:31.597626 2026] [php:error] [pid 74459] [client 20.63.96.50:0] script '/domains/system_suspended/bolt.php' not found or unable to stat
[Tue Mar 03 01:00:31.621607 2026] [php:error] [pid 74460] [client 20.63.83.113:0] script '/domains/astrosfm/abcd.php' not found or unable to stat
[Tue Mar 03 01:00:31.655132 2026] [php:error] [pid 74460] [client 20.63.83.113:0] script '/domains/astrosfm/we.php' not found or unable to stat
[Tue Mar 03 01:00:31.665983 2026] [php:error] [pid 74459] [client 20.63.96.50:0] script '/domains/system_suspended/666.php' not found or unable to stat
[Tue Mar 03 01:00:31.699709 2026] [php:error] [pid 74459] [client 20.63.96.50:0] script '/domains/system_suspended/moshou.php' not found or unable to stat
[Tue Mar 03 01:00:31.705806 2026] [php:error] [pid 74460] [client 20.63.83.113:0] script '/domains/astrosfm/a1.php' not found or unable to stat
[Tue Mar 03 01:00:31.739546 2026] [php:error] [pid 74460] [client 20.63.83.113:0] script '/domains/astrosfm/class20.php' not found or unable to stat
[Tue Mar 03 01:00:31.769905 2026] [php:error] [pid 74459] [client 20.63.96.50:0] script '/domains/system_suspended/jga.php' not found or unable to stat
[Tue Mar 03 01:00:31.773333 2026] [php:error] [pid 74460] [client 20.63.83.113:0] script '/domains/astrosfm/epinyins.php' not found or unable to stat
[Tue Mar 03 01:00:31.822607 2026] [php:error] [pid 74460] [client 20.63.83.113:0] script '/domains/astrosfm/asus.php' not found or unable to stat
[Tue Mar 03 01:00:31.826406 2026] [php:error] [pid 74459] [client 20.63.96.50:0] script '/domains/system_suspended/Jcrop.php' not found or unable to stat
[Tue Mar 03 01:00:31.913672 2026] [php:error] [pid 74460] [client 20.63.83.113:0] script '/domains/astrosfm/a2.php' not found or unable to stat
[Tue Mar 03 01:00:31.951088 2026] [php:error] [pid 74460] [client 20.63.83.113:0] script '/domains/astrosfm/av.php' not found or unable to stat
[Tue Mar 03 01:00:31.968395 2026] [php:error] [pid 74459] [client 20.63.96.50:0] script '/domains/system_suspended/aa.php' not found or unable to stat
[Tue Mar 03 01:00:32.005951 2026] [php:error] [pid 74459] [client 20.63.96.50:0] script '/domains/system_suspended/ff1.php' not found or unable to stat
[Tue Mar 03 01:00:32.070323 2026] [php:error] [pid 74459] [client 20.63.96.50:0] script '/domains/system_suspended/wp-the.php' not found or unable to stat
[Tue Mar 03 01:00:32.119827 2026] [php:error] [pid 74459] [client 20.63.96.50:0] script '/domains/system_suspended/pass4.php' not found or unable to stat
[Tue Mar 03 01:00:32.153949 2026] [php:error] [pid 74459] [client 20.63.96.50:0] script '/domains/system_suspended/C1.php' not found or unable to stat
[Tue Mar 03 01:00:32.195884 2026] [php:error] [pid 74459] [client 20.63.96.50:0] script '/domains/system_suspended/gi.php' not found or unable to stat
[Tue Mar 03 01:00:32.229850 2026] [php:error] [pid 74459] [client 20.63.96.50:0] script '/domains/system_suspended/tkllu.php' not found or unable to stat
[Tue Mar 03 01:00:32.271109 2026] [php:error] [pid 74459] [client 20.63.96.50:0] script '/domains/system_suspended/fetch.php' not found or unable to stat
[Tue Mar 03 01:00:32.305155 2026] [php:error] [pid 74459] [client 20.63.96.50:0] script '/domains/system_suspended/66.php' not found or unable to stat
[Tue Mar 03 01:00:32.342885 2026] [php:error] [pid 74459] [client 20.63.96.50:0] script '/domains/system_suspended/1index.php' not found or unable to stat
[Tue Mar 03 01:00:32.390561 2026] [php:error] [pid 74459] [client 20.63.96.50:0] script '/domains/system_suspended/wander.php' not found or unable to stat
[Tue Mar 03 01:00:32.427793 2026] [php:error] [pid 74459] [client 20.63.96.50:0] script '/domains/system_suspended/makeasmtp.php' not found or unable to stat
[Tue Mar 03 01:00:32.463165 2026] [php:error] [pid 74459] [client 20.63.96.50:0] script '/domains/system_suspended/xtsr.php' not found or unable to stat
[Tue Mar 03 01:00:32.516517 2026] [php:error] [pid 74459] [client 20.63.96.50:0] script '/domains/system_suspended/Masks.php' not found or unable to stat
[Tue Mar 03 01:00:32.553577 2026] [php:error] [pid 74459] [client 20.63.96.50:0] script '/domains/system_suspended/Geforce.php' not found or unable to stat
[Tue Mar 03 01:00:32.587762 2026] [php:error] [pid 74459] [client 20.63.96.50:0] script '/domains/system_suspended/jb33.php' not found or unable to stat
[Tue Mar 03 01:00:32.642995 2026] [php:error] [pid 74459] [client 20.63.96.50:0] script '/domains/system_suspended/vogme.php' not found or unable to stat
[Tue Mar 03 01:00:32.676805 2026] [php:error] [pid 74459] [client 20.63.96.50:0] script '/domains/system_suspended/grsiuk.php' not found or unable to stat
[Tue Mar 03 01:00:32.710763 2026] [php:error] [pid 74459] [client 20.63.96.50:0] script '/domains/system_suspended/inege.php' not found or unable to stat
[Tue Mar 03 01:00:32.745436 2026] [php:error] [pid 74459] [client 20.63.96.50:0] script '/domains/system_suspended/global.php' not found or unable to stat
[Tue Mar 03 01:00:32.781030 2026] [php:error] [pid 74459] [client 20.63.96.50:0] script '/domains/system_suspended/As.php' not found or unable to stat
[Tue Mar 03 01:00:32.821176 2026] [php:error] [pid 74459] [client 20.63.96.50:0] script '/domains/system_suspended/btx25.php' not found or unable to stat
[Tue Mar 03 01:00:32.855538 2026] [php:error] [pid 74459] [client 20.63.96.50:0] script '/domains/system_suspended/advanc.php' not found or unable to stat
[Tue Mar 03 01:00:32.909983 2026] [php:error] [pid 74459] [client 20.63.96.50:0] script '/domains/system_suspended/ahgag.php' not found or unable to stat
[Tue Mar 03 01:00:32.943769 2026] [php:error] [pid 74459] [client 20.63.96.50:0] script '/domains/system_suspended/yoawv.php' not found or unable to stat
[Tue Mar 03 01:00:32.991214 2026] [php:error] [pid 74459] [client 20.63.96.50:0] script '/domains/system_suspended/xogve.php' not found or unable to stat
[Tue Mar 03 01:00:33.029278 2026] [php:error] [pid 74459] [client 20.63.96.50:0] script '/domains/system_suspended/lp5.php' not found or unable to stat
[Tue Mar 03 01:00:33.100676 2026] [php:error] [pid 74459] [client 20.63.96.50:0] script '/domains/system_suspended/torsa1.php' not found or unable to stat
[Tue Mar 03 01:00:33.135536 2026] [php:error] [pid 74459] [client 20.63.96.50:0] script '/domains/system_suspended/an7.php' not found or unable to stat
[Tue Mar 03 01:00:33.169635 2026] [php:error] [pid 74459] [client 20.63.96.50:0] script '/domains/system_suspended/clcdu.php' not found or unable to stat
[Tue Mar 03 01:00:33.241043 2026] [php:error] [pid 74459] [client 20.63.96.50:0] script '/domains/system_suspended/uxijj.php' not found or unable to stat
[Tue Mar 03 01:00:33.275049 2026] [php:error] [pid 74459] [client 20.63.96.50:0] script '/domains/system_suspended/rkiea.php' not found or unable to stat
[Tue Mar 03 01:00:33.345052 2026] [php:error] [pid 74439] [client 20.63.96.50:0] script '/domains/system_suspended/resp.php' not found or unable to stat
[Tue Mar 03 01:00:33.378809 2026] [php:error] [pid 74439] [client 20.63.96.50:0] script '/domains/system_suspended/ppxhp.php' not found or unable to stat
[Tue Mar 03 01:00:33.445504 2026] [php:error] [pid 74439] [client 20.63.96.50:0] script '/domains/system_suspended/fs7.php' not found or unable to stat
[Tue Mar 03 01:00:33.478978 2026] [php:error] [pid 74439] [client 20.63.96.50:0] script '/domains/system_suspended/an7.php' not found or unable to stat
[Tue Mar 03 01:00:33.514671 2026] [php:error] [pid 74439] [client 20.63.96.50:0] script '/domains/system_suspended/yclby.php' not found or unable to stat
[Tue Mar 03 01:00:33.554497 2026] [php:error] [pid 74439] [client 20.63.96.50:0] script '/domains/system_suspended/100.kb.php' not found or unable to stat
[Tue Mar 03 01:00:33.589610 2026] [php:error] [pid 74439] [client 20.63.96.50:0] script '/domains/system_suspended/gec.php' not found or unable to stat
[Tue Mar 03 01:00:33.623516 2026] [php:error] [pid 74439] [client 20.63.96.50:0] script '/domains/system_suspended/zwq13.php' not found or unable to stat
[Tue Mar 03 01:00:33.683894 2026] [php:error] [pid 74439] [client 20.63.96.50:0] script '/domains/system_suspended/wqqs.php' not found or unable to stat
[Tue Mar 03 01:00:33.733014 2026] [php:error] [pid 74439] [client 20.63.96.50:0] script '/domains/system_suspended/wp_wlx.php' not found or unable to stat
[Tue Mar 03 01:00:33.767056 2026] [php:error] [pid 74439] [client 20.63.96.50:0] script '/domains/system_suspended/trx24.php' not found or unable to stat
[Tue Mar 03 01:00:33.800708 2026] [php:error] [pid 74439] [client 20.63.96.50:0] script '/domains/system_suspended/x123x.php' not found or unable to stat
[Tue Mar 03 01:00:33.837366 2026] [php:error] [pid 74439] [client 20.63.96.50:0] script '/domains/system_suspended/nc4.php' not found or unable to stat
[Tue Mar 03 01:00:33.886788 2026] [php:error] [pid 74439] [client 20.63.96.50:0] script '/domains/system_suspended/Ov-Simple1.php' not found or unable to stat
[Tue Mar 03 01:00:33.987813 2026] [php:error] [pid 74439] [client 20.63.96.50:0] script '/domains/system_suspended/xex.php' not found or unable to stat
[Tue Mar 03 01:00:34.031722 2026] [php:error] [pid 74439] [client 20.63.96.50:0] script '/domains/system_suspended/wp-file.php' not found or unable to stat
[Tue Mar 03 01:00:34.065140 2026] [php:error] [pid 74439] [client 20.63.96.50:0] script '/domains/system_suspended/wdf.php' not found or unable to stat
[Tue Mar 03 01:00:34.111018 2026] [php:error] [pid 74439] [client 20.63.96.50:0] script '/domains/system_suspended/ticket.php' not found or unable to stat
[Tue Mar 03 01:00:34.144497 2026] [php:error] [pid 74439] [client 20.63.96.50:0] script '/domains/system_suspended/state.php' not found or unable to stat
[Tue Mar 03 01:00:34.178047 2026] [php:error] [pid 74439] [client 20.63.96.50:0] script '/domains/system_suspended/403.php' not found or unable to stat
[Tue Mar 03 01:00:34.220724 2026] [php:error] [pid 74439] [client 20.63.96.50:0] script '/domains/system_suspended/xy.php' not found or unable to stat
[Tue Mar 03 01:00:34.254470 2026] [php:error] [pid 74439] [client 20.63.96.50:0] script '/domains/system_suspended/tool.php' not found or unable to stat
[Tue Mar 03 01:00:34.297896 2026] [php:error] [pid 74439] [client 20.63.96.50:0] script '/domains/system_suspended/wpls.php' not found or unable to stat
[Tue Mar 03 01:00:34.351475 2026] [php:error] [pid 74439] [client 20.63.96.50:0] script '/domains/system_suspended/mjq.php' not found or unable to stat
[Tue Mar 03 01:00:34.384942 2026] [php:error] [pid 74439] [client 20.63.96.50:0] script '/domains/system_suspended/wp-4doption1.php' not found or unable to stat
[Tue Mar 03 01:00:34.444996 2026] [php:error] [pid 74439] [client 20.63.96.50:0] script '/domains/system_suspended/img.php' not found or unable to stat
[Tue Mar 03 01:00:59.125352 2026] [php:error] [pid 74462] [client 145.239.10.137:0] script '/domains/machinadynamica/info.php' not found or unable to stat, referer: http://machinadynamica.com/info.php
[Tue Mar 03 01:00:59.135184 2026] [php:error] [pid 74446] [client 40.80.89.74:0] script '/domains/tinatina/inputs.php' not found or unable to stat
[Tue Mar 03 01:00:59.365909 2026] [php:error] [pid 74446] [client 40.80.89.74:0] script '/domains/tinatina/ioxi-o.php' not found or unable to stat
[Tue Mar 03 01:00:59.779782 2026] [php:error] [pid 74446] [client 40.80.89.74:0] script '/domains/tinatina/rip.php' not found or unable to stat
[Tue Mar 03 01:00:59.985694 2026] [php:error] [pid 74446] [client 40.80.89.74:0] script '/domains/tinatina/admin.php' not found or unable to stat
[Tue Mar 03 01:01:00.397580 2026] [php:error] [pid 74446] [client 40.80.89.74:0] script '/domains/tinatina/cache.php' not found or unable to stat
[Tue Mar 03 01:01:00.605408 2026] [php:error] [pid 74446] [client 40.80.89.74:0] script '/domains/tinatina/themes.php' not found or unable to stat
[Tue Mar 03 01:01:00.811333 2026] [php:error] [pid 74446] [client 40.80.89.74:0] script '/domains/tinatina/an.php' not found or unable to stat
[Tue Mar 03 01:01:01.429151 2026] [php:error] [pid 74446] [client 40.80.89.74:0] script '/domains/tinatina/ws.php' not found or unable to stat
[Tue Mar 03 01:01:01.635357 2026] [php:error] [pid 74446] [client 40.80.89.74:0] script '/domains/tinatina/404.php' not found or unable to stat
[Tue Mar 03 01:01:02.047923 2026] [php:error] [pid 74446] [client 40.80.89.74:0] script '/domains/tinatina/wp-conf.php' not found or unable to stat
[Tue Mar 03 01:01:02.459769 2026] [php:error] [pid 74446] [client 40.80.89.74:0] script '/domains/tinatina/wp-login.php' not found or unable to stat
[Tue Mar 03 01:01:02.666381 2026] [php:error] [pid 74446] [client 40.80.89.74:0] script '/domains/tinatina/abc.php' not found or unable to stat
[Tue Mar 03 01:01:02.872533 2026] [php:error] [pid 74446] [client 40.80.89.74:0] script '/domains/tinatina/abcd.php' not found or unable to stat
[Tue Mar 03 01:01:03.083696 2026] [php:error] [pid 74446] [client 40.80.89.74:0] script '/domains/tinatina/as.php' not found or unable to stat
[Tue Mar 03 01:01:03.289685 2026] [php:error] [pid 74446] [client 40.80.89.74:0] script '/domains/tinatina/wp-trackback.php' not found or unable to stat
[Tue Mar 03 01:01:03.495273 2026] [php:error] [pid 74446] [client 40.80.89.74:0] script '/domains/tinatina/about.php' not found or unable to stat
[Tue Mar 03 01:01:03.701488 2026] [php:error] [pid 74446] [client 40.80.89.74:0] script '/domains/tinatina/file.php' not found or unable to stat
[Tue Mar 03 01:01:03.907464 2026] [php:error] [pid 74446] [client 40.80.89.74:0] script '/domains/tinatina/adminfuns.php' not found or unable to stat
[Tue Mar 03 01:01:04.113326 2026] [php:error] [pid 74446] [client 40.80.89.74:0] script '/domains/tinatina/wp-good.php' not found or unable to stat
[Tue Mar 03 01:01:04.340662 2026] [php:error] [pid 74446] [client 40.80.89.74:0] script '/domains/tinatina/xmlrpc.php' not found or unable to stat
[Tue Mar 03 01:01:04.547280 2026] [php:error] [pid 74446] [client 40.80.89.74:0] script '/domains/tinatina/goods.php' not found or unable to stat
[Tue Mar 03 01:01:04.754280 2026] [php:error] [pid 74446] [client 40.80.89.74:0] script '/domains/tinatina/class-t.api.php' not found or unable to stat
[Tue Mar 03 01:01:04.968485 2026] [php:error] [pid 74446] [client 40.80.89.74:0] script '/domains/tinatina/sf.php' not found or unable to stat
[Tue Mar 03 01:01:05.174632 2026] [php:error] [pid 74446] [client 40.80.89.74:0] script '/domains/tinatina/kbfr.php' not found or unable to stat
[Tue Mar 03 01:01:05.381855 2026] [php:error] [pid 74446] [client 40.80.89.74:0] script '/domains/tinatina/autoload_classmap.php' not found or unable to stat
[Tue Mar 03 01:01:05.615799 2026] [php:error] [pid 74446] [client 40.80.89.74:0] script '/domains/tinatina/chosen.php' not found or unable to stat
[Tue Mar 03 01:01:05.821750 2026] [php:error] [pid 74446] [client 40.80.89.74:0] script '/domains/tinatina/classwithtostring.php' not found or unable to stat
[Tue Mar 03 01:01:06.028702 2026] [php:error] [pid 74446] [client 40.80.89.74:0] script '/domains/tinatina/defaults.php' not found or unable to stat
[Tue Mar 03 01:01:06.647425 2026] [php:error] [pid 74446] [client 40.80.89.74:0] script '/domains/tinatina/info.php' not found or unable to stat
[Tue Mar 03 01:01:21.741211 2026] [php:error] [pid 74464] [client 20.63.83.113:0] script '/domains/system_default/main.php' not found or unable to stat
[Tue Mar 03 01:01:21.779215 2026] [php:error] [pid 74464] [client 20.63.83.113:0] script '/domains/system_default/input.php' not found or unable to stat
[Tue Mar 03 01:01:21.815610 2026] [php:error] [pid 74464] [client 20.63.83.113:0] script '/domains/system_default/jquery.php' not found or unable to stat
[Tue Mar 03 01:01:21.853823 2026] [php:error] [pid 74464] [client 20.63.83.113:0] script '/domains/system_default/hehe.php' not found or unable to stat
[Tue Mar 03 01:01:21.890086 2026] [php:error] [pid 74464] [client 20.63.83.113:0] script '/domains/system_default/02.php' not found or unable to stat
[Tue Mar 03 01:01:21.969133 2026] [php:error] [pid 74464] [client 20.63.83.113:0] script '/domains/system_default/fi2.php' not found or unable to stat
[Tue Mar 03 01:01:22.002887 2026] [php:error] [pid 74464] [client 20.63.83.113:0] script '/domains/system_default/gecko-new.php' not found or unable to stat
[Tue Mar 03 01:01:22.049663 2026] [php:error] [pid 74464] [client 20.63.83.113:0] script '/domains/system_default/alfanew.php' not found or unable to stat
[Tue Mar 03 01:01:22.084815 2026] [php:error] [pid 74464] [client 20.63.83.113:0] script '/domains/system_default/text.php' not found or unable to stat
[Tue Mar 03 01:01:22.119497 2026] [php:error] [pid 74464] [client 20.63.83.113:0] script '/domains/system_default/f.php' not found or unable to stat
[Tue Mar 03 01:01:22.157087 2026] [php:error] [pid 74464] [client 20.63.83.113:0] script '/domains/system_default/cljntmcz.php' not found or unable to stat
[Tue Mar 03 01:01:22.201081 2026] [php:error] [pid 74464] [client 20.63.83.113:0] script '/domains/system_default/wp-links.php' not found or unable to stat
[Tue Mar 03 01:01:22.235175 2026] [php:error] [pid 74464] [client 20.63.83.113:0] script '/domains/system_default/xpw.php' not found or unable to stat
[Tue Mar 03 01:01:22.269030 2026] [php:error] [pid 74464] [client 20.63.83.113:0] script '/domains/system_default/cah.php' not found or unable to stat
[Tue Mar 03 01:01:22.303115 2026] [php:error] [pid 74464] [client 20.63.83.113:0] script '/domains/system_default/cong.php' not found or unable to stat
[Tue Mar 03 01:01:22.337074 2026] [php:error] [pid 74464] [client 20.63.83.113:0] script '/domains/system_default/ms-edit.php' not found or unable to stat
[Tue Mar 03 01:01:22.380786 2026] [php:error] [pid 74464] [client 20.63.83.113:0] script '/domains/system_default/function.php' not found or unable to stat
[Tue Mar 03 01:01:22.423550 2026] [php:error] [pid 74464] [client 20.63.83.113:0] script '/domains/system_default/send.php' not found or unable to stat
[Tue Mar 03 01:01:22.457674 2026] [php:error] [pid 74464] [client 20.63.83.113:0] script '/domains/system_default/ee.php' not found or unable to stat
[Tue Mar 03 01:01:22.500590 2026] [php:error] [pid 74464] [client 20.63.83.113:0] script '/domains/system_default/plugins.php' not found or unable to stat
[Tue Mar 03 01:01:22.544882 2026] [php:error] [pid 74464] [client 20.63.83.113:0] script '/domains/system_default/xxx.php' not found or unable to stat
[Tue Mar 03 01:01:22.655495 2026] [php:error] [pid 74464] [client 20.63.83.113:0] script '/domains/system_default/css.php' not found or unable to stat
[Tue Mar 03 01:01:22.746809 2026] [php:error] [pid 74464] [client 20.63.83.113:0] script '/domains/system_default/wp-content.php' not found or unable to stat
[Tue Mar 03 01:01:22.780998 2026] [php:error] [pid 74464] [client 20.63.83.113:0] script '/domains/system_default/6.php' not found or unable to stat
[Tue Mar 03 01:01:22.833067 2026] [php:error] [pid 74464] [client 20.63.83.113:0] script '/domains/system_default/berlin.php' not found or unable to stat
[Tue Mar 03 01:01:22.867207 2026] [php:error] [pid 74464] [client 20.63.83.113:0] script '/domains/system_default/f35.php' not found or unable to stat
[Tue Mar 03 01:01:23.144703 2026] [php:error] [pid 74464] [client 20.63.83.113:0] script '/domains/system_default/nakrip.php' not found or unable to stat
[Tue Mar 03 01:01:23.182057 2026] [php:error] [pid 74464] [client 20.63.83.113:0] script '/domains/system_default/radio.php' not found or unable to stat
[Tue Mar 03 01:01:23.216181 2026] [php:error] [pid 74464] [client 20.63.83.113:0] script '/domains/system_default/wp-file.php' not found or unable to stat
[Tue Mar 03 01:01:23.254246 2026] [php:error] [pid 74464] [client 20.63.83.113:0] script '/domains/system_default/wp-singin.php' not found or unable to stat
[Tue Mar 03 01:01:23.292131 2026] [php:error] [pid 74464] [client 20.63.83.113:0] script '/domains/system_default/shell.php' not found or unable to stat
[Tue Mar 03 01:01:23.328252 2026] [php:error] [pid 74464] [client 20.63.83.113:0] script '/domains/system_default/wp-fmfile.php' not found or unable to stat
[Tue Mar 03 01:01:23.362588 2026] [php:error] [pid 74464] [client 20.63.83.113:0] script '/domains/system_default/inputs.php' not found or unable to stat
[Tue Mar 03 01:01:23.401418 2026] [php:error] [pid 74464] [client 20.63.83.113:0] script '/domains/system_default/wp-theme.php' not found or unable to stat
[Tue Mar 03 01:01:23.435827 2026] [php:error] [pid 74464] [client 20.63.83.113:0] script '/domains/system_default/wi.php' not found or unable to stat
[Tue Mar 03 01:01:23.470476 2026] [php:error] [pid 74464] [client 20.63.83.113:0] script '/domains/system_default/php8.php' not found or unable to stat
[Tue Mar 03 01:01:23.504805 2026] [php:error] [pid 74464] [client 20.63.83.113:0] script '/domains/system_default/tes.php' not found or unable to stat
[Tue Mar 03 01:01:23.543619 2026] [php:error] [pid 74464] [client 20.63.83.113:0] script '/domains/system_default/headers.php' not found or unable to stat
[Tue Mar 03 01:01:23.597374 2026] [php:error] [pid 74464] [client 20.63.83.113:0] script '/domains/system_default/flower.php' not found or unable to stat
[Tue Mar 03 01:01:23.631253 2026] [php:error] [pid 74464] [client 20.63.83.113:0] script '/domains/system_default/system_log.php' not found or unable to stat
[Tue Mar 03 01:01:23.665158 2026] [php:error] [pid 74464] [client 20.63.83.113:0] script '/domains/system_default/wp-gr.php' not found or unable to stat
[Tue Mar 03 01:01:23.710606 2026] [php:error] [pid 74464] [client 20.63.83.113:0] script '/domains/system_default/dev.php' not found or unable to stat
[Tue Mar 03 01:01:23.744465 2026] [php:error] [pid 74464] [client 20.63.83.113:0] script '/domains/system_default/moon.php' not found or unable to stat
[Tue Mar 03 01:01:23.794995 2026] [php:error] [pid 74464] [client 20.63.83.113:0] script '/domains/system_default/abcd.php' not found or unable to stat
[Tue Mar 03 01:01:23.834528 2026] [php:error] [pid 74464] [client 20.63.83.113:0] script '/domains/system_default/we.php' not found or unable to stat
[Tue Mar 03 01:01:23.868539 2026] [php:error] [pid 74464] [client 20.63.83.113:0] script '/domains/system_default/a1.php' not found or unable to stat
[Tue Mar 03 01:01:23.914311 2026] [php:error] [pid 74464] [client 20.63.83.113:0] script '/domains/system_default/class20.php' not found or unable to stat
[Tue Mar 03 01:01:23.954292 2026] [php:error] [pid 74464] [client 20.63.83.113:0] script '/domains/system_default/epinyins.php' not found or unable to stat
[Tue Mar 03 01:01:24.033455 2026] [php:error] [pid 74464] [client 20.63.83.113:0] script '/domains/system_default/asus.php' not found or unable to stat
[Tue Mar 03 01:01:24.067400 2026] [php:error] [pid 74464] [client 20.63.83.113:0] script '/domains/system_default/a2.php' not found or unable to stat
[Tue Mar 03 01:01:24.128940 2026] [php:error] [pid 74464] [client 20.63.83.113:0] script '/domains/system_default/av.php' not found or unable to stat
[Tue Mar 03 01:01:50.352223 2026] [php:error] [pid 74475] [client 20.53.240.38:0] script '/domains/rfisher.dnai/inputs.php' not found or unable to stat
[Tue Mar 03 01:01:50.565839 2026] [php:error] [pid 74475] [client 20.53.240.38:0] script '/domains/rfisher.dnai/ioxi-o.php' not found or unable to stat
[Tue Mar 03 01:01:50.995702 2026] [php:error] [pid 74475] [client 20.53.240.38:0] script '/domains/rfisher.dnai/rip.php' not found or unable to stat
[Tue Mar 03 01:01:51.209484 2026] [php:error] [pid 74475] [client 20.53.240.38:0] script '/domains/rfisher.dnai/admin.php' not found or unable to stat
[Tue Mar 03 01:01:51.639895 2026] [php:error] [pid 74475] [client 20.53.240.38:0] script '/domains/rfisher.dnai/cache.php' not found or unable to stat
[Tue Mar 03 01:01:51.853494 2026] [php:error] [pid 74475] [client 20.53.240.38:0] script '/domains/rfisher.dnai/themes.php' not found or unable to stat
[Tue Mar 03 01:01:52.097906 2026] [php:error] [pid 74475] [client 20.53.240.38:0] script '/domains/rfisher.dnai/an.php' not found or unable to stat
[Tue Mar 03 01:01:52.738550 2026] [php:error] [pid 74475] [client 20.53.240.38:0] script '/domains/rfisher.dnai/ws.php' not found or unable to stat
[Tue Mar 03 01:01:52.952758 2026] [php:error] [pid 74475] [client 20.53.240.38:0] script '/domains/rfisher.dnai/404.php' not found or unable to stat
[Tue Mar 03 01:01:53.383028 2026] [php:error] [pid 74475] [client 20.53.240.38:0] script '/domains/rfisher.dnai/wp-conf.php' not found or unable to stat
[Tue Mar 03 01:01:53.832164 2026] [php:error] [pid 74475] [client 20.53.240.38:0] script '/domains/rfisher.dnai/wp-login.php' not found or unable to stat
[Tue Mar 03 01:01:54.048555 2026] [php:error] [pid 74475] [client 20.53.240.38:0] script '/domains/rfisher.dnai/abc.php' not found or unable to stat
[Tue Mar 03 01:01:54.288071 2026] [php:error] [pid 74475] [client 20.53.240.38:0] script '/domains/rfisher.dnai/abcd.php' not found or unable to stat
[Tue Mar 03 01:01:54.501736 2026] [php:error] [pid 74475] [client 20.53.240.38:0] script '/domains/rfisher.dnai/as.php' not found or unable to stat
[Tue Mar 03 01:01:54.715398 2026] [php:error] [pid 74475] [client 20.53.240.38:0] script '/domains/rfisher.dnai/wp-trackback.php' not found or unable to stat
[Tue Mar 03 01:01:54.929164 2026] [php:error] [pid 74475] [client 20.53.240.38:0] script '/domains/rfisher.dnai/about.php' not found or unable to stat
[Tue Mar 03 01:01:55.143192 2026] [php:error] [pid 74475] [client 20.53.240.38:0] script '/domains/rfisher.dnai/file.php' not found or unable to stat
[Tue Mar 03 01:01:55.357777 2026] [php:error] [pid 74475] [client 20.53.240.38:0] script '/domains/rfisher.dnai/adminfuns.php' not found or unable to stat
[Tue Mar 03 01:01:55.571556 2026] [php:error] [pid 74475] [client 20.53.240.38:0] script '/domains/rfisher.dnai/wp-good.php' not found or unable to stat
[Tue Mar 03 01:01:55.809921 2026] [php:error] [pid 74475] [client 20.53.240.38:0] script '/domains/rfisher.dnai/xmlrpc.php' not found or unable to stat
[Tue Mar 03 01:01:56.048816 2026] [php:error] [pid 74475] [client 20.53.240.38:0] script '/domains/rfisher.dnai/goods.php' not found or unable to stat
[Tue Mar 03 01:01:56.284423 2026] [php:error] [pid 74475] [client 20.53.240.38:0] script '/domains/rfisher.dnai/class-t.api.php' not found or unable to stat
[Tue Mar 03 01:01:56.498485 2026] [php:error] [pid 74475] [client 20.53.240.38:0] script '/domains/rfisher.dnai/sf.php' not found or unable to stat
[Tue Mar 03 01:01:56.712138 2026] [php:error] [pid 74475] [client 20.53.240.38:0] script '/domains/rfisher.dnai/kbfr.php' not found or unable to stat
[Tue Mar 03 01:01:56.925595 2026] [php:error] [pid 74475] [client 20.53.240.38:0] script '/domains/rfisher.dnai/autoload_classmap.php' not found or unable to stat
[Tue Mar 03 01:01:57.139054 2026] [php:error] [pid 74475] [client 20.53.240.38:0] script '/domains/rfisher.dnai/chosen.php' not found or unable to stat
[Tue Mar 03 01:01:57.352750 2026] [php:error] [pid 74475] [client 20.53.240.38:0] script '/domains/rfisher.dnai/classwithtostring.php' not found or unable to stat
[Tue Mar 03 01:01:57.577896 2026] [php:error] [pid 74475] [client 20.53.240.38:0] script '/domains/rfisher.dnai/defaults.php' not found or unable to stat
[Tue Mar 03 01:01:58.226361 2026] [php:error] [pid 74475] [client 20.53.240.38:0] script '/domains/rfisher.dnai/info.php' not found or unable to stat
[Tue Mar 03 01:01:58.295038 2026] [php:error] [pid 74480] [client 4.193.248.52:0] script '/domains/system_suspended/222.php' not found or unable to stat
[Tue Mar 03 01:01:58.525430 2026] [php:error] [pid 74480] [client 4.193.248.52:0] script '/domains/system_suspended/404.php' not found or unable to stat
[Tue Mar 03 01:01:58.755890 2026] [php:error] [pid 74480] [client 4.193.248.52:0] script '/domains/system_suspended/about.php' not found or unable to stat
[Tue Mar 03 01:01:58.987752 2026] [php:error] [pid 74480] [client 4.193.248.52:0] script '/domains/system_suspended/admin.php' not found or unable to stat
[Tue Mar 03 01:01:59.238427 2026] [php:error] [pid 74480] [client 4.193.248.52:0] script '/domains/system_suspended/adminfuns.php' not found or unable to stat
[Tue Mar 03 01:01:59.469493 2026] [php:error] [pid 74480] [client 4.193.248.52:0] script '/domains/system_suspended/bless.php' not found or unable to stat
[Tue Mar 03 01:01:59.708407 2026] [php:error] [pid 74480] [client 4.193.248.52:0] script '/domains/system_suspended/bolt.php' not found or unable to stat
[Tue Mar 03 01:01:59.943202 2026] [php:error] [pid 74480] [client 4.193.248.52:0] script '/domains/system_suspended/ccou.php' not found or unable to stat
[Tue Mar 03 01:02:00.180110 2026] [php:error] [pid 74480] [client 4.193.248.52:0] script '/domains/system_suspended/class-t.api.php' not found or unable to stat
[Tue Mar 03 01:02:00.427740 2026] [php:error] [pid 74480] [client 4.193.248.52:0] script '/domains/system_suspended/css.php' not found or unable to stat
[Tue Mar 03 01:02:00.904544 2026] [php:error] [pid 74480] [client 4.193.248.52:0] script '/domains/system_suspended/edit.php' not found or unable to stat
[Tue Mar 03 01:02:01.136231 2026] [php:error] [pid 74480] [client 4.193.248.52:0] script '/domains/system_suspended/fff.php' not found or unable to stat
[Tue Mar 03 01:02:01.366746 2026] [php:error] [pid 74480] [client 4.193.248.52:0] script '/domains/system_suspended/file.php' not found or unable to stat
[Tue Mar 03 01:02:01.597794 2026] [php:error] [pid 74480] [client 4.193.248.52:0] script '/domains/system_suspended/fx.php' not found or unable to stat
[Tue Mar 03 01:02:01.839081 2026] [php:error] [pid 74480] [client 4.193.248.52:0] script '/domains/system_suspended/info.php' not found or unable to stat
[Tue Mar 03 01:02:02.070115 2026] [php:error] [pid 74480] [client 4.193.248.52:0] script '/domains/system_suspended/ioxi-o.php' not found or unable to stat
[Tue Mar 03 01:02:02.300780 2026] [php:error] [pid 74480] [client 4.193.248.52:0] script '/domains/system_suspended/rip.php' not found or unable to stat
[Tue Mar 03 01:02:02.531361 2026] [php:error] [pid 74480] [client 4.193.248.52:0] script '/domains/system_suspended/server.php' not found or unable to stat
[Tue Mar 03 01:02:02.761776 2026] [php:error] [pid 74480] [client 4.193.248.52:0] script '/domains/system_suspended/wp-blog.php' not found or unable to stat
[Tue Mar 03 01:02:04.144736 2026] [php:error] [pid 74480] [client 4.193.248.52:0] script '/domains/system_suspended/wp-editor.php' not found or unable to stat
[Tue Mar 03 01:02:05.296931 2026] [php:error] [pid 74480] [client 4.193.248.52:0] script '/domains/system_suspended/wp.php' not found or unable to stat
[Tue Mar 03 01:02:05.527565 2026] [php:error] [pid 74480] [client 4.193.248.52:0] script '/domains/system_suspended/x.php' not found or unable to stat
[Tue Mar 03 01:02:48.404753 2026] [php:error] [pid 74484] [client 20.63.41.168:0] script '/domains/thuebner/vv.php' not found or unable to stat
[Tue Mar 03 01:02:48.438436 2026] [php:error] [pid 74484] [client 20.63.41.168:0] script '/domains/thuebner/fff.php' not found or unable to stat
[Tue Mar 03 01:02:48.472098 2026] [php:error] [pid 74484] [client 20.63.41.168:0] script '/domains/thuebner/wp-scxy.php' not found or unable to stat
[Tue Mar 03 01:02:48.505889 2026] [php:error] [pid 74484] [client 20.63.41.168:0] script '/domains/thuebner/ccou1.php' not found or unable to stat
[Tue Mar 03 01:02:48.539415 2026] [php:error] [pid 74484] [client 20.63.41.168:0] script '/domains/thuebner/wp-the1.php' not found or unable to stat
