[Tue Mar 03 02:10:31.059918 2026] [php:error] [pid 75293] [client 20.220.232.240:0] script '/domains/rainho/file52.php' not found or unable to stat
[Tue Mar 03 02:10:31.094284 2026] [php:error] [pid 75293] [client 20.220.232.240:0] script '/domains/rainho/tax.php' not found or unable to stat
[Tue Mar 03 02:10:31.128345 2026] [php:error] [pid 75293] [client 20.220.232.240:0] script '/domains/rainho/an7.php' not found or unable to stat
[Tue Mar 03 02:10:31.162227 2026] [php:error] [pid 75293] [client 20.220.232.240:0] script '/domains/rainho/ty.php' not found or unable to stat
[Tue Mar 03 02:10:31.196275 2026] [php:error] [pid 75293] [client 20.220.232.240:0] script '/domains/rainho/brc.php' not found or unable to stat
[Tue Mar 03 02:10:31.232466 2026] [php:error] [pid 75293] [client 20.220.232.240:0] script '/domains/rainho/koiy.php' not found or unable to stat
[Tue Mar 03 02:10:31.266336 2026] [php:error] [pid 75293] [client 20.220.232.240:0] script '/domains/rainho/myfile.php' not found or unable to stat
[Tue Mar 03 02:10:31.335018 2026] [php:error] [pid 75293] [client 20.220.232.240:0] script '/domains/rainho/Ov-Simple1.php' not found or unable to stat
[Tue Mar 03 02:10:31.371553 2026] [php:error] [pid 75293] [client 20.220.232.240:0] script '/domains/rainho/gool.php' not found or unable to stat
[Tue Mar 03 02:10:31.408058 2026] [php:error] [pid 75293] [client 20.220.232.240:0] script '/domains/rainho/a1vx.php' not found or unable to stat
[Tue Mar 03 02:10:31.441992 2026] [php:error] [pid 75293] [client 20.220.232.240:0] script '/domains/rainho/mans.php' not found or unable to stat
[Tue Mar 03 02:10:31.497168 2026] [php:error] [pid 75293] [client 20.220.232.240:0] script '/domains/rainho/rum.php' not found or unable to stat
[Tue Mar 03 02:10:31.531250 2026] [php:error] [pid 75293] [client 20.220.232.240:0] script '/domains/rainho/sbhu.php' not found or unable to stat
[Tue Mar 03 02:10:31.565400 2026] [php:error] [pid 75293] [client 20.220.232.240:0] script '/domains/rainho/wio.php' not found or unable to stat
[Tue Mar 03 02:10:31.599366 2026] [php:error] [pid 75293] [client 20.220.232.240:0] script '/domains/rainho/clasa99.php' not found or unable to stat
[Tue Mar 03 02:10:31.667788 2026] [php:error] [pid 75293] [client 20.220.232.240:0] script '/domains/rainho/ws62.php' not found or unable to stat
[Tue Mar 03 02:10:31.705892 2026] [php:error] [pid 75293] [client 20.220.232.240:0] script '/domains/rainho/new4.php' not found or unable to stat
[Tue Mar 03 02:10:31.740114 2026] [php:error] [pid 75293] [client 20.220.232.240:0] script '/domains/rainho/666.php' not found or unable to stat
[Tue Mar 03 02:10:31.774115 2026] [php:error] [pid 75293] [client 20.220.232.240:0] script '/domains/rainho/co.php' not found or unable to stat
[Tue Mar 03 02:10:31.808247 2026] [php:error] [pid 75293] [client 20.220.232.240:0] script '/domains/rainho/cxc.php' not found or unable to stat
[Tue Mar 03 02:10:31.837610 2026] [php:error] [pid 75290] [client 45.133.5.191:0] script '/domains/bburke/as.php' not found or unable to stat
[Tue Mar 03 02:10:31.842156 2026] [php:error] [pid 75293] [client 20.220.232.240:0] script '/domains/rainho/gjm.php' not found or unable to stat
[Tue Mar 03 02:10:31.879673 2026] [php:error] [pid 75293] [client 20.220.232.240:0] script '/domains/rainho/ex.php' not found or unable to stat
[Tue Mar 03 02:10:31.913469 2026] [php:error] [pid 75293] [client 20.220.232.240:0] script '/domains/rainho/post.php' not found or unable to stat
[Tue Mar 03 02:10:31.947722 2026] [php:error] [pid 75293] [client 20.220.232.240:0] script '/domains/rainho/wpo.php' not found or unable to stat
[Tue Mar 03 02:10:31.981808 2026] [php:error] [pid 75293] [client 20.220.232.240:0] script '/domains/rainho/jq.php' not found or unable to stat
[Tue Mar 03 02:10:32.016085 2026] [php:error] [pid 75293] [client 20.220.232.240:0] script '/domains/rainho/x7.php' not found or unable to stat
[Tue Mar 03 02:10:32.046780 2026] [php:error] [pid 75290] [client 45.133.5.191:0] script '/domains/bburke/cc.php' not found or unable to stat
[Tue Mar 03 02:10:32.052313 2026] [php:error] [pid 75293] [client 20.220.232.240:0] script '/domains/rainho/bes.php' not found or unable to stat
[Tue Mar 03 02:10:32.121079 2026] [php:error] [pid 75272] [client 20.220.232.240:0] script '/domains/rainho/sadd.php' not found or unable to stat
[Tue Mar 03 02:10:32.154862 2026] [php:error] [pid 75272] [client 20.220.232.240:0] script '/domains/rainho/vgtyu.php' not found or unable to stat
[Tue Mar 03 02:10:32.188778 2026] [php:error] [pid 75272] [client 20.220.232.240:0] script '/domains/rainho/166.php' not found or unable to stat
[Tue Mar 03 02:10:32.231150 2026] [php:error] [pid 75272] [client 20.220.232.240:0] script '/domains/rainho/fs.php' not found or unable to stat
[Tue Mar 03 02:10:32.264906 2026] [php:error] [pid 75272] [client 20.220.232.240:0] script '/domains/rainho/c4.php' not found or unable to stat
[Tue Mar 03 02:10:32.302677 2026] [php:error] [pid 75272] [client 20.220.232.240:0] script '/domains/rainho/eauu.php' not found or unable to stat
[Tue Mar 03 02:10:32.336823 2026] [php:error] [pid 75272] [client 20.220.232.240:0] script '/domains/rainho/fasx.php' not found or unable to stat
[Tue Mar 03 02:10:32.371417 2026] [php:error] [pid 75272] [client 20.220.232.240:0] script '/domains/rainho/opts.php' not found or unable to stat
[Tue Mar 03 02:10:32.405556 2026] [php:error] [pid 75272] [client 20.220.232.240:0] script '/domains/rainho/nzv.php' not found or unable to stat
[Tue Mar 03 02:10:32.443063 2026] [php:error] [pid 75272] [client 20.220.232.240:0] script '/domains/rainho/grsiuk.php' not found or unable to stat
[Tue Mar 03 02:10:32.477286 2026] [php:error] [pid 75272] [client 20.220.232.240:0] script '/domains/rainho/byp8.php' not found or unable to stat
[Tue Mar 03 02:10:32.511832 2026] [php:error] [pid 75272] [client 20.220.232.240:0] script '/domains/rainho/nhr.php' not found or unable to stat
[Tue Mar 03 02:10:32.545789 2026] [php:error] [pid 75272] [client 20.220.232.240:0] script '/domains/rainho/wp-access.php' not found or unable to stat
[Tue Mar 03 02:10:32.580573 2026] [php:error] [pid 75272] [client 20.220.232.240:0] script '/domains/rainho/ws79.php' not found or unable to stat
[Tue Mar 03 02:10:32.616184 2026] [php:error] [pid 75272] [client 20.220.232.240:0] script '/domains/rainho/1061.php' not found or unable to stat
[Tue Mar 03 02:10:32.648095 2026] [php:error] [pid 75290] [client 45.133.5.191:0] script '/domains/bburke/ab.php' not found or unable to stat
[Tue Mar 03 02:10:32.649900 2026] [php:error] [pid 75272] [client 20.220.232.240:0] script '/domains/rainho/zwq13.php' not found or unable to stat
[Tue Mar 03 02:10:32.683479 2026] [php:error] [pid 75272] [client 20.220.232.240:0] script '/domains/rainho/hello.php' not found or unable to stat
[Tue Mar 03 02:10:32.717331 2026] [php:error] [pid 75272] [client 20.220.232.240:0] script '/domains/rainho/05.php' not found or unable to stat
[Tue Mar 03 02:10:32.751619 2026] [php:error] [pid 75272] [client 20.220.232.240:0] script '/domains/rainho/zxin.php' not found or unable to stat
[Tue Mar 03 02:10:32.785213 2026] [php:error] [pid 75272] [client 20.220.232.240:0] script '/domains/rainho/fff.php' not found or unable to stat
[Tue Mar 03 02:10:32.819306 2026] [php:error] [pid 75272] [client 20.220.232.240:0] script '/domains/rainho/wp5.php' not found or unable to stat
[Tue Mar 03 02:10:32.854631 2026] [php:error] [pid 75272] [client 20.220.232.240:0] script '/domains/rainho/wp-good.php' not found or unable to stat
[Tue Mar 03 02:10:32.888650 2026] [php:error] [pid 75272] [client 20.220.232.240:0] script '/domains/rainho/iko.php' not found or unable to stat
[Tue Mar 03 02:10:32.922376 2026] [php:error] [pid 75272] [client 20.220.232.240:0] script '/domains/rainho/xmy.php' not found or unable to stat
[Tue Mar 03 02:10:32.956279 2026] [php:error] [pid 75272] [client 20.220.232.240:0] script '/domains/rainho/fun.php' not found or unable to stat
[Tue Mar 03 02:10:32.990036 2026] [php:error] [pid 75272] [client 20.220.232.240:0] script '/domains/rainho/end.php' not found or unable to stat
[Tue Mar 03 02:10:33.023717 2026] [php:error] [pid 75272] [client 20.220.232.240:0] script '/domains/rainho/ah25.php' not found or unable to stat
[Tue Mar 03 02:10:33.091521 2026] [php:error] [pid 75272] [client 20.220.232.240:0] script '/domains/rainho/error1.php' not found or unable to stat
[Tue Mar 03 02:10:33.125040 2026] [php:error] [pid 75272] [client 20.220.232.240:0] script '/domains/rainho/thui.php' not found or unable to stat
[Tue Mar 03 02:10:33.158831 2026] [php:error] [pid 75272] [client 20.220.232.240:0] script '/domains/rainho/ff1.php' not found or unable to stat
[Tue Mar 03 02:10:33.226114 2026] [php:error] [pid 75272] [client 20.220.232.240:0] script '/domains/rainho/wp-act.php' not found or unable to stat
[Tue Mar 03 02:10:33.259819 2026] [php:error] [pid 75272] [client 20.220.232.240:0] script '/domains/rainho/wp-the.php' not found or unable to stat
[Tue Mar 03 02:10:33.293482 2026] [php:error] [pid 75272] [client 20.220.232.240:0] script '/domains/rainho/rpk.php' not found or unable to stat
[Tue Mar 03 02:10:33.329172 2026] [php:error] [pid 75272] [client 20.220.232.240:0] script '/domains/rainho/ms.php' not found or unable to stat
[Tue Mar 03 02:10:33.351329 2026] [php:error] [pid 75290] [client 45.133.5.191:0] script '/domains/bburke/doc.php' not found or unable to stat
[Tue Mar 03 02:10:33.373213 2026] [php:error] [pid 75272] [client 20.220.232.240:0] script '/domains/rainho/155.php' not found or unable to stat
[Tue Mar 03 02:10:33.408995 2026] [php:error] [pid 75272] [client 20.220.232.240:0] script '/domains/rainho/e.php' not found or unable to stat
[Tue Mar 03 02:10:33.445366 2026] [php:error] [pid 75272] [client 20.220.232.240:0] script '/domains/rainho/forbidals.php' not found or unable to stat
[Tue Mar 03 02:10:33.479447 2026] [php:error] [pid 75272] [client 20.220.232.240:0] script '/domains/rainho/X7x.php' not found or unable to stat
[Tue Mar 03 02:10:33.513351 2026] [php:error] [pid 75272] [client 20.220.232.240:0] script '/domains/rainho/ccou.php' not found or unable to stat
[Tue Mar 03 02:10:33.548986 2026] [php:error] [pid 75272] [client 20.220.232.240:0] script '/domains/rainho/get.php' not found or unable to stat
[Tue Mar 03 02:10:33.602646 2026] [php:error] [pid 75272] [client 20.220.232.240:0] script '/domains/rainho/koiy.php' not found or unable to stat
[Tue Mar 03 02:10:33.636250 2026] [php:error] [pid 75272] [client 20.220.232.240:0] script '/domains/rainho/ms.php' not found or unable to stat
[Tue Mar 03 02:10:33.670254 2026] [php:error] [pid 75272] [client 20.220.232.240:0] script '/domains/rainho/plugins.php' not found or unable to stat
[Tue Mar 03 02:10:33.704307 2026] [php:error] [pid 75272] [client 20.220.232.240:0] script '/domains/rainho/raw.php' not found or unable to stat
[Tue Mar 03 02:10:33.739591 2026] [php:error] [pid 75272] [client 20.220.232.240:0] script '/domains/rainho/mini.php' not found or unable to stat
[Tue Mar 03 02:10:33.773329 2026] [php:error] [pid 75272] [client 20.220.232.240:0] script '/domains/rainho/rtx.php' not found or unable to stat
[Tue Mar 03 02:10:33.807282 2026] [php:error] [pid 75272] [client 20.220.232.240:0] script '/domains/rainho/xda.php' not found or unable to stat
[Tue Mar 03 02:10:33.841226 2026] [php:error] [pid 75272] [client 20.220.232.240:0] script '/domains/rainho/erty.php' not found or unable to stat
[Tue Mar 03 02:10:33.875360 2026] [php:error] [pid 75272] [client 20.220.232.240:0] script '/domains/rainho/0.php' not found or unable to stat
[Tue Mar 03 02:10:33.919056 2026] [php:error] [pid 75272] [client 20.220.232.240:0] script '/domains/rainho/moon.php' not found or unable to stat
[Tue Mar 03 02:10:33.953350 2026] [php:error] [pid 75272] [client 20.220.232.240:0] script '/domains/rainho/8.php' not found or unable to stat
[Tue Mar 03 02:10:33.959746 2026] [php:error] [pid 75278] [client 20.63.210.169:0] script '/domains/kandg-pc/222.php' not found or unable to stat
[Tue Mar 03 02:10:33.990823 2026] [php:error] [pid 75272] [client 20.220.232.240:0] script '/domains/rainho/gec.php' not found or unable to stat
[Tue Mar 03 02:10:34.024743 2026] [php:error] [pid 75272] [client 20.220.232.240:0] script '/domains/rainho/sxdfrt.php' not found or unable to stat
[Tue Mar 03 02:10:34.058559 2026] [php:error] [pid 75272] [client 20.220.232.240:0] script '/domains/rainho/kj.php' not found or unable to stat
[Tue Mar 03 02:10:34.090805 2026] [php:error] [pid 75290] [client 45.133.5.191:0] script '/domains/bburke/wp-login.php' not found or unable to stat
[Tue Mar 03 02:10:34.092715 2026] [php:error] [pid 75272] [client 20.220.232.240:0] script '/domains/rainho/f6.php' not found or unable to stat
[Tue Mar 03 02:10:34.126911 2026] [php:error] [pid 75272] [client 20.220.232.240:0] script '/domains/rainho/ocxla.php' not found or unable to stat
[Tue Mar 03 02:10:34.137362 2026] [php:error] [pid 75278] [client 20.63.210.169:0] script '/domains/kandg-pc/404.php' not found or unable to stat
[Tue Mar 03 02:10:34.160645 2026] [php:error] [pid 75272] [client 20.220.232.240:0] script '/domains/rainho/god.php' not found or unable to stat
[Tue Mar 03 02:10:34.194446 2026] [php:error] [pid 75272] [client 20.220.232.240:0] script '/domains/rainho/cu.php' not found or unable to stat
[Tue Mar 03 02:10:34.233022 2026] [php:error] [pid 75272] [client 20.220.232.240:0] script '/domains/rainho/zz.php' not found or unable to stat
[Tue Mar 03 02:10:34.266953 2026] [php:error] [pid 75272] [client 20.220.232.240:0] script '/domains/rainho/xqq.php' not found or unable to stat
[Tue Mar 03 02:10:34.300636 2026] [php:error] [pid 75272] [client 20.220.232.240:0] script '/domains/rainho/sdsa.php' not found or unable to stat
[Tue Mar 03 02:10:34.302109 2026] [php:error] [pid 75290] [client 45.133.5.191:0] script '/domains/bburke/mar.php' not found or unable to stat
[Tue Mar 03 02:10:34.315013 2026] [php:error] [pid 75278] [client 20.63.210.169:0] script '/domains/kandg-pc/about.php' not found or unable to stat
[Tue Mar 03 02:10:34.334370 2026] [php:error] [pid 75272] [client 20.220.232.240:0] script '/domains/rainho/ms-edit.php' not found or unable to stat
[Tue Mar 03 02:10:34.368671 2026] [php:error] [pid 75272] [client 20.220.232.240:0] script '/domains/rainho/wp-conflg.php' not found or unable to stat
[Tue Mar 03 02:10:34.403485 2026] [php:error] [pid 75272] [client 20.220.232.240:0] script '/domains/rainho/un.php' not found or unable to stat
[Tue Mar 03 02:10:34.442447 2026] [php:error] [pid 75272] [client 20.220.232.240:0] script '/domains/rainho/100.kb.php' not found or unable to stat
[Tue Mar 03 02:10:34.477069 2026] [php:error] [pid 75272] [client 20.220.232.240:0] script '/domains/rainho/sid3.php' not found or unable to stat
[Tue Mar 03 02:10:34.492658 2026] [php:error] [pid 75278] [client 20.63.210.169:0] script '/domains/kandg-pc/admin.php' not found or unable to stat
[Tue Mar 03 02:10:34.670687 2026] [php:error] [pid 75278] [client 20.63.210.169:0] script '/domains/kandg-pc/adminfuns.php' not found or unable to stat
[Tue Mar 03 02:10:34.848524 2026] [php:error] [pid 75278] [client 20.63.210.169:0] script '/domains/kandg-pc/bless.php' not found or unable to stat
[Tue Mar 03 02:10:35.026306 2026] [php:error] [pid 75278] [client 20.63.210.169:0] script '/domains/kandg-pc/bolt.php' not found or unable to stat
[Tue Mar 03 02:10:35.204082 2026] [php:error] [pid 75278] [client 20.63.210.169:0] script '/domains/kandg-pc/ccou.php' not found or unable to stat
[Tue Mar 03 02:10:35.382060 2026] [php:error] [pid 75278] [client 20.63.210.169:0] script '/domains/kandg-pc/class-t.api.php' not found or unable to stat
[Tue Mar 03 02:10:35.485712 2026] [php:error] [pid 75290] [client 45.133.5.191:0] script '/domains/bburke/1.php' not found or unable to stat
[Tue Mar 03 02:10:35.559957 2026] [php:error] [pid 75278] [client 20.63.210.169:0] script '/domains/kandg-pc/css.php' not found or unable to stat
[Tue Mar 03 02:10:35.915554 2026] [php:error] [pid 75278] [client 20.63.210.169:0] script '/domains/kandg-pc/edit.php' not found or unable to stat
[Tue Mar 03 02:10:36.093423 2026] [php:error] [pid 75278] [client 20.63.210.169:0] script '/domains/kandg-pc/fff.php' not found or unable to stat
[Tue Mar 03 02:10:36.291583 2026] [php:error] [pid 75278] [client 20.63.210.169:0] script '/domains/kandg-pc/file.php' not found or unable to stat
[Tue Mar 03 02:10:36.469779 2026] [php:error] [pid 75278] [client 20.63.210.169:0] script '/domains/kandg-pc/fx.php' not found or unable to stat
[Tue Mar 03 02:10:36.647626 2026] [php:error] [pid 75278] [client 20.63.210.169:0] script '/domains/kandg-pc/info.php' not found or unable to stat
[Tue Mar 03 02:10:36.825546 2026] [php:error] [pid 75278] [client 20.63.210.169:0] script '/domains/kandg-pc/ioxi-o.php' not found or unable to stat
[Tue Mar 03 02:10:37.003405 2026] [php:error] [pid 75278] [client 20.63.210.169:0] script '/domains/kandg-pc/rip.php' not found or unable to stat
[Tue Mar 03 02:10:37.183151 2026] [php:error] [pid 75278] [client 20.63.210.169:0] script '/domains/kandg-pc/server.php' not found or unable to stat
[Tue Mar 03 02:10:37.361011 2026] [php:error] [pid 75278] [client 20.63.210.169:0] script '/domains/kandg-pc/wp-blog.php' not found or unable to stat
[Tue Mar 03 02:10:37.546563 2026] [php:error] [pid 75290] [client 45.133.5.191:0] script '/domains/bburke/fm.php' not found or unable to stat
[Tue Mar 03 02:10:38.426836 2026] [php:error] [pid 75278] [client 20.63.210.169:0] script '/domains/kandg-pc/wp-editor.php' not found or unable to stat
[Tue Mar 03 02:10:38.543200 2026] [php:error] [pid 75290] [client 45.133.5.191:0] script '/domains/bburke/ini.php' not found or unable to stat
[Tue Mar 03 02:10:39.314817 2026] [php:error] [pid 75278] [client 20.63.210.169:0] script '/domains/kandg-pc/wp.php' not found or unable to stat
[Tue Mar 03 02:10:39.499081 2026] [php:error] [pid 75278] [client 20.63.210.169:0] script '/domains/kandg-pc/x.php' not found or unable to stat
[Tue Mar 03 02:10:41.181098 2026] [php:error] [pid 75282] [client 45.133.5.182:0] script '/domains/bburke/wp-content.php' not found or unable to stat
[Tue Mar 03 02:10:42.448713 2026] [php:error] [pid 75282] [client 45.133.5.182:0] script '/domains/bburke/customize.php' not found or unable to stat
[Tue Mar 03 02:10:42.742640 2026] [php:error] [pid 75282] [client 45.133.5.182:0] script '/domains/bburke/license.php' not found or unable to stat
[Tue Mar 03 02:10:43.196898 2026] [php:error] [pid 75282] [client 45.133.5.182:0] script '/domains/bburke/lock.php' not found or unable to stat
[Tue Mar 03 02:10:44.956763 2026] [php:error] [pid 75282] [client 45.133.5.182:0] script '/domains/bburke/wp-good.php' not found or unable to stat
[Tue Mar 03 02:10:46.839911 2026] [php:error] [pid 75282] [client 45.133.5.182:0] script '/domains/bburke/ff2.php' not found or unable to stat
[Tue Mar 03 02:10:48.029731 2026] [php:error] [pid 75282] [client 45.133.5.182:0] script '/domains/bburke/jp.php' not found or unable to stat
[Tue Mar 03 02:10:48.389645 2026] [php:error] [pid 75282] [client 45.133.5.182:0] script '/domains/bburke/wp-atom.php' not found or unable to stat
[Tue Mar 03 02:10:48.870806 2026] [php:error] [pid 75282] [client 45.133.5.182:0] script '/domains/bburke/up.php' not found or unable to stat
[Tue Mar 03 02:10:50.396102 2026] [php:error] [pid 75282] [client 45.133.5.182:0] script '/domains/bburke/worm.PhP' not found or unable to stat
[Tue Mar 03 02:10:50.621292 2026] [php:error] [pid 75282] [client 45.133.5.182:0] script '/domains/bburke/ext.php' not found or unable to stat
[Tue Mar 03 02:10:50.914902 2026] [php:error] [pid 75282] [client 45.133.5.182:0] script '/domains/bburke/delpaths.php' not found or unable to stat
[Tue Mar 03 02:10:52.561059 2026] [php:error] [pid 75282] [client 45.133.5.182:0] script '/domains/bburke/gifclass.php' not found or unable to stat
[Tue Mar 03 02:10:52.934798 2026] [php:error] [pid 75282] [client 45.133.5.182:0] script '/domains/bburke/plugin.php' not found or unable to stat
[Tue Mar 03 02:10:53.373167 2026] [php:error] [pid 75282] [client 45.133.5.182:0] script '/domains/bburke/update-core.php' not found or unable to stat
[Tue Mar 03 02:10:53.889904 2026] [php:error] [pid 75282] [client 45.133.5.182:0] script '/domains/bburke/wp-mail.php' not found or unable to stat
[Tue Mar 03 02:10:56.630128 2026] [php:error] [pid 75272] [client 45.133.5.185:0] script '/domains/bburke/aa.php' not found or unable to stat
[Tue Mar 03 02:10:56.841042 2026] [php:error] [pid 75272] [client 45.133.5.185:0] script '/domains/bburke/index2.php' not found or unable to stat
[Tue Mar 03 02:10:58.140291 2026] [php:error] [pid 75272] [client 45.133.5.185:0] script '/domains/bburke/shell.php' not found or unable to stat
[Tue Mar 03 02:10:59.224120 2026] [php:error] [pid 75298] [client 20.104.206.150:0] script '/domains/system_default/config.php' not found or unable to stat
[Tue Mar 03 02:10:59.261481 2026] [php:error] [pid 75298] [client 20.104.206.150:0] script '/domains/system_default/wp-configss.php' not found or unable to stat
[Tue Mar 03 02:10:59.300676 2026] [php:error] [pid 75298] [client 20.104.206.150:0] script '/domains/system_default/ba.php' not found or unable to stat
[Tue Mar 03 02:10:59.337938 2026] [php:error] [pid 75298] [client 20.104.206.150:0] script '/domains/system_default/wp-mail.php' not found or unable to stat
[Tue Mar 03 02:10:59.340912 2026] [php:error] [pid 75272] [client 45.133.5.185:0] script '/domains/bburke/hehe.php' not found or unable to stat
[Tue Mar 03 02:10:59.375176 2026] [php:error] [pid 75298] [client 20.104.206.150:0] script '/domains/system_default/wp-mails.php' not found or unable to stat
[Tue Mar 03 02:10:59.411939 2026] [php:error] [pid 75298] [client 20.104.206.150:0] script '/domains/system_default/222.php' not found or unable to stat
[Tue Mar 03 02:10:59.449134 2026] [php:error] [pid 75298] [client 20.104.206.150:0] script '/domains/system_default/t00l.php' not found or unable to stat
[Tue Mar 03 02:11:00.144383 2026] [php:error] [pid 75272] [client 45.133.5.185:0] script '/domains/bburke/dir.php' not found or unable to stat
[Tue Mar 03 02:11:00.205462 2026] [php:error] [pid 75308] [client 145.239.10.137:0] script '/domains/tmandel/detail.php' not found or unable to stat, referer: http://tommymandel.com/detail.php
[Tue Mar 03 02:11:01.308275 2026] [php:error] [pid 75272] [client 45.133.5.185:0] script '/domains/bburke/nf_tracking.php' not found or unable to stat
[Tue Mar 03 02:11:01.892654 2026] [php:error] [pid 75272] [client 45.133.5.185:0] script '/domains/bburke/filefuns.php' not found or unable to stat
[Tue Mar 03 02:11:02.136314 2026] [php:error] [pid 75314] [client 40.115.138.121:0] script '/domains/machinadynamica/inputs.php' not found or unable to stat
[Tue Mar 03 02:11:02.306815 2026] [php:error] [pid 75314] [client 40.115.138.121:0] script '/domains/machinadynamica/ioxi-o.php' not found or unable to stat
[Tue Mar 03 02:11:02.316513 2026] [php:error] [pid 75272] [client 45.133.5.185:0] script '/domains/bburke/l.php' not found or unable to stat
[Tue Mar 03 02:11:02.530215 2026] [php:error] [pid 75272] [client 45.133.5.185:0] script '/domains/bburke/repeater.php' not found or unable to stat
[Tue Mar 03 02:11:02.672826 2026] [php:error] [pid 75314] [client 40.115.138.121:0] script '/domains/machinadynamica/rip.php' not found or unable to stat
[Tue Mar 03 02:11:02.843005 2026] [php:error] [pid 75314] [client 40.115.138.121:0] script '/domains/machinadynamica/admin.php' not found or unable to stat
[Tue Mar 03 02:11:03.184880 2026] [php:error] [pid 75314] [client 40.115.138.121:0] script '/domains/machinadynamica/cache.php' not found or unable to stat
[Tue Mar 03 02:11:03.241790 2026] [php:error] [pid 75272] [client 45.133.5.185:0] script '/domains/bburke/contacts.php' not found or unable to stat
[Tue Mar 03 02:11:03.355851 2026] [php:error] [pid 75314] [client 40.115.138.121:0] script '/domains/machinadynamica/themes.php' not found or unable to stat
[Tue Mar 03 02:11:03.445359 2026] [php:error] [pid 75272] [client 45.133.5.185:0] script '/domains/bburke/wsa.php' not found or unable to stat
[Tue Mar 03 02:11:03.548862 2026] [php:error] [pid 75314] [client 40.115.138.121:0] script '/domains/machinadynamica/an.php' not found or unable to stat
[Tue Mar 03 02:11:04.094129 2026] [php:error] [pid 75314] [client 40.115.138.121:0] script '/domains/machinadynamica/ws.php' not found or unable to stat
[Tue Mar 03 02:11:04.333872 2026] [php:error] [pid 75314] [client 40.115.138.121:0] script '/domains/machinadynamica/404.php' not found or unable to stat
[Tue Mar 03 02:11:04.708517 2026] [php:error] [pid 75314] [client 40.115.138.121:0] script '/domains/machinadynamica/wp-conf.php' not found or unable to stat
[Tue Mar 03 02:11:04.726937 2026] [php:error] [pid 75272] [client 45.133.5.185:0] script '/domains/bburke/lv.php' not found or unable to stat
[Tue Mar 03 02:11:04.944813 2026] [php:error] [pid 75272] [client 45.133.5.185:0] script '/domains/bburke/images/js1.php' not found or unable to stat
[Tue Mar 03 02:11:05.079003 2026] [php:error] [pid 75314] [client 40.115.138.121:0] script '/domains/machinadynamica/wp-login.php' not found or unable to stat
[Tue Mar 03 02:11:05.250006 2026] [php:error] [pid 75314] [client 40.115.138.121:0] script '/domains/machinadynamica/abc.php' not found or unable to stat
[Tue Mar 03 02:11:05.421883 2026] [php:error] [pid 75314] [client 40.115.138.121:0] script '/domains/machinadynamica/abcd.php' not found or unable to stat
[Tue Mar 03 02:11:05.592502 2026] [php:error] [pid 75314] [client 40.115.138.121:0] script '/domains/machinadynamica/as.php' not found or unable to stat
[Tue Mar 03 02:11:05.766361 2026] [php:error] [pid 75314] [client 40.115.138.121:0] script '/domains/machinadynamica/wp-trackback.php' not found or unable to stat
[Tue Mar 03 02:11:05.940267 2026] [php:error] [pid 75314] [client 40.115.138.121:0] script '/domains/machinadynamica/about.php' not found or unable to stat
[Tue Mar 03 02:11:06.117654 2026] [php:error] [pid 75314] [client 40.115.138.121:0] script '/domains/machinadynamica/file.php' not found or unable to stat
[Tue Mar 03 02:11:06.288231 2026] [php:error] [pid 75314] [client 40.115.138.121:0] script '/domains/machinadynamica/adminfuns.php' not found or unable to stat
[Tue Mar 03 02:11:06.459695 2026] [php:error] [pid 75314] [client 40.115.138.121:0] script '/domains/machinadynamica/wp-good.php' not found or unable to stat
[Tue Mar 03 02:11:06.655628 2026] [php:error] [pid 75314] [client 40.115.138.121:0] script '/domains/machinadynamica/xmlrpc.php' not found or unable to stat
[Tue Mar 03 02:11:06.825862 2026] [php:error] [pid 75314] [client 40.115.138.121:0] script '/domains/machinadynamica/goods.php' not found or unable to stat
[Tue Mar 03 02:11:06.995853 2026] [php:error] [pid 75314] [client 40.115.138.121:0] script '/domains/machinadynamica/class-t.api.php' not found or unable to stat
[Tue Mar 03 02:11:07.165869 2026] [php:error] [pid 75314] [client 40.115.138.121:0] script '/domains/machinadynamica/sf.php' not found or unable to stat
[Tue Mar 03 02:11:07.337688 2026] [php:error] [pid 75314] [client 40.115.138.121:0] script '/domains/machinadynamica/kbfr.php' not found or unable to stat
[Tue Mar 03 02:11:07.508634 2026] [php:error] [pid 75314] [client 40.115.138.121:0] script '/domains/machinadynamica/autoload_classmap.php' not found or unable to stat
[Tue Mar 03 02:11:07.679499 2026] [php:error] [pid 75314] [client 40.115.138.121:0] script '/domains/machinadynamica/chosen.php' not found or unable to stat
[Tue Mar 03 02:11:07.849750 2026] [php:error] [pid 75314] [client 40.115.138.121:0] script '/domains/machinadynamica/classwithtostring.php' not found or unable to stat
[Tue Mar 03 02:11:08.038708 2026] [php:error] [pid 75314] [client 40.115.138.121:0] script '/domains/machinadynamica/defaults.php' not found or unable to stat
[Tue Mar 03 02:11:08.436573 2026] [php:error] [pid 75294] [client 45.133.5.194:0] script '/domains/bburke/tox.php' not found or unable to stat
[Tue Mar 03 02:11:08.559661 2026] [php:error] [pid 75314] [client 40.115.138.121:0] script '/domains/machinadynamica/info.php' not found or unable to stat
[Tue Mar 03 02:11:09.493071 2026] [php:error] [pid 75294] [client 45.133.5.194:0] script '/domains/bburke/tiny.php' not found or unable to stat
[Tue Mar 03 02:11:09.972196 2026] [php:error] [pid 75294] [client 45.133.5.194:0] script '/domains/bburke/themes.php' not found or unable to stat
[Tue Mar 03 02:11:10.225780 2026] [php:error] [pid 75294] [client 45.133.5.194:0] script '/domains/bburke/wp-themes.php' not found or unable to stat
[Tue Mar 03 02:11:10.916233 2026] [php:error] [pid 75294] [client 45.133.5.194:0] script '/domains/bburke/mariju.php' not found or unable to stat
[Tue Mar 03 02:11:11.192100 2026] [php:error] [pid 75294] [client 45.133.5.194:0] script '/domains/bburke/waf_defender.php' not found or unable to stat
[Tue Mar 03 02:11:11.636334 2026] [php:error] [pid 75294] [client 45.133.5.194:0] script '/domains/bburke/av.php' not found or unable to stat
[Tue Mar 03 02:11:14.162165 2026] [php:error] [pid 75310] [client 45.133.5.191:0] script '/domains/bburke/theme.php' not found or unable to stat
[Tue Mar 03 02:11:14.971684 2026] [php:error] [pid 75310] [client 45.133.5.191:0] script '/domains/bburke/Simple.php' not found or unable to stat
[Tue Mar 03 02:11:16.884974 2026] [php:error] [pid 75298] [client 45.133.5.168:0] script '/domains/bburke/images/waf_defender.php' not found or unable to stat
[Tue Mar 03 02:11:17.452646 2026] [php:error] [pid 75298] [client 45.133.5.168:0] script '/domains/bburke/small.php' not found or unable to stat
[Tue Mar 03 02:11:17.899037 2026] [php:error] [pid 75298] [client 45.133.5.168:0] script '/domains/bburke/NewFile.php' not found or unable to stat
[Tue Mar 03 02:11:18.361146 2026] [php:error] [pid 75298] [client 45.133.5.168:0] script '/domains/bburke/error.php' not found or unable to stat
[Tue Mar 03 02:11:19.388985 2026] [php:error] [pid 75298] [client 45.133.5.168:0] script '/domains/bburke/wp-files.php' not found or unable to stat
[Tue Mar 03 02:11:19.610786 2026] [php:error] [pid 75298] [client 45.133.5.168:0] script '/domains/bburke/functions.php' not found or unable to stat
[Tue Mar 03 02:11:20.738394 2026] [php:error] [pid 75298] [client 45.133.5.168:0] script '/domains/bburke/aks.php' not found or unable to stat
[Tue Mar 03 02:11:20.968339 2026] [php:error] [pid 75298] [client 45.133.5.168:0] script '/domains/bburke/litespeed.php' not found or unable to stat
[Tue Mar 03 02:11:21.733221 2026] [php:error] [pid 75298] [client 45.133.5.168:0] script '/domains/bburke/wpn.php' not found or unable to stat
[Tue Mar 03 02:11:23.334440 2026] [php:error] [pid 75296] [client 20.214.137.177:0] script '/domains/mjbradley/inputs.php' not found or unable to stat
[Tue Mar 03 02:11:23.526873 2026] [php:error] [pid 75296] [client 20.214.137.177:0] script '/domains/mjbradley/ioxi-o.php' not found or unable to stat
[Tue Mar 03 02:11:23.912017 2026] [php:error] [pid 75296] [client 20.214.137.177:0] script '/domains/mjbradley/rip.php' not found or unable to stat
[Tue Mar 03 02:11:24.104518 2026] [php:error] [pid 75296] [client 20.214.137.177:0] script '/domains/mjbradley/admin.php' not found or unable to stat
[Tue Mar 03 02:11:24.489715 2026] [php:error] [pid 75296] [client 20.214.137.177:0] script '/domains/mjbradley/cache.php' not found or unable to stat
[Tue Mar 03 02:11:24.688914 2026] [php:error] [pid 75296] [client 20.214.137.177:0] script '/domains/mjbradley/themes.php' not found or unable to stat
[Tue Mar 03 02:11:24.882348 2026] [php:error] [pid 75296] [client 20.214.137.177:0] script '/domains/mjbradley/an.php' not found or unable to stat
[Tue Mar 03 02:11:25.462954 2026] [php:error] [pid 75296] [client 20.214.137.177:0] script '/domains/mjbradley/ws.php' not found or unable to stat
[Tue Mar 03 02:11:25.656798 2026] [php:error] [pid 75296] [client 20.214.137.177:0] script '/domains/mjbradley/404.php' not found or unable to stat
[Tue Mar 03 02:11:26.042283 2026] [php:error] [pid 75296] [client 20.214.137.177:0] script '/domains/mjbradley/wp-conf.php' not found or unable to stat
[Tue Mar 03 02:11:26.449953 2026] [php:error] [pid 75296] [client 20.214.137.177:0] script '/domains/mjbradley/wp-login.php' not found or unable to stat
[Tue Mar 03 02:11:26.642684 2026] [php:error] [pid 75296] [client 20.214.137.177:0] script '/domains/mjbradley/abc.php' not found or unable to stat
[Tue Mar 03 02:11:26.835037 2026] [php:error] [pid 75296] [client 20.214.137.177:0] script '/domains/mjbradley/abcd.php' not found or unable to stat
[Tue Mar 03 02:11:27.027605 2026] [php:error] [pid 75296] [client 20.214.137.177:0] script '/domains/mjbradley/as.php' not found or unable to stat
[Tue Mar 03 02:11:27.093503 2026] [php:error] [pid 75308] [client 45.133.5.189:0] script '/domains/bburke/images/wp-aespa.php' not found or unable to stat
[Tue Mar 03 02:11:27.220166 2026] [php:error] [pid 75296] [client 20.214.137.177:0] script '/domains/mjbradley/wp-trackback.php' not found or unable to stat
[Tue Mar 03 02:11:27.413940 2026] [php:error] [pid 75296] [client 20.214.137.177:0] script '/domains/mjbradley/about.php' not found or unable to stat
[Tue Mar 03 02:11:27.606747 2026] [php:error] [pid 75296] [client 20.214.137.177:0] script '/domains/mjbradley/file.php' not found or unable to stat
[Tue Mar 03 02:11:27.799410 2026] [php:error] [pid 75296] [client 20.214.137.177:0] script '/domains/mjbradley/adminfuns.php' not found or unable to stat
[Tue Mar 03 02:11:27.992118 2026] [php:error] [pid 75296] [client 20.214.137.177:0] script '/domains/mjbradley/wp-good.php' not found or unable to stat
[Tue Mar 03 02:11:28.185157 2026] [php:error] [pid 75296] [client 20.214.137.177:0] script '/domains/mjbradley/xmlrpc.php' not found or unable to stat
[Tue Mar 03 02:11:28.377592 2026] [php:error] [pid 75296] [client 20.214.137.177:0] script '/domains/mjbradley/goods.php' not found or unable to stat
[Tue Mar 03 02:11:28.441183 2026] [php:error] [pid 75310] [client 34.96.162.49:0] script '/domains/sjsachs/adminer-4.8.1-mysql.php' not found or unable to stat
[Tue Mar 03 02:11:28.570208 2026] [php:error] [pid 75296] [client 20.214.137.177:0] script '/domains/mjbradley/class-t.api.php' not found or unable to stat
[Tue Mar 03 02:11:28.779205 2026] [php:error] [pid 75296] [client 20.214.137.177:0] script '/domains/mjbradley/sf.php' not found or unable to stat
[Tue Mar 03 02:11:28.971792 2026] [php:error] [pid 75296] [client 20.214.137.177:0] script '/domains/mjbradley/kbfr.php' not found or unable to stat
[Tue Mar 03 02:11:29.164525 2026] [php:error] [pid 75296] [client 20.214.137.177:0] script '/domains/mjbradley/autoload_classmap.php' not found or unable to stat
[Tue Mar 03 02:11:29.376108 2026] [php:error] [pid 75296] [client 20.214.137.177:0] script '/domains/mjbradley/chosen.php' not found or unable to stat
[Tue Mar 03 02:11:29.568651 2026] [php:error] [pid 75296] [client 20.214.137.177:0] script '/domains/mjbradley/classwithtostring.php' not found or unable to stat
[Tue Mar 03 02:11:29.761813 2026] [php:error] [pid 75296] [client 20.214.137.177:0] script '/domains/mjbradley/defaults.php' not found or unable to stat
[Tue Mar 03 02:11:30.343088 2026] [php:error] [pid 75296] [client 20.214.137.177:0] script '/domains/mjbradley/info.php' not found or unable to stat
[Tue Mar 03 02:11:32.152938 2026] [php:error] [pid 75278] [client 45.133.5.185:0] script '/domains/bburke/Sanskrit.php' not found or unable to stat
[Tue Mar 03 02:11:32.381063 2026] [php:error] [pid 75278] [client 45.133.5.185:0] script '/domains/bburke/wp-fmfile.php' not found or unable to stat
[Tue Mar 03 02:11:33.454860 2026] [php:error] [pid 75278] [client 45.133.5.185:0] script '/domains/bburke/memberfuns.php' not found or unable to stat
[Tue Mar 03 02:11:34.021775 2026] [php:error] [pid 75278] [client 45.133.5.185:0] script '/domains/bburke/infos.php' not found or unable to stat
[Tue Mar 03 02:11:35.036842 2026] [php:error] [pid 75278] [client 45.133.5.185:0] script '/domains/bburke/options-writing.php' not found or unable to stat
[Tue Mar 03 02:11:35.309802 2026] [php:error] [pid 75278] [client 45.133.5.185:0] script '/domains/bburke/options-reading.php' not found or unable to stat
[Tue Mar 03 02:11:35.550389 2026] [php:error] [pid 75278] [client 45.133.5.185:0] script '/domains/bburke/wsad.php' not found or unable to stat
[Tue Mar 03 02:11:35.815503 2026] [php:error] [pid 75278] [client 45.133.5.185:0] script '/domains/bburke/nation.php' not found or unable to stat
[Tue Mar 03 02:11:37.120191 2026] [php:error] [pid 75278] [client 45.133.5.185:0] script '/domains/bburke/wp-atomx.php' not found or unable to stat
[Tue Mar 03 02:11:37.773816 2026] [php:error] [pid 75278] [client 45.133.5.185:0] script '/domains/bburke/admin-footer.php' not found or unable to stat
[Tue Mar 03 02:11:38.350376 2026] [php:error] [pid 75278] [client 45.133.5.185:0] script '/domains/bburke/XxX.php' not found or unable to stat
[Tue Mar 03 02:11:39.826124 2026] [php:error] [pid 75310] [client 34.96.162.50:0] script '/domains/sjsachs/adminer-5.4.0.php' not found or unable to stat
[Tue Mar 03 02:11:41.784061 2026] [php:error] [pid 75278] [client 45.133.5.185:0] script '/domains/bburke/images/buy.php' not found or unable to stat
[Tue Mar 03 02:11:45.200252 2026] [php:error] [pid 75310] [client 35.247.243.243:0] script '/domains/sjsachs/adminer-5.1.1.php' not found or unable to stat
[Tue Mar 03 02:11:45.760585 2026] [php:error] [pid 75278] [client 45.133.5.185:0] script '/domains/bburke/xex.php' not found or unable to stat
[Tue Mar 03 02:11:46.957932 2026] [php:error] [pid 75278] [client 45.133.5.185:0] script '/domains/bburke/wp-head.php' not found or unable to stat
[Tue Mar 03 02:11:47.484379 2026] [php:error] [pid 75316] [client 20.63.210.169:0] script '/domains/emsco1/222.php' not found or unable to stat
[Tue Mar 03 02:11:47.669467 2026] [php:error] [pid 75316] [client 20.63.210.169:0] script '/domains/emsco1/404.php' not found or unable to stat
[Tue Mar 03 02:11:47.846011 2026] [php:error] [pid 75278] [client 45.133.5.185:0] script '/domains/bburke/makeasmtp.php' not found or unable to stat
[Tue Mar 03 02:11:47.847501 2026] [php:error] [pid 75316] [client 20.63.210.169:0] script '/domains/emsco1/about.php' not found or unable to stat
[Tue Mar 03 02:11:48.025308 2026] [php:error] [pid 75316] [client 20.63.210.169:0] script '/domains/emsco1/admin.php' not found or unable to stat
[Tue Mar 03 02:11:48.203356 2026] [php:error] [pid 75316] [client 20.63.210.169:0] script '/domains/emsco1/adminfuns.php' not found or unable to stat
[Tue Mar 03 02:11:48.381127 2026] [php:error] [pid 75316] [client 20.63.210.169:0] script '/domains/emsco1/bless.php' not found or unable to stat
[Tue Mar 03 02:11:48.532600 2026] [php:error] [pid 75278] [client 45.133.5.185:0] script '/domains/bburke/images/bypass.php' not found or unable to stat
[Tue Mar 03 02:11:48.576625 2026] [php:error] [pid 75316] [client 20.63.210.169:0] script '/domains/emsco1/bolt.php' not found or unable to stat
[Tue Mar 03 02:11:48.754539 2026] [php:error] [pid 75316] [client 20.63.210.169:0] script '/domains/emsco1/ccou.php' not found or unable to stat
[Tue Mar 03 02:11:48.932529 2026] [php:error] [pid 75316] [client 20.63.210.169:0] script '/domains/emsco1/class-t.api.php' not found or unable to stat
[Tue Mar 03 02:11:49.122098 2026] [php:error] [pid 75316] [client 20.63.210.169:0] script '/domains/emsco1/css.php' not found or unable to stat
[Tue Mar 03 02:11:49.477848 2026] [php:error] [pid 75316] [client 20.63.210.169:0] script '/domains/emsco1/edit.php' not found or unable to stat
[Tue Mar 03 02:11:49.655624 2026] [php:error] [pid 75316] [client 20.63.210.169:0] script '/domains/emsco1/fff.php' not found or unable to stat
[Tue Mar 03 02:11:49.833468 2026] [php:error] [pid 75316] [client 20.63.210.169:0] script '/domains/emsco1/file.php' not found or unable to stat
[Tue Mar 03 02:11:50.011522 2026] [php:error] [pid 75316] [client 20.63.210.169:0] script '/domains/emsco1/fx.php' not found or unable to stat
[Tue Mar 03 02:11:50.190371 2026] [php:error] [pid 75316] [client 20.63.210.169:0] script '/domains/emsco1/info.php' not found or unable to stat
[Tue Mar 03 02:11:50.369686 2026] [php:error] [pid 75316] [client 20.63.210.169:0] script '/domains/emsco1/ioxi-o.php' not found or unable to stat
[Tue Mar 03 02:11:50.547266 2026] [php:error] [pid 75316] [client 20.63.210.169:0] script '/domains/emsco1/rip.php' not found or unable to stat
[Tue Mar 03 02:11:50.726354 2026] [php:error] [pid 75316] [client 20.63.210.169:0] script '/domains/emsco1/server.php' not found or unable to stat
[Tue Mar 03 02:11:50.904039 2026] [php:error] [pid 75316] [client 20.63.210.169:0] script '/domains/emsco1/wp-blog.php' not found or unable to stat
[Tue Mar 03 02:11:51.991359 2026] [php:error] [pid 75316] [client 20.63.210.169:0] script '/domains/emsco1/wp-editor.php' not found or unable to stat
[Tue Mar 03 02:11:52.007747 2026] [php:error] [pid 75278] [client 45.133.5.185:0] script '/domains/bburke/click.php' not found or unable to stat
[Tue Mar 03 02:11:52.881746 2026] [php:error] [pid 75316] [client 20.63.210.169:0] script '/domains/emsco1/wp.php' not found or unable to stat
[Tue Mar 03 02:11:53.059838 2026] [php:error] [pid 75316] [client 20.63.210.169:0] script '/domains/emsco1/x.php' not found or unable to stat
[Tue Mar 03 02:11:54.193980 2026] [php:error] [pid 75278] [client 45.133.5.185:0] script '/domains/bburke/wp-admin.php' not found or unable to stat
[Tue Mar 03 02:11:55.194824 2026] [php:error] [pid 75278] [client 45.133.5.185:0] script '/domains/bburke/wp-editor.php' not found or unable to stat
[Tue Mar 03 02:11:55.899799 2026] [php:error] [pid 75296] [client 45.133.5.202:0] script '/domains/bburke/images/install.php' not found or unable to stat
[Tue Mar 03 02:11:56.374331 2026] [php:error] [pid 75296] [client 45.133.5.202:0] script '/domains/bburke/adminfusm.php' not found or unable to stat
[Tue Mar 03 02:11:57.380104 2026] [php:error] [pid 75296] [client 45.133.5.202:0] script '/domains/bburke/images/habhan.php' not found or unable to stat
[Tue Mar 03 02:11:59.780981 2026] [php:error] [pid 75296] [client 45.133.5.202:0] script '/domains/bburke/f35_SpaceTn.php' not found or unable to stat
[Tue Mar 03 02:12:02.749409 2026] [php:error] [pid 75296] [client 45.133.5.202:0] script '/domains/bburke/gm.php' not found or unable to stat
[Tue Mar 03 02:12:05.365412 2026] [php:error] [pid 75296] [client 45.133.5.202:0] script '/domains/bburke/plugin-install.php' not found or unable to stat
[Tue Mar 03 02:12:07.906373 2026] [php:error] [pid 75318] [client 154.159.238.21:0] script '/domains/ecernstelectric/xmlrpc.php' not found or unable to stat
[Tue Mar 03 02:12:08.482231 2026] [php:error] [pid 75296] [client 45.133.5.202:0] script '/domains/bburke/images/mah.php' not found or unable to stat
[Tue Mar 03 02:12:10.939771 2026] [php:error] [pid 75308] [client 35.247.243.245:0] script '/domains/sjsachs/adminer-5.4.0.php' not found or unable to stat
[Tue Mar 03 02:12:11.312436 2026] [php:error] [pid 75296] [client 45.133.5.202:0] script '/domains/bburke/b.php' not found or unable to stat
[Tue Mar 03 02:12:12.764425 2026] [php:error] [pid 75296] [client 45.133.5.202:0] script '/domains/bburke/wsax.php' not found or unable to stat
[Tue Mar 03 02:12:13.386988 2026] [php:error] [pid 75278] [client 35.247.243.249:0] script '/domains/sjsachs/adminer-5.0.6-en.php' not found or unable to stat
[Tue Mar 03 02:12:16.989285 2026] [php:error] [pid 75296] [client 45.133.5.202:0] script '/domains/bburke/images/Marvins.php' not found or unable to stat
[Tue Mar 03 02:12:22.572753 2026] [php:error] [pid 75318] [client 45.133.5.225:0] script '/domains/bburke/bs1.php' not found or unable to stat
[Tue Mar 03 02:12:23.446255 2026] [php:error] [pid 75318] [client 45.133.5.225:0] script '/domains/bburke/page.php' not found or unable to stat
[Tue Mar 03 02:12:27.605193 2026] [php:error] [pid 75308] [client 45.133.5.222:0] script '/domains/bburke/images/autoload_classmap.php' not found or unable to stat
[Tue Mar 03 02:12:29.193089 2026] [php:error] [pid 75308] [client 45.133.5.222:0] script '/domains/bburke/ws.php' not found or unable to stat
[Tue Mar 03 02:12:29.939090 2026] [php:error] [pid 75308] [client 45.133.5.222:0] script '/domains/bburke/shop.php' not found or unable to stat
[Tue Mar 03 02:12:31.486338 2026] [php:error] [pid 75278] [client 35.247.243.246:0] script '/domains/sjsachs/adminer-5.3.0.php' not found or unable to stat
[Tue Mar 03 02:12:31.841106 2026] [php:error] [pid 75308] [client 45.133.5.222:0] script '/domains/bburke/wp-api.php' not found or unable to stat
[Tue Mar 03 02:12:32.313175 2026] [php:error] [pid 75308] [client 45.133.5.222:0] script '/domains/bburke/css.php' not found or unable to stat
[Tue Mar 03 02:12:33.812181 2026] [php:error] [pid 75308] [client 45.133.5.222:0] script '/domains/bburke/wp-error_log.php' not found or unable to stat
[Tue Mar 03 02:12:33.970358 2026] [php:error] [pid 75320] [client 35.247.243.252:0] script '/domains/sjsachs/adminer-4.8.1.php' not found or unable to stat
[Tue Mar 03 02:12:38.005618 2026] [php:error] [pid 75308] [client 45.133.5.222:0] script '/domains/bburke/files.php' not found or unable to stat
[Tue Mar 03 02:12:40.673914 2026] [php:error] [pid 75308] [client 45.133.5.222:0] script '/domains/bburke/blog.php' not found or unable to stat
[Tue Mar 03 02:12:41.691973 2026] [php:error] [pid 75308] [client 45.133.5.222:0] script '/domains/bburke/images/av.php' not found or unable to stat
[Tue Mar 03 02:12:42.737378 2026] [php:error] [pid 75308] [client 45.133.5.222:0] script '/domains/bburke/elp.php' not found or unable to stat
[Tue Mar 03 02:12:44.871985 2026] [php:error] [pid 75308] [client 45.133.5.222:0] script '/domains/bburke/entrepreneuse.php' not found or unable to stat
[Tue Mar 03 02:12:48.085092 2026] [php:error] [pid 75308] [client 45.133.5.222:0] script '/domains/bburke/testt.php' not found or unable to stat
[Tue Mar 03 02:12:49.783231 2026] [php:error] [pid 75308] [client 45.133.5.222:0] script '/domains/bburke/network.php' not found or unable to stat
[Tue Mar 03 02:12:50.618135 2026] [php:error] [pid 75308] [client 45.133.5.222:0] script '/domains/bburke/wikindex.php' not found or unable to stat
[Tue Mar 03 02:12:53.236014 2026] [php:error] [pid 75328] [client 20.53.243.118:0] script '/domains/navarrospring/222.php' not found or unable to stat
[Tue Mar 03 02:12:53.445972 2026] [php:error] [pid 75328] [client 20.53.243.118:0] script '/domains/navarrospring/404.php' not found or unable to stat
[Tue Mar 03 02:12:53.654728 2026] [php:error] [pid 75328] [client 20.53.243.118:0] script '/domains/navarrospring/about.php' not found or unable to stat
[Tue Mar 03 02:12:53.864505 2026] [php:error] [pid 75328] [client 20.53.243.118:0] script '/domains/navarrospring/admin.php' not found or unable to stat
[Tue Mar 03 02:12:54.073302 2026] [php:error] [pid 75328] [client 20.53.243.118:0] script '/domains/navarrospring/adminfuns.php' not found or unable to stat
[Tue Mar 03 02:12:54.282139 2026] [php:error] [pid 75328] [client 20.53.243.118:0] script '/domains/navarrospring/bless.php' not found or unable to stat
[Tue Mar 03 02:12:54.490473 2026] [php:error] [pid 75328] [client 20.53.243.118:0] script '/domains/navarrospring/bolt.php' not found or unable to stat
[Tue Mar 03 02:12:54.699130 2026] [php:error] [pid 75328] [client 20.53.243.118:0] script '/domains/navarrospring/ccou.php' not found or unable to stat
[Tue Mar 03 02:12:54.908031 2026] [php:error] [pid 75328] [client 20.53.243.118:0] script '/domains/navarrospring/class-t.api.php' not found or unable to stat
[Tue Mar 03 02:12:55.124702 2026] [php:error] [pid 75328] [client 20.53.243.118:0] script '/domains/navarrospring/css.php' not found or unable to stat
[Tue Mar 03 02:12:55.542683 2026] [php:error] [pid 75328] [client 20.53.243.118:0] script '/domains/navarrospring/edit.php' not found or unable to stat
[Tue Mar 03 02:12:55.764921 2026] [php:error] [pid 75328] [client 20.53.243.118:0] script '/domains/navarrospring/fff.php' not found or unable to stat
[Tue Mar 03 02:12:55.974450 2026] [php:error] [pid 75328] [client 20.53.243.118:0] script '/domains/navarrospring/file.php' not found or unable to stat
[Tue Mar 03 02:12:56.184020 2026] [php:error] [pid 75328] [client 20.53.243.118:0] script '/domains/navarrospring/fx.php' not found or unable to stat
[Tue Mar 03 02:12:56.406743 2026] [php:error] [pid 75328] [client 20.53.243.118:0] script '/domains/navarrospring/info.php' not found or unable to stat
[Tue Mar 03 02:12:56.614887 2026] [php:error] [pid 75328] [client 20.53.243.118:0] script '/domains/navarrospring/ioxi-o.php' not found or unable to stat
[Tue Mar 03 02:12:56.823056 2026] [php:error] [pid 75328] [client 20.53.243.118:0] script '/domains/navarrospring/rip.php' not found or unable to stat
[Tue Mar 03 02:12:57.031435 2026] [php:error] [pid 75328] [client 20.53.243.118:0] script '/domains/navarrospring/server.php' not found or unable to stat
[Tue Mar 03 02:12:57.240715 2026] [php:error] [pid 75328] [client 20.53.243.118:0] script '/domains/navarrospring/wp-blog.php' not found or unable to stat
[Tue Mar 03 02:12:58.511250 2026] [php:error] [pid 75328] [client 20.53.243.118:0] script '/domains/navarrospring/wp-editor.php' not found or unable to stat
[Tue Mar 03 02:12:58.584287 2026] [php:error] [pid 75326] [client 45.133.5.192:0] script '/domains/bburke/media-new.php' not found or unable to stat
[Tue Mar 03 02:12:59.560635 2026] [php:error] [pid 75328] [client 20.53.243.118:0] script '/domains/navarrospring/wp.php' not found or unable to stat
[Tue Mar 03 02:12:59.769286 2026] [php:error] [pid 75328] [client 20.53.243.118:0] script '/domains/navarrospring/x.php' not found or unable to stat
