[Mon Mar 02 01:16:45.649258 2026] [core:crit] [pid 52531] (13)Permission denied: [client 114.119.133.69:0] AH00529: /domains/performancepartsinc/graphics/psd/.htaccess pcfg_openfile: unable to check htaccess file, ensure it is readable and that '/domains/performancepartsinc/graphics/psd/' is executable, referer: http://www.performancepartsinc.com/graphics/psd/q.php?%2F33-man-dating-21-girl%2F
[Mon Mar 02 01:16:45.664430 2026] [php:error] [pid 52548] [client 92.119.36.58:0] script '/domains/davidbacker/O-Simple.php' not found or unable to stat
[Mon Mar 02 01:16:45.791782 2026] [php:error] [pid 52548] [client 92.119.36.58:0] script '/domains/davidbacker/lock360.php' not found or unable to stat
[Mon Mar 02 01:16:45.922999 2026] [php:error] [pid 52548] [client 92.119.36.58:0] script '/domains/davidbacker/zwso.php' not found or unable to stat
[Mon Mar 02 01:16:46.050343 2026] [php:error] [pid 52548] [client 92.119.36.58:0] script '/domains/davidbacker/chosen.php' not found or unable to stat
[Mon Mar 02 01:16:46.209613 2026] [php:error] [pid 52548] [client 92.119.36.58:0] script '/domains/davidbacker/about.php' not found or unable to stat
[Mon Mar 02 01:16:46.422743 2026] [php:error] [pid 52548] [client 92.119.36.58:0] script '/domains/davidbacker/admin.php' not found or unable to stat
[Mon Mar 02 01:16:46.726129 2026] [php:error] [pid 52548] [client 92.119.36.58:0] script '/domains/davidbacker/mah.php' not found or unable to stat
[Mon Mar 02 01:16:47.215761 2026] [php:error] [pid 52548] [client 92.119.36.58:0] script '/domains/davidbacker/core.php' not found or unable to stat
[Mon Mar 02 01:16:47.344499 2026] [php:error] [pid 52548] [client 92.119.36.58:0] script '/domains/davidbacker/robots.php' not found or unable to stat
[Mon Mar 02 01:16:47.492729 2026] [php:error] [pid 52548] [client 92.119.36.58:0] script '/domains/davidbacker/inputs.php' not found or unable to stat
[Mon Mar 02 01:16:47.624932 2026] [php:error] [pid 52548] [client 92.119.36.58:0] script '/domains/davidbacker/mini.php' not found or unable to stat
[Mon Mar 02 01:16:47.805624 2026] [php:error] [pid 52548] [client 92.119.36.58:0] script '/domains/davidbacker/goods.php' not found or unable to stat
[Mon Mar 02 01:16:47.977929 2026] [php:error] [pid 52548] [client 92.119.36.58:0] script '/domains/davidbacker/file5.php' not found or unable to stat
[Mon Mar 02 01:16:48.120681 2026] [php:error] [pid 52548] [client 92.119.36.58:0] script '/domains/davidbacker/ahax.php' not found or unable to stat
[Mon Mar 02 01:16:48.270824 2026] [php:error] [pid 52548] [client 92.119.36.58:0] script '/domains/davidbacker/f35.php' not found or unable to stat
[Mon Mar 02 01:16:48.434866 2026] [php:error] [pid 52548] [client 92.119.36.58:0] script '/domains/davidbacker/simple.php' not found or unable to stat
[Mon Mar 02 01:16:49.733799 2026] [php:error] [pid 52548] [client 92.119.36.58:0] script '/domains/davidbacker/images/upload.php' not found or unable to stat
[Mon Mar 02 01:16:51.744057 2026] [php:error] [pid 52555] [client 20.196.204.231:0] script '/domains/system_default/aa.php' not found or unable to stat
[Mon Mar 02 01:16:51.934739 2026] [php:error] [pid 52555] [client 20.196.204.231:0] script '/domains/system_default/file.php' not found or unable to stat
[Mon Mar 02 01:16:52.106787 2026] [php:error] [pid 52548] [client 92.119.36.58:0] script '/domains/davidbacker/classwithtostring.php' not found or unable to stat
[Mon Mar 02 01:16:52.149436 2026] [php:error] [pid 52555] [client 20.196.204.231:0] script '/domains/system_default/wp-file.php' not found or unable to stat
[Mon Mar 02 01:16:52.340561 2026] [php:error] [pid 52555] [client 20.196.204.231:0] script '/domains/system_default/k.php' not found or unable to stat
[Mon Mar 02 01:16:52.531017 2026] [php:error] [pid 52555] [client 20.196.204.231:0] script '/domains/system_default/al.php' not found or unable to stat
[Mon Mar 02 01:16:52.626011 2026] [php:error] [pid 52548] [client 92.119.36.58:0] script '/domains/davidbacker/tinyfilemanager.php' not found or unable to stat
[Mon Mar 02 01:16:52.919802 2026] [php:error] [pid 52555] [client 20.196.204.231:0] script '/domains/system_default/admin.php' not found or unable to stat
[Mon Mar 02 01:16:53.131004 2026] [php:error] [pid 52555] [client 20.196.204.231:0] script '/domains/system_default/file2.php' not found or unable to stat
[Mon Mar 02 01:16:53.148088 2026] [php:error] [pid 52548] [client 92.119.36.58:0] script '/domains/davidbacker/file.php' not found or unable to stat
[Mon Mar 02 01:16:53.347302 2026] [php:error] [pid 52555] [client 20.196.204.231:0] script '/domains/system_default/as.php' not found or unable to stat
[Mon Mar 02 01:16:53.538508 2026] [php:error] [pid 52555] [client 20.196.204.231:0] script '/domains/system_default/f35.php' not found or unable to stat
[Mon Mar 02 01:16:53.538667 2026] [php:error] [pid 52548] [client 92.119.36.58:0] script '/domains/davidbacker/buy.php' not found or unable to stat
[Mon Mar 02 01:16:53.733377 2026] [php:error] [pid 52555] [client 20.196.204.231:0] script '/domains/system_default/akc.php' not found or unable to stat
[Mon Mar 02 01:16:53.952837 2026] [php:error] [pid 52555] [client 20.196.204.231:0] script '/domains/system_default/chosen.php' not found or unable to stat
[Mon Mar 02 01:16:54.170859 2026] [php:error] [pid 52555] [client 20.196.204.231:0] script '/domains/system_default/classsmtps.php' not found or unable to stat
[Mon Mar 02 01:16:54.363018 2026] [php:error] [pid 52555] [client 20.196.204.231:0] script '/domains/system_default/classwithtostring.php' not found or unable to stat
[Mon Mar 02 01:16:54.553785 2026] [php:error] [pid 52555] [client 20.196.204.231:0] script '/domains/system_default/dropdown.php' not found or unable to stat
[Mon Mar 02 01:16:54.776433 2026] [php:error] [pid 52555] [client 20.196.204.231:0] script '/domains/system_default/cong.php' not found or unable to stat
[Mon Mar 02 01:16:54.967396 2026] [php:error] [pid 52555] [client 20.196.204.231:0] script '/domains/system_default/about.php' not found or unable to stat
[Mon Mar 02 01:16:55.164514 2026] [php:error] [pid 52555] [client 20.196.204.231:0] script '/domains/system_default/browse.php' not found or unable to stat
[Mon Mar 02 01:16:55.354963 2026] [php:error] [pid 52555] [client 20.196.204.231:0] script '/domains/system_default/wp-signup.php' not found or unable to stat
[Mon Mar 02 01:16:55.580299 2026] [php:error] [pid 52537] [client 110.76.128.88:0] script '/domains/performancepartsinc/images/WtGXSbNI.php' not found or unable to stat
[Mon Mar 02 01:16:55.753786 2026] [php:error] [pid 52555] [client 20.196.204.231:0] script '/domains/system_default/atomlib.php' not found or unable to stat
[Mon Mar 02 01:16:55.892514 2026] [php:error] [pid 52548] [client 92.119.36.58:0] script '/domains/davidbacker/inc.php' not found or unable to stat
[Mon Mar 02 01:16:55.964889 2026] [php:error] [pid 52555] [client 20.196.204.231:0] script '/domains/system_default/autoload_classmap.php' not found or unable to stat
[Mon Mar 02 01:16:56.279583 2026] [php:error] [pid 52548] [client 92.119.36.58:0] script '/domains/davidbacker/filemanager.php' not found or unable to stat
[Mon Mar 02 01:16:56.792918 2026] [php:error] [pid 52555] [client 20.196.204.231:0] script '/domains/system_default/backup.php' not found or unable to stat
[Mon Mar 02 01:16:56.984137 2026] [php:error] [pid 52555] [client 20.196.204.231:0] script '/domains/system_default/cache.php' not found or unable to stat
[Mon Mar 02 01:16:57.174488 2026] [php:error] [pid 52555] [client 20.196.204.231:0] script '/domains/system_default/cc.php' not found or unable to stat
[Mon Mar 02 01:16:57.364169 2026] [php:error] [pid 52548] [client 92.119.36.58:0] script '/domains/davidbacker/function.php' not found or unable to stat
[Mon Mar 02 01:16:57.365633 2026] [php:error] [pid 52555] [client 20.196.204.231:0] script '/domains/system_default/fw.php' not found or unable to stat
[Mon Mar 02 01:16:57.564460 2026] [php:error] [pid 52555] [client 20.196.204.231:0] script '/domains/system_default/gebase.php' not found or unable to stat
[Mon Mar 02 01:16:57.680993 2026] [php:error] [pid 52548] [client 92.119.36.58:0] script '/domains/davidbacker/wp-signup.php' not found or unable to stat
[Mon Mar 02 01:16:57.755242 2026] [php:error] [pid 52555] [client 20.196.204.231:0] script '/domains/system_default/makeasmtp.php' not found or unable to stat
[Mon Mar 02 01:16:57.946481 2026] [php:error] [pid 52555] [client 20.196.204.231:0] script '/domains/system_default/doc.php' not found or unable to stat
[Mon Mar 02 01:16:58.159331 2026] [php:error] [pid 52555] [client 20.196.204.231:0] script '/domains/system_default/e.php' not found or unable to stat
[Mon Mar 02 01:16:58.177026 2026] [php:error] [pid 52548] [client 92.119.36.58:0] script '/domains/davidbacker/wp-blog.php' not found or unable to stat
[Mon Mar 02 01:16:58.352566 2026] [php:error] [pid 52555] [client 20.196.204.231:0] script '/domains/system_default/f35.php' not found or unable to stat
[Mon Mar 02 01:16:58.543492 2026] [php:error] [pid 52555] [client 20.196.204.231:0] script '/domains/system_default/fi2.php' not found or unable to stat
[Mon Mar 02 01:16:58.734407 2026] [php:error] [pid 52555] [client 20.196.204.231:0] script '/domains/system_default/filemanager.php' not found or unable to stat
[Mon Mar 02 01:16:58.925982 2026] [php:error] [pid 52555] [client 20.196.204.231:0] script '/domains/system_default/go.php' not found or unable to stat
[Mon Mar 02 01:16:58.966881 2026] [php:error] [pid 52548] [client 92.119.36.58:0] script '/domains/davidbacker/wp-l0gin.php' not found or unable to stat
[Mon Mar 02 01:16:59.118570 2026] [php:error] [pid 52555] [client 20.196.204.231:0] script '/domains/system_default/inputs.php' not found or unable to stat
[Mon Mar 02 01:16:59.271705 2026] [php:error] [pid 52548] [client 92.119.36.58:0] script '/domains/davidbacker/new.php' not found or unable to stat
[Mon Mar 02 01:16:59.311177 2026] [php:error] [pid 52555] [client 20.196.204.231:0] script '/domains/system_default/alfa.php' not found or unable to stat
[Mon Mar 02 01:16:59.523890 2026] [php:error] [pid 52555] [client 20.196.204.231:0] script '/domains/system_default/ioxi-o.php' not found or unable to stat
[Mon Mar 02 01:16:59.732909 2026] [php:error] [pid 52548] [client 92.119.36.58:0] script '/domains/davidbacker/images/DJP9.php' not found or unable to stat
[Mon Mar 02 01:16:59.755718 2026] [php:error] [pid 52555] [client 20.196.204.231:0] script '/domains/system_default/item.php' not found or unable to stat
[Mon Mar 02 01:16:59.953426 2026] [php:error] [pid 52555] [client 20.196.204.231:0] script '/domains/system_default/jp.php' not found or unable to stat
[Mon Mar 02 01:17:00.168538 2026] [php:error] [pid 52555] [client 20.196.204.231:0] script '/domains/system_default/load.php' not found or unable to stat
[Mon Mar 02 01:17:00.350601 2026] [php:error] [pid 52548] [client 92.119.36.58:0] script '/domains/davidbacker/natural.php' not found or unable to stat
[Mon Mar 02 01:17:00.378495 2026] [php:error] [pid 52555] [client 20.196.204.231:0] script '/domains/system_default/1.php' not found or unable to stat
[Mon Mar 02 01:17:00.499666 2026] [php:error] [pid 52548] [client 92.119.36.58:0] script '/domains/davidbacker/item.php' not found or unable to stat
[Mon Mar 02 01:17:00.593607 2026] [php:error] [pid 52555] [client 20.196.204.231:0] script '/domains/system_default/13.php' not found or unable to stat
[Mon Mar 02 01:17:00.783968 2026] [php:error] [pid 52555] [client 20.196.204.231:0] script '/domains/system_default/lv.php' not found or unable to stat
[Mon Mar 02 01:17:00.974908 2026] [php:error] [pid 52555] [client 20.196.204.231:0] script '/domains/system_default/default.php' not found or unable to stat
[Mon Mar 02 01:17:01.190723 2026] [php:error] [pid 52555] [client 20.196.204.231:0] script '/domains/system_default/manager.php' not found or unable to stat
[Mon Mar 02 01:17:01.398961 2026] [php:error] [pid 52555] [client 20.196.204.231:0] script '/domains/system_default/mar.php' not found or unable to stat
[Mon Mar 02 01:17:01.452806 2026] [php:error] [pid 52548] [client 92.119.36.58:0] script '/domains/davidbacker/about/function.php' not found or unable to stat
[Mon Mar 02 01:17:01.589538 2026] [php:error] [pid 52555] [client 20.196.204.231:0] script '/domains/system_default/moon.php' not found or unable to stat
[Mon Mar 02 01:17:01.797795 2026] [php:error] [pid 52555] [client 20.196.204.231:0] script '/domains/system_default/new.php' not found or unable to stat
[Mon Mar 02 01:17:02.009055 2026] [php:error] [pid 52555] [client 20.196.204.231:0] script '/domains/system_default/NewFile.php' not found or unable to stat
[Mon Mar 02 01:17:02.214342 2026] [php:error] [pid 52555] [client 20.196.204.231:0] script '/domains/system_default/past.php' not found or unable to stat
[Mon Mar 02 01:17:02.623859 2026] [php:error] [pid 52490] [client 92.119.36.103:0] script '/domains/davidbacker/default.php' not found or unable to stat
[Mon Mar 02 01:17:02.650559 2026] [php:error] [pid 52555] [client 20.196.204.231:0] script '/domains/system_default/shell.php' not found or unable to stat
[Mon Mar 02 01:17:02.867060 2026] [php:error] [pid 52555] [client 20.196.204.231:0] script '/domains/system_default/simple.php' not found or unable to stat
[Mon Mar 02 01:17:03.304489 2026] [php:error] [pid 52555] [client 20.196.204.231:0] script '/domains/system_default/wp-trackback.php' not found or unable to stat
[Mon Mar 02 01:17:03.537714 2026] [php:error] [pid 52555] [client 20.196.204.231:0] script '/domains/system_default/updates.php' not found or unable to stat
[Mon Mar 02 01:17:03.539582 2026] [php:error] [pid 52490] [client 92.119.36.103:0] script '/domains/davidbacker/dropdown.php' not found or unable to stat
[Mon Mar 02 01:17:03.700284 2026] [php:error] [pid 52490] [client 92.119.36.103:0] script '/domains/davidbacker/images/admin.php' not found or unable to stat
[Mon Mar 02 01:17:03.738801 2026] [php:error] [pid 52555] [client 20.196.204.231:0] script '/domains/system_default/403.php' not found or unable to stat
[Mon Mar 02 01:17:03.833869 2026] [php:error] [pid 52490] [client 92.119.36.103:0] script '/domains/davidbacker/db.php' not found or unable to stat
[Mon Mar 02 01:17:03.962632 2026] [php:error] [pid 52555] [client 20.196.204.231:0] script '/domains/system_default/x.php' not found or unable to stat
[Mon Mar 02 01:17:04.184897 2026] [php:error] [pid 52555] [client 20.196.204.231:0] script '/domains/system_default/y.php' not found or unable to stat
[Mon Mar 02 01:17:05.380731 2026] [php:error] [pid 52490] [client 92.119.36.103:0] script '/domains/davidbacker/install.php' not found or unable to stat
[Mon Mar 02 01:17:05.696768 2026] [php:error] [pid 52490] [client 92.119.36.103:0] script '/domains/davidbacker/images/class-config.php' not found or unable to stat
[Mon Mar 02 01:17:06.122638 2026] [php:error] [pid 52490] [client 92.119.36.103:0] script '/domains/davidbacker/bypass.php' not found or unable to stat
[Mon Mar 02 01:17:06.250457 2026] [php:error] [pid 52490] [client 92.119.36.103:0] script '/domains/davidbacker/class.php' not found or unable to stat
[Mon Mar 02 01:17:07.533958 2026] [php:error] [pid 52490] [client 92.119.36.103:0] script '/domains/davidbacker/css/css.php' not found or unable to stat
[Mon Mar 02 01:17:07.688807 2026] [php:error] [pid 52490] [client 92.119.36.103:0] script '/domains/davidbacker/init.php' not found or unable to stat
[Mon Mar 02 01:17:08.889308 2026] [php:error] [pid 52558] [client 110.76.128.88:0] script '/domains/performancepartsinc/images/WtGXSbNI.php' not found or unable to stat
[Mon Mar 02 01:17:08.891144 2026] [php:error] [pid 52490] [client 92.119.36.103:0] script '/domains/davidbacker/css/admin.php' not found or unable to stat
[Mon Mar 02 01:17:09.045031 2026] [php:error] [pid 52490] [client 92.119.36.103:0] script '/domains/davidbacker/adminfuns.php' not found or unable to stat
[Mon Mar 02 01:17:09.322243 2026] [php:error] [pid 52490] [client 92.119.36.103:0] script '/domains/davidbacker/wp_wlx.php' not found or unable to stat
[Mon Mar 02 01:17:09.734496 2026] [php:error] [pid 52490] [client 92.119.36.103:0] script '/domains/davidbacker/wp.php' not found or unable to stat
[Mon Mar 02 01:17:10.225056 2026] [php:error] [pid 52490] [client 92.119.36.103:0] script '/domains/davidbacker/wp-header.php' not found or unable to stat
[Mon Mar 02 01:17:10.549284 2026] [php:error] [pid 52490] [client 92.119.36.103:0] script '/domains/davidbacker/Marvins.php' not found or unable to stat
[Mon Mar 02 01:17:10.842739 2026] [php:error] [pid 52490] [client 92.119.36.103:0] script '/domains/davidbacker/wp-class.php' not found or unable to stat
[Mon Mar 02 01:17:11.117642 2026] [php:error] [pid 52490] [client 92.119.36.103:0] script '/domains/davidbacker/xx.php' not found or unable to stat
[Mon Mar 02 01:17:11.295311 2026] [php:error] [pid 52490] [client 92.119.36.103:0] script '/domains/davidbacker/autoload_classmap.php' not found or unable to stat
[Mon Mar 02 01:17:11.807562 2026] [php:error] [pid 52490] [client 92.119.36.103:0] script '/domains/davidbacker/content.php' not found or unable to stat
[Mon Mar 02 01:17:14.031137 2026] [php:error] [pid 52490] [client 92.119.36.103:0] script '/domains/davidbacker/images/class.php' not found or unable to stat
[Mon Mar 02 01:17:14.394619 2026] [php:error] [pid 52490] [client 92.119.36.103:0] script '/domains/davidbacker/web.php' not found or unable to stat
[Mon Mar 02 01:17:14.701703 2026] [php:error] [pid 52490] [client 92.119.36.103:0] script '/domains/davidbacker/images/index.php' not found or unable to stat
[Mon Mar 02 01:17:15.251205 2026] [php:error] [pid 52532] [client 13.74.146.113:0] script '/domains/nmksgroupweb/trx24.php' not found or unable to stat
[Mon Mar 02 01:17:15.391698 2026] [php:error] [pid 52532] [client 13.74.146.113:0] script '/domains/nmksgroupweb/cah.php' not found or unable to stat
[Mon Mar 02 01:17:15.532086 2026] [php:error] [pid 52532] [client 13.74.146.113:0] script '/domains/nmksgroupweb/acp.php' not found or unable to stat
[Mon Mar 02 01:17:15.606550 2026] [php:error] [pid 52490] [client 92.119.36.103:0] script '/domains/davidbacker/wp-trackback.php' not found or unable to stat
[Mon Mar 02 01:17:15.609836 2026] [php:error] [pid 52532] [client 13.74.146.113:0] script '/domains/nmksgroupweb/muzu.php' not found or unable to stat
[Mon Mar 02 01:17:15.680591 2026] [php:error] [pid 52532] [client 13.74.146.113:0] script '/domains/nmksgroupweb/wpo.php' not found or unable to stat
[Mon Mar 02 01:17:15.750735 2026] [php:error] [pid 52532] [client 13.74.146.113:0] script '/domains/nmksgroupweb/x123x.php' not found or unable to stat
[Mon Mar 02 01:17:15.820889 2026] [php:error] [pid 52532] [client 13.74.146.113:0] script '/domains/nmksgroupweb/aq.php' not found or unable to stat
[Mon Mar 02 01:17:15.890841 2026] [php:error] [pid 52532] [client 13.74.146.113:0] script '/domains/nmksgroupweb/011i.php' not found or unable to stat
[Mon Mar 02 01:17:15.903608 2026] [php:error] [pid 52490] [client 92.119.36.103:0] script '/domains/davidbacker/radio.php' not found or unable to stat
[Mon Mar 02 01:17:15.960950 2026] [php:error] [pid 52532] [client 13.74.146.113:0] script '/domains/nmksgroupweb/edit-tags.php' not found or unable to stat
[Mon Mar 02 01:17:16.031163 2026] [php:error] [pid 52532] [client 13.74.146.113:0] script '/domains/nmksgroupweb/as1337.php' not found or unable to stat
[Mon Mar 02 01:17:16.101443 2026] [php:error] [pid 52532] [client 13.74.146.113:0] script '/domains/nmksgroupweb/Okxob.php' not found or unable to stat
[Mon Mar 02 01:17:16.171748 2026] [php:error] [pid 52532] [client 13.74.146.113:0] script '/domains/nmksgroupweb/wolf-shell.php' not found or unable to stat
[Mon Mar 02 01:17:16.241895 2026] [php:error] [pid 52532] [client 13.74.146.113:0] script '/domains/nmksgroupweb/core.php' not found or unable to stat
[Mon Mar 02 01:17:16.312166 2026] [php:error] [pid 52532] [client 13.74.146.113:0] script '/domains/nmksgroupweb/zeal.php' not found or unable to stat
[Mon Mar 02 01:17:16.382445 2026] [php:error] [pid 52532] [client 13.74.146.113:0] script '/domains/nmksgroupweb/asf.php' not found or unable to stat
[Mon Mar 02 01:17:16.452512 2026] [php:error] [pid 52532] [client 13.74.146.113:0] script '/domains/nmksgroupweb/sa.php' not found or unable to stat
[Mon Mar 02 01:17:16.478773 2026] [php:error] [pid 52490] [client 92.119.36.103:0] script '/domains/davidbacker/wp-conflg.php' not found or unable to stat
[Mon Mar 02 01:17:16.636507 2026] [php:error] [pid 52490] [client 92.119.36.103:0] script '/domains/davidbacker/wp-setup.php' not found or unable to stat
[Mon Mar 02 01:17:16.785010 2026] [php:error] [pid 52490] [client 92.119.36.103:0] script '/domains/davidbacker/ms-themes.php' not found or unable to stat
[Mon Mar 02 01:17:17.079342 2026] [php:error] [pid 52490] [client 92.119.36.103:0] script '/domains/davidbacker/style.php' not found or unable to stat
[Mon Mar 02 01:17:17.510243 2026] [php:error] [pid 52490] [client 92.119.36.103:0] script '/domains/davidbacker/x.php' not found or unable to stat
[Mon Mar 02 01:17:17.835765 2026] [php:error] [pid 52490] [client 92.119.36.103:0] script '/domains/davidbacker/css/index.php' not found or unable to stat
[Mon Mar 02 01:17:17.966363 2026] [php:error] [pid 52490] [client 92.119.36.103:0] script '/domains/davidbacker/images/index22.php' not found or unable to stat
[Mon Mar 02 01:17:18.091927 2026] [php:error] [pid 52490] [client 92.119.36.103:0] script '/domains/davidbacker/wp-user.php' not found or unable to stat
[Mon Mar 02 01:17:18.626371 2026] [php:error] [pid 52490] [client 92.119.36.103:0] script '/domains/davidbacker/config.php' not found or unable to stat
[Mon Mar 02 01:17:18.848385 2026] [php:error] [pid 52490] [client 92.119.36.103:0] script '/domains/davidbacker/special.php' not found or unable to stat
[Mon Mar 02 01:17:18.884920 2026] [php:error] [pid 52556] [client 110.76.128.88:0] script '/domains/performancepartsinc/images/WtGXSbNI.php' not found or unable to stat
[Mon Mar 02 01:17:20.610344 2026] [php:error] [pid 52555] [client 92.119.36.85:0] script '/domains/davidbacker/webdb.php' not found or unable to stat
[Mon Mar 02 01:17:20.945310 2026] [php:error] [pid 52555] [client 92.119.36.85:0] script '/domains/davidbacker/file2.php' not found or unable to stat
[Mon Mar 02 01:17:21.237487 2026] [php:error] [pid 52555] [client 92.119.36.85:0] script '/domains/davidbacker/alfa.php' not found or unable to stat
[Mon Mar 02 01:17:22.428769 2026] [php:error] [pid 52556] [client 110.76.128.88:0] script '/domains/performancepartsinc/images/WtGXSbNI.php' not found or unable to stat
[Mon Mar 02 01:17:22.445968 2026] [php:error] [pid 52555] [client 92.119.36.85:0] script '/domains/davidbacker/edit.php' not found or unable to stat
[Mon Mar 02 01:17:22.904428 2026] [php:error] [pid 52555] [client 92.119.36.85:0] script '/domains/davidbacker/wp-links-opml.php' not found or unable to stat
[Mon Mar 02 01:17:23.179802 2026] [php:error] [pid 52555] [client 92.119.36.85:0] script '/domains/davidbacker/atomlib.php' not found or unable to stat
[Mon Mar 02 01:17:23.981249 2026] [php:error] [pid 52555] [client 92.119.36.85:0] script '/domains/davidbacker/xp.php' not found or unable to stat
[Mon Mar 02 01:17:24.438135 2026] [php:error] [pid 52555] [client 92.119.36.85:0] script '/domains/davidbacker/wp-links.php' not found or unable to stat
[Mon Mar 02 01:17:26.176663 2026] [php:error] [pid 52555] [client 92.119.36.85:0] script '/domains/davidbacker/moon.php' not found or unable to stat
[Mon Mar 02 01:17:26.641165 2026] [php:error] [pid 52555] [client 92.119.36.85:0] script '/domains/davidbacker/webadmin.php' not found or unable to stat
[Mon Mar 02 01:17:27.130413 2026] [php:error] [pid 52555] [client 92.119.36.85:0] script '/domains/davidbacker/xl2023.php' not found or unable to stat
[Mon Mar 02 01:17:27.263364 2026] [php:error] [pid 52555] [client 92.119.36.85:0] script '/domains/davidbacker/go.php' not found or unable to stat
[Mon Mar 02 01:17:27.952239 2026] [php:error] [pid 52556] [client 110.76.128.88:0] script '/domains/performancepartsinc/images/WtGXSbNI.php' not found or unable to stat
[Mon Mar 02 01:17:30.031672 2026] [php:error] [pid 52555] [client 92.119.36.85:0] script '/domains/davidbacker/hehehehe.php' not found or unable to stat
[Mon Mar 02 01:17:30.813907 2026] [php:error] [pid 52546] [client 4.193.177.110:0] script '/domains/system_default/post.php' not found or unable to stat
[Mon Mar 02 01:17:31.042213 2026] [php:error] [pid 52546] [client 4.193.177.110:0] script '/domains/system_default/1.php' not found or unable to stat
[Mon Mar 02 01:17:31.270439 2026] [php:error] [pid 52546] [client 4.193.177.110:0] script '/domains/system_default/flower.php' not found or unable to stat
[Mon Mar 02 01:17:31.498493 2026] [php:error] [pid 52546] [client 4.193.177.110:0] script '/domains/system_default/admin.php' not found or unable to stat
[Mon Mar 02 01:17:31.727015 2026] [php:error] [pid 52546] [client 4.193.177.110:0] script '/domains/system_default/file.php' not found or unable to stat
[Mon Mar 02 01:17:31.978943 2026] [php:error] [pid 52546] [client 4.193.177.110:0] script '/domains/system_default/meta.php' not found or unable to stat
[Mon Mar 02 01:17:32.218245 2026] [php:error] [pid 52546] [client 4.193.177.110:0] script '/domains/system_default/index.php' not found or unable to stat
[Mon Mar 02 01:17:32.465487 2026] [php:error] [pid 52546] [client 4.193.177.110:0] script '/domains/system_default/about.php' not found or unable to stat
[Mon Mar 02 01:17:32.695835 2026] [php:error] [pid 52546] [client 4.193.177.110:0] script '/domains/system_default/randkeyword.php' not found or unable to stat
[Mon Mar 02 01:17:32.924769 2026] [php:error] [pid 52546] [client 4.193.177.110:0] script '/domains/system_default/hehe.php' not found or unable to stat
[Mon Mar 02 01:17:33.183315 2026] [php:error] [pid 52546] [client 4.193.177.110:0] script '/domains/system_default/yindu.php' not found or unable to stat
[Mon Mar 02 01:17:33.895410 2026] [php:error] [pid 52546] [client 4.193.177.110:0] script '/domains/system_default/baxa1.php' not found or unable to stat
[Mon Mar 02 01:17:34.115664 2026] [php:error] [pid 52559] [client 110.76.128.88:0] script '/domains/performancepartsinc/images/WtGXSbNI.php' not found or unable to stat
[Mon Mar 02 01:17:34.450057 2026] [php:error] [pid 52537] [client 92.119.36.68:0] script '/domains/davidbacker/byp.php' not found or unable to stat
[Mon Mar 02 01:17:35.611480 2026] [php:error] [pid 52537] [client 92.119.36.68:0] script '/domains/davidbacker/class.api.php' not found or unable to stat
[Mon Mar 02 01:17:36.137825 2026] [php:error] [pid 52537] [client 92.119.36.68:0] script '/domains/davidbacker/system_log.php' not found or unable to stat
[Mon Mar 02 01:17:36.505041 2026] [php:error] [pid 52537] [client 92.119.36.68:0] script '/domains/davidbacker/.alf.php' not found or unable to stat
[Mon Mar 02 01:17:36.645874 2026] [php:error] [pid 52537] [client 92.119.36.68:0] script '/domains/davidbacker/wso.php' not found or unable to stat
[Mon Mar 02 01:17:36.983488 2026] [php:error] [pid 52537] [client 92.119.36.68:0] script '/domains/davidbacker/flower.php' not found or unable to stat
[Mon Mar 02 01:17:37.297182 2026] [php:error] [pid 52559] [client 110.76.128.88:0] script '/domains/performancepartsinc/images/WtGXSbNI.php' not found or unable to stat
[Mon Mar 02 01:17:37.551801 2026] [php:error] [pid 52537] [client 92.119.36.68:0] script '/domains/davidbacker/ioxi-o.php' not found or unable to stat
[Mon Mar 02 01:17:37.678440 2026] [php:error] [pid 52537] [client 92.119.36.68:0] script '/domains/davidbacker/info.php' not found or unable to stat
[Mon Mar 02 01:17:37.847966 2026] [php:error] [pid 52537] [client 92.119.36.68:0] script '/domains/davidbacker/setup.php' not found or unable to stat
[Mon Mar 02 01:17:37.853062 2026] [php:error] [pid 52546] [client 4.193.177.110:0] script '/domains/system_default/user.php' not found or unable to stat
[Mon Mar 02 01:17:38.091808 2026] [php:error] [pid 52546] [client 4.193.177.110:0] script '/domains/system_default/wp-2019.php' not found or unable to stat
[Mon Mar 02 01:17:38.320157 2026] [php:error] [pid 52546] [client 4.193.177.110:0] script '/domains/system_default/chosen.php' not found or unable to stat
[Mon Mar 02 01:17:38.540787 2026] [php:error] [pid 52537] [client 92.119.36.68:0] script '/domains/davidbacker/as.php' not found or unable to stat
[Mon Mar 02 01:17:38.548301 2026] [php:error] [pid 52546] [client 4.193.177.110:0] script '/domains/system_default/functions.php' not found or unable to stat
[Mon Mar 02 01:17:38.669912 2026] [php:error] [pid 52537] [client 92.119.36.68:0] script '/domains/davidbacker/cc.php' not found or unable to stat
[Mon Mar 02 01:17:38.788853 2026] [php:error] [pid 52546] [client 4.193.177.110:0] script '/domains/system_default/cron.php' not found or unable to stat
[Mon Mar 02 01:17:38.991199 2026] [php:error] [pid 52537] [client 92.119.36.68:0] script '/domains/davidbacker/ab.php' not found or unable to stat
[Mon Mar 02 01:17:39.017186 2026] [php:error] [pid 52546] [client 4.193.177.110:0] script '/domains/system_default/edit.php' not found or unable to stat
[Mon Mar 02 01:17:39.246159 2026] [php:error] [pid 52546] [client 4.193.177.110:0] script '/domains/system_default/gecko-new.php' not found or unable to stat
[Mon Mar 02 01:17:39.394241 2026] [php:error] [pid 52537] [client 92.119.36.68:0] script '/domains/davidbacker/doc.php' not found or unable to stat
[Mon Mar 02 01:17:39.474253 2026] [php:error] [pid 52546] [client 4.193.177.110:0] script '/domains/system_default/cookie.php' not found or unable to stat
[Mon Mar 02 01:17:39.702665 2026] [php:error] [pid 52546] [client 4.193.177.110:0] script '/domains/system_default/xleet.php' not found or unable to stat
[Mon Mar 02 01:17:39.807046 2026] [php:error] [pid 52537] [client 92.119.36.68:0] script '/domains/davidbacker/wp-login.php' not found or unable to stat
[Mon Mar 02 01:17:39.931078 2026] [php:error] [pid 52546] [client 4.193.177.110:0] script '/domains/system_default/spip.php' not found or unable to stat
[Mon Mar 02 01:17:39.952577 2026] [php:error] [pid 52537] [client 92.119.36.68:0] script '/domains/davidbacker/mar.php' not found or unable to stat
[Mon Mar 02 01:17:40.159270 2026] [php:error] [pid 52546] [client 4.193.177.110:0] script '/domains/system_default/22.php' not found or unable to stat
[Mon Mar 02 01:17:40.387455 2026] [php:error] [pid 52546] [client 4.193.177.110:0] script '/domains/system_default/room.php' not found or unable to stat
[Mon Mar 02 01:17:40.489080 2026] [php:error] [pid 52537] [client 92.119.36.68:0] script '/domains/davidbacker/1.php' not found or unable to stat
[Mon Mar 02 01:17:40.662934 2026] [php:error] [pid 52546] [client 4.193.177.110:0] script '/domains/system_default/disagreed.php' not found or unable to stat
[Mon Mar 02 01:17:40.891615 2026] [php:error] [pid 52546] [client 4.193.177.110:0] script '/domains/system_default/text.php' not found or unable to stat
[Mon Mar 02 01:17:41.119572 2026] [php:error] [pid 52546] [client 4.193.177.110:0] script '/domains/system_default/alfa-rex.php' not found or unable to stat
[Mon Mar 02 01:17:41.577235 2026] [php:error] [pid 52546] [client 4.193.177.110:0] script '/domains/system_default/feeds.php' not found or unable to stat
[Mon Mar 02 01:17:41.805409 2026] [php:error] [pid 52546] [client 4.193.177.110:0] script '/domains/system_default/radio.php' not found or unable to stat
[Mon Mar 02 01:17:41.874375 2026] [php:error] [pid 52537] [client 92.119.36.68:0] script '/domains/davidbacker/fm.php' not found or unable to stat
[Mon Mar 02 01:17:42.037123 2026] [php:error] [pid 52546] [client 4.193.177.110:0] script '/domains/system_default/dropdown.php' not found or unable to stat
[Mon Mar 02 01:17:42.266160 2026] [php:error] [pid 52546] [client 4.193.177.110:0] script '/domains/system_default/defaults.php' not found or unable to stat
[Mon Mar 02 01:17:42.489363 2026] [php:error] [pid 52559] [client 110.76.128.88:0] script '/domains/performancepartsinc/images/WtGXSbNI.php' not found or unable to stat
[Mon Mar 02 01:17:42.494235 2026] [php:error] [pid 52546] [client 4.193.177.110:0] script '/domains/system_default/system.php' not found or unable to stat
[Mon Mar 02 01:17:42.722851 2026] [php:error] [pid 52546] [client 4.193.177.110:0] script '/domains/system_default/xmlrpc.php' not found or unable to stat
[Mon Mar 02 01:17:42.731418 2026] [php:error] [pid 52537] [client 92.119.36.68:0] script '/domains/davidbacker/ini.php' not found or unable to stat
[Mon Mar 02 01:17:43.091179 2026] [authz_core:error] [pid 52566] [client 162.216.16.109:0] AH01630: client denied by server configuration: /
[Mon Mar 02 01:17:43.179668 2026] [php:error] [pid 52546] [client 4.193.177.110:0] script '/domains/system_default/colors.php' not found or unable to stat
[Mon Mar 02 01:17:43.407846 2026] [php:error] [pid 52546] [client 4.193.177.110:0] script '/domains/system_default/updates.php' not found or unable to stat
[Mon Mar 02 01:17:43.683535 2026] [php:error] [pid 52546] [client 4.193.177.110:0] script '/domains/system_default/alfa-rex1.php' not found or unable to stat
[Mon Mar 02 01:17:43.911862 2026] [php:error] [pid 52546] [client 4.193.177.110:0] script '/domains/system_default/wp-index.php' not found or unable to stat
[Mon Mar 02 01:17:44.180552 2026] [php:error] [pid 52546] [client 4.193.177.110:0] script '/domains/system_default/wp-admin.php' not found or unable to stat
[Mon Mar 02 01:17:44.409226 2026] [php:error] [pid 52546] [client 4.193.177.110:0] script '/domains/system_default/alfa.php' not found or unable to stat
[Mon Mar 02 01:17:44.494611 2026] [php:error] [pid 52565] [client 92.119.36.99:0] script '/domains/davidbacker/wp-content.php' not found or unable to stat
[Mon Mar 02 01:17:44.866364 2026] [php:error] [pid 52546] [client 4.193.177.110:0] script '/domains/system_default/locale.php' not found or unable to stat
[Mon Mar 02 01:17:45.095021 2026] [php:error] [pid 52546] [client 4.193.177.110:0] script '/domains/system_default/wxo.php' not found or unable to stat
[Mon Mar 02 01:17:45.296330 2026] [php:error] [pid 52565] [client 92.119.36.99:0] script '/domains/davidbacker/customize.php' not found or unable to stat
[Mon Mar 02 01:17:45.323608 2026] [php:error] [pid 52546] [client 4.193.177.110:0] script '/domains/system_default/colour.php' not found or unable to stat
[Mon Mar 02 01:17:45.454451 2026] [php:error] [pid 52565] [client 92.119.36.99:0] script '/domains/davidbacker/license.php' not found or unable to stat
[Mon Mar 02 01:17:45.552301 2026] [php:error] [pid 52546] [client 4.193.177.110:0] script '/domains/system_default/files.php' not found or unable to stat
[Mon Mar 02 01:17:45.781053 2026] [php:error] [pid 52546] [client 4.193.177.110:0] script '/domains/system_default/install.php' not found or unable to stat
[Mon Mar 02 01:17:45.786728 2026] [php:error] [pid 52565] [client 92.119.36.99:0] script '/domains/davidbacker/lock.php' not found or unable to stat
[Mon Mar 02 01:17:46.030528 2026] [php:error] [pid 52546] [client 4.193.177.110:0] script '/domains/system_default/wp-contentt.php' not found or unable to stat
[Mon Mar 02 01:17:46.486905 2026] [php:error] [pid 52546] [client 4.193.177.110:0] script '/domains/system_default/config.php' not found or unable to stat
[Mon Mar 02 01:17:46.715685 2026] [php:error] [pid 52546] [client 4.193.177.110:0] script '/domains/system_default/theme.php' not found or unable to stat
[Mon Mar 02 01:17:46.878489 2026] [php:error] [pid 52565] [client 92.119.36.99:0] script '/domains/davidbacker/wp-good.php' not found or unable to stat
[Mon Mar 02 01:17:46.943931 2026] [php:error] [pid 52546] [client 4.193.177.110:0] script '/domains/system_default/block-bindings.php' not found or unable to stat
[Mon Mar 02 01:17:47.175039 2026] [php:error] [pid 52546] [client 4.193.177.110:0] script '/domains/system_default/class_api.php' not found or unable to stat
[Mon Mar 02 01:17:47.403861 2026] [php:error] [pid 52546] [client 4.193.177.110:0] script '/domains/system_default/inputs.php' not found or unable to stat
[Mon Mar 02 01:17:47.665777 2026] [php:error] [pid 52546] [client 4.193.177.110:0] script '/domains/system_default/root.php' not found or unable to stat
[Mon Mar 02 01:17:47.948764 2026] [php:error] [pid 52546] [client 4.193.177.110:0] script '/domains/system_default/menu.php' not found or unable to stat
[Mon Mar 02 01:17:48.010881 2026] [php:error] [pid 52559] [client 110.76.128.88:0] script '/domains/performancepartsinc/images/WtGXSbNI.php' not found or unable to stat
[Mon Mar 02 01:17:48.219730 2026] [php:error] [pid 52546] [client 4.193.177.110:0] script '/domains/system_default/goods.php' not found or unable to stat
[Mon Mar 02 01:17:48.241965 2026] [php:error] [pid 52565] [client 92.119.36.99:0] script '/domains/davidbacker/ff2.php' not found or unable to stat
[Mon Mar 02 01:17:48.491177 2026] [php:error] [pid 52546] [client 4.193.177.110:0] script '/domains/system_default/plugin.php' not found or unable to stat
[Mon Mar 02 01:17:48.677167 2026] [php:error] [pid 52561] [client 110.76.128.88:0] script '/domains/performancepartsinc/wp-22.php' not found or unable to stat
[Mon Mar 02 01:17:48.719369 2026] [php:error] [pid 52546] [client 4.193.177.110:0] script '/domains/system_default/cloud.php' not found or unable to stat
[Mon Mar 02 01:17:48.810930 2026] [php:error] [pid 52565] [client 92.119.36.99:0] script '/domains/davidbacker/jp.php' not found or unable to stat
[Mon Mar 02 01:17:48.947699 2026] [php:error] [pid 52546] [client 4.193.177.110:0] script '/domains/system_default/configs.php' not found or unable to stat
[Mon Mar 02 01:17:48.951036 2026] [php:error] [pid 52565] [client 92.119.36.99:0] script '/domains/davidbacker/wp-atom.php' not found or unable to stat
[Mon Mar 02 01:17:49.119196 2026] [authz_core:error] [pid 52556] [client 162.216.16.109:0] AH01630: client denied by server configuration: /
[Mon Mar 02 01:17:49.175866 2026] [php:error] [pid 52546] [client 4.193.177.110:0] script '/domains/system_default/wp-configs.php' not found or unable to stat
[Mon Mar 02 01:17:49.277892 2026] [php:error] [pid 52490] [client 162.216.16.109:0] script '/domains/aatweb/login.php' not found or unable to stat
[Mon Mar 02 01:17:49.288213 2026] [php:error] [pid 52565] [client 92.119.36.99:0] script '/domains/davidbacker/up.php' not found or unable to stat
[Mon Mar 02 01:17:49.404389 2026] [php:error] [pid 52546] [client 4.193.177.110:0] script '/domains/system_default/update.php' not found or unable to stat
[Mon Mar 02 01:17:49.632571 2026] [php:error] [pid 52546] [client 4.193.177.110:0] script '/domains/system_default/2.php' not found or unable to stat
[Mon Mar 02 01:17:49.861220 2026] [php:error] [pid 52546] [client 4.193.177.110:0] script '/domains/system_default/input.php' not found or unable to stat
[Mon Mar 02 01:17:50.103393 2026] [php:error] [pid 52546] [client 4.193.177.110:0] script '/domains/system_default/aaa.php' not found or unable to stat
[Mon Mar 02 01:17:50.118061 2026] [php:error] [pid 52555] [client 162.216.16.109:0] script '/domains/aatweb/login.php' not found or unable to stat
[Mon Mar 02 01:17:50.197975 2026] [php:error] [pid 52565] [client 92.119.36.99:0] script '/domains/davidbacker/worm.PhP' not found or unable to stat
[Mon Mar 02 01:17:50.221937 2026] [cgi:error] [pid 52537] [client 162.216.16.109:0] AH02811: stderr from /domains/aatweb/cgi-bin/info.cgi: script not found or unable to stat
[Mon Mar 02 01:17:50.322832 2026] [cgi:error] [pid 52566] [client 162.216.16.109:0] AH02811: stderr from /domains/aatweb/cgi-bin/info.cgi: script not found or unable to stat
[Mon Mar 02 01:17:50.335046 2026] [php:error] [pid 52565] [client 92.119.36.99:0] script '/domains/davidbacker/ext.php' not found or unable to stat
[Mon Mar 02 01:17:50.496256 2026] [php:error] [pid 52565] [client 92.119.36.99:0] script '/domains/davidbacker/delpaths.php' not found or unable to stat
[Mon Mar 02 01:17:50.736465 2026] [cgi:error] [pid 52559] [client 162.216.16.109:0] AH02811: stderr from /domains/aatweb/cgi-bin/param.cgi: script not found or unable to stat
[Mon Mar 02 01:17:50.837347 2026] [cgi:error] [pid 52555] [client 162.216.16.109:0] AH02811: stderr from /domains/aatweb/cgi-bin/param.cgi: script not found or unable to stat
[Mon Mar 02 01:17:51.454779 2026] [cgi:error] [pid 52563] [client 162.216.16.109:0] AH02811: stderr from /domains/aatweb/webportal.cgi: script not found or unable to stat
[Mon Mar 02 01:17:51.456289 2026] [php:error] [pid 52565] [client 92.119.36.99:0] script '/domains/davidbacker/gifclass.php' not found or unable to stat
[Mon Mar 02 01:17:51.505576 2026] [cgi:error] [pid 52561] [client 162.216.16.109:0] AH02811: stderr from /domains/aatweb/webportal.cgi: script not found or unable to stat
[Mon Mar 02 01:17:51.506338 2026] [cgi:error] [pid 52555] [client 162.216.16.109:0] AH02811: stderr from /domains/aatweb/cgi-bin/authLogin.cgi: script not found or unable to stat
[Mon Mar 02 01:17:51.555747 2026] [cgi:error] [pid 52559] [client 162.216.16.109:0] AH02811: stderr from /domains/aatweb/cgi-bin/authLogin.cgi: script not found or unable to stat
[Mon Mar 02 01:17:51.587849 2026] [php:error] [pid 52565] [client 92.119.36.99:0] script '/domains/davidbacker/plugin.php' not found or unable to stat
[Mon Mar 02 01:17:51.850263 2026] [php:error] [pid 52565] [client 92.119.36.99:0] script '/domains/davidbacker/update-core.php' not found or unable to stat
[Mon Mar 02 01:17:52.188698 2026] [php:error] [pid 52565] [client 92.119.36.99:0] script '/domains/davidbacker/wp-mail.php' not found or unable to stat
[Mon Mar 02 01:17:52.752714 2026] [cgi:error] [pid 52561] [client 162.216.16.109:0] AH02811: stderr from /domains/aatweb/cgi-bin/meteobridge.cgi: script not found or unable to stat
[Mon Mar 02 01:17:52.957794 2026] [cgi:error] [pid 52561] [client 162.216.16.109:0] AH02811: stderr from /domains/aatweb/cgi-bin/getagent.cgi: script not found or unable to stat
[Mon Mar 02 01:17:52.959190 2026] [cgi:error] [pid 52555] [client 162.216.16.109:0] AH02811: stderr from /domains/aatweb/cgi-bin/meteobridge.cgi: script not found or unable to stat
[Mon Mar 02 01:17:53.265289 2026] [cgi:error] [pid 52537] [client 162.216.16.109:0] AH02811: stderr from /domains/aatweb/cgi-bin/getagent.cgi: script not found or unable to stat
[Mon Mar 02 01:17:53.796637 2026] [authz_core:error] [pid 52563] [client 162.216.16.109:0] AH01630: client denied by server configuration: /
[Mon Mar 02 01:17:53.797431 2026] [authz_core:error] [pid 52559] [client 162.216.16.109:0] AH01630: client denied by server configuration: /
[Mon Mar 02 01:17:54.107091 2026] [php:error] [pid 52561] [client 92.119.36.96:0] script '/domains/davidbacker/aa.php' not found or unable to stat
[Mon Mar 02 01:17:54.261673 2026] [php:error] [pid 52561] [client 92.119.36.96:0] script '/domains/davidbacker/index2.php' not found or unable to stat
[Mon Mar 02 01:17:54.945194 2026] [php:error] [pid 52561] [client 92.119.36.96:0] script '/domains/davidbacker/shell.php' not found or unable to stat
[Mon Mar 02 01:17:55.745865 2026] [php:error] [pid 52561] [client 92.119.36.96:0] script '/domains/davidbacker/hehe.php' not found or unable to stat
[Mon Mar 02 01:17:56.035815 2026] [php:error] [pid 52561] [client 92.119.36.96:0] script '/domains/davidbacker/css/slider.php' not found or unable to stat
[Mon Mar 02 01:17:56.229475 2026] [php:error] [pid 52561] [client 92.119.36.96:0] script '/domains/davidbacker/dir.php' not found or unable to stat
[Mon Mar 02 01:17:56.816741 2026] [php:error] [pid 52561] [client 92.119.36.96:0] script '/domains/davidbacker/nf_tracking.php' not found or unable to stat
[Mon Mar 02 01:17:57.100952 2026] [php:error] [pid 52561] [client 92.119.36.96:0] script '/domains/davidbacker/filefuns.php' not found or unable to stat
[Mon Mar 02 01:17:57.386219 2026] [php:error] [pid 52561] [client 92.119.36.96:0] script '/domains/davidbacker/l.php' not found or unable to stat
[Mon Mar 02 01:17:57.542580 2026] [php:error] [pid 52561] [client 92.119.36.96:0] script '/domains/davidbacker/repeater.php' not found or unable to stat
[Mon Mar 02 01:17:57.955867 2026] [php:error] [pid 52561] [client 92.119.36.96:0] script '/domains/davidbacker/contacts.php' not found or unable to stat
[Mon Mar 02 01:17:58.109095 2026] [php:error] [pid 52561] [client 92.119.36.96:0] script '/domains/davidbacker/wsa.php' not found or unable to stat
[Mon Mar 02 01:17:58.947173 2026] [php:error] [pid 52561] [client 92.119.36.96:0] script '/domains/davidbacker/lv.php' not found or unable to stat
[Mon Mar 02 01:17:59.114722 2026] [php:error] [pid 52561] [client 92.119.36.96:0] script '/domains/davidbacker/images/js1.php' not found or unable to stat
[Mon Mar 02 01:17:59.723209 2026] [php:error] [pid 52546] [client 106.222.227.184:0] script '/domains/rextrav/xmlrpc.php' not found or unable to stat
[Mon Mar 02 01:18:00.303000 2026] [php:error] [pid 52567] [client 20.220.232.101:0] script '/domains/ltemple/class-t.api.php' not found or unable to stat
[Mon Mar 02 01:18:00.358943 2026] [php:error] [pid 52567] [client 20.220.232.101:0] script '/domains/ltemple/zwso.php' not found or unable to stat
[Mon Mar 02 01:18:00.407695 2026] [php:error] [pid 52567] [client 20.220.232.101:0] script '/domains/ltemple/class19.php' not found or unable to stat
[Mon Mar 02 01:18:00.432292 2026] [php:error] [pid 52567] [client 20.220.232.101:0] script '/domains/ltemple/class20.php' not found or unable to stat
[Mon Mar 02 01:18:00.538194 2026] [php:error] [pid 52567] [client 20.220.232.101:0] script '/domains/ltemple/admin.php' not found or unable to stat
[Mon Mar 02 01:18:00.562913 2026] [php:error] [pid 52567] [client 20.220.232.101:0] script '/domains/ltemple/randkeyword.php' not found or unable to stat
[Mon Mar 02 01:18:00.666407 2026] [php:error] [pid 52567] [client 20.220.232.101:0] script '/domains/ltemple/fwe.php' not found or unable to stat
[Mon Mar 02 01:18:00.830369 2026] [php:error] [pid 52567] [client 20.220.232.101:0] script '/domains/ltemple/images/m.php' not found or unable to stat
[Mon Mar 02 01:18:00.854811 2026] [php:error] [pid 52567] [client 20.220.232.101:0] script '/domains/ltemple/g.php' not found or unable to stat
[Mon Mar 02 01:18:00.880092 2026] [php:error] [pid 52567] [client 20.220.232.101:0] script '/domains/ltemple/tx1.php' not found or unable to stat
[Mon Mar 02 01:18:00.904519 2026] [php:error] [pid 52567] [client 20.220.232.101:0] script '/domains/ltemple/xv.php' not found or unable to stat
[Mon Mar 02 01:18:00.928788 2026] [php:error] [pid 52567] [client 20.220.232.101:0] script '/domains/ltemple/x56.php' not found or unable to stat
[Mon Mar 02 01:18:00.954510 2026] [php:error] [pid 52567] [client 20.220.232.101:0] script '/domains/ltemple/htaccess.php' not found or unable to stat
[Mon Mar 02 01:18:00.979358 2026] [php:error] [pid 52567] [client 20.220.232.101:0] script '/domains/ltemple/readme.php' not found or unable to stat
[Mon Mar 02 01:18:01.003808 2026] [php:error] [pid 52567] [client 20.220.232.101:0] script '/domains/ltemple/x50.php' not found or unable to stat
[Mon Mar 02 01:18:01.067468 2026] [php:error] [pid 52567] [client 20.220.232.101:0] script '/domains/ltemple/fv.php' not found or unable to stat
[Mon Mar 02 01:18:01.141496 2026] [php:error] [pid 52567] [client 20.220.232.101:0] script '/domains/ltemple/file.php' not found or unable to stat
[Mon Mar 02 01:18:01.170530 2026] [php:error] [pid 52567] [client 20.220.232.101:0] script '/domains/ltemple/lsd.php' not found or unable to stat
[Mon Mar 02 01:18:01.194948 2026] [php:error] [pid 52567] [client 20.220.232.101:0] script '/domains/ltemple/as.php' not found or unable to stat
[Mon Mar 02 01:18:01.219389 2026] [php:error] [pid 52567] [client 20.220.232.101:0] script '/domains/ltemple/wsd.php' not found or unable to stat
[Mon Mar 02 01:18:01.270444 2026] [php:error] [pid 52567] [client 20.220.232.101:0] script '/domains/ltemple/gtc.php' not found or unable to stat
[Mon Mar 02 01:18:01.295034 2026] [php:error] [pid 52567] [client 20.220.232.101:0] script '/domains/ltemple/atx.php' not found or unable to stat
[Mon Mar 02 01:18:01.336270 2026] [php:error] [pid 52567] [client 20.220.232.101:0] script '/domains/ltemple/z60.php' not found or unable to stat
[Mon Mar 02 01:18:01.360684 2026] [php:error] [pid 52567] [client 20.220.232.101:0] script '/domains/ltemple/403.php' not found or unable to stat
[Mon Mar 02 01:18:01.385052 2026] [php:error] [pid 52567] [client 20.220.232.101:0] script '/domains/ltemple/m.php' not found or unable to stat
[Mon Mar 02 01:18:01.424662 2026] [php:error] [pid 52567] [client 20.220.232.101:0] script '/domains/ltemple/themes.php' not found or unable to stat
[Mon Mar 02 01:18:01.723255 2026] [php:error] [pid 52559] [client 92.119.36.101:0] script '/domains/davidbacker/tox.php' not found or unable to stat
[Mon Mar 02 01:18:01.770883 2026] [php:error] [pid 52567] [client 20.220.232.101:0] script '/domains/ltemple/click.php' not found or unable to stat
[Mon Mar 02 01:18:01.797714 2026] [php:error] [pid 52567] [client 20.220.232.101:0] script '/domains/ltemple/install.php' not found or unable to stat
[Mon Mar 02 01:18:01.832633 2026] [php:error] [pid 52567] [client 20.220.232.101:0] script '/domains/ltemple/lv.php' not found or unable to stat
[Mon Mar 02 01:18:01.857235 2026] [php:error] [pid 52567] [client 20.220.232.101:0] script '/domains/ltemple/simple.php' not found or unable to stat
[Mon Mar 02 01:18:01.890892 2026] [php:error] [pid 52567] [client 20.220.232.101:0] script '/domains/ltemple/css.php' not found or unable to stat
[Mon Mar 02 01:18:01.915765 2026] [php:error] [pid 52567] [client 20.220.232.101:0] script '/domains/ltemple/cong.php' not found or unable to stat
