[Mon Mar 02 00:30:13.460329 2026] [php:error] [pid 51952] [client 104.208.116.225:0] script '/domains/markrose/about.php' not found or unable to stat
[Mon Mar 02 00:30:13.540511 2026] [php:error] [pid 51951] [client 45.133.5.60:0] script '/domains/koenig.interport/aa.php' not found or unable to stat
[Mon Mar 02 00:30:13.665988 2026] [php:error] [pid 51952] [client 104.208.116.225:0] script '/domains/markrose/file.php' not found or unable to stat
[Mon Mar 02 00:30:13.788697 2026] [php:error] [pid 51951] [client 45.133.5.60:0] script '/domains/koenig.interport/index2.php' not found or unable to stat
[Mon Mar 02 00:30:13.871521 2026] [php:error] [pid 51952] [client 104.208.116.225:0] script '/domains/markrose/adminfuns.php' not found or unable to stat
[Mon Mar 02 00:30:14.077908 2026] [php:error] [pid 51952] [client 104.208.116.225:0] script '/domains/markrose/wp-good.php' not found or unable to stat
[Mon Mar 02 00:30:14.283292 2026] [php:error] [pid 51952] [client 104.208.116.225:0] script '/domains/markrose/xmlrpc.php' not found or unable to stat
[Mon Mar 02 00:30:14.431320 2026] [php:error] [pid 51936] [client 45.133.6.91:0] script '/domains/mjbradley/aa.php' not found or unable to stat
[Mon Mar 02 00:30:14.488018 2026] [php:error] [pid 51952] [client 104.208.116.225:0] script '/domains/markrose/goods.php' not found or unable to stat
[Mon Mar 02 00:30:14.694622 2026] [php:error] [pid 51952] [client 104.208.116.225:0] script '/domains/markrose/class-t.api.php' not found or unable to stat
[Mon Mar 02 00:30:14.746868 2026] [php:error] [pid 51936] [client 45.133.6.91:0] script '/domains/mjbradley/index2.php' not found or unable to stat
[Mon Mar 02 00:30:14.851341 2026] [php:error] [pid 51919] [client 35.247.243.240:0] script '/domains/cccweb/adminer-5.0.0-mysql.php' not found or unable to stat
[Mon Mar 02 00:30:14.899654 2026] [php:error] [pid 51952] [client 104.208.116.225:0] script '/domains/markrose/sf.php' not found or unable to stat
[Mon Mar 02 00:30:15.086825 2026] [php:error] [pid 51951] [client 45.133.5.60:0] script '/domains/koenig.interport/shell.php' not found or unable to stat
[Mon Mar 02 00:30:15.104769 2026] [php:error] [pid 51952] [client 104.208.116.225:0] script '/domains/markrose/kbfr.php' not found or unable to stat
[Mon Mar 02 00:30:15.309530 2026] [php:error] [pid 51952] [client 104.208.116.225:0] script '/domains/markrose/autoload_classmap.php' not found or unable to stat
[Mon Mar 02 00:30:15.514451 2026] [php:error] [pid 51952] [client 104.208.116.225:0] script '/domains/markrose/chosen.php' not found or unable to stat
[Mon Mar 02 00:30:15.719490 2026] [php:error] [pid 51952] [client 104.208.116.225:0] script '/domains/markrose/classwithtostring.php' not found or unable to stat
[Mon Mar 02 00:30:15.935959 2026] [php:error] [pid 51952] [client 104.208.116.225:0] script '/domains/markrose/defaults.php' not found or unable to stat
[Mon Mar 02 00:30:16.430609 2026] [php:error] [pid 51951] [client 45.133.5.60:0] script '/domains/koenig.interport/hehe.php' not found or unable to stat
[Mon Mar 02 00:30:16.553011 2026] [php:error] [pid 51952] [client 104.208.116.225:0] script '/domains/markrose/info.php' not found or unable to stat
[Mon Mar 02 00:30:17.088083 2026] [php:error] [pid 51936] [client 45.133.6.91:0] script '/domains/mjbradley/shell.php' not found or unable to stat
[Mon Mar 02 00:30:17.260686 2026] [php:error] [pid 51951] [client 45.133.5.60:0] script '/domains/koenig.interport/dir.php' not found or unable to stat
[Mon Mar 02 00:30:18.601017 2026] [php:error] [pid 51951] [client 45.133.5.60:0] script '/domains/koenig.interport/nf_tracking.php' not found or unable to stat
[Mon Mar 02 00:30:18.750731 2026] [php:error] [pid 51936] [client 45.133.6.91:0] script '/domains/mjbradley/hehe.php' not found or unable to stat
[Mon Mar 02 00:30:19.226994 2026] [php:error] [pid 51951] [client 45.133.5.60:0] script '/domains/koenig.interport/filefuns.php' not found or unable to stat
[Mon Mar 02 00:30:19.707949 2026] [php:error] [pid 51936] [client 45.133.6.91:0] script '/domains/mjbradley/dir.php' not found or unable to stat
[Mon Mar 02 00:30:19.709216 2026] [php:error] [pid 51951] [client 45.133.5.60:0] script '/domains/koenig.interport/l.php' not found or unable to stat
[Mon Mar 02 00:30:19.931679 2026] [php:error] [pid 51951] [client 45.133.5.60:0] script '/domains/koenig.interport/repeater.php' not found or unable to stat
[Mon Mar 02 00:30:20.777517 2026] [php:error] [pid 51951] [client 45.133.5.60:0] script '/domains/koenig.interport/contacts.php' not found or unable to stat
[Mon Mar 02 00:30:20.986617 2026] [php:error] [pid 51951] [client 45.133.5.60:0] script '/domains/koenig.interport/wsa.php' not found or unable to stat
[Mon Mar 02 00:30:21.532181 2026] [php:error] [pid 51936] [client 45.133.6.91:0] script '/domains/mjbradley/nf_tracking.php' not found or unable to stat
[Mon Mar 02 00:30:22.262443 2026] [php:error] [pid 51936] [client 45.133.6.91:0] script '/domains/mjbradley/filefuns.php' not found or unable to stat
[Mon Mar 02 00:30:22.268850 2026] [php:error] [pid 51951] [client 45.133.5.60:0] script '/domains/koenig.interport/lv.php' not found or unable to stat
[Mon Mar 02 00:30:22.912783 2026] [php:error] [pid 51936] [client 45.133.6.91:0] script '/domains/mjbradley/l.php' not found or unable to stat
[Mon Mar 02 00:30:23.313453 2026] [php:error] [pid 51936] [client 45.133.6.91:0] script '/domains/mjbradley/repeater.php' not found or unable to stat
[Mon Mar 02 00:30:23.956277 2026] [php:error] [pid 51946] [client 35.247.243.241:0] script '/domains/cccweb/adminer-5.2.0-en.php' not found or unable to stat
[Mon Mar 02 00:30:24.286626 2026] [php:error] [pid 51936] [client 45.133.6.91:0] script '/domains/mjbradley/contacts.php' not found or unable to stat
[Mon Mar 02 00:30:24.653274 2026] [php:error] [pid 51936] [client 45.133.6.91:0] script '/domains/mjbradley/wsa.php' not found or unable to stat
[Mon Mar 02 00:30:25.860495 2026] [php:error] [pid 51934] [client 45.133.5.78:0] script '/domains/koenig.interport/tox.php' not found or unable to stat
[Mon Mar 02 00:30:26.356049 2026] [php:error] [pid 51936] [client 45.133.6.91:0] script '/domains/mjbradley/lv.php' not found or unable to stat
[Mon Mar 02 00:30:26.700405 2026] [php:error] [pid 51936] [client 45.133.6.91:0] script '/domains/mjbradley/images/js1.php' not found or unable to stat
[Mon Mar 02 00:30:26.886068 2026] [php:error] [pid 51934] [client 45.133.5.78:0] script '/domains/koenig.interport/tiny.php' not found or unable to stat
[Mon Mar 02 00:30:27.461876 2026] [php:error] [pid 51934] [client 45.133.5.78:0] script '/domains/koenig.interport/themes.php' not found or unable to stat
[Mon Mar 02 00:30:27.680252 2026] [php:error] [pid 51934] [client 45.133.5.78:0] script '/domains/koenig.interport/wp-themes.php' not found or unable to stat
[Mon Mar 02 00:30:28.498697 2026] [php:error] [pid 51934] [client 45.133.5.78:0] script '/domains/koenig.interport/mariju.php' not found or unable to stat
[Mon Mar 02 00:30:28.697304 2026] [php:error] [pid 51934] [client 45.133.5.78:0] script '/domains/koenig.interport/waf_defender.php' not found or unable to stat
[Mon Mar 02 00:30:29.290457 2026] [php:error] [pid 51934] [client 45.133.5.78:0] script '/domains/koenig.interport/av.php' not found or unable to stat
[Mon Mar 02 00:30:31.346103 2026] [php:error] [pid 51951] [client 45.133.6.56:0] script '/domains/mjbradley/tox.php' not found or unable to stat
[Mon Mar 02 00:30:31.780927 2026] [php:error] [pid 51954] [client 45.133.5.57:0] script '/domains/koenig.interport/theme.php' not found or unable to stat
[Mon Mar 02 00:30:32.492900 2026] [php:error] [pid 51954] [client 45.133.5.57:0] script '/domains/koenig.interport/Simple.php' not found or unable to stat
[Mon Mar 02 00:30:32.625516 2026] [php:error] [pid 51951] [client 45.133.6.56:0] script '/domains/mjbradley/tiny.php' not found or unable to stat
[Mon Mar 02 00:30:33.636228 2026] [php:error] [pid 51951] [client 45.133.6.56:0] script '/domains/mjbradley/themes.php' not found or unable to stat
[Mon Mar 02 00:30:34.001333 2026] [php:error] [pid 51951] [client 45.133.6.56:0] script '/domains/mjbradley/wp-themes.php' not found or unable to stat
[Mon Mar 02 00:30:35.041403 2026] [php:error] [pid 51951] [client 45.133.6.56:0] script '/domains/mjbradley/mariju.php' not found or unable to stat
[Mon Mar 02 00:30:35.065057 2026] [php:error] [pid 51936] [client 45.133.5.94:0] script '/domains/koenig.interport/small.php' not found or unable to stat
[Mon Mar 02 00:30:35.390674 2026] [php:error] [pid 51951] [client 45.133.6.56:0] script '/domains/mjbradley/waf_defender.php' not found or unable to stat
[Mon Mar 02 00:30:35.522119 2026] [php:error] [pid 51936] [client 45.133.5.94:0] script '/domains/koenig.interport/NewFile.php' not found or unable to stat
[Mon Mar 02 00:30:35.875974 2026] [php:error] [pid 51954] [client 20.239.137.159:0] script '/domains/hpveweb/222.php' not found or unable to stat
[Mon Mar 02 00:30:35.934459 2026] [php:error] [pid 51936] [client 45.133.5.94:0] script '/domains/koenig.interport/error.php' not found or unable to stat
[Mon Mar 02 00:30:36.081289 2026] [php:error] [pid 51954] [client 20.239.137.159:0] script '/domains/hpveweb/404.php' not found or unable to stat
[Mon Mar 02 00:30:36.287661 2026] [php:error] [pid 51954] [client 20.239.137.159:0] script '/domains/hpveweb/about.php' not found or unable to stat
[Mon Mar 02 00:30:36.312790 2026] [php:error] [pid 51951] [client 45.133.6.56:0] script '/domains/mjbradley/av.php' not found or unable to stat
[Mon Mar 02 00:30:36.492726 2026] [php:error] [pid 51954] [client 20.239.137.159:0] script '/domains/hpveweb/admin.php' not found or unable to stat
[Mon Mar 02 00:30:36.697843 2026] [php:error] [pid 51954] [client 20.239.137.159:0] script '/domains/hpveweb/adminfuns.php' not found or unable to stat
[Mon Mar 02 00:30:36.903716 2026] [php:error] [pid 51954] [client 20.239.137.159:0] script '/domains/hpveweb/bless.php' not found or unable to stat
[Mon Mar 02 00:30:36.972352 2026] [php:error] [pid 51936] [client 45.133.5.94:0] script '/domains/koenig.interport/wp-files.php' not found or unable to stat
[Mon Mar 02 00:30:37.109956 2026] [php:error] [pid 51954] [client 20.239.137.159:0] script '/domains/hpveweb/bolt.php' not found or unable to stat
[Mon Mar 02 00:30:37.245629 2026] [php:error] [pid 51936] [client 45.133.5.94:0] script '/domains/koenig.interport/functions.php' not found or unable to stat
[Mon Mar 02 00:30:37.315192 2026] [php:error] [pid 51954] [client 20.239.137.159:0] script '/domains/hpveweb/ccou.php' not found or unable to stat
[Mon Mar 02 00:30:37.521607 2026] [php:error] [pid 51954] [client 20.239.137.159:0] script '/domains/hpveweb/class-t.api.php' not found or unable to stat
[Mon Mar 02 00:30:37.731410 2026] [php:error] [pid 51954] [client 20.239.137.159:0] script '/domains/hpveweb/css.php' not found or unable to stat
[Mon Mar 02 00:30:38.142220 2026] [php:error] [pid 51954] [client 20.239.137.159:0] script '/domains/hpveweb/edit.php' not found or unable to stat
[Mon Mar 02 00:30:38.349374 2026] [php:error] [pid 51936] [client 45.133.5.94:0] script '/domains/koenig.interport/aks.php' not found or unable to stat
[Mon Mar 02 00:30:38.350509 2026] [php:error] [pid 51954] [client 20.239.137.159:0] script '/domains/hpveweb/fff.php' not found or unable to stat
[Mon Mar 02 00:30:38.555569 2026] [php:error] [pid 51954] [client 20.239.137.159:0] script '/domains/hpveweb/file.php' not found or unable to stat
[Mon Mar 02 00:30:38.630058 2026] [php:error] [pid 51936] [client 45.133.5.94:0] script '/domains/koenig.interport/litespeed.php' not found or unable to stat
[Mon Mar 02 00:30:38.761560 2026] [php:error] [pid 51954] [client 20.239.137.159:0] script '/domains/hpveweb/fx.php' not found or unable to stat
[Mon Mar 02 00:30:38.966887 2026] [php:error] [pid 51954] [client 20.239.137.159:0] script '/domains/hpveweb/info.php' not found or unable to stat
[Mon Mar 02 00:30:39.172061 2026] [php:error] [pid 51954] [client 20.239.137.159:0] script '/domains/hpveweb/ioxi-o.php' not found or unable to stat
[Mon Mar 02 00:30:39.293670 2026] [php:error] [pid 51936] [client 45.133.5.94:0] script '/domains/koenig.interport/wpn.php' not found or unable to stat
[Mon Mar 02 00:30:39.377791 2026] [php:error] [pid 51954] [client 20.239.137.159:0] script '/domains/hpveweb/rip.php' not found or unable to stat
[Mon Mar 02 00:30:39.583032 2026] [php:error] [pid 51954] [client 20.239.137.159:0] script '/domains/hpveweb/server.php' not found or unable to stat
[Mon Mar 02 00:30:39.788426 2026] [php:error] [pid 51954] [client 20.239.137.159:0] script '/domains/hpveweb/wp-blog.php' not found or unable to stat
[Mon Mar 02 00:30:40.191222 2026] [php:error] [pid 51956] [client 45.133.6.54:0] script '/domains/mjbradley/theme.php' not found or unable to stat
[Mon Mar 02 00:30:41.049907 2026] [php:error] [pid 51954] [client 20.239.137.159:0] script '/domains/hpveweb/wp-editor.php' not found or unable to stat
[Mon Mar 02 00:30:41.188017 2026] [php:error] [pid 51956] [client 45.133.6.54:0] script '/domains/mjbradley/Simple.php' not found or unable to stat
[Mon Mar 02 00:30:42.076804 2026] [php:error] [pid 51954] [client 20.239.137.159:0] script '/domains/hpveweb/wp.php' not found or unable to stat
[Mon Mar 02 00:30:42.281794 2026] [php:error] [pid 51954] [client 20.239.137.159:0] script '/domains/hpveweb/x.php' not found or unable to stat
[Mon Mar 02 00:30:44.111457 2026] [php:error] [pid 51955] [client 45.133.6.57:0] script '/domains/mjbradley/images/waf_defender.php' not found or unable to stat
[Mon Mar 02 00:30:44.852949 2026] [php:error] [pid 51955] [client 45.133.6.57:0] script '/domains/mjbradley/small.php' not found or unable to stat
[Mon Mar 02 00:30:45.562243 2026] [php:error] [pid 51955] [client 45.133.6.57:0] script '/domains/mjbradley/NewFile.php' not found or unable to stat
[Mon Mar 02 00:30:46.199893 2026] [php:error] [pid 51955] [client 45.133.6.57:0] script '/domains/mjbradley/error.php' not found or unable to stat
[Mon Mar 02 00:30:47.032851 2026] [php:error] [pid 51959] [client 35.247.243.252:0] script '/domains/cccweb/_adminer.php' not found or unable to stat
[Mon Mar 02 00:30:47.882923 2026] [php:error] [pid 51955] [client 45.133.6.57:0] script '/domains/mjbradley/wp-files.php' not found or unable to stat
[Mon Mar 02 00:30:48.168320 2026] [php:error] [pid 51955] [client 45.133.6.57:0] script '/domains/mjbradley/functions.php' not found or unable to stat
[Mon Mar 02 00:30:49.394307 2026] [php:error] [pid 51946] [client 45.133.5.96:0] script '/domains/koenig.interport/Sanskrit.php' not found or unable to stat
[Mon Mar 02 00:30:49.437165 2026] [php:error] [pid 51960] [client 34.96.162.52:0] script '/domains/cccweb/adminer-5.0.3.php' not found or unable to stat
[Mon Mar 02 00:30:49.654398 2026] [php:error] [pid 51946] [client 45.133.5.96:0] script '/domains/koenig.interport/wp-fmfile.php' not found or unable to stat
[Mon Mar 02 00:30:49.766476 2026] [php:error] [pid 51955] [client 45.133.6.57:0] script '/domains/mjbradley/aks.php' not found or unable to stat
[Mon Mar 02 00:30:50.136881 2026] [php:error] [pid 51955] [client 45.133.6.57:0] script '/domains/mjbradley/litespeed.php' not found or unable to stat
[Mon Mar 02 00:30:50.689252 2026] [php:error] [pid 51946] [client 45.133.5.96:0] script '/domains/koenig.interport/memberfuns.php' not found or unable to stat
[Mon Mar 02 00:30:50.899740 2026] [php:error] [pid 51946] [client 45.133.5.96:0] script '/domains/koenig.interport/infos.php' not found or unable to stat
[Mon Mar 02 00:30:51.119803 2026] [php:error] [pid 51955] [client 45.133.6.57:0] script '/domains/mjbradley/wpn.php' not found or unable to stat
[Mon Mar 02 00:30:51.913360 2026] [php:error] [pid 51954] [client 35.247.243.247:0] script '/domains/cccweb/__adm.php' not found or unable to stat
[Mon Mar 02 00:30:52.023400 2026] [php:error] [pid 51946] [client 45.133.5.96:0] script '/domains/koenig.interport/options-writing.php' not found or unable to stat
[Mon Mar 02 00:30:52.275606 2026] [php:error] [pid 51946] [client 45.133.5.96:0] script '/domains/koenig.interport/options-reading.php' not found or unable to stat
[Mon Mar 02 00:30:52.638246 2026] [php:error] [pid 51946] [client 45.133.5.96:0] script '/domains/koenig.interport/wsad.php' not found or unable to stat
[Mon Mar 02 00:30:52.849772 2026] [php:error] [pid 51946] [client 45.133.5.96:0] script '/domains/koenig.interport/nation.php' not found or unable to stat
[Mon Mar 02 00:30:54.030660 2026] [php:error] [pid 51946] [client 45.133.5.96:0] script '/domains/koenig.interport/wp-atomx.php' not found or unable to stat
[Mon Mar 02 00:30:54.258985 2026] [php:error] [pid 51946] [client 45.133.5.96:0] script '/domains/koenig.interport/admin-footer.php' not found or unable to stat
[Mon Mar 02 00:30:54.736329 2026] [php:error] [pid 51946] [client 45.133.5.96:0] script '/domains/koenig.interport/XxX.php' not found or unable to stat
[Mon Mar 02 00:30:56.290108 2026] [php:error] [pid 51962] [client 20.207.204.235:0] script '/domains/cccweb/222.php' not found or unable to stat
[Mon Mar 02 00:30:56.494434 2026] [php:error] [pid 51962] [client 20.207.204.235:0] script '/domains/cccweb/404.php' not found or unable to stat
[Mon Mar 02 00:30:56.698739 2026] [php:error] [pid 51962] [client 20.207.204.235:0] script '/domains/cccweb/about.php' not found or unable to stat
[Mon Mar 02 00:30:56.902923 2026] [php:error] [pid 51962] [client 20.207.204.235:0] script '/domains/cccweb/admin.php' not found or unable to stat
[Mon Mar 02 00:30:56.917290 2026] [php:error] [pid 51927] [client 20.53.243.118:0] script '/domains/rainho/222.php' not found or unable to stat
[Mon Mar 02 00:30:57.107308 2026] [php:error] [pid 51962] [client 20.207.204.235:0] script '/domains/cccweb/adminfuns.php' not found or unable to stat
[Mon Mar 02 00:30:57.116893 2026] [php:error] [pid 51927] [client 20.53.243.118:0] script '/domains/rainho/404.php' not found or unable to stat
[Mon Mar 02 00:30:57.311780 2026] [php:error] [pid 51962] [client 20.207.204.235:0] script '/domains/cccweb/bless.php' not found or unable to stat
[Mon Mar 02 00:30:57.330638 2026] [php:error] [pid 51927] [client 20.53.243.118:0] script '/domains/rainho/about.php' not found or unable to stat
[Mon Mar 02 00:30:57.517559 2026] [php:error] [pid 51962] [client 20.207.204.235:0] script '/domains/cccweb/bolt.php' not found or unable to stat
[Mon Mar 02 00:30:57.552213 2026] [php:error] [pid 51927] [client 20.53.243.118:0] script '/domains/rainho/admin.php' not found or unable to stat
[Mon Mar 02 00:30:57.721599 2026] [php:error] [pid 51962] [client 20.207.204.235:0] script '/domains/cccweb/ccou.php' not found or unable to stat
[Mon Mar 02 00:30:57.753219 2026] [php:error] [pid 51927] [client 20.53.243.118:0] script '/domains/rainho/adminfuns.php' not found or unable to stat
[Mon Mar 02 00:30:57.925763 2026] [php:error] [pid 51962] [client 20.207.204.235:0] script '/domains/cccweb/class-t.api.php' not found or unable to stat
[Mon Mar 02 00:30:57.953064 2026] [php:error] [pid 51927] [client 20.53.243.118:0] script '/domains/rainho/bless.php' not found or unable to stat
[Mon Mar 02 00:30:58.131008 2026] [php:error] [pid 51962] [client 20.207.204.235:0] script '/domains/cccweb/css.php' not found or unable to stat
[Mon Mar 02 00:30:58.153183 2026] [php:error] [pid 51927] [client 20.53.243.118:0] script '/domains/rainho/bolt.php' not found or unable to stat
[Mon Mar 02 00:30:58.387117 2026] [php:error] [pid 51927] [client 20.53.243.118:0] script '/domains/rainho/ccou.php' not found or unable to stat
[Mon Mar 02 00:30:58.484617 2026] [php:error] [pid 51958] [client 45.133.6.78:0] script '/domains/mjbradley/images/wp-aespa.php' not found or unable to stat
[Mon Mar 02 00:30:58.541399 2026] [php:error] [pid 51962] [client 20.207.204.235:0] script '/domains/cccweb/edit.php' not found or unable to stat
[Mon Mar 02 00:30:58.586773 2026] [php:error] [pid 51927] [client 20.53.243.118:0] script '/domains/rainho/class-t.api.php' not found or unable to stat
[Mon Mar 02 00:30:58.746691 2026] [php:error] [pid 51962] [client 20.207.204.235:0] script '/domains/cccweb/fff.php' not found or unable to stat
[Mon Mar 02 00:30:58.786598 2026] [php:error] [pid 51927] [client 20.53.243.118:0] script '/domains/rainho/css.php' not found or unable to stat
[Mon Mar 02 00:30:58.966234 2026] [php:error] [pid 51962] [client 20.207.204.235:0] script '/domains/cccweb/file.php' not found or unable to stat
[Mon Mar 02 00:30:59.170531 2026] [php:error] [pid 51962] [client 20.207.204.235:0] script '/domains/cccweb/fx.php' not found or unable to stat
[Mon Mar 02 00:30:59.186123 2026] [php:error] [pid 51927] [client 20.53.243.118:0] script '/domains/rainho/edit.php' not found or unable to stat
[Mon Mar 02 00:30:59.375110 2026] [php:error] [pid 51962] [client 20.207.204.235:0] script '/domains/cccweb/info.php' not found or unable to stat
[Mon Mar 02 00:30:59.385760 2026] [php:error] [pid 51927] [client 20.53.243.118:0] script '/domains/rainho/fff.php' not found or unable to stat
[Mon Mar 02 00:30:59.580626 2026] [php:error] [pid 51962] [client 20.207.204.235:0] script '/domains/cccweb/ioxi-o.php' not found or unable to stat
[Mon Mar 02 00:30:59.585623 2026] [php:error] [pid 51927] [client 20.53.243.118:0] script '/domains/rainho/file.php' not found or unable to stat
[Mon Mar 02 00:30:59.785181 2026] [php:error] [pid 51962] [client 20.207.204.235:0] script '/domains/cccweb/rip.php' not found or unable to stat
[Mon Mar 02 00:30:59.785552 2026] [php:error] [pid 51927] [client 20.53.243.118:0] script '/domains/rainho/fx.php' not found or unable to stat
[Mon Mar 02 00:30:59.989624 2026] [php:error] [pid 51962] [client 20.207.204.235:0] script '/domains/cccweb/server.php' not found or unable to stat
[Mon Mar 02 00:31:00.003601 2026] [php:error] [pid 51927] [client 20.53.243.118:0] script '/domains/rainho/info.php' not found or unable to stat
[Mon Mar 02 00:31:00.195599 2026] [php:error] [pid 51962] [client 20.207.204.235:0] script '/domains/cccweb/wp-blog.php' not found or unable to stat
[Mon Mar 02 00:31:00.203095 2026] [php:error] [pid 51927] [client 20.53.243.118:0] script '/domains/rainho/ioxi-o.php' not found or unable to stat
[Mon Mar 02 00:31:00.402670 2026] [php:error] [pid 51927] [client 20.53.243.118:0] script '/domains/rainho/rip.php' not found or unable to stat
[Mon Mar 02 00:31:00.615878 2026] [php:error] [pid 51927] [client 20.53.243.118:0] script '/domains/rainho/server.php' not found or unable to stat
[Mon Mar 02 00:31:00.815427 2026] [php:error] [pid 51927] [client 20.53.243.118:0] script '/domains/rainho/wp-blog.php' not found or unable to stat
[Mon Mar 02 00:31:01.420591 2026] [php:error] [pid 51962] [client 20.207.204.235:0] script '/domains/cccweb/wp-editor.php' not found or unable to stat
[Mon Mar 02 00:31:02.014534 2026] [php:error] [pid 51927] [client 20.53.243.118:0] script '/domains/rainho/wp-editor.php' not found or unable to stat
[Mon Mar 02 00:31:02.195238 2026] [php:error] [pid 51946] [client 45.133.5.96:0] script '/domains/koenig.interport/xex.php' not found or unable to stat
[Mon Mar 02 00:31:02.440288 2026] [php:error] [pid 51962] [client 20.207.204.235:0] script '/domains/cccweb/wp.php' not found or unable to stat
[Mon Mar 02 00:31:02.644933 2026] [php:error] [pid 51962] [client 20.207.204.235:0] script '/domains/cccweb/x.php' not found or unable to stat
[Mon Mar 02 00:31:03.013376 2026] [php:error] [pid 51927] [client 20.53.243.118:0] script '/domains/rainho/wp.php' not found or unable to stat
[Mon Mar 02 00:31:03.213166 2026] [php:error] [pid 51927] [client 20.53.243.118:0] script '/domains/rainho/x.php' not found or unable to stat
[Mon Mar 02 00:31:03.378201 2026] [php:error] [pid 51946] [client 45.133.5.96:0] script '/domains/koenig.interport/wp-head.php' not found or unable to stat
[Mon Mar 02 00:31:04.031969 2026] [php:error] [pid 51946] [client 45.133.5.96:0] script '/domains/koenig.interport/makeasmtp.php' not found or unable to stat
[Mon Mar 02 00:31:05.095571 2026] [php:error] [pid 51935] [client 20.63.210.169:0] script '/domains/efusion1/222.php' not found or unable to stat
[Mon Mar 02 00:31:05.264141 2026] [php:error] [pid 51935] [client 20.63.210.169:0] script '/domains/efusion1/404.php' not found or unable to stat
[Mon Mar 02 00:31:05.450889 2026] [php:error] [pid 51935] [client 20.63.210.169:0] script '/domains/efusion1/about.php' not found or unable to stat
[Mon Mar 02 00:31:05.620144 2026] [php:error] [pid 51935] [client 20.63.210.169:0] script '/domains/efusion1/admin.php' not found or unable to stat
[Mon Mar 02 00:31:05.646357 2026] [php:error] [pid 51955] [client 45.133.6.70:0] script '/domains/mjbradley/Sanskrit.php' not found or unable to stat
[Mon Mar 02 00:31:05.788673 2026] [php:error] [pid 51935] [client 20.63.210.169:0] script '/domains/efusion1/adminfuns.php' not found or unable to stat
[Mon Mar 02 00:31:05.957241 2026] [php:error] [pid 51935] [client 20.63.210.169:0] script '/domains/efusion1/bless.php' not found or unable to stat
[Mon Mar 02 00:31:05.981338 2026] [php:error] [pid 51955] [client 45.133.6.70:0] script '/domains/mjbradley/wp-fmfile.php' not found or unable to stat
[Mon Mar 02 00:31:06.125796 2026] [php:error] [pid 51935] [client 20.63.210.169:0] script '/domains/efusion1/bolt.php' not found or unable to stat
[Mon Mar 02 00:31:06.296508 2026] [php:error] [pid 51935] [client 20.63.210.169:0] script '/domains/efusion1/ccou.php' not found or unable to stat
[Mon Mar 02 00:31:06.465176 2026] [php:error] [pid 51935] [client 20.63.210.169:0] script '/domains/efusion1/class-t.api.php' not found or unable to stat
[Mon Mar 02 00:31:06.633823 2026] [php:error] [pid 51935] [client 20.63.210.169:0] script '/domains/efusion1/css.php' not found or unable to stat
[Mon Mar 02 00:31:06.971358 2026] [php:error] [pid 51935] [client 20.63.210.169:0] script '/domains/efusion1/edit.php' not found or unable to stat
[Mon Mar 02 00:31:07.140005 2026] [php:error] [pid 51935] [client 20.63.210.169:0] script '/domains/efusion1/fff.php' not found or unable to stat
[Mon Mar 02 00:31:07.308802 2026] [php:error] [pid 51935] [client 20.63.210.169:0] script '/domains/efusion1/file.php' not found or unable to stat
[Mon Mar 02 00:31:07.479167 2026] [php:error] [pid 51935] [client 20.63.210.169:0] script '/domains/efusion1/fx.php' not found or unable to stat
[Mon Mar 02 00:31:07.534568 2026] [php:error] [pid 51955] [client 45.133.6.70:0] script '/domains/mjbradley/memberfuns.php' not found or unable to stat
[Mon Mar 02 00:31:07.648493 2026] [php:error] [pid 51935] [client 20.63.210.169:0] script '/domains/efusion1/info.php' not found or unable to stat
[Mon Mar 02 00:31:07.816965 2026] [php:error] [pid 51935] [client 20.63.210.169:0] script '/domains/efusion1/ioxi-o.php' not found or unable to stat
[Mon Mar 02 00:31:07.871310 2026] [php:error] [pid 51955] [client 45.133.6.70:0] script '/domains/mjbradley/infos.php' not found or unable to stat
[Mon Mar 02 00:31:07.985816 2026] [php:error] [pid 51935] [client 20.63.210.169:0] script '/domains/efusion1/rip.php' not found or unable to stat
[Mon Mar 02 00:31:08.154600 2026] [php:error] [pid 51935] [client 20.63.210.169:0] script '/domains/efusion1/server.php' not found or unable to stat
[Mon Mar 02 00:31:08.323719 2026] [php:error] [pid 51935] [client 20.63.210.169:0] script '/domains/efusion1/wp-blog.php' not found or unable to stat
[Mon Mar 02 00:31:08.543965 2026] [php:error] [pid 51946] [client 45.133.5.96:0] script '/domains/koenig.interport/click.php' not found or unable to stat
[Mon Mar 02 00:31:09.310227 2026] [php:error] [pid 51955] [client 45.133.6.70:0] script '/domains/mjbradley/options-writing.php' not found or unable to stat
[Mon Mar 02 00:31:09.337828 2026] [php:error] [pid 51935] [client 20.63.210.169:0] script '/domains/efusion1/wp-editor.php' not found or unable to stat
[Mon Mar 02 00:31:09.686803 2026] [php:error] [pid 51955] [client 45.133.6.70:0] script '/domains/mjbradley/options-reading.php' not found or unable to stat
[Mon Mar 02 00:31:10.025301 2026] [php:error] [pid 51955] [client 45.133.6.70:0] script '/domains/mjbradley/wsad.php' not found or unable to stat
[Mon Mar 02 00:31:10.183382 2026] [php:error] [pid 51935] [client 20.63.210.169:0] script '/domains/efusion1/wp.php' not found or unable to stat
[Mon Mar 02 00:31:10.185514 2026] [php:error] [pid 51960] [client 74.243.251.125:0] script '/domains/astrosfm/trx24.php' not found or unable to stat
[Mon Mar 02 00:31:10.353504 2026] [php:error] [pid 51935] [client 20.63.210.169:0] script '/domains/efusion1/x.php' not found or unable to stat
[Mon Mar 02 00:31:10.382303 2026] [php:error] [pid 51955] [client 45.133.6.70:0] script '/domains/mjbradley/nation.php' not found or unable to stat
[Mon Mar 02 00:31:10.537040 2026] [php:error] [pid 51960] [client 74.243.251.125:0] script '/domains/astrosfm/cah.php' not found or unable to stat
[Mon Mar 02 00:31:10.868218 2026] [php:error] [pid 51946] [client 45.133.5.96:0] script '/domains/koenig.interport/wp-admin.php' not found or unable to stat
[Mon Mar 02 00:31:10.889594 2026] [php:error] [pid 51960] [client 74.243.251.125:0] script '/domains/astrosfm/acp.php' not found or unable to stat
[Mon Mar 02 00:31:11.065508 2026] [php:error] [pid 51960] [client 74.243.251.125:0] script '/domains/astrosfm/muzu.php' not found or unable to stat
[Mon Mar 02 00:31:11.227013 2026] [core:crit] [pid 51958] (13)Permission denied: [client 144.76.32.120:0] AH00529: /domains/performancepartsinc/graphics/psd/.htaccess pcfg_openfile: unable to check htaccess file, ensure it is readable and that '/domains/performancepartsinc/graphics/psd/' is executable
[Mon Mar 02 00:31:11.241201 2026] [php:error] [pid 51960] [client 74.243.251.125:0] script '/domains/astrosfm/wpo.php' not found or unable to stat
[Mon Mar 02 00:31:11.416676 2026] [php:error] [pid 51960] [client 74.243.251.125:0] script '/domains/astrosfm/x123x.php' not found or unable to stat
[Mon Mar 02 00:31:11.592699 2026] [php:error] [pid 51960] [client 74.243.251.125:0] script '/domains/astrosfm/aq.php' not found or unable to stat
[Mon Mar 02 00:31:11.768504 2026] [php:error] [pid 51960] [client 74.243.251.125:0] script '/domains/astrosfm/011i.php' not found or unable to stat
[Mon Mar 02 00:31:11.944471 2026] [php:error] [pid 51946] [client 45.133.5.96:0] script '/domains/koenig.interport/wp-editor.php' not found or unable to stat
[Mon Mar 02 00:31:11.944548 2026] [php:error] [pid 51960] [client 74.243.251.125:0] script '/domains/astrosfm/edit-tags.php' not found or unable to stat
[Mon Mar 02 00:31:12.120139 2026] [php:error] [pid 51960] [client 74.243.251.125:0] script '/domains/astrosfm/as1337.php' not found or unable to stat
[Mon Mar 02 00:31:12.295701 2026] [php:error] [pid 51960] [client 74.243.251.125:0] script '/domains/astrosfm/Okxob.php' not found or unable to stat
[Mon Mar 02 00:31:12.394697 2026] [php:error] [pid 51955] [client 45.133.6.70:0] script '/domains/mjbradley/wp-atomx.php' not found or unable to stat
[Mon Mar 02 00:31:12.471488 2026] [php:error] [pid 51960] [client 74.243.251.125:0] script '/domains/astrosfm/wolf-shell.php' not found or unable to stat
[Mon Mar 02 00:31:12.647341 2026] [php:error] [pid 51960] [client 74.243.251.125:0] script '/domains/astrosfm/core.php' not found or unable to stat
[Mon Mar 02 00:31:12.718775 2026] [php:error] [pid 51955] [client 45.133.6.70:0] script '/domains/mjbradley/admin-footer.php' not found or unable to stat
[Mon Mar 02 00:31:12.822990 2026] [php:error] [pid 51960] [client 74.243.251.125:0] script '/domains/astrosfm/zeal.php' not found or unable to stat
[Mon Mar 02 00:31:12.999338 2026] [php:error] [pid 51960] [client 74.243.251.125:0] script '/domains/astrosfm/asf.php' not found or unable to stat
[Mon Mar 02 00:31:13.016218 2026] [php:error] [pid 51963] [client 45.133.5.72:0] script '/domains/koenig.interport/adminfusm.php' not found or unable to stat
[Mon Mar 02 00:31:13.158358 2026] [core:crit] [pid 51962] (13)Permission denied: [client 114.119.145.126:0] AH00529: /domains/performancepartsinc/graphics/psd/.htaccess pcfg_openfile: unable to check htaccess file, ensure it is readable and that '/domains/performancepartsinc/graphics/psd/' is executable, referer: http://www.performancepartsinc.com/graphics/psd/q.php?%2Fwho-is-jake-t-austin-dating-wdw%2F
[Mon Mar 02 00:31:13.175058 2026] [php:error] [pid 51960] [client 74.243.251.125:0] script '/domains/astrosfm/sa.php' not found or unable to stat
[Mon Mar 02 00:31:13.363149 2026] [php:error] [pid 51955] [client 45.133.6.70:0] script '/domains/mjbradley/XxX.php' not found or unable to stat
[Mon Mar 02 00:31:16.469948 2026] [php:error] [pid 51963] [client 45.133.5.72:0] script '/domains/koenig.interport/f35_SpaceTn.php' not found or unable to stat
[Mon Mar 02 00:31:17.633497 2026] [php:error] [pid 51955] [client 45.133.6.70:0] script '/domains/mjbradley/images/buy.php' not found or unable to stat
[Mon Mar 02 00:31:19.487743 2026] [php:error] [pid 51963] [client 45.133.5.72:0] script '/domains/koenig.interport/gm.php' not found or unable to stat
[Mon Mar 02 00:31:22.521248 2026] [php:error] [pid 51963] [client 45.133.5.72:0] script '/domains/koenig.interport/plugin-install.php' not found or unable to stat
[Mon Mar 02 00:31:22.948845 2026] [php:error] [pid 51955] [client 45.133.6.70:0] script '/domains/mjbradley/xex.php' not found or unable to stat
[Mon Mar 02 00:31:24.781377 2026] [php:error] [pid 51955] [client 45.133.6.70:0] script '/domains/mjbradley/wp-head.php' not found or unable to stat
[Mon Mar 02 00:31:25.271729 2026] [php:error] [pid 51956] [client 34.96.162.57:0] script '/domains/cccweb/mydb.php' not found or unable to stat
[Mon Mar 02 00:31:25.784959 2026] [php:error] [pid 51955] [client 45.133.6.70:0] script '/domains/mjbradley/makeasmtp.php' not found or unable to stat
[Mon Mar 02 00:31:26.796632 2026] [php:error] [pid 51955] [client 45.133.6.70:0] script '/domains/mjbradley/images/bypass.php' not found or unable to stat
[Mon Mar 02 00:31:28.771657 2026] [php:error] [pid 51963] [client 45.133.5.72:0] script '/domains/koenig.interport/b.php' not found or unable to stat
[Mon Mar 02 00:31:30.158176 2026] [php:error] [pid 51963] [client 45.133.5.72:0] script '/domains/koenig.interport/wsax.php' not found or unable to stat
[Mon Mar 02 00:31:32.091075 2026] [php:error] [pid 51955] [client 45.133.6.70:0] script '/domains/mjbradley/click.php' not found or unable to stat
[Mon Mar 02 00:31:34.996192 2026] [php:error] [pid 51955] [client 45.133.6.70:0] script '/domains/mjbradley/wp-admin.php' not found or unable to stat
[Mon Mar 02 00:31:36.304142 2026] [php:error] [pid 51955] [client 45.133.6.70:0] script '/domains/mjbradley/wp-editor.php' not found or unable to stat
[Mon Mar 02 00:31:37.339287 2026] [php:error] [pid 51958] [client 45.133.6.81:0] script '/domains/mjbradley/images/install.php' not found or unable to stat
[Mon Mar 02 00:31:37.952115 2026] [php:error] [pid 51958] [client 45.133.6.81:0] script '/domains/mjbradley/adminfusm.php' not found or unable to stat
[Mon Mar 02 00:31:39.445568 2026] [php:error] [pid 51958] [client 45.133.6.81:0] script '/domains/mjbradley/images/habhan.php' not found or unable to stat
[Mon Mar 02 00:31:40.462385 2026] [php:error] [pid 51946] [client 45.133.5.72:0] script '/domains/koenig.interport/bs1.php' not found or unable to stat
[Mon Mar 02 00:31:41.203443 2026] [php:error] [pid 51946] [client 45.133.5.72:0] script '/domains/koenig.interport/page.php' not found or unable to stat
[Mon Mar 02 00:31:42.418028 2026] [php:error] [pid 51958] [client 45.133.6.81:0] script '/domains/mjbradley/f35_SpaceTn.php' not found or unable to stat
[Mon Mar 02 00:31:46.102085 2026] [php:error] [pid 51958] [client 45.133.6.81:0] script '/domains/mjbradley/gm.php' not found or unable to stat
[Mon Mar 02 00:31:46.872943 2026] [php:error] [pid 51970] [client 45.133.5.59:0] script '/domains/koenig.interport/ws.php' not found or unable to stat
[Mon Mar 02 00:31:47.564023 2026] [php:error] [pid 51970] [client 45.133.5.59:0] script '/domains/koenig.interport/shop.php' not found or unable to stat
[Mon Mar 02 00:31:49.416741 2026] [php:error] [pid 51970] [client 45.133.5.59:0] script '/domains/koenig.interport/wp-api.php' not found or unable to stat
[Mon Mar 02 00:31:49.851152 2026] [php:error] [pid 51970] [client 45.133.5.59:0] script '/domains/koenig.interport/css.php' not found or unable to stat
[Mon Mar 02 00:31:50.077653 2026] [php:error] [pid 51958] [client 45.133.6.81:0] script '/domains/mjbradley/plugin-install.php' not found or unable to stat
[Mon Mar 02 00:31:51.213859 2026] [php:error] [pid 51970] [client 45.133.5.59:0] script '/domains/koenig.interport/wp-error_log.php' not found or unable to stat
[Mon Mar 02 00:31:54.528765 2026] [php:error] [pid 51958] [client 45.133.6.81:0] script '/domains/mjbradley/images/mah.php' not found or unable to stat
[Mon Mar 02 00:31:55.783350 2026] [php:error] [pid 51970] [client 45.133.5.59:0] script '/domains/koenig.interport/files.php' not found or unable to stat
[Mon Mar 02 00:31:58.173155 2026] [php:error] [pid 51970] [client 45.133.5.59:0] script '/domains/koenig.interport/blog.php' not found or unable to stat
[Mon Mar 02 00:31:58.505009 2026] [php:error] [pid 51958] [client 45.133.6.81:0] script '/domains/mjbradley/b.php' not found or unable to stat
[Mon Mar 02 00:31:58.982396 2026] [php:error] [pid 51971] [client 35.247.243.242:0] script '/domains/cccweb/adminer-4.4.0.php' not found or unable to stat
[Mon Mar 02 00:32:00.272774 2026] [php:error] [pid 51970] [client 45.133.5.59:0] script '/domains/koenig.interport/elp.php' not found or unable to stat
[Mon Mar 02 00:32:00.971080 2026] [php:error] [pid 51958] [client 45.133.6.81:0] script '/domains/mjbradley/wsax.php' not found or unable to stat
[Mon Mar 02 00:32:02.816210 2026] [php:error] [pid 51970] [client 45.133.5.59:0] script '/domains/koenig.interport/entrepreneuse.php' not found or unable to stat
[Mon Mar 02 00:32:03.048833 2026] [php:error] [pid 51968] [client 35.247.243.253:0] script '/domains/cccweb/adminer-5.4.0-en.php' not found or unable to stat
[Mon Mar 02 00:32:04.442105 2026] [php:error] [pid 51963] [client 34.96.162.59:0] script '/domains/cccweb/db.php' not found or unable to stat
[Mon Mar 02 00:32:05.560648 2026] [php:error] [pid 51968] [client 34.96.162.49:0] script '/domains/cccweb/adminer-5.0.3-mysql-en.php' not found or unable to stat
[Mon Mar 02 00:32:05.845987 2026] [php:error] [pid 51970] [client 45.133.5.59:0] script '/domains/koenig.interport/testt.php' not found or unable to stat
[Mon Mar 02 00:32:07.514116 2026] [php:error] [pid 51970] [client 45.133.5.59:0] script '/domains/koenig.interport/network.php' not found or unable to stat
[Mon Mar 02 00:32:08.238797 2026] [php:error] [pid 51970] [client 45.133.5.59:0] script '/domains/koenig.interport/wikindex.php' not found or unable to stat
[Mon Mar 02 00:32:08.246905 2026] [php:error] [pid 51958] [client 45.133.6.81:0] script '/domains/mjbradley/images/Marvins.php' not found or unable to stat
[Mon Mar 02 00:32:10.829782 2026] [php:error] [pid 51963] [client 35.247.243.242:0] script '/domains/cccweb/adminer-5.0.1.php' not found or unable to stat
[Mon Mar 02 00:32:14.860601 2026] [php:error] [pid 51972] [client 45.133.5.78:0] script '/domains/koenig.interport/media-new.php' not found or unable to stat
[Mon Mar 02 00:32:16.320945 2026] [php:error] [pid 51971] [client 45.133.6.66:0] script '/domains/mjbradley/bs1.php' not found or unable to stat
[Mon Mar 02 00:32:16.728779 2026] [php:error] [pid 51972] [client 45.133.5.78:0] script '/domains/koenig.interport/pages.php' not found or unable to stat
[Mon Mar 02 00:32:17.564926 2026] [php:error] [pid 51971] [client 45.133.6.66:0] script '/domains/mjbradley/page.php' not found or unable to stat
[Mon Mar 02 00:32:18.973779 2026] [php:error] [pid 51972] [client 45.133.5.78:0] script '/domains/koenig.interport/adminfus.php' not found or unable to stat
[Mon Mar 02 00:32:19.549369 2026] [php:error] [pid 51958] [client 34.96.162.61:0] script '/domains/cccweb/adminer-5.0.4.php' not found or unable to stat
[Mon Mar 02 00:32:19.860069 2026] [php:error] [pid 51968] [client 34.96.162.54:0] script '/domains/cccweb/adminer-5.0.2-mysql-en.php' not found or unable to stat
[Mon Mar 02 00:32:20.132919 2026] [php:error] [pid 51972] [client 45.133.5.78:0] script '/domains/koenig.interport/cong.php' not found or unable to stat
[Mon Mar 02 00:32:22.058263 2026] [php:error] [pid 51972] [client 45.133.5.78:0] script '/domains/koenig.interport/wp-configs.php' not found or unable to stat
[Mon Mar 02 00:32:22.743910 2026] [php:error] [pid 51973] [client 34.96.162.56:0] script '/domains/cccweb/adminer-4.8.1-mysql.php' not found or unable to stat
[Mon Mar 02 00:32:22.888971 2026] [php:error] [pid 51963] [client 45.133.6.57:0] script '/domains/mjbradley/images/autoload_classmap.php' not found or unable to stat
[Mon Mar 02 00:32:24.370346 2026] [php:error] [pid 51971] [client 45.133.5.86:0] script '/domains/koenig.interport/ms-users.php' not found or unable to stat
[Mon Mar 02 00:32:25.575240 2026] [php:error] [pid 51963] [client 45.133.6.57:0] script '/domains/mjbradley/ws.php' not found or unable to stat
[Mon Mar 02 00:32:26.921545 2026] [php:error] [pid 51963] [client 45.133.6.57:0] script '/domains/mjbradley/shop.php' not found or unable to stat
[Mon Mar 02 00:32:29.388282 2026] [php:error] [pid 51963] [client 45.133.6.57:0] script '/domains/mjbradley/wp-api.php' not found or unable to stat
[Mon Mar 02 00:32:30.012359 2026] [php:error] [pid 51963] [client 45.133.6.57:0] script '/domains/mjbradley/css.php' not found or unable to stat
[Mon Mar 02 00:32:31.026229 2026] [php:error] [pid 51971] [client 45.133.5.86:0] script '/domains/koenig.interport/top.php' not found or unable to stat
[Mon Mar 02 00:32:32.500381 2026] [php:error] [pid 51963] [client 45.133.6.57:0] script '/domains/mjbradley/wp-error_log.php' not found or unable to stat
[Mon Mar 02 00:32:38.157065 2026] [php:error] [pid 51963] [client 45.133.6.57:0] script '/domains/mjbradley/files.php' not found or unable to stat
[Mon Mar 02 00:32:38.514254 2026] [php:error] [pid 51971] [client 45.133.5.86:0] script '/domains/koenig.interport/setup-config.php' not found or unable to stat
[Mon Mar 02 00:32:39.526649 2026] [php:error] [pid 51971] [client 45.133.5.86:0] script '/domains/koenig.interport/type.php' not found or unable to stat
[Mon Mar 02 00:32:40.361676 2026] [php:error] [pid 51974] [client 20.104.206.150:0] script '/domains/system_suspended/signon.php' not found or unable to stat
[Mon Mar 02 00:32:40.388600 2026] [php:error] [pid 51974] [client 20.104.206.150:0] script '/domains/system_suspended/t00l.php' not found or unable to stat
[Mon Mar 02 00:32:40.419815 2026] [php:error] [pid 51974] [client 20.104.206.150:0] script '/domains/system_suspended/function.php' not found or unable to stat
[Mon Mar 02 00:32:40.447126 2026] [php:error] [pid 51974] [client 20.104.206.150:0] script '/domains/system_suspended/cjfuns.php' not found or unable to stat
[Mon Mar 02 00:32:40.474831 2026] [php:error] [pid 51974] [client 20.104.206.150:0] script '/domains/system_suspended/new.php' not found or unable to stat
[Mon Mar 02 00:32:40.502753 2026] [php:error] [pid 51974] [client 20.104.206.150:0] script '/domains/system_suspended/wp-xmlmp.php' not found or unable to stat
[Mon Mar 02 00:32:40.529981 2026] [php:error] [pid 51974] [client 20.104.206.150:0] script '/domains/system_suspended/wp-config-sample.php' not found or unable to stat
[Mon Mar 02 00:32:40.556999 2026] [php:error] [pid 51974] [client 20.104.206.150:0] script '/domains/system_suspended/wp-configssss.php' not found or unable to stat
[Mon Mar 02 00:32:40.584178 2026] [php:error] [pid 51974] [client 20.104.206.150:0] script '/domains/system_suspended/wp-configss1.php' not found or unable to stat
[Mon Mar 02 00:32:40.611202 2026] [php:error] [pid 51974] [client 20.104.206.150:0] script '/domains/system_suspended/ngif.php' not found or unable to stat
[Mon Mar 02 00:32:40.637979 2026] [php:error] [pid 51974] [client 20.104.206.150:0] script '/domains/system_suspended/wp-configss.php' not found or unable to stat
[Mon Mar 02 00:32:40.665013 2026] [php:error] [pid 51974] [client 20.104.206.150:0] script '/domains/system_suspended/yanz.php' not found or unable to stat
[Mon Mar 02 00:32:40.718860 2026] [php:error] [pid 51974] [client 20.104.206.150:0] script '/domains/system_suspended/defaults.php' not found or unable to stat
[Mon Mar 02 00:32:40.746022 2026] [php:error] [pid 51974] [client 20.104.206.150:0] script '/domains/system_suspended/im.php' not found or unable to stat
[Mon Mar 02 00:32:40.774650 2026] [php:error] [pid 51974] [client 20.104.206.150:0] script '/domains/system_suspended/wp-comments-post.php' not found or unable to stat
[Mon Mar 02 00:32:40.802066 2026] [php:error] [pid 51974] [client 20.104.206.150:0] script '/domains/system_suspended/cache-compat.php' not found or unable to stat
[Mon Mar 02 00:32:40.829062 2026] [php:error] [pid 51974] [client 20.104.206.150:0] script '/domains/system_suspended/fw.php' not found or unable to stat
[Mon Mar 02 00:32:40.855935 2026] [php:error] [pid 51974] [client 20.104.206.150:0] script '/domains/system_suspended/berlin.php' not found or unable to stat
[Mon Mar 02 00:32:40.884584 2026] [php:error] [pid 51974] [client 20.104.206.150:0] script '/domains/system_suspended/abe.php' not found or unable to stat
[Mon Mar 02 00:32:40.911757 2026] [php:error] [pid 51974] [client 20.104.206.150:0] script '/domains/system_suspended/otuz1.php' not found or unable to stat
[Mon Mar 02 00:32:40.942351 2026] [php:error] [pid 51974] [client 20.104.206.150:0] script '/domains/system_suspended/wp-files.php' not found or unable to stat
[Mon Mar 02 00:32:40.969058 2026] [php:error] [pid 51974] [client 20.104.206.150:0] script '/domains/system_suspended/aj.php' not found or unable to stat
[Mon Mar 02 00:32:40.995783 2026] [php:error] [pid 51974] [client 20.104.206.150:0] script '/domains/system_suspended/he.php' not found or unable to stat
[Mon Mar 02 00:32:41.022664 2026] [php:error] [pid 51974] [client 20.104.206.150:0] script '/domains/system_suspended/cache.php' not found or unable to stat
[Mon Mar 02 00:32:41.049821 2026] [php:error] [pid 51974] [client 20.104.206.150:0] script '/domains/system_suspended/tiny.php' not found or unable to stat
[Mon Mar 02 00:32:41.076908 2026] [php:error] [pid 51974] [client 20.104.206.150:0] script '/domains/system_suspended/wp-load.php' not found or unable to stat
[Mon Mar 02 00:32:41.118734 2026] [php:error] [pid 51974] [client 20.104.206.150:0] script '/domains/system_suspended/blog.php' not found or unable to stat
[Mon Mar 02 00:32:41.184751 2026] [php:error] [pid 51974] [client 20.104.206.150:0] script '/domains/system_suspended/lufix.php' not found or unable to stat
[Mon Mar 02 00:32:41.211831 2026] [php:error] [pid 51974] [client 20.104.206.150:0] script '/domains/system_suspended/ajax-actions.php' not found or unable to stat
[Mon Mar 02 00:32:41.265500 2026] [php:error] [pid 51974] [client 20.104.206.150:0] script '/domains/system_suspended/cc.php' not found or unable to stat
[Mon Mar 02 00:32:41.292371 2026] [php:error] [pid 51974] [client 20.104.206.150:0] script '/domains/system_suspended/bypass.php' not found or unable to stat
[Mon Mar 02 00:32:41.319384 2026] [php:error] [pid 51974] [client 20.104.206.150:0] script '/domains/system_suspended/browse.php' not found or unable to stat
[Mon Mar 02 00:32:41.346233 2026] [php:error] [pid 51974] [client 20.104.206.150:0] script '/domains/system_suspended/license.php' not found or unable to stat
[Mon Mar 02 00:32:41.373042 2026] [php:error] [pid 51974] [client 20.104.206.150:0] script '/domains/system_suspended/contact.php' not found or unable to stat
[Mon Mar 02 00:32:41.400054 2026] [php:error] [pid 51974] [client 20.104.206.150:0] script '/domains/system_suspended/minik.php' not found or unable to stat
[Mon Mar 02 00:32:41.430202 2026] [php:error] [pid 51974] [client 20.104.206.150:0] script '/domains/system_suspended/st.php' not found or unable to stat
[Mon Mar 02 00:32:41.457994 2026] [php:error] [pid 51974] [client 20.104.206.150:0] script '/domains/system_suspended/upgrade.php' not found or unable to stat
[Mon Mar 02 00:32:41.800259 2026] [php:error] [pid 51971] [client 45.133.5.86:0] script '/domains/koenig.interport/goat.php' not found or unable to stat
[Mon Mar 02 00:32:41.942377 2026] [php:error] [pid 51963] [client 45.133.6.57:0] script '/domains/mjbradley/blog.php' not found or unable to stat
[Mon Mar 02 00:32:43.317727 2026] [php:error] [pid 51963] [client 45.133.6.57:0] script '/domains/mjbradley/images/av.php' not found or unable to stat
[Mon Mar 02 00:32:45.008114 2026] [php:error] [pid 51980] [client 20.151.11.236:0] script '/domains/hpveweb/gfile.php' not found or unable to stat
[Mon Mar 02 00:32:45.032012 2026] [php:error] [pid 51980] [client 20.151.11.236:0] script '/domains/hpveweb/swallowable.php' not found or unable to stat
[Mon Mar 02 00:32:45.055790 2026] [php:error] [pid 51980] [client 20.151.11.236:0] script '/domains/hpveweb/a2.php' not found or unable to stat
[Mon Mar 02 00:32:45.081831 2026] [php:error] [pid 51980] [client 20.151.11.236:0] script '/domains/hpveweb/sty.php' not found or unable to stat
[Mon Mar 02 00:32:45.105965 2026] [php:error] [pid 51980] [client 20.151.11.236:0] script '/domains/hpveweb/xxxx.php' not found or unable to stat
[Mon Mar 02 00:32:45.123146 2026] [php:error] [pid 51963] [client 45.133.6.57:0] script '/domains/mjbradley/elp.php' not found or unable to stat
[Mon Mar 02 00:32:45.129942 2026] [php:error] [pid 51980] [client 20.151.11.236:0] script '/domains/hpveweb/h.php' not found or unable to stat
[Mon Mar 02 00:32:45.156991 2026] [php:error] [pid 51980] [client 20.151.11.236:0] script '/domains/hpveweb/g.php' not found or unable to stat
