[Mon Mar 02 01:33:39.289737 2026] [php:error] [pid 52767] [client 20.63.41.168:0] script '/domains/system_default/trx24.php' not found or unable to stat
[Mon Mar 02 01:33:39.340304 2026] [php:error] [pid 52767] [client 20.63.41.168:0] script '/domains/system_default/cah.php' not found or unable to stat
[Mon Mar 02 01:33:39.391142 2026] [php:error] [pid 52767] [client 20.63.41.168:0] script '/domains/system_default/acp.php' not found or unable to stat
[Mon Mar 02 01:33:39.427233 2026] [php:error] [pid 52767] [client 20.63.41.168:0] script '/domains/system_default/muzu.php' not found or unable to stat
[Mon Mar 02 01:33:39.485612 2026] [php:error] [pid 52767] [client 20.63.41.168:0] script '/domains/system_default/wpo.php' not found or unable to stat
[Mon Mar 02 01:33:39.514130 2026] [php:error] [pid 52767] [client 20.63.41.168:0] script '/domains/system_default/x123x.php' not found or unable to stat
[Mon Mar 02 01:33:39.538765 2026] [php:error] [pid 52767] [client 20.63.41.168:0] script '/domains/system_default/aq.php' not found or unable to stat
[Mon Mar 02 01:33:39.563185 2026] [php:error] [pid 52767] [client 20.63.41.168:0] script '/domains/system_default/011i.php' not found or unable to stat
[Mon Mar 02 01:33:39.588064 2026] [php:error] [pid 52767] [client 20.63.41.168:0] script '/domains/system_default/edit-tags.php' not found or unable to stat
[Mon Mar 02 01:33:39.612853 2026] [php:error] [pid 52767] [client 20.63.41.168:0] script '/domains/system_default/as1337.php' not found or unable to stat
[Mon Mar 02 01:33:39.643332 2026] [php:error] [pid 52767] [client 20.63.41.168:0] script '/domains/system_default/Okxob.php' not found or unable to stat
[Mon Mar 02 01:33:39.668192 2026] [php:error] [pid 52767] [client 20.63.41.168:0] script '/domains/system_default/wolf-shell.php' not found or unable to stat
[Mon Mar 02 01:33:39.695103 2026] [php:error] [pid 52767] [client 20.63.41.168:0] script '/domains/system_default/core.php' not found or unable to stat
[Mon Mar 02 01:33:39.719321 2026] [php:error] [pid 52767] [client 20.63.41.168:0] script '/domains/system_default/zeal.php' not found or unable to stat
[Mon Mar 02 01:33:39.748759 2026] [php:error] [pid 52767] [client 20.63.41.168:0] script '/domains/system_default/asf.php' not found or unable to stat
[Mon Mar 02 01:33:39.773832 2026] [php:error] [pid 52767] [client 20.63.41.168:0] script '/domains/system_default/sa.php' not found or unable to stat
[Mon Mar 02 01:34:11.593217 2026] [php:error] [pid 52785] [client 20.63.41.168:0] script '/domains/system_suspended/trx24.php' not found or unable to stat
[Mon Mar 02 01:34:11.645141 2026] [php:error] [pid 52785] [client 20.63.41.168:0] script '/domains/system_suspended/cah.php' not found or unable to stat
[Mon Mar 02 01:34:11.693337 2026] [php:error] [pid 52785] [client 20.63.41.168:0] script '/domains/system_suspended/acp.php' not found or unable to stat
[Mon Mar 02 01:34:11.717657 2026] [php:error] [pid 52785] [client 20.63.41.168:0] script '/domains/system_suspended/muzu.php' not found or unable to stat
[Mon Mar 02 01:34:11.741800 2026] [php:error] [pid 52785] [client 20.63.41.168:0] script '/domains/system_suspended/wpo.php' not found or unable to stat
[Mon Mar 02 01:34:11.765877 2026] [php:error] [pid 52785] [client 20.63.41.168:0] script '/domains/system_suspended/x123x.php' not found or unable to stat
[Mon Mar 02 01:34:11.789896 2026] [php:error] [pid 52785] [client 20.63.41.168:0] script '/domains/system_suspended/aq.php' not found or unable to stat
[Mon Mar 02 01:34:11.814867 2026] [php:error] [pid 52785] [client 20.63.41.168:0] script '/domains/system_suspended/011i.php' not found or unable to stat
[Mon Mar 02 01:34:11.839157 2026] [php:error] [pid 52785] [client 20.63.41.168:0] script '/domains/system_suspended/edit-tags.php' not found or unable to stat
[Mon Mar 02 01:34:11.863376 2026] [php:error] [pid 52785] [client 20.63.41.168:0] script '/domains/system_suspended/as1337.php' not found or unable to stat
[Mon Mar 02 01:34:11.887148 2026] [php:error] [pid 52785] [client 20.63.41.168:0] script '/domains/system_suspended/Okxob.php' not found or unable to stat
[Mon Mar 02 01:34:11.913157 2026] [php:error] [pid 52785] [client 20.63.41.168:0] script '/domains/system_suspended/wolf-shell.php' not found or unable to stat
[Mon Mar 02 01:34:11.937581 2026] [php:error] [pid 52785] [client 20.63.41.168:0] script '/domains/system_suspended/core.php' not found or unable to stat
[Mon Mar 02 01:34:11.961517 2026] [php:error] [pid 52785] [client 20.63.41.168:0] script '/domains/system_suspended/zeal.php' not found or unable to stat
[Mon Mar 02 01:34:11.986102 2026] [php:error] [pid 52785] [client 20.63.41.168:0] script '/domains/system_suspended/asf.php' not found or unable to stat
[Mon Mar 02 01:34:12.010225 2026] [php:error] [pid 52785] [client 20.63.41.168:0] script '/domains/system_suspended/sa.php' not found or unable to stat
[Mon Mar 02 01:34:23.189380 2026] [php:error] [pid 52785] [client 20.205.226.191:0] script '/domains/smartny/wp-trackback.php' not found or unable to stat
[Mon Mar 02 01:34:23.416075 2026] [php:error] [pid 52785] [client 20.205.226.191:0] script '/domains/smartny/about.php' not found or unable to stat
[Mon Mar 02 01:34:23.659308 2026] [php:error] [pid 52785] [client 20.205.226.191:0] script '/domains/smartny/file.php' not found or unable to stat
[Mon Mar 02 01:34:23.887765 2026] [php:error] [pid 52785] [client 20.205.226.191:0] script '/domains/smartny/wp-good.php' not found or unable to stat
[Mon Mar 02 01:34:24.114799 2026] [php:error] [pid 52785] [client 20.205.226.191:0] script '/domains/smartny/xmlrpc.php' not found or unable to stat
[Mon Mar 02 01:34:24.342005 2026] [php:error] [pid 52785] [client 20.205.226.191:0] script '/domains/smartny/goods.php' not found or unable to stat
[Mon Mar 02 01:34:24.569618 2026] [php:error] [pid 52785] [client 20.205.226.191:0] script '/domains/smartny/ioxi-o.php' not found or unable to stat
[Mon Mar 02 01:34:24.796827 2026] [php:error] [pid 52785] [client 20.205.226.191:0] script '/domains/smartny/class-t.api.php' not found or unable to stat
[Mon Mar 02 01:34:25.024206 2026] [php:error] [pid 52785] [client 20.205.226.191:0] script '/domains/smartny/admin.php' not found or unable to stat
[Mon Mar 02 01:34:25.251578 2026] [php:error] [pid 52785] [client 20.205.226.191:0] script '/domains/smartny/sf.php' not found or unable to stat
[Mon Mar 02 01:34:25.478428 2026] [php:error] [pid 52785] [client 20.205.226.191:0] script '/domains/smartny/rip.php' not found or unable to stat
[Mon Mar 02 01:34:25.705595 2026] [php:error] [pid 52785] [client 20.205.226.191:0] script '/domains/smartny/autoload_classmap.php' not found or unable to stat
[Mon Mar 02 01:34:25.932628 2026] [php:error] [pid 52785] [client 20.205.226.191:0] script '/domains/smartny/chosen.php' not found or unable to stat
[Mon Mar 02 01:34:26.160087 2026] [php:error] [pid 52785] [client 20.205.226.191:0] script '/domains/smartny/classwithtostring.php' not found or unable to stat
[Mon Mar 02 01:34:26.387043 2026] [php:error] [pid 52785] [client 20.205.226.191:0] script '/domains/smartny/defaults.php' not found or unable to stat
[Mon Mar 02 01:34:26.723591 2026] [php:error] [pid 52767] [client 20.205.120.43:0] script '/domains/byardrealestate/post.php' not found or unable to stat
[Mon Mar 02 01:34:26.947255 2026] [php:error] [pid 52767] [client 20.205.120.43:0] script '/domains/byardrealestate/1.php' not found or unable to stat
[Mon Mar 02 01:34:27.162480 2026] [php:error] [pid 52767] [client 20.205.120.43:0] script '/domains/byardrealestate/flower.php' not found or unable to stat
[Mon Mar 02 01:34:27.391075 2026] [php:error] [pid 52767] [client 20.205.120.43:0] script '/domains/byardrealestate/admin.php' not found or unable to stat
[Mon Mar 02 01:34:27.526224 2026] [php:error] [pid 52785] [client 20.205.226.191:0] script '/domains/smartny/info.php' not found or unable to stat
[Mon Mar 02 01:34:27.610060 2026] [php:error] [pid 52767] [client 20.205.120.43:0] script '/domains/byardrealestate/file.php' not found or unable to stat
[Mon Mar 02 01:34:27.812970 2026] [php:error] [pid 52767] [client 20.205.120.43:0] script '/domains/byardrealestate/meta.php' not found or unable to stat
[Mon Mar 02 01:34:28.048313 2026] [php:error] [pid 52767] [client 20.205.120.43:0] script '/domains/byardrealestate/index.php' not found or unable to stat
[Mon Mar 02 01:34:28.250736 2026] [php:error] [pid 52767] [client 20.205.120.43:0] script '/domains/byardrealestate/about.php' not found or unable to stat
[Mon Mar 02 01:34:28.453254 2026] [php:error] [pid 52767] [client 20.205.120.43:0] script '/domains/byardrealestate/randkeyword.php' not found or unable to stat
[Mon Mar 02 01:34:28.656728 2026] [php:error] [pid 52767] [client 20.205.120.43:0] script '/domains/byardrealestate/hehe.php' not found or unable to stat
[Mon Mar 02 01:34:28.860862 2026] [php:error] [pid 52767] [client 20.205.120.43:0] script '/domains/byardrealestate/yindu.php' not found or unable to stat
[Mon Mar 02 01:34:29.128239 2026] [php:error] [pid 52785] [client 20.205.226.191:0] script '/domains/smartny/adminfuns.php' not found or unable to stat
[Mon Mar 02 01:34:29.492582 2026] [php:error] [pid 52767] [client 20.205.120.43:0] script '/domains/byardrealestate/baxa1.php' not found or unable to stat
[Mon Mar 02 01:34:33.054347 2026] [php:error] [pid 52767] [client 20.205.120.43:0] script '/domains/byardrealestate/user.php' not found or unable to stat
[Mon Mar 02 01:34:33.257195 2026] [php:error] [pid 52767] [client 20.205.120.43:0] script '/domains/byardrealestate/wp-2019.php' not found or unable to stat
[Mon Mar 02 01:34:33.459453 2026] [php:error] [pid 52767] [client 20.205.120.43:0] script '/domains/byardrealestate/chosen.php' not found or unable to stat
[Mon Mar 02 01:34:33.694243 2026] [php:error] [pid 52767] [client 20.205.120.43:0] script '/domains/byardrealestate/functions.php' not found or unable to stat
[Mon Mar 02 01:34:33.899261 2026] [php:error] [pid 52767] [client 20.205.120.43:0] script '/domains/byardrealestate/cron.php' not found or unable to stat
[Mon Mar 02 01:34:34.138849 2026] [php:error] [pid 52767] [client 20.205.120.43:0] script '/domains/byardrealestate/edit.php' not found or unable to stat
[Mon Mar 02 01:34:34.341582 2026] [php:error] [pid 52767] [client 20.205.120.43:0] script '/domains/byardrealestate/gecko-new.php' not found or unable to stat
[Mon Mar 02 01:34:34.545408 2026] [php:error] [pid 52767] [client 20.205.120.43:0] script '/domains/byardrealestate/cookie.php' not found or unable to stat
[Mon Mar 02 01:34:34.747883 2026] [php:error] [pid 52767] [client 20.205.120.43:0] script '/domains/byardrealestate/xleet.php' not found or unable to stat
[Mon Mar 02 01:34:34.966646 2026] [php:error] [pid 52767] [client 20.205.120.43:0] script '/domains/byardrealestate/spip.php' not found or unable to stat
[Mon Mar 02 01:34:35.170449 2026] [php:error] [pid 52767] [client 20.205.120.43:0] script '/domains/byardrealestate/22.php' not found or unable to stat
[Mon Mar 02 01:34:35.373362 2026] [php:error] [pid 52767] [client 20.205.120.43:0] script '/domains/byardrealestate/room.php' not found or unable to stat
[Mon Mar 02 01:34:35.612748 2026] [php:error] [pid 52767] [client 20.205.120.43:0] script '/domains/byardrealestate/disagreed.php' not found or unable to stat
[Mon Mar 02 01:34:35.815776 2026] [php:error] [pid 52767] [client 20.205.120.43:0] script '/domains/byardrealestate/text.php' not found or unable to stat
[Mon Mar 02 01:34:36.027160 2026] [php:error] [pid 52767] [client 20.205.120.43:0] script '/domains/byardrealestate/alfa-rex.php' not found or unable to stat
[Mon Mar 02 01:34:36.433577 2026] [php:error] [pid 52767] [client 20.205.120.43:0] script '/domains/byardrealestate/feeds.php' not found or unable to stat
[Mon Mar 02 01:34:36.657939 2026] [php:error] [pid 52767] [client 20.205.120.43:0] script '/domains/byardrealestate/radio.php' not found or unable to stat
[Mon Mar 02 01:34:36.860133 2026] [php:error] [pid 52767] [client 20.205.120.43:0] script '/domains/byardrealestate/dropdown.php' not found or unable to stat
[Mon Mar 02 01:34:37.099292 2026] [php:error] [pid 52767] [client 20.205.120.43:0] script '/domains/byardrealestate/defaults.php' not found or unable to stat
[Mon Mar 02 01:34:37.301578 2026] [php:error] [pid 52767] [client 20.205.120.43:0] script '/domains/byardrealestate/system.php' not found or unable to stat
[Mon Mar 02 01:34:37.503777 2026] [php:error] [pid 52767] [client 20.205.120.43:0] script '/domains/byardrealestate/xmlrpc.php' not found or unable to stat
[Mon Mar 02 01:34:37.950094 2026] [php:error] [pid 52767] [client 20.205.120.43:0] script '/domains/byardrealestate/colors.php' not found or unable to stat
[Mon Mar 02 01:34:38.192738 2026] [php:error] [pid 52767] [client 20.205.120.43:0] script '/domains/byardrealestate/updates.php' not found or unable to stat
[Mon Mar 02 01:34:38.396942 2026] [php:error] [pid 52767] [client 20.205.120.43:0] script '/domains/byardrealestate/alfa-rex1.php' not found or unable to stat
[Mon Mar 02 01:34:38.599529 2026] [php:error] [pid 52767] [client 20.205.120.43:0] script '/domains/byardrealestate/wp-index.php' not found or unable to stat
[Mon Mar 02 01:34:38.802231 2026] [php:error] [pid 52767] [client 20.205.120.43:0] script '/domains/byardrealestate/wp-admin.php' not found or unable to stat
[Mon Mar 02 01:34:39.004505 2026] [php:error] [pid 52767] [client 20.205.120.43:0] script '/domains/byardrealestate/alfa.php' not found or unable to stat
[Mon Mar 02 01:34:39.441125 2026] [php:error] [pid 52767] [client 20.205.120.43:0] script '/domains/byardrealestate/locale.php' not found or unable to stat
[Mon Mar 02 01:34:39.644385 2026] [php:error] [pid 52767] [client 20.205.120.43:0] script '/domains/byardrealestate/wxo.php' not found or unable to stat
[Mon Mar 02 01:34:39.848709 2026] [php:error] [pid 52767] [client 20.205.120.43:0] script '/domains/byardrealestate/colour.php' not found or unable to stat
[Mon Mar 02 01:34:40.050966 2026] [php:error] [pid 52767] [client 20.205.120.43:0] script '/domains/byardrealestate/files.php' not found or unable to stat
[Mon Mar 02 01:34:40.369757 2026] [php:error] [pid 52767] [client 20.205.120.43:0] script '/domains/byardrealestate/install.php' not found or unable to stat
[Mon Mar 02 01:34:40.685311 2026] [php:error] [pid 52767] [client 20.205.120.43:0] script '/domains/byardrealestate/wp-contentt.php' not found or unable to stat
[Mon Mar 02 01:34:41.094991 2026] [php:error] [pid 52767] [client 20.205.120.43:0] script '/domains/byardrealestate/config.php' not found or unable to stat
[Mon Mar 02 01:34:41.299167 2026] [php:error] [pid 52767] [client 20.205.120.43:0] script '/domains/byardrealestate/theme.php' not found or unable to stat
[Mon Mar 02 01:34:41.501158 2026] [php:error] [pid 52767] [client 20.205.120.43:0] script '/domains/byardrealestate/block-bindings.php' not found or unable to stat
[Mon Mar 02 01:34:41.703191 2026] [php:error] [pid 52767] [client 20.205.120.43:0] script '/domains/byardrealestate/class_api.php' not found or unable to stat
[Mon Mar 02 01:34:41.907010 2026] [php:error] [pid 52767] [client 20.205.120.43:0] script '/domains/byardrealestate/inputs.php' not found or unable to stat
[Mon Mar 02 01:34:42.110079 2026] [php:error] [pid 52767] [client 20.205.120.43:0] script '/domains/byardrealestate/root.php' not found or unable to stat
[Mon Mar 02 01:34:42.327779 2026] [php:error] [pid 52767] [client 20.205.120.43:0] script '/domains/byardrealestate/menu.php' not found or unable to stat
[Mon Mar 02 01:34:42.539870 2026] [php:error] [pid 52767] [client 20.205.120.43:0] script '/domains/byardrealestate/goods.php' not found or unable to stat
[Mon Mar 02 01:34:42.742006 2026] [php:error] [pid 52767] [client 20.205.120.43:0] script '/domains/byardrealestate/plugin.php' not found or unable to stat
[Mon Mar 02 01:34:42.960336 2026] [php:error] [pid 52767] [client 20.205.120.43:0] script '/domains/byardrealestate/cloud.php' not found or unable to stat
[Mon Mar 02 01:34:43.162582 2026] [php:error] [pid 52767] [client 20.205.120.43:0] script '/domains/byardrealestate/configs.php' not found or unable to stat
[Mon Mar 02 01:34:43.365077 2026] [php:error] [pid 52767] [client 20.205.120.43:0] script '/domains/byardrealestate/wp-configs.php' not found or unable to stat
[Mon Mar 02 01:34:43.615116 2026] [php:error] [pid 52767] [client 20.205.120.43:0] script '/domains/byardrealestate/update.php' not found or unable to stat
[Mon Mar 02 01:34:43.818831 2026] [php:error] [pid 52767] [client 20.205.120.43:0] script '/domains/byardrealestate/2.php' not found or unable to stat
[Mon Mar 02 01:34:44.021226 2026] [php:error] [pid 52767] [client 20.205.120.43:0] script '/domains/byardrealestate/input.php' not found or unable to stat
[Mon Mar 02 01:34:44.224765 2026] [php:error] [pid 52767] [client 20.205.120.43:0] script '/domains/byardrealestate/aaa.php' not found or unable to stat
[Mon Mar 02 01:35:08.313884 2026] [php:error] [pid 52805] [client 20.207.204.235:0] script '/domains/domilici/admin.php' not found or unable to stat
[Mon Mar 02 01:35:08.711793 2026] [php:error] [pid 52805] [client 20.207.204.235:0] script '/domains/domilici/f.php' not found or unable to stat
[Mon Mar 02 01:35:09.140144 2026] [php:error] [pid 52805] [client 20.207.204.235:0] script '/domains/domilici/adminfuns.php' not found or unable to stat
[Mon Mar 02 01:35:09.749451 2026] [php:error] [pid 52805] [client 20.207.204.235:0] script '/domains/domilici/classwithtostring.php' not found or unable to stat
[Mon Mar 02 01:35:09.948055 2026] [php:error] [pid 52805] [client 20.207.204.235:0] script '/domains/domilici/sf.php' not found or unable to stat
[Mon Mar 02 01:35:10.146755 2026] [php:error] [pid 52805] [client 20.207.204.235:0] script '/domains/domilici/bgymj.php' not found or unable to stat
[Mon Mar 02 01:35:10.345601 2026] [php:error] [pid 52805] [client 20.207.204.235:0] script '/domains/domilici/wp.php' not found or unable to stat
[Mon Mar 02 01:35:10.941185 2026] [php:error] [pid 52805] [client 20.207.204.235:0] script '/domains/domilici/ms-edit.php' not found or unable to stat
[Mon Mar 02 01:35:11.338545 2026] [php:error] [pid 52805] [client 20.207.204.235:0] script '/domains/domilici/wp-file.php' not found or unable to stat
[Mon Mar 02 01:35:11.538949 2026] [php:error] [pid 52805] [client 20.207.204.235:0] script '/domains/domilici/about.php' not found or unable to stat
[Mon Mar 02 01:35:11.738130 2026] [php:error] [pid 52805] [client 20.207.204.235:0] script '/domains/domilici/as.php' not found or unable to stat
[Mon Mar 02 01:35:11.936974 2026] [php:error] [pid 52805] [client 20.207.204.235:0] script '/domains/domilici/bolt.php' not found or unable to stat
[Mon Mar 02 01:35:12.136101 2026] [php:error] [pid 52805] [client 20.207.204.235:0] script '/domains/domilici/class-t.api.php' not found or unable to stat
[Mon Mar 02 01:35:12.959316 2026] [php:error] [pid 52805] [client 20.207.204.235:0] script '/domains/domilici/abcd.php' not found or unable to stat
[Mon Mar 02 01:35:13.356541 2026] [php:error] [pid 52805] [client 20.207.204.235:0] script '/domains/domilici/ioxi-o.php' not found or unable to stat
[Mon Mar 02 01:35:13.555398 2026] [php:error] [pid 52805] [client 20.207.204.235:0] script '/domains/domilici/jga.php' not found or unable to stat
[Mon Mar 02 01:35:13.755280 2026] [php:error] [pid 52805] [client 20.207.204.235:0] script '/domains/domilici/wp-cron.php' not found or unable to stat
[Mon Mar 02 01:35:14.353547 2026] [php:error] [pid 52805] [client 20.207.204.235:0] script '/domains/domilici/file.php' not found or unable to stat
[Mon Mar 02 01:35:14.556946 2026] [php:error] [pid 52805] [client 20.207.204.235:0] script '/domains/domilici/wp-admin.php' not found or unable to stat
[Mon Mar 02 01:35:15.159585 2026] [php:error] [pid 52805] [client 20.207.204.235:0] script '/domains/domilici/166.php' not found or unable to stat
[Mon Mar 02 01:35:15.358986 2026] [php:error] [pid 52805] [client 20.207.204.235:0] script '/domains/domilici/dropdown.php' not found or unable to stat
[Mon Mar 02 01:35:16.154305 2026] [php:error] [pid 52805] [client 20.207.204.235:0] script '/domains/domilici/x.php' not found or unable to stat
[Mon Mar 02 01:35:16.353024 2026] [php:error] [pid 52805] [client 20.207.204.235:0] script '/domains/domilici/xmlrpc.php' not found or unable to stat
[Mon Mar 02 01:35:16.779423 2026] [php:error] [pid 52805] [client 20.207.204.235:0] script '/domains/domilici/24.php' not found or unable to stat
[Mon Mar 02 01:35:16.978571 2026] [php:error] [pid 52805] [client 20.207.204.235:0] script '/domains/domilici/buy.php' not found or unable to stat
[Mon Mar 02 01:35:17.179285 2026] [php:error] [pid 52805] [client 20.207.204.235:0] script '/domains/domilici/test1.php' not found or unable to stat
[Mon Mar 02 01:35:19.371581 2026] [php:error] [pid 52805] [client 20.207.204.235:0] script '/domains/domilici/aa.php' not found or unable to stat
[Mon Mar 02 01:35:19.571256 2026] [php:error] [pid 52805] [client 20.207.204.235:0] script '/domains/domilici/bless.php' not found or unable to stat
[Mon Mar 02 01:35:19.792470 2026] [php:error] [pid 52805] [client 20.207.204.235:0] script '/domains/domilici/content.php' not found or unable to stat
[Mon Mar 02 01:35:20.589768 2026] [php:error] [pid 52805] [client 20.207.204.235:0] script '/domains/domilici/rip.php' not found or unable to stat
[Mon Mar 02 01:35:20.790091 2026] [php:error] [pid 52805] [client 20.207.204.235:0] script '/domains/domilici/themes.php' not found or unable to stat
[Mon Mar 02 01:35:31.788308 2026] [php:error] [pid 52806] [client 20.53.243.118:0] script '/domains/afglcweb/222.php' not found or unable to stat
[Mon Mar 02 01:35:31.995836 2026] [php:error] [pid 52806] [client 20.53.243.118:0] script '/domains/afglcweb/404.php' not found or unable to stat
[Mon Mar 02 01:35:32.203458 2026] [php:error] [pid 52806] [client 20.53.243.118:0] script '/domains/afglcweb/about.php' not found or unable to stat
[Mon Mar 02 01:35:32.411000 2026] [php:error] [pid 52806] [client 20.53.243.118:0] script '/domains/afglcweb/admin.php' not found or unable to stat
[Mon Mar 02 01:35:32.618424 2026] [php:error] [pid 52806] [client 20.53.243.118:0] script '/domains/afglcweb/adminfuns.php' not found or unable to stat
[Mon Mar 02 01:35:32.826085 2026] [php:error] [pid 52806] [client 20.53.243.118:0] script '/domains/afglcweb/bless.php' not found or unable to stat
[Mon Mar 02 01:35:33.044132 2026] [php:error] [pid 52806] [client 20.53.243.118:0] script '/domains/afglcweb/bolt.php' not found or unable to stat
[Mon Mar 02 01:35:33.251643 2026] [php:error] [pid 52806] [client 20.53.243.118:0] script '/domains/afglcweb/ccou.php' not found or unable to stat
[Mon Mar 02 01:35:33.459059 2026] [php:error] [pid 52806] [client 20.53.243.118:0] script '/domains/afglcweb/class-t.api.php' not found or unable to stat
[Mon Mar 02 01:35:33.666494 2026] [php:error] [pid 52806] [client 20.53.243.118:0] script '/domains/afglcweb/css.php' not found or unable to stat
[Mon Mar 02 01:35:33.875065 2026] [php:error] [pid 52806] [client 20.53.243.118:0] script '/domains/afglcweb/css/000.php' not found or unable to stat
[Mon Mar 02 01:35:34.082724 2026] [php:error] [pid 52806] [client 20.53.243.118:0] script '/domains/afglcweb/edit.php' not found or unable to stat
[Mon Mar 02 01:35:34.290544 2026] [php:error] [pid 52806] [client 20.53.243.118:0] script '/domains/afglcweb/fff.php' not found or unable to stat
[Mon Mar 02 01:35:34.498556 2026] [php:error] [pid 52806] [client 20.53.243.118:0] script '/domains/afglcweb/file.php' not found or unable to stat
[Mon Mar 02 01:35:34.749215 2026] [php:error] [pid 52806] [client 20.53.243.118:0] script '/domains/afglcweb/fx.php' not found or unable to stat
[Mon Mar 02 01:35:34.956955 2026] [php:error] [pid 52806] [client 20.53.243.118:0] script '/domains/afglcweb/info.php' not found or unable to stat
[Mon Mar 02 01:35:35.165071 2026] [php:error] [pid 52806] [client 20.53.243.118:0] script '/domains/afglcweb/ioxi-o.php' not found or unable to stat
[Mon Mar 02 01:35:35.372639 2026] [php:error] [pid 52806] [client 20.53.243.118:0] script '/domains/afglcweb/rip.php' not found or unable to stat
[Mon Mar 02 01:35:35.580395 2026] [php:error] [pid 52806] [client 20.53.243.118:0] script '/domains/afglcweb/server.php' not found or unable to stat
[Mon Mar 02 01:35:35.789851 2026] [php:error] [pid 52806] [client 20.53.243.118:0] script '/domains/afglcweb/wp-blog.php' not found or unable to stat
[Mon Mar 02 01:35:35.872151 2026] [php:error] [pid 52801] [client 51.120.79.194:0] script '/domains/system_default/gfile.php' not found or unable to stat
[Mon Mar 02 01:35:35.969424 2026] [php:error] [pid 52801] [client 51.120.79.194:0] script '/domains/system_default/dox.php' not found or unable to stat
[Mon Mar 02 01:35:36.066448 2026] [php:error] [pid 52801] [client 51.120.79.194:0] script '/domains/system_default/qwas.php' not found or unable to stat
[Mon Mar 02 01:35:36.174974 2026] [php:error] [pid 52801] [client 51.120.79.194:0] script '/domains/system_default/claw.php' not found or unable to stat
[Mon Mar 02 01:35:36.273898 2026] [php:error] [pid 52801] [client 51.120.79.194:0] script '/domains/system_default/cfgy.php' not found or unable to stat
[Mon Mar 02 01:35:36.372084 2026] [php:error] [pid 52801] [client 51.120.79.194:0] script '/domains/system_default/jbuft.php' not found or unable to stat
[Mon Mar 02 01:35:36.469629 2026] [php:error] [pid 52801] [client 51.120.79.194:0] script '/domains/system_default/fvvff.php' not found or unable to stat
[Mon Mar 02 01:35:36.579051 2026] [php:error] [pid 52801] [client 51.120.79.194:0] script '/domains/system_default/vaza.php' not found or unable to stat
[Mon Mar 02 01:35:36.676446 2026] [php:error] [pid 52801] [client 51.120.79.194:0] script '/domains/system_default/a2.php' not found or unable to stat
[Mon Mar 02 01:35:36.774814 2026] [php:error] [pid 52801] [client 51.120.79.194:0] script '/domains/system_default/sty.php' not found or unable to stat
[Mon Mar 02 01:35:36.871788 2026] [php:error] [pid 52801] [client 51.120.79.194:0] script '/domains/system_default/xxxx.php' not found or unable to stat
[Mon Mar 02 01:35:36.973058 2026] [php:error] [pid 52801] [client 51.120.79.194:0] script '/domains/system_default/h.php' not found or unable to stat
[Mon Mar 02 01:35:37.073045 2026] [php:error] [pid 52801] [client 51.120.79.194:0] script '/domains/system_default/g.php' not found or unable to stat
[Mon Mar 02 01:35:37.141594 2026] [php:error] [pid 52806] [client 20.53.243.118:0] script '/domains/afglcweb/wp-editor.php' not found or unable to stat
[Mon Mar 02 01:35:37.171216 2026] [php:error] [pid 52801] [client 51.120.79.194:0] script '/domains/system_default/pp.php' not found or unable to stat
[Mon Mar 02 01:35:37.268638 2026] [php:error] [pid 52801] [client 51.120.79.194:0] script '/domains/system_default/sys.php' not found or unable to stat
[Mon Mar 02 01:35:37.365250 2026] [php:error] [pid 52801] [client 51.120.79.194:0] script '/domains/system_default/txets.php' not found or unable to stat
[Mon Mar 02 01:35:37.893258 2026] [php:error] [pid 52801] [client 51.120.79.194:0] script '/domains/system_default/tt.php' not found or unable to stat
[Mon Mar 02 01:35:37.991436 2026] [php:error] [pid 52801] [client 51.120.79.194:0] script '/domains/system_default/wp9.php' not found or unable to stat
[Mon Mar 02 01:35:38.088978 2026] [php:error] [pid 52801] [client 51.120.79.194:0] script '/domains/system_default/path.php' not found or unable to stat
[Mon Mar 02 01:35:38.182830 2026] [php:error] [pid 52806] [client 20.53.243.118:0] script '/domains/afglcweb/wp.php' not found or unable to stat
[Mon Mar 02 01:35:38.199839 2026] [php:error] [pid 52801] [client 51.120.79.194:0] script '/domains/system_default/wdf.php' not found or unable to stat
[Mon Mar 02 01:35:38.318965 2026] [php:error] [pid 52801] [client 51.120.79.194:0] script '/domains/system_default/fleen.php' not found or unable to stat
[Mon Mar 02 01:35:38.392440 2026] [php:error] [pid 52806] [client 20.53.243.118:0] script '/domains/afglcweb/x.php' not found or unable to stat
[Mon Mar 02 01:35:38.415849 2026] [php:error] [pid 52801] [client 51.120.79.194:0] script '/domains/system_default/wp-tem.php' not found or unable to stat
[Mon Mar 02 01:35:38.513898 2026] [php:error] [pid 52801] [client 51.120.79.194:0] script '/domains/system_default/av6m.php' not found or unable to stat
[Mon Mar 02 01:35:38.612421 2026] [php:error] [pid 52801] [client 51.120.79.194:0] script '/domains/system_default/autogooey.php' not found or unable to stat
[Mon Mar 02 01:35:38.710160 2026] [php:error] [pid 52801] [client 51.120.79.194:0] script '/domains/system_default/btx25.php' not found or unable to stat
[Mon Mar 02 01:35:38.828455 2026] [php:error] [pid 52801] [client 51.120.79.194:0] script '/domains/system_default/mga.php' not found or unable to stat
[Mon Mar 02 01:35:38.925456 2026] [php:error] [pid 52801] [client 51.120.79.194:0] script '/domains/system_default/maxro.php' not found or unable to stat
[Mon Mar 02 01:35:39.022576 2026] [php:error] [pid 52801] [client 51.120.79.194:0] script '/domains/system_default/agg.php' not found or unable to stat
[Mon Mar 02 01:35:39.119644 2026] [php:error] [pid 52801] [client 51.120.79.194:0] script '/domains/system_default/pass4.php' not found or unable to stat
[Mon Mar 02 01:35:39.216613 2026] [php:error] [pid 52801] [client 51.120.79.194:0] script '/domains/system_default/wsvvs.php' not found or unable to stat
[Mon Mar 02 01:35:39.315281 2026] [php:error] [pid 52801] [client 51.120.79.194:0] script '/domains/system_default/G-In.php' not found or unable to stat
[Mon Mar 02 01:35:39.423261 2026] [php:error] [pid 52801] [client 51.120.79.194:0] script '/domains/system_default/edit.php' not found or unable to stat
[Mon Mar 02 01:35:39.520320 2026] [php:error] [pid 52801] [client 51.120.79.194:0] script '/domains/system_default/ioxi-o.php' not found or unable to stat
[Mon Mar 02 01:35:39.713898 2026] [php:error] [pid 52801] [client 51.120.79.194:0] script '/domains/system_default/66.php' not found or unable to stat
[Mon Mar 02 01:35:39.908111 2026] [php:error] [pid 52801] [client 51.120.79.194:0] script '/domains/system_default/gifclass.php' not found or unable to stat
[Mon Mar 02 01:35:40.397557 2026] [php:error] [pid 52801] [client 51.120.79.194:0] script '/domains/system_default/sc.php' not found or unable to stat
[Mon Mar 02 01:35:40.500719 2026] [php:error] [pid 52801] [client 51.120.79.194:0] script '/domains/system_default/xmlrpc.php' not found or unable to stat
[Mon Mar 02 01:35:40.597781 2026] [php:error] [pid 52801] [client 51.120.79.194:0] script '/domains/system_default/ol.php' not found or unable to stat
[Mon Mar 02 01:35:40.702506 2026] [php:error] [pid 52801] [client 51.120.79.194:0] script '/domains/system_default/f6.php' not found or unable to stat
[Mon Mar 02 01:35:40.799702 2026] [php:error] [pid 52801] [client 51.120.79.194:0] script '/domains/system_default/inputs.php' not found or unable to stat
[Mon Mar 02 01:35:40.897538 2026] [php:error] [pid 52801] [client 51.120.79.194:0] script '/domains/system_default/style.php' not found or unable to stat
[Mon Mar 02 01:35:40.994417 2026] [php:error] [pid 52801] [client 51.120.79.194:0] script '/domains/system_default/bgymj.php' not found or unable to stat
[Mon Mar 02 01:35:41.128487 2026] [php:error] [pid 52801] [client 51.120.79.194:0] script '/domains/system_default/aa.php' not found or unable to stat
[Mon Mar 02 01:35:41.225803 2026] [php:error] [pid 52801] [client 51.120.79.194:0] script '/domains/system_default/1.php' not found or unable to stat
[Mon Mar 02 01:35:41.335129 2026] [php:error] [pid 52801] [client 51.120.79.194:0] script '/domains/system_default/sc.php' not found or unable to stat
[Mon Mar 02 01:35:41.432099 2026] [php:error] [pid 52801] [client 51.120.79.194:0] script '/domains/system_default/av.php' not found or unable to stat
[Mon Mar 02 01:35:41.529330 2026] [php:error] [pid 52801] [client 51.120.79.194:0] script '/domains/system_default/file.php' not found or unable to stat
[Mon Mar 02 01:35:41.626434 2026] [php:error] [pid 52801] [client 51.120.79.194:0] script '/domains/system_default/666.php' not found or unable to stat
[Mon Mar 02 01:35:41.723622 2026] [php:error] [pid 52801] [client 51.120.79.194:0] script '/domains/system_default/file59.php' not found or unable to stat
[Mon Mar 02 01:35:41.820363 2026] [php:error] [pid 52801] [client 51.120.79.194:0] script '/domains/system_default/bless.php' not found or unable to stat
[Mon Mar 02 01:35:41.917846 2026] [php:error] [pid 52801] [client 51.120.79.194:0] script '/domains/system_default/wp9.php' not found or unable to stat
[Mon Mar 02 01:35:42.014957 2026] [php:error] [pid 52801] [client 51.120.79.194:0] script '/domains/system_default/wp-act.php' not found or unable to stat
[Mon Mar 02 01:35:42.114331 2026] [php:error] [pid 52801] [client 51.120.79.194:0] script '/domains/system_default/class-t.api.php' not found or unable to stat
[Mon Mar 02 01:35:42.211412 2026] [php:error] [pid 52801] [client 51.120.79.194:0] script '/domains/system_default/xqq.php' not found or unable to stat
[Mon Mar 02 01:35:42.720998 2026] [php:error] [pid 52801] [client 51.120.79.194:0] script '/domains/system_default/06.php' not found or unable to stat
[Mon Mar 02 01:35:42.817748 2026] [php:error] [pid 52801] [client 51.120.79.194:0] script '/domains/system_default/plss3.php' not found or unable to stat
[Mon Mar 02 01:35:42.914992 2026] [php:error] [pid 52801] [client 51.120.79.194:0] script '/domains/system_default/aaa.php' not found or unable to stat
[Mon Mar 02 01:35:43.012138 2026] [php:error] [pid 52801] [client 51.120.79.194:0] script '/domains/system_default/classwithtostring.php' not found or unable to stat
[Mon Mar 02 01:35:43.211203 2026] [php:error] [pid 52801] [client 51.120.79.194:0] script '/domains/system_default/tinyfilemanager.php' not found or unable to stat
[Mon Mar 02 01:35:43.312359 2026] [php:error] [pid 52801] [client 51.120.79.194:0] script '/domains/system_default/x.php' not found or unable to stat
[Mon Mar 02 01:35:43.409857 2026] [php:error] [pid 52801] [client 51.120.79.194:0] script '/domains/system_default/ms.php' not found or unable to stat
[Mon Mar 02 01:35:43.607097 2026] [php:error] [pid 52801] [client 51.120.79.194:0] script '/domains/system_default/wdf.php' not found or unable to stat
[Mon Mar 02 01:35:43.704907 2026] [php:error] [pid 52801] [client 51.120.79.194:0] script '/domains/system_default/wp-update.php' not found or unable to stat
[Mon Mar 02 01:35:43.802443 2026] [php:error] [pid 52801] [client 51.120.79.194:0] script '/domains/system_default/sbhu.php' not found or unable to stat
[Mon Mar 02 01:35:44.009762 2026] [php:error] [pid 52801] [client 51.120.79.194:0] script '/domains/system_default/wp-blog.php' not found or unable to stat
[Mon Mar 02 01:35:44.107157 2026] [php:error] [pid 52801] [client 51.120.79.194:0] script '/domains/system_default/test1.php' not found or unable to stat
[Mon Mar 02 01:35:44.302907 2026] [php:error] [pid 52801] [client 51.120.79.194:0] script '/domains/system_default/166.php' not found or unable to stat
[Mon Mar 02 01:35:44.400077 2026] [php:error] [pid 52801] [client 51.120.79.194:0] script '/domains/system_default/fleen.php' not found or unable to stat
[Mon Mar 02 01:35:44.594545 2026] [php:error] [pid 52801] [client 51.120.79.194:0] script '/domains/system_default/ms-edit.php' not found or unable to stat
[Mon Mar 02 01:35:44.692795 2026] [php:error] [pid 52801] [client 51.120.79.194:0] script '/domains/system_default/adminfuns.php' not found or unable to stat
[Mon Mar 02 01:35:44.755963 2026] [php:error] [pid 52802] [client 40.115.138.121:0] script '/domains/smartny/inputs.php' not found or unable to stat
[Mon Mar 02 01:35:44.789691 2026] [php:error] [pid 52801] [client 51.120.79.194:0] script '/domains/system_default/goods.php' not found or unable to stat
[Mon Mar 02 01:35:44.886648 2026] [php:error] [pid 52801] [client 51.120.79.194:0] script '/domains/system_default/ms-edit.php' not found or unable to stat
[Mon Mar 02 01:35:44.952176 2026] [php:error] [pid 52802] [client 40.115.138.121:0] script '/domains/smartny/ioxi-o.php' not found or unable to stat
[Mon Mar 02 01:35:44.983461 2026] [php:error] [pid 52801] [client 51.120.79.194:0] script '/domains/system_default/222.php' not found or unable to stat
[Mon Mar 02 01:35:45.080187 2026] [php:error] [pid 52801] [client 51.120.79.194:0] script '/domains/system_default/plugins.php' not found or unable to stat
[Mon Mar 02 01:35:45.333420 2026] [php:error] [pid 52802] [client 40.115.138.121:0] script '/domains/smartny/rip.php' not found or unable to stat
[Mon Mar 02 01:35:45.371187 2026] [php:error] [pid 52801] [client 51.120.79.194:0] script '/domains/system_default/ff1.php' not found or unable to stat
[Mon Mar 02 01:35:45.468020 2026] [php:error] [pid 52801] [client 51.120.79.194:0] script '/domains/system_default/fff.php' not found or unable to stat
[Mon Mar 02 01:35:45.533354 2026] [php:error] [pid 52802] [client 40.115.138.121:0] script '/domains/smartny/admin.php' not found or unable to stat
[Mon Mar 02 01:35:45.663488 2026] [php:error] [pid 52801] [client 51.120.79.194:0] script '/domains/system_default/goat.php' not found or unable to stat
[Mon Mar 02 01:35:45.760357 2026] [php:error] [pid 52801] [client 51.120.79.194:0] script '/domains/system_default/155.php' not found or unable to stat
[Mon Mar 02 01:35:45.853169 2026] [php:error] [pid 52802] [client 40.115.138.121:0] script '/domains/smartny/cache.php' not found or unable to stat
[Mon Mar 02 01:35:45.856945 2026] [php:error] [pid 52801] [client 51.120.79.194:0] script '/domains/system_default/we.php' not found or unable to stat
[Mon Mar 02 01:35:45.954591 2026] [php:error] [pid 52801] [client 51.120.79.194:0] script '/domains/system_default/alpha.php' not found or unable to stat
[Mon Mar 02 01:35:46.013247 2026] [php:error] [pid 52802] [client 40.115.138.121:0] script '/domains/smartny/themes.php' not found or unable to stat
[Mon Mar 02 01:35:46.051422 2026] [php:error] [pid 52801] [client 51.120.79.194:0] script '/domains/system_default/makeasmtp.php' not found or unable to stat
[Mon Mar 02 01:35:46.149069 2026] [php:error] [pid 52801] [client 51.120.79.194:0] script '/domains/system_default/wp-michan.php' not found or unable to stat
[Mon Mar 02 01:35:46.173668 2026] [php:error] [pid 52802] [client 40.115.138.121:0] script '/domains/smartny/an.php' not found or unable to stat
[Mon Mar 02 01:35:46.343982 2026] [php:error] [pid 52801] [client 51.120.79.194:0] script '/domains/system_default/wp-the.php' not found or unable to stat
[Mon Mar 02 01:35:46.587960 2026] [php:error] [pid 52811] [client 51.120.79.194:0] script '/domains/system_default/w4.php' not found or unable to stat
[Mon Mar 02 01:35:46.677702 2026] [php:error] [pid 52802] [client 40.115.138.121:0] script '/domains/smartny/ws.php' not found or unable to stat
[Mon Mar 02 01:35:46.772970 2026] [php:error] [pid 52811] [client 51.120.79.194:0] script '/domains/system_default/ok.php' not found or unable to stat
[Mon Mar 02 01:35:46.839659 2026] [php:error] [pid 52802] [client 40.115.138.121:0] script '/domains/smartny/404.php' not found or unable to stat
[Mon Mar 02 01:35:46.864758 2026] [php:error] [pid 52811] [client 51.120.79.194:0] script '/domains/system_default/about.php' not found or unable to stat
[Mon Mar 02 01:35:46.958344 2026] [php:error] [pid 52811] [client 51.120.79.194:0] script '/domains/system_default/tymn.php' not found or unable to stat
[Mon Mar 02 01:35:47.050229 2026] [php:error] [pid 52811] [client 51.120.79.194:0] script '/domains/system_default/bak.php' not found or unable to stat
[Mon Mar 02 01:35:47.161345 2026] [php:error] [pid 52802] [client 40.115.138.121:0] script '/domains/smartny/wp-conf.php' not found or unable to stat
[Mon Mar 02 01:35:47.236614 2026] [php:error] [pid 52811] [client 51.120.79.194:0] script '/domains/system_default/fe5.php' not found or unable to stat
[Mon Mar 02 01:35:47.332216 2026] [php:error] [pid 52811] [client 51.120.79.194:0] script '/domains/system_default/kj.php' not found or unable to stat
[Mon Mar 02 01:35:47.480803 2026] [php:error] [pid 52802] [client 40.115.138.121:0] script '/domains/smartny/wp-login.php' not found or unable to stat
[Mon Mar 02 01:35:47.534115 2026] [php:error] [pid 52811] [client 51.120.79.194:0] script '/domains/system_default/av.php' not found or unable to stat
[Mon Mar 02 01:35:47.632562 2026] [php:error] [pid 52811] [client 51.120.79.194:0] script '/domains/system_default/abcd.php' not found or unable to stat
[Mon Mar 02 01:35:47.669173 2026] [php:error] [pid 52802] [client 40.115.138.121:0] script '/domains/smartny/abc.php' not found or unable to stat
[Mon Mar 02 01:35:47.724491 2026] [php:error] [pid 52811] [client 51.120.79.194:0] script '/domains/system_default/init.php' not found or unable to stat
[Mon Mar 02 01:35:47.843079 2026] [php:error] [pid 52811] [client 51.120.79.194:0] script '/domains/system_default/fi.php' not found or unable to stat
[Mon Mar 02 01:35:47.857278 2026] [php:error] [pid 52802] [client 40.115.138.121:0] script '/domains/smartny/abcd.php' not found or unable to stat
[Mon Mar 02 01:35:47.936461 2026] [php:error] [pid 52811] [client 51.120.79.194:0] script '/domains/system_default/a1.php' not found or unable to stat
[Mon Mar 02 01:35:48.021736 2026] [php:error] [pid 52802] [client 40.115.138.121:0] script '/domains/smartny/as.php' not found or unable to stat
[Mon Mar 02 01:35:48.182051 2026] [php:error] [pid 52802] [client 40.115.138.121:0] script '/domains/smartny/wp-trackback.php' not found or unable to stat
[Mon Mar 02 01:35:48.221686 2026] [php:error] [pid 52811] [client 51.120.79.194:0] script '/domains/system_default/f35.php' not found or unable to stat
[Mon Mar 02 01:35:48.318350 2026] [php:error] [pid 52811] [client 51.120.79.194:0] script '/domains/system_default/hi.php' not found or unable to stat
[Mon Mar 02 01:35:48.341873 2026] [php:error] [pid 52802] [client 40.115.138.121:0] script '/domains/smartny/about.php' not found or unable to stat
[Mon Mar 02 01:35:48.410300 2026] [php:error] [pid 52811] [client 51.120.79.194:0] script '/domains/system_default/lala.php' not found or unable to stat
[Mon Mar 02 01:35:48.501692 2026] [php:error] [pid 52802] [client 40.115.138.121:0] script '/domains/smartny/file.php' not found or unable to stat
[Mon Mar 02 01:35:48.501868 2026] [php:error] [pid 52811] [client 51.120.79.194:0] script '/domains/system_default/lb.php' not found or unable to stat
[Mon Mar 02 01:35:48.688267 2026] [php:error] [pid 52802] [client 40.115.138.121:0] script '/domains/smartny/adminfuns.php' not found or unable to stat
[Mon Mar 02 01:35:48.689581 2026] [php:error] [pid 52811] [client 51.120.79.194:0] script '/domains/system_default/0.php' not found or unable to stat
[Mon Mar 02 01:35:48.781521 2026] [php:error] [pid 52811] [client 51.120.79.194:0] script '/domains/system_default/core.php' not found or unable to stat
[Mon Mar 02 01:35:48.860533 2026] [php:error] [pid 52802] [client 40.115.138.121:0] script '/domains/smartny/wp-good.php' not found or unable to stat
[Mon Mar 02 01:35:48.873023 2026] [php:error] [pid 52811] [client 51.120.79.194:0] script '/domains/system_default/autogooey.php' not found or unable to stat
[Mon Mar 02 01:35:49.020264 2026] [php:error] [pid 52802] [client 40.115.138.121:0] script '/domains/smartny/xmlrpc.php' not found or unable to stat
[Mon Mar 02 01:35:49.056271 2026] [php:error] [pid 52811] [client 51.120.79.194:0] script '/domains/system_default/prv8.php' not found or unable to stat
[Mon Mar 02 01:35:49.148106 2026] [php:error] [pid 52811] [client 51.120.79.194:0] script '/domains/system_default/k.php' not found or unable to stat
[Mon Mar 02 01:35:49.180048 2026] [php:error] [pid 52802] [client 40.115.138.121:0] script '/domains/smartny/goods.php' not found or unable to stat
[Mon Mar 02 01:35:49.239961 2026] [php:error] [pid 52811] [client 51.120.79.194:0] script '/domains/system_default/dev.php' not found or unable to stat
[Mon Mar 02 01:35:49.333359 2026] [php:error] [pid 52811] [client 51.120.79.194:0] script '/domains/system_default/x123x.php' not found or unable to stat
[Mon Mar 02 01:35:49.342003 2026] [php:error] [pid 52802] [client 40.115.138.121:0] script '/domains/smartny/class-t.api.php' not found or unable to stat
[Mon Mar 02 01:35:49.425429 2026] [php:error] [pid 52811] [client 51.120.79.194:0] script '/domains/system_default/bal.php' not found or unable to stat
[Mon Mar 02 01:35:49.517364 2026] [php:error] [pid 52811] [client 51.120.79.194:0] script '/domains/system_default/in.php' not found or unable to stat
[Mon Mar 02 01:35:49.520390 2026] [php:error] [pid 52802] [client 40.115.138.121:0] script '/domains/smartny/sf.php' not found or unable to stat
[Mon Mar 02 01:35:49.609275 2026] [php:error] [pid 52811] [client 51.120.79.194:0] script '/domains/system_default/gssdd.php' not found or unable to stat
[Mon Mar 02 01:35:49.680342 2026] [php:error] [pid 52802] [client 40.115.138.121:0] script '/domains/smartny/kbfr.php' not found or unable to stat
[Mon Mar 02 01:35:49.701028 2026] [php:error] [pid 52811] [client 51.120.79.194:0] script '/domains/system_default/motu.php' not found or unable to stat
[Mon Mar 02 01:35:49.794194 2026] [php:error] [pid 52811] [client 51.120.79.194:0] script '/domains/system_default/bs1.php' not found or unable to stat
[Mon Mar 02 01:35:49.846947 2026] [php:error] [pid 52802] [client 40.115.138.121:0] script '/domains/smartny/autoload_classmap.php' not found or unable to stat
[Mon Mar 02 01:35:49.885960 2026] [php:error] [pid 52811] [client 51.120.79.194:0] script '/domains/system_default/bengi.php' not found or unable to stat
[Mon Mar 02 01:35:49.979866 2026] [php:error] [pid 52811] [client 51.120.79.194:0] script '/domains/system_default/log.php' not found or unable to stat
[Mon Mar 02 01:35:50.007235 2026] [php:error] [pid 52802] [client 40.115.138.121:0] script '/domains/smartny/chosen.php' not found or unable to stat
[Mon Mar 02 01:35:50.072882 2026] [php:error] [pid 52811] [client 51.120.79.194:0] script '/domains/system_default/miansha.php' not found or unable to stat
[Mon Mar 02 01:35:50.165357 2026] [php:error] [pid 52811] [client 51.120.79.194:0] script '/domains/system_default/erty.php' not found or unable to stat
[Mon Mar 02 01:35:50.190354 2026] [php:error] [pid 52802] [client 40.115.138.121:0] script '/domains/smartny/classwithtostring.php' not found or unable to stat
[Mon Mar 02 01:35:50.349877 2026] [php:error] [pid 52811] [client 51.120.79.194:0] script '/domains/system_default/X57.php' not found or unable to stat
[Mon Mar 02 01:35:50.357262 2026] [php:error] [pid 52802] [client 40.115.138.121:0] script '/domains/smartny/defaults.php' not found or unable to stat
[Mon Mar 02 01:35:50.445373 2026] [php:error] [pid 52811] [client 51.120.79.194:0] script '/domains/system_default/axx.php' not found or unable to stat
[Mon Mar 02 01:35:50.537320 2026] [php:error] [pid 52811] [client 51.120.79.194:0] script '/domains/system_default/alfashell.php' not found or unable to stat
[Mon Mar 02 01:35:50.628940 2026] [php:error] [pid 52811] [client 51.120.79.194:0] script '/domains/system_default/myfile.php' not found or unable to stat
[Mon Mar 02 01:35:50.720699 2026] [php:error] [pid 52811] [client 51.120.79.194:0] script '/domains/system_default/re.php' not found or unable to stat
[Mon Mar 02 01:35:50.812366 2026] [php:error] [pid 52811] [client 51.120.79.194:0] script '/domains/system_default/styll.php' not found or unable to stat
[Mon Mar 02 01:35:50.889528 2026] [php:error] [pid 52802] [client 40.115.138.121:0] script '/domains/smartny/info.php' not found or unable to stat
[Mon Mar 02 01:35:50.903875 2026] [php:error] [pid 52811] [client 51.120.79.194:0] script '/domains/system_default/flower.php' not found or unable to stat
[Mon Mar 02 01:35:50.995690 2026] [php:error] [pid 52811] [client 51.120.79.194:0] script '/domains/system_default/flower2.php' not found or unable to stat
[Mon Mar 02 01:35:51.088025 2026] [php:error] [pid 52811] [client 51.120.79.194:0] script '/domains/system_default/4h.php' not found or unable to stat
[Mon Mar 02 01:35:51.180106 2026] [php:error] [pid 52811] [client 51.120.79.194:0] script '/domains/system_default/gettest.php' not found or unable to stat
[Mon Mar 02 01:35:51.272576 2026] [php:error] [pid 52811] [client 51.120.79.194:0] script '/domains/system_default/acp.php' not found or unable to stat
[Mon Mar 02 01:35:51.364641 2026] [php:error] [pid 52811] [client 51.120.79.194:0] script '/domains/system_default/database.php' not found or unable to stat
[Mon Mar 02 01:36:07.827500 2026] [php:error] [pid 52801] [client 20.104.206.150:0] script '/domains/quintet/signon.php' not found or unable to stat
[Mon Mar 02 01:36:07.851960 2026] [php:error] [pid 52801] [client 20.104.206.150:0] script '/domains/quintet/t00l.php' not found or unable to stat
[Mon Mar 02 01:36:07.876464 2026] [php:error] [pid 52801] [client 20.104.206.150:0] script '/domains/quintet/function.php' not found or unable to stat
[Mon Mar 02 01:36:07.900847 2026] [php:error] [pid 52801] [client 20.104.206.150:0] script '/domains/quintet/cjfuns.php' not found or unable to stat
[Mon Mar 02 01:36:07.929180 2026] [php:error] [pid 52801] [client 20.104.206.150:0] script '/domains/quintet/new.php' not found or unable to stat
[Mon Mar 02 01:36:07.956429 2026] [php:error] [pid 52801] [client 20.104.206.150:0] script '/domains/quintet/wp-xmlmp.php' not found or unable to stat
[Mon Mar 02 01:36:07.984755 2026] [php:error] [pid 52801] [client 20.104.206.150:0] script '/domains/quintet/wp-config-sample.php' not found or unable to stat
