[Mon Mar 02 00:17:25.336048 2026] [php:error] [pid 51783] [client 20.89.254.160:0] script '/domains/system_suspended/ws.php' not found or unable to stat
[Mon Mar 02 00:17:25.505655 2026] [php:error] [pid 51783] [client 20.89.254.160:0] script '/domains/system_suspended/404.php' not found or unable to stat
[Mon Mar 02 00:17:25.864147 2026] [php:error] [pid 51783] [client 20.89.254.160:0] script '/domains/system_suspended/wp-conf.php' not found or unable to stat
[Mon Mar 02 00:17:26.200917 2026] [php:error] [pid 51783] [client 20.89.254.160:0] script '/domains/system_suspended/wp-login.php' not found or unable to stat
[Mon Mar 02 00:17:26.369203 2026] [php:error] [pid 51783] [client 20.89.254.160:0] script '/domains/system_suspended/abc.php' not found or unable to stat
[Mon Mar 02 00:17:26.540868 2026] [php:error] [pid 51783] [client 20.89.254.160:0] script '/domains/system_suspended/abcd.php' not found or unable to stat
[Mon Mar 02 00:17:26.709293 2026] [php:error] [pid 51783] [client 20.89.254.160:0] script '/domains/system_suspended/as.php' not found or unable to stat
[Mon Mar 02 00:17:26.878976 2026] [php:error] [pid 51783] [client 20.89.254.160:0] script '/domains/system_suspended/wp-trackback.php' not found or unable to stat
[Mon Mar 02 00:17:27.047387 2026] [php:error] [pid 51783] [client 20.89.254.160:0] script '/domains/system_suspended/about.php' not found or unable to stat
[Mon Mar 02 00:17:27.234223 2026] [php:error] [pid 51783] [client 20.89.254.160:0] script '/domains/system_suspended/file.php' not found or unable to stat
[Mon Mar 02 00:17:27.402914 2026] [php:error] [pid 51783] [client 20.89.254.160:0] script '/domains/system_suspended/adminfuns.php' not found or unable to stat
[Mon Mar 02 00:17:27.574050 2026] [php:error] [pid 51783] [client 20.89.254.160:0] script '/domains/system_suspended/wp-good.php' not found or unable to stat
[Mon Mar 02 00:17:27.743322 2026] [php:error] [pid 51783] [client 20.89.254.160:0] script '/domains/system_suspended/xmlrpc.php' not found or unable to stat
[Mon Mar 02 00:17:27.911466 2026] [php:error] [pid 51783] [client 20.89.254.160:0] script '/domains/system_suspended/goods.php' not found or unable to stat
[Mon Mar 02 00:17:28.079876 2026] [php:error] [pid 51783] [client 20.89.254.160:0] script '/domains/system_suspended/class-t.api.php' not found or unable to stat
[Mon Mar 02 00:17:28.252216 2026] [php:error] [pid 51783] [client 20.89.254.160:0] script '/domains/system_suspended/sf.php' not found or unable to stat
[Mon Mar 02 00:17:28.420810 2026] [php:error] [pid 51783] [client 20.89.254.160:0] script '/domains/system_suspended/kbfr.php' not found or unable to stat
[Mon Mar 02 00:17:28.589660 2026] [php:error] [pid 51783] [client 20.89.254.160:0] script '/domains/system_suspended/autoload_classmap.php' not found or unable to stat
[Mon Mar 02 00:17:28.758022 2026] [php:error] [pid 51783] [client 20.89.254.160:0] script '/domains/system_suspended/chosen.php' not found or unable to stat
[Mon Mar 02 00:17:28.926355 2026] [php:error] [pid 51783] [client 20.89.254.160:0] script '/domains/system_suspended/classwithtostring.php' not found or unable to stat
[Mon Mar 02 00:17:29.094876 2026] [php:error] [pid 51783] [client 20.89.254.160:0] script '/domains/system_suspended/defaults.php' not found or unable to stat
[Mon Mar 02 00:17:29.603303 2026] [php:error] [pid 51783] [client 20.89.254.160:0] script '/domains/system_suspended/info.php' not found or unable to stat
[Mon Mar 02 00:17:52.080138 2026] [php:error] [pid 51786] [client 34.96.162.55:0] script '/domains/cccweb/adminer-5.0.5-mysql.php' not found or unable to stat
[Mon Mar 02 00:17:55.178104 2026] [php:error] [pid 51807] [client 34.96.162.52:0] script '/domains/cccweb/adminer-4.5.0.php' not found or unable to stat
[Mon Mar 02 00:18:05.944603 2026] [php:error] [pid 51807] [client 20.41.98.49:0] script '/domains/tennex/wp-trackback.php' not found or unable to stat
[Mon Mar 02 00:18:06.135600 2026] [php:error] [pid 51807] [client 20.41.98.49:0] script '/domains/tennex/about.php' not found or unable to stat
[Mon Mar 02 00:18:06.326863 2026] [php:error] [pid 51807] [client 20.41.98.49:0] script '/domains/tennex/file.php' not found or unable to stat
[Mon Mar 02 00:18:06.519333 2026] [php:error] [pid 51807] [client 20.41.98.49:0] script '/domains/tennex/wp-good.php' not found or unable to stat
[Mon Mar 02 00:18:06.711668 2026] [php:error] [pid 51807] [client 20.41.98.49:0] script '/domains/tennex/xmlrpc.php' not found or unable to stat
[Mon Mar 02 00:18:06.902845 2026] [php:error] [pid 51807] [client 20.41.98.49:0] script '/domains/tennex/goods.php' not found or unable to stat
[Mon Mar 02 00:18:07.096347 2026] [php:error] [pid 51807] [client 20.41.98.49:0] script '/domains/tennex/ioxi-o.php' not found or unable to stat
[Mon Mar 02 00:18:07.287609 2026] [php:error] [pid 51807] [client 20.41.98.49:0] script '/domains/tennex/class-t.api.php' not found or unable to stat
[Mon Mar 02 00:18:07.478906 2026] [php:error] [pid 51807] [client 20.41.98.49:0] script '/domains/tennex/admin.php' not found or unable to stat
[Mon Mar 02 00:18:07.695930 2026] [php:error] [pid 51807] [client 20.41.98.49:0] script '/domains/tennex/sf.php' not found or unable to stat
[Mon Mar 02 00:18:07.887860 2026] [php:error] [pid 51807] [client 20.41.98.49:0] script '/domains/tennex/rip.php' not found or unable to stat
[Mon Mar 02 00:18:08.079410 2026] [php:error] [pid 51807] [client 20.41.98.49:0] script '/domains/tennex/autoload_classmap.php' not found or unable to stat
[Mon Mar 02 00:18:08.291168 2026] [php:error] [pid 51807] [client 20.41.98.49:0] script '/domains/tennex/chosen.php' not found or unable to stat
[Mon Mar 02 00:18:08.483098 2026] [php:error] [pid 51807] [client 20.41.98.49:0] script '/domains/tennex/classwithtostring.php' not found or unable to stat
[Mon Mar 02 00:18:08.674800 2026] [php:error] [pid 51807] [client 20.41.98.49:0] script '/domains/tennex/defaults.php' not found or unable to stat
[Mon Mar 02 00:18:09.632339 2026] [php:error] [pid 51807] [client 20.41.98.49:0] script '/domains/tennex/info.php' not found or unable to stat
[Mon Mar 02 00:18:11.004424 2026] [php:error] [pid 51807] [client 20.41.98.49:0] script '/domains/tennex/adminfuns.php' not found or unable to stat
[Mon Mar 02 00:18:20.642647 2026] [php:error] [pid 51811] [client 34.96.162.54:0] script '/domains/cccweb/mydb.php' not found or unable to stat
[Mon Mar 02 00:18:22.618628 2026] [php:error] [pid 51793] [client 20.194.29.45:0] script '/domains/system_default/inputs.php' not found or unable to stat
[Mon Mar 02 00:18:22.825219 2026] [php:error] [pid 51793] [client 20.194.29.45:0] script '/domains/system_default/ioxi-o.php' not found or unable to stat
[Mon Mar 02 00:18:23.207360 2026] [php:error] [pid 51793] [client 20.194.29.45:0] script '/domains/system_default/rip.php' not found or unable to stat
[Mon Mar 02 00:18:23.390345 2026] [php:error] [pid 51793] [client 20.194.29.45:0] script '/domains/system_default/admin.php' not found or unable to stat
[Mon Mar 02 00:18:23.754183 2026] [php:error] [pid 51811] [client 40.80.89.74:0] script '/domains/acagolf1/inputs.php' not found or unable to stat
[Mon Mar 02 00:18:23.759657 2026] [php:error] [pid 51793] [client 20.194.29.45:0] script '/domains/system_default/cache.php' not found or unable to stat
[Mon Mar 02 00:18:23.943008 2026] [php:error] [pid 51793] [client 20.194.29.45:0] script '/domains/system_default/themes.php' not found or unable to stat
[Mon Mar 02 00:18:23.983002 2026] [php:error] [pid 51811] [client 40.80.89.74:0] script '/domains/acagolf1/ioxi-o.php' not found or unable to stat
[Mon Mar 02 00:18:24.127325 2026] [php:error] [pid 51793] [client 20.194.29.45:0] script '/domains/system_default/an.php' not found or unable to stat
[Mon Mar 02 00:18:24.396294 2026] [php:error] [pid 51811] [client 40.80.89.74:0] script '/domains/acagolf1/rip.php' not found or unable to stat
[Mon Mar 02 00:18:24.602446 2026] [php:error] [pid 51811] [client 40.80.89.74:0] script '/domains/acagolf1/admin.php' not found or unable to stat
[Mon Mar 02 00:18:24.687317 2026] [php:error] [pid 51793] [client 20.194.29.45:0] script '/domains/system_default/ws.php' not found or unable to stat
[Mon Mar 02 00:18:24.870425 2026] [php:error] [pid 51793] [client 20.194.29.45:0] script '/domains/system_default/404.php' not found or unable to stat
[Mon Mar 02 00:18:25.015308 2026] [php:error] [pid 51811] [client 40.80.89.74:0] script '/domains/acagolf1/cache.php' not found or unable to stat
[Mon Mar 02 00:18:25.221830 2026] [php:error] [pid 51811] [client 40.80.89.74:0] script '/domains/acagolf1/themes.php' not found or unable to stat
[Mon Mar 02 00:18:25.236445 2026] [php:error] [pid 51793] [client 20.194.29.45:0] script '/domains/system_default/wp-conf.php' not found or unable to stat
[Mon Mar 02 00:18:25.428659 2026] [php:error] [pid 51811] [client 40.80.89.74:0] script '/domains/acagolf1/an.php' not found or unable to stat
[Mon Mar 02 00:18:25.605360 2026] [php:error] [pid 51793] [client 20.194.29.45:0] script '/domains/system_default/wp-login.php' not found or unable to stat
[Mon Mar 02 00:18:25.788636 2026] [php:error] [pid 51793] [client 20.194.29.45:0] script '/domains/system_default/abc.php' not found or unable to stat
[Mon Mar 02 00:18:25.973567 2026] [php:error] [pid 51793] [client 20.194.29.45:0] script '/domains/system_default/abcd.php' not found or unable to stat
[Mon Mar 02 00:18:26.048669 2026] [php:error] [pid 51811] [client 40.80.89.74:0] script '/domains/acagolf1/ws.php' not found or unable to stat
[Mon Mar 02 00:18:26.156896 2026] [php:error] [pid 51793] [client 20.194.29.45:0] script '/domains/system_default/as.php' not found or unable to stat
[Mon Mar 02 00:18:26.256068 2026] [php:error] [pid 51811] [client 40.80.89.74:0] script '/domains/acagolf1/404.php' not found or unable to stat
[Mon Mar 02 00:18:26.341226 2026] [php:error] [pid 51793] [client 20.194.29.45:0] script '/domains/system_default/wp-trackback.php' not found or unable to stat
[Mon Mar 02 00:18:26.538218 2026] [php:error] [pid 51793] [client 20.194.29.45:0] script '/domains/system_default/about.php' not found or unable to stat
[Mon Mar 02 00:18:26.668456 2026] [php:error] [pid 51811] [client 40.80.89.74:0] script '/domains/acagolf1/wp-conf.php' not found or unable to stat
[Mon Mar 02 00:18:26.750846 2026] [php:error] [pid 51793] [client 20.194.29.45:0] script '/domains/system_default/file.php' not found or unable to stat
[Mon Mar 02 00:18:26.934149 2026] [php:error] [pid 51793] [client 20.194.29.45:0] script '/domains/system_default/adminfuns.php' not found or unable to stat
[Mon Mar 02 00:18:27.081460 2026] [php:error] [pid 51811] [client 40.80.89.74:0] script '/domains/acagolf1/wp-login.php' not found or unable to stat
[Mon Mar 02 00:18:27.117919 2026] [php:error] [pid 51793] [client 20.194.29.45:0] script '/domains/system_default/wp-good.php' not found or unable to stat
[Mon Mar 02 00:18:27.287593 2026] [php:error] [pid 51811] [client 40.80.89.74:0] script '/domains/acagolf1/abc.php' not found or unable to stat
[Mon Mar 02 00:18:27.300832 2026] [php:error] [pid 51793] [client 20.194.29.45:0] script '/domains/system_default/xmlrpc.php' not found or unable to stat
[Mon Mar 02 00:18:27.483998 2026] [php:error] [pid 51793] [client 20.194.29.45:0] script '/domains/system_default/goods.php' not found or unable to stat
[Mon Mar 02 00:18:27.493699 2026] [php:error] [pid 51811] [client 40.80.89.74:0] script '/domains/acagolf1/abcd.php' not found or unable to stat
[Mon Mar 02 00:18:27.685035 2026] [php:error] [pid 51793] [client 20.194.29.45:0] script '/domains/system_default/class-t.api.php' not found or unable to stat
[Mon Mar 02 00:18:27.699968 2026] [php:error] [pid 51811] [client 40.80.89.74:0] script '/domains/acagolf1/as.php' not found or unable to stat
[Mon Mar 02 00:18:27.874277 2026] [php:error] [pid 51793] [client 20.194.29.45:0] script '/domains/system_default/sf.php' not found or unable to stat
[Mon Mar 02 00:18:27.906111 2026] [php:error] [pid 51811] [client 40.80.89.74:0] script '/domains/acagolf1/wp-trackback.php' not found or unable to stat
[Mon Mar 02 00:18:28.059121 2026] [php:error] [pid 51793] [client 20.194.29.45:0] script '/domains/system_default/kbfr.php' not found or unable to stat
[Mon Mar 02 00:18:28.113472 2026] [php:error] [pid 51811] [client 40.80.89.74:0] script '/domains/acagolf1/about.php' not found or unable to stat
[Mon Mar 02 00:18:28.244920 2026] [php:error] [pid 51793] [client 20.194.29.45:0] script '/domains/system_default/autoload_classmap.php' not found or unable to stat
[Mon Mar 02 00:18:28.319569 2026] [php:error] [pid 51811] [client 40.80.89.74:0] script '/domains/acagolf1/file.php' not found or unable to stat
[Mon Mar 02 00:18:28.429151 2026] [php:error] [pid 51793] [client 20.194.29.45:0] script '/domains/system_default/chosen.php' not found or unable to stat
[Mon Mar 02 00:18:28.526035 2026] [php:error] [pid 51811] [client 40.80.89.74:0] script '/domains/acagolf1/adminfuns.php' not found or unable to stat
[Mon Mar 02 00:18:28.630736 2026] [php:error] [pid 51793] [client 20.194.29.45:0] script '/domains/system_default/classwithtostring.php' not found or unable to stat
[Mon Mar 02 00:18:28.732145 2026] [php:error] [pid 51811] [client 40.80.89.74:0] script '/domains/acagolf1/wp-good.php' not found or unable to stat
[Mon Mar 02 00:18:28.814269 2026] [php:error] [pid 51793] [client 20.194.29.45:0] script '/domains/system_default/defaults.php' not found or unable to stat
[Mon Mar 02 00:18:28.938641 2026] [php:error] [pid 51811] [client 40.80.89.74:0] script '/domains/acagolf1/xmlrpc.php' not found or unable to stat
[Mon Mar 02 00:18:29.144986 2026] [php:error] [pid 51811] [client 40.80.89.74:0] script '/domains/acagolf1/goods.php' not found or unable to stat
[Mon Mar 02 00:18:29.351545 2026] [php:error] [pid 51811] [client 40.80.89.74:0] script '/domains/acagolf1/class-t.api.php' not found or unable to stat
[Mon Mar 02 00:18:29.383232 2026] [php:error] [pid 51793] [client 20.194.29.45:0] script '/domains/system_default/info.php' not found or unable to stat
[Mon Mar 02 00:18:29.558224 2026] [php:error] [pid 51811] [client 40.80.89.74:0] script '/domains/acagolf1/sf.php' not found or unable to stat
[Mon Mar 02 00:18:29.764689 2026] [php:error] [pid 51811] [client 40.80.89.74:0] script '/domains/acagolf1/kbfr.php' not found or unable to stat
[Mon Mar 02 00:18:29.970682 2026] [php:error] [pid 51811] [client 40.80.89.74:0] script '/domains/acagolf1/autoload_classmap.php' not found or unable to stat
[Mon Mar 02 00:18:30.177039 2026] [php:error] [pid 51811] [client 40.80.89.74:0] script '/domains/acagolf1/chosen.php' not found or unable to stat
[Mon Mar 02 00:18:30.383050 2026] [php:error] [pid 51811] [client 40.80.89.74:0] script '/domains/acagolf1/classwithtostring.php' not found or unable to stat
[Mon Mar 02 00:18:30.589265 2026] [php:error] [pid 51811] [client 40.80.89.74:0] script '/domains/acagolf1/defaults.php' not found or unable to stat
[Mon Mar 02 00:18:31.208650 2026] [php:error] [pid 51811] [client 40.80.89.74:0] script '/domains/acagolf1/info.php' not found or unable to stat
[Mon Mar 02 00:19:10.797543 2026] [php:error] [pid 51821] [client 4.204.200.32:0] script '/domains/system_cancel/a2.php' not found or unable to stat
[Mon Mar 02 00:19:10.879360 2026] [php:error] [pid 51821] [client 4.204.200.32:0] script '/domains/system_cancel/xxx.php' not found or unable to stat
[Mon Mar 02 00:19:10.903584 2026] [php:error] [pid 51821] [client 4.204.200.32:0] script '/domains/system_cancel/h.php' not found or unable to stat
[Mon Mar 02 00:19:11.077939 2026] [php:error] [pid 51821] [client 4.204.200.32:0] script '/domains/system_cancel/txets.php' not found or unable to stat
[Mon Mar 02 00:19:11.102283 2026] [php:error] [pid 51821] [client 4.204.200.32:0] script '/domains/system_cancel/tt.php' not found or unable to stat
[Mon Mar 02 00:19:11.379774 2026] [php:error] [pid 51821] [client 4.204.200.32:0] script '/domains/system_cancel/avim.php' not found or unable to stat
[Mon Mar 02 00:19:11.403524 2026] [php:error] [pid 51821] [client 4.204.200.32:0] script '/domains/system_cancel/autogooey.php' not found or unable to stat
[Mon Mar 02 00:19:11.481069 2026] [php:error] [pid 51821] [client 4.204.200.32:0] script '/domains/system_cancel/mga.php' not found or unable to stat
[Mon Mar 02 00:19:11.504995 2026] [php:error] [pid 51821] [client 4.204.200.32:0] script '/domains/system_cancel/maxro.php' not found or unable to stat
[Mon Mar 02 00:19:11.529040 2026] [php:error] [pid 51821] [client 4.204.200.32:0] script '/domains/system_cancel/agg.php' not found or unable to stat
[Mon Mar 02 00:19:11.698904 2026] [php:error] [pid 51821] [client 4.204.200.32:0] script '/domains/system_cancel/edit.php' not found or unable to stat
[Mon Mar 02 00:19:11.722687 2026] [php:error] [pid 51821] [client 4.204.200.32:0] script '/domains/system_cancel/loxi-o.php' not found or unable to stat
[Mon Mar 02 00:19:12.049078 2026] [php:error] [pid 51821] [client 4.204.200.32:0] script '/domains/system_cancel/nw.php' not found or unable to stat
[Mon Mar 02 00:19:12.421712 2026] [php:error] [pid 51821] [client 4.204.200.32:0] script '/domains/system_cancel/dom.php' not found or unable to stat
[Mon Mar 02 00:19:12.498276 2026] [php:error] [pid 51821] [client 4.204.200.32:0] script '/domains/system_cancel/moon3.php' not found or unable to stat
[Mon Mar 02 00:19:12.522030 2026] [php:error] [pid 51821] [client 4.204.200.32:0] script '/domains/system_cancel/thui.php' not found or unable to stat
[Mon Mar 02 00:19:12.545812 2026] [php:error] [pid 51821] [client 4.204.200.32:0] script '/domains/system_cancel/ebahvhhh.php' not found or unable to stat
[Mon Mar 02 00:19:12.618548 2026] [php:error] [pid 51821] [client 4.204.200.32:0] script '/domains/system_cancel/mcs.php' not found or unable to stat
[Mon Mar 02 00:19:12.691706 2026] [php:error] [pid 51811] [client 4.204.200.32:0] script '/domains/system_cancel/xleet.php' not found or unable to stat
[Mon Mar 02 00:19:12.764610 2026] [php:error] [pid 51811] [client 4.204.200.32:0] script '/domains/system_cancel/xa.php' not found or unable to stat
[Mon Mar 02 00:19:12.788892 2026] [php:error] [pid 51811] [client 4.204.200.32:0] script '/domains/system_cancel/motu.php' not found or unable to stat
[Mon Mar 02 00:19:12.813845 2026] [php:error] [pid 51811] [client 4.204.200.32:0] script '/domains/system_cancel/tmpls.php' not found or unable to stat
[Mon Mar 02 00:19:13.034461 2026] [php:error] [pid 51811] [client 4.204.200.32:0] script '/domains/system_cancel/app.php' not found or unable to stat
[Mon Mar 02 00:19:13.157589 2026] [php:error] [pid 51811] [client 4.204.200.32:0] script '/domains/system_cancel/mamzi.php' not found or unable to stat
[Mon Mar 02 00:19:13.230288 2026] [php:error] [pid 51811] [client 4.204.200.32:0] script '/domains/system_cancel/ae.php' not found or unable to stat
[Mon Mar 02 00:19:13.456782 2026] [php:error] [pid 51811] [client 4.204.200.32:0] script '/domains/system_cancel/dsd.php' not found or unable to stat
[Mon Mar 02 00:19:13.676105 2026] [php:error] [pid 51821] [client 4.204.200.32:0] script '/domains/system_cancel/tax.php' not found or unable to stat
[Mon Mar 02 00:19:13.700164 2026] [php:error] [pid 51821] [client 4.204.200.32:0] script '/domains/system_cancel/an7.php' not found or unable to stat
[Mon Mar 02 00:19:13.724296 2026] [php:error] [pid 51821] [client 4.204.200.32:0] script '/domains/system_cancel/ty.php' not found or unable to stat
[Mon Mar 02 00:19:13.844908 2026] [php:error] [pid 51821] [client 4.204.200.32:0] script '/domains/system_cancel/myfile.php' not found or unable to stat
[Mon Mar 02 00:19:14.019545 2026] [php:error] [pid 51811] [client 4.204.200.32:0] script '/domains/system_cancel/a1vx.php' not found or unable to stat
[Mon Mar 02 00:19:14.046790 2026] [php:error] [pid 51811] [client 4.204.200.32:0] script '/domains/system_cancel/mans.php' not found or unable to stat
[Mon Mar 02 00:19:14.071012 2026] [php:error] [pid 51811] [client 4.204.200.32:0] script '/domains/system_cancel/rum.php' not found or unable to stat
[Mon Mar 02 00:19:14.199176 2026] [php:error] [pid 51811] [client 4.204.200.32:0] script '/domains/system_cancel/clasa99.php' not found or unable to stat
[Mon Mar 02 00:19:14.295951 2026] [php:error] [pid 51811] [client 4.204.200.32:0] script '/domains/system_cancel/new4.php' not found or unable to stat
[Mon Mar 02 00:19:14.368735 2026] [php:error] [pid 51811] [client 4.204.200.32:0] script '/domains/system_cancel/co.php' not found or unable to stat
[Mon Mar 02 00:19:14.392749 2026] [php:error] [pid 51811] [client 4.204.200.32:0] script '/domains/system_cancel/cxc.php' not found or unable to stat
[Mon Mar 02 00:19:14.466657 2026] [php:error] [pid 51811] [client 4.204.200.32:0] script '/domains/system_cancel/ex.php' not found or unable to stat
[Mon Mar 02 00:19:14.636166 2026] [php:error] [pid 51811] [client 4.204.200.32:0] script '/domains/system_cancel/x7.php' not found or unable to stat
[Mon Mar 02 00:19:14.904444 2026] [php:error] [pid 51811] [client 4.204.200.32:0] script '/domains/system_cancel/c4.php' not found or unable to stat
[Mon Mar 02 00:19:14.929744 2026] [php:error] [pid 51811] [client 4.204.200.32:0] script '/domains/system_cancel/eauu.php' not found or unable to stat
[Mon Mar 02 00:19:15.059718 2026] [php:error] [pid 51811] [client 4.204.200.32:0] script '/domains/system_cancel/nzv.php' not found or unable to stat
[Mon Mar 02 00:19:15.180474 2026] [php:error] [pid 51821] [client 4.204.200.32:0] script '/domains/system_cancel/nhr.php' not found or unable to stat
[Mon Mar 02 00:19:15.397706 2026] [php:error] [pid 51811] [client 4.204.200.32:0] script '/domains/system_cancel/hello.php' not found or unable to stat
[Mon Mar 02 00:19:15.673679 2026] [php:error] [pid 51811] [client 4.204.200.32:0] script '/domains/system_cancel/iko.php' not found or unable to stat
[Mon Mar 02 00:19:15.727628 2026] [php:error] [pid 51822] [client 4.204.200.32:0] script '/domains/system_cancel/xmy.php' not found or unable to stat
[Mon Mar 02 00:19:15.808132 2026] [php:error] [pid 51822] [client 4.204.200.32:0] script '/domains/system_cancel/end.php' not found or unable to stat
[Mon Mar 02 00:19:15.834653 2026] [php:error] [pid 51822] [client 4.204.200.32:0] script '/domains/system_cancel/ah25.php' not found or unable to stat
[Mon Mar 02 00:19:15.915209 2026] [php:error] [pid 51822] [client 4.204.200.32:0] script '/domains/system_cancel/error1.php' not found or unable to stat
[Mon Mar 02 00:19:15.941564 2026] [php:error] [pid 51822] [client 4.204.200.32:0] script '/domains/system_cancel/thui.php' not found or unable to stat
[Mon Mar 02 00:19:16.184794 2026] [php:error] [pid 51822] [client 4.204.200.32:0] script '/domains/system_cancel/rpk.php' not found or unable to stat
[Mon Mar 02 00:19:16.211433 2026] [php:error] [pid 51822] [client 4.204.200.32:0] script '/domains/system_cancel/ms.php' not found or unable to stat
[Mon Mar 02 00:19:16.291840 2026] [php:error] [pid 51822] [client 4.204.200.32:0] script '/domains/system_cancel/e.php' not found or unable to stat
[Mon Mar 02 00:19:16.426831 2026] [php:error] [pid 51822] [client 4.204.200.32:0] script '/domains/system_cancel/ccou.php' not found or unable to stat
[Mon Mar 02 00:19:16.560541 2026] [php:error] [pid 51822] [client 4.204.200.32:0] script '/domains/system_cancel/ms.php' not found or unable to stat
[Mon Mar 02 00:19:16.642648 2026] [php:error] [pid 51822] [client 4.204.200.32:0] script '/domains/system_cancel/raw.php' not found or unable to stat
[Mon Mar 02 00:19:16.669306 2026] [php:error] [pid 51822] [client 4.204.200.32:0] script '/domains/system_cancel/mini.php' not found or unable to stat
[Mon Mar 02 00:19:16.698314 2026] [php:error] [pid 51822] [client 4.204.200.32:0] script '/domains/system_cancel/rtx.php' not found or unable to stat
[Mon Mar 02 00:19:16.725066 2026] [php:error] [pid 51822] [client 4.204.200.32:0] script '/domains/system_cancel/xda.php' not found or unable to stat
[Mon Mar 02 00:19:16.752840 2026] [php:error] [pid 51822] [client 4.204.200.32:0] script '/domains/system_cancel/erty.php' not found or unable to stat
[Mon Mar 02 00:19:16.843084 2026] [php:error] [pid 51822] [client 4.204.200.32:0] script '/domains/system_cancel/moon.php' not found or unable to stat
[Mon Mar 02 00:19:17.261653 2026] [php:error] [pid 51822] [client 4.204.200.32:0] script '/domains/system_cancel/cu.php' not found or unable to stat
[Mon Mar 02 00:19:17.343271 2026] [php:error] [pid 51822] [client 4.204.200.32:0] script '/domains/system_cancel/xqq.php' not found or unable to stat
[Mon Mar 02 00:19:17.425214 2026] [php:error] [pid 51822] [client 4.204.200.32:0] script '/domains/system_cancel/ms-edit.php' not found or unable to stat
[Mon Mar 02 00:19:29.764840 2026] [php:error] [pid 51827] [client 35.247.243.255:0] script '/domains/cccweb/adminer-5.0.6-mysql.php' not found or unable to stat
[Mon Mar 02 00:19:34.145901 2026] [php:error] [pid 51829] [client 185.251.19.148:0] script '/domains/ecernstelectric/xmlrpc.php' not found or unable to stat
[Mon Mar 02 00:19:43.603664 2026] [php:error] [pid 51831] [client 35.247.243.240:0] script '/domains/cccweb/adminer.php' not found or unable to stat
[Mon Mar 02 00:19:45.443668 2026] [php:error] [pid 51818] [client 35.247.243.240:0] script '/domains/cccweb/adminer-5.1.1-mysql-en.php' not found or unable to stat
[Mon Mar 02 00:19:48.587706 2026] [php:error] [pid 51818] [client 35.247.243.245:0] script '/domains/cccweb/adminer-5.0.0-mysql-en.php' not found or unable to stat
[Mon Mar 02 00:19:53.356906 2026] [php:error] [pid 51793] [client 20.214.137.177:0] script '/domains/brenties/wp-trackback.php' not found or unable to stat
[Mon Mar 02 00:19:53.482342 2026] [php:error] [pid 51827] [client 20.78.129.228:0] script '/domains/brigadeweb/admin.php' not found or unable to stat
[Mon Mar 02 00:19:53.546786 2026] [php:error] [pid 51793] [client 20.214.137.177:0] script '/domains/brenties/about.php' not found or unable to stat
[Mon Mar 02 00:19:53.737912 2026] [php:error] [pid 51793] [client 20.214.137.177:0] script '/domains/brenties/file.php' not found or unable to stat
[Mon Mar 02 00:19:53.833755 2026] [php:error] [pid 51827] [client 20.78.129.228:0] script '/domains/brigadeweb/f.php' not found or unable to stat
[Mon Mar 02 00:19:53.956519 2026] [php:error] [pid 51793] [client 20.214.137.177:0] script '/domains/brenties/wp-good.php' not found or unable to stat
[Mon Mar 02 00:19:54.147224 2026] [php:error] [pid 51793] [client 20.214.137.177:0] script '/domains/brenties/xmlrpc.php' not found or unable to stat
[Mon Mar 02 00:19:54.170406 2026] [php:error] [pid 51827] [client 20.78.129.228:0] script '/domains/brigadeweb/adminfuns.php' not found or unable to stat
[Mon Mar 02 00:19:54.337786 2026] [php:error] [pid 51793] [client 20.214.137.177:0] script '/domains/brenties/goods.php' not found or unable to stat
[Mon Mar 02 00:19:54.527808 2026] [php:error] [pid 51793] [client 20.214.137.177:0] script '/domains/brenties/ioxi-o.php' not found or unable to stat
[Mon Mar 02 00:19:54.674747 2026] [php:error] [pid 51827] [client 20.78.129.228:0] script '/domains/brigadeweb/classwithtostring.php' not found or unable to stat
[Mon Mar 02 00:19:54.717968 2026] [php:error] [pid 51793] [client 20.214.137.177:0] script '/domains/brenties/class-t.api.php' not found or unable to stat
[Mon Mar 02 00:19:54.842327 2026] [php:error] [pid 51827] [client 20.78.129.228:0] script '/domains/brigadeweb/sf.php' not found or unable to stat
[Mon Mar 02 00:19:54.937527 2026] [php:error] [pid 51793] [client 20.214.137.177:0] script '/domains/brenties/admin.php' not found or unable to stat
[Mon Mar 02 00:19:55.010006 2026] [php:error] [pid 51827] [client 20.78.129.228:0] script '/domains/brigadeweb/bgymj.php' not found or unable to stat
[Mon Mar 02 00:19:55.128607 2026] [php:error] [pid 51793] [client 20.214.137.177:0] script '/domains/brenties/sf.php' not found or unable to stat
[Mon Mar 02 00:19:55.192707 2026] [php:error] [pid 51827] [client 20.78.129.228:0] script '/domains/brigadeweb/wp.php' not found or unable to stat
[Mon Mar 02 00:19:55.318885 2026] [php:error] [pid 51793] [client 20.214.137.177:0] script '/domains/brenties/rip.php' not found or unable to stat
[Mon Mar 02 00:19:55.509842 2026] [php:error] [pid 51793] [client 20.214.137.177:0] script '/domains/brenties/autoload_classmap.php' not found or unable to stat
[Mon Mar 02 00:19:55.695400 2026] [php:error] [pid 51827] [client 20.78.129.228:0] script '/domains/brigadeweb/ms-edit.php' not found or unable to stat
[Mon Mar 02 00:19:55.699834 2026] [php:error] [pid 51793] [client 20.214.137.177:0] script '/domains/brenties/chosen.php' not found or unable to stat
[Mon Mar 02 00:19:55.889737 2026] [php:error] [pid 51793] [client 20.214.137.177:0] script '/domains/brenties/classwithtostring.php' not found or unable to stat
[Mon Mar 02 00:19:56.032931 2026] [php:error] [pid 51827] [client 20.78.129.228:0] script '/domains/brigadeweb/wp-file.php' not found or unable to stat
[Mon Mar 02 00:19:56.079775 2026] [php:error] [pid 51793] [client 20.214.137.177:0] script '/domains/brenties/defaults.php' not found or unable to stat
[Mon Mar 02 00:19:56.200936 2026] [php:error] [pid 51827] [client 20.78.129.228:0] script '/domains/brigadeweb/about.php' not found or unable to stat
[Mon Mar 02 00:19:56.368703 2026] [php:error] [pid 51827] [client 20.78.129.228:0] script '/domains/brigadeweb/as.php' not found or unable to stat
[Mon Mar 02 00:19:56.536349 2026] [php:error] [pid 51827] [client 20.78.129.228:0] script '/domains/brigadeweb/bolt.php' not found or unable to stat
[Mon Mar 02 00:19:56.703987 2026] [php:error] [pid 51827] [client 20.78.129.228:0] script '/domains/brigadeweb/class-t.api.php' not found or unable to stat
[Mon Mar 02 00:19:57.030985 2026] [php:error] [pid 51793] [client 20.214.137.177:0] script '/domains/brenties/info.php' not found or unable to stat
[Mon Mar 02 00:19:57.373959 2026] [php:error] [pid 51827] [client 20.78.129.228:0] script '/domains/brigadeweb/abcd.php' not found or unable to stat
[Mon Mar 02 00:19:57.710490 2026] [php:error] [pid 51827] [client 20.78.129.228:0] script '/domains/brigadeweb/ioxi-o.php' not found or unable to stat
[Mon Mar 02 00:19:57.878801 2026] [php:error] [pid 51827] [client 20.78.129.228:0] script '/domains/brigadeweb/jga.php' not found or unable to stat
[Mon Mar 02 00:19:58.054895 2026] [php:error] [pid 51827] [client 20.78.129.228:0] script '/domains/brigadeweb/wp-cron.php' not found or unable to stat
[Mon Mar 02 00:19:58.387283 2026] [php:error] [pid 51793] [client 20.214.137.177:0] script '/domains/brenties/adminfuns.php' not found or unable to stat
[Mon Mar 02 00:19:58.559090 2026] [php:error] [pid 51827] [client 20.78.129.228:0] script '/domains/brigadeweb/file.php' not found or unable to stat
[Mon Mar 02 00:19:58.746430 2026] [php:error] [pid 51827] [client 20.78.129.228:0] script '/domains/brigadeweb/wp-admin.php' not found or unable to stat
[Mon Mar 02 00:19:59.259853 2026] [php:error] [pid 51827] [client 20.78.129.228:0] script '/domains/brigadeweb/166.php' not found or unable to stat
[Mon Mar 02 00:19:59.432764 2026] [php:error] [pid 51827] [client 20.78.129.228:0] script '/domains/brigadeweb/dropdown.php' not found or unable to stat
[Mon Mar 02 00:20:00.124439 2026] [php:error] [pid 51827] [client 20.78.129.228:0] script '/domains/brigadeweb/x.php' not found or unable to stat
[Mon Mar 02 00:20:00.293106 2026] [php:error] [pid 51827] [client 20.78.129.228:0] script '/domains/brigadeweb/xmlrpc.php' not found or unable to stat
[Mon Mar 02 00:20:00.629472 2026] [php:error] [pid 51827] [client 20.78.129.228:0] script '/domains/brigadeweb/24.php' not found or unable to stat
[Mon Mar 02 00:20:00.797060 2026] [php:error] [pid 51827] [client 20.78.129.228:0] script '/domains/brigadeweb/buy.php' not found or unable to stat
[Mon Mar 02 00:20:00.964976 2026] [php:error] [pid 51827] [client 20.78.129.228:0] script '/domains/brigadeweb/test1.php' not found or unable to stat
[Mon Mar 02 00:20:02.825639 2026] [php:error] [pid 51827] [client 20.78.129.228:0] script '/domains/brigadeweb/aa.php' not found or unable to stat
[Mon Mar 02 00:20:02.993155 2026] [php:error] [pid 51827] [client 20.78.129.228:0] script '/domains/brigadeweb/bless.php' not found or unable to stat
[Mon Mar 02 00:20:03.160845 2026] [php:error] [pid 51827] [client 20.78.129.228:0] script '/domains/brigadeweb/content.php' not found or unable to stat
[Mon Mar 02 00:20:03.198541 2026] [php:error] [pid 51841] [client 104.243.245.5:0] script '/domains/memanuel/manager.php' not found or unable to stat
[Mon Mar 02 00:20:03.398703 2026] [php:error] [pid 51841] [client 104.243.245.5:0] script '/domains/memanuel/bless.php' not found or unable to stat
[Mon Mar 02 00:20:03.507351 2026] [php:error] [pid 51827] [client 20.78.129.228:0] script '/domains/brigadeweb/images/index.php' not found or unable to stat
[Mon Mar 02 00:20:03.533089 2026] [php:error] [pid 51841] [client 104.243.245.5:0] script '/domains/memanuel/O-Simple.php' not found or unable to stat
[Mon Mar 02 00:20:03.656626 2026] [php:error] [pid 51841] [client 104.243.245.5:0] script '/domains/memanuel/lock360.php' not found or unable to stat
[Mon Mar 02 00:20:03.844042 2026] [php:error] [pid 51827] [client 20.78.129.228:0] script '/domains/brigadeweb/rip.php' not found or unable to stat
[Mon Mar 02 00:20:03.854164 2026] [php:error] [pid 51841] [client 104.243.245.5:0] script '/domains/memanuel/zwso.php' not found or unable to stat
[Mon Mar 02 00:20:03.978414 2026] [php:error] [pid 51841] [client 104.243.245.5:0] script '/domains/memanuel/chosen.php' not found or unable to stat
[Mon Mar 02 00:20:04.011709 2026] [php:error] [pid 51827] [client 20.78.129.228:0] script '/domains/brigadeweb/themes.php' not found or unable to stat
[Mon Mar 02 00:20:04.134245 2026] [php:error] [pid 51841] [client 104.243.245.5:0] script '/domains/memanuel/about.php' not found or unable to stat
[Mon Mar 02 00:20:04.274864 2026] [php:error] [pid 51841] [client 104.243.245.5:0] script '/domains/memanuel/admin.php' not found or unable to stat
[Mon Mar 02 00:20:04.684805 2026] [php:error] [pid 51841] [client 104.243.245.5:0] script '/domains/memanuel/mah.php' not found or unable to stat
[Mon Mar 02 00:20:04.989354 2026] [php:error] [pid 51841] [client 104.243.245.5:0] script '/domains/memanuel/core.php' not found or unable to stat
[Mon Mar 02 00:20:05.169194 2026] [php:error] [pid 51841] [client 104.243.245.5:0] script '/domains/memanuel/robots.php' not found or unable to stat
[Mon Mar 02 00:20:05.299066 2026] [php:error] [pid 51841] [client 104.243.245.5:0] script '/domains/memanuel/inputs.php' not found or unable to stat
[Mon Mar 02 00:20:05.459653 2026] [php:error] [pid 51841] [client 104.243.245.5:0] script '/domains/memanuel/mini.php' not found or unable to stat
[Mon Mar 02 00:20:05.577694 2026] [php:error] [pid 51841] [client 104.243.245.5:0] script '/domains/memanuel/goods.php' not found or unable to stat
[Mon Mar 02 00:20:05.696107 2026] [php:error] [pid 51841] [client 104.243.245.5:0] script '/domains/memanuel/file5.php' not found or unable to stat
[Mon Mar 02 00:20:05.883382 2026] [php:error] [pid 51841] [client 104.243.245.5:0] script '/domains/memanuel/ahax.php' not found or unable to stat
[Mon Mar 02 00:20:06.088886 2026] [php:error] [pid 51841] [client 104.243.245.5:0] script '/domains/memanuel/f35.php' not found or unable to stat
[Mon Mar 02 00:20:06.210288 2026] [php:error] [pid 51841] [client 104.243.245.5:0] script '/domains/memanuel/simple.php' not found or unable to stat
[Mon Mar 02 00:20:07.507071 2026] [php:error] [pid 51841] [client 104.243.245.5:0] script '/domains/memanuel/images/upload.php' not found or unable to stat
[Mon Mar 02 00:20:09.821381 2026] [php:error] [pid 51841] [client 104.243.245.5:0] script '/domains/memanuel/classwithtostring.php' not found or unable to stat
[Mon Mar 02 00:20:10.260716 2026] [php:error] [pid 51841] [client 104.243.245.5:0] script '/domains/memanuel/tinyfilemanager.php' not found or unable to stat
[Mon Mar 02 00:20:10.776387 2026] [php:error] [pid 51841] [client 104.243.245.5:0] script '/domains/memanuel/file.php' not found or unable to stat
[Mon Mar 02 00:20:11.307611 2026] [php:error] [pid 51841] [client 104.243.245.5:0] script '/domains/memanuel/buy.php' not found or unable to stat
[Mon Mar 02 00:20:11.527389 2026] [php:error] [pid 51834] [client 20.219.8.79:0] script '/domains/drsuper/post.php' not found or unable to stat
[Mon Mar 02 00:20:11.733258 2026] [php:error] [pid 51834] [client 20.219.8.79:0] script '/domains/drsuper/1.php' not found or unable to stat
[Mon Mar 02 00:20:11.939305 2026] [php:error] [pid 51834] [client 20.219.8.79:0] script '/domains/drsuper/flower.php' not found or unable to stat
[Mon Mar 02 00:20:12.146149 2026] [php:error] [pid 51834] [client 20.219.8.79:0] script '/domains/drsuper/admin.php' not found or unable to stat
[Mon Mar 02 00:20:12.352843 2026] [php:error] [pid 51834] [client 20.219.8.79:0] script '/domains/drsuper/file.php' not found or unable to stat
[Mon Mar 02 00:20:12.558872 2026] [php:error] [pid 51834] [client 20.219.8.79:0] script '/domains/drsuper/meta.php' not found or unable to stat
[Mon Mar 02 00:20:12.764973 2026] [php:error] [pid 51834] [client 20.219.8.79:0] script '/domains/drsuper/index.php' not found or unable to stat
[Mon Mar 02 00:20:12.990567 2026] [php:error] [pid 51834] [client 20.219.8.79:0] script '/domains/drsuper/about.php' not found or unable to stat
[Mon Mar 02 00:20:13.120776 2026] [php:error] [pid 51793] [client 35.247.243.244:0] script '/domains/cccweb/adminer-5.0.5-mysql-en.php' not found or unable to stat
[Mon Mar 02 00:20:13.214333 2026] [php:error] [pid 51834] [client 20.219.8.79:0] script '/domains/drsuper/randkeyword.php' not found or unable to stat
[Mon Mar 02 00:20:13.435973 2026] [php:error] [pid 51834] [client 20.219.8.79:0] script '/domains/drsuper/hehe.php' not found or unable to stat
[Mon Mar 02 00:20:13.475269 2026] [php:error] [pid 51827] [client 34.96.162.63:0] script '/domains/cccweb/adminer-5.0.1-mysql.php' not found or unable to stat
[Mon Mar 02 00:20:13.667171 2026] [php:error] [pid 51834] [client 20.219.8.79:0] script '/domains/drsuper/yindu.php' not found or unable to stat
[Mon Mar 02 00:20:13.848891 2026] [php:error] [pid 51841] [client 104.243.245.5:0] script '/domains/memanuel/inc.php' not found or unable to stat
[Mon Mar 02 00:20:14.233177 2026] [php:error] [pid 51841] [client 104.243.245.5:0] script '/domains/memanuel/filemanager.php' not found or unable to stat
[Mon Mar 02 00:20:14.317754 2026] [php:error] [pid 51834] [client 20.219.8.79:0] script '/domains/drsuper/baxa1.php' not found or unable to stat
[Mon Mar 02 00:20:15.091357 2026] [php:error] [pid 51841] [client 104.243.245.5:0] script '/domains/memanuel/function.php' not found or unable to stat
[Mon Mar 02 00:20:15.339242 2026] [php:error] [pid 51841] [client 104.243.245.5:0] script '/domains/memanuel/wp-signup.php' not found or unable to stat
[Mon Mar 02 00:20:15.765477 2026] [php:error] [pid 51841] [client 104.243.245.5:0] script '/domains/memanuel/wp-blog.php' not found or unable to stat
[Mon Mar 02 00:20:16.262823 2026] [php:error] [pid 51842] [client 35.247.243.254:0] script '/domains/cccweb/adminer-5.0.4.php' not found or unable to stat
[Mon Mar 02 00:20:16.769536 2026] [php:error] [pid 51841] [client 104.243.245.5:0] script '/domains/memanuel/wp-l0gin.php' not found or unable to stat
[Mon Mar 02 00:20:17.094492 2026] [php:error] [pid 51841] [client 104.243.245.5:0] script '/domains/memanuel/new.php' not found or unable to stat
[Mon Mar 02 00:20:17.556431 2026] [php:error] [pid 51841] [client 104.243.245.5:0] script '/domains/memanuel/images/DJP9.php' not found or unable to stat
[Mon Mar 02 00:20:17.858131 2026] [php:error] [pid 51834] [client 20.219.8.79:0] script '/domains/drsuper/user.php' not found or unable to stat
[Mon Mar 02 00:20:18.063821 2026] [php:error] [pid 51834] [client 20.219.8.79:0] script '/domains/drsuper/wp-2019.php' not found or unable to stat
[Mon Mar 02 00:20:18.073518 2026] [php:error] [pid 51841] [client 104.243.245.5:0] script '/domains/memanuel/natural.php' not found or unable to stat
[Mon Mar 02 00:20:18.249188 2026] [php:error] [pid 51841] [client 104.243.245.5:0] script '/domains/memanuel/item.php' not found or unable to stat
[Mon Mar 02 00:20:18.286697 2026] [php:error] [pid 51834] [client 20.219.8.79:0] script '/domains/drsuper/chosen.php' not found or unable to stat
[Mon Mar 02 00:20:18.504420 2026] [php:error] [pid 51834] [client 20.219.8.79:0] script '/domains/drsuper/functions.php' not found or unable to stat
[Mon Mar 02 00:20:18.730598 2026] [php:error] [pid 51834] [client 20.219.8.79:0] script '/domains/drsuper/cron.php' not found or unable to stat
[Mon Mar 02 00:20:18.938495 2026] [php:error] [pid 51834] [client 20.219.8.79:0] script '/domains/drsuper/edit.php' not found or unable to stat
[Mon Mar 02 00:20:19.168479 2026] [php:error] [pid 51834] [client 20.219.8.79:0] script '/domains/drsuper/gecko-new.php' not found or unable to stat
[Mon Mar 02 00:20:19.393443 2026] [php:error] [pid 51834] [client 20.219.8.79:0] script '/domains/drsuper/cookie.php' not found or unable to stat
[Mon Mar 02 00:20:19.617222 2026] [php:error] [pid 51834] [client 20.219.8.79:0] script '/domains/drsuper/xleet.php' not found or unable to stat
[Mon Mar 02 00:20:19.829285 2026] [php:error] [pid 51834] [client 20.219.8.79:0] script '/domains/drsuper/spip.php' not found or unable to stat
[Mon Mar 02 00:20:20.049933 2026] [php:error] [pid 51834] [client 20.219.8.79:0] script '/domains/drsuper/22.php' not found or unable to stat
[Mon Mar 02 00:20:20.162319 2026] [php:error] [pid 51827] [client 104.243.245.5:0] script '/domains/memanuel/default.php' not found or unable to stat
[Mon Mar 02 00:20:20.256981 2026] [php:error] [pid 51834] [client 20.219.8.79:0] script '/domains/drsuper/room.php' not found or unable to stat
[Mon Mar 02 00:20:20.901435 2026] [php:error] [pid 51834] [client 20.219.8.79:0] script '/domains/drsuper/disagreed.php' not found or unable to stat
[Mon Mar 02 00:20:21.107200 2026] [php:error] [pid 51834] [client 20.219.8.79:0] script '/domains/drsuper/text.php' not found or unable to stat
[Mon Mar 02 00:20:21.216395 2026] [php:error] [pid 51827] [client 104.243.245.5:0] script '/domains/memanuel/dropdown.php' not found or unable to stat
[Mon Mar 02 00:20:21.336860 2026] [php:error] [pid 51834] [client 20.219.8.79:0] script '/domains/drsuper/alfa-rex.php' not found or unable to stat
[Mon Mar 02 00:20:21.412819 2026] [php:error] [pid 51844] [client 40.80.89.74:0] script '/domains/micra/wp-trackback.php' not found or unable to stat
[Mon Mar 02 00:20:21.414185 2026] [php:error] [pid 51827] [client 104.243.245.5:0] script '/domains/memanuel/images/admin.php' not found or unable to stat
[Mon Mar 02 00:20:21.538560 2026] [php:error] [pid 51827] [client 104.243.245.5:0] script '/domains/memanuel/db.php' not found or unable to stat
[Mon Mar 02 00:20:21.616944 2026] [php:error] [pid 51844] [client 40.80.89.74:0] script '/domains/micra/about.php' not found or unable to stat
[Mon Mar 02 00:20:21.759413 2026] [php:error] [pid 51834] [client 20.219.8.79:0] script '/domains/drsuper/feeds.php' not found or unable to stat
[Mon Mar 02 00:20:21.820896 2026] [php:error] [pid 51844] [client 40.80.89.74:0] script '/domains/micra/file.php' not found or unable to stat
[Mon Mar 02 00:20:21.965396 2026] [php:error] [pid 51834] [client 20.219.8.79:0] script '/domains/drsuper/radio.php' not found or unable to stat
[Mon Mar 02 00:20:22.023931 2026] [php:error] [pid 51844] [client 40.80.89.74:0] script '/domains/micra/wp-good.php' not found or unable to stat
[Mon Mar 02 00:20:22.173872 2026] [php:error] [pid 51834] [client 20.219.8.79:0] script '/domains/drsuper/dropdown.php' not found or unable to stat
[Mon Mar 02 00:20:22.267433 2026] [php:error] [pid 51844] [client 40.80.89.74:0] script '/domains/micra/xmlrpc.php' not found or unable to stat
[Mon Mar 02 00:20:22.395172 2026] [php:error] [pid 51834] [client 20.219.8.79:0] script '/domains/drsuper/defaults.php' not found or unable to stat
[Mon Mar 02 00:20:22.470202 2026] [php:error] [pid 51844] [client 40.80.89.74:0] script '/domains/micra/goods.php' not found or unable to stat
[Mon Mar 02 00:20:22.622529 2026] [php:error] [pid 51834] [client 20.219.8.79:0] script '/domains/drsuper/system.php' not found or unable to stat
[Mon Mar 02 00:20:22.672880 2026] [php:error] [pid 51844] [client 40.80.89.74:0] script '/domains/micra/ioxi-o.php' not found or unable to stat
[Mon Mar 02 00:20:22.828623 2026] [php:error] [pid 51834] [client 20.219.8.79:0] script '/domains/drsuper/xmlrpc.php' not found or unable to stat
[Mon Mar 02 00:20:22.886758 2026] [php:error] [pid 51844] [client 40.80.89.74:0] script '/domains/micra/class-t.api.php' not found or unable to stat
[Mon Mar 02 00:20:23.091024 2026] [php:error] [pid 51844] [client 40.80.89.74:0] script '/domains/micra/admin.php' not found or unable to stat
[Mon Mar 02 00:20:23.113727 2026] [php:error] [pid 51827] [client 104.243.245.5:0] script '/domains/memanuel/install.php' not found or unable to stat
[Mon Mar 02 00:20:23.242966 2026] [php:error] [pid 51834] [client 20.219.8.79:0] script '/domains/drsuper/colors.php' not found or unable to stat
[Mon Mar 02 00:20:23.294691 2026] [php:error] [pid 51844] [client 40.80.89.74:0] script '/domains/micra/sf.php' not found or unable to stat
[Mon Mar 02 00:20:23.420141 2026] [php:error] [pid 51827] [client 104.243.245.5:0] script '/domains/memanuel/images/class-config.php' not found or unable to stat
[Mon Mar 02 00:20:23.448525 2026] [php:error] [pid 51834] [client 20.219.8.79:0] script '/domains/drsuper/updates.php' not found or unable to stat
[Mon Mar 02 00:20:23.498010 2026] [php:error] [pid 51844] [client 40.80.89.74:0] script '/domains/micra/rip.php' not found or unable to stat
[Mon Mar 02 00:20:23.654322 2026] [php:error] [pid 51834] [client 20.219.8.79:0] script '/domains/drsuper/alfa-rex1.php' not found or unable to stat
[Mon Mar 02 00:20:23.700916 2026] [php:error] [pid 51844] [client 40.80.89.74:0] script '/domains/micra/autoload_classmap.php' not found or unable to stat
[Mon Mar 02 00:20:23.860241 2026] [php:error] [pid 51834] [client 20.219.8.79:0] script '/domains/drsuper/wp-index.php' not found or unable to stat
[Mon Mar 02 00:20:23.903656 2026] [php:error] [pid 51844] [client 40.80.89.74:0] script '/domains/micra/chosen.php' not found or unable to stat
[Mon Mar 02 00:20:23.931934 2026] [php:error] [pid 51827] [client 104.243.245.5:0] script '/domains/memanuel/bypass.php' not found or unable to stat
[Mon Mar 02 00:20:24.065751 2026] [php:error] [pid 51834] [client 20.219.8.79:0] script '/domains/drsuper/wp-admin.php' not found or unable to stat
[Mon Mar 02 00:20:24.083016 2026] [php:error] [pid 51827] [client 104.243.245.5:0] script '/domains/memanuel/class.php' not found or unable to stat
[Mon Mar 02 00:20:24.106525 2026] [php:error] [pid 51844] [client 40.80.89.74:0] script '/domains/micra/classwithtostring.php' not found or unable to stat
[Mon Mar 02 00:20:24.277360 2026] [php:error] [pid 51834] [client 20.219.8.79:0] script '/domains/drsuper/alfa.php' not found or unable to stat
[Mon Mar 02 00:20:24.309170 2026] [php:error] [pid 51844] [client 40.80.89.74:0] script '/domains/micra/defaults.php' not found or unable to stat
[Mon Mar 02 00:20:24.696617 2026] [php:error] [pid 51834] [client 20.219.8.79:0] script '/domains/drsuper/locale.php' not found or unable to stat
[Mon Mar 02 00:20:24.919630 2026] [php:error] [pid 51834] [client 20.219.8.79:0] script '/domains/drsuper/wxo.php' not found or unable to stat
[Mon Mar 02 00:20:25.150957 2026] [php:error] [pid 51834] [client 20.219.8.79:0] script '/domains/drsuper/colour.php' not found or unable to stat
[Mon Mar 02 00:20:25.157600 2026] [php:error] [pid 51827] [client 104.243.245.5:0] script '/domains/memanuel/init.php' not found or unable to stat
[Mon Mar 02 00:20:25.323131 2026] [php:error] [pid 51844] [client 40.80.89.74:0] script '/domains/micra/info.php' not found or unable to stat
[Mon Mar 02 00:20:25.385865 2026] [php:error] [pid 51834] [client 20.219.8.79:0] script '/domains/drsuper/files.php' not found or unable to stat
[Mon Mar 02 00:20:25.613974 2026] [php:error] [pid 51834] [client 20.219.8.79:0] script '/domains/drsuper/install.php' not found or unable to stat
[Mon Mar 02 00:20:25.820082 2026] [php:error] [pid 51834] [client 20.219.8.79:0] script '/domains/drsuper/wp-contentt.php' not found or unable to stat
[Mon Mar 02 00:20:26.234086 2026] [php:error] [pid 51834] [client 20.219.8.79:0] script '/domains/drsuper/config.php' not found or unable to stat
[Mon Mar 02 00:20:26.441591 2026] [php:error] [pid 51834] [client 20.219.8.79:0] script '/domains/drsuper/theme.php' not found or unable to stat
[Mon Mar 02 00:20:26.627489 2026] [php:error] [pid 51827] [client 104.243.245.5:0] script '/domains/memanuel/adminfuns.php' not found or unable to stat
[Mon Mar 02 00:20:26.647922 2026] [php:error] [pid 51834] [client 20.219.8.79:0] script '/domains/drsuper/block-bindings.php' not found or unable to stat
[Mon Mar 02 00:20:26.766997 2026] [php:error] [pid 51844] [client 40.80.89.74:0] script '/domains/micra/adminfuns.php' not found or unable to stat
[Mon Mar 02 00:20:26.853562 2026] [php:error] [pid 51834] [client 20.219.8.79:0] script '/domains/drsuper/class_api.php' not found or unable to stat
[Mon Mar 02 00:20:26.876507 2026] [php:error] [pid 51827] [client 104.243.245.5:0] script '/domains/memanuel/wp_wlx.php' not found or unable to stat
[Mon Mar 02 00:20:27.061911 2026] [php:error] [pid 51834] [client 20.219.8.79:0] script '/domains/drsuper/inputs.php' not found or unable to stat
[Mon Mar 02 00:20:27.290086 2026] [php:error] [pid 51834] [client 20.219.8.79:0] script '/domains/drsuper/root.php' not found or unable to stat
