[Mon Mar 02 01:01:39.568345 2026] [php:error] [pid 52355] [client 20.89.41.34:0] script '/domains/aatweb/x.php' not found or unable to stat
[Mon Mar 02 01:01:39.617673 2026] [php:error] [pid 52360] [client 4.204.200.32:0] script '/domains/efusion1/155.php' not found or unable to stat
[Mon Mar 02 01:01:39.865830 2026] [php:error] [pid 52360] [client 4.204.200.32:0] script '/domains/efusion1/e.php' not found or unable to stat
[Mon Mar 02 01:01:39.892458 2026] [php:error] [pid 52360] [client 4.204.200.32:0] script '/domains/efusion1/forbidals.php' not found or unable to stat
[Mon Mar 02 01:01:40.056482 2026] [php:error] [pid 52360] [client 4.204.200.32:0] script '/domains/efusion1/X7x.php' not found or unable to stat
[Mon Mar 02 01:01:40.082967 2026] [php:error] [pid 52360] [client 4.204.200.32:0] script '/domains/efusion1/ccou.php' not found or unable to stat
[Mon Mar 02 01:01:40.110219 2026] [php:error] [pid 52360] [client 4.204.200.32:0] script '/domains/efusion1/get.php' not found or unable to stat
[Mon Mar 02 01:01:40.212880 2026] [php:error] [pid 52360] [client 4.204.200.32:0] script '/domains/efusion1/koiy.php' not found or unable to stat
[Mon Mar 02 01:01:40.239866 2026] [php:error] [pid 52360] [client 4.204.200.32:0] script '/domains/efusion1/ms.php' not found or unable to stat
[Mon Mar 02 01:01:40.266211 2026] [php:error] [pid 52360] [client 4.204.200.32:0] script '/domains/efusion1/plugins.php' not found or unable to stat
[Mon Mar 02 01:01:40.293162 2026] [php:error] [pid 52360] [client 4.204.200.32:0] script '/domains/efusion1/raw.php' not found or unable to stat
[Mon Mar 02 01:01:40.319742 2026] [php:error] [pid 52360] [client 4.204.200.32:0] script '/domains/efusion1/mini.php' not found or unable to stat
[Mon Mar 02 01:01:40.346102 2026] [php:error] [pid 52360] [client 4.204.200.32:0] script '/domains/efusion1/rtx.php' not found or unable to stat
[Mon Mar 02 01:01:40.443047 2026] [php:error] [pid 52360] [client 4.204.200.32:0] script '/domains/efusion1/xda.php' not found or unable to stat
[Mon Mar 02 01:01:40.489644 2026] [php:error] [pid 52360] [client 4.204.200.32:0] script '/domains/efusion1/erty.php' not found or unable to stat
[Mon Mar 02 01:01:40.661195 2026] [php:error] [pid 52360] [client 4.204.200.32:0] script '/domains/efusion1/0.php' not found or unable to stat
[Mon Mar 02 01:01:40.704931 2026] [php:error] [pid 52360] [client 4.204.200.32:0] script '/domains/efusion1/moon.php' not found or unable to stat
[Mon Mar 02 01:01:40.731269 2026] [php:error] [pid 52360] [client 4.204.200.32:0] script '/domains/efusion1/8.php' not found or unable to stat
[Mon Mar 02 01:01:40.758005 2026] [php:error] [pid 52360] [client 4.204.200.32:0] script '/domains/efusion1/gec.php' not found or unable to stat
[Mon Mar 02 01:01:40.785370 2026] [php:error] [pid 52360] [client 4.204.200.32:0] script '/domains/efusion1/sxdfrt.php' not found or unable to stat
[Mon Mar 02 01:01:40.813825 2026] [php:error] [pid 52360] [client 4.204.200.32:0] script '/domains/efusion1/kj.php' not found or unable to stat
[Mon Mar 02 01:01:40.840578 2026] [php:error] [pid 52360] [client 4.204.200.32:0] script '/domains/efusion1/f6.php' not found or unable to stat
[Mon Mar 02 01:01:40.872479 2026] [php:error] [pid 52360] [client 4.204.200.32:0] script '/domains/efusion1/ocxla.php' not found or unable to stat
[Mon Mar 02 01:01:40.912565 2026] [php:error] [pid 52360] [client 4.204.200.32:0] script '/domains/efusion1/god.php' not found or unable to stat
[Mon Mar 02 01:01:41.009747 2026] [php:error] [pid 52360] [client 4.204.200.32:0] script '/domains/efusion1/cu.php' not found or unable to stat
[Mon Mar 02 01:01:41.037598 2026] [php:error] [pid 52360] [client 4.204.200.32:0] script '/domains/efusion1/zz.php' not found or unable to stat
[Mon Mar 02 01:01:41.150696 2026] [php:error] [pid 52360] [client 4.204.200.32:0] script '/domains/efusion1/xqq.php' not found or unable to stat
[Mon Mar 02 01:01:41.215835 2026] [php:error] [pid 52360] [client 4.204.200.32:0] script '/domains/efusion1/sdsa.php' not found or unable to stat
[Mon Mar 02 01:01:41.242776 2026] [php:error] [pid 52360] [client 4.204.200.32:0] script '/domains/efusion1/ms-edit.php' not found or unable to stat
[Mon Mar 02 01:01:41.269188 2026] [php:error] [pid 52360] [client 4.204.200.32:0] script '/domains/efusion1/wp-conflg.php' not found or unable to stat
[Mon Mar 02 01:01:41.333096 2026] [php:error] [pid 52360] [client 4.204.200.32:0] script '/domains/efusion1/un.php' not found or unable to stat
[Mon Mar 02 01:01:41.493083 2026] [php:error] [pid 52360] [client 4.204.200.32:0] script '/domains/efusion1/100.kb.php' not found or unable to stat
[Mon Mar 02 01:01:41.613574 2026] [php:error] [pid 52360] [client 4.204.200.32:0] script '/domains/efusion1/sid3.php' not found or unable to stat
[Mon Mar 02 01:01:49.207423 2026] [php:error] [pid 52358] [client 4.193.177.110:0] script '/domains/system_suspended/inputs.php' not found or unable to stat
[Mon Mar 02 01:01:49.438838 2026] [php:error] [pid 52358] [client 4.193.177.110:0] script '/domains/system_suspended/ioxi-o.php' not found or unable to stat
[Mon Mar 02 01:01:49.902752 2026] [php:error] [pid 52358] [client 4.193.177.110:0] script '/domains/system_suspended/rip.php' not found or unable to stat
[Mon Mar 02 01:01:50.156197 2026] [php:error] [pid 52358] [client 4.193.177.110:0] script '/domains/system_suspended/admin.php' not found or unable to stat
[Mon Mar 02 01:01:50.632785 2026] [php:error] [pid 52358] [client 4.193.177.110:0] script '/domains/system_suspended/cache.php' not found or unable to stat
[Mon Mar 02 01:01:50.765999 2026] [php:error] [pid 52368] [client 20.89.241.129:0] script '/domains/byardrealestate/222.php' not found or unable to stat
[Mon Mar 02 01:01:50.864163 2026] [php:error] [pid 52358] [client 4.193.177.110:0] script '/domains/system_suspended/themes.php' not found or unable to stat
[Mon Mar 02 01:01:50.934476 2026] [php:error] [pid 52368] [client 20.89.241.129:0] script '/domains/byardrealestate/404.php' not found or unable to stat
[Mon Mar 02 01:01:51.096038 2026] [php:error] [pid 52358] [client 4.193.177.110:0] script '/domains/system_suspended/an.php' not found or unable to stat
[Mon Mar 02 01:01:51.102912 2026] [php:error] [pid 52368] [client 20.89.241.129:0] script '/domains/byardrealestate/about.php' not found or unable to stat
[Mon Mar 02 01:01:51.286840 2026] [php:error] [pid 52368] [client 20.89.241.129:0] script '/domains/byardrealestate/admin.php' not found or unable to stat
[Mon Mar 02 01:01:51.455785 2026] [php:error] [pid 52368] [client 20.89.241.129:0] script '/domains/byardrealestate/adminfuns.php' not found or unable to stat
[Mon Mar 02 01:01:51.624233 2026] [php:error] [pid 52368] [client 20.89.241.129:0] script '/domains/byardrealestate/bless.php' not found or unable to stat
[Mon Mar 02 01:01:51.789459 2026] [php:error] [pid 52358] [client 4.193.177.110:0] script '/domains/system_suspended/ws.php' not found or unable to stat
[Mon Mar 02 01:01:51.792743 2026] [php:error] [pid 52368] [client 20.89.241.129:0] script '/domains/byardrealestate/bolt.php' not found or unable to stat
[Mon Mar 02 01:01:51.962354 2026] [php:error] [pid 52368] [client 20.89.241.129:0] script '/domains/byardrealestate/ccou.php' not found or unable to stat
[Mon Mar 02 01:01:52.056280 2026] [php:error] [pid 52358] [client 4.193.177.110:0] script '/domains/system_suspended/404.php' not found or unable to stat
[Mon Mar 02 01:01:52.144918 2026] [php:error] [pid 52368] [client 20.89.241.129:0] script '/domains/byardrealestate/class-t.api.php' not found or unable to stat
[Mon Mar 02 01:01:52.314633 2026] [php:error] [pid 52368] [client 20.89.241.129:0] script '/domains/byardrealestate/css.php' not found or unable to stat
[Mon Mar 02 01:01:52.581283 2026] [php:error] [pid 52358] [client 4.193.177.110:0] script '/domains/system_suspended/wp-conf.php' not found or unable to stat
[Mon Mar 02 01:01:52.652823 2026] [php:error] [pid 52368] [client 20.89.241.129:0] script '/domains/byardrealestate/edit.php' not found or unable to stat
[Mon Mar 02 01:01:52.823040 2026] [php:error] [pid 52368] [client 20.89.241.129:0] script '/domains/byardrealestate/fff.php' not found or unable to stat
[Mon Mar 02 01:01:52.991991 2026] [php:error] [pid 52368] [client 20.89.241.129:0] script '/domains/byardrealestate/file.php' not found or unable to stat
[Mon Mar 02 01:01:53.066305 2026] [php:error] [pid 52358] [client 4.193.177.110:0] script '/domains/system_suspended/wp-login.php' not found or unable to stat
[Mon Mar 02 01:01:53.160856 2026] [php:error] [pid 52368] [client 20.89.241.129:0] script '/domains/byardrealestate/fx.php' not found or unable to stat
[Mon Mar 02 01:01:53.297343 2026] [php:error] [pid 52358] [client 4.193.177.110:0] script '/domains/system_suspended/abc.php' not found or unable to stat
[Mon Mar 02 01:01:53.352993 2026] [php:error] [pid 52368] [client 20.89.241.129:0] script '/domains/byardrealestate/info.php' not found or unable to stat
[Mon Mar 02 01:01:53.522140 2026] [php:error] [pid 52368] [client 20.89.241.129:0] script '/domains/byardrealestate/ioxi-o.php' not found or unable to stat
[Mon Mar 02 01:01:53.528155 2026] [php:error] [pid 52358] [client 4.193.177.110:0] script '/domains/system_suspended/abcd.php' not found or unable to stat
[Mon Mar 02 01:01:53.690961 2026] [php:error] [pid 52368] [client 20.89.241.129:0] script '/domains/byardrealestate/rip.php' not found or unable to stat
[Mon Mar 02 01:01:53.758761 2026] [php:error] [pid 52358] [client 4.193.177.110:0] script '/domains/system_suspended/as.php' not found or unable to stat
[Mon Mar 02 01:01:53.859555 2026] [php:error] [pid 52368] [client 20.89.241.129:0] script '/domains/byardrealestate/server.php' not found or unable to stat
[Mon Mar 02 01:01:53.989287 2026] [php:error] [pid 52358] [client 4.193.177.110:0] script '/domains/system_suspended/wp-trackback.php' not found or unable to stat
[Mon Mar 02 01:01:54.028305 2026] [php:error] [pid 52368] [client 20.89.241.129:0] script '/domains/byardrealestate/wp-blog.php' not found or unable to stat
[Mon Mar 02 01:01:54.220437 2026] [php:error] [pid 52358] [client 4.193.177.110:0] script '/domains/system_suspended/about.php' not found or unable to stat
[Mon Mar 02 01:01:54.452293 2026] [php:error] [pid 52358] [client 4.193.177.110:0] script '/domains/system_suspended/file.php' not found or unable to stat
[Mon Mar 02 01:01:54.683277 2026] [php:error] [pid 52358] [client 4.193.177.110:0] script '/domains/system_suspended/adminfuns.php' not found or unable to stat
[Mon Mar 02 01:01:54.913674 2026] [php:error] [pid 52358] [client 4.193.177.110:0] script '/domains/system_suspended/wp-good.php' not found or unable to stat
[Mon Mar 02 01:01:55.056985 2026] [php:error] [pid 52368] [client 20.89.241.129:0] script '/domains/byardrealestate/wp-editor.php' not found or unable to stat
[Mon Mar 02 01:01:55.144072 2026] [php:error] [pid 52358] [client 4.193.177.110:0] script '/domains/system_suspended/xmlrpc.php' not found or unable to stat
[Mon Mar 02 01:01:55.374516 2026] [php:error] [pid 52358] [client 4.193.177.110:0] script '/domains/system_suspended/goods.php' not found or unable to stat
[Mon Mar 02 01:01:55.633335 2026] [php:error] [pid 52358] [client 4.193.177.110:0] script '/domains/system_suspended/class-t.api.php' not found or unable to stat
[Mon Mar 02 01:01:55.865569 2026] [php:error] [pid 52358] [client 4.193.177.110:0] script '/domains/system_suspended/sf.php' not found or unable to stat
[Mon Mar 02 01:01:55.911541 2026] [php:error] [pid 52368] [client 20.89.241.129:0] script '/domains/byardrealestate/wp.php' not found or unable to stat
[Mon Mar 02 01:01:56.080021 2026] [php:error] [pid 52368] [client 20.89.241.129:0] script '/domains/byardrealestate/x.php' not found or unable to stat
[Mon Mar 02 01:01:56.096425 2026] [php:error] [pid 52358] [client 4.193.177.110:0] script '/domains/system_suspended/kbfr.php' not found or unable to stat
[Mon Mar 02 01:01:56.346484 2026] [php:error] [pid 52358] [client 4.193.177.110:0] script '/domains/system_suspended/autoload_classmap.php' not found or unable to stat
[Mon Mar 02 01:01:56.607416 2026] [php:error] [pid 52358] [client 4.193.177.110:0] script '/domains/system_suspended/chosen.php' not found or unable to stat
[Mon Mar 02 01:01:56.842555 2026] [php:error] [pid 52358] [client 4.193.177.110:0] script '/domains/system_suspended/classwithtostring.php' not found or unable to stat
[Mon Mar 02 01:01:57.094832 2026] [php:error] [pid 52358] [client 4.193.177.110:0] script '/domains/system_suspended/defaults.php' not found or unable to stat
[Mon Mar 02 01:01:57.846153 2026] [php:error] [pid 52358] [client 4.193.177.110:0] script '/domains/system_suspended/info.php' not found or unable to stat
[Mon Mar 02 01:02:25.545773 2026] [php:error] [pid 52355] [client 4.232.90.96:0] script '/domains/system_default/gfile.php' not found or unable to stat
[Mon Mar 02 01:02:25.637373 2026] [php:error] [pid 52355] [client 4.232.90.96:0] script '/domains/system_default/dox.php' not found or unable to stat
[Mon Mar 02 01:02:25.737046 2026] [php:error] [pid 52355] [client 4.232.90.96:0] script '/domains/system_default/qwas.php' not found or unable to stat
[Mon Mar 02 01:02:25.828476 2026] [php:error] [pid 52355] [client 4.232.90.96:0] script '/domains/system_default/claw.php' not found or unable to stat
[Mon Mar 02 01:02:25.920696 2026] [php:error] [pid 52355] [client 4.232.90.96:0] script '/domains/system_default/cfgy.php' not found or unable to stat
[Mon Mar 02 01:02:26.012455 2026] [php:error] [pid 52355] [client 4.232.90.96:0] script '/domains/system_default/jbuft.php' not found or unable to stat
[Mon Mar 02 01:02:26.104365 2026] [php:error] [pid 52355] [client 4.232.90.96:0] script '/domains/system_default/fvvff.php' not found or unable to stat
[Mon Mar 02 01:02:26.195943 2026] [php:error] [pid 52355] [client 4.232.90.96:0] script '/domains/system_default/vaza.php' not found or unable to stat
[Mon Mar 02 01:02:26.287385 2026] [php:error] [pid 52355] [client 4.232.90.96:0] script '/domains/system_default/a2.php' not found or unable to stat
[Mon Mar 02 01:02:26.379532 2026] [php:error] [pid 52355] [client 4.232.90.96:0] script '/domains/system_default/sty.php' not found or unable to stat
[Mon Mar 02 01:02:26.471846 2026] [php:error] [pid 52355] [client 4.232.90.96:0] script '/domains/system_default/xxxx.php' not found or unable to stat
[Mon Mar 02 01:02:26.563707 2026] [php:error] [pid 52355] [client 4.232.90.96:0] script '/domains/system_default/h.php' not found or unable to stat
[Mon Mar 02 01:02:26.655466 2026] [php:error] [pid 52355] [client 4.232.90.96:0] script '/domains/system_default/g.php' not found or unable to stat
[Mon Mar 02 01:02:26.747364 2026] [php:error] [pid 52355] [client 4.232.90.96:0] script '/domains/system_default/pp.php' not found or unable to stat
[Mon Mar 02 01:02:26.839188 2026] [php:error] [pid 52355] [client 4.232.90.96:0] script '/domains/system_default/sys.php' not found or unable to stat
[Mon Mar 02 01:02:26.938868 2026] [php:error] [pid 52355] [client 4.232.90.96:0] script '/domains/system_default/txets.php' not found or unable to stat
[Mon Mar 02 01:02:27.031191 2026] [php:error] [pid 52355] [client 4.232.90.96:0] script '/domains/system_default/tt.php' not found or unable to stat
[Mon Mar 02 01:02:27.123617 2026] [php:error] [pid 52355] [client 4.232.90.96:0] script '/domains/system_default/wp9.php' not found or unable to stat
[Mon Mar 02 01:02:27.216218 2026] [php:error] [pid 52355] [client 4.232.90.96:0] script '/domains/system_default/path.php' not found or unable to stat
[Mon Mar 02 01:02:27.312142 2026] [php:error] [pid 52355] [client 4.232.90.96:0] script '/domains/system_default/wdf.php' not found or unable to stat
[Mon Mar 02 01:02:27.403681 2026] [php:error] [pid 52355] [client 4.232.90.96:0] script '/domains/system_default/fleen.php' not found or unable to stat
[Mon Mar 02 01:02:27.496118 2026] [php:error] [pid 52355] [client 4.232.90.96:0] script '/domains/system_default/wp-tem.php' not found or unable to stat
[Mon Mar 02 01:02:27.587503 2026] [php:error] [pid 52355] [client 4.232.90.96:0] script '/domains/system_default/av6m.php' not found or unable to stat
[Mon Mar 02 01:02:27.679532 2026] [php:error] [pid 52355] [client 4.232.90.96:0] script '/domains/system_default/autogooey.php' not found or unable to stat
[Mon Mar 02 01:02:27.770996 2026] [php:error] [pid 52355] [client 4.232.90.96:0] script '/domains/system_default/btx25.php' not found or unable to stat
[Mon Mar 02 01:02:27.873653 2026] [php:error] [pid 52355] [client 4.232.90.96:0] script '/domains/system_default/mga.php' not found or unable to stat
[Mon Mar 02 01:02:27.973483 2026] [php:error] [pid 52355] [client 4.232.90.96:0] script '/domains/system_default/maxro.php' not found or unable to stat
[Mon Mar 02 01:02:28.071143 2026] [php:error] [pid 52355] [client 4.232.90.96:0] script '/domains/system_default/agg.php' not found or unable to stat
[Mon Mar 02 01:02:28.162621 2026] [php:error] [pid 52355] [client 4.232.90.96:0] script '/domains/system_default/pass4.php' not found or unable to stat
[Mon Mar 02 01:02:28.254055 2026] [php:error] [pid 52355] [client 4.232.90.96:0] script '/domains/system_default/wsvvs.php' not found or unable to stat
[Mon Mar 02 01:02:28.345451 2026] [php:error] [pid 52355] [client 4.232.90.96:0] script '/domains/system_default/G-In.php' not found or unable to stat
[Mon Mar 02 01:02:28.437891 2026] [php:error] [pid 52355] [client 4.232.90.96:0] script '/domains/system_default/edit.php' not found or unable to stat
[Mon Mar 02 01:02:28.536134 2026] [php:error] [pid 52355] [client 4.232.90.96:0] script '/domains/system_default/ioxi-o.php' not found or unable to stat
[Mon Mar 02 01:02:28.736528 2026] [php:error] [pid 52355] [client 4.232.90.96:0] script '/domains/system_default/66.php' not found or unable to stat
[Mon Mar 02 01:02:28.938330 2026] [php:error] [pid 52355] [client 4.232.90.96:0] script '/domains/system_default/gifclass.php' not found or unable to stat
[Mon Mar 02 01:02:29.426679 2026] [php:error] [pid 52355] [client 4.232.90.96:0] script '/domains/system_default/sc.php' not found or unable to stat
[Mon Mar 02 01:02:29.520396 2026] [php:error] [pid 52355] [client 4.232.90.96:0] script '/domains/system_default/xmlrpc.php' not found or unable to stat
[Mon Mar 02 01:02:29.642120 2026] [php:error] [pid 52355] [client 4.232.90.96:0] script '/domains/system_default/ol.php' not found or unable to stat
[Mon Mar 02 01:02:29.756896 2026] [php:error] [pid 52355] [client 4.232.90.96:0] script '/domains/system_default/f6.php' not found or unable to stat
[Mon Mar 02 01:02:29.865586 2026] [php:error] [pid 52355] [client 4.232.90.96:0] script '/domains/system_default/inputs.php' not found or unable to stat
[Mon Mar 02 01:02:29.956996 2026] [php:error] [pid 52355] [client 4.232.90.96:0] script '/domains/system_default/style.php' not found or unable to stat
[Mon Mar 02 01:02:30.052096 2026] [php:error] [pid 52355] [client 4.232.90.96:0] script '/domains/system_default/bgymj.php' not found or unable to stat
[Mon Mar 02 01:02:30.156660 2026] [php:error] [pid 52355] [client 4.232.90.96:0] script '/domains/system_default/aa.php' not found or unable to stat
[Mon Mar 02 01:02:30.250341 2026] [php:error] [pid 52355] [client 4.232.90.96:0] script '/domains/system_default/1.php' not found or unable to stat
[Mon Mar 02 01:02:30.341738 2026] [php:error] [pid 52355] [client 4.232.90.96:0] script '/domains/system_default/sc.php' not found or unable to stat
[Mon Mar 02 01:02:30.433774 2026] [php:error] [pid 52355] [client 4.232.90.96:0] script '/domains/system_default/av.php' not found or unable to stat
[Mon Mar 02 01:02:30.525355 2026] [php:error] [pid 52355] [client 4.232.90.96:0] script '/domains/system_default/file.php' not found or unable to stat
[Mon Mar 02 01:02:30.617087 2026] [php:error] [pid 52355] [client 4.232.90.96:0] script '/domains/system_default/666.php' not found or unable to stat
[Mon Mar 02 01:02:30.708698 2026] [php:error] [pid 52355] [client 4.232.90.96:0] script '/domains/system_default/file59.php' not found or unable to stat
[Mon Mar 02 01:02:30.800283 2026] [php:error] [pid 52355] [client 4.232.90.96:0] script '/domains/system_default/bless.php' not found or unable to stat
[Mon Mar 02 01:02:30.891424 2026] [php:error] [pid 52355] [client 4.232.90.96:0] script '/domains/system_default/wp9.php' not found or unable to stat
[Mon Mar 02 01:02:30.983717 2026] [php:error] [pid 52355] [client 4.232.90.96:0] script '/domains/system_default/wp-act.php' not found or unable to stat
[Mon Mar 02 01:02:31.081917 2026] [php:error] [pid 52355] [client 4.232.90.96:0] script '/domains/system_default/class-t.api.php' not found or unable to stat
[Mon Mar 02 01:02:31.173498 2026] [php:error] [pid 52355] [client 4.232.90.96:0] script '/domains/system_default/xqq.php' not found or unable to stat
[Mon Mar 02 01:02:31.649507 2026] [php:error] [pid 52355] [client 4.232.90.96:0] script '/domains/system_default/06.php' not found or unable to stat
[Mon Mar 02 01:02:31.741094 2026] [php:error] [pid 52355] [client 4.232.90.96:0] script '/domains/system_default/plss3.php' not found or unable to stat
[Mon Mar 02 01:02:31.832538 2026] [php:error] [pid 52355] [client 4.232.90.96:0] script '/domains/system_default/aaa.php' not found or unable to stat
[Mon Mar 02 01:02:31.923996 2026] [php:error] [pid 52355] [client 4.232.90.96:0] script '/domains/system_default/classwithtostring.php' not found or unable to stat
[Mon Mar 02 01:02:32.108779 2026] [php:error] [pid 52355] [client 4.232.90.96:0] script '/domains/system_default/tinyfilemanager.php' not found or unable to stat
[Mon Mar 02 01:02:32.200272 2026] [php:error] [pid 52355] [client 4.232.90.96:0] script '/domains/system_default/x.php' not found or unable to stat
[Mon Mar 02 01:02:32.292142 2026] [php:error] [pid 52355] [client 4.232.90.96:0] script '/domains/system_default/ms.php' not found or unable to stat
[Mon Mar 02 01:02:32.475257 2026] [php:error] [pid 52355] [client 4.232.90.96:0] script '/domains/system_default/wdf.php' not found or unable to stat
[Mon Mar 02 01:02:32.566539 2026] [php:error] [pid 52355] [client 4.232.90.96:0] script '/domains/system_default/wp-update.php' not found or unable to stat
[Mon Mar 02 01:02:32.657858 2026] [php:error] [pid 52355] [client 4.232.90.96:0] script '/domains/system_default/sbhu.php' not found or unable to stat
[Mon Mar 02 01:02:32.843043 2026] [php:error] [pid 52355] [client 4.232.90.96:0] script '/domains/system_default/wp-blog.php' not found or unable to stat
[Mon Mar 02 01:02:32.938736 2026] [php:error] [pid 52355] [client 4.232.90.96:0] script '/domains/system_default/test1.php' not found or unable to stat
[Mon Mar 02 01:02:33.127110 2026] [php:error] [pid 52355] [client 4.232.90.96:0] script '/domains/system_default/166.php' not found or unable to stat
[Mon Mar 02 01:02:33.218501 2026] [php:error] [pid 52355] [client 4.232.90.96:0] script '/domains/system_default/fleen.php' not found or unable to stat
[Mon Mar 02 01:02:33.405384 2026] [php:error] [pid 52355] [client 4.232.90.96:0] script '/domains/system_default/ms-edit.php' not found or unable to stat
[Mon Mar 02 01:02:33.497069 2026] [php:error] [pid 52355] [client 4.232.90.96:0] script '/domains/system_default/adminfuns.php' not found or unable to stat
[Mon Mar 02 01:02:33.590528 2026] [php:error] [pid 52355] [client 4.232.90.96:0] script '/domains/system_default/goods.php' not found or unable to stat
[Mon Mar 02 01:02:33.681846 2026] [php:error] [pid 52355] [client 4.232.90.96:0] script '/domains/system_default/ms-edit.php' not found or unable to stat
[Mon Mar 02 01:02:33.773619 2026] [php:error] [pid 52355] [client 4.232.90.96:0] script '/domains/system_default/222.php' not found or unable to stat
[Mon Mar 02 01:02:33.874115 2026] [php:error] [pid 52355] [client 4.232.90.96:0] script '/domains/system_default/plugins.php' not found or unable to stat
[Mon Mar 02 01:02:34.148846 2026] [php:error] [pid 52355] [client 4.232.90.96:0] script '/domains/system_default/ff1.php' not found or unable to stat
[Mon Mar 02 01:02:34.244201 2026] [php:error] [pid 52355] [client 4.232.90.96:0] script '/domains/system_default/fff.php' not found or unable to stat
[Mon Mar 02 01:02:34.427482 2026] [php:error] [pid 52355] [client 4.232.90.96:0] script '/domains/system_default/goat.php' not found or unable to stat
[Mon Mar 02 01:02:34.522390 2026] [php:error] [pid 52355] [client 4.232.90.96:0] script '/domains/system_default/155.php' not found or unable to stat
[Mon Mar 02 01:02:34.618589 2026] [php:error] [pid 52355] [client 4.232.90.96:0] script '/domains/system_default/we.php' not found or unable to stat
[Mon Mar 02 01:02:34.722697 2026] [php:error] [pid 52355] [client 4.232.90.96:0] script '/domains/system_default/alpha.php' not found or unable to stat
[Mon Mar 02 01:02:34.814345 2026] [php:error] [pid 52355] [client 4.232.90.96:0] script '/domains/system_default/makeasmtp.php' not found or unable to stat
[Mon Mar 02 01:02:34.906596 2026] [php:error] [pid 52355] [client 4.232.90.96:0] script '/domains/system_default/wp-michan.php' not found or unable to stat
[Mon Mar 02 01:02:35.089623 2026] [php:error] [pid 52355] [client 4.232.90.96:0] script '/domains/system_default/wp-the.php' not found or unable to stat
[Mon Mar 02 01:02:35.501532 2026] [php:error] [pid 52371] [client 4.232.90.96:0] script '/domains/system_default/BDKR28WP.php' not found or unable to stat
[Mon Mar 02 01:02:35.694019 2026] [php:error] [pid 52371] [client 4.232.90.96:0] script '/domains/system_default/wp.php' not found or unable to stat
[Mon Mar 02 01:02:35.878904 2026] [php:error] [pid 52371] [client 4.232.90.96:0] script '/domains/system_default/w4.php' not found or unable to stat
[Mon Mar 02 01:02:36.064295 2026] [php:error] [pid 52371] [client 4.232.90.96:0] script '/domains/system_default/ok.php' not found or unable to stat
[Mon Mar 02 01:02:36.156649 2026] [php:error] [pid 52371] [client 4.232.90.96:0] script '/domains/system_default/about.php' not found or unable to stat
[Mon Mar 02 01:02:36.250121 2026] [php:error] [pid 52371] [client 4.232.90.96:0] script '/domains/system_default/tymn.php' not found or unable to stat
[Mon Mar 02 01:02:36.342791 2026] [php:error] [pid 52371] [client 4.232.90.96:0] script '/domains/system_default/bak.php' not found or unable to stat
[Mon Mar 02 01:02:36.530632 2026] [php:error] [pid 52371] [client 4.232.90.96:0] script '/domains/system_default/fe5.php' not found or unable to stat
[Mon Mar 02 01:02:36.622617 2026] [php:error] [pid 52371] [client 4.232.90.96:0] script '/domains/system_default/kj.php' not found or unable to stat
[Mon Mar 02 01:02:36.810354 2026] [php:error] [pid 52371] [client 4.232.90.96:0] script '/domains/system_default/av.php' not found or unable to stat
[Mon Mar 02 01:02:36.902882 2026] [php:error] [pid 52371] [client 4.232.90.96:0] script '/domains/system_default/abcd.php' not found or unable to stat
[Mon Mar 02 01:02:36.995397 2026] [php:error] [pid 52371] [client 4.232.90.96:0] script '/domains/system_default/init.php' not found or unable to stat
[Mon Mar 02 01:02:37.090740 2026] [php:error] [pid 52371] [client 4.232.90.96:0] script '/domains/system_default/fi.php' not found or unable to stat
[Mon Mar 02 01:02:37.183379 2026] [php:error] [pid 52371] [client 4.232.90.96:0] script '/domains/system_default/a1.php' not found or unable to stat
[Mon Mar 02 01:02:37.462260 2026] [php:error] [pid 52371] [client 4.232.90.96:0] script '/domains/system_default/f35.php' not found or unable to stat
[Mon Mar 02 01:02:37.556920 2026] [php:error] [pid 52371] [client 4.232.90.96:0] script '/domains/system_default/hi.php' not found or unable to stat
[Mon Mar 02 01:02:37.650776 2026] [php:error] [pid 52371] [client 4.232.90.96:0] script '/domains/system_default/lala.php' not found or unable to stat
[Mon Mar 02 01:02:37.742845 2026] [php:error] [pid 52371] [client 4.232.90.96:0] script '/domains/system_default/lb.php' not found or unable to stat
[Mon Mar 02 01:02:37.934936 2026] [php:error] [pid 52371] [client 4.232.90.96:0] script '/domains/system_default/0.php' not found or unable to stat
[Mon Mar 02 01:02:38.027582 2026] [php:error] [pid 52371] [client 4.232.90.96:0] script '/domains/system_default/core.php' not found or unable to stat
[Mon Mar 02 01:02:38.119725 2026] [php:error] [pid 52371] [client 4.232.90.96:0] script '/domains/system_default/autogooey.php' not found or unable to stat
[Mon Mar 02 01:02:38.306434 2026] [php:error] [pid 52371] [client 4.232.90.96:0] script '/domains/system_default/prv8.php' not found or unable to stat
[Mon Mar 02 01:02:38.398902 2026] [php:error] [pid 52371] [client 4.232.90.96:0] script '/domains/system_default/k.php' not found or unable to stat
[Mon Mar 02 01:02:38.491166 2026] [php:error] [pid 52371] [client 4.232.90.96:0] script '/domains/system_default/dev.php' not found or unable to stat
[Mon Mar 02 01:02:38.585347 2026] [php:error] [pid 52371] [client 4.232.90.96:0] script '/domains/system_default/x123x.php' not found or unable to stat
[Mon Mar 02 01:02:38.679425 2026] [php:error] [pid 52371] [client 4.232.90.96:0] script '/domains/system_default/bal.php' not found or unable to stat
[Mon Mar 02 01:02:38.771708 2026] [php:error] [pid 52371] [client 4.232.90.96:0] script '/domains/system_default/in.php' not found or unable to stat
[Mon Mar 02 01:02:38.864096 2026] [php:error] [pid 52371] [client 4.232.90.96:0] script '/domains/system_default/gssdd.php' not found or unable to stat
[Mon Mar 02 01:02:38.964573 2026] [php:error] [pid 52371] [client 4.232.90.96:0] script '/domains/system_default/motu.php' not found or unable to stat
[Mon Mar 02 01:02:39.059774 2026] [php:error] [pid 52371] [client 4.232.90.96:0] script '/domains/system_default/bs1.php' not found or unable to stat
[Mon Mar 02 01:02:39.154134 2026] [php:error] [pid 52371] [client 4.232.90.96:0] script '/domains/system_default/bengi.php' not found or unable to stat
[Mon Mar 02 01:02:39.246718 2026] [php:error] [pid 52371] [client 4.232.90.96:0] script '/domains/system_default/log.php' not found or unable to stat
[Mon Mar 02 01:02:39.338937 2026] [php:error] [pid 52371] [client 4.232.90.96:0] script '/domains/system_default/miansha.php' not found or unable to stat
[Mon Mar 02 01:02:39.431551 2026] [php:error] [pid 52371] [client 4.232.90.96:0] script '/domains/system_default/erty.php' not found or unable to stat
[Mon Mar 02 01:02:39.615775 2026] [php:error] [pid 52371] [client 4.232.90.96:0] script '/domains/system_default/X57.php' not found or unable to stat
[Mon Mar 02 01:02:39.710240 2026] [php:error] [pid 52371] [client 4.232.90.96:0] script '/domains/system_default/axx.php' not found or unable to stat
[Mon Mar 02 01:02:39.803380 2026] [php:error] [pid 52371] [client 4.232.90.96:0] script '/domains/system_default/alfashell.php' not found or unable to stat
[Mon Mar 02 01:02:39.895749 2026] [php:error] [pid 52371] [client 4.232.90.96:0] script '/domains/system_default/myfile.php' not found or unable to stat
[Mon Mar 02 01:02:39.987976 2026] [php:error] [pid 52371] [client 4.232.90.96:0] script '/domains/system_default/re.php' not found or unable to stat
[Mon Mar 02 01:02:40.080322 2026] [php:error] [pid 52371] [client 4.232.90.96:0] script '/domains/system_default/styll.php' not found or unable to stat
[Mon Mar 02 01:02:40.172492 2026] [php:error] [pid 52371] [client 4.232.90.96:0] script '/domains/system_default/flower.php' not found or unable to stat
[Mon Mar 02 01:02:40.270645 2026] [php:error] [pid 52371] [client 4.232.90.96:0] script '/domains/system_default/flower2.php' not found or unable to stat
[Mon Mar 02 01:02:40.362789 2026] [php:error] [pid 52371] [client 4.232.90.96:0] script '/domains/system_default/4h.php' not found or unable to stat
[Mon Mar 02 01:02:40.460579 2026] [php:error] [pid 52371] [client 4.232.90.96:0] script '/domains/system_default/gettest.php' not found or unable to stat
[Mon Mar 02 01:02:40.553419 2026] [php:error] [pid 52371] [client 4.232.90.96:0] script '/domains/system_default/acp.php' not found or unable to stat
[Mon Mar 02 01:02:40.645515 2026] [php:error] [pid 52371] [client 4.232.90.96:0] script '/domains/system_default/database.php' not found or unable to stat
[Mon Mar 02 01:03:00.358135 2026] [php:error] [pid 52355] [client 4.193.248.52:0] script '/domains/abtechsci/222.php' not found or unable to stat
[Mon Mar 02 01:03:00.589412 2026] [php:error] [pid 52355] [client 4.193.248.52:0] script '/domains/abtechsci/404.php' not found or unable to stat
[Mon Mar 02 01:03:00.820091 2026] [php:error] [pid 52355] [client 4.193.248.52:0] script '/domains/abtechsci/about.php' not found or unable to stat
[Mon Mar 02 01:03:01.050475 2026] [php:error] [pid 52355] [client 4.193.248.52:0] script '/domains/abtechsci/admin.php' not found or unable to stat
[Mon Mar 02 01:03:01.281013 2026] [php:error] [pid 52355] [client 4.193.248.52:0] script '/domains/abtechsci/adminfuns.php' not found or unable to stat
[Mon Mar 02 01:03:01.511587 2026] [php:error] [pid 52355] [client 4.193.248.52:0] script '/domains/abtechsci/bless.php' not found or unable to stat
[Mon Mar 02 01:03:01.742042 2026] [php:error] [pid 52355] [client 4.193.248.52:0] script '/domains/abtechsci/bolt.php' not found or unable to stat
[Mon Mar 02 01:03:01.972692 2026] [php:error] [pid 52355] [client 4.193.248.52:0] script '/domains/abtechsci/ccou.php' not found or unable to stat
[Mon Mar 02 01:03:02.203439 2026] [php:error] [pid 52355] [client 4.193.248.52:0] script '/domains/abtechsci/class-t.api.php' not found or unable to stat
[Mon Mar 02 01:03:02.434672 2026] [php:error] [pid 52355] [client 4.193.248.52:0] script '/domains/abtechsci/css.php' not found or unable to stat
[Mon Mar 02 01:03:02.666090 2026] [php:error] [pid 52355] [client 4.193.248.52:0] script '/domains/abtechsci/css/000.php' not found or unable to stat
[Mon Mar 02 01:03:02.896448 2026] [php:error] [pid 52355] [client 4.193.248.52:0] script '/domains/abtechsci/edit.php' not found or unable to stat
[Mon Mar 02 01:03:03.128231 2026] [php:error] [pid 52355] [client 4.193.248.52:0] script '/domains/abtechsci/fff.php' not found or unable to stat
[Mon Mar 02 01:03:03.358714 2026] [php:error] [pid 52355] [client 4.193.248.52:0] script '/domains/abtechsci/file.php' not found or unable to stat
[Mon Mar 02 01:03:03.589512 2026] [php:error] [pid 52355] [client 4.193.248.52:0] script '/domains/abtechsci/fx.php' not found or unable to stat
[Mon Mar 02 01:03:04.794412 2026] [php:error] [pid 52355] [client 4.193.248.52:0] script '/domains/abtechsci/ioxi-o.php' not found or unable to stat
[Mon Mar 02 01:03:05.026683 2026] [php:error] [pid 52355] [client 4.193.248.52:0] script '/domains/abtechsci/rip.php' not found or unable to stat
[Mon Mar 02 01:03:05.257197 2026] [php:error] [pid 52355] [client 4.193.248.52:0] script '/domains/abtechsci/server.php' not found or unable to stat
[Mon Mar 02 01:03:05.488551 2026] [php:error] [pid 52355] [client 4.193.248.52:0] script '/domains/abtechsci/wp-blog.php' not found or unable to stat
[Mon Mar 02 01:03:06.870331 2026] [php:error] [pid 52355] [client 4.193.248.52:0] script '/domains/abtechsci/wp-editor.php' not found or unable to stat
[Mon Mar 02 01:03:08.022838 2026] [php:error] [pid 52355] [client 4.193.248.52:0] script '/domains/abtechsci/wp.php' not found or unable to stat
[Mon Mar 02 01:03:08.253810 2026] [php:error] [pid 52355] [client 4.193.248.52:0] script '/domains/abtechsci/x.php' not found or unable to stat
[Mon Mar 02 01:03:22.766264 2026] [php:error] [pid 52380] [client 146.103.112.41:0] script '/domains/fryer/wp-login.php' not found or unable to stat
[Mon Mar 02 01:03:34.124501 2026] [access_compat:error] [pid 52355] [client 209.97.180.8:0] AH01797: client denied by server configuration: /domains/abtechsci/server-status
[Mon Mar 02 01:04:35.466396 2026] [php:error] [pid 52379] [client 20.89.241.129:0] script '/domains/pbuilder/222.php' not found or unable to stat
[Mon Mar 02 01:04:35.634516 2026] [php:error] [pid 52379] [client 20.89.241.129:0] script '/domains/pbuilder/404.php' not found or unable to stat
[Mon Mar 02 01:04:35.780995 2026] [php:error] [pid 52358] [client 20.63.83.113:0] script '/domains/proinc/updates.php' not found or unable to stat
[Mon Mar 02 01:04:35.802923 2026] [php:error] [pid 52379] [client 20.89.241.129:0] script '/domains/pbuilder/about.php' not found or unable to stat
[Mon Mar 02 01:04:35.807760 2026] [php:error] [pid 52358] [client 20.63.83.113:0] script '/domains/proinc/wsoyanz1.php' not found or unable to stat
[Mon Mar 02 01:04:35.831796 2026] [php:error] [pid 52358] [client 20.63.83.113:0] script '/domains/proinc/admin-ajax.php' not found or unable to stat
[Mon Mar 02 01:04:35.856074 2026] [php:error] [pid 52358] [client 20.63.83.113:0] script '/domains/proinc/f.php' not found or unable to stat
[Mon Mar 02 01:04:35.885428 2026] [php:error] [pid 52358] [client 20.63.83.113:0] script '/domains/proinc/tinyfilemanager.php' not found or unable to stat
[Mon Mar 02 01:04:35.913466 2026] [php:error] [pid 52358] [client 20.63.83.113:0] script '/domains/proinc/home.php' not found or unable to stat
[Mon Mar 02 01:04:35.937979 2026] [php:error] [pid 52358] [client 20.63.83.113:0] script '/domains/proinc/dialog.php' not found or unable to stat
[Mon Mar 02 01:04:35.961751 2026] [php:error] [pid 52358] [client 20.63.83.113:0] script '/domains/proinc/sidwso.php' not found or unable to stat
[Mon Mar 02 01:04:35.970768 2026] [php:error] [pid 52379] [client 20.89.241.129:0] script '/domains/pbuilder/admin.php' not found or unable to stat
[Mon Mar 02 01:04:35.985613 2026] [php:error] [pid 52358] [client 20.63.83.113:0] script '/domains/proinc/smaxx.php' not found or unable to stat
[Mon Mar 02 01:04:36.009889 2026] [php:error] [pid 52358] [client 20.63.83.113:0] script '/domains/proinc/block-support.php' not found or unable to stat
[Mon Mar 02 01:04:36.042074 2026] [php:error] [pid 52358] [client 20.63.83.113:0] script '/domains/proinc/Mhbgf.php' not found or unable to stat
[Mon Mar 02 01:04:36.093535 2026] [php:error] [pid 52358] [client 20.63.83.113:0] script '/domains/proinc/Xleet.php' not found or unable to stat
[Mon Mar 02 01:04:36.123708 2026] [php:error] [pid 52358] [client 20.63.83.113:0] script '/domains/proinc/fosil.php' not found or unable to stat
[Mon Mar 02 01:04:36.144885 2026] [php:error] [pid 52379] [client 20.89.241.129:0] script '/domains/pbuilder/adminfuns.php' not found or unable to stat
[Mon Mar 02 01:04:36.153709 2026] [php:error] [pid 52358] [client 20.63.83.113:0] script '/domains/proinc/issue.php' not found or unable to stat
[Mon Mar 02 01:04:36.179111 2026] [php:error] [pid 52358] [client 20.63.83.113:0] script '/domains/proinc/verify.php' not found or unable to stat
[Mon Mar 02 01:04:36.211443 2026] [php:error] [pid 52358] [client 20.63.83.113:0] script '/domains/proinc/29rc7ExgS6p.php' not found or unable to stat
[Mon Mar 02 01:04:36.260317 2026] [php:error] [pid 52358] [client 20.63.83.113:0] script '/domains/proinc/indeex.php' not found or unable to stat
[Mon Mar 02 01:04:36.285087 2026] [php:error] [pid 52358] [client 20.63.83.113:0] script '/domains/proinc/randkeyword.php' not found or unable to stat
[Mon Mar 02 01:04:36.319712 2026] [php:error] [pid 52358] [client 20.63.83.113:0] script '/domains/proinc/wp-blog.php' not found or unable to stat
[Mon Mar 02 01:04:36.327023 2026] [php:error] [pid 52379] [client 20.89.241.129:0] script '/domains/pbuilder/bless.php' not found or unable to stat
[Mon Mar 02 01:04:36.452551 2026] [php:error] [pid 52358] [client 20.63.83.113:0] script '/domains/proinc/ws.php.php' not found or unable to stat
[Mon Mar 02 01:04:36.476908 2026] [php:error] [pid 52358] [client 20.63.83.113:0] script '/domains/proinc/aks.php' not found or unable to stat
[Mon Mar 02 01:04:36.496351 2026] [php:error] [pid 52379] [client 20.89.241.129:0] script '/domains/pbuilder/bolt.php' not found or unable to stat
[Mon Mar 02 01:04:36.521804 2026] [php:error] [pid 52358] [client 20.63.83.113:0] script '/domains/proinc/alfa-rex1.php' not found or unable to stat
[Mon Mar 02 01:04:36.664845 2026] [php:error] [pid 52379] [client 20.89.241.129:0] script '/domains/pbuilder/ccou.php' not found or unable to stat
[Mon Mar 02 01:04:36.809120 2026] [php:error] [pid 52358] [client 20.63.83.113:0] script '/domains/proinc/worksec.php' not found or unable to stat
[Mon Mar 02 01:04:36.833043 2026] [php:error] [pid 52379] [client 20.89.241.129:0] script '/domains/pbuilder/class-t.api.php' not found or unable to stat
[Mon Mar 02 01:04:36.843513 2026] [php:error] [pid 52358] [client 20.63.83.113:0] script '/domains/proinc/configs.php' not found or unable to stat
[Mon Mar 02 01:04:36.867226 2026] [php:error] [pid 52358] [client 20.63.83.113:0] script '/domains/proinc/alfa1.php' not found or unable to stat
[Mon Mar 02 01:04:36.891128 2026] [php:error] [pid 52358] [client 20.63.83.113:0] script '/domains/proinc/abouts.php' not found or unable to stat
[Mon Mar 02 01:04:36.915181 2026] [php:error] [pid 52358] [client 20.63.83.113:0] script '/domains/proinc/wp-cache.php' not found or unable to stat
[Mon Mar 02 01:04:36.940172 2026] [php:error] [pid 52358] [client 20.63.83.113:0] script '/domains/proinc/alpha.php' not found or unable to stat
[Mon Mar 02 01:04:36.967704 2026] [php:error] [pid 52358] [client 20.63.83.113:0] script '/domains/proinc/alpha.php' not found or unable to stat
[Mon Mar 02 01:04:37.002527 2026] [php:error] [pid 52379] [client 20.89.241.129:0] script '/domains/pbuilder/css.php' not found or unable to stat
[Mon Mar 02 01:04:37.353864 2026] [php:error] [pid 52379] [client 20.89.241.129:0] script '/domains/pbuilder/edit.php' not found or unable to stat
[Mon Mar 02 01:04:37.521828 2026] [php:error] [pid 52379] [client 20.89.241.129:0] script '/domains/pbuilder/fff.php' not found or unable to stat
[Mon Mar 02 01:04:37.689904 2026] [php:error] [pid 52379] [client 20.89.241.129:0] script '/domains/pbuilder/file.php' not found or unable to stat
[Mon Mar 02 01:04:37.859532 2026] [php:error] [pid 52379] [client 20.89.241.129:0] script '/domains/pbuilder/fx.php' not found or unable to stat
[Mon Mar 02 01:04:38.027613 2026] [php:error] [pid 52379] [client 20.89.241.129:0] script '/domains/pbuilder/info.php' not found or unable to stat
[Mon Mar 02 01:04:38.208022 2026] [php:error] [pid 52379] [client 20.89.241.129:0] script '/domains/pbuilder/ioxi-o.php' not found or unable to stat
[Mon Mar 02 01:04:38.376159 2026] [php:error] [pid 52379] [client 20.89.241.129:0] script '/domains/pbuilder/rip.php' not found or unable to stat
[Mon Mar 02 01:04:38.544290 2026] [php:error] [pid 52379] [client 20.89.241.129:0] script '/domains/pbuilder/server.php' not found or unable to stat
[Mon Mar 02 01:04:38.712284 2026] [php:error] [pid 52379] [client 20.89.241.129:0] script '/domains/pbuilder/wp-blog.php' not found or unable to stat
[Mon Mar 02 01:04:39.723067 2026] [php:error] [pid 52379] [client 20.89.241.129:0] script '/domains/pbuilder/wp-editor.php' not found or unable to stat
[Mon Mar 02 01:04:40.575198 2026] [php:error] [pid 52379] [client 20.89.241.129:0] script '/domains/pbuilder/wp.php' not found or unable to stat
[Mon Mar 02 01:04:40.743492 2026] [php:error] [pid 52379] [client 20.89.241.129:0] script '/domains/pbuilder/x.php' not found or unable to stat
[Mon Mar 02 01:05:31.794768 2026] [php:error] [pid 52395] [client 4.193.177.110:0] script '/domains/performancepartsinc/inputs.php' not found or unable to stat
[Mon Mar 02 01:05:31.946428 2026] [php:error] [pid 52400] [client 20.104.206.150:0] script '/domains/navarrospring/signon.php' not found or unable to stat
[Mon Mar 02 01:05:31.971126 2026] [php:error] [pid 52400] [client 20.104.206.150:0] script '/domains/navarrospring/t00l.php' not found or unable to stat
[Mon Mar 02 01:05:31.995246 2026] [php:error] [pid 52400] [client 20.104.206.150:0] script '/domains/navarrospring/function.php' not found or unable to stat
[Mon Mar 02 01:05:32.019649 2026] [php:error] [pid 52395] [client 4.193.177.110:0] script '/domains/performancepartsinc/ioxi-o.php' not found or unable to stat
[Mon Mar 02 01:05:32.025200 2026] [php:error] [pid 52400] [client 20.104.206.150:0] script '/domains/navarrospring/cjfuns.php' not found or unable to stat
[Mon Mar 02 01:05:32.049467 2026] [php:error] [pid 52400] [client 20.104.206.150:0] script '/domains/navarrospring/new.php' not found or unable to stat
[Mon Mar 02 01:05:32.073416 2026] [php:error] [pid 52400] [client 20.104.206.150:0] script '/domains/navarrospring/wp-xmlmp.php' not found or unable to stat
[Mon Mar 02 01:05:32.097260 2026] [php:error] [pid 52400] [client 20.104.206.150:0] script '/domains/navarrospring/wp-config-sample.php' not found or unable to stat
[Mon Mar 02 01:05:32.121081 2026] [php:error] [pid 52400] [client 20.104.206.150:0] script '/domains/navarrospring/wp-configssss.php' not found or unable to stat
[Mon Mar 02 01:05:32.145522 2026] [php:error] [pid 52400] [client 20.104.206.150:0] script '/domains/navarrospring/wp-configss1.php' not found or unable to stat
[Mon Mar 02 01:05:32.169658 2026] [php:error] [pid 52400] [client 20.104.206.150:0] script '/domains/navarrospring/ngif.php' not found or unable to stat
[Mon Mar 02 01:05:32.194081 2026] [php:error] [pid 52400] [client 20.104.206.150:0] script '/domains/navarrospring/wp-configss.php' not found or unable to stat
[Mon Mar 02 01:05:32.218307 2026] [php:error] [pid 52400] [client 20.104.206.150:0] script '/domains/navarrospring/yanz.php' not found or unable to stat
[Mon Mar 02 01:05:32.266322 2026] [php:error] [pid 52400] [client 20.104.206.150:0] script '/domains/navarrospring/defaults.php' not found or unable to stat
[Mon Mar 02 01:05:32.290258 2026] [php:error] [pid 52400] [client 20.104.206.150:0] script '/domains/navarrospring/im.php' not found or unable to stat
[Mon Mar 02 01:05:32.314143 2026] [php:error] [pid 52400] [client 20.104.206.150:0] script '/domains/navarrospring/wp-comments-post.php' not found or unable to stat
[Mon Mar 02 01:05:32.338308 2026] [php:error] [pid 52400] [client 20.104.206.150:0] script '/domains/navarrospring/cache-compat.php' not found or unable to stat
[Mon Mar 02 01:05:32.362547 2026] [php:error] [pid 52400] [client 20.104.206.150:0] script '/domains/navarrospring/fw.php' not found or unable to stat
[Mon Mar 02 01:05:32.386658 2026] [php:error] [pid 52400] [client 20.104.206.150:0] script '/domains/navarrospring/berlin.php' not found or unable to stat
[Mon Mar 02 01:05:32.424868 2026] [php:error] [pid 52400] [client 20.104.206.150:0] script '/domains/navarrospring/abe.php' not found or unable to stat
[Mon Mar 02 01:05:32.449489 2026] [php:error] [pid 52400] [client 20.104.206.150:0] script '/domains/navarrospring/otuz1.php' not found or unable to stat
[Mon Mar 02 01:05:32.474344 2026] [php:error] [pid 52400] [client 20.104.206.150:0] script '/domains/navarrospring/wp-files.php' not found or unable to stat
[Mon Mar 02 01:05:32.494184 2026] [php:error] [pid 52395] [client 4.193.177.110:0] script '/domains/performancepartsinc/rip.php' not found or unable to stat
[Mon Mar 02 01:05:32.499624 2026] [php:error] [pid 52400] [client 20.104.206.150:0] script '/domains/navarrospring/aj.php' not found or unable to stat
[Mon Mar 02 01:05:32.523439 2026] [php:error] [pid 52400] [client 20.104.206.150:0] script '/domains/navarrospring/he.php' not found or unable to stat
[Mon Mar 02 01:05:32.555431 2026] [php:error] [pid 52400] [client 20.104.206.150:0] script '/domains/navarrospring/cache.php' not found or unable to stat
[Mon Mar 02 01:05:32.579379 2026] [php:error] [pid 52400] [client 20.104.206.150:0] script '/domains/navarrospring/tiny.php' not found or unable to stat
[Mon Mar 02 01:05:32.603320 2026] [php:error] [pid 52400] [client 20.104.206.150:0] script '/domains/navarrospring/wp-load.php' not found or unable to stat
[Mon Mar 02 01:05:32.627473 2026] [php:error] [pid 52400] [client 20.104.206.150:0] script '/domains/navarrospring/blog.php' not found or unable to stat
[Mon Mar 02 01:05:32.678224 2026] [php:error] [pid 52400] [client 20.104.206.150:0] script '/domains/navarrospring/lufix.php' not found or unable to stat
[Mon Mar 02 01:05:32.702032 2026] [php:error] [pid 52400] [client 20.104.206.150:0] script '/domains/navarrospring/ajax-actions.php' not found or unable to stat
[Mon Mar 02 01:05:32.750846 2026] [php:error] [pid 52400] [client 20.104.206.150:0] script '/domains/navarrospring/cc.php' not found or unable to stat
[Mon Mar 02 01:05:32.751091 2026] [php:error] [pid 52395] [client 4.193.177.110:0] script '/domains/performancepartsinc/admin.php' not found or unable to stat
[Mon Mar 02 01:05:32.774821 2026] [php:error] [pid 52400] [client 20.104.206.150:0] script '/domains/navarrospring/bypass.php' not found or unable to stat
[Mon Mar 02 01:05:32.799399 2026] [php:error] [pid 52400] [client 20.104.206.150:0] script '/domains/navarrospring/browse.php' not found or unable to stat
[Mon Mar 02 01:05:32.823234 2026] [php:error] [pid 52400] [client 20.104.206.150:0] script '/domains/navarrospring/license.php' not found or unable to stat
[Mon Mar 02 01:05:32.847334 2026] [php:error] [pid 52400] [client 20.104.206.150:0] script '/domains/navarrospring/contact.php' not found or unable to stat
[Mon Mar 02 01:05:32.871288 2026] [php:error] [pid 52400] [client 20.104.206.150:0] script '/domains/navarrospring/minik.php' not found or unable to stat
[Mon Mar 02 01:05:32.895267 2026] [php:error] [pid 52400] [client 20.104.206.150:0] script '/domains/navarrospring/st.php' not found or unable to stat
[Mon Mar 02 01:05:32.922689 2026] [php:error] [pid 52400] [client 20.104.206.150:0] script '/domains/navarrospring/upgrade.php' not found or unable to stat
[Mon Mar 02 01:05:33.217915 2026] [php:error] [pid 52395] [client 4.193.177.110:0] script '/domains/performancepartsinc/cache.php' not found or unable to stat
