[Mon Mar 02 01:39:42.667837 2026] [php:error] [pid 52847] [client 37.140.254.72:0] script '/domains/cccweb/moon.php' not found or unable to stat
[Mon Mar 02 01:39:43.020157 2026] [php:error] [pid 52812] [client 91.230.225.211:0] script '/domains/ceonlinenews/classwithtostring.php' not found or unable to stat
[Mon Mar 02 01:39:43.611891 2026] [php:error] [pid 52812] [client 91.230.225.211:0] script '/domains/ceonlinenews/tinyfilemanager.php' not found or unable to stat
[Mon Mar 02 01:39:43.627041 2026] [php:error] [pid 52847] [client 37.140.254.72:0] script '/domains/cccweb/webadmin.php' not found or unable to stat
[Mon Mar 02 01:39:44.140245 2026] [php:error] [pid 52812] [client 91.230.225.211:0] script '/domains/ceonlinenews/file.php' not found or unable to stat
[Mon Mar 02 01:39:44.669489 2026] [php:error] [pid 52847] [client 37.140.254.72:0] script '/domains/cccweb/xl2023.php' not found or unable to stat
[Mon Mar 02 01:39:44.804116 2026] [php:error] [pid 52812] [client 91.230.225.211:0] script '/domains/ceonlinenews/buy.php' not found or unable to stat
[Mon Mar 02 01:39:44.981195 2026] [php:error] [pid 52847] [client 37.140.254.72:0] script '/domains/cccweb/go.php' not found or unable to stat
[Mon Mar 02 01:39:47.478625 2026] [php:error] [pid 52812] [client 91.230.225.211:0] script '/domains/ceonlinenews/inc.php' not found or unable to stat
[Mon Mar 02 01:39:47.855702 2026] [php:error] [pid 52812] [client 91.230.225.211:0] script '/domains/ceonlinenews/filemanager.php' not found or unable to stat
[Mon Mar 02 01:39:48.010139 2026] [php:error] [pid 52812] [client 91.230.225.211:0] script '/domains/ceonlinenews/cgi-bin/bypass.php' not found or unable to stat
[Mon Mar 02 01:39:48.986150 2026] [php:error] [pid 52812] [client 91.230.225.211:0] script '/domains/ceonlinenews/function.php' not found or unable to stat
[Mon Mar 02 01:39:49.288997 2026] [php:error] [pid 52812] [client 91.230.225.211:0] script '/domains/ceonlinenews/wp-signup.php' not found or unable to stat
[Mon Mar 02 01:39:49.834953 2026] [php:error] [pid 52812] [client 91.230.225.211:0] script '/domains/ceonlinenews/wp-blog.php' not found or unable to stat
[Mon Mar 02 01:39:50.508206 2026] [php:error] [pid 52812] [client 91.230.225.211:0] script '/domains/ceonlinenews/wp-l0gin.php' not found or unable to stat
[Mon Mar 02 01:39:50.845856 2026] [php:error] [pid 52812] [client 91.230.225.211:0] script '/domains/ceonlinenews/new.php' not found or unable to stat
[Mon Mar 02 01:39:51.052577 2026] [php:error] [pid 52847] [client 37.140.254.72:0] script '/domains/cccweb/hehehehe.php' not found or unable to stat
[Mon Mar 02 01:39:51.392133 2026] [php:error] [pid 52812] [client 91.230.225.211:0] script '/domains/ceonlinenews/images/DJP9.php' not found or unable to stat
[Mon Mar 02 01:39:52.029602 2026] [php:error] [pid 52812] [client 91.230.225.211:0] script '/domains/ceonlinenews/natural.php' not found or unable to stat
[Mon Mar 02 01:39:52.185744 2026] [php:error] [pid 52812] [client 91.230.225.211:0] script '/domains/ceonlinenews/item.php' not found or unable to stat
[Mon Mar 02 01:39:54.668621 2026] [php:error] [pid 52843] [client 185.192.71.43:0] script '/domains/ceonlinenews/default.php' not found or unable to stat
[Mon Mar 02 01:39:55.870703 2026] [php:error] [pid 52843] [client 185.192.71.43:0] script '/domains/ceonlinenews/dropdown.php' not found or unable to stat
[Mon Mar 02 01:39:56.022967 2026] [php:error] [pid 52843] [client 185.192.71.43:0] script '/domains/ceonlinenews/images/admin.php' not found or unable to stat
[Mon Mar 02 01:39:56.172978 2026] [php:error] [pid 52843] [client 185.192.71.43:0] script '/domains/ceonlinenews/db.php' not found or unable to stat
[Mon Mar 02 01:39:57.969283 2026] [php:error] [pid 52843] [client 185.192.71.43:0] script '/domains/ceonlinenews/install.php' not found or unable to stat
[Mon Mar 02 01:39:58.540006 2026] [php:error] [pid 52843] [client 185.192.71.43:0] script '/domains/ceonlinenews/images/class-config.php' not found or unable to stat
[Mon Mar 02 01:39:59.030418 2026] [php:error] [pid 52843] [client 185.192.71.43:0] script '/domains/ceonlinenews/bypass.php' not found or unable to stat
[Mon Mar 02 01:39:59.286771 2026] [php:error] [pid 52843] [client 185.192.71.43:0] script '/domains/ceonlinenews/class.php' not found or unable to stat
[Mon Mar 02 01:40:00.804068 2026] [php:error] [pid 52847] [client 37.140.254.89:0] script '/domains/cccweb/byp.php' not found or unable to stat
[Mon Mar 02 01:40:00.910503 2026] [php:error] [pid 52843] [client 185.192.71.43:0] script '/domains/ceonlinenews/init.php' not found or unable to stat
[Mon Mar 02 01:40:01.669366 2026] [php:error] [pid 52843] [client 185.192.71.43:0] script '/domains/ceonlinenews/assets/index.php' not found or unable to stat
[Mon Mar 02 01:40:02.512023 2026] [php:error] [pid 52843] [client 185.192.71.43:0] script '/domains/ceonlinenews/adminfuns.php' not found or unable to stat
[Mon Mar 02 01:40:02.952574 2026] [php:error] [pid 52843] [client 185.192.71.43:0] script '/domains/ceonlinenews/wp_wlx.php' not found or unable to stat
[Mon Mar 02 01:40:03.495742 2026] [php:error] [pid 52843] [client 185.192.71.43:0] script '/domains/ceonlinenews/wp.php' not found or unable to stat
[Mon Mar 02 01:40:03.986679 2026] [php:error] [pid 52843] [client 185.192.71.43:0] script '/domains/ceonlinenews/wp-header.php' not found or unable to stat
[Mon Mar 02 01:40:04.309322 2026] [php:error] [pid 52847] [client 37.140.254.89:0] script '/domains/cccweb/class.api.php' not found or unable to stat
[Mon Mar 02 01:40:04.311692 2026] [php:error] [pid 52843] [client 185.192.71.43:0] script '/domains/ceonlinenews/Marvins.php' not found or unable to stat
[Mon Mar 02 01:40:04.693463 2026] [php:error] [pid 52843] [client 185.192.71.43:0] script '/domains/ceonlinenews/wp-class.php' not found or unable to stat
[Mon Mar 02 01:40:05.063161 2026] [php:error] [pid 52843] [client 185.192.71.43:0] script '/domains/ceonlinenews/xx.php' not found or unable to stat
[Mon Mar 02 01:40:05.245561 2026] [php:error] [pid 52843] [client 185.192.71.43:0] script '/domains/ceonlinenews/autoload_classmap.php' not found or unable to stat
[Mon Mar 02 01:40:05.292219 2026] [php:error] [pid 52847] [client 37.140.254.89:0] script '/domains/cccweb/system_log.php' not found or unable to stat
[Mon Mar 02 01:40:05.616498 2026] [php:error] [pid 52847] [client 37.140.254.89:0] script '/domains/cccweb/.alf.php' not found or unable to stat
[Mon Mar 02 01:40:05.768006 2026] [php:error] [pid 52843] [client 185.192.71.43:0] script '/domains/ceonlinenews/content.php' not found or unable to stat
[Mon Mar 02 01:40:05.999738 2026] [php:error] [pid 52847] [client 37.140.254.89:0] script '/domains/cccweb/wso.php' not found or unable to stat
[Mon Mar 02 01:40:06.665917 2026] [php:error] [pid 52847] [client 37.140.254.89:0] script '/domains/cccweb/flower.php' not found or unable to stat
[Mon Mar 02 01:40:07.960670 2026] [php:error] [pid 52847] [client 37.140.254.89:0] script '/domains/cccweb/ioxi-o.php' not found or unable to stat
[Mon Mar 02 01:40:08.092692 2026] [php:error] [pid 52843] [client 185.192.71.43:0] script '/domains/ceonlinenews/images/class.php' not found or unable to stat
[Mon Mar 02 01:40:08.295629 2026] [php:error] [pid 52847] [client 37.140.254.89:0] script '/domains/cccweb/info.php' not found or unable to stat
[Mon Mar 02 01:40:08.420214 2026] [php:error] [pid 52843] [client 185.192.71.43:0] script '/domains/ceonlinenews/web.php' not found or unable to stat
[Mon Mar 02 01:40:08.618441 2026] [php:error] [pid 52847] [client 37.140.254.89:0] script '/domains/cccweb/setup.php' not found or unable to stat
[Mon Mar 02 01:40:08.763300 2026] [php:error] [pid 52843] [client 185.192.71.43:0] script '/domains/ceonlinenews/images/index.php' not found or unable to stat
[Mon Mar 02 01:40:09.873895 2026] [php:error] [pid 52843] [client 185.192.71.43:0] script '/domains/ceonlinenews/wp-trackback.php' not found or unable to stat
[Mon Mar 02 01:40:10.213919 2026] [php:error] [pid 52843] [client 185.192.71.43:0] script '/domains/ceonlinenews/radio.php' not found or unable to stat
[Mon Mar 02 01:40:10.525619 2026] [php:error] [pid 52847] [client 37.140.254.89:0] script '/domains/cccweb/as.php' not found or unable to stat
[Mon Mar 02 01:40:10.869326 2026] [php:error] [pid 52847] [client 37.140.254.89:0] script '/domains/cccweb/cc.php' not found or unable to stat
[Mon Mar 02 01:40:11.234425 2026] [php:error] [pid 52843] [client 185.192.71.43:0] script '/domains/ceonlinenews/wp-conflg.php' not found or unable to stat
[Mon Mar 02 01:40:11.463720 2026] [php:error] [pid 52843] [client 185.192.71.43:0] script '/domains/ceonlinenews/wp-setup.php' not found or unable to stat
[Mon Mar 02 01:40:11.529288 2026] [php:error] [pid 52847] [client 37.140.254.89:0] script '/domains/cccweb/ab.php' not found or unable to stat
[Mon Mar 02 01:40:11.629618 2026] [php:error] [pid 52843] [client 185.192.71.43:0] script '/domains/ceonlinenews/ms-themes.php' not found or unable to stat
[Mon Mar 02 01:40:11.981801 2026] [php:error] [pid 52843] [client 185.192.71.43:0] script '/domains/ceonlinenews/style.php' not found or unable to stat
[Mon Mar 02 01:40:12.473576 2026] [php:error] [pid 52847] [client 37.140.254.89:0] script '/domains/cccweb/doc.php' not found or unable to stat
[Mon Mar 02 01:40:12.500970 2026] [php:error] [pid 52843] [client 185.192.71.43:0] script '/domains/ceonlinenews/x.php' not found or unable to stat
[Mon Mar 02 01:40:13.031525 2026] [php:error] [pid 52843] [client 185.192.71.43:0] script '/domains/ceonlinenews/images/index22.php' not found or unable to stat
[Mon Mar 02 01:40:13.219978 2026] [php:error] [pid 52843] [client 185.192.71.43:0] script '/domains/ceonlinenews/wp-user.php' not found or unable to stat
[Mon Mar 02 01:40:13.458869 2026] [php:error] [pid 52847] [client 37.140.254.89:0] script '/domains/cccweb/wp-login.php' not found or unable to stat
[Mon Mar 02 01:40:13.711606 2026] [php:error] [pid 52843] [client 185.192.71.43:0] script '/domains/ceonlinenews/config.php' not found or unable to stat
[Mon Mar 02 01:40:13.858789 2026] [php:error] [pid 52847] [client 37.140.254.89:0] script '/domains/cccweb/mar.php' not found or unable to stat
[Mon Mar 02 01:40:13.896929 2026] [php:error] [pid 52843] [client 185.192.71.43:0] script '/domains/ceonlinenews/special.php' not found or unable to stat
[Mon Mar 02 01:40:14.052336 2026] [php:error] [pid 52843] [client 185.192.71.43:0] script '/domains/ceonlinenews/assets/script.js.php' not found or unable to stat
[Mon Mar 02 01:40:14.815701 2026] [php:error] [pid 52847] [client 37.140.254.89:0] script '/domains/cccweb/1.php' not found or unable to stat
[Mon Mar 02 01:40:15.281161 2026] [php:error] [pid 52849] [client 91.230.225.211:0] script '/domains/ceonlinenews/cgi-bin/class.api.php' not found or unable to stat
[Mon Mar 02 01:40:15.950128 2026] [php:error] [pid 52849] [client 91.230.225.211:0] script '/domains/ceonlinenews/webdb.php' not found or unable to stat
[Mon Mar 02 01:40:16.311676 2026] [php:error] [pid 52849] [client 91.230.225.211:0] script '/domains/ceonlinenews/file2.php' not found or unable to stat
[Mon Mar 02 01:40:16.637786 2026] [php:error] [pid 52849] [client 91.230.225.211:0] script '/domains/ceonlinenews/alfa.php' not found or unable to stat
[Mon Mar 02 01:40:18.041061 2026] [php:error] [pid 52849] [client 91.230.225.211:0] script '/domains/ceonlinenews/edit.php' not found or unable to stat
[Mon Mar 02 01:40:18.066913 2026] [php:error] [pid 52847] [client 37.140.254.89:0] script '/domains/cccweb/fm.php' not found or unable to stat
[Mon Mar 02 01:40:18.436188 2026] [php:error] [pid 52849] [client 91.230.225.211:0] script '/domains/ceonlinenews/cgi-bin/autoload_classmap.php' not found or unable to stat
[Mon Mar 02 01:40:18.620291 2026] [php:error] [pid 52849] [client 91.230.225.211:0] script '/domains/ceonlinenews/wp-links-opml.php' not found or unable to stat
[Mon Mar 02 01:40:19.046310 2026] [php:error] [pid 52849] [client 91.230.225.211:0] script '/domains/ceonlinenews/atomlib.php' not found or unable to stat
[Mon Mar 02 01:40:19.376372 2026] [php:error] [pid 52847] [client 37.140.254.89:0] script '/domains/cccweb/ini.php' not found or unable to stat
[Mon Mar 02 01:40:20.350564 2026] [php:error] [pid 52849] [client 91.230.225.211:0] script '/domains/ceonlinenews/xp.php' not found or unable to stat
[Mon Mar 02 01:40:20.876945 2026] [php:error] [pid 52849] [client 91.230.225.211:0] script '/domains/ceonlinenews/wp-links.php' not found or unable to stat
[Mon Mar 02 01:40:23.087273 2026] [php:error] [pid 52842] [client 37.140.254.91:0] script '/domains/cccweb/wp-content.php' not found or unable to stat
[Mon Mar 02 01:40:23.249042 2026] [php:error] [pid 52849] [client 91.230.225.211:0] script '/domains/ceonlinenews/moon.php' not found or unable to stat
[Mon Mar 02 01:40:23.815398 2026] [php:error] [pid 52849] [client 91.230.225.211:0] script '/domains/ceonlinenews/webadmin.php' not found or unable to stat
[Mon Mar 02 01:40:24.284044 2026] [php:error] [pid 52849] [client 91.230.225.211:0] script '/domains/ceonlinenews/xl2023.php' not found or unable to stat
[Mon Mar 02 01:40:24.542453 2026] [php:error] [pid 52849] [client 91.230.225.211:0] script '/domains/ceonlinenews/go.php' not found or unable to stat
[Mon Mar 02 01:40:24.854638 2026] [php:error] [pid 52842] [client 37.140.254.91:0] script '/domains/cccweb/customize.php' not found or unable to stat
[Mon Mar 02 01:40:25.204550 2026] [php:error] [pid 52842] [client 37.140.254.91:0] script '/domains/cccweb/license.php' not found or unable to stat
[Mon Mar 02 01:40:25.636386 2026] [php:error] [pid 52847] [client 20.89.52.173:0] script '/domains/king1969/inputs.php' not found or unable to stat
[Mon Mar 02 01:40:25.800843 2026] [php:error] [pid 52847] [client 20.89.52.173:0] script '/domains/king1969/ioxi-o.php' not found or unable to stat
[Mon Mar 02 01:40:25.861435 2026] [php:error] [pid 52842] [client 37.140.254.91:0] script '/domains/cccweb/lock.php' not found or unable to stat
[Mon Mar 02 01:40:25.869444 2026] [php:error] [pid 52849] [client 91.230.225.211:0] script '/domains/ceonlinenews/cgi-bin/index.php' not found or unable to stat
[Mon Mar 02 01:40:26.130956 2026] [php:error] [pid 52847] [client 20.89.52.173:0] script '/domains/king1969/rip.php' not found or unable to stat
[Mon Mar 02 01:40:26.295596 2026] [php:error] [pid 52847] [client 20.89.52.173:0] script '/domains/king1969/admin.php' not found or unable to stat
[Mon Mar 02 01:40:26.625997 2026] [php:error] [pid 52847] [client 20.89.52.173:0] script '/domains/king1969/cache.php' not found or unable to stat
[Mon Mar 02 01:40:26.790664 2026] [php:error] [pid 52847] [client 20.89.52.173:0] script '/domains/king1969/themes.php' not found or unable to stat
[Mon Mar 02 01:40:26.955079 2026] [php:error] [pid 52847] [client 20.89.52.173:0] script '/domains/king1969/an.php' not found or unable to stat
[Mon Mar 02 01:40:27.471724 2026] [php:error] [pid 52847] [client 20.89.52.173:0] script '/domains/king1969/ws.php' not found or unable to stat
[Mon Mar 02 01:40:27.636322 2026] [php:error] [pid 52847] [client 20.89.52.173:0] script '/domains/king1969/404.php' not found or unable to stat
[Mon Mar 02 01:40:27.966688 2026] [php:error] [pid 52847] [client 20.89.52.173:0] script '/domains/king1969/wp-conf.php' not found or unable to stat
[Mon Mar 02 01:40:28.090056 2026] [php:error] [pid 52842] [client 37.140.254.91:0] script '/domains/cccweb/wp-good.php' not found or unable to stat
[Mon Mar 02 01:40:28.297934 2026] [php:error] [pid 52847] [client 20.89.52.173:0] script '/domains/king1969/wp-login.php' not found or unable to stat
[Mon Mar 02 01:40:28.366261 2026] [php:error] [pid 52849] [client 91.230.225.211:0] script '/domains/ceonlinenews/hehehehe.php' not found or unable to stat
[Mon Mar 02 01:40:28.462605 2026] [php:error] [pid 52847] [client 20.89.52.173:0] script '/domains/king1969/abc.php' not found or unable to stat
[Mon Mar 02 01:40:28.627735 2026] [php:error] [pid 52847] [client 20.89.52.173:0] script '/domains/king1969/abcd.php' not found or unable to stat
[Mon Mar 02 01:40:28.792002 2026] [php:error] [pid 52847] [client 20.89.52.173:0] script '/domains/king1969/as.php' not found or unable to stat
[Mon Mar 02 01:40:28.956733 2026] [php:error] [pid 52847] [client 20.89.52.173:0] script '/domains/king1969/wp-trackback.php' not found or unable to stat
[Mon Mar 02 01:40:29.124987 2026] [php:error] [pid 52847] [client 20.89.52.173:0] script '/domains/king1969/about.php' not found or unable to stat
[Mon Mar 02 01:40:29.299288 2026] [php:error] [pid 52847] [client 20.89.52.173:0] script '/domains/king1969/file.php' not found or unable to stat
[Mon Mar 02 01:40:29.464593 2026] [php:error] [pid 52847] [client 20.89.52.173:0] script '/domains/king1969/adminfuns.php' not found or unable to stat
[Mon Mar 02 01:40:29.629483 2026] [php:error] [pid 52847] [client 20.89.52.173:0] script '/domains/king1969/wp-good.php' not found or unable to stat
[Mon Mar 02 01:40:29.794750 2026] [php:error] [pid 52847] [client 20.89.52.173:0] script '/domains/king1969/xmlrpc.php' not found or unable to stat
[Mon Mar 02 01:40:29.959374 2026] [php:error] [pid 52847] [client 20.89.52.173:0] script '/domains/king1969/goods.php' not found or unable to stat
[Mon Mar 02 01:40:30.123660 2026] [php:error] [pid 52847] [client 20.89.52.173:0] script '/domains/king1969/class-t.api.php' not found or unable to stat
[Mon Mar 02 01:40:30.288496 2026] [php:error] [pid 52847] [client 20.89.52.173:0] script '/domains/king1969/sf.php' not found or unable to stat
[Mon Mar 02 01:40:30.454176 2026] [php:error] [pid 52847] [client 20.89.52.173:0] script '/domains/king1969/kbfr.php' not found or unable to stat
[Mon Mar 02 01:40:30.632887 2026] [php:error] [pid 52847] [client 20.89.52.173:0] script '/domains/king1969/autoload_classmap.php' not found or unable to stat
[Mon Mar 02 01:40:30.712789 2026] [php:error] [pid 52842] [client 37.140.254.91:0] script '/domains/cccweb/ff2.php' not found or unable to stat
[Mon Mar 02 01:40:30.797369 2026] [php:error] [pid 52847] [client 20.89.52.173:0] script '/domains/king1969/chosen.php' not found or unable to stat
[Mon Mar 02 01:40:30.961726 2026] [php:error] [pid 52847] [client 20.89.52.173:0] script '/domains/king1969/classwithtostring.php' not found or unable to stat
[Mon Mar 02 01:40:31.128169 2026] [php:error] [pid 52847] [client 20.89.52.173:0] script '/domains/king1969/defaults.php' not found or unable to stat
[Mon Mar 02 01:40:31.642631 2026] [php:error] [pid 52847] [client 20.89.52.173:0] script '/domains/king1969/info.php' not found or unable to stat
[Mon Mar 02 01:40:31.963113 2026] [php:error] [pid 52842] [client 37.140.254.91:0] script '/domains/cccweb/jp.php' not found or unable to stat
[Mon Mar 02 01:40:32.350774 2026] [php:error] [pid 52842] [client 37.140.254.91:0] script '/domains/cccweb/wp-atom.php' not found or unable to stat
[Mon Mar 02 01:40:33.060782 2026] [php:error] [pid 52842] [client 37.140.254.91:0] script '/domains/cccweb/up.php' not found or unable to stat
[Mon Mar 02 01:40:33.397241 2026] [php:error] [pid 52854] [client 185.192.71.58:0] script '/domains/ceonlinenews/byp.php' not found or unable to stat
[Mon Mar 02 01:40:33.982879 2026] [php:error] [pid 52801] [client 82.156.91.194:0] script '/domains/brenties/ygrf.php' not found or unable to stat, referer: http://audiotubes.com/ygrf.php?id=online-id-card-maker-0t7y3s3uc7.pdf
[Mon Mar 02 01:40:34.520206 2026] [php:error] [pid 52854] [client 185.192.71.58:0] script '/domains/ceonlinenews/cgi-bin/install.php' not found or unable to stat
[Mon Mar 02 01:40:34.980121 2026] [php:error] [pid 52854] [client 185.192.71.58:0] script '/domains/ceonlinenews/class.api.php' not found or unable to stat
[Mon Mar 02 01:40:35.145486 2026] [php:error] [pid 52842] [client 37.140.254.91:0] script '/domains/cccweb/worm.PhP' not found or unable to stat
[Mon Mar 02 01:40:35.502744 2026] [php:error] [pid 52854] [client 185.192.71.58:0] script '/domains/ceonlinenews/system_log.php' not found or unable to stat
[Mon Mar 02 01:40:35.640756 2026] [php:error] [pid 52842] [client 37.140.254.91:0] script '/domains/cccweb/ext.php' not found or unable to stat
[Mon Mar 02 01:40:35.658552 2026] [php:error] [pid 52854] [client 185.192.71.58:0] script '/domains/ceonlinenews/.alf.php' not found or unable to stat
[Mon Mar 02 01:40:35.855809 2026] [php:error] [pid 52854] [client 185.192.71.58:0] script '/domains/ceonlinenews/wso.php' not found or unable to stat
[Mon Mar 02 01:40:35.935449 2026] [php:error] [pid 52842] [client 37.140.254.91:0] script '/domains/cccweb/delpaths.php' not found or unable to stat
[Mon Mar 02 01:40:36.179887 2026] [php:error] [pid 52854] [client 185.192.71.58:0] script '/domains/ceonlinenews/flower.php' not found or unable to stat
[Mon Mar 02 01:40:36.888839 2026] [php:error] [pid 52854] [client 185.192.71.58:0] script '/domains/ceonlinenews/ioxi-o.php' not found or unable to stat
[Mon Mar 02 01:40:37.038141 2026] [php:error] [pid 52854] [client 185.192.71.58:0] script '/domains/ceonlinenews/info.php' not found or unable to stat
[Mon Mar 02 01:40:37.260131 2026] [php:error] [pid 52854] [client 185.192.71.58:0] script '/domains/ceonlinenews/setup.php' not found or unable to stat
[Mon Mar 02 01:40:38.029333 2026] [php:error] [pid 52842] [client 37.140.254.91:0] script '/domains/cccweb/gifclass.php' not found or unable to stat
[Mon Mar 02 01:40:38.250948 2026] [php:error] [pid 52854] [client 185.192.71.58:0] script '/domains/ceonlinenews/as.php' not found or unable to stat
[Mon Mar 02 01:40:38.333070 2026] [php:error] [pid 52842] [client 37.140.254.91:0] script '/domains/cccweb/plugin.php' not found or unable to stat
[Mon Mar 02 01:40:38.409773 2026] [php:error] [pid 52854] [client 185.192.71.58:0] script '/domains/ceonlinenews/cc.php' not found or unable to stat
[Mon Mar 02 01:40:38.751433 2026] [php:error] [pid 52854] [client 185.192.71.58:0] script '/domains/ceonlinenews/ab.php' not found or unable to stat
[Mon Mar 02 01:40:39.018565 2026] [php:error] [pid 52842] [client 37.140.254.91:0] script '/domains/cccweb/update-core.php' not found or unable to stat
[Mon Mar 02 01:40:39.254261 2026] [php:error] [pid 52854] [client 185.192.71.58:0] script '/domains/ceonlinenews/doc.php' not found or unable to stat
[Mon Mar 02 01:40:39.617846 2026] [php:error] [pid 52842] [client 37.140.254.91:0] script '/domains/cccweb/wp-mail.php' not found or unable to stat
[Mon Mar 02 01:40:39.876307 2026] [php:error] [pid 52854] [client 185.192.71.58:0] script '/domains/ceonlinenews/wp-login.php' not found or unable to stat
[Mon Mar 02 01:40:40.034460 2026] [php:error] [pid 52854] [client 185.192.71.58:0] script '/domains/ceonlinenews/mar.php' not found or unable to stat
[Mon Mar 02 01:40:40.667943 2026] [php:error] [pid 52854] [client 185.192.71.58:0] script '/domains/ceonlinenews/1.php' not found or unable to stat
[Mon Mar 02 01:40:42.205361 2026] [php:error] [pid 52854] [client 185.192.71.58:0] script '/domains/ceonlinenews/fm.php' not found or unable to stat
[Mon Mar 02 01:40:43.060199 2026] [php:error] [pid 52854] [client 185.192.71.58:0] script '/domains/ceonlinenews/ini.php' not found or unable to stat
[Mon Mar 02 01:40:43.453026 2026] [php:error] [pid 52862] [client 37.140.254.89:0] script '/domains/cccweb/aa.php' not found or unable to stat
[Mon Mar 02 01:40:43.767088 2026] [php:error] [pid 52862] [client 37.140.254.89:0] script '/domains/cccweb/index2.php' not found or unable to stat
[Mon Mar 02 01:40:45.118951 2026] [php:error] [pid 52801] [client 185.192.71.50:0] script '/domains/ceonlinenews/wp-content.php' not found or unable to stat
[Mon Mar 02 01:40:45.532598 2026] [php:error] [pid 52862] [client 37.140.254.89:0] script '/domains/cccweb/shell.php' not found or unable to stat
[Mon Mar 02 01:40:46.439283 2026] [php:error] [pid 52801] [client 185.192.71.50:0] script '/domains/ceonlinenews/customize.php' not found or unable to stat
[Mon Mar 02 01:40:46.585544 2026] [php:error] [pid 52801] [client 185.192.71.50:0] script '/domains/ceonlinenews/license.php' not found or unable to stat
[Mon Mar 02 01:40:46.905867 2026] [php:error] [pid 52801] [client 185.192.71.50:0] script '/domains/ceonlinenews/lock.php' not found or unable to stat
[Mon Mar 02 01:40:47.204564 2026] [php:error] [pid 52862] [client 37.140.254.89:0] script '/domains/cccweb/hehe.php' not found or unable to stat
[Mon Mar 02 01:40:48.229125 2026] [php:error] [pid 52862] [client 37.140.254.89:0] script '/domains/cccweb/dir.php' not found or unable to stat
[Mon Mar 02 01:40:48.631680 2026] [php:error] [pid 52801] [client 185.192.71.50:0] script '/domains/ceonlinenews/wp-good.php' not found or unable to stat
[Mon Mar 02 01:40:49.527129 2026] [php:error] [pid 52862] [client 37.140.254.89:0] script '/domains/cccweb/nf_tracking.php' not found or unable to stat
[Mon Mar 02 01:40:50.111800 2026] [php:error] [pid 52801] [client 185.192.71.50:0] script '/domains/ceonlinenews/ff2.php' not found or unable to stat
[Mon Mar 02 01:40:50.248563 2026] [php:error] [pid 52862] [client 37.140.254.89:0] script '/domains/cccweb/filefuns.php' not found or unable to stat
[Mon Mar 02 01:40:50.883818 2026] [php:error] [pid 52801] [client 185.192.71.50:0] script '/domains/ceonlinenews/jp.php' not found or unable to stat
[Mon Mar 02 01:40:50.889947 2026] [php:error] [pid 52862] [client 37.140.254.89:0] script '/domains/cccweb/l.php' not found or unable to stat
[Mon Mar 02 01:40:51.049561 2026] [php:error] [pid 52801] [client 185.192.71.50:0] script '/domains/ceonlinenews/wp-atom.php' not found or unable to stat
[Mon Mar 02 01:40:51.222720 2026] [php:error] [pid 52862] [client 37.140.254.89:0] script '/domains/cccweb/repeater.php' not found or unable to stat
[Mon Mar 02 01:40:51.416590 2026] [php:error] [pid 52801] [client 185.192.71.50:0] script '/domains/ceonlinenews/up.php' not found or unable to stat
[Mon Mar 02 01:40:52.303507 2026] [php:error] [pid 52862] [client 37.140.254.89:0] script '/domains/cccweb/contacts.php' not found or unable to stat
[Mon Mar 02 01:40:52.364565 2026] [php:error] [pid 52801] [client 185.192.71.50:0] script '/domains/ceonlinenews/worm.PhP' not found or unable to stat
[Mon Mar 02 01:40:52.532652 2026] [php:error] [pid 52801] [client 185.192.71.50:0] script '/domains/ceonlinenews/ext.php' not found or unable to stat
[Mon Mar 02 01:40:52.610541 2026] [php:error] [pid 52862] [client 37.140.254.89:0] script '/domains/cccweb/wsa.php' not found or unable to stat
[Mon Mar 02 01:40:52.688853 2026] [php:error] [pid 52801] [client 185.192.71.50:0] script '/domains/ceonlinenews/delpaths.php' not found or unable to stat
[Mon Mar 02 01:40:54.058147 2026] [php:error] [pid 52801] [client 185.192.71.50:0] script '/domains/ceonlinenews/gifclass.php' not found or unable to stat
[Mon Mar 02 01:40:54.278689 2026] [php:error] [pid 52801] [client 185.192.71.50:0] script '/domains/ceonlinenews/plugin.php' not found or unable to stat
[Mon Mar 02 01:40:54.303687 2026] [php:error] [pid 52862] [client 37.140.254.89:0] script '/domains/cccweb/lv.php' not found or unable to stat
[Mon Mar 02 01:40:54.627203 2026] [php:error] [pid 52862] [client 37.140.254.89:0] script '/domains/cccweb/images/js1.php' not found or unable to stat
[Mon Mar 02 01:40:54.660576 2026] [php:error] [pid 52801] [client 185.192.71.50:0] script '/domains/ceonlinenews/update-core.php' not found or unable to stat
[Mon Mar 02 01:40:55.158051 2026] [php:error] [pid 52801] [client 185.192.71.50:0] script '/domains/ceonlinenews/wp-mail.php' not found or unable to stat
[Mon Mar 02 01:40:57.128045 2026] [php:error] [pid 52847] [client 91.230.225.220:0] script '/domains/ceonlinenews/assets/bypass.php' not found or unable to stat
[Mon Mar 02 01:40:57.301776 2026] [php:error] [pid 52847] [client 91.230.225.220:0] script '/domains/ceonlinenews/aa.php' not found or unable to stat
[Mon Mar 02 01:40:57.524426 2026] [php:error] [pid 52847] [client 91.230.225.220:0] script '/domains/ceonlinenews/index2.php' not found or unable to stat
[Mon Mar 02 01:40:58.417406 2026] [php:error] [pid 52847] [client 91.230.225.220:0] script '/domains/ceonlinenews/shell.php' not found or unable to stat
[Mon Mar 02 01:40:59.297353 2026] [php:error] [pid 52847] [client 91.230.225.220:0] script '/domains/ceonlinenews/hehe.php' not found or unable to stat
[Mon Mar 02 01:40:59.813074 2026] [php:error] [pid 52847] [client 91.230.225.220:0] script '/domains/ceonlinenews/dir.php' not found or unable to stat
[Mon Mar 02 01:40:59.818574 2026] [php:error] [pid 52858] [client 37.140.254.86:0] script '/domains/cccweb/tox.php' not found or unable to stat
[Mon Mar 02 01:41:00.564460 2026] [php:error] [pid 52847] [client 91.230.225.220:0] script '/domains/ceonlinenews/nf_tracking.php' not found or unable to stat
[Mon Mar 02 01:41:00.961312 2026] [php:error] [pid 52847] [client 91.230.225.220:0] script '/domains/ceonlinenews/filefuns.php' not found or unable to stat
[Mon Mar 02 01:41:01.175684 2026] [php:error] [pid 52858] [client 37.140.254.86:0] script '/domains/cccweb/tiny.php' not found or unable to stat
[Mon Mar 02 01:41:01.318536 2026] [php:error] [pid 52847] [client 91.230.225.220:0] script '/domains/ceonlinenews/l.php' not found or unable to stat
[Mon Mar 02 01:41:01.483096 2026] [php:error] [pid 52847] [client 91.230.225.220:0] script '/domains/ceonlinenews/repeater.php' not found or unable to stat
[Mon Mar 02 01:41:01.824169 2026] [php:error] [pid 52858] [client 37.140.254.86:0] script '/domains/cccweb/themes.php' not found or unable to stat
[Mon Mar 02 01:41:02.104656 2026] [php:error] [pid 52847] [client 91.230.225.220:0] script '/domains/ceonlinenews/contacts.php' not found or unable to stat
[Mon Mar 02 01:41:02.137798 2026] [php:error] [pid 52858] [client 37.140.254.86:0] script '/domains/cccweb/wp-themes.php' not found or unable to stat
[Mon Mar 02 01:41:02.284668 2026] [php:error] [pid 52847] [client 91.230.225.220:0] script '/domains/ceonlinenews/wsa.php' not found or unable to stat
[Mon Mar 02 01:41:03.031501 2026] [php:error] [pid 52858] [client 37.140.254.86:0] script '/domains/cccweb/mariju.php' not found or unable to stat
[Mon Mar 02 01:41:03.118910 2026] [php:error] [pid 52847] [client 91.230.225.220:0] script '/domains/ceonlinenews/lv.php' not found or unable to stat
[Mon Mar 02 01:41:03.290558 2026] [php:error] [pid 52847] [client 91.230.225.220:0] script '/domains/ceonlinenews/images/js1.php' not found or unable to stat
[Mon Mar 02 01:41:03.445334 2026] [php:error] [pid 52858] [client 37.140.254.86:0] script '/domains/cccweb/waf_defender.php' not found or unable to stat
[Mon Mar 02 01:41:04.101827 2026] [php:error] [pid 52858] [client 37.140.254.86:0] script '/domains/cccweb/av.php' not found or unable to stat
[Mon Mar 02 01:41:05.585335 2026] [php:error] [pid 52860] [client 185.192.71.48:0] script '/domains/ceonlinenews/tox.php' not found or unable to stat
[Mon Mar 02 01:41:06.238456 2026] [php:error] [pid 52860] [client 185.192.71.48:0] script '/domains/ceonlinenews/tiny.php' not found or unable to stat
[Mon Mar 02 01:41:06.551400 2026] [php:error] [pid 52860] [client 185.192.71.48:0] script '/domains/ceonlinenews/themes.php' not found or unable to stat
[Mon Mar 02 01:41:06.702002 2026] [php:error] [pid 52860] [client 185.192.71.48:0] script '/domains/ceonlinenews/wp-themes.php' not found or unable to stat
[Mon Mar 02 01:41:07.162436 2026] [php:error] [pid 52860] [client 185.192.71.48:0] script '/domains/ceonlinenews/mariju.php' not found or unable to stat
[Mon Mar 02 01:41:07.296184 2026] [php:error] [pid 52859] [client 37.140.254.97:0] script '/domains/cccweb/theme.php' not found or unable to stat
[Mon Mar 02 01:41:07.325094 2026] [php:error] [pid 52860] [client 185.192.71.48:0] script '/domains/ceonlinenews/waf_defender.php' not found or unable to stat
[Mon Mar 02 01:41:07.698288 2026] [php:error] [pid 52860] [client 185.192.71.48:0] script '/domains/ceonlinenews/av.php' not found or unable to stat
[Mon Mar 02 01:41:08.314212 2026] [php:error] [pid 52859] [client 37.140.254.97:0] script '/domains/cccweb/Simple.php' not found or unable to stat
[Mon Mar 02 01:41:09.728036 2026] [php:error] [pid 52862] [client 91.230.225.25:0] script '/domains/ceonlinenews/theme.php' not found or unable to stat
[Mon Mar 02 01:41:10.224730 2026] [php:error] [pid 52862] [client 91.230.225.25:0] script '/domains/ceonlinenews/Simple.php' not found or unable to stat
[Mon Mar 02 01:41:11.010697 2026] [php:error] [pid 52847] [client 37.140.254.62:0] script '/domains/cccweb/images/waf_defender.php' not found or unable to stat
[Mon Mar 02 01:41:11.639348 2026] [php:error] [pid 52847] [client 37.140.254.62:0] script '/domains/cccweb/small.php' not found or unable to stat
[Mon Mar 02 01:41:11.810865 2026] [php:error] [pid 52858] [client 185.192.71.54:0] script '/domains/ceonlinenews/images/waf_defender.php' not found or unable to stat
[Mon Mar 02 01:41:12.179286 2026] [php:error] [pid 52858] [client 185.192.71.54:0] script '/domains/ceonlinenews/small.php' not found or unable to stat
[Mon Mar 02 01:41:12.302282 2026] [php:error] [pid 52847] [client 37.140.254.62:0] script '/domains/cccweb/NewFile.php' not found or unable to stat
[Mon Mar 02 01:41:12.671229 2026] [php:error] [pid 52858] [client 185.192.71.54:0] script '/domains/ceonlinenews/NewFile.php' not found or unable to stat
[Mon Mar 02 01:41:12.996264 2026] [php:error] [pid 52847] [client 37.140.254.62:0] script '/domains/cccweb/error.php' not found or unable to stat
[Mon Mar 02 01:41:13.009911 2026] [php:error] [pid 52858] [client 185.192.71.54:0] script '/domains/ceonlinenews/error.php' not found or unable to stat
[Mon Mar 02 01:41:13.853001 2026] [php:error] [pid 52858] [client 185.192.71.54:0] script '/domains/ceonlinenews/wp-files.php' not found or unable to stat
[Mon Mar 02 01:41:14.051045 2026] [php:error] [pid 52858] [client 185.192.71.54:0] script '/domains/ceonlinenews/functions.php' not found or unable to stat
[Mon Mar 02 01:41:14.336456 2026] [php:error] [pid 52847] [client 37.140.254.62:0] script '/domains/cccweb/wp-files.php' not found or unable to stat
[Mon Mar 02 01:41:14.704261 2026] [php:error] [pid 52847] [client 37.140.254.62:0] script '/domains/cccweb/functions.php' not found or unable to stat
[Mon Mar 02 01:41:15.415882 2026] [php:error] [pid 52858] [client 185.192.71.54:0] script '/domains/ceonlinenews/aks.php' not found or unable to stat
[Mon Mar 02 01:41:15.577382 2026] [php:error] [pid 52858] [client 185.192.71.54:0] script '/domains/ceonlinenews/litespeed.php' not found or unable to stat
[Mon Mar 02 01:41:16.072567 2026] [php:error] [pid 52858] [client 185.192.71.54:0] script '/domains/ceonlinenews/wpn.php' not found or unable to stat
[Mon Mar 02 01:41:16.315548 2026] [php:error] [pid 52847] [client 37.140.254.62:0] script '/domains/cccweb/aks.php' not found or unable to stat
[Mon Mar 02 01:41:16.680980 2026] [php:error] [pid 52847] [client 37.140.254.62:0] script '/domains/cccweb/litespeed.php' not found or unable to stat
[Mon Mar 02 01:41:17.682453 2026] [php:error] [pid 52847] [client 37.140.254.62:0] script '/domains/cccweb/wpn.php' not found or unable to stat
[Mon Mar 02 01:41:20.130083 2026] [php:error] [pid 52862] [client 91.230.225.28:0] script '/domains/ceonlinenews/images/wp-aespa.php' not found or unable to stat
[Mon Mar 02 01:41:22.477079 2026] [php:error] [pid 52864] [client 20.151.11.236:0] script '/domains/homesbyaudrey1/gfile.php' not found or unable to stat
[Mon Mar 02 01:41:22.501384 2026] [php:error] [pid 52864] [client 20.151.11.236:0] script '/domains/homesbyaudrey1/swallowable.php' not found or unable to stat
[Mon Mar 02 01:41:22.525879 2026] [php:error] [pid 52864] [client 20.151.11.236:0] script '/domains/homesbyaudrey1/a2.php' not found or unable to stat
[Mon Mar 02 01:41:22.550027 2026] [php:error] [pid 52864] [client 20.151.11.236:0] script '/domains/homesbyaudrey1/sty.php' not found or unable to stat
[Mon Mar 02 01:41:22.574115 2026] [php:error] [pid 52864] [client 20.151.11.236:0] script '/domains/homesbyaudrey1/xxxx.php' not found or unable to stat
[Mon Mar 02 01:41:22.598824 2026] [php:error] [pid 52864] [client 20.151.11.236:0] script '/domains/homesbyaudrey1/h.php' not found or unable to stat
[Mon Mar 02 01:41:22.622814 2026] [php:error] [pid 52864] [client 20.151.11.236:0] script '/domains/homesbyaudrey1/g.php' not found or unable to stat
[Mon Mar 02 01:41:22.647151 2026] [php:error] [pid 52864] [client 20.151.11.236:0] script '/domains/homesbyaudrey1/pp.php' not found or unable to stat
[Mon Mar 02 01:41:22.671490 2026] [php:error] [pid 52864] [client 20.151.11.236:0] script '/domains/homesbyaudrey1/sys.php' not found or unable to stat
[Mon Mar 02 01:41:22.695645 2026] [php:error] [pid 52864] [client 20.151.11.236:0] script '/domains/homesbyaudrey1/txets.php' not found or unable to stat
[Mon Mar 02 01:41:22.720802 2026] [php:error] [pid 52864] [client 20.151.11.236:0] script '/domains/homesbyaudrey1/tt.php' not found or unable to stat
[Mon Mar 02 01:41:22.753999 2026] [php:error] [pid 52864] [client 20.151.11.236:0] script '/domains/homesbyaudrey1/wp9.php' not found or unable to stat
[Mon Mar 02 01:41:22.786105 2026] [php:error] [pid 52864] [client 20.151.11.236:0] script '/domains/homesbyaudrey1/path.php' not found or unable to stat
[Mon Mar 02 01:41:22.811800 2026] [php:error] [pid 52864] [client 20.151.11.236:0] script '/domains/homesbyaudrey1/wdf.php' not found or unable to stat
[Mon Mar 02 01:41:22.835758 2026] [php:error] [pid 52864] [client 20.151.11.236:0] script '/domains/homesbyaudrey1/fleen.php' not found or unable to stat
[Mon Mar 02 01:41:22.864829 2026] [php:error] [pid 52864] [client 20.151.11.236:0] script '/domains/homesbyaudrey1/wp-tem.php' not found or unable to stat
[Mon Mar 02 01:41:22.888906 2026] [php:error] [pid 52864] [client 20.151.11.236:0] script '/domains/homesbyaudrey1/av6m.php' not found or unable to stat
[Mon Mar 02 01:41:22.913249 2026] [php:error] [pid 52864] [client 20.151.11.236:0] script '/domains/homesbyaudrey1/autogooey.php' not found or unable to stat
[Mon Mar 02 01:41:22.937543 2026] [php:error] [pid 52864] [client 20.151.11.236:0] script '/domains/homesbyaudrey1/btx25.php' not found or unable to stat
[Mon Mar 02 01:41:22.962268 2026] [php:error] [pid 52864] [client 20.151.11.236:0] script '/domains/homesbyaudrey1/mga.php' not found or unable to stat
[Mon Mar 02 01:41:22.986534 2026] [php:error] [pid 52864] [client 20.151.11.236:0] script '/domains/homesbyaudrey1/maxro.php' not found or unable to stat
[Mon Mar 02 01:41:23.010739 2026] [php:error] [pid 52864] [client 20.151.11.236:0] script '/domains/homesbyaudrey1/agg.php' not found or unable to stat
[Mon Mar 02 01:41:23.036165 2026] [php:error] [pid 52864] [client 20.151.11.236:0] script '/domains/homesbyaudrey1/pass4.php' not found or unable to stat
[Mon Mar 02 01:41:23.060451 2026] [php:error] [pid 52864] [client 20.151.11.236:0] script '/domains/homesbyaudrey1/wsvvs.php' not found or unable to stat
[Mon Mar 02 01:41:23.093420 2026] [php:error] [pid 52864] [client 20.151.11.236:0] script '/domains/homesbyaudrey1/G-In.php' not found or unable to stat
[Mon Mar 02 01:41:23.118929 2026] [php:error] [pid 52864] [client 20.151.11.236:0] script '/domains/homesbyaudrey1/edit.php' not found or unable to stat
[Mon Mar 02 01:41:23.143206 2026] [php:error] [pid 52864] [client 20.151.11.236:0] script '/domains/homesbyaudrey1/ioxi-o.php' not found or unable to stat
[Mon Mar 02 01:41:23.192038 2026] [php:error] [pid 52864] [client 20.151.11.236:0] script '/domains/homesbyaudrey1/66.php' not found or unable to stat
[Mon Mar 02 01:41:23.241574 2026] [php:error] [pid 52864] [client 20.151.11.236:0] script '/domains/homesbyaudrey1/gifclass.php' not found or unable to stat
[Mon Mar 02 01:41:23.364633 2026] [php:error] [pid 52864] [client 20.151.11.236:0] script '/domains/homesbyaudrey1/sc.php' not found or unable to stat
[Mon Mar 02 01:41:23.388894 2026] [php:error] [pid 52864] [client 20.151.11.236:0] script '/domains/homesbyaudrey1/xmlrpc.php' not found or unable to stat
[Mon Mar 02 01:41:23.415994 2026] [php:error] [pid 52864] [client 20.151.11.236:0] script '/domains/homesbyaudrey1/ol.php' not found or unable to stat
[Mon Mar 02 01:41:23.440641 2026] [php:error] [pid 52864] [client 20.151.11.236:0] script '/domains/homesbyaudrey1/f6.php' not found or unable to stat
[Mon Mar 02 01:41:23.499163 2026] [php:error] [pid 52864] [client 20.151.11.236:0] script '/domains/homesbyaudrey1/inputs.php' not found or unable to stat
[Mon Mar 02 01:41:23.523941 2026] [php:error] [pid 52864] [client 20.151.11.236:0] script '/domains/homesbyaudrey1/style.php' not found or unable to stat
[Mon Mar 02 01:41:23.548498 2026] [php:error] [pid 52864] [client 20.151.11.236:0] script '/domains/homesbyaudrey1/bgymj.php' not found or unable to stat
[Mon Mar 02 01:41:23.576704 2026] [php:error] [pid 52864] [client 20.151.11.236:0] script '/domains/homesbyaudrey1/aa.php' not found or unable to stat
[Mon Mar 02 01:41:23.601870 2026] [php:error] [pid 52864] [client 20.151.11.236:0] script '/domains/homesbyaudrey1/1.php' not found or unable to stat
[Mon Mar 02 01:41:23.627915 2026] [php:error] [pid 52864] [client 20.151.11.236:0] script '/domains/homesbyaudrey1/sc.php' not found or unable to stat
[Mon Mar 02 01:41:23.652911 2026] [php:error] [pid 52864] [client 20.151.11.236:0] script '/domains/homesbyaudrey1/av.php' not found or unable to stat
[Mon Mar 02 01:41:23.677292 2026] [php:error] [pid 52864] [client 20.151.11.236:0] script '/domains/homesbyaudrey1/file.php' not found or unable to stat
[Mon Mar 02 01:41:23.727524 2026] [php:error] [pid 52864] [client 20.151.11.236:0] script '/domains/homesbyaudrey1/666.php' not found or unable to stat
[Mon Mar 02 01:41:23.766994 2026] [php:error] [pid 52864] [client 20.151.11.236:0] script '/domains/homesbyaudrey1/file59.php' not found or unable to stat
[Mon Mar 02 01:41:23.792950 2026] [php:error] [pid 52864] [client 20.151.11.236:0] script '/domains/homesbyaudrey1/bless.php' not found or unable to stat
[Mon Mar 02 01:41:23.816891 2026] [php:error] [pid 52864] [client 20.151.11.236:0] script '/domains/homesbyaudrey1/wp9.php' not found or unable to stat
[Mon Mar 02 01:41:23.846529 2026] [php:error] [pid 52864] [client 20.151.11.236:0] script '/domains/homesbyaudrey1/wp-act.php' not found or unable to stat
[Mon Mar 02 01:41:23.870596 2026] [php:error] [pid 52864] [client 20.151.11.236:0] script '/domains/homesbyaudrey1/class-t.api.php' not found or unable to stat
[Mon Mar 02 01:41:23.894840 2026] [php:error] [pid 52864] [client 20.151.11.236:0] script '/domains/homesbyaudrey1/xqq.php' not found or unable to stat
[Mon Mar 02 01:41:23.942732 2026] [php:error] [pid 52864] [client 20.151.11.236:0] script '/domains/homesbyaudrey1/a.php' not found or unable to stat
[Mon Mar 02 01:41:23.979420 2026] [php:error] [pid 52864] [client 20.151.11.236:0] script '/domains/homesbyaudrey1/06.php' not found or unable to stat
[Mon Mar 02 01:41:24.006080 2026] [php:error] [pid 52864] [client 20.151.11.236:0] script '/domains/homesbyaudrey1/plss3.php' not found or unable to stat
[Mon Mar 02 01:41:24.011876 2026] [php:error] [pid 52862] [client 91.230.225.219:0] script '/domains/ceonlinenews/Sanskrit.php' not found or unable to stat
[Mon Mar 02 01:41:24.030457 2026] [php:error] [pid 52864] [client 20.151.11.236:0] script '/domains/homesbyaudrey1/aaa.php' not found or unable to stat
[Mon Mar 02 01:41:24.054781 2026] [php:error] [pid 52864] [client 20.151.11.236:0] script '/domains/homesbyaudrey1/classwithtostring.php' not found or unable to stat
[Mon Mar 02 01:41:24.110299 2026] [php:error] [pid 52864] [client 20.151.11.236:0] script '/domains/homesbyaudrey1/tinyfilemanager.php' not found or unable to stat
[Mon Mar 02 01:41:24.134892 2026] [php:error] [pid 52864] [client 20.151.11.236:0] script '/domains/homesbyaudrey1/x.php' not found or unable to stat
[Mon Mar 02 01:41:24.141250 2026] [php:error] [pid 52863] [client 37.140.254.60:0] script '/domains/cccweb/images/wp-aespa.php' not found or unable to stat
[Mon Mar 02 01:41:24.159194 2026] [php:error] [pid 52864] [client 20.151.11.236:0] script '/domains/homesbyaudrey1/ms.php' not found or unable to stat
[Mon Mar 02 01:41:24.203823 2026] [php:error] [pid 52862] [client 91.230.225.219:0] script '/domains/ceonlinenews/wp-fmfile.php' not found or unable to stat
[Mon Mar 02 01:41:24.207462 2026] [php:error] [pid 52864] [client 20.151.11.236:0] script '/domains/homesbyaudrey1/wdf.php' not found or unable to stat
[Mon Mar 02 01:41:24.231570 2026] [php:error] [pid 52864] [client 20.151.11.236:0] script '/domains/homesbyaudrey1/wp-update.php' not found or unable to stat
[Mon Mar 02 01:41:24.262547 2026] [php:error] [pid 52864] [client 20.151.11.236:0] script '/domains/homesbyaudrey1/sbhu.php' not found or unable to stat
[Mon Mar 02 01:41:24.311969 2026] [php:error] [pid 52864] [client 20.151.11.236:0] script '/domains/homesbyaudrey1/wp-blog.php' not found or unable to stat
[Mon Mar 02 01:41:24.335921 2026] [php:error] [pid 52864] [client 20.151.11.236:0] script '/domains/homesbyaudrey1/test1.php' not found or unable to stat
[Mon Mar 02 01:41:24.383862 2026] [php:error] [pid 52864] [client 20.151.11.236:0] script '/domains/homesbyaudrey1/166.php' not found or unable to stat
[Mon Mar 02 01:41:24.407882 2026] [php:error] [pid 52864] [client 20.151.11.236:0] script '/domains/homesbyaudrey1/fleen.php' not found or unable to stat
[Mon Mar 02 01:41:24.456662 2026] [php:error] [pid 52864] [client 20.151.11.236:0] script '/domains/homesbyaudrey1/ms-edit.php' not found or unable to stat
[Mon Mar 02 01:41:24.480745 2026] [php:error] [pid 52864] [client 20.151.11.236:0] script '/domains/homesbyaudrey1/adminfuns.php' not found or unable to stat
[Mon Mar 02 01:41:24.506411 2026] [php:error] [pid 52864] [client 20.151.11.236:0] script '/domains/homesbyaudrey1/goods.php' not found or unable to stat
[Mon Mar 02 01:41:24.530719 2026] [php:error] [pid 52864] [client 20.151.11.236:0] script '/domains/homesbyaudrey1/ms-edit.php' not found or unable to stat
[Mon Mar 02 01:41:24.554830 2026] [php:error] [pid 52864] [client 20.151.11.236:0] script '/domains/homesbyaudrey1/222.php' not found or unable to stat
[Mon Mar 02 01:41:24.579349 2026] [php:error] [pid 52864] [client 20.151.11.236:0] script '/domains/homesbyaudrey1/plugins.php' not found or unable to stat
[Mon Mar 02 01:41:24.665340 2026] [php:error] [pid 52864] [client 20.151.11.236:0] script '/domains/homesbyaudrey1/ff1.php' not found or unable to stat
[Mon Mar 02 01:41:24.689438 2026] [php:error] [pid 52864] [client 20.151.11.236:0] script '/domains/homesbyaudrey1/fff.php' not found or unable to stat
[Mon Mar 02 01:41:24.745741 2026] [php:error] [pid 52864] [client 20.151.11.236:0] script '/domains/homesbyaudrey1/goat.php' not found or unable to stat
[Mon Mar 02 01:41:24.769851 2026] [php:error] [pid 52864] [client 20.151.11.236:0] script '/domains/homesbyaudrey1/155.php' not found or unable to stat
[Mon Mar 02 01:41:24.794061 2026] [php:error] [pid 52864] [client 20.151.11.236:0] script '/domains/homesbyaudrey1/we.php' not found or unable to stat
[Mon Mar 02 01:41:24.818252 2026] [php:error] [pid 52864] [client 20.151.11.236:0] script '/domains/homesbyaudrey1/alpha.php' not found or unable to stat
[Mon Mar 02 01:41:24.842399 2026] [php:error] [pid 52864] [client 20.151.11.236:0] script '/domains/homesbyaudrey1/makeasmtp.php' not found or unable to stat
[Mon Mar 02 01:41:24.881185 2026] [php:error] [pid 52864] [client 20.151.11.236:0] script '/domains/homesbyaudrey1/wp-michan.php' not found or unable to stat
[Mon Mar 02 01:41:24.936736 2026] [php:error] [pid 52864] [client 20.151.11.236:0] script '/domains/homesbyaudrey1/wp-the.php' not found or unable to stat
[Mon Mar 02 01:41:24.990554 2026] [php:error] [pid 52864] [client 20.151.11.236:0] script '/domains/homesbyaudrey1/BDKR28WP.php' not found or unable to stat
[Mon Mar 02 01:41:25.017494 2026] [php:error] [pid 52862] [client 91.230.225.219:0] script '/domains/ceonlinenews/memberfuns.php' not found or unable to stat
[Mon Mar 02 01:41:25.039041 2026] [php:error] [pid 52864] [client 20.151.11.236:0] script '/domains/homesbyaudrey1/wp.php' not found or unable to stat
[Mon Mar 02 01:41:25.091233 2026] [php:error] [pid 52864] [client 20.151.11.236:0] script '/domains/homesbyaudrey1/w4.php' not found or unable to stat
[Mon Mar 02 01:41:25.170829 2026] [php:error] [pid 52866] [client 20.151.11.236:0] script '/domains/homesbyaudrey1/ok.php' not found or unable to stat
[Mon Mar 02 01:41:25.172025 2026] [php:error] [pid 52862] [client 91.230.225.219:0] script '/domains/ceonlinenews/infos.php' not found or unable to stat
[Mon Mar 02 01:41:25.194705 2026] [php:error] [pid 52866] [client 20.151.11.236:0] script '/domains/homesbyaudrey1/about.php' not found or unable to stat
[Mon Mar 02 01:41:25.218485 2026] [php:error] [pid 52866] [client 20.151.11.236:0] script '/domains/homesbyaudrey1/tymn.php' not found or unable to stat
[Mon Mar 02 01:41:25.242281 2026] [php:error] [pid 52866] [client 20.151.11.236:0] script '/domains/homesbyaudrey1/bak.php' not found or unable to stat
[Mon Mar 02 01:41:25.289768 2026] [php:error] [pid 52866] [client 20.151.11.236:0] script '/domains/homesbyaudrey1/fe5.php' not found or unable to stat
[Mon Mar 02 01:41:25.313504 2026] [php:error] [pid 52866] [client 20.151.11.236:0] script '/domains/homesbyaudrey1/kj.php' not found or unable to stat
[Mon Mar 02 01:41:25.364819 2026] [php:error] [pid 52866] [client 20.151.11.236:0] script '/domains/homesbyaudrey1/av.php' not found or unable to stat
[Mon Mar 02 01:41:25.389619 2026] [php:error] [pid 52866] [client 20.151.11.236:0] script '/domains/homesbyaudrey1/abcd.php' not found or unable to stat
[Mon Mar 02 01:41:25.413506 2026] [php:error] [pid 52866] [client 20.151.11.236:0] script '/domains/homesbyaudrey1/init.php' not found or unable to stat
