[Mon Mar 02 00:56:29.148315 2026] [php:error] [pid 52262] [client 74.248.24.167:0] script '/domains/wsmith.enteract/agg.php' not found or unable to stat
[Mon Mar 02 00:56:29.248486 2026] [php:error] [pid 52262] [client 74.248.24.167:0] script '/domains/wsmith.enteract/pass4.php' not found or unable to stat
[Mon Mar 02 00:56:29.348353 2026] [php:error] [pid 52262] [client 74.248.24.167:0] script '/domains/wsmith.enteract/wsvvs.php' not found or unable to stat
[Mon Mar 02 00:56:29.447945 2026] [php:error] [pid 52262] [client 74.248.24.167:0] script '/domains/wsmith.enteract/G-In.php' not found or unable to stat
[Mon Mar 02 00:56:29.547354 2026] [php:error] [pid 52262] [client 74.248.24.167:0] script '/domains/wsmith.enteract/edit.php' not found or unable to stat
[Mon Mar 02 00:56:29.646570 2026] [php:error] [pid 52262] [client 74.248.24.167:0] script '/domains/wsmith.enteract/ioxi-o.php' not found or unable to stat
[Mon Mar 02 00:56:29.843603 2026] [php:error] [pid 52262] [client 74.248.24.167:0] script '/domains/wsmith.enteract/66.php' not found or unable to stat
[Mon Mar 02 00:56:30.052353 2026] [php:error] [pid 52262] [client 74.248.24.167:0] script '/domains/wsmith.enteract/gifclass.php' not found or unable to stat
[Mon Mar 02 00:56:30.549687 2026] [php:error] [pid 52262] [client 74.248.24.167:0] script '/domains/wsmith.enteract/sc.php' not found or unable to stat
[Mon Mar 02 00:56:30.648758 2026] [php:error] [pid 52262] [client 74.248.24.167:0] script '/domains/wsmith.enteract/xmlrpc.php' not found or unable to stat
[Mon Mar 02 00:56:30.747411 2026] [php:error] [pid 52262] [client 74.248.24.167:0] script '/domains/wsmith.enteract/ol.php' not found or unable to stat
[Mon Mar 02 00:56:30.846515 2026] [php:error] [pid 52262] [client 74.248.24.167:0] script '/domains/wsmith.enteract/f6.php' not found or unable to stat
[Mon Mar 02 00:56:30.945307 2026] [php:error] [pid 52262] [client 74.248.24.167:0] script '/domains/wsmith.enteract/inputs.php' not found or unable to stat
[Mon Mar 02 00:56:31.044220 2026] [php:error] [pid 52262] [client 74.248.24.167:0] script '/domains/wsmith.enteract/style.php' not found or unable to stat
[Mon Mar 02 00:56:31.142911 2026] [php:error] [pid 52262] [client 74.248.24.167:0] script '/domains/wsmith.enteract/bgymj.php' not found or unable to stat
[Mon Mar 02 00:56:31.241856 2026] [php:error] [pid 52262] [client 74.248.24.167:0] script '/domains/wsmith.enteract/aa.php' not found or unable to stat
[Mon Mar 02 00:56:31.340296 2026] [php:error] [pid 52262] [client 74.248.24.167:0] script '/domains/wsmith.enteract/1.php' not found or unable to stat
[Mon Mar 02 00:56:31.442996 2026] [php:error] [pid 52262] [client 74.248.24.167:0] script '/domains/wsmith.enteract/sc.php' not found or unable to stat
[Mon Mar 02 00:56:31.541714 2026] [php:error] [pid 52262] [client 74.248.24.167:0] script '/domains/wsmith.enteract/av.php' not found or unable to stat
[Mon Mar 02 00:56:31.640384 2026] [php:error] [pid 52262] [client 74.248.24.167:0] script '/domains/wsmith.enteract/file.php' not found or unable to stat
[Mon Mar 02 00:56:31.740175 2026] [php:error] [pid 52262] [client 74.248.24.167:0] script '/domains/wsmith.enteract/666.php' not found or unable to stat
[Mon Mar 02 00:56:31.839012 2026] [php:error] [pid 52262] [client 74.248.24.167:0] script '/domains/wsmith.enteract/file59.php' not found or unable to stat
[Mon Mar 02 00:56:31.937876 2026] [php:error] [pid 52262] [client 74.248.24.167:0] script '/domains/wsmith.enteract/bless.php' not found or unable to stat
[Mon Mar 02 00:56:32.036265 2026] [php:error] [pid 52262] [client 74.248.24.167:0] script '/domains/wsmith.enteract/wp9.php' not found or unable to stat
[Mon Mar 02 00:56:32.135167 2026] [php:error] [pid 52262] [client 74.248.24.167:0] script '/domains/wsmith.enteract/wp-act.php' not found or unable to stat
[Mon Mar 02 00:56:32.234281 2026] [php:error] [pid 52262] [client 74.248.24.167:0] script '/domains/wsmith.enteract/class-t.api.php' not found or unable to stat
[Mon Mar 02 00:56:32.338452 2026] [php:error] [pid 52262] [client 74.248.24.167:0] script '/domains/wsmith.enteract/xqq.php' not found or unable to stat
[Mon Mar 02 00:56:32.535795 2026] [php:error] [pid 52262] [client 74.248.24.167:0] script '/domains/wsmith.enteract/a.php' not found or unable to stat
[Mon Mar 02 00:56:32.537416 2026] [php:error] [pid 52264] [client 20.92.234.66:0] script '/domains/trodine/admin.php' not found or unable to stat
[Mon Mar 02 00:56:32.634796 2026] [php:error] [pid 52262] [client 74.248.24.167:0] script '/domains/wsmith.enteract/06.php' not found or unable to stat
[Mon Mar 02 00:56:32.733826 2026] [php:error] [pid 52262] [client 74.248.24.167:0] script '/domains/wsmith.enteract/plss3.php' not found or unable to stat
[Mon Mar 02 00:56:32.839678 2026] [php:error] [pid 52262] [client 74.248.24.167:0] script '/domains/wsmith.enteract/aaa.php' not found or unable to stat
[Mon Mar 02 00:56:32.938189 2026] [php:error] [pid 52262] [client 74.248.24.167:0] script '/domains/wsmith.enteract/classwithtostring.php' not found or unable to stat
[Mon Mar 02 00:56:32.959006 2026] [php:error] [pid 52264] [client 20.92.234.66:0] script '/domains/trodine/f.php' not found or unable to stat
[Mon Mar 02 00:56:33.135076 2026] [php:error] [pid 52262] [client 74.248.24.167:0] script '/domains/wsmith.enteract/tinyfilemanager.php' not found or unable to stat
[Mon Mar 02 00:56:33.233682 2026] [php:error] [pid 52262] [client 74.248.24.167:0] script '/domains/wsmith.enteract/x.php' not found or unable to stat
[Mon Mar 02 00:56:33.332835 2026] [php:error] [pid 52262] [client 74.248.24.167:0] script '/domains/wsmith.enteract/ms.php' not found or unable to stat
[Mon Mar 02 00:56:33.358735 2026] [php:error] [pid 52264] [client 20.92.234.66:0] script '/domains/trodine/adminfuns.php' not found or unable to stat
[Mon Mar 02 00:56:33.530843 2026] [php:error] [pid 52262] [client 74.248.24.167:0] script '/domains/wsmith.enteract/wdf.php' not found or unable to stat
[Mon Mar 02 00:56:33.631956 2026] [php:error] [pid 52262] [client 74.248.24.167:0] script '/domains/wsmith.enteract/wp-update.php' not found or unable to stat
[Mon Mar 02 00:56:33.737927 2026] [php:error] [pid 52262] [client 74.248.24.167:0] script '/domains/wsmith.enteract/sbhu.php' not found or unable to stat
[Mon Mar 02 00:56:33.942348 2026] [php:error] [pid 52262] [client 74.248.24.167:0] script '/domains/wsmith.enteract/wp-blog.php' not found or unable to stat
[Mon Mar 02 00:56:33.983531 2026] [php:error] [pid 52264] [client 20.92.234.66:0] script '/domains/trodine/classwithtostring.php' not found or unable to stat
[Mon Mar 02 00:56:34.041446 2026] [php:error] [pid 52262] [client 74.248.24.167:0] script '/domains/wsmith.enteract/test1.php' not found or unable to stat
[Mon Mar 02 00:56:34.203023 2026] [php:error] [pid 52264] [client 20.92.234.66:0] script '/domains/trodine/sf.php' not found or unable to stat
[Mon Mar 02 00:56:34.241686 2026] [php:error] [pid 52262] [client 74.248.24.167:0] script '/domains/wsmith.enteract/166.php' not found or unable to stat
[Mon Mar 02 00:56:34.340374 2026] [php:error] [pid 52262] [client 74.248.24.167:0] script '/domains/wsmith.enteract/fleen.php' not found or unable to stat
[Mon Mar 02 00:56:34.404424 2026] [php:error] [pid 52264] [client 20.92.234.66:0] script '/domains/trodine/bgymj.php' not found or unable to stat
[Mon Mar 02 00:56:34.537333 2026] [php:error] [pid 52262] [client 74.248.24.167:0] script '/domains/wsmith.enteract/ms-edit.php' not found or unable to stat
[Mon Mar 02 00:56:34.604258 2026] [php:error] [pid 52264] [client 20.92.234.66:0] script '/domains/trodine/wp.php' not found or unable to stat
[Mon Mar 02 00:56:34.636316 2026] [php:error] [pid 52262] [client 74.248.24.167:0] script '/domains/wsmith.enteract/adminfuns.php' not found or unable to stat
[Mon Mar 02 00:56:34.739322 2026] [php:error] [pid 52262] [client 74.248.24.167:0] script '/domains/wsmith.enteract/goods.php' not found or unable to stat
[Mon Mar 02 00:56:34.838162 2026] [php:error] [pid 52262] [client 74.248.24.167:0] script '/domains/wsmith.enteract/ms-edit.php' not found or unable to stat
[Mon Mar 02 00:56:34.953482 2026] [php:error] [pid 52262] [client 74.248.24.167:0] script '/domains/wsmith.enteract/222.php' not found or unable to stat
[Mon Mar 02 00:56:35.052673 2026] [php:error] [pid 52262] [client 74.248.24.167:0] script '/domains/wsmith.enteract/plugins.php' not found or unable to stat
[Mon Mar 02 00:56:35.203519 2026] [php:error] [pid 52264] [client 20.92.234.66:0] script '/domains/trodine/ms-edit.php' not found or unable to stat
[Mon Mar 02 00:56:35.358536 2026] [php:error] [pid 52262] [client 74.248.24.167:0] script '/domains/wsmith.enteract/ff1.php' not found or unable to stat
[Mon Mar 02 00:56:35.457282 2026] [php:error] [pid 52262] [client 74.248.24.167:0] script '/domains/wsmith.enteract/fff.php' not found or unable to stat
[Mon Mar 02 00:56:35.602909 2026] [php:error] [pid 52264] [client 20.92.234.66:0] script '/domains/trodine/wp-file.php' not found or unable to stat
[Mon Mar 02 00:56:35.655652 2026] [php:error] [pid 52262] [client 74.248.24.167:0] script '/domains/wsmith.enteract/goat.php' not found or unable to stat
[Mon Mar 02 00:56:35.754559 2026] [php:error] [pid 52262] [client 74.248.24.167:0] script '/domains/wsmith.enteract/155.php' not found or unable to stat
[Mon Mar 02 00:56:35.809469 2026] [php:error] [pid 52264] [client 20.92.234.66:0] script '/domains/trodine/about.php' not found or unable to stat
[Mon Mar 02 00:56:35.868448 2026] [php:error] [pid 52262] [client 74.248.24.167:0] script '/domains/wsmith.enteract/we.php' not found or unable to stat
[Mon Mar 02 00:56:35.967124 2026] [php:error] [pid 52262] [client 74.248.24.167:0] script '/domains/wsmith.enteract/alpha.php' not found or unable to stat
[Mon Mar 02 00:56:36.009104 2026] [php:error] [pid 52264] [client 20.92.234.66:0] script '/domains/trodine/as.php' not found or unable to stat
[Mon Mar 02 00:56:36.066195 2026] [php:error] [pid 52262] [client 74.248.24.167:0] script '/domains/wsmith.enteract/makeasmtp.php' not found or unable to stat
[Mon Mar 02 00:56:36.165099 2026] [php:error] [pid 52262] [client 74.248.24.167:0] script '/domains/wsmith.enteract/wp-michan.php' not found or unable to stat
[Mon Mar 02 00:56:36.209265 2026] [php:error] [pid 52264] [client 20.92.234.66:0] script '/domains/trodine/bolt.php' not found or unable to stat
[Mon Mar 02 00:56:36.363525 2026] [php:error] [pid 52262] [client 74.248.24.167:0] script '/domains/wsmith.enteract/wp-the.php' not found or unable to stat
[Mon Mar 02 00:56:36.409228 2026] [php:error] [pid 52264] [client 20.92.234.66:0] script '/domains/trodine/class-t.api.php' not found or unable to stat
[Mon Mar 02 00:56:36.569786 2026] [php:error] [pid 52267] [client 74.248.24.167:0] script '/domains/wsmith.enteract/BDKR28WP.php' not found or unable to stat
[Mon Mar 02 00:56:36.770812 2026] [php:error] [pid 52267] [client 74.248.24.167:0] script '/domains/wsmith.enteract/wp.php' not found or unable to stat
[Mon Mar 02 00:56:36.969188 2026] [php:error] [pid 52267] [client 74.248.24.167:0] script '/domains/wsmith.enteract/w4.php' not found or unable to stat
[Mon Mar 02 00:56:37.166894 2026] [php:error] [pid 52267] [client 74.248.24.167:0] script '/domains/wsmith.enteract/ok.php' not found or unable to stat
[Mon Mar 02 00:56:37.218523 2026] [php:error] [pid 52264] [client 20.92.234.66:0] script '/domains/trodine/abcd.php' not found or unable to stat
[Mon Mar 02 00:56:37.265930 2026] [php:error] [pid 52267] [client 74.248.24.167:0] script '/domains/wsmith.enteract/about.php' not found or unable to stat
[Mon Mar 02 00:56:37.364577 2026] [php:error] [pid 52267] [client 74.248.24.167:0] script '/domains/wsmith.enteract/tymn.php' not found or unable to stat
[Mon Mar 02 00:56:37.463468 2026] [php:error] [pid 52267] [client 74.248.24.167:0] script '/domains/wsmith.enteract/bak.php' not found or unable to stat
[Mon Mar 02 00:56:37.617947 2026] [php:error] [pid 52264] [client 20.92.234.66:0] script '/domains/trodine/ioxi-o.php' not found or unable to stat
[Mon Mar 02 00:56:37.661187 2026] [php:error] [pid 52267] [client 74.248.24.167:0] script '/domains/wsmith.enteract/fe5.php' not found or unable to stat
[Mon Mar 02 00:56:37.760287 2026] [php:error] [pid 52267] [client 74.248.24.167:0] script '/domains/wsmith.enteract/kj.php' not found or unable to stat
[Mon Mar 02 00:56:37.835276 2026] [php:error] [pid 52264] [client 20.92.234.66:0] script '/domains/trodine/jga.php' not found or unable to stat
[Mon Mar 02 00:56:37.957715 2026] [php:error] [pid 52267] [client 74.248.24.167:0] script '/domains/wsmith.enteract/av.php' not found or unable to stat
[Mon Mar 02 00:56:38.035310 2026] [php:error] [pid 52264] [client 20.92.234.66:0] script '/domains/trodine/wp-cron.php' not found or unable to stat
[Mon Mar 02 00:56:38.056258 2026] [php:error] [pid 52267] [client 74.248.24.167:0] script '/domains/wsmith.enteract/abcd.php' not found or unable to stat
[Mon Mar 02 00:56:38.155119 2026] [php:error] [pid 52267] [client 74.248.24.167:0] script '/domains/wsmith.enteract/init.php' not found or unable to stat
[Mon Mar 02 00:56:38.254199 2026] [php:error] [pid 52267] [client 74.248.24.167:0] script '/domains/wsmith.enteract/fi.php' not found or unable to stat
[Mon Mar 02 00:56:38.355919 2026] [php:error] [pid 52267] [client 74.248.24.167:0] script '/domains/wsmith.enteract/a1.php' not found or unable to stat
[Mon Mar 02 00:56:38.634927 2026] [php:error] [pid 52264] [client 20.92.234.66:0] script '/domains/trodine/file.php' not found or unable to stat
[Mon Mar 02 00:56:38.653170 2026] [php:error] [pid 52267] [client 74.248.24.167:0] script '/domains/wsmith.enteract/f35.php' not found or unable to stat
[Mon Mar 02 00:56:38.751850 2026] [php:error] [pid 52267] [client 74.248.24.167:0] script '/domains/wsmith.enteract/hi.php' not found or unable to stat
[Mon Mar 02 00:56:38.834776 2026] [php:error] [pid 52264] [client 20.92.234.66:0] script '/domains/trodine/wp-admin.php' not found or unable to stat
[Mon Mar 02 00:56:38.850555 2026] [php:error] [pid 52267] [client 74.248.24.167:0] script '/domains/wsmith.enteract/lala.php' not found or unable to stat
[Mon Mar 02 00:56:38.950235 2026] [php:error] [pid 52267] [client 74.248.24.167:0] script '/domains/wsmith.enteract/lb.php' not found or unable to stat
[Mon Mar 02 00:56:39.148296 2026] [php:error] [pid 52267] [client 74.248.24.167:0] script '/domains/wsmith.enteract/0.php' not found or unable to stat
[Mon Mar 02 00:56:39.247574 2026] [php:error] [pid 52267] [client 74.248.24.167:0] script '/domains/wsmith.enteract/core.php' not found or unable to stat
[Mon Mar 02 00:56:39.346087 2026] [php:error] [pid 52267] [client 74.248.24.167:0] script '/domains/wsmith.enteract/autogooey.php' not found or unable to stat
[Mon Mar 02 00:56:39.524391 2026] [php:error] [pid 52264] [client 20.92.234.66:0] script '/domains/trodine/166.php' not found or unable to stat
[Mon Mar 02 00:56:39.543343 2026] [php:error] [pid 52267] [client 74.248.24.167:0] script '/domains/wsmith.enteract/prv8.php' not found or unable to stat
[Mon Mar 02 00:56:39.658670 2026] [php:error] [pid 52267] [client 74.248.24.167:0] script '/domains/wsmith.enteract/k.php' not found or unable to stat
[Mon Mar 02 00:56:39.756897 2026] [php:error] [pid 52264] [client 20.92.234.66:0] script '/domains/trodine/dropdown.php' not found or unable to stat
[Mon Mar 02 00:56:39.757497 2026] [php:error] [pid 52267] [client 74.248.24.167:0] script '/domains/wsmith.enteract/dev.php' not found or unable to stat
[Mon Mar 02 00:56:39.856829 2026] [php:error] [pid 52267] [client 74.248.24.167:0] script '/domains/wsmith.enteract/x123x.php' not found or unable to stat
[Mon Mar 02 00:56:39.955528 2026] [php:error] [pid 52267] [client 74.248.24.167:0] script '/domains/wsmith.enteract/bal.php' not found or unable to stat
[Mon Mar 02 00:56:40.054254 2026] [php:error] [pid 52267] [client 74.248.24.167:0] script '/domains/wsmith.enteract/in.php' not found or unable to stat
[Mon Mar 02 00:56:40.155636 2026] [php:error] [pid 52267] [client 74.248.24.167:0] script '/domains/wsmith.enteract/gssdd.php' not found or unable to stat
[Mon Mar 02 00:56:40.254471 2026] [php:error] [pid 52267] [client 74.248.24.167:0] script '/domains/wsmith.enteract/motu.php' not found or unable to stat
[Mon Mar 02 00:56:40.353467 2026] [php:error] [pid 52267] [client 74.248.24.167:0] script '/domains/wsmith.enteract/bs1.php' not found or unable to stat
[Mon Mar 02 00:56:40.453876 2026] [php:error] [pid 52267] [client 74.248.24.167:0] script '/domains/wsmith.enteract/bengi.php' not found or unable to stat
[Mon Mar 02 00:56:40.552606 2026] [php:error] [pid 52267] [client 74.248.24.167:0] script '/domains/wsmith.enteract/log.php' not found or unable to stat
[Mon Mar 02 00:56:40.555164 2026] [php:error] [pid 52264] [client 20.92.234.66:0] script '/domains/trodine/x.php' not found or unable to stat
[Mon Mar 02 00:56:40.661282 2026] [php:error] [pid 52267] [client 74.248.24.167:0] script '/domains/wsmith.enteract/miansha.php' not found or unable to stat
[Mon Mar 02 00:56:40.755918 2026] [php:error] [pid 52264] [client 20.92.234.66:0] script '/domains/trodine/xmlrpc.php' not found or unable to stat
[Mon Mar 02 00:56:40.760236 2026] [php:error] [pid 52267] [client 74.248.24.167:0] script '/domains/wsmith.enteract/erty.php' not found or unable to stat
[Mon Mar 02 00:56:40.957230 2026] [php:error] [pid 52267] [client 74.248.24.167:0] script '/domains/wsmith.enteract/X57.php' not found or unable to stat
[Mon Mar 02 00:56:41.055946 2026] [php:error] [pid 52267] [client 74.248.24.167:0] script '/domains/wsmith.enteract/axx.php' not found or unable to stat
[Mon Mar 02 00:56:41.155992 2026] [php:error] [pid 52264] [client 20.92.234.66:0] script '/domains/trodine/24.php' not found or unable to stat
[Mon Mar 02 00:56:41.166261 2026] [php:error] [pid 52267] [client 74.248.24.167:0] script '/domains/wsmith.enteract/alfashell.php' not found or unable to stat
[Mon Mar 02 00:56:41.267474 2026] [php:error] [pid 52267] [client 74.248.24.167:0] script '/domains/wsmith.enteract/myfile.php' not found or unable to stat
[Mon Mar 02 00:56:41.356554 2026] [php:error] [pid 52264] [client 20.92.234.66:0] script '/domains/trodine/buy.php' not found or unable to stat
[Mon Mar 02 00:56:41.366527 2026] [php:error] [pid 52267] [client 74.248.24.167:0] script '/domains/wsmith.enteract/re.php' not found or unable to stat
[Mon Mar 02 00:56:41.465395 2026] [php:error] [pid 52267] [client 74.248.24.167:0] script '/domains/wsmith.enteract/styll.php' not found or unable to stat
[Mon Mar 02 00:56:41.556770 2026] [php:error] [pid 52264] [client 20.92.234.66:0] script '/domains/trodine/test1.php' not found or unable to stat
[Mon Mar 02 00:56:41.564184 2026] [php:error] [pid 52267] [client 74.248.24.167:0] script '/domains/wsmith.enteract/flower.php' not found or unable to stat
[Mon Mar 02 00:56:41.666004 2026] [php:error] [pid 52267] [client 74.248.24.167:0] script '/domains/wsmith.enteract/flower2.php' not found or unable to stat
[Mon Mar 02 00:56:41.764945 2026] [php:error] [pid 52267] [client 74.248.24.167:0] script '/domains/wsmith.enteract/4h.php' not found or unable to stat
[Mon Mar 02 00:56:41.864126 2026] [php:error] [pid 52267] [client 74.248.24.167:0] script '/domains/wsmith.enteract/gettest.php' not found or unable to stat
[Mon Mar 02 00:56:41.962960 2026] [php:error] [pid 52267] [client 74.248.24.167:0] script '/domains/wsmith.enteract/acp.php' not found or unable to stat
[Mon Mar 02 00:56:42.062024 2026] [php:error] [pid 52267] [client 74.248.24.167:0] script '/domains/wsmith.enteract/database.php' not found or unable to stat
[Mon Mar 02 00:56:43.790119 2026] [php:error] [pid 52264] [client 20.92.234.66:0] script '/domains/trodine/aa.php' not found or unable to stat
[Mon Mar 02 00:56:43.990362 2026] [php:error] [pid 52264] [client 20.92.234.66:0] script '/domains/trodine/bless.php' not found or unable to stat
[Mon Mar 02 00:56:44.190266 2026] [php:error] [pid 52264] [client 20.92.234.66:0] script '/domains/trodine/content.php' not found or unable to stat
[Mon Mar 02 00:56:44.590865 2026] [php:error] [pid 52264] [client 20.92.234.66:0] script '/domains/trodine/images/index.php' not found or unable to stat
[Mon Mar 02 00:56:44.991826 2026] [php:error] [pid 52264] [client 20.92.234.66:0] script '/domains/trodine/rip.php' not found or unable to stat
[Mon Mar 02 00:56:45.208920 2026] [php:error] [pid 52264] [client 20.92.234.66:0] script '/domains/trodine/themes.php' not found or unable to stat
[Mon Mar 02 00:56:52.486073 2026] [php:error] [pid 52269] [client 158.158.32.183:0] script '/domains/nmksgroupweb/gfile.php' not found or unable to stat
[Mon Mar 02 00:56:52.571189 2026] [php:error] [pid 52269] [client 158.158.32.183:0] script '/domains/nmksgroupweb/dox.php' not found or unable to stat
[Mon Mar 02 00:56:52.654252 2026] [php:error] [pid 52269] [client 158.158.32.183:0] script '/domains/nmksgroupweb/qwas.php' not found or unable to stat
[Mon Mar 02 00:56:52.737239 2026] [php:error] [pid 52269] [client 158.158.32.183:0] script '/domains/nmksgroupweb/claw.php' not found or unable to stat
[Mon Mar 02 00:56:52.826834 2026] [php:error] [pid 52269] [client 158.158.32.183:0] script '/domains/nmksgroupweb/cfgy.php' not found or unable to stat
[Mon Mar 02 00:56:52.916892 2026] [php:error] [pid 52269] [client 158.158.32.183:0] script '/domains/nmksgroupweb/jbuft.php' not found or unable to stat
[Mon Mar 02 00:56:53.001010 2026] [php:error] [pid 52269] [client 158.158.32.183:0] script '/domains/nmksgroupweb/fvvff.php' not found or unable to stat
[Mon Mar 02 00:56:53.083562 2026] [php:error] [pid 52269] [client 158.158.32.183:0] script '/domains/nmksgroupweb/vaza.php' not found or unable to stat
[Mon Mar 02 00:56:53.166209 2026] [php:error] [pid 52269] [client 158.158.32.183:0] script '/domains/nmksgroupweb/a2.php' not found or unable to stat
[Mon Mar 02 00:56:53.248836 2026] [php:error] [pid 52269] [client 158.158.32.183:0] script '/domains/nmksgroupweb/sty.php' not found or unable to stat
[Mon Mar 02 00:56:53.331576 2026] [php:error] [pid 52269] [client 158.158.32.183:0] script '/domains/nmksgroupweb/xxxx.php' not found or unable to stat
[Mon Mar 02 00:56:53.414358 2026] [php:error] [pid 52269] [client 158.158.32.183:0] script '/domains/nmksgroupweb/h.php' not found or unable to stat
[Mon Mar 02 00:56:53.498437 2026] [php:error] [pid 52269] [client 158.158.32.183:0] script '/domains/nmksgroupweb/g.php' not found or unable to stat
[Mon Mar 02 00:56:53.581231 2026] [php:error] [pid 52269] [client 158.158.32.183:0] script '/domains/nmksgroupweb/pp.php' not found or unable to stat
[Mon Mar 02 00:56:53.664451 2026] [php:error] [pid 52269] [client 158.158.32.183:0] script '/domains/nmksgroupweb/sys.php' not found or unable to stat
[Mon Mar 02 00:56:53.747062 2026] [php:error] [pid 52269] [client 158.158.32.183:0] script '/domains/nmksgroupweb/txets.php' not found or unable to stat
[Mon Mar 02 00:56:53.838116 2026] [php:error] [pid 52269] [client 158.158.32.183:0] script '/domains/nmksgroupweb/tt.php' not found or unable to stat
[Mon Mar 02 00:56:53.920820 2026] [php:error] [pid 52269] [client 158.158.32.183:0] script '/domains/nmksgroupweb/wp9.php' not found or unable to stat
[Mon Mar 02 00:56:54.003456 2026] [php:error] [pid 52269] [client 158.158.32.183:0] script '/domains/nmksgroupweb/path.php' not found or unable to stat
[Mon Mar 02 00:56:54.100364 2026] [php:error] [pid 52269] [client 158.158.32.183:0] script '/domains/nmksgroupweb/wdf.php' not found or unable to stat
[Mon Mar 02 00:56:54.183226 2026] [php:error] [pid 52269] [client 158.158.32.183:0] script '/domains/nmksgroupweb/fleen.php' not found or unable to stat
[Mon Mar 02 00:56:54.267057 2026] [php:error] [pid 52269] [client 158.158.32.183:0] script '/domains/nmksgroupweb/wp-tem.php' not found or unable to stat
[Mon Mar 02 00:56:54.350199 2026] [php:error] [pid 52269] [client 158.158.32.183:0] script '/domains/nmksgroupweb/av6m.php' not found or unable to stat
[Mon Mar 02 00:56:54.433203 2026] [php:error] [pid 52269] [client 158.158.32.183:0] script '/domains/nmksgroupweb/autogooey.php' not found or unable to stat
[Mon Mar 02 00:56:54.515982 2026] [php:error] [pid 52269] [client 158.158.32.183:0] script '/domains/nmksgroupweb/btx25.php' not found or unable to stat
[Mon Mar 02 00:56:54.598706 2026] [php:error] [pid 52269] [client 158.158.32.183:0] script '/domains/nmksgroupweb/mga.php' not found or unable to stat
[Mon Mar 02 00:56:54.681467 2026] [php:error] [pid 52269] [client 158.158.32.183:0] script '/domains/nmksgroupweb/maxro.php' not found or unable to stat
[Mon Mar 02 00:56:54.764109 2026] [php:error] [pid 52269] [client 158.158.32.183:0] script '/domains/nmksgroupweb/agg.php' not found or unable to stat
[Mon Mar 02 00:56:54.846807 2026] [php:error] [pid 52269] [client 158.158.32.183:0] script '/domains/nmksgroupweb/pass4.php' not found or unable to stat
[Mon Mar 02 00:56:54.929658 2026] [php:error] [pid 52269] [client 158.158.32.183:0] script '/domains/nmksgroupweb/wsvvs.php' not found or unable to stat
[Mon Mar 02 00:56:55.012568 2026] [php:error] [pid 52269] [client 158.158.32.183:0] script '/domains/nmksgroupweb/G-In.php' not found or unable to stat
[Mon Mar 02 00:56:55.095368 2026] [php:error] [pid 52269] [client 158.158.32.183:0] script '/domains/nmksgroupweb/edit.php' not found or unable to stat
[Mon Mar 02 00:56:55.178207 2026] [php:error] [pid 52269] [client 158.158.32.183:0] script '/domains/nmksgroupweb/ioxi-o.php' not found or unable to stat
[Mon Mar 02 00:56:55.343357 2026] [php:error] [pid 52269] [client 158.158.32.183:0] script '/domains/nmksgroupweb/66.php' not found or unable to stat
[Mon Mar 02 00:56:55.509382 2026] [php:error] [pid 52269] [client 158.158.32.183:0] script '/domains/nmksgroupweb/gifclass.php' not found or unable to stat
[Mon Mar 02 00:56:55.923589 2026] [php:error] [pid 52269] [client 158.158.32.183:0] script '/domains/nmksgroupweb/sc.php' not found or unable to stat
[Mon Mar 02 00:56:56.006741 2026] [php:error] [pid 52269] [client 158.158.32.183:0] script '/domains/nmksgroupweb/xmlrpc.php' not found or unable to stat
[Mon Mar 02 00:56:56.095126 2026] [php:error] [pid 52269] [client 158.158.32.183:0] script '/domains/nmksgroupweb/ol.php' not found or unable to stat
[Mon Mar 02 00:56:56.178279 2026] [php:error] [pid 52269] [client 158.158.32.183:0] script '/domains/nmksgroupweb/f6.php' not found or unable to stat
[Mon Mar 02 00:56:56.261031 2026] [php:error] [pid 52269] [client 158.158.32.183:0] script '/domains/nmksgroupweb/inputs.php' not found or unable to stat
[Mon Mar 02 00:56:56.343805 2026] [php:error] [pid 52269] [client 158.158.32.183:0] script '/domains/nmksgroupweb/style.php' not found or unable to stat
[Mon Mar 02 00:56:56.426743 2026] [php:error] [pid 52269] [client 158.158.32.183:0] script '/domains/nmksgroupweb/bgymj.php' not found or unable to stat
[Mon Mar 02 00:56:56.510572 2026] [php:error] [pid 52269] [client 158.158.32.183:0] script '/domains/nmksgroupweb/aa.php' not found or unable to stat
[Mon Mar 02 00:56:56.593514 2026] [php:error] [pid 52269] [client 158.158.32.183:0] script '/domains/nmksgroupweb/1.php' not found or unable to stat
[Mon Mar 02 00:56:56.675898 2026] [php:error] [pid 52269] [client 158.158.32.183:0] script '/domains/nmksgroupweb/sc.php' not found or unable to stat
[Mon Mar 02 00:56:56.759234 2026] [php:error] [pid 52269] [client 158.158.32.183:0] script '/domains/nmksgroupweb/av.php' not found or unable to stat
[Mon Mar 02 00:56:56.842507 2026] [php:error] [pid 52269] [client 158.158.32.183:0] script '/domains/nmksgroupweb/file.php' not found or unable to stat
[Mon Mar 02 00:56:56.928391 2026] [php:error] [pid 52269] [client 158.158.32.183:0] script '/domains/nmksgroupweb/666.php' not found or unable to stat
[Mon Mar 02 00:56:57.011225 2026] [php:error] [pid 52269] [client 158.158.32.183:0] script '/domains/nmksgroupweb/file59.php' not found or unable to stat
[Mon Mar 02 00:56:57.093838 2026] [php:error] [pid 52269] [client 158.158.32.183:0] script '/domains/nmksgroupweb/bless.php' not found or unable to stat
[Mon Mar 02 00:56:57.187832 2026] [php:error] [pid 52269] [client 158.158.32.183:0] script '/domains/nmksgroupweb/wp9.php' not found or unable to stat
[Mon Mar 02 00:56:57.270887 2026] [php:error] [pid 52269] [client 158.158.32.183:0] script '/domains/nmksgroupweb/wp-act.php' not found or unable to stat
[Mon Mar 02 00:56:57.353824 2026] [php:error] [pid 52269] [client 158.158.32.183:0] script '/domains/nmksgroupweb/class-t.api.php' not found or unable to stat
[Mon Mar 02 00:56:57.436623 2026] [php:error] [pid 52269] [client 158.158.32.183:0] script '/domains/nmksgroupweb/xqq.php' not found or unable to stat
[Mon Mar 02 00:56:57.602145 2026] [php:error] [pid 52269] [client 158.158.32.183:0] script '/domains/nmksgroupweb/a.php' not found or unable to stat
[Mon Mar 02 00:56:57.685490 2026] [php:error] [pid 52269] [client 158.158.32.183:0] script '/domains/nmksgroupweb/06.php' not found or unable to stat
[Mon Mar 02 00:56:57.768409 2026] [php:error] [pid 52269] [client 158.158.32.183:0] script '/domains/nmksgroupweb/plss3.php' not found or unable to stat
[Mon Mar 02 00:56:57.852166 2026] [php:error] [pid 52269] [client 158.158.32.183:0] script '/domains/nmksgroupweb/aaa.php' not found or unable to stat
[Mon Mar 02 00:56:57.935099 2026] [php:error] [pid 52269] [client 158.158.32.183:0] script '/domains/nmksgroupweb/classwithtostring.php' not found or unable to stat
[Mon Mar 02 00:56:58.101642 2026] [php:error] [pid 52269] [client 158.158.32.183:0] script '/domains/nmksgroupweb/tinyfilemanager.php' not found or unable to stat
[Mon Mar 02 00:56:58.126044 2026] [php:error] [pid 52303] [client 164.92.236.91:0] script '/domains/samscars/wp-login.php' not found or unable to stat
[Mon Mar 02 00:56:58.197235 2026] [php:error] [pid 52269] [client 158.158.32.183:0] script '/domains/nmksgroupweb/x.php' not found or unable to stat
[Mon Mar 02 00:56:58.279973 2026] [php:error] [pid 52269] [client 158.158.32.183:0] script '/domains/nmksgroupweb/ms.php' not found or unable to stat
[Mon Mar 02 00:56:58.445854 2026] [php:error] [pid 52269] [client 158.158.32.183:0] script '/domains/nmksgroupweb/wdf.php' not found or unable to stat
[Mon Mar 02 00:56:58.528874 2026] [php:error] [pid 52269] [client 158.158.32.183:0] script '/domains/nmksgroupweb/wp-update.php' not found or unable to stat
[Mon Mar 02 00:56:58.612218 2026] [php:error] [pid 52269] [client 158.158.32.183:0] script '/domains/nmksgroupweb/sbhu.php' not found or unable to stat
[Mon Mar 02 00:56:58.779715 2026] [php:error] [pid 52269] [client 158.158.32.183:0] script '/domains/nmksgroupweb/wp-blog.php' not found or unable to stat
[Mon Mar 02 00:56:58.863092 2026] [php:error] [pid 52269] [client 158.158.32.183:0] script '/domains/nmksgroupweb/test1.php' not found or unable to stat
[Mon Mar 02 00:56:59.028661 2026] [php:error] [pid 52269] [client 158.158.32.183:0] script '/domains/nmksgroupweb/166.php' not found or unable to stat
[Mon Mar 02 00:56:59.111151 2026] [php:error] [pid 52269] [client 158.158.32.183:0] script '/domains/nmksgroupweb/fleen.php' not found or unable to stat
[Mon Mar 02 00:56:59.279603 2026] [php:error] [pid 52269] [client 158.158.32.183:0] script '/domains/nmksgroupweb/ms-edit.php' not found or unable to stat
[Mon Mar 02 00:56:59.363220 2026] [php:error] [pid 52269] [client 158.158.32.183:0] script '/domains/nmksgroupweb/adminfuns.php' not found or unable to stat
[Mon Mar 02 00:56:59.447446 2026] [php:error] [pid 52269] [client 158.158.32.183:0] script '/domains/nmksgroupweb/goods.php' not found or unable to stat
[Mon Mar 02 00:56:59.529896 2026] [php:error] [pid 52269] [client 158.158.32.183:0] script '/domains/nmksgroupweb/ms-edit.php' not found or unable to stat
[Mon Mar 02 00:56:59.613200 2026] [php:error] [pid 52269] [client 158.158.32.183:0] script '/domains/nmksgroupweb/222.php' not found or unable to stat
[Mon Mar 02 00:56:59.695931 2026] [php:error] [pid 52269] [client 158.158.32.183:0] script '/domains/nmksgroupweb/plugins.php' not found or unable to stat
[Mon Mar 02 00:56:59.945040 2026] [php:error] [pid 52269] [client 158.158.32.183:0] script '/domains/nmksgroupweb/ff1.php' not found or unable to stat
[Mon Mar 02 00:57:00.028040 2026] [php:error] [pid 52269] [client 158.158.32.183:0] script '/domains/nmksgroupweb/fff.php' not found or unable to stat
[Mon Mar 02 00:57:00.193731 2026] [php:error] [pid 52269] [client 158.158.32.183:0] script '/domains/nmksgroupweb/goat.php' not found or unable to stat
[Mon Mar 02 00:57:00.276966 2026] [php:error] [pid 52269] [client 158.158.32.183:0] script '/domains/nmksgroupweb/155.php' not found or unable to stat
[Mon Mar 02 00:57:00.361505 2026] [php:error] [pid 52269] [client 158.158.32.183:0] script '/domains/nmksgroupweb/we.php' not found or unable to stat
[Mon Mar 02 00:57:00.449736 2026] [php:error] [pid 52269] [client 158.158.32.183:0] script '/domains/nmksgroupweb/alpha.php' not found or unable to stat
[Mon Mar 02 00:57:00.532677 2026] [php:error] [pid 52269] [client 158.158.32.183:0] script '/domains/nmksgroupweb/makeasmtp.php' not found or unable to stat
[Mon Mar 02 00:57:00.615460 2026] [php:error] [pid 52269] [client 158.158.32.183:0] script '/domains/nmksgroupweb/wp-michan.php' not found or unable to stat
[Mon Mar 02 00:57:00.784750 2026] [php:error] [pid 52269] [client 158.158.32.183:0] script '/domains/nmksgroupweb/wp-the.php' not found or unable to stat
[Mon Mar 02 00:57:01.044917 2026] [php:error] [pid 52305] [client 158.158.32.183:0] script '/domains/nmksgroupweb/BDKR28WP.php' not found or unable to stat
[Mon Mar 02 00:57:01.214645 2026] [php:error] [pid 52305] [client 158.158.32.183:0] script '/domains/nmksgroupweb/wp.php' not found or unable to stat
[Mon Mar 02 00:57:01.384050 2026] [php:error] [pid 52305] [client 158.158.32.183:0] script '/domains/nmksgroupweb/w4.php' not found or unable to stat
[Mon Mar 02 00:57:01.556512 2026] [php:error] [pid 52305] [client 158.158.32.183:0] script '/domains/nmksgroupweb/ok.php' not found or unable to stat
[Mon Mar 02 00:57:01.645383 2026] [php:error] [pid 52305] [client 158.158.32.183:0] script '/domains/nmksgroupweb/about.php' not found or unable to stat
[Mon Mar 02 00:57:01.730883 2026] [php:error] [pid 52305] [client 158.158.32.183:0] script '/domains/nmksgroupweb/tymn.php' not found or unable to stat
[Mon Mar 02 00:57:01.815845 2026] [php:error] [pid 52305] [client 158.158.32.183:0] script '/domains/nmksgroupweb/bak.php' not found or unable to stat
[Mon Mar 02 00:57:01.985910 2026] [php:error] [pid 52305] [client 158.158.32.183:0] script '/domains/nmksgroupweb/fe5.php' not found or unable to stat
[Mon Mar 02 00:57:02.071021 2026] [php:error] [pid 52305] [client 158.158.32.183:0] script '/domains/nmksgroupweb/kj.php' not found or unable to stat
[Mon Mar 02 00:57:02.245516 2026] [php:error] [pid 52305] [client 158.158.32.183:0] script '/domains/nmksgroupweb/av.php' not found or unable to stat
[Mon Mar 02 00:57:02.330706 2026] [php:error] [pid 52305] [client 158.158.32.183:0] script '/domains/nmksgroupweb/abcd.php' not found or unable to stat
[Mon Mar 02 00:57:02.415604 2026] [php:error] [pid 52305] [client 158.158.32.183:0] script '/domains/nmksgroupweb/init.php' not found or unable to stat
[Mon Mar 02 00:57:02.500688 2026] [php:error] [pid 52305] [client 158.158.32.183:0] script '/domains/nmksgroupweb/fi.php' not found or unable to stat
[Mon Mar 02 00:57:02.585668 2026] [php:error] [pid 52305] [client 158.158.32.183:0] script '/domains/nmksgroupweb/a1.php' not found or unable to stat
[Mon Mar 02 00:57:02.842400 2026] [php:error] [pid 52305] [client 158.158.32.183:0] script '/domains/nmksgroupweb/f35.php' not found or unable to stat
[Mon Mar 02 00:57:02.927056 2026] [php:error] [pid 52305] [client 158.158.32.183:0] script '/domains/nmksgroupweb/hi.php' not found or unable to stat
[Mon Mar 02 00:57:03.011636 2026] [php:error] [pid 52305] [client 158.158.32.183:0] script '/domains/nmksgroupweb/lala.php' not found or unable to stat
[Mon Mar 02 00:57:03.096616 2026] [php:error] [pid 52305] [client 158.158.32.183:0] script '/domains/nmksgroupweb/lb.php' not found or unable to stat
[Mon Mar 02 00:57:03.266583 2026] [php:error] [pid 52305] [client 158.158.32.183:0] script '/domains/nmksgroupweb/0.php' not found or unable to stat
[Mon Mar 02 00:57:03.351577 2026] [php:error] [pid 52305] [client 158.158.32.183:0] script '/domains/nmksgroupweb/core.php' not found or unable to stat
[Mon Mar 02 00:57:03.436895 2026] [php:error] [pid 52305] [client 158.158.32.183:0] script '/domains/nmksgroupweb/autogooey.php' not found or unable to stat
[Mon Mar 02 00:57:03.606691 2026] [php:error] [pid 52305] [client 158.158.32.183:0] script '/domains/nmksgroupweb/prv8.php' not found or unable to stat
[Mon Mar 02 00:57:03.691502 2026] [php:error] [pid 52305] [client 158.158.32.183:0] script '/domains/nmksgroupweb/k.php' not found or unable to stat
[Mon Mar 02 00:57:03.776541 2026] [php:error] [pid 52305] [client 158.158.32.183:0] script '/domains/nmksgroupweb/dev.php' not found or unable to stat
[Mon Mar 02 00:57:03.863264 2026] [php:error] [pid 52305] [client 158.158.32.183:0] script '/domains/nmksgroupweb/x123x.php' not found or unable to stat
[Mon Mar 02 00:57:03.948031 2026] [php:error] [pid 52305] [client 158.158.32.183:0] script '/domains/nmksgroupweb/bal.php' not found or unable to stat
[Mon Mar 02 00:57:04.032978 2026] [php:error] [pid 52305] [client 158.158.32.183:0] script '/domains/nmksgroupweb/in.php' not found or unable to stat
[Mon Mar 02 00:57:04.117839 2026] [php:error] [pid 52305] [client 158.158.32.183:0] script '/domains/nmksgroupweb/gssdd.php' not found or unable to stat
[Mon Mar 02 00:57:04.202643 2026] [php:error] [pid 52305] [client 158.158.32.183:0] script '/domains/nmksgroupweb/motu.php' not found or unable to stat
[Mon Mar 02 00:57:04.287530 2026] [php:error] [pid 52305] [client 158.158.32.183:0] script '/domains/nmksgroupweb/bs1.php' not found or unable to stat
[Mon Mar 02 00:57:04.372358 2026] [php:error] [pid 52305] [client 158.158.32.183:0] script '/domains/nmksgroupweb/bengi.php' not found or unable to stat
[Mon Mar 02 00:57:04.457194 2026] [php:error] [pid 52305] [client 158.158.32.183:0] script '/domains/nmksgroupweb/log.php' not found or unable to stat
[Mon Mar 02 00:57:04.542016 2026] [php:error] [pid 52305] [client 158.158.32.183:0] script '/domains/nmksgroupweb/miansha.php' not found or unable to stat
[Mon Mar 02 00:57:04.626916 2026] [php:error] [pid 52305] [client 158.158.32.183:0] script '/domains/nmksgroupweb/erty.php' not found or unable to stat
[Mon Mar 02 00:57:04.796413 2026] [php:error] [pid 52305] [client 158.158.32.183:0] script '/domains/nmksgroupweb/X57.php' not found or unable to stat
[Mon Mar 02 00:57:04.881088 2026] [php:error] [pid 52305] [client 158.158.32.183:0] script '/domains/nmksgroupweb/axx.php' not found or unable to stat
[Mon Mar 02 00:57:04.966078 2026] [php:error] [pid 52305] [client 158.158.32.183:0] script '/domains/nmksgroupweb/alfashell.php' not found or unable to stat
[Mon Mar 02 00:57:05.051356 2026] [php:error] [pid 52305] [client 158.158.32.183:0] script '/domains/nmksgroupweb/myfile.php' not found or unable to stat
[Mon Mar 02 00:57:05.136641 2026] [php:error] [pid 52305] [client 158.158.32.183:0] script '/domains/nmksgroupweb/re.php' not found or unable to stat
[Mon Mar 02 00:57:05.224040 2026] [php:error] [pid 52305] [client 158.158.32.183:0] script '/domains/nmksgroupweb/styll.php' not found or unable to stat
[Mon Mar 02 00:57:05.311864 2026] [php:error] [pid 52305] [client 158.158.32.183:0] script '/domains/nmksgroupweb/flower.php' not found or unable to stat
[Mon Mar 02 00:57:05.396775 2026] [php:error] [pid 52305] [client 158.158.32.183:0] script '/domains/nmksgroupweb/flower2.php' not found or unable to stat
[Mon Mar 02 00:57:05.481698 2026] [php:error] [pid 52305] [client 158.158.32.183:0] script '/domains/nmksgroupweb/4h.php' not found or unable to stat
[Mon Mar 02 00:57:05.566843 2026] [php:error] [pid 52305] [client 158.158.32.183:0] script '/domains/nmksgroupweb/gettest.php' not found or unable to stat
[Mon Mar 02 00:57:05.652149 2026] [php:error] [pid 52305] [client 158.158.32.183:0] script '/domains/nmksgroupweb/acp.php' not found or unable to stat
[Mon Mar 02 00:57:05.737453 2026] [php:error] [pid 52305] [client 158.158.32.183:0] script '/domains/nmksgroupweb/database.php' not found or unable to stat
[Mon Mar 02 00:57:12.964215 2026] [php:error] [pid 52307] [client 20.211.1.210:0] script '/domains/system_default/inputs.php' not found or unable to stat
[Mon Mar 02 00:57:13.170793 2026] [php:error] [pid 52307] [client 20.211.1.210:0] script '/domains/system_default/ioxi-o.php' not found or unable to stat
[Mon Mar 02 00:57:13.583932 2026] [php:error] [pid 52307] [client 20.211.1.210:0] script '/domains/system_default/rip.php' not found or unable to stat
[Mon Mar 02 00:57:13.789751 2026] [php:error] [pid 52307] [client 20.211.1.210:0] script '/domains/system_default/admin.php' not found or unable to stat
[Mon Mar 02 00:57:14.227455 2026] [php:error] [pid 52307] [client 20.211.1.210:0] script '/domains/system_default/cache.php' not found or unable to stat
[Mon Mar 02 00:57:14.452977 2026] [php:error] [pid 52307] [client 20.211.1.210:0] script '/domains/system_default/themes.php' not found or unable to stat
[Mon Mar 02 00:57:14.658482 2026] [php:error] [pid 52307] [client 20.211.1.210:0] script '/domains/system_default/an.php' not found or unable to stat
[Mon Mar 02 00:57:15.274998 2026] [php:error] [pid 52307] [client 20.211.1.210:0] script '/domains/system_default/ws.php' not found or unable to stat
[Mon Mar 02 00:57:15.500403 2026] [php:error] [pid 52307] [client 20.211.1.210:0] script '/domains/system_default/404.php' not found or unable to stat
[Mon Mar 02 00:57:15.913429 2026] [php:error] [pid 52307] [client 20.211.1.210:0] script '/domains/system_default/wp-conf.php' not found or unable to stat
[Mon Mar 02 00:57:16.326253 2026] [php:error] [pid 52307] [client 20.211.1.210:0] script '/domains/system_default/wp-login.php' not found or unable to stat
[Mon Mar 02 00:57:16.544110 2026] [php:error] [pid 52307] [client 20.211.1.210:0] script '/domains/system_default/abc.php' not found or unable to stat
[Mon Mar 02 00:57:16.777390 2026] [php:error] [pid 52307] [client 20.211.1.210:0] script '/domains/system_default/abcd.php' not found or unable to stat
[Mon Mar 02 00:57:17.007506 2026] [php:error] [pid 52307] [client 20.211.1.210:0] script '/domains/system_default/as.php' not found or unable to stat
[Mon Mar 02 00:57:17.212941 2026] [php:error] [pid 52307] [client 20.211.1.210:0] script '/domains/system_default/wp-trackback.php' not found or unable to stat
[Mon Mar 02 00:57:17.418279 2026] [php:error] [pid 52307] [client 20.211.1.210:0] script '/domains/system_default/about.php' not found or unable to stat
[Mon Mar 02 00:57:17.623507 2026] [php:error] [pid 52307] [client 20.211.1.210:0] script '/domains/system_default/file.php' not found or unable to stat
[Mon Mar 02 00:57:17.830394 2026] [php:error] [pid 52307] [client 20.211.1.210:0] script '/domains/system_default/adminfuns.php' not found or unable to stat
[Mon Mar 02 00:57:18.036514 2026] [php:error] [pid 52307] [client 20.211.1.210:0] script '/domains/system_default/wp-good.php' not found or unable to stat
[Mon Mar 02 00:57:18.246119 2026] [php:error] [pid 52307] [client 20.211.1.210:0] script '/domains/system_default/xmlrpc.php' not found or unable to stat
[Mon Mar 02 00:57:18.451622 2026] [php:error] [pid 52307] [client 20.211.1.210:0] script '/domains/system_default/goods.php' not found or unable to stat
[Mon Mar 02 00:57:18.657614 2026] [php:error] [pid 52307] [client 20.211.1.210:0] script '/domains/system_default/class-t.api.php' not found or unable to stat
[Mon Mar 02 00:57:18.874378 2026] [php:error] [pid 52307] [client 20.211.1.210:0] script '/domains/system_default/sf.php' not found or unable to stat
[Mon Mar 02 00:57:19.080017 2026] [php:error] [pid 52307] [client 20.211.1.210:0] script '/domains/system_default/kbfr.php' not found or unable to stat
[Mon Mar 02 00:57:19.298492 2026] [php:error] [pid 52307] [client 20.211.1.210:0] script '/domains/system_default/autoload_classmap.php' not found or unable to stat
[Mon Mar 02 00:57:19.504863 2026] [php:error] [pid 52307] [client 20.211.1.210:0] script '/domains/system_default/chosen.php' not found or unable to stat
[Mon Mar 02 00:57:19.710084 2026] [php:error] [pid 52307] [client 20.211.1.210:0] script '/domains/system_default/classwithtostring.php' not found or unable to stat
[Mon Mar 02 00:57:19.915424 2026] [php:error] [pid 52307] [client 20.211.1.210:0] script '/domains/system_default/defaults.php' not found or unable to stat
[Mon Mar 02 00:57:20.533129 2026] [php:error] [pid 52307] [client 20.211.1.210:0] script '/domains/system_default/info.php' not found or unable to stat
[Mon Mar 02 00:57:29.289030 2026] [php:error] [pid 52309] [client 134.149.59.124:0] script '/domains/fryer/trx24.php' not found or unable to stat
[Mon Mar 02 00:57:29.431351 2026] [php:error] [pid 52309] [client 134.149.59.124:0] script '/domains/fryer/cah.php' not found or unable to stat
[Mon Mar 02 00:57:29.572775 2026] [php:error] [pid 52309] [client 134.149.59.124:0] script '/domains/fryer/acp.php' not found or unable to stat
[Mon Mar 02 00:57:29.643857 2026] [php:error] [pid 52309] [client 134.149.59.124:0] script '/domains/fryer/muzu.php' not found or unable to stat
[Mon Mar 02 00:57:29.722935 2026] [php:error] [pid 52309] [client 134.149.59.124:0] script '/domains/fryer/wpo.php' not found or unable to stat
[Mon Mar 02 00:57:29.793641 2026] [php:error] [pid 52309] [client 134.149.59.124:0] script '/domains/fryer/x123x.php' not found or unable to stat
[Mon Mar 02 00:57:29.864159 2026] [php:error] [pid 52309] [client 134.149.59.124:0] script '/domains/fryer/aq.php' not found or unable to stat
[Mon Mar 02 00:57:29.934242 2026] [php:error] [pid 52309] [client 134.149.59.124:0] script '/domains/fryer/011i.php' not found or unable to stat
[Mon Mar 02 00:57:30.004567 2026] [php:error] [pid 52309] [client 134.149.59.124:0] script '/domains/fryer/edit-tags.php' not found or unable to stat
[Mon Mar 02 00:57:30.074858 2026] [php:error] [pid 52309] [client 134.149.59.124:0] script '/domains/fryer/as1337.php' not found or unable to stat
[Mon Mar 02 00:57:30.146257 2026] [php:error] [pid 52309] [client 134.149.59.124:0] script '/domains/fryer/Okxob.php' not found or unable to stat
[Mon Mar 02 00:57:30.216667 2026] [php:error] [pid 52309] [client 134.149.59.124:0] script '/domains/fryer/wolf-shell.php' not found or unable to stat
[Mon Mar 02 00:57:30.287152 2026] [php:error] [pid 52309] [client 134.149.59.124:0] script '/domains/fryer/core.php' not found or unable to stat
[Mon Mar 02 00:57:30.357510 2026] [php:error] [pid 52309] [client 134.149.59.124:0] script '/domains/fryer/zeal.php' not found or unable to stat
[Mon Mar 02 00:57:30.429550 2026] [php:error] [pid 52309] [client 134.149.59.124:0] script '/domains/fryer/asf.php' not found or unable to stat
[Mon Mar 02 00:57:30.499818 2026] [php:error] [pid 52309] [client 134.149.59.124:0] script '/domains/fryer/sa.php' not found or unable to stat
[Mon Mar 02 00:57:37.564017 2026] [php:error] [pid 52304] [client 20.194.29.45:0] script '/domains/hofficer1/post.php' not found or unable to stat
[Mon Mar 02 00:57:37.757949 2026] [php:error] [pid 52304] [client 20.194.29.45:0] script '/domains/hofficer1/1.php' not found or unable to stat
[Mon Mar 02 00:57:37.951797 2026] [php:error] [pid 52304] [client 20.194.29.45:0] script '/domains/hofficer1/flower.php' not found or unable to stat
[Mon Mar 02 00:57:38.146121 2026] [php:error] [pid 52304] [client 20.194.29.45:0] script '/domains/hofficer1/admin.php' not found or unable to stat
[Mon Mar 02 00:57:38.363769 2026] [php:error] [pid 52304] [client 20.194.29.45:0] script '/domains/hofficer1/file.php' not found or unable to stat
[Mon Mar 02 00:57:38.586990 2026] [php:error] [pid 52304] [client 20.194.29.45:0] script '/domains/hofficer1/meta.php' not found or unable to stat
[Mon Mar 02 00:57:38.797958 2026] [php:error] [pid 52304] [client 20.194.29.45:0] script '/domains/hofficer1/index.php' not found or unable to stat
[Mon Mar 02 00:57:39.031839 2026] [php:error] [pid 52304] [client 20.194.29.45:0] script '/domains/hofficer1/about.php' not found or unable to stat
[Mon Mar 02 00:57:39.269692 2026] [php:error] [pid 52304] [client 20.194.29.45:0] script '/domains/hofficer1/randkeyword.php' not found or unable to stat
[Mon Mar 02 00:57:39.500369 2026] [php:error] [pid 52304] [client 20.194.29.45:0] script '/domains/hofficer1/hehe.php' not found or unable to stat
[Mon Mar 02 00:57:39.727785 2026] [php:error] [pid 52304] [client 20.194.29.45:0] script '/domains/hofficer1/yindu.php' not found or unable to stat
[Mon Mar 02 00:57:40.426448 2026] [php:error] [pid 52304] [client 20.194.29.45:0] script '/domains/hofficer1/baxa1.php' not found or unable to stat
[Mon Mar 02 00:57:44.174803 2026] [php:error] [pid 52304] [client 20.194.29.45:0] script '/domains/hofficer1/user.php' not found or unable to stat
[Mon Mar 02 00:57:44.414092 2026] [php:error] [pid 52304] [client 20.194.29.45:0] script '/domains/hofficer1/wp-2019.php' not found or unable to stat
[Mon Mar 02 00:57:44.615182 2026] [php:error] [pid 52304] [client 20.194.29.45:0] script '/domains/hofficer1/chosen.php' not found or unable to stat
[Mon Mar 02 00:57:44.829920 2026] [php:error] [pid 52304] [client 20.194.29.45:0] script '/domains/hofficer1/functions.php' not found or unable to stat
[Mon Mar 02 00:57:45.023998 2026] [php:error] [pid 52304] [client 20.194.29.45:0] script '/domains/hofficer1/cron.php' not found or unable to stat
