[Mon Mar 02 00:45:10.576727 2026] [php:error] [pid 52121] [client 20.240.42.45:0] script '/domains/highlandlabs/vgtyu.php' not found or unable to stat
[Mon Mar 02 00:45:10.671690 2026] [php:error] [pid 52121] [client 20.240.42.45:0] script '/domains/highlandlabs/166.php' not found or unable to stat
[Mon Mar 02 00:45:10.766775 2026] [php:error] [pid 52121] [client 20.240.42.45:0] script '/domains/highlandlabs/fs.php' not found or unable to stat
[Mon Mar 02 00:45:10.869714 2026] [php:error] [pid 52121] [client 20.240.42.45:0] script '/domains/highlandlabs/c4.php' not found or unable to stat
[Mon Mar 02 00:45:11.081840 2026] [php:error] [pid 52121] [client 20.240.42.45:0] script '/domains/highlandlabs/eauu.php' not found or unable to stat
[Mon Mar 02 00:45:11.212990 2026] [php:error] [pid 52121] [client 20.240.42.45:0] script '/domains/highlandlabs/fasx.php' not found or unable to stat
[Mon Mar 02 00:45:11.309363 2026] [php:error] [pid 52121] [client 20.240.42.45:0] script '/domains/highlandlabs/opts.php' not found or unable to stat
[Mon Mar 02 00:45:11.464378 2026] [php:error] [pid 52121] [client 20.240.42.45:0] script '/domains/highlandlabs/nzv.php' not found or unable to stat
[Mon Mar 02 00:45:11.560695 2026] [php:error] [pid 52121] [client 20.240.42.45:0] script '/domains/highlandlabs/grsiuk.php' not found or unable to stat
[Mon Mar 02 00:45:11.724426 2026] [php:error] [pid 52121] [client 20.240.42.45:0] script '/domains/highlandlabs/byp8.php' not found or unable to stat
[Mon Mar 02 00:45:11.819622 2026] [php:error] [pid 52121] [client 20.240.42.45:0] script '/domains/highlandlabs/nhr.php' not found or unable to stat
[Mon Mar 02 00:45:12.015838 2026] [php:error] [pid 52121] [client 20.240.42.45:0] script '/domains/highlandlabs/wp-access.php' not found or unable to stat
[Mon Mar 02 00:45:12.111044 2026] [php:error] [pid 52121] [client 20.240.42.45:0] script '/domains/highlandlabs/ws79.php' not found or unable to stat
[Mon Mar 02 00:45:12.383537 2026] [php:error] [pid 52121] [client 20.240.42.45:0] script '/domains/highlandlabs/1061.php' not found or unable to stat
[Mon Mar 02 00:45:12.529716 2026] [php:error] [pid 52121] [client 20.240.42.45:0] script '/domains/highlandlabs/zwq13.php' not found or unable to stat
[Mon Mar 02 00:45:12.680538 2026] [php:error] [pid 52121] [client 20.240.42.45:0] script '/domains/highlandlabs/hello.php' not found or unable to stat
[Mon Mar 02 00:45:12.824125 2026] [php:error] [pid 52121] [client 20.240.42.45:0] script '/domains/highlandlabs/05.php' not found or unable to stat
[Mon Mar 02 00:45:12.919004 2026] [php:error] [pid 52121] [client 20.240.42.45:0] script '/domains/highlandlabs/zxin.php' not found or unable to stat
[Mon Mar 02 00:45:13.015892 2026] [php:error] [pid 52121] [client 20.240.42.45:0] script '/domains/highlandlabs/fff.php' not found or unable to stat
[Mon Mar 02 00:45:13.126418 2026] [php:error] [pid 52121] [client 20.240.42.45:0] script '/domains/highlandlabs/wp5.php' not found or unable to stat
[Mon Mar 02 00:45:13.222658 2026] [php:error] [pid 52121] [client 20.240.42.45:0] script '/domains/highlandlabs/wp-good.php' not found or unable to stat
[Mon Mar 02 00:45:13.382804 2026] [php:error] [pid 52121] [client 20.240.42.45:0] script '/domains/highlandlabs/iko.php' not found or unable to stat
[Mon Mar 02 00:45:13.477738 2026] [php:error] [pid 52121] [client 20.240.42.45:0] script '/domains/highlandlabs/xmy.php' not found or unable to stat
[Mon Mar 02 00:45:13.573018 2026] [php:error] [pid 52121] [client 20.240.42.45:0] script '/domains/highlandlabs/fun.php' not found or unable to stat
[Mon Mar 02 00:45:13.692311 2026] [php:error] [pid 52121] [client 20.240.42.45:0] script '/domains/highlandlabs/end.php' not found or unable to stat
[Mon Mar 02 00:45:13.790211 2026] [php:error] [pid 52121] [client 20.240.42.45:0] script '/domains/highlandlabs/ah25.php' not found or unable to stat
[Mon Mar 02 00:45:14.210893 2026] [php:error] [pid 52121] [client 20.240.42.45:0] script '/domains/highlandlabs/error1.php' not found or unable to stat
[Mon Mar 02 00:45:14.305426 2026] [php:error] [pid 52121] [client 20.240.42.45:0] script '/domains/highlandlabs/thui.php' not found or unable to stat
[Mon Mar 02 00:45:14.400947 2026] [php:error] [pid 52121] [client 20.240.42.45:0] script '/domains/highlandlabs/ff1.php' not found or unable to stat
[Mon Mar 02 00:45:14.774578 2026] [php:error] [pid 52121] [client 20.240.42.45:0] script '/domains/highlandlabs/wp-act.php' not found or unable to stat
[Mon Mar 02 00:45:14.869685 2026] [php:error] [pid 52121] [client 20.240.42.45:0] script '/domains/highlandlabs/wp-the.php' not found or unable to stat
[Mon Mar 02 00:45:15.080109 2026] [php:error] [pid 52121] [client 20.240.42.45:0] script '/domains/highlandlabs/rpk.php' not found or unable to stat
[Mon Mar 02 00:45:15.195593 2026] [php:error] [pid 52121] [client 20.240.42.45:0] script '/domains/highlandlabs/ms.php' not found or unable to stat
[Mon Mar 02 00:45:15.294352 2026] [php:error] [pid 52121] [client 20.240.42.45:0] script '/domains/highlandlabs/155.php' not found or unable to stat
[Mon Mar 02 00:45:15.494070 2026] [php:error] [pid 52121] [client 20.240.42.45:0] script '/domains/highlandlabs/e.php' not found or unable to stat
[Mon Mar 02 00:45:15.588984 2026] [php:error] [pid 52121] [client 20.240.42.45:0] script '/domains/highlandlabs/forbidals.php' not found or unable to stat
[Mon Mar 02 00:45:15.827945 2026] [php:error] [pid 52121] [client 20.240.42.45:0] script '/domains/highlandlabs/X7x.php' not found or unable to stat
[Mon Mar 02 00:45:16.271187 2026] [php:error] [pid 52121] [client 20.240.42.45:0] script '/domains/highlandlabs/ccou.php' not found or unable to stat
[Mon Mar 02 00:45:16.366520 2026] [php:error] [pid 52121] [client 20.240.42.45:0] script '/domains/highlandlabs/get.php' not found or unable to stat
[Mon Mar 02 00:45:16.464383 2026] [php:error] [pid 52121] [client 20.240.42.45:0] script '/domains/highlandlabs/koiy.php' not found or unable to stat
[Mon Mar 02 00:45:16.515767 2026] [php:error] [pid 52122] [client 35.247.243.250:0] script '/domains/cccweb/adminer-5.0.0-en.php' not found or unable to stat
[Mon Mar 02 00:45:16.558852 2026] [php:error] [pid 52121] [client 20.240.42.45:0] script '/domains/highlandlabs/ms.php' not found or unable to stat
[Mon Mar 02 00:45:16.745737 2026] [php:error] [pid 52121] [client 20.240.42.45:0] script '/domains/highlandlabs/plugins.php' not found or unable to stat
[Mon Mar 02 00:45:16.988793 2026] [php:error] [pid 52121] [client 20.240.42.45:0] script '/domains/highlandlabs/raw.php' not found or unable to stat
[Mon Mar 02 00:45:17.083875 2026] [php:error] [pid 52121] [client 20.240.42.45:0] script '/domains/highlandlabs/mini.php' not found or unable to stat
[Mon Mar 02 00:45:17.186205 2026] [php:error] [pid 52121] [client 20.240.42.45:0] script '/domains/highlandlabs/rtx.php' not found or unable to stat
[Mon Mar 02 00:45:17.292473 2026] [php:error] [pid 52121] [client 20.240.42.45:0] script '/domains/highlandlabs/xda.php' not found or unable to stat
[Mon Mar 02 00:45:17.387732 2026] [php:error] [pid 52121] [client 20.240.42.45:0] script '/domains/highlandlabs/erty.php' not found or unable to stat
[Mon Mar 02 00:45:17.482677 2026] [php:error] [pid 52121] [client 20.240.42.45:0] script '/domains/highlandlabs/0.php' not found or unable to stat
[Mon Mar 02 00:45:17.577800 2026] [php:error] [pid 52121] [client 20.240.42.45:0] script '/domains/highlandlabs/moon.php' not found or unable to stat
[Mon Mar 02 00:45:17.675998 2026] [php:error] [pid 52121] [client 20.240.42.45:0] script '/domains/highlandlabs/8.php' not found or unable to stat
[Mon Mar 02 00:45:17.771234 2026] [php:error] [pid 52121] [client 20.240.42.45:0] script '/domains/highlandlabs/gec.php' not found or unable to stat
[Mon Mar 02 00:45:17.867734 2026] [php:error] [pid 52121] [client 20.240.42.45:0] script '/domains/highlandlabs/sxdfrt.php' not found or unable to stat
[Mon Mar 02 00:45:18.051095 2026] [php:error] [pid 52121] [client 20.240.42.45:0] script '/domains/highlandlabs/kj.php' not found or unable to stat
[Mon Mar 02 00:45:18.247099 2026] [php:error] [pid 52121] [client 20.240.42.45:0] script '/domains/highlandlabs/f6.php' not found or unable to stat
[Mon Mar 02 00:45:18.357338 2026] [php:error] [pid 52121] [client 20.240.42.45:0] script '/domains/highlandlabs/ocxla.php' not found or unable to stat
[Mon Mar 02 00:45:18.472609 2026] [php:error] [pid 52121] [client 20.240.42.45:0] script '/domains/highlandlabs/god.php' not found or unable to stat
[Mon Mar 02 00:45:18.568863 2026] [php:error] [pid 52121] [client 20.240.42.45:0] script '/domains/highlandlabs/cu.php' not found or unable to stat
[Mon Mar 02 00:45:18.681896 2026] [php:error] [pid 52121] [client 20.240.42.45:0] script '/domains/highlandlabs/zz.php' not found or unable to stat
[Mon Mar 02 00:45:18.777474 2026] [php:error] [pid 52121] [client 20.240.42.45:0] script '/domains/highlandlabs/xqq.php' not found or unable to stat
[Mon Mar 02 00:45:19.185576 2026] [php:error] [pid 52121] [client 20.240.42.45:0] script '/domains/highlandlabs/sdsa.php' not found or unable to stat
[Mon Mar 02 00:45:19.280769 2026] [php:error] [pid 52121] [client 20.240.42.45:0] script '/domains/highlandlabs/ms-edit.php' not found or unable to stat
[Mon Mar 02 00:45:19.375941 2026] [php:error] [pid 52121] [client 20.240.42.45:0] script '/domains/highlandlabs/wp-conflg.php' not found or unable to stat
[Mon Mar 02 00:45:19.474444 2026] [php:error] [pid 52121] [client 20.240.42.45:0] script '/domains/highlandlabs/un.php' not found or unable to stat
[Mon Mar 02 00:45:19.625568 2026] [php:error] [pid 52121] [client 20.240.42.45:0] script '/domains/highlandlabs/100.kb.php' not found or unable to stat
[Mon Mar 02 00:45:19.720598 2026] [php:error] [pid 52121] [client 20.240.42.45:0] script '/domains/highlandlabs/sid3.php' not found or unable to stat
[Mon Mar 02 00:45:35.242220 2026] [php:error] [pid 52121] [client 34.96.162.59:0] script '/domains/cccweb/adminer-5.0.4-mysql-en.php' not found or unable to stat
[Mon Mar 02 00:45:42.931721 2026] [php:error] [pid 52156] [client 134.149.59.124:0] script '/domains/emsco1/trx24.php' not found or unable to stat
[Mon Mar 02 00:45:43.079909 2026] [php:error] [pid 52156] [client 134.149.59.124:0] script '/domains/emsco1/cah.php' not found or unable to stat
[Mon Mar 02 00:45:43.228276 2026] [php:error] [pid 52156] [client 134.149.59.124:0] script '/domains/emsco1/acp.php' not found or unable to stat
[Mon Mar 02 00:45:43.302559 2026] [php:error] [pid 52156] [client 134.149.59.124:0] script '/domains/emsco1/muzu.php' not found or unable to stat
[Mon Mar 02 00:45:43.376496 2026] [php:error] [pid 52156] [client 134.149.59.124:0] script '/domains/emsco1/wpo.php' not found or unable to stat
[Mon Mar 02 00:45:43.450004 2026] [php:error] [pid 52156] [client 134.149.59.124:0] script '/domains/emsco1/x123x.php' not found or unable to stat
[Mon Mar 02 00:45:43.523822 2026] [php:error] [pid 52156] [client 134.149.59.124:0] script '/domains/emsco1/aq.php' not found or unable to stat
[Mon Mar 02 00:45:43.597425 2026] [php:error] [pid 52156] [client 134.149.59.124:0] script '/domains/emsco1/011i.php' not found or unable to stat
[Mon Mar 02 00:45:43.670920 2026] [php:error] [pid 52156] [client 134.149.59.124:0] script '/domains/emsco1/edit-tags.php' not found or unable to stat
[Mon Mar 02 00:45:43.744235 2026] [php:error] [pid 52156] [client 134.149.59.124:0] script '/domains/emsco1/as1337.php' not found or unable to stat
[Mon Mar 02 00:45:43.817544 2026] [php:error] [pid 52156] [client 134.149.59.124:0] script '/domains/emsco1/Okxob.php' not found or unable to stat
[Mon Mar 02 00:45:43.890854 2026] [php:error] [pid 52156] [client 134.149.59.124:0] script '/domains/emsco1/wolf-shell.php' not found or unable to stat
[Mon Mar 02 00:45:43.964103 2026] [php:error] [pid 52156] [client 134.149.59.124:0] script '/domains/emsco1/core.php' not found or unable to stat
[Mon Mar 02 00:45:44.037584 2026] [php:error] [pid 52156] [client 134.149.59.124:0] script '/domains/emsco1/zeal.php' not found or unable to stat
[Mon Mar 02 00:45:44.110763 2026] [php:error] [pid 52156] [client 134.149.59.124:0] script '/domains/emsco1/asf.php' not found or unable to stat
[Mon Mar 02 00:45:44.184146 2026] [php:error] [pid 52156] [client 134.149.59.124:0] script '/domains/emsco1/sa.php' not found or unable to stat
[Mon Mar 02 00:45:58.514845 2026] [php:error] [pid 52121] [client 34.96.162.58:0] script '/domains/cccweb/adminer-5.0.6-en.php' not found or unable to stat
[Mon Mar 02 00:46:05.862214 2026] [php:error] [pid 52122] [client 20.89.41.34:0] script '/domains/jrp.interport/222.php' not found or unable to stat
[Mon Mar 02 00:46:06.024603 2026] [php:error] [pid 52122] [client 20.89.41.34:0] script '/domains/jrp.interport/404.php' not found or unable to stat
[Mon Mar 02 00:46:06.186798 2026] [php:error] [pid 52122] [client 20.89.41.34:0] script '/domains/jrp.interport/about.php' not found or unable to stat
[Mon Mar 02 00:46:06.352890 2026] [php:error] [pid 52122] [client 20.89.41.34:0] script '/domains/jrp.interport/admin.php' not found or unable to stat
[Mon Mar 02 00:46:06.515490 2026] [php:error] [pid 52122] [client 20.89.41.34:0] script '/domains/jrp.interport/adminfuns.php' not found or unable to stat
[Mon Mar 02 00:46:06.678594 2026] [php:error] [pid 52122] [client 20.89.41.34:0] script '/domains/jrp.interport/bless.php' not found or unable to stat
[Mon Mar 02 00:46:06.840644 2026] [php:error] [pid 52122] [client 20.89.41.34:0] script '/domains/jrp.interport/bolt.php' not found or unable to stat
[Mon Mar 02 00:46:07.003039 2026] [php:error] [pid 52122] [client 20.89.41.34:0] script '/domains/jrp.interport/ccou.php' not found or unable to stat
[Mon Mar 02 00:46:07.165001 2026] [php:error] [pid 52122] [client 20.89.41.34:0] script '/domains/jrp.interport/class-t.api.php' not found or unable to stat
[Mon Mar 02 00:46:07.328169 2026] [php:error] [pid 52122] [client 20.89.41.34:0] script '/domains/jrp.interport/css.php' not found or unable to stat
[Mon Mar 02 00:46:07.654311 2026] [php:error] [pid 52122] [client 20.89.41.34:0] script '/domains/jrp.interport/edit.php' not found or unable to stat
[Mon Mar 02 00:46:07.816352 2026] [php:error] [pid 52122] [client 20.89.41.34:0] script '/domains/jrp.interport/fff.php' not found or unable to stat
[Mon Mar 02 00:46:07.978859 2026] [php:error] [pid 52122] [client 20.89.41.34:0] script '/domains/jrp.interport/file.php' not found or unable to stat
[Mon Mar 02 00:46:08.141278 2026] [php:error] [pid 52122] [client 20.89.41.34:0] script '/domains/jrp.interport/fx.php' not found or unable to stat
[Mon Mar 02 00:46:08.303339 2026] [php:error] [pid 52122] [client 20.89.41.34:0] script '/domains/jrp.interport/info.php' not found or unable to stat
[Mon Mar 02 00:46:08.465326 2026] [php:error] [pid 52122] [client 20.89.41.34:0] script '/domains/jrp.interport/ioxi-o.php' not found or unable to stat
[Mon Mar 02 00:46:08.627396 2026] [php:error] [pid 52122] [client 20.89.41.34:0] script '/domains/jrp.interport/rip.php' not found or unable to stat
[Mon Mar 02 00:46:08.790902 2026] [php:error] [pid 52122] [client 20.89.41.34:0] script '/domains/jrp.interport/server.php' not found or unable to stat
[Mon Mar 02 00:46:08.953105 2026] [php:error] [pid 52122] [client 20.89.41.34:0] script '/domains/jrp.interport/wp-blog.php' not found or unable to stat
[Mon Mar 02 00:46:09.938882 2026] [php:error] [pid 52122] [client 20.89.41.34:0] script '/domains/jrp.interport/wp-editor.php' not found or unable to stat
[Mon Mar 02 00:46:10.754297 2026] [php:error] [pid 52122] [client 20.89.41.34:0] script '/domains/jrp.interport/wp.php' not found or unable to stat
[Mon Mar 02 00:46:10.916572 2026] [php:error] [pid 52122] [client 20.89.41.34:0] script '/domains/jrp.interport/x.php' not found or unable to stat
[Mon Mar 02 00:46:35.068610 2026] [php:error] [pid 52168] [client 35.247.243.255:0] script '/domains/cccweb/Adminer.php' not found or unable to stat
[Mon Mar 02 00:46:42.808706 2026] [php:error] [pid 52122] [client 34.96.162.49:0] script '/domains/cccweb/adminer-5.1.1.php' not found or unable to stat
[Mon Mar 02 00:46:49.668305 2026] [php:error] [pid 52121] [client 35.247.243.253:0] script '/domains/cccweb/adminer-4.8.1.php' not found or unable to stat
[Mon Mar 02 00:47:02.461651 2026] [php:error] [pid 52175] [client 20.63.41.168:0] script '/domains/rainho/trx24.php' not found or unable to stat
[Mon Mar 02 00:47:02.517495 2026] [php:error] [pid 52175] [client 20.63.41.168:0] script '/domains/rainho/cah.php' not found or unable to stat
[Mon Mar 02 00:47:02.565179 2026] [php:error] [pid 52175] [client 20.63.41.168:0] script '/domains/rainho/acp.php' not found or unable to stat
[Mon Mar 02 00:47:02.604850 2026] [php:error] [pid 52175] [client 20.63.41.168:0] script '/domains/rainho/muzu.php' not found or unable to stat
[Mon Mar 02 00:47:02.636688 2026] [php:error] [pid 52175] [client 20.63.41.168:0] script '/domains/rainho/wpo.php' not found or unable to stat
[Mon Mar 02 00:47:02.660505 2026] [php:error] [pid 52175] [client 20.63.41.168:0] script '/domains/rainho/x123x.php' not found or unable to stat
[Mon Mar 02 00:47:02.684388 2026] [php:error] [pid 52175] [client 20.63.41.168:0] script '/domains/rainho/aq.php' not found or unable to stat
[Mon Mar 02 00:47:02.708562 2026] [php:error] [pid 52175] [client 20.63.41.168:0] script '/domains/rainho/011i.php' not found or unable to stat
[Mon Mar 02 00:47:02.732516 2026] [php:error] [pid 52175] [client 20.63.41.168:0] script '/domains/rainho/edit-tags.php' not found or unable to stat
[Mon Mar 02 00:47:02.756705 2026] [php:error] [pid 52175] [client 20.63.41.168:0] script '/domains/rainho/as1337.php' not found or unable to stat
[Mon Mar 02 00:47:02.781183 2026] [php:error] [pid 52175] [client 20.63.41.168:0] script '/domains/rainho/Okxob.php' not found or unable to stat
[Mon Mar 02 00:47:02.805630 2026] [php:error] [pid 52175] [client 20.63.41.168:0] script '/domains/rainho/wolf-shell.php' not found or unable to stat
[Mon Mar 02 00:47:02.830580 2026] [php:error] [pid 52175] [client 20.63.41.168:0] script '/domains/rainho/core.php' not found or unable to stat
[Mon Mar 02 00:47:02.854712 2026] [php:error] [pid 52175] [client 20.63.41.168:0] script '/domains/rainho/zeal.php' not found or unable to stat
[Mon Mar 02 00:47:02.888045 2026] [php:error] [pid 52175] [client 20.63.41.168:0] script '/domains/rainho/asf.php' not found or unable to stat
[Mon Mar 02 00:47:02.920230 2026] [php:error] [pid 52175] [client 20.63.41.168:0] script '/domains/rainho/sa.php' not found or unable to stat
[Mon Mar 02 00:47:04.022630 2026] [php:error] [pid 52160] [client 34.96.162.55:0] script '/domains/cccweb/adminer-5.4.0-mysql-en.php' not found or unable to stat
[Mon Mar 02 00:47:21.752997 2026] [php:error] [pid 52173] [client 35.247.243.241:0] script '/domains/cccweb/adminer-5.0.1.php' not found or unable to stat
[Mon Mar 02 00:47:28.207788 2026] [php:error] [pid 52175] [client 35.247.243.241:0] script '/domains/cccweb/adminer-5.0.5-en.php' not found or unable to stat
[Mon Mar 02 00:47:37.989604 2026] [php:error] [pid 52182] [client 35.247.243.244:0] script '/domains/cccweb/adminer-5.0.1-en.php' not found or unable to stat
[Mon Mar 02 00:47:42.306681 2026] [php:error] [pid 52173] [client 74.243.251.125:0] script '/domains/koenig.interport/trx24.php' not found or unable to stat
[Mon Mar 02 00:47:42.644866 2026] [php:error] [pid 52173] [client 74.243.251.125:0] script '/domains/koenig.interport/cah.php' not found or unable to stat
[Mon Mar 02 00:47:42.982907 2026] [php:error] [pid 52173] [client 74.243.251.125:0] script '/domains/koenig.interport/acp.php' not found or unable to stat
[Mon Mar 02 00:47:43.152191 2026] [php:error] [pid 52173] [client 74.243.251.125:0] script '/domains/koenig.interport/muzu.php' not found or unable to stat
[Mon Mar 02 00:47:43.321493 2026] [php:error] [pid 52173] [client 74.243.251.125:0] script '/domains/koenig.interport/wpo.php' not found or unable to stat
[Mon Mar 02 00:47:43.491131 2026] [php:error] [pid 52173] [client 74.243.251.125:0] script '/domains/koenig.interport/x123x.php' not found or unable to stat
[Mon Mar 02 00:47:43.660294 2026] [php:error] [pid 52173] [client 74.243.251.125:0] script '/domains/koenig.interport/aq.php' not found or unable to stat
[Mon Mar 02 00:47:43.829343 2026] [php:error] [pid 52173] [client 74.243.251.125:0] script '/domains/koenig.interport/011i.php' not found or unable to stat
[Mon Mar 02 00:47:43.998466 2026] [php:error] [pid 52173] [client 74.243.251.125:0] script '/domains/koenig.interport/edit-tags.php' not found or unable to stat
[Mon Mar 02 00:47:44.167988 2026] [php:error] [pid 52173] [client 74.243.251.125:0] script '/domains/koenig.interport/as1337.php' not found or unable to stat
[Mon Mar 02 00:47:44.337449 2026] [php:error] [pid 52173] [client 74.243.251.125:0] script '/domains/koenig.interport/Okxob.php' not found or unable to stat
[Mon Mar 02 00:47:44.506890 2026] [php:error] [pid 52173] [client 74.243.251.125:0] script '/domains/koenig.interport/wolf-shell.php' not found or unable to stat
[Mon Mar 02 00:47:44.676121 2026] [php:error] [pid 52173] [client 74.243.251.125:0] script '/domains/koenig.interport/core.php' not found or unable to stat
[Mon Mar 02 00:47:44.845515 2026] [php:error] [pid 52173] [client 74.243.251.125:0] script '/domains/koenig.interport/zeal.php' not found or unable to stat
[Mon Mar 02 00:47:45.014894 2026] [php:error] [pid 52173] [client 74.243.251.125:0] script '/domains/koenig.interport/asf.php' not found or unable to stat
[Mon Mar 02 00:47:45.184387 2026] [php:error] [pid 52173] [client 74.243.251.125:0] script '/domains/koenig.interport/sa.php' not found or unable to stat
[Mon Mar 02 00:47:49.373621 2026] [php:error] [pid 52185] [client 20.214.137.177:0] script '/domains/wsmith.enteract/wp-trackback.php' not found or unable to stat
[Mon Mar 02 00:47:49.699412 2026] [php:error] [pid 52185] [client 20.214.137.177:0] script '/domains/wsmith.enteract/about.php' not found or unable to stat
[Mon Mar 02 00:47:50.031565 2026] [php:error] [pid 52185] [client 20.214.137.177:0] script '/domains/wsmith.enteract/file.php' not found or unable to stat
[Mon Mar 02 00:47:50.363966 2026] [php:error] [pid 52185] [client 20.214.137.177:0] script '/domains/wsmith.enteract/wp-good.php' not found or unable to stat
[Mon Mar 02 00:47:50.699188 2026] [php:error] [pid 52185] [client 20.214.137.177:0] script '/domains/wsmith.enteract/xmlrpc.php' not found or unable to stat
[Mon Mar 02 00:47:51.013498 2026] [php:error] [pid 52185] [client 20.214.137.177:0] script '/domains/wsmith.enteract/goods.php' not found or unable to stat
[Mon Mar 02 00:47:51.379483 2026] [php:error] [pid 52185] [client 20.214.137.177:0] script '/domains/wsmith.enteract/ioxi-o.php' not found or unable to stat
[Mon Mar 02 00:47:51.728394 2026] [php:error] [pid 52185] [client 20.214.137.177:0] script '/domains/wsmith.enteract/class-t.api.php' not found or unable to stat
[Mon Mar 02 00:47:52.063593 2026] [php:error] [pid 52185] [client 20.214.137.177:0] script '/domains/wsmith.enteract/admin.php' not found or unable to stat
[Mon Mar 02 00:47:52.389449 2026] [php:error] [pid 52185] [client 20.214.137.177:0] script '/domains/wsmith.enteract/sf.php' not found or unable to stat
[Mon Mar 02 00:47:52.723458 2026] [php:error] [pid 52185] [client 20.214.137.177:0] script '/domains/wsmith.enteract/rip.php' not found or unable to stat
[Mon Mar 02 00:47:53.086180 2026] [php:error] [pid 52185] [client 20.214.137.177:0] script '/domains/wsmith.enteract/autoload_classmap.php' not found or unable to stat
[Mon Mar 02 00:47:53.431496 2026] [php:error] [pid 52185] [client 20.214.137.177:0] script '/domains/wsmith.enteract/chosen.php' not found or unable to stat
[Mon Mar 02 00:47:53.760495 2026] [php:error] [pid 52185] [client 20.214.137.177:0] script '/domains/wsmith.enteract/classwithtostring.php' not found or unable to stat
[Mon Mar 02 00:47:54.107072 2026] [php:error] [pid 52185] [client 20.214.137.177:0] script '/domains/wsmith.enteract/defaults.php' not found or unable to stat
[Mon Mar 02 00:47:55.820694 2026] [php:error] [pid 52185] [client 20.214.137.177:0] script '/domains/wsmith.enteract/info.php' not found or unable to stat
[Mon Mar 02 00:47:58.146177 2026] [php:error] [pid 52185] [client 20.214.137.177:0] script '/domains/wsmith.enteract/adminfuns.php' not found or unable to stat
[Mon Mar 02 00:48:14.845323 2026] [php:error] [pid 52176] [client 20.207.204.235:0] script '/domains/bruceweb/222.php' not found or unable to stat
[Mon Mar 02 00:48:15.051473 2026] [php:error] [pid 52176] [client 20.207.204.235:0] script '/domains/bruceweb/404.php' not found or unable to stat
[Mon Mar 02 00:48:15.257602 2026] [php:error] [pid 52176] [client 20.207.204.235:0] script '/domains/bruceweb/about.php' not found or unable to stat
[Mon Mar 02 00:48:15.465260 2026] [php:error] [pid 52176] [client 20.207.204.235:0] script '/domains/bruceweb/admin.php' not found or unable to stat
[Mon Mar 02 00:48:15.671670 2026] [php:error] [pid 52176] [client 20.207.204.235:0] script '/domains/bruceweb/adminfuns.php' not found or unable to stat
[Mon Mar 02 00:48:15.877566 2026] [php:error] [pid 52176] [client 20.207.204.235:0] script '/domains/bruceweb/bless.php' not found or unable to stat
[Mon Mar 02 00:48:16.091904 2026] [php:error] [pid 52176] [client 20.207.204.235:0] script '/domains/bruceweb/bolt.php' not found or unable to stat
[Mon Mar 02 00:48:16.298654 2026] [php:error] [pid 52176] [client 20.207.204.235:0] script '/domains/bruceweb/ccou.php' not found or unable to stat
[Mon Mar 02 00:48:16.506485 2026] [php:error] [pid 52176] [client 20.207.204.235:0] script '/domains/bruceweb/class-t.api.php' not found or unable to stat
[Mon Mar 02 00:48:16.712665 2026] [php:error] [pid 52176] [client 20.207.204.235:0] script '/domains/bruceweb/css.php' not found or unable to stat
[Mon Mar 02 00:48:16.714066 2026] [php:error] [pid 52121] [client 39.106.67.230:0] script '/domains/smartny/fun.php' not found or unable to stat
[Mon Mar 02 00:48:17.126306 2026] [php:error] [pid 52176] [client 20.207.204.235:0] script '/domains/bruceweb/edit.php' not found or unable to stat
[Mon Mar 02 00:48:17.333358 2026] [php:error] [pid 52176] [client 20.207.204.235:0] script '/domains/bruceweb/fff.php' not found or unable to stat
[Mon Mar 02 00:48:17.539836 2026] [php:error] [pid 52176] [client 20.207.204.235:0] script '/domains/bruceweb/file.php' not found or unable to stat
[Mon Mar 02 00:48:17.747293 2026] [php:error] [pid 52176] [client 20.207.204.235:0] script '/domains/bruceweb/fx.php' not found or unable to stat
[Mon Mar 02 00:48:17.967461 2026] [php:error] [pid 52176] [client 20.207.204.235:0] script '/domains/bruceweb/info.php' not found or unable to stat
[Mon Mar 02 00:48:18.175154 2026] [php:error] [pid 52176] [client 20.207.204.235:0] script '/domains/bruceweb/ioxi-o.php' not found or unable to stat
[Mon Mar 02 00:48:18.381025 2026] [php:error] [pid 52176] [client 20.207.204.235:0] script '/domains/bruceweb/rip.php' not found or unable to stat
[Mon Mar 02 00:48:18.587090 2026] [php:error] [pid 52176] [client 20.207.204.235:0] script '/domains/bruceweb/server.php' not found or unable to stat
[Mon Mar 02 00:48:18.793138 2026] [php:error] [pid 52176] [client 20.207.204.235:0] script '/domains/bruceweb/wp-blog.php' not found or unable to stat
[Mon Mar 02 00:48:20.030883 2026] [php:error] [pid 52176] [client 20.207.204.235:0] script '/domains/bruceweb/wp-editor.php' not found or unable to stat
[Mon Mar 02 00:48:21.060999 2026] [php:error] [pid 52176] [client 20.207.204.235:0] script '/domains/bruceweb/wp.php' not found or unable to stat
[Mon Mar 02 00:48:21.267101 2026] [php:error] [pid 52176] [client 20.207.204.235:0] script '/domains/bruceweb/x.php' not found or unable to stat
[Mon Mar 02 00:48:22.476519 2026] [php:error] [pid 52177] [client 35.247.243.255:0] script '/domains/cccweb/adminer-5.0.2-en.php' not found or unable to stat
[Mon Mar 02 00:48:27.029396 2026] [php:error] [pid 52195] [client 218.67.82.170:0] script '/domains/ebon/shell.php' not found or unable to stat, referer: http://NERVEPOOL.net/shell.php
[Mon Mar 02 00:48:30.531432 2026] [php:error] [pid 52199] [client 35.247.243.243:0] script '/domains/cccweb/adminer-5.0.4-mysql.php' not found or unable to stat
[Mon Mar 02 00:48:42.590336 2026] [php:error] [pid 52194] [client 157.230.96.163:0] script '/domains/peterbmiller/wp-login.php' not found or unable to stat
[Mon Mar 02 00:48:48.836151 2026] [php:error] [pid 52199] [client 74.248.24.167:0] script '/domains/system_default/gfile.php' not found or unable to stat
[Mon Mar 02 00:48:48.941541 2026] [php:error] [pid 52199] [client 74.248.24.167:0] script '/domains/system_default/dox.php' not found or unable to stat
[Mon Mar 02 00:48:49.041219 2026] [php:error] [pid 52199] [client 74.248.24.167:0] script '/domains/system_default/qwas.php' not found or unable to stat
[Mon Mar 02 00:48:49.141222 2026] [php:error] [pid 52199] [client 74.248.24.167:0] script '/domains/system_default/claw.php' not found or unable to stat
[Mon Mar 02 00:48:49.240993 2026] [php:error] [pid 52199] [client 74.248.24.167:0] script '/domains/system_default/cfgy.php' not found or unable to stat
[Mon Mar 02 00:48:49.340571 2026] [php:error] [pid 52199] [client 74.248.24.167:0] script '/domains/system_default/jbuft.php' not found or unable to stat
[Mon Mar 02 00:48:49.440439 2026] [php:error] [pid 52199] [client 74.248.24.167:0] script '/domains/system_default/fvvff.php' not found or unable to stat
[Mon Mar 02 00:48:49.540170 2026] [php:error] [pid 52199] [client 74.248.24.167:0] script '/domains/system_default/vaza.php' not found or unable to stat
[Mon Mar 02 00:48:49.582982 2026] [php:error] [pid 52195] [client 40.80.89.74:0] script '/domains/hans.interport/inputs.php' not found or unable to stat
[Mon Mar 02 00:48:49.639551 2026] [php:error] [pid 52199] [client 74.248.24.167:0] script '/domains/system_default/a2.php' not found or unable to stat
[Mon Mar 02 00:48:49.739219 2026] [php:error] [pid 52199] [client 74.248.24.167:0] script '/domains/system_default/sty.php' not found or unable to stat
[Mon Mar 02 00:48:49.796640 2026] [php:error] [pid 52195] [client 40.80.89.74:0] script '/domains/hans.interport/ioxi-o.php' not found or unable to stat
[Mon Mar 02 00:48:49.838752 2026] [php:error] [pid 52199] [client 74.248.24.167:0] script '/domains/system_default/xxxx.php' not found or unable to stat
[Mon Mar 02 00:48:49.939072 2026] [php:error] [pid 52199] [client 74.248.24.167:0] script '/domains/system_default/h.php' not found or unable to stat
[Mon Mar 02 00:48:50.038497 2026] [php:error] [pid 52199] [client 74.248.24.167:0] script '/domains/system_default/g.php' not found or unable to stat
[Mon Mar 02 00:48:50.138583 2026] [php:error] [pid 52199] [client 74.248.24.167:0] script '/domains/system_default/pp.php' not found or unable to stat
[Mon Mar 02 00:48:50.223033 2026] [php:error] [pid 52195] [client 40.80.89.74:0] script '/domains/hans.interport/rip.php' not found or unable to stat
[Mon Mar 02 00:48:50.238325 2026] [php:error] [pid 52199] [client 74.248.24.167:0] script '/domains/system_default/sys.php' not found or unable to stat
[Mon Mar 02 00:48:50.338890 2026] [php:error] [pid 52199] [client 74.248.24.167:0] script '/domains/system_default/txets.php' not found or unable to stat
[Mon Mar 02 00:48:50.438353 2026] [php:error] [pid 52195] [client 40.80.89.74:0] script '/domains/hans.interport/admin.php' not found or unable to stat
[Mon Mar 02 00:48:50.439388 2026] [php:error] [pid 52199] [client 74.248.24.167:0] script '/domains/system_default/tt.php' not found or unable to stat
[Mon Mar 02 00:48:50.539049 2026] [php:error] [pid 52199] [client 74.248.24.167:0] script '/domains/system_default/wp9.php' not found or unable to stat
[Mon Mar 02 00:48:50.639115 2026] [php:error] [pid 52199] [client 74.248.24.167:0] script '/domains/system_default/path.php' not found or unable to stat
[Mon Mar 02 00:48:50.740702 2026] [php:error] [pid 52199] [client 74.248.24.167:0] script '/domains/system_default/wdf.php' not found or unable to stat
[Mon Mar 02 00:48:50.840661 2026] [php:error] [pid 52199] [client 74.248.24.167:0] script '/domains/system_default/fleen.php' not found or unable to stat
[Mon Mar 02 00:48:50.864562 2026] [php:error] [pid 52195] [client 40.80.89.74:0] script '/domains/hans.interport/cache.php' not found or unable to stat
[Mon Mar 02 00:48:50.940704 2026] [php:error] [pid 52199] [client 74.248.24.167:0] script '/domains/system_default/wp-tem.php' not found or unable to stat
[Mon Mar 02 00:48:51.040682 2026] [php:error] [pid 52199] [client 74.248.24.167:0] script '/domains/system_default/av6m.php' not found or unable to stat
[Mon Mar 02 00:48:51.087775 2026] [php:error] [pid 52195] [client 40.80.89.74:0] script '/domains/hans.interport/themes.php' not found or unable to stat
[Mon Mar 02 00:48:51.140185 2026] [php:error] [pid 52199] [client 74.248.24.167:0] script '/domains/system_default/autogooey.php' not found or unable to stat
[Mon Mar 02 00:48:51.239878 2026] [php:error] [pid 52199] [client 74.248.24.167:0] script '/domains/system_default/btx25.php' not found or unable to stat
[Mon Mar 02 00:48:51.302065 2026] [php:error] [pid 52195] [client 40.80.89.74:0] script '/domains/hans.interport/an.php' not found or unable to stat
[Mon Mar 02 00:48:51.339426 2026] [php:error] [pid 52199] [client 74.248.24.167:0] script '/domains/system_default/mga.php' not found or unable to stat
[Mon Mar 02 00:48:51.439249 2026] [php:error] [pid 52199] [client 74.248.24.167:0] script '/domains/system_default/maxro.php' not found or unable to stat
[Mon Mar 02 00:48:51.539319 2026] [php:error] [pid 52199] [client 74.248.24.167:0] script '/domains/system_default/agg.php' not found or unable to stat
[Mon Mar 02 00:48:51.639213 2026] [php:error] [pid 52199] [client 74.248.24.167:0] script '/domains/system_default/pass4.php' not found or unable to stat
[Mon Mar 02 00:48:51.739213 2026] [php:error] [pid 52199] [client 74.248.24.167:0] script '/domains/system_default/wsvvs.php' not found or unable to stat
[Mon Mar 02 00:48:51.838653 2026] [php:error] [pid 52199] [client 74.248.24.167:0] script '/domains/system_default/G-In.php' not found or unable to stat
[Mon Mar 02 00:48:51.938373 2026] [php:error] [pid 52199] [client 74.248.24.167:0] script '/domains/system_default/edit.php' not found or unable to stat
[Mon Mar 02 00:48:51.975370 2026] [php:error] [pid 52195] [client 40.80.89.74:0] script '/domains/hans.interport/ws.php' not found or unable to stat
[Mon Mar 02 00:48:52.037967 2026] [php:error] [pid 52199] [client 74.248.24.167:0] script '/domains/system_default/ioxi-o.php' not found or unable to stat
[Mon Mar 02 00:48:52.189162 2026] [php:error] [pid 52195] [client 40.80.89.74:0] script '/domains/hans.interport/404.php' not found or unable to stat
[Mon Mar 02 00:48:52.236909 2026] [php:error] [pid 52199] [client 74.248.24.167:0] script '/domains/system_default/66.php' not found or unable to stat
[Mon Mar 02 00:48:52.436572 2026] [php:error] [pid 52199] [client 74.248.24.167:0] script '/domains/system_default/gifclass.php' not found or unable to stat
[Mon Mar 02 00:48:52.615757 2026] [php:error] [pid 52195] [client 40.80.89.74:0] script '/domains/hans.interport/wp-conf.php' not found or unable to stat
[Mon Mar 02 00:48:52.933970 2026] [php:error] [pid 52199] [client 74.248.24.167:0] script '/domains/system_default/sc.php' not found or unable to stat
[Mon Mar 02 00:48:53.034507 2026] [php:error] [pid 52199] [client 74.248.24.167:0] script '/domains/system_default/xmlrpc.php' not found or unable to stat
[Mon Mar 02 00:48:53.043267 2026] [php:error] [pid 52195] [client 40.80.89.74:0] script '/domains/hans.interport/wp-login.php' not found or unable to stat
[Mon Mar 02 00:48:53.134151 2026] [php:error] [pid 52199] [client 74.248.24.167:0] script '/domains/system_default/ol.php' not found or unable to stat
[Mon Mar 02 00:48:53.237761 2026] [php:error] [pid 52199] [client 74.248.24.167:0] script '/domains/system_default/f6.php' not found or unable to stat
[Mon Mar 02 00:48:53.257161 2026] [php:error] [pid 52195] [client 40.80.89.74:0] script '/domains/hans.interport/abc.php' not found or unable to stat
[Mon Mar 02 00:48:53.337247 2026] [php:error] [pid 52199] [client 74.248.24.167:0] script '/domains/system_default/inputs.php' not found or unable to stat
[Mon Mar 02 00:48:53.437206 2026] [php:error] [pid 52199] [client 74.248.24.167:0] script '/domains/system_default/style.php' not found or unable to stat
[Mon Mar 02 00:48:53.470207 2026] [php:error] [pid 52195] [client 40.80.89.74:0] script '/domains/hans.interport/abcd.php' not found or unable to stat
[Mon Mar 02 00:48:53.537196 2026] [php:error] [pid 52199] [client 74.248.24.167:0] script '/domains/system_default/bgymj.php' not found or unable to stat
[Mon Mar 02 00:48:53.636874 2026] [php:error] [pid 52199] [client 74.248.24.167:0] script '/domains/system_default/aa.php' not found or unable to stat
[Mon Mar 02 00:48:53.683190 2026] [php:error] [pid 52195] [client 40.80.89.74:0] script '/domains/hans.interport/as.php' not found or unable to stat
[Mon Mar 02 00:48:53.736326 2026] [php:error] [pid 52199] [client 74.248.24.167:0] script '/domains/system_default/1.php' not found or unable to stat
[Mon Mar 02 00:48:53.835925 2026] [php:error] [pid 52199] [client 74.248.24.167:0] script '/domains/system_default/sc.php' not found or unable to stat
[Mon Mar 02 00:48:53.904213 2026] [php:error] [pid 52195] [client 40.80.89.74:0] script '/domains/hans.interport/wp-trackback.php' not found or unable to stat
[Mon Mar 02 00:48:53.936185 2026] [php:error] [pid 52199] [client 74.248.24.167:0] script '/domains/system_default/av.php' not found or unable to stat
[Mon Mar 02 00:48:54.036306 2026] [php:error] [pid 52199] [client 74.248.24.167:0] script '/domains/system_default/file.php' not found or unable to stat
[Mon Mar 02 00:48:54.117425 2026] [php:error] [pid 52195] [client 40.80.89.74:0] script '/domains/hans.interport/about.php' not found or unable to stat
[Mon Mar 02 00:48:54.136040 2026] [php:error] [pid 52199] [client 74.248.24.167:0] script '/domains/system_default/666.php' not found or unable to stat
[Mon Mar 02 00:48:54.236068 2026] [php:error] [pid 52199] [client 74.248.24.167:0] script '/domains/system_default/file59.php' not found or unable to stat
[Mon Mar 02 00:48:54.330810 2026] [php:error] [pid 52195] [client 40.80.89.74:0] script '/domains/hans.interport/file.php' not found or unable to stat
[Mon Mar 02 00:48:54.335701 2026] [php:error] [pid 52199] [client 74.248.24.167:0] script '/domains/system_default/bless.php' not found or unable to stat
[Mon Mar 02 00:48:54.435169 2026] [php:error] [pid 52199] [client 74.248.24.167:0] script '/domains/system_default/wp9.php' not found or unable to stat
[Mon Mar 02 00:48:54.534732 2026] [php:error] [pid 52199] [client 74.248.24.167:0] script '/domains/system_default/wp-act.php' not found or unable to stat
[Mon Mar 02 00:48:54.543827 2026] [php:error] [pid 52195] [client 40.80.89.74:0] script '/domains/hans.interport/adminfuns.php' not found or unable to stat
[Mon Mar 02 00:48:54.634202 2026] [php:error] [pid 52199] [client 74.248.24.167:0] script '/domains/system_default/class-t.api.php' not found or unable to stat
[Mon Mar 02 00:48:54.733623 2026] [php:error] [pid 52199] [client 74.248.24.167:0] script '/domains/system_default/xqq.php' not found or unable to stat
[Mon Mar 02 00:48:54.756821 2026] [php:error] [pid 52195] [client 40.80.89.74:0] script '/domains/hans.interport/wp-good.php' not found or unable to stat
[Mon Mar 02 00:48:54.869127 2026] [php:error] [pid 52193] [client 4.193.97.168:0] script '/domains/nostrada/inputs.php' not found or unable to stat
[Mon Mar 02 00:48:54.977614 2026] [php:error] [pid 52195] [client 40.80.89.74:0] script '/domains/hans.interport/xmlrpc.php' not found or unable to stat
[Mon Mar 02 00:48:55.097332 2026] [php:error] [pid 52193] [client 4.193.97.168:0] script '/domains/nostrada/ioxi-o.php' not found or unable to stat
[Mon Mar 02 00:48:55.198292 2026] [php:error] [pid 52195] [client 40.80.89.74:0] script '/domains/hans.interport/goods.php' not found or unable to stat
[Mon Mar 02 00:48:55.232605 2026] [php:error] [pid 52199] [client 74.248.24.167:0] script '/domains/system_default/06.php' not found or unable to stat
[Mon Mar 02 00:48:55.332166 2026] [php:error] [pid 52199] [client 74.248.24.167:0] script '/domains/system_default/plss3.php' not found or unable to stat
[Mon Mar 02 00:48:55.425334 2026] [php:error] [pid 52195] [client 40.80.89.74:0] script '/domains/hans.interport/class-t.api.php' not found or unable to stat
[Mon Mar 02 00:48:55.431511 2026] [php:error] [pid 52199] [client 74.248.24.167:0] script '/domains/system_default/aaa.php' not found or unable to stat
[Mon Mar 02 00:48:55.531420 2026] [php:error] [pid 52199] [client 74.248.24.167:0] script '/domains/system_default/classwithtostring.php' not found or unable to stat
[Mon Mar 02 00:48:55.554347 2026] [php:error] [pid 52193] [client 4.193.97.168:0] script '/domains/nostrada/rip.php' not found or unable to stat
[Mon Mar 02 00:48:55.662833 2026] [php:error] [pid 52195] [client 40.80.89.74:0] script '/domains/hans.interport/sf.php' not found or unable to stat
[Mon Mar 02 00:48:55.730185 2026] [php:error] [pid 52199] [client 74.248.24.167:0] script '/domains/system_default/tinyfilemanager.php' not found or unable to stat
[Mon Mar 02 00:48:55.784082 2026] [php:error] [pid 52193] [client 4.193.97.168:0] script '/domains/nostrada/admin.php' not found or unable to stat
[Mon Mar 02 00:48:55.829645 2026] [php:error] [pid 52199] [client 74.248.24.167:0] script '/domains/system_default/x.php' not found or unable to stat
[Mon Mar 02 00:48:55.876106 2026] [php:error] [pid 52195] [client 40.80.89.74:0] script '/domains/hans.interport/kbfr.php' not found or unable to stat
[Mon Mar 02 00:48:55.929093 2026] [php:error] [pid 52199] [client 74.248.24.167:0] script '/domains/system_default/ms.php' not found or unable to stat
[Mon Mar 02 00:48:56.090551 2026] [php:error] [pid 52195] [client 40.80.89.74:0] script '/domains/hans.interport/autoload_classmap.php' not found or unable to stat
[Mon Mar 02 00:48:56.127687 2026] [php:error] [pid 52199] [client 74.248.24.167:0] script '/domains/system_default/wdf.php' not found or unable to stat
[Mon Mar 02 00:48:56.227343 2026] [php:error] [pid 52199] [client 74.248.24.167:0] script '/domains/system_default/wp-update.php' not found or unable to stat
[Mon Mar 02 00:48:56.240370 2026] [php:error] [pid 52193] [client 4.193.97.168:0] script '/domains/nostrada/cache.php' not found or unable to stat
[Mon Mar 02 00:48:56.303621 2026] [php:error] [pid 52195] [client 40.80.89.74:0] script '/domains/hans.interport/chosen.php' not found or unable to stat
[Mon Mar 02 00:48:56.327127 2026] [php:error] [pid 52199] [client 74.248.24.167:0] script '/domains/system_default/sbhu.php' not found or unable to stat
[Mon Mar 02 00:48:56.468619 2026] [php:error] [pid 52193] [client 4.193.97.168:0] script '/domains/nostrada/themes.php' not found or unable to stat
[Mon Mar 02 00:48:56.517117 2026] [php:error] [pid 52195] [client 40.80.89.74:0] script '/domains/hans.interport/classwithtostring.php' not found or unable to stat
[Mon Mar 02 00:48:56.526180 2026] [php:error] [pid 52199] [client 74.248.24.167:0] script '/domains/system_default/wp-blog.php' not found or unable to stat
[Mon Mar 02 00:48:56.625884 2026] [php:error] [pid 52199] [client 74.248.24.167:0] script '/domains/system_default/test1.php' not found or unable to stat
[Mon Mar 02 00:48:56.696544 2026] [php:error] [pid 52193] [client 4.193.97.168:0] script '/domains/nostrada/an.php' not found or unable to stat
[Mon Mar 02 00:48:56.730345 2026] [php:error] [pid 52195] [client 40.80.89.74:0] script '/domains/hans.interport/defaults.php' not found or unable to stat
[Mon Mar 02 00:48:56.833039 2026] [php:error] [pid 52199] [client 74.248.24.167:0] script '/domains/system_default/166.php' not found or unable to stat
[Mon Mar 02 00:48:56.932285 2026] [php:error] [pid 52199] [client 74.248.24.167:0] script '/domains/system_default/fleen.php' not found or unable to stat
[Mon Mar 02 00:48:57.131277 2026] [php:error] [pid 52199] [client 74.248.24.167:0] script '/domains/system_default/ms-edit.php' not found or unable to stat
[Mon Mar 02 00:48:57.230715 2026] [php:error] [pid 52199] [client 74.248.24.167:0] script '/domains/system_default/adminfuns.php' not found or unable to stat
[Mon Mar 02 00:48:57.330286 2026] [php:error] [pid 52199] [client 74.248.24.167:0] script '/domains/system_default/goods.php' not found or unable to stat
[Mon Mar 02 00:48:57.378345 2026] [php:error] [pid 52195] [client 40.80.89.74:0] script '/domains/hans.interport/info.php' not found or unable to stat
[Mon Mar 02 00:48:57.380914 2026] [php:error] [pid 52193] [client 4.193.97.168:0] script '/domains/nostrada/ws.php' not found or unable to stat
[Mon Mar 02 00:48:57.433988 2026] [php:error] [pid 52199] [client 74.248.24.167:0] script '/domains/system_default/ms-edit.php' not found or unable to stat
[Mon Mar 02 00:48:57.533744 2026] [php:error] [pid 52199] [client 74.248.24.167:0] script '/domains/system_default/222.php' not found or unable to stat
[Mon Mar 02 00:48:57.608777 2026] [php:error] [pid 52193] [client 4.193.97.168:0] script '/domains/nostrada/404.php' not found or unable to stat
[Mon Mar 02 00:48:57.633591 2026] [php:error] [pid 52199] [client 74.248.24.167:0] script '/domains/system_default/plugins.php' not found or unable to stat
[Mon Mar 02 00:48:57.932416 2026] [php:error] [pid 52199] [client 74.248.24.167:0] script '/domains/system_default/ff1.php' not found or unable to stat
[Mon Mar 02 00:48:58.031824 2026] [php:error] [pid 52199] [client 74.248.24.167:0] script '/domains/system_default/fff.php' not found or unable to stat
[Mon Mar 02 00:48:58.065827 2026] [php:error] [pid 52193] [client 4.193.97.168:0] script '/domains/nostrada/wp-conf.php' not found or unable to stat
[Mon Mar 02 00:48:58.230467 2026] [php:error] [pid 52199] [client 74.248.24.167:0] script '/domains/system_default/goat.php' not found or unable to stat
[Mon Mar 02 00:48:58.330672 2026] [php:error] [pid 52199] [client 74.248.24.167:0] script '/domains/system_default/155.php' not found or unable to stat
[Mon Mar 02 00:48:58.430711 2026] [php:error] [pid 52199] [client 74.248.24.167:0] script '/domains/system_default/we.php' not found or unable to stat
[Mon Mar 02 00:48:58.530508 2026] [php:error] [pid 52199] [client 74.248.24.167:0] script '/domains/system_default/alpha.php' not found or unable to stat
[Mon Mar 02 00:48:58.533486 2026] [php:error] [pid 52193] [client 4.193.97.168:0] script '/domains/nostrada/wp-login.php' not found or unable to stat
[Mon Mar 02 00:48:58.630187 2026] [php:error] [pid 52199] [client 74.248.24.167:0] script '/domains/system_default/makeasmtp.php' not found or unable to stat
[Mon Mar 02 00:48:58.733453 2026] [php:error] [pid 52199] [client 74.248.24.167:0] script '/domains/system_default/wp-michan.php' not found or unable to stat
[Mon Mar 02 00:48:58.764700 2026] [php:error] [pid 52193] [client 4.193.97.168:0] script '/domains/nostrada/abc.php' not found or unable to stat
[Mon Mar 02 00:48:58.932590 2026] [php:error] [pid 52199] [client 74.248.24.167:0] script '/domains/system_default/wp-the.php' not found or unable to stat
[Mon Mar 02 00:48:58.993000 2026] [php:error] [pid 52193] [client 4.193.97.168:0] script '/domains/nostrada/abcd.php' not found or unable to stat
[Mon Mar 02 00:48:59.221066 2026] [php:error] [pid 52193] [client 4.193.97.168:0] script '/domains/nostrada/as.php' not found or unable to stat
[Mon Mar 02 00:48:59.235661 2026] [php:error] [pid 52201] [client 74.248.24.167:0] script '/domains/system_default/BDKR28WP.php' not found or unable to stat
[Mon Mar 02 00:48:59.439985 2026] [php:error] [pid 52201] [client 74.248.24.167:0] script '/domains/system_default/wp.php' not found or unable to stat
[Mon Mar 02 00:48:59.449474 2026] [php:error] [pid 52193] [client 4.193.97.168:0] script '/domains/nostrada/wp-trackback.php' not found or unable to stat
[Mon Mar 02 00:48:59.641712 2026] [php:error] [pid 52201] [client 74.248.24.167:0] script '/domains/system_default/w4.php' not found or unable to stat
[Mon Mar 02 00:48:59.677502 2026] [php:error] [pid 52193] [client 4.193.97.168:0] script '/domains/nostrada/about.php' not found or unable to stat
[Mon Mar 02 00:48:59.843496 2026] [php:error] [pid 52201] [client 74.248.24.167:0] script '/domains/system_default/ok.php' not found or unable to stat
[Mon Mar 02 00:48:59.905512 2026] [php:error] [pid 52193] [client 4.193.97.168:0] script '/domains/nostrada/file.php' not found or unable to stat
[Mon Mar 02 00:48:59.954122 2026] [php:error] [pid 52201] [client 74.248.24.167:0] script '/domains/system_default/about.php' not found or unable to stat
[Mon Mar 02 00:49:00.061796 2026] [php:error] [pid 52201] [client 74.248.24.167:0] script '/domains/system_default/tymn.php' not found or unable to stat
[Mon Mar 02 00:49:00.133867 2026] [php:error] [pid 52193] [client 4.193.97.168:0] script '/domains/nostrada/adminfuns.php' not found or unable to stat
[Mon Mar 02 00:49:00.162729 2026] [php:error] [pid 52201] [client 74.248.24.167:0] script '/domains/system_default/bak.php' not found or unable to stat
[Mon Mar 02 00:49:00.362003 2026] [php:error] [pid 52193] [client 4.193.97.168:0] script '/domains/nostrada/wp-good.php' not found or unable to stat
[Mon Mar 02 00:49:00.364204 2026] [php:error] [pid 52201] [client 74.248.24.167:0] script '/domains/system_default/fe5.php' not found or unable to stat
[Mon Mar 02 00:49:00.464991 2026] [php:error] [pid 52201] [client 74.248.24.167:0] script '/domains/system_default/kj.php' not found or unable to stat
