[Mon Mar 02 01:00:23.076949 2026] [php:error] [pid 52355] [client 142.111.152.187:0] script '/domains/ecernstelectric/gm.php' not found or unable to stat
[Mon Mar 02 01:00:23.407003 2026] [php:error] [pid 52355] [client 142.111.152.187:0] script '/domains/ecernstelectric/js/content-type.php' not found or unable to stat
[Mon Mar 02 01:00:23.993149 2026] [php:error] [pid 52316] [client 20.63.41.168:0] script '/domains/ebon/trx24.php' not found or unable to stat
[Mon Mar 02 01:00:24.042871 2026] [php:error] [pid 52316] [client 20.63.41.168:0] script '/domains/ebon/cah.php' not found or unable to stat
[Mon Mar 02 01:00:24.111624 2026] [php:error] [pid 52316] [client 20.63.41.168:0] script '/domains/ebon/acp.php' not found or unable to stat
[Mon Mar 02 01:00:24.135945 2026] [php:error] [pid 52316] [client 20.63.41.168:0] script '/domains/ebon/muzu.php' not found or unable to stat
[Mon Mar 02 01:00:24.174781 2026] [php:error] [pid 52316] [client 20.63.41.168:0] script '/domains/ebon/wpo.php' not found or unable to stat
[Mon Mar 02 01:00:24.198738 2026] [php:error] [pid 52316] [client 20.63.41.168:0] script '/domains/ebon/x123x.php' not found or unable to stat
[Mon Mar 02 01:00:24.234707 2026] [php:error] [pid 52316] [client 20.63.41.168:0] script '/domains/ebon/aq.php' not found or unable to stat
[Mon Mar 02 01:00:24.263595 2026] [php:error] [pid 52316] [client 20.63.41.168:0] script '/domains/ebon/011i.php' not found or unable to stat
[Mon Mar 02 01:00:24.287328 2026] [php:error] [pid 52316] [client 20.63.41.168:0] script '/domains/ebon/edit-tags.php' not found or unable to stat
[Mon Mar 02 01:00:24.323088 2026] [php:error] [pid 52316] [client 20.63.41.168:0] script '/domains/ebon/as1337.php' not found or unable to stat
[Mon Mar 02 01:00:24.347381 2026] [php:error] [pid 52316] [client 20.63.41.168:0] script '/domains/ebon/Okxob.php' not found or unable to stat
[Mon Mar 02 01:00:24.382685 2026] [php:error] [pid 52316] [client 20.63.41.168:0] script '/domains/ebon/wolf-shell.php' not found or unable to stat
[Mon Mar 02 01:00:24.416624 2026] [php:error] [pid 52316] [client 20.63.41.168:0] script '/domains/ebon/core.php' not found or unable to stat
[Mon Mar 02 01:00:24.440671 2026] [php:error] [pid 52316] [client 20.63.41.168:0] script '/domains/ebon/zeal.php' not found or unable to stat
[Mon Mar 02 01:00:24.473517 2026] [php:error] [pid 52316] [client 20.63.41.168:0] script '/domains/ebon/asf.php' not found or unable to stat
[Mon Mar 02 01:00:24.513969 2026] [php:error] [pid 52316] [client 20.63.41.168:0] script '/domains/ebon/sa.php' not found or unable to stat
[Mon Mar 02 01:00:24.574731 2026] [php:error] [pid 52355] [client 142.111.152.187:0] script '/domains/ecernstelectric/plugin-install.php' not found or unable to stat
[Mon Mar 02 01:00:26.314357 2026] [php:error] [pid 52355] [client 142.111.152.187:0] script '/domains/ecernstelectric/images/mah.php' not found or unable to stat
[Mon Mar 02 01:00:28.115320 2026] [php:error] [pid 52355] [client 142.111.152.187:0] script '/domains/ecernstelectric/b.php' not found or unable to stat
[Mon Mar 02 01:00:28.914608 2026] [php:error] [pid 52355] [client 142.111.152.187:0] script '/domains/ecernstelectric/wsax.php' not found or unable to stat
[Mon Mar 02 01:00:31.149824 2026] [php:error] [pid 52355] [client 142.111.152.187:0] script '/domains/ecernstelectric/images/Marvins.php' not found or unable to stat
[Mon Mar 02 01:00:34.134897 2026] [php:error] [pid 52327] [client 142.111.152.187:0] script '/domains/ecernstelectric/bs1.php' not found or unable to stat
[Mon Mar 02 01:00:34.910185 2026] [php:error] [pid 52327] [client 142.111.152.187:0] script '/domains/ecernstelectric/page.php' not found or unable to stat
[Mon Mar 02 01:00:36.908738 2026] [php:error] [pid 52355] [client 142.111.152.187:0] script '/domains/ecernstelectric/images/autoload_classmap.php' not found or unable to stat
[Mon Mar 02 01:00:38.153845 2026] [php:error] [pid 52355] [client 142.111.152.187:0] script '/domains/ecernstelectric/ws.php' not found or unable to stat
[Mon Mar 02 01:00:38.497223 2026] [php:error] [pid 52355] [client 142.111.152.187:0] script '/domains/ecernstelectric/shop.php' not found or unable to stat
[Mon Mar 02 01:00:39.341957 2026] [php:error] [pid 52355] [client 142.111.152.187:0] script '/domains/ecernstelectric/wp-api.php' not found or unable to stat
[Mon Mar 02 01:00:39.575512 2026] [php:error] [pid 52355] [client 142.111.152.187:0] script '/domains/ecernstelectric/css.php' not found or unable to stat
[Mon Mar 02 01:00:40.300558 2026] [php:error] [pid 52355] [client 142.111.152.187:0] script '/domains/ecernstelectric/wp-error_log.php' not found or unable to stat
[Mon Mar 02 01:00:42.507836 2026] [php:error] [pid 52355] [client 142.111.152.187:0] script '/domains/ecernstelectric/files.php' not found or unable to stat
[Mon Mar 02 01:00:44.162370 2026] [php:error] [pid 52355] [client 142.111.152.187:0] script '/domains/ecernstelectric/blog.php' not found or unable to stat
[Mon Mar 02 01:00:44.578582 2026] [php:error] [pid 52355] [client 142.111.152.187:0] script '/domains/ecernstelectric/images/av.php' not found or unable to stat
[Mon Mar 02 01:00:44.848204 2026] [php:error] [pid 52355] [client 142.111.152.187:0] script '/domains/ecernstelectric/js/mrx.php' not found or unable to stat
[Mon Mar 02 01:00:45.056478 2026] [php:error] [pid 52355] [client 142.111.152.187:0] script '/domains/ecernstelectric/elp.php' not found or unable to stat
[Mon Mar 02 01:00:46.049489 2026] [php:error] [pid 52355] [client 142.111.152.187:0] script '/domains/ecernstelectric/entrepreneuse.php' not found or unable to stat
[Mon Mar 02 01:00:46.651545 2026] [php:error] [pid 52355] [client 142.111.152.187:0] script '/domains/ecernstelectric/js/db.php' not found or unable to stat
[Mon Mar 02 01:00:47.529232 2026] [php:error] [pid 52355] [client 142.111.152.187:0] script '/domains/ecernstelectric/testt.php' not found or unable to stat
[Mon Mar 02 01:00:48.391094 2026] [php:error] [pid 52355] [client 142.111.152.187:0] script '/domains/ecernstelectric/network.php' not found or unable to stat
[Mon Mar 02 01:00:48.748304 2026] [php:error] [pid 52355] [client 142.111.152.187:0] script '/domains/ecernstelectric/wikindex.php' not found or unable to stat
[Mon Mar 02 01:00:52.270229 2026] [php:error] [pid 52342] [client 142.111.152.187:0] script '/domains/ecernstelectric/media-new.php' not found or unable to stat
[Mon Mar 02 01:00:52.381277 2026] [php:error] [pid 52342] [client 142.111.152.187:0] script '/domains/ecernstelectric/js/class_api.php' not found or unable to stat
[Mon Mar 02 01:00:53.030456 2026] [php:error] [pid 52342] [client 142.111.152.187:0] script '/domains/ecernstelectric/pages.php' not found or unable to stat
[Mon Mar 02 01:00:53.875988 2026] [php:error] [pid 52342] [client 142.111.152.187:0] script '/domains/ecernstelectric/adminfus.php' not found or unable to stat
[Mon Mar 02 01:00:54.251013 2026] [php:error] [pid 52342] [client 142.111.152.187:0] script '/domains/ecernstelectric/images/as.php' not found or unable to stat
[Mon Mar 02 01:00:54.571882 2026] [php:error] [pid 52342] [client 142.111.152.187:0] script '/domains/ecernstelectric/cong.php' not found or unable to stat
[Mon Mar 02 01:00:55.433918 2026] [php:error] [pid 52342] [client 142.111.152.187:0] script '/domains/ecernstelectric/wp-configs.php' not found or unable to stat
[Mon Mar 02 01:00:56.566452 2026] [php:error] [pid 52358] [client 142.111.152.187:0] script '/domains/ecernstelectric/ms-users.php' not found or unable to stat
[Mon Mar 02 01:00:59.929279 2026] [php:error] [pid 52358] [client 142.111.152.187:0] script '/domains/ecernstelectric/top.php' not found or unable to stat
[Mon Mar 02 01:01:03.306805 2026] [php:error] [pid 52358] [client 142.111.152.187:0] script '/domains/ecernstelectric/images/c99.php' not found or unable to stat
[Mon Mar 02 01:01:03.846936 2026] [php:error] [pid 52358] [client 142.111.152.187:0] script '/domains/ecernstelectric/setup-config.php' not found or unable to stat
[Mon Mar 02 01:01:04.408926 2026] [php:error] [pid 52358] [client 142.111.152.187:0] script '/domains/ecernstelectric/type.php' not found or unable to stat
[Mon Mar 02 01:01:06.026016 2026] [php:error] [pid 52358] [client 142.111.152.187:0] script '/domains/ecernstelectric/goat.php' not found or unable to stat
[Mon Mar 02 01:01:06.793287 2026] [php:error] [pid 52358] [client 142.111.152.187:0] script '/domains/ecernstelectric/images/file.php' not found or unable to stat
[Mon Mar 02 01:01:19.342634 2026] [php:error] [pid 52360] [client 51.120.79.194:0] script '/domains/conceptlabs1/gfile.php' not found or unable to stat
[Mon Mar 02 01:01:19.437192 2026] [php:error] [pid 52360] [client 51.120.79.194:0] script '/domains/conceptlabs1/dox.php' not found or unable to stat
[Mon Mar 02 01:01:19.552221 2026] [php:error] [pid 52360] [client 51.120.79.194:0] script '/domains/conceptlabs1/qwas.php' not found or unable to stat
[Mon Mar 02 01:01:19.645808 2026] [php:error] [pid 52360] [client 51.120.79.194:0] script '/domains/conceptlabs1/claw.php' not found or unable to stat
[Mon Mar 02 01:01:19.739849 2026] [php:error] [pid 52360] [client 51.120.79.194:0] script '/domains/conceptlabs1/cfgy.php' not found or unable to stat
[Mon Mar 02 01:01:19.929825 2026] [php:error] [pid 52360] [client 51.120.79.194:0] script '/domains/conceptlabs1/jbuft.php' not found or unable to stat
[Mon Mar 02 01:01:20.039189 2026] [php:error] [pid 52360] [client 51.120.79.194:0] script '/domains/conceptlabs1/fvvff.php' not found or unable to stat
[Mon Mar 02 01:01:20.131498 2026] [php:error] [pid 52360] [client 51.120.79.194:0] script '/domains/conceptlabs1/vaza.php' not found or unable to stat
[Mon Mar 02 01:01:20.224096 2026] [php:error] [pid 52360] [client 51.120.79.194:0] script '/domains/conceptlabs1/a2.php' not found or unable to stat
[Mon Mar 02 01:01:20.316936 2026] [php:error] [pid 52360] [client 51.120.79.194:0] script '/domains/conceptlabs1/sty.php' not found or unable to stat
[Mon Mar 02 01:01:20.409630 2026] [php:error] [pid 52360] [client 51.120.79.194:0] script '/domains/conceptlabs1/xxxx.php' not found or unable to stat
[Mon Mar 02 01:01:20.502476 2026] [php:error] [pid 52360] [client 51.120.79.194:0] script '/domains/conceptlabs1/h.php' not found or unable to stat
[Mon Mar 02 01:01:20.717166 2026] [php:error] [pid 52360] [client 51.120.79.194:0] script '/domains/conceptlabs1/g.php' not found or unable to stat
[Mon Mar 02 01:01:20.812300 2026] [php:error] [pid 52360] [client 51.120.79.194:0] script '/domains/conceptlabs1/pp.php' not found or unable to stat
[Mon Mar 02 01:01:20.948382 2026] [php:error] [pid 52360] [client 51.120.79.194:0] script '/domains/conceptlabs1/sys.php' not found or unable to stat
[Mon Mar 02 01:01:21.069950 2026] [php:error] [pid 52360] [client 51.120.79.194:0] script '/domains/conceptlabs1/txets.php' not found or unable to stat
[Mon Mar 02 01:01:21.162567 2026] [php:error] [pid 52360] [client 51.120.79.194:0] script '/domains/conceptlabs1/tt.php' not found or unable to stat
[Mon Mar 02 01:01:21.254656 2026] [php:error] [pid 52360] [client 51.120.79.194:0] script '/domains/conceptlabs1/wp9.php' not found or unable to stat
[Mon Mar 02 01:01:21.347357 2026] [php:error] [pid 52360] [client 51.120.79.194:0] script '/domains/conceptlabs1/path.php' not found or unable to stat
[Mon Mar 02 01:01:21.439879 2026] [php:error] [pid 52360] [client 51.120.79.194:0] script '/domains/conceptlabs1/wdf.php' not found or unable to stat
[Mon Mar 02 01:01:21.532358 2026] [php:error] [pid 52360] [client 51.120.79.194:0] script '/domains/conceptlabs1/fleen.php' not found or unable to stat
[Mon Mar 02 01:01:21.626957 2026] [php:error] [pid 52360] [client 51.120.79.194:0] script '/domains/conceptlabs1/wp-tem.php' not found or unable to stat
[Mon Mar 02 01:01:21.731528 2026] [php:error] [pid 52360] [client 51.120.79.194:0] script '/domains/conceptlabs1/av6m.php' not found or unable to stat
[Mon Mar 02 01:01:21.823857 2026] [php:error] [pid 52360] [client 51.120.79.194:0] script '/domains/conceptlabs1/autogooey.php' not found or unable to stat
[Mon Mar 02 01:01:21.922175 2026] [php:error] [pid 52360] [client 51.120.79.194:0] script '/domains/conceptlabs1/btx25.php' not found or unable to stat
[Mon Mar 02 01:01:22.017132 2026] [php:error] [pid 52360] [client 51.120.79.194:0] script '/domains/conceptlabs1/mga.php' not found or unable to stat
[Mon Mar 02 01:01:22.109392 2026] [php:error] [pid 52360] [client 51.120.79.194:0] script '/domains/conceptlabs1/maxro.php' not found or unable to stat
[Mon Mar 02 01:01:22.201493 2026] [php:error] [pid 52360] [client 51.120.79.194:0] script '/domains/conceptlabs1/agg.php' not found or unable to stat
[Mon Mar 02 01:01:22.293760 2026] [php:error] [pid 52360] [client 51.120.79.194:0] script '/domains/conceptlabs1/pass4.php' not found or unable to stat
[Mon Mar 02 01:01:22.481062 2026] [php:error] [pid 52360] [client 51.120.79.194:0] script '/domains/conceptlabs1/wsvvs.php' not found or unable to stat
[Mon Mar 02 01:01:22.573137 2026] [php:error] [pid 52360] [client 51.120.79.194:0] script '/domains/conceptlabs1/G-In.php' not found or unable to stat
[Mon Mar 02 01:01:22.665326 2026] [php:error] [pid 52360] [client 51.120.79.194:0] script '/domains/conceptlabs1/edit.php' not found or unable to stat
[Mon Mar 02 01:01:22.903240 2026] [php:error] [pid 52360] [client 51.120.79.194:0] script '/domains/conceptlabs1/ioxi-o.php' not found or unable to stat
[Mon Mar 02 01:01:23.145418 2026] [php:error] [pid 52360] [client 51.120.79.194:0] script '/domains/conceptlabs1/66.php' not found or unable to stat
[Mon Mar 02 01:01:23.330054 2026] [php:error] [pid 52360] [client 51.120.79.194:0] script '/domains/conceptlabs1/gifclass.php' not found or unable to stat
[Mon Mar 02 01:01:23.828340 2026] [php:error] [pid 52360] [client 51.120.79.194:0] script '/domains/conceptlabs1/assets/css/index.php' not found or unable to stat
[Mon Mar 02 01:01:24.010675 2026] [php:error] [pid 52360] [client 51.120.79.194:0] script '/domains/conceptlabs1/sc.php' not found or unable to stat
[Mon Mar 02 01:01:24.102860 2026] [php:error] [pid 52360] [client 51.120.79.194:0] script '/domains/conceptlabs1/xmlrpc.php' not found or unable to stat
[Mon Mar 02 01:01:24.195469 2026] [php:error] [pid 52360] [client 51.120.79.194:0] script '/domains/conceptlabs1/ol.php' not found or unable to stat
[Mon Mar 02 01:01:24.288146 2026] [php:error] [pid 52360] [client 51.120.79.194:0] script '/domains/conceptlabs1/f6.php' not found or unable to stat
[Mon Mar 02 01:01:24.380953 2026] [php:error] [pid 52360] [client 51.120.79.194:0] script '/domains/conceptlabs1/inputs.php' not found or unable to stat
[Mon Mar 02 01:01:24.473370 2026] [php:error] [pid 52360] [client 51.120.79.194:0] script '/domains/conceptlabs1/style.php' not found or unable to stat
[Mon Mar 02 01:01:24.565840 2026] [php:error] [pid 52360] [client 51.120.79.194:0] script '/domains/conceptlabs1/bgymj.php' not found or unable to stat
[Mon Mar 02 01:01:24.658380 2026] [php:error] [pid 52360] [client 51.120.79.194:0] script '/domains/conceptlabs1/aa.php' not found or unable to stat
[Mon Mar 02 01:01:24.752096 2026] [php:error] [pid 52360] [client 51.120.79.194:0] script '/domains/conceptlabs1/1.php' not found or unable to stat
[Mon Mar 02 01:01:24.843963 2026] [php:error] [pid 52360] [client 51.120.79.194:0] script '/domains/conceptlabs1/sc.php' not found or unable to stat
[Mon Mar 02 01:01:24.978231 2026] [php:error] [pid 52360] [client 51.120.79.194:0] script '/domains/conceptlabs1/av.php' not found or unable to stat
[Mon Mar 02 01:01:25.070642 2026] [php:error] [pid 52360] [client 51.120.79.194:0] script '/domains/conceptlabs1/file.php' not found or unable to stat
[Mon Mar 02 01:01:25.162863 2026] [php:error] [pid 52360] [client 51.120.79.194:0] script '/domains/conceptlabs1/666.php' not found or unable to stat
[Mon Mar 02 01:01:25.258076 2026] [php:error] [pid 52360] [client 51.120.79.194:0] script '/domains/conceptlabs1/file59.php' not found or unable to stat
[Mon Mar 02 01:01:25.350361 2026] [php:error] [pid 52360] [client 51.120.79.194:0] script '/domains/conceptlabs1/bless.php' not found or unable to stat
[Mon Mar 02 01:01:25.442644 2026] [php:error] [pid 52360] [client 51.120.79.194:0] script '/domains/conceptlabs1/wp9.php' not found or unable to stat
[Mon Mar 02 01:01:25.534964 2026] [php:error] [pid 52360] [client 51.120.79.194:0] script '/domains/conceptlabs1/wp-act.php' not found or unable to stat
[Mon Mar 02 01:01:25.627297 2026] [php:error] [pid 52360] [client 51.120.79.194:0] script '/domains/conceptlabs1/class-t.api.php' not found or unable to stat
[Mon Mar 02 01:01:25.790342 2026] [php:error] [pid 52360] [client 51.120.79.194:0] script '/domains/conceptlabs1/xqq.php' not found or unable to stat
[Mon Mar 02 01:01:26.044625 2026] [php:error] [pid 52360] [client 51.120.79.194:0] script '/domains/conceptlabs1/a.php' not found or unable to stat
[Mon Mar 02 01:01:26.137211 2026] [php:error] [pid 52360] [client 51.120.79.194:0] script '/domains/conceptlabs1/06.php' not found or unable to stat
[Mon Mar 02 01:01:26.231034 2026] [php:error] [pid 52360] [client 51.120.79.194:0] script '/domains/conceptlabs1/plss3.php' not found or unable to stat
[Mon Mar 02 01:01:26.347694 2026] [php:error] [pid 52360] [client 51.120.79.194:0] script '/domains/conceptlabs1/aaa.php' not found or unable to stat
[Mon Mar 02 01:01:26.440153 2026] [php:error] [pid 52360] [client 51.120.79.194:0] script '/domains/conceptlabs1/classwithtostring.php' not found or unable to stat
[Mon Mar 02 01:01:26.626030 2026] [php:error] [pid 52360] [client 51.120.79.194:0] script '/domains/conceptlabs1/tinyfilemanager.php' not found or unable to stat
[Mon Mar 02 01:01:26.718109 2026] [php:error] [pid 52360] [client 51.120.79.194:0] script '/domains/conceptlabs1/x.php' not found or unable to stat
[Mon Mar 02 01:01:26.810536 2026] [php:error] [pid 52360] [client 51.120.79.194:0] script '/domains/conceptlabs1/ms.php' not found or unable to stat
[Mon Mar 02 01:01:27.025425 2026] [php:error] [pid 52360] [client 51.120.79.194:0] script '/domains/conceptlabs1/wdf.php' not found or unable to stat
[Mon Mar 02 01:01:27.118533 2026] [php:error] [pid 52360] [client 51.120.79.194:0] script '/domains/conceptlabs1/wp-update.php' not found or unable to stat
[Mon Mar 02 01:01:27.210710 2026] [php:error] [pid 52360] [client 51.120.79.194:0] script '/domains/conceptlabs1/sbhu.php' not found or unable to stat
[Mon Mar 02 01:01:27.395830 2026] [php:error] [pid 52360] [client 51.120.79.194:0] script '/domains/conceptlabs1/wp-blog.php' not found or unable to stat
[Mon Mar 02 01:01:27.561988 2026] [php:error] [pid 52360] [client 51.120.79.194:0] script '/domains/conceptlabs1/test1.php' not found or unable to stat
[Mon Mar 02 01:01:27.746005 2026] [php:error] [pid 52360] [client 51.120.79.194:0] script '/domains/conceptlabs1/166.php' not found or unable to stat
[Mon Mar 02 01:01:27.837896 2026] [php:error] [pid 52360] [client 51.120.79.194:0] script '/domains/conceptlabs1/fleen.php' not found or unable to stat
[Mon Mar 02 01:01:28.022078 2026] [php:error] [pid 52360] [client 51.120.79.194:0] script '/domains/conceptlabs1/ms-edit.php' not found or unable to stat
[Mon Mar 02 01:01:28.114413 2026] [php:error] [pid 52360] [client 51.120.79.194:0] script '/domains/conceptlabs1/adminfuns.php' not found or unable to stat
[Mon Mar 02 01:01:28.207313 2026] [php:error] [pid 52360] [client 51.120.79.194:0] script '/domains/conceptlabs1/goods.php' not found or unable to stat
[Mon Mar 02 01:01:28.299481 2026] [php:error] [pid 52360] [client 51.120.79.194:0] script '/domains/conceptlabs1/ms-edit.php' not found or unable to stat
[Mon Mar 02 01:01:28.391628 2026] [php:error] [pid 52360] [client 51.120.79.194:0] script '/domains/conceptlabs1/222.php' not found or unable to stat
[Mon Mar 02 01:01:28.484215 2026] [php:error] [pid 52360] [client 51.120.79.194:0] script '/domains/conceptlabs1/plugins.php' not found or unable to stat
[Mon Mar 02 01:01:28.578288 2026] [php:error] [pid 52360] [client 51.120.79.194:0] script '/domains/conceptlabs1/cgi-bin/index.php' not found or unable to stat
[Mon Mar 02 01:01:28.763227 2026] [php:error] [pid 52360] [client 51.120.79.194:0] script '/domains/conceptlabs1/ff1.php' not found or unable to stat
[Mon Mar 02 01:01:28.855635 2026] [php:error] [pid 52360] [client 51.120.79.194:0] script '/domains/conceptlabs1/fff.php' not found or unable to stat
[Mon Mar 02 01:01:29.040324 2026] [php:error] [pid 52360] [client 51.120.79.194:0] script '/domains/conceptlabs1/goat.php' not found or unable to stat
[Mon Mar 02 01:01:29.132387 2026] [php:error] [pid 52360] [client 51.120.79.194:0] script '/domains/conceptlabs1/155.php' not found or unable to stat
[Mon Mar 02 01:01:29.231108 2026] [php:error] [pid 52360] [client 51.120.79.194:0] script '/domains/conceptlabs1/we.php' not found or unable to stat
[Mon Mar 02 01:01:29.323752 2026] [php:error] [pid 52360] [client 51.120.79.194:0] script '/domains/conceptlabs1/alpha.php' not found or unable to stat
[Mon Mar 02 01:01:29.416043 2026] [php:error] [pid 52360] [client 51.120.79.194:0] script '/domains/conceptlabs1/makeasmtp.php' not found or unable to stat
[Mon Mar 02 01:01:29.671604 2026] [php:error] [pid 52360] [client 51.120.79.194:0] script '/domains/conceptlabs1/wp-michan.php' not found or unable to stat
[Mon Mar 02 01:01:29.856162 2026] [php:error] [pid 52360] [client 51.120.79.194:0] script '/domains/conceptlabs1/wp-the.php' not found or unable to stat
[Mon Mar 02 01:01:30.052096 2026] [php:error] [pid 52368] [client 51.120.79.194:0] script '/domains/conceptlabs1/BDKR28WP.php' not found or unable to stat
[Mon Mar 02 01:01:30.101951 2026] [php:error] [pid 52367] [client 4.204.200.32:0] script '/domains/efusion1/gfile.php' not found or unable to stat
[Mon Mar 02 01:01:30.126284 2026] [php:error] [pid 52367] [client 4.204.200.32:0] script '/domains/efusion1/a2.php' not found or unable to stat
[Mon Mar 02 01:01:30.150418 2026] [php:error] [pid 52367] [client 4.204.200.32:0] script '/domains/efusion1/sty.php' not found or unable to stat
[Mon Mar 02 01:01:30.174386 2026] [php:error] [pid 52367] [client 4.204.200.32:0] script '/domains/efusion1/xxx.php' not found or unable to stat
[Mon Mar 02 01:01:30.242883 2026] [php:error] [pid 52368] [client 51.120.79.194:0] script '/domains/conceptlabs1/wp.php' not found or unable to stat
[Mon Mar 02 01:01:30.338268 2026] [php:error] [pid 52368] [client 51.120.79.194:0] script '/domains/conceptlabs1/assets/css/index.php' not found or unable to stat
[Mon Mar 02 01:01:30.393893 2026] [php:error] [pid 52367] [client 4.204.200.32:0] script '/domains/efusion1/h.php' not found or unable to stat
[Mon Mar 02 01:01:30.418326 2026] [php:error] [pid 52367] [client 4.204.200.32:0] script '/domains/efusion1/g.php' not found or unable to stat
[Mon Mar 02 01:01:30.443776 2026] [php:error] [pid 52367] [client 4.204.200.32:0] script '/domains/efusion1/pp.php' not found or unable to stat
[Mon Mar 02 01:01:30.469666 2026] [php:error] [pid 52367] [client 4.204.200.32:0] script '/domains/efusion1/sys.php' not found or unable to stat
[Mon Mar 02 01:01:30.495941 2026] [php:error] [pid 52367] [client 4.204.200.32:0] script '/domains/efusion1/txets.php' not found or unable to stat
[Mon Mar 02 01:01:30.495963 2026] [php:error] [pid 52368] [client 51.120.79.194:0] script '/domains/conceptlabs1/w4.php' not found or unable to stat
[Mon Mar 02 01:01:30.724992 2026] [php:error] [pid 52367] [client 4.204.200.32:0] script '/domains/efusion1/tt.php' not found or unable to stat
[Mon Mar 02 01:01:30.725312 2026] [php:error] [pid 52368] [client 51.120.79.194:0] script '/domains/conceptlabs1/ok.php' not found or unable to stat
[Mon Mar 02 01:01:30.749570 2026] [php:error] [pid 52367] [client 4.204.200.32:0] script '/domains/efusion1/wp9.php' not found or unable to stat
[Mon Mar 02 01:01:30.820041 2026] [php:error] [pid 52367] [client 4.204.200.32:0] script '/domains/efusion1/path.php' not found or unable to stat
[Mon Mar 02 01:01:30.830610 2026] [php:error] [pid 52368] [client 51.120.79.194:0] script '/domains/conceptlabs1/about.php' not found or unable to stat
[Mon Mar 02 01:01:30.844124 2026] [php:error] [pid 52367] [client 4.204.200.32:0] script '/domains/efusion1/wdf.php' not found or unable to stat
[Mon Mar 02 01:01:30.926339 2026] [php:error] [pid 52368] [client 51.120.79.194:0] script '/domains/conceptlabs1/tymn.php' not found or unable to stat
[Mon Mar 02 01:01:31.025099 2026] [php:error] [pid 52368] [client 51.120.79.194:0] script '/domains/conceptlabs1/bak.php' not found or unable to stat
[Mon Mar 02 01:01:31.227120 2026] [php:error] [pid 52368] [client 51.120.79.194:0] script '/domains/conceptlabs1/fe5.php' not found or unable to stat
[Mon Mar 02 01:01:31.261520 2026] [php:error] [pid 52367] [client 4.204.200.32:0] script '/domains/efusion1/fleen.php' not found or unable to stat
[Mon Mar 02 01:01:31.285785 2026] [php:error] [pid 52367] [client 4.204.200.32:0] script '/domains/efusion1/wp-tem.php' not found or unable to stat
[Mon Mar 02 01:01:31.310449 2026] [php:error] [pid 52367] [client 4.204.200.32:0] script '/domains/efusion1/avim.php' not found or unable to stat
[Mon Mar 02 01:01:31.346924 2026] [php:error] [pid 52367] [client 4.204.200.32:0] script '/domains/efusion1/autogooey.php' not found or unable to stat
[Mon Mar 02 01:01:31.348853 2026] [php:error] [pid 52368] [client 51.120.79.194:0] script '/domains/conceptlabs1/kj.php' not found or unable to stat
[Mon Mar 02 01:01:31.373063 2026] [php:error] [pid 52367] [client 4.204.200.32:0] script '/domains/efusion1/btx25.php' not found or unable to stat
[Mon Mar 02 01:01:31.397822 2026] [php:error] [pid 52367] [client 4.204.200.32:0] script '/domains/efusion1/mga.php' not found or unable to stat
[Mon Mar 02 01:01:31.539580 2026] [php:error] [pid 52367] [client 4.204.200.32:0] script '/domains/efusion1/maxro.php' not found or unable to stat
[Mon Mar 02 01:01:31.556363 2026] [php:error] [pid 52368] [client 51.120.79.194:0] script '/domains/conceptlabs1/av.php' not found or unable to stat
[Mon Mar 02 01:01:31.624332 2026] [php:error] [pid 52367] [client 4.204.200.32:0] script '/domains/efusion1/agg.php' not found or unable to stat
[Mon Mar 02 01:01:31.648749 2026] [php:error] [pid 52367] [client 4.204.200.32:0] script '/domains/efusion1/pass4.php' not found or unable to stat
[Mon Mar 02 01:01:31.651678 2026] [php:error] [pid 52368] [client 51.120.79.194:0] script '/domains/conceptlabs1/abcd.php' not found or unable to stat
[Mon Mar 02 01:01:31.747565 2026] [php:error] [pid 52368] [client 51.120.79.194:0] script '/domains/conceptlabs1/init.php' not found or unable to stat
[Mon Mar 02 01:01:31.771261 2026] [php:error] [pid 52367] [client 4.204.200.32:0] script '/domains/efusion1/wsws.php' not found or unable to stat
[Mon Mar 02 01:01:31.803519 2026] [php:error] [pid 52367] [client 4.204.200.32:0] script '/domains/efusion1/G-in.php' not found or unable to stat
[Mon Mar 02 01:01:31.843095 2026] [php:error] [pid 52368] [client 51.120.79.194:0] script '/domains/conceptlabs1/fi.php' not found or unable to stat
[Mon Mar 02 01:01:31.938584 2026] [php:error] [pid 52368] [client 51.120.79.194:0] script '/domains/conceptlabs1/a1.php' not found or unable to stat
[Mon Mar 02 01:01:31.999170 2026] [php:error] [pid 52367] [client 4.204.200.32:0] script '/domains/efusion1/edit.php' not found or unable to stat
[Mon Mar 02 01:01:32.032266 2026] [php:error] [pid 52367] [client 4.204.200.32:0] script '/domains/efusion1/loxi-o.php' not found or unable to stat
[Mon Mar 02 01:01:32.235817 2026] [php:error] [pid 52368] [client 51.120.79.194:0] script '/domains/conceptlabs1/f35.php' not found or unable to stat
[Mon Mar 02 01:01:32.290729 2026] [php:error] [pid 52367] [client 4.204.200.32:0] script '/domains/efusion1/66.php' not found or unable to stat
[Mon Mar 02 01:01:32.331372 2026] [php:error] [pid 52368] [client 51.120.79.194:0] script '/domains/conceptlabs1/hi.php' not found or unable to stat
[Mon Mar 02 01:01:32.343564 2026] [php:error] [pid 52367] [client 4.204.200.32:0] script '/domains/efusion1/olfclass.php' not found or unable to stat
[Mon Mar 02 01:01:32.431081 2026] [php:error] [pid 52368] [client 51.120.79.194:0] script '/domains/conceptlabs1/lala.php' not found or unable to stat
[Mon Mar 02 01:01:32.464584 2026] [php:error] [pid 52367] [client 4.204.200.32:0] script '/domains/efusion1/file59.php' not found or unable to stat
[Mon Mar 02 01:01:32.526464 2026] [php:error] [pid 52368] [client 51.120.79.194:0] script '/domains/conceptlabs1/lb.php' not found or unable to stat
[Mon Mar 02 01:01:32.564533 2026] [php:error] [pid 52367] [client 4.204.200.32:0] script '/domains/efusion1/fff.php' not found or unable to stat
[Mon Mar 02 01:01:32.589630 2026] [php:error] [pid 52367] [client 4.204.200.32:0] script '/domains/efusion1/nw.php' not found or unable to stat
[Mon Mar 02 01:01:32.613735 2026] [php:error] [pid 52367] [client 4.204.200.32:0] script '/domains/efusion1/X57.php' not found or unable to stat
[Mon Mar 02 01:01:32.638022 2026] [php:error] [pid 52367] [client 4.204.200.32:0] script '/domains/efusion1/wpver.php' not found or unable to stat
[Mon Mar 02 01:01:32.693859 2026] [php:error] [pid 52367] [client 4.204.200.32:0] script '/domains/efusion1/z.php' not found or unable to stat
[Mon Mar 02 01:01:32.720941 2026] [php:error] [pid 52367] [client 4.204.200.32:0] script '/domains/efusion1/vx.php' not found or unable to stat
[Mon Mar 02 01:01:32.723187 2026] [php:error] [pid 52368] [client 51.120.79.194:0] script '/domains/conceptlabs1/0.php' not found or unable to stat
[Mon Mar 02 01:01:32.922232 2026] [php:error] [pid 52367] [client 4.204.200.32:0] script '/domains/efusion1/wqqs.php' not found or unable to stat
[Mon Mar 02 01:01:33.015798 2026] [php:error] [pid 52367] [client 4.204.200.32:0] script '/domains/efusion1/zc-318.php' not found or unable to stat
[Mon Mar 02 01:01:33.043244 2026] [php:error] [pid 52367] [client 4.204.200.32:0] script '/domains/efusion1/dom.php' not found or unable to stat
[Mon Mar 02 01:01:33.074613 2026] [php:error] [pid 52367] [client 4.204.200.32:0] script '/domains/efusion1/Okxob.php' not found or unable to stat
[Mon Mar 02 01:01:33.108888 2026] [php:error] [pid 52367] [client 4.204.200.32:0] script '/domains/efusion1/moon3.php' not found or unable to stat
[Mon Mar 02 01:01:33.277892 2026] [php:error] [pid 52367] [client 4.204.200.32:0] script '/domains/efusion1/thui.php' not found or unable to stat
[Mon Mar 02 01:01:33.328739 2026] [php:error] [pid 52367] [client 4.204.200.32:0] script '/domains/efusion1/ebahvhhh.php' not found or unable to stat
[Mon Mar 02 01:01:33.363367 2026] [php:error] [pid 52367] [client 4.204.200.32:0] script '/domains/efusion1/snq.php' not found or unable to stat
[Mon Mar 02 01:01:33.387771 2026] [php:error] [pid 52368] [client 51.120.79.194:0] script '/domains/conceptlabs1/core.php' not found or unable to stat
[Mon Mar 02 01:01:33.406590 2026] [php:error] [pid 52367] [client 4.204.200.32:0] script '/domains/efusion1/mcs.php' not found or unable to stat
[Mon Mar 02 01:01:33.508419 2026] [php:error] [pid 52368] [client 51.120.79.194:0] script '/domains/conceptlabs1/autogooey.php' not found or unable to stat
[Mon Mar 02 01:01:33.663378 2026] [php:error] [pid 52367] [client 4.204.200.32:0] script '/domains/efusion1/ok.php' not found or unable to stat
[Mon Mar 02 01:01:33.729135 2026] [php:error] [pid 52368] [client 51.120.79.194:0] script '/domains/conceptlabs1/prv8.php' not found or unable to stat
[Mon Mar 02 01:01:33.809378 2026] [php:error] [pid 52367] [client 4.204.200.32:0] script '/domains/efusion1/xleet.php' not found or unable to stat
[Mon Mar 02 01:01:33.824587 2026] [php:error] [pid 52368] [client 51.120.79.194:0] script '/domains/conceptlabs1/k.php' not found or unable to stat
[Mon Mar 02 01:01:33.976527 2026] [php:error] [pid 52368] [client 51.120.79.194:0] script '/domains/conceptlabs1/dev.php' not found or unable to stat
[Mon Mar 02 01:01:34.037270 2026] [php:error] [pid 52367] [client 4.204.200.32:0] script '/domains/efusion1/xa.php' not found or unable to stat
[Mon Mar 02 01:01:34.113421 2026] [php:error] [pid 52367] [client 4.204.200.32:0] script '/domains/efusion1/motu.php' not found or unable to stat
[Mon Mar 02 01:01:34.130650 2026] [php:error] [pid 52368] [client 51.120.79.194:0] script '/domains/conceptlabs1/x123x.php' not found or unable to stat
[Mon Mar 02 01:01:34.350126 2026] [php:error] [pid 52367] [client 4.204.200.32:0] script '/domains/efusion1/tmpls.php' not found or unable to stat
[Mon Mar 02 01:01:34.435711 2026] [php:error] [pid 52367] [client 4.204.200.32:0] script '/domains/efusion1/pouhg.php' not found or unable to stat
[Mon Mar 02 01:01:34.460167 2026] [php:error] [pid 52367] [client 4.204.200.32:0] script '/domains/efusion1/ws61.php' not found or unable to stat
[Mon Mar 02 01:01:34.485078 2026] [php:error] [pid 52355] [client 20.89.41.34:0] script '/domains/aatweb/222.php' not found or unable to stat
[Mon Mar 02 01:01:34.641043 2026] [php:error] [pid 52368] [client 51.120.79.194:0] script '/domains/conceptlabs1/bal.php' not found or unable to stat
[Mon Mar 02 01:01:34.644774 2026] [php:error] [pid 52355] [client 20.89.41.34:0] script '/domains/aatweb/404.php' not found or unable to stat
[Mon Mar 02 01:01:34.660020 2026] [php:error] [pid 52367] [client 4.204.200.32:0] script '/domains/efusion1/app.php' not found or unable to stat
[Mon Mar 02 01:01:34.687615 2026] [php:error] [pid 52367] [client 4.204.200.32:0] script '/domains/efusion1/ws59.php' not found or unable to stat
[Mon Mar 02 01:01:34.711744 2026] [php:error] [pid 52367] [client 4.204.200.32:0] script '/domains/efusion1/wp-blog.php' not found or unable to stat
[Mon Mar 02 01:01:34.754242 2026] [php:error] [pid 52367] [client 4.204.200.32:0] script '/domains/efusion1/mamzi.php' not found or unable to stat
[Mon Mar 02 01:01:34.778509 2026] [php:error] [pid 52367] [client 4.204.200.32:0] script '/domains/efusion1/222.php' not found or unable to stat
[Mon Mar 02 01:01:34.804663 2026] [php:error] [pid 52355] [client 20.89.41.34:0] script '/domains/aatweb/about.php' not found or unable to stat
[Mon Mar 02 01:01:34.972640 2026] [php:error] [pid 52367] [client 4.204.200.32:0] script '/domains/efusion1/ae.php' not found or unable to stat
[Mon Mar 02 01:01:34.981146 2026] [php:error] [pid 52355] [client 20.89.41.34:0] script '/domains/aatweb/admin.php' not found or unable to stat
[Mon Mar 02 01:01:35.015528 2026] [php:error] [pid 52367] [client 4.204.200.32:0] script '/domains/efusion1/06.php' not found or unable to stat
[Mon Mar 02 01:01:35.044055 2026] [php:error] [pid 52367] [client 4.204.200.32:0] script '/domains/efusion1/ws60.php' not found or unable to stat
[Mon Mar 02 01:01:35.079772 2026] [php:error] [pid 52367] [client 4.204.200.32:0] script '/domains/efusion1/wp-freya.php' not found or unable to stat
[Mon Mar 02 01:01:35.104015 2026] [php:error] [pid 52367] [client 4.204.200.32:0] script '/domains/efusion1/bb.php' not found or unable to stat
[Mon Mar 02 01:01:35.161223 2026] [php:error] [pid 52355] [client 20.89.41.34:0] script '/domains/aatweb/adminfuns.php' not found or unable to stat
[Mon Mar 02 01:01:35.246254 2026] [php:error] [pid 52367] [client 4.204.200.32:0] script '/domains/efusion1/dsd.php' not found or unable to stat
[Mon Mar 02 01:01:35.340611 2026] [php:error] [pid 52355] [client 20.89.41.34:0] script '/domains/aatweb/bless.php' not found or unable to stat
[Mon Mar 02 01:01:35.359588 2026] [php:error] [pid 52367] [client 4.204.200.32:0] script '/domains/efusion1/guk.php' not found or unable to stat
[Mon Mar 02 01:01:35.407797 2026] [php:error] [pid 52367] [client 4.204.200.32:0] script '/domains/efusion1/ze.php' not found or unable to stat
[Mon Mar 02 01:01:35.442075 2026] [php:error] [pid 52367] [client 4.204.200.32:0] script '/domains/efusion1/file52.php' not found or unable to stat
[Mon Mar 02 01:01:35.474837 2026] [php:error] [pid 52367] [client 4.204.200.32:0] script '/domains/efusion1/tax.php' not found or unable to stat
[Mon Mar 02 01:01:35.499732 2026] [php:error] [pid 52367] [client 4.204.200.32:0] script '/domains/efusion1/an7.php' not found or unable to stat
[Mon Mar 02 01:01:35.501091 2026] [php:error] [pid 52355] [client 20.89.41.34:0] script '/domains/aatweb/bolt.php' not found or unable to stat
[Mon Mar 02 01:01:35.539863 2026] [php:error] [pid 52367] [client 4.204.200.32:0] script '/domains/efusion1/ty.php' not found or unable to stat
[Mon Mar 02 01:01:35.547755 2026] [php:error] [pid 52368] [client 51.120.79.194:0] script '/domains/conceptlabs1/in.php' not found or unable to stat
[Mon Mar 02 01:01:35.581184 2026] [php:error] [pid 52367] [client 4.204.200.32:0] script '/domains/efusion1/brc.php' not found or unable to stat
[Mon Mar 02 01:01:35.607166 2026] [php:error] [pid 52367] [client 4.204.200.32:0] script '/domains/efusion1/koiy.php' not found or unable to stat
[Mon Mar 02 01:01:35.643286 2026] [php:error] [pid 52368] [client 51.120.79.194:0] script '/domains/conceptlabs1/gssdd.php' not found or unable to stat
[Mon Mar 02 01:01:35.644349 2026] [php:error] [pid 52367] [client 4.204.200.32:0] script '/domains/efusion1/myfile.php' not found or unable to stat
[Mon Mar 02 01:01:35.668807 2026] [php:error] [pid 52355] [client 20.89.41.34:0] script '/domains/aatweb/ccou.php' not found or unable to stat
[Mon Mar 02 01:01:35.722295 2026] [php:error] [pid 52367] [client 4.204.200.32:0] script '/domains/efusion1/Ov-Simple1.php' not found or unable to stat
[Mon Mar 02 01:01:35.739103 2026] [php:error] [pid 52368] [client 51.120.79.194:0] script '/domains/conceptlabs1/motu.php' not found or unable to stat
[Mon Mar 02 01:01:35.746397 2026] [php:error] [pid 52367] [client 4.204.200.32:0] script '/domains/efusion1/gool.php' not found or unable to stat
[Mon Mar 02 01:01:35.780798 2026] [php:error] [pid 52367] [client 4.204.200.32:0] script '/domains/efusion1/a1vx.php' not found or unable to stat
[Mon Mar 02 01:01:35.828904 2026] [php:error] [pid 52355] [client 20.89.41.34:0] script '/domains/aatweb/class-t.api.php' not found or unable to stat
[Mon Mar 02 01:01:35.838775 2026] [php:error] [pid 52368] [client 51.120.79.194:0] script '/domains/conceptlabs1/bs1.php' not found or unable to stat
[Mon Mar 02 01:01:35.937700 2026] [php:error] [pid 52368] [client 51.120.79.194:0] script '/domains/conceptlabs1/bengi.php' not found or unable to stat
[Mon Mar 02 01:01:35.988345 2026] [php:error] [pid 52367] [client 4.204.200.32:0] script '/domains/efusion1/mans.php' not found or unable to stat
[Mon Mar 02 01:01:35.993233 2026] [php:error] [pid 52355] [client 20.89.41.34:0] script '/domains/aatweb/css.php' not found or unable to stat
[Mon Mar 02 01:01:36.033179 2026] [php:error] [pid 52368] [client 51.120.79.194:0] script '/domains/conceptlabs1/log.php' not found or unable to stat
[Mon Mar 02 01:01:36.092678 2026] [php:error] [pid 52367] [client 4.204.200.32:0] script '/domains/efusion1/rum.php' not found or unable to stat
[Mon Mar 02 01:01:36.135082 2026] [php:error] [pid 52368] [client 51.120.79.194:0] script '/domains/conceptlabs1/miansha.php' not found or unable to stat
[Mon Mar 02 01:01:36.232278 2026] [php:error] [pid 52368] [client 51.120.79.194:0] script '/domains/conceptlabs1/erty.php' not found or unable to stat
[Mon Mar 02 01:01:36.262636 2026] [php:error] [pid 52367] [client 4.204.200.32:0] script '/domains/efusion1/sbhu.php' not found or unable to stat
[Mon Mar 02 01:01:36.312856 2026] [php:error] [pid 52355] [client 20.89.41.34:0] script '/domains/aatweb/edit.php' not found or unable to stat
[Mon Mar 02 01:01:36.424522 2026] [php:error] [pid 52368] [client 51.120.79.194:0] script '/domains/conceptlabs1/X57.php' not found or unable to stat
[Mon Mar 02 01:01:36.472621 2026] [php:error] [pid 52355] [client 20.89.41.34:0] script '/domains/aatweb/fff.php' not found or unable to stat
[Mon Mar 02 01:01:36.520236 2026] [php:error] [pid 52368] [client 51.120.79.194:0] script '/domains/conceptlabs1/axx.php' not found or unable to stat
[Mon Mar 02 01:01:36.616514 2026] [php:error] [pid 52368] [client 51.120.79.194:0] script '/domains/conceptlabs1/alfashell.php' not found or unable to stat
[Mon Mar 02 01:01:36.628428 2026] [php:error] [pid 52367] [client 4.204.200.32:0] script '/domains/efusion1/wio.php' not found or unable to stat
[Mon Mar 02 01:01:36.646519 2026] [php:error] [pid 52355] [client 20.89.41.34:0] script '/domains/aatweb/file.php' not found or unable to stat
[Mon Mar 02 01:01:36.712017 2026] [php:error] [pid 52368] [client 51.120.79.194:0] script '/domains/conceptlabs1/myfile.php' not found or unable to stat
[Mon Mar 02 01:01:36.719444 2026] [php:error] [pid 52367] [client 4.204.200.32:0] script '/domains/efusion1/clasa99.php' not found or unable to stat
[Mon Mar 02 01:01:36.806325 2026] [php:error] [pid 52355] [client 20.89.41.34:0] script '/domains/aatweb/fx.php' not found or unable to stat
[Mon Mar 02 01:01:36.809244 2026] [php:error] [pid 52367] [client 4.204.200.32:0] script '/domains/efusion1/ws62.php' not found or unable to stat
[Mon Mar 02 01:01:36.811756 2026] [php:error] [pid 52368] [client 51.120.79.194:0] script '/domains/conceptlabs1/re.php' not found or unable to stat
[Mon Mar 02 01:01:36.835108 2026] [php:error] [pid 52367] [client 4.204.200.32:0] script '/domains/efusion1/new4.php' not found or unable to stat
[Mon Mar 02 01:01:36.907257 2026] [php:error] [pid 52368] [client 51.120.79.194:0] script '/domains/conceptlabs1/styll.php' not found or unable to stat
[Mon Mar 02 01:01:36.966215 2026] [php:error] [pid 52355] [client 20.89.41.34:0] script '/domains/aatweb/info.php' not found or unable to stat
[Mon Mar 02 01:01:37.002791 2026] [php:error] [pid 52368] [client 51.120.79.194:0] script '/domains/conceptlabs1/flower.php' not found or unable to stat
[Mon Mar 02 01:01:37.126010 2026] [php:error] [pid 52355] [client 20.89.41.34:0] script '/domains/aatweb/ioxi-o.php' not found or unable to stat
[Mon Mar 02 01:01:37.128379 2026] [php:error] [pid 52368] [client 51.120.79.194:0] script '/domains/conceptlabs1/flower2.php' not found or unable to stat
[Mon Mar 02 01:01:37.162649 2026] [php:error] [pid 52367] [client 4.204.200.32:0] script '/domains/efusion1/666.php' not found or unable to stat
[Mon Mar 02 01:01:37.223891 2026] [php:error] [pid 52368] [client 51.120.79.194:0] script '/domains/conceptlabs1/4h.php' not found or unable to stat
[Mon Mar 02 01:01:37.281439 2026] [php:error] [pid 52367] [client 4.204.200.32:0] script '/domains/efusion1/co.php' not found or unable to stat
[Mon Mar 02 01:01:37.285585 2026] [php:error] [pid 52355] [client 20.89.41.34:0] script '/domains/aatweb/rip.php' not found or unable to stat
[Mon Mar 02 01:01:37.308976 2026] [php:error] [pid 52367] [client 4.204.200.32:0] script '/domains/efusion1/cxc.php' not found or unable to stat
[Mon Mar 02 01:01:37.319372 2026] [php:error] [pid 52368] [client 51.120.79.194:0] script '/domains/conceptlabs1/gettest.php' not found or unable to stat
[Mon Mar 02 01:01:37.333196 2026] [php:error] [pid 52367] [client 4.204.200.32:0] script '/domains/efusion1/gjm.php' not found or unable to stat
[Mon Mar 02 01:01:37.414875 2026] [php:error] [pid 52368] [client 51.120.79.194:0] script '/domains/conceptlabs1/acp.php' not found or unable to stat
[Mon Mar 02 01:01:37.445458 2026] [php:error] [pid 52355] [client 20.89.41.34:0] script '/domains/aatweb/server.php' not found or unable to stat
[Mon Mar 02 01:01:37.467484 2026] [php:error] [pid 52367] [client 4.204.200.32:0] script '/domains/efusion1/ex.php' not found or unable to stat
[Mon Mar 02 01:01:37.499575 2026] [php:error] [pid 52367] [client 4.204.200.32:0] script '/domains/efusion1/post.php' not found or unable to stat
[Mon Mar 02 01:01:37.512480 2026] [php:error] [pid 52368] [client 51.120.79.194:0] script '/domains/conceptlabs1/database.php' not found or unable to stat
[Mon Mar 02 01:01:37.524501 2026] [php:error] [pid 52367] [client 4.204.200.32:0] script '/domains/efusion1/wpo.php' not found or unable to stat
[Mon Mar 02 01:01:37.605261 2026] [php:error] [pid 52355] [client 20.89.41.34:0] script '/domains/aatweb/wp-blog.php' not found or unable to stat
[Mon Mar 02 01:01:37.622733 2026] [php:error] [pid 52367] [client 4.204.200.32:0] script '/domains/efusion1/jq.php' not found or unable to stat
[Mon Mar 02 01:01:37.647514 2026] [php:error] [pid 52367] [client 4.204.200.32:0] script '/domains/efusion1/x7.php' not found or unable to stat
[Mon Mar 02 01:01:37.681442 2026] [php:error] [pid 52367] [client 4.204.200.32:0] script '/domains/efusion1/bes.php' not found or unable to stat
[Mon Mar 02 01:01:38.122768 2026] [php:error] [pid 52360] [client 4.204.200.32:0] script '/domains/efusion1/sadd.php' not found or unable to stat
[Mon Mar 02 01:01:38.167431 2026] [php:error] [pid 52360] [client 4.204.200.32:0] script '/domains/efusion1/vgtyu.php' not found or unable to stat
[Mon Mar 02 01:01:38.204896 2026] [php:error] [pid 52360] [client 4.204.200.32:0] script '/domains/efusion1/166.php' not found or unable to stat
[Mon Mar 02 01:01:38.232185 2026] [php:error] [pid 52360] [client 4.204.200.32:0] script '/domains/efusion1/fs.php' not found or unable to stat
[Mon Mar 02 01:01:38.258564 2026] [php:error] [pid 52360] [client 4.204.200.32:0] script '/domains/efusion1/c4.php' not found or unable to stat
[Mon Mar 02 01:01:38.285770 2026] [php:error] [pid 52360] [client 4.204.200.32:0] script '/domains/efusion1/eauu.php' not found or unable to stat
[Mon Mar 02 01:01:38.312513 2026] [php:error] [pid 52360] [client 4.204.200.32:0] script '/domains/efusion1/fasx.php' not found or unable to stat
[Mon Mar 02 01:01:38.339172 2026] [php:error] [pid 52360] [client 4.204.200.32:0] script '/domains/efusion1/opts.php' not found or unable to stat
[Mon Mar 02 01:01:38.370648 2026] [php:error] [pid 52360] [client 4.204.200.32:0] script '/domains/efusion1/nzv.php' not found or unable to stat
[Mon Mar 02 01:01:38.397063 2026] [php:error] [pid 52360] [client 4.204.200.32:0] script '/domains/efusion1/grsiuk.php' not found or unable to stat
[Mon Mar 02 01:01:38.427963 2026] [php:error] [pid 52360] [client 4.204.200.32:0] script '/domains/efusion1/byp8.php' not found or unable to stat
[Mon Mar 02 01:01:38.454481 2026] [php:error] [pid 52360] [client 4.204.200.32:0] script '/domains/efusion1/nhr.php' not found or unable to stat
[Mon Mar 02 01:01:38.480933 2026] [php:error] [pid 52360] [client 4.204.200.32:0] script '/domains/efusion1/wp-access.php' not found or unable to stat
[Mon Mar 02 01:01:38.510070 2026] [php:error] [pid 52360] [client 4.204.200.32:0] script '/domains/efusion1/ws79.php' not found or unable to stat
[Mon Mar 02 01:01:38.542851 2026] [php:error] [pid 52360] [client 4.204.200.32:0] script '/domains/efusion1/1061.php' not found or unable to stat
[Mon Mar 02 01:01:38.573191 2026] [php:error] [pid 52360] [client 4.204.200.32:0] script '/domains/efusion1/zwq13.php' not found or unable to stat
[Mon Mar 02 01:01:38.582262 2026] [php:error] [pid 52355] [client 20.89.41.34:0] script '/domains/aatweb/wp-editor.php' not found or unable to stat
[Mon Mar 02 01:01:38.609183 2026] [php:error] [pid 52360] [client 4.204.200.32:0] script '/domains/efusion1/hello.php' not found or unable to stat
[Mon Mar 02 01:01:38.645144 2026] [php:error] [pid 52360] [client 4.204.200.32:0] script '/domains/efusion1/05.php' not found or unable to stat
[Mon Mar 02 01:01:38.673897 2026] [php:error] [pid 52360] [client 4.204.200.32:0] script '/domains/efusion1/zxin.php' not found or unable to stat
[Mon Mar 02 01:01:38.701601 2026] [php:error] [pid 52360] [client 4.204.200.32:0] script '/domains/efusion1/fff.php' not found or unable to stat
[Mon Mar 02 01:01:38.728115 2026] [php:error] [pid 52360] [client 4.204.200.32:0] script '/domains/efusion1/wp5.php' not found or unable to stat
[Mon Mar 02 01:01:38.760427 2026] [php:error] [pid 52360] [client 4.204.200.32:0] script '/domains/efusion1/wp-good.php' not found or unable to stat
[Mon Mar 02 01:01:38.787237 2026] [php:error] [pid 52360] [client 4.204.200.32:0] script '/domains/efusion1/iko.php' not found or unable to stat
[Mon Mar 02 01:01:38.918081 2026] [php:error] [pid 52360] [client 4.204.200.32:0] script '/domains/efusion1/xmy.php' not found or unable to stat
[Mon Mar 02 01:01:38.955036 2026] [php:error] [pid 52360] [client 4.204.200.32:0] script '/domains/efusion1/fun.php' not found or unable to stat
[Mon Mar 02 01:01:38.983327 2026] [php:error] [pid 52360] [client 4.204.200.32:0] script '/domains/efusion1/end.php' not found or unable to stat
[Mon Mar 02 01:01:39.092809 2026] [php:error] [pid 52360] [client 4.204.200.32:0] script '/domains/efusion1/ah25.php' not found or unable to stat
[Mon Mar 02 01:01:39.156998 2026] [php:error] [pid 52360] [client 4.204.200.32:0] script '/domains/efusion1/error1.php' not found or unable to stat
[Mon Mar 02 01:01:39.183073 2026] [php:error] [pid 52360] [client 4.204.200.32:0] script '/domains/efusion1/thui.php' not found or unable to stat
[Mon Mar 02 01:01:39.263184 2026] [php:error] [pid 52360] [client 4.204.200.32:0] script '/domains/efusion1/ff1.php' not found or unable to stat
[Mon Mar 02 01:01:39.320116 2026] [php:error] [pid 52360] [client 4.204.200.32:0] script '/domains/efusion1/wp-act.php' not found or unable to stat
[Mon Mar 02 01:01:39.347417 2026] [php:error] [pid 52360] [client 4.204.200.32:0] script '/domains/efusion1/wp-the.php' not found or unable to stat
[Mon Mar 02 01:01:39.405544 2026] [php:error] [pid 52360] [client 4.204.200.32:0] script '/domains/efusion1/rpk.php' not found or unable to stat
[Mon Mar 02 01:01:39.407976 2026] [php:error] [pid 52355] [client 20.89.41.34:0] script '/domains/aatweb/wp.php' not found or unable to stat
[Mon Mar 02 01:01:39.433989 2026] [php:error] [pid 52360] [client 4.204.200.32:0] script '/domains/efusion1/ms.php' not found or unable to stat
