[Mon Mar 02 01:05:33.442976 2026] [php:error] [pid 52395] [client 4.193.177.110:0] script '/domains/performancepartsinc/themes.php' not found or unable to stat
[Mon Mar 02 01:05:33.668038 2026] [php:error] [pid 52395] [client 4.193.177.110:0] script '/domains/performancepartsinc/an.php' not found or unable to stat
[Mon Mar 02 01:05:34.342656 2026] [php:error] [pid 52395] [client 4.193.177.110:0] script '/domains/performancepartsinc/ws.php' not found or unable to stat
[Mon Mar 02 01:05:34.582163 2026] [php:error] [pid 52395] [client 4.193.177.110:0] script '/domains/performancepartsinc/404.php' not found or unable to stat
[Mon Mar 02 01:05:35.034215 2026] [php:error] [pid 52395] [client 4.193.177.110:0] script '/domains/performancepartsinc/wp-conf.php' not found or unable to stat
[Mon Mar 02 01:05:35.483739 2026] [php:error] [pid 52395] [client 4.193.177.110:0] script '/domains/performancepartsinc/wp-login.php' not found or unable to stat
[Mon Mar 02 01:05:35.708491 2026] [php:error] [pid 52395] [client 4.193.177.110:0] script '/domains/performancepartsinc/abc.php' not found or unable to stat
[Mon Mar 02 01:05:35.933700 2026] [php:error] [pid 52395] [client 4.193.177.110:0] script '/domains/performancepartsinc/abcd.php' not found or unable to stat
[Mon Mar 02 01:05:36.162216 2026] [php:error] [pid 52395] [client 4.193.177.110:0] script '/domains/performancepartsinc/as.php' not found or unable to stat
[Mon Mar 02 01:05:36.386912 2026] [php:error] [pid 52395] [client 4.193.177.110:0] script '/domains/performancepartsinc/wp-trackback.php' not found or unable to stat
[Mon Mar 02 01:05:36.611550 2026] [php:error] [pid 52395] [client 4.193.177.110:0] script '/domains/performancepartsinc/about.php' not found or unable to stat
[Mon Mar 02 01:05:36.837474 2026] [php:error] [pid 52395] [client 4.193.177.110:0] script '/domains/performancepartsinc/file.php' not found or unable to stat
[Mon Mar 02 01:05:37.066328 2026] [php:error] [pid 52395] [client 4.193.177.110:0] script '/domains/performancepartsinc/adminfuns.php' not found or unable to stat
[Mon Mar 02 01:05:37.319601 2026] [php:error] [pid 52395] [client 4.193.177.110:0] script '/domains/performancepartsinc/wp-good.php' not found or unable to stat
[Mon Mar 02 01:05:37.544291 2026] [php:error] [pid 52395] [client 4.193.177.110:0] script '/domains/performancepartsinc/xmlrpc.php' not found or unable to stat
[Mon Mar 02 01:05:37.769269 2026] [php:error] [pid 52395] [client 4.193.177.110:0] script '/domains/performancepartsinc/goods.php' not found or unable to stat
[Mon Mar 02 01:05:37.994430 2026] [php:error] [pid 52395] [client 4.193.177.110:0] script '/domains/performancepartsinc/class-t.api.php' not found or unable to stat
[Mon Mar 02 01:05:38.219144 2026] [php:error] [pid 52395] [client 4.193.177.110:0] script '/domains/performancepartsinc/sf.php' not found or unable to stat
[Mon Mar 02 01:05:38.443940 2026] [php:error] [pid 52395] [client 4.193.177.110:0] script '/domains/performancepartsinc/kbfr.php' not found or unable to stat
[Mon Mar 02 01:05:38.668592 2026] [php:error] [pid 52395] [client 4.193.177.110:0] script '/domains/performancepartsinc/autoload_classmap.php' not found or unable to stat
[Mon Mar 02 01:05:38.893295 2026] [php:error] [pid 52395] [client 4.193.177.110:0] script '/domains/performancepartsinc/chosen.php' not found or unable to stat
[Mon Mar 02 01:05:39.118083 2026] [php:error] [pid 52395] [client 4.193.177.110:0] script '/domains/performancepartsinc/classwithtostring.php' not found or unable to stat
[Mon Mar 02 01:05:39.346726 2026] [php:error] [pid 52395] [client 4.193.177.110:0] script '/domains/performancepartsinc/defaults.php' not found or unable to stat
[Mon Mar 02 01:05:40.036408 2026] [php:error] [pid 52395] [client 4.193.177.110:0] script '/domains/performancepartsinc/info.php' not found or unable to stat
[Mon Mar 02 01:05:45.296730 2026] [php:error] [pid 52404] [client 146.103.112.41:0] script '/domains/wsmith.enteract/wp-login.php' not found or unable to stat
[Mon Mar 02 01:05:55.873784 2026] [php:error] [pid 52394] [client 20.78.169.245:0] script '/domains/markrose/post.php' not found or unable to stat
[Mon Mar 02 01:05:56.042231 2026] [php:error] [pid 52394] [client 20.78.169.245:0] script '/domains/markrose/1.php' not found or unable to stat
[Mon Mar 02 01:05:56.212216 2026] [php:error] [pid 52394] [client 20.78.169.245:0] script '/domains/markrose/flower.php' not found or unable to stat
[Mon Mar 02 01:05:56.381029 2026] [php:error] [pid 52394] [client 20.78.169.245:0] script '/domains/markrose/admin.php' not found or unable to stat
[Mon Mar 02 01:05:56.574092 2026] [php:error] [pid 52394] [client 20.78.169.245:0] script '/domains/markrose/file.php' not found or unable to stat
[Mon Mar 02 01:05:56.791836 2026] [php:error] [pid 52394] [client 20.78.169.245:0] script '/domains/markrose/meta.php' not found or unable to stat
[Mon Mar 02 01:05:57.298793 2026] [php:error] [pid 52394] [client 20.78.169.245:0] script '/domains/markrose/about.php' not found or unable to stat
[Mon Mar 02 01:05:57.468075 2026] [php:error] [pid 52394] [client 20.78.169.245:0] script '/domains/markrose/randkeyword.php' not found or unable to stat
[Mon Mar 02 01:05:57.637683 2026] [php:error] [pid 52394] [client 20.78.169.245:0] script '/domains/markrose/hehe.php' not found or unable to stat
[Mon Mar 02 01:05:57.837559 2026] [php:error] [pid 52394] [client 20.78.169.245:0] script '/domains/markrose/yindu.php' not found or unable to stat
[Mon Mar 02 01:05:58.454172 2026] [php:error] [pid 52394] [client 20.78.169.245:0] script '/domains/markrose/baxa1.php' not found or unable to stat
[Mon Mar 02 01:05:59.691707 2026] [php:error] [pid 52412] [client 40.80.89.74:0] script '/domains/icrse/wp-trackback.php' not found or unable to stat
[Mon Mar 02 01:05:59.890512 2026] [php:error] [pid 52412] [client 40.80.89.74:0] script '/domains/icrse/about.php' not found or unable to stat
[Mon Mar 02 01:06:00.089416 2026] [php:error] [pid 52412] [client 40.80.89.74:0] script '/domains/icrse/file.php' not found or unable to stat
[Mon Mar 02 01:06:00.287533 2026] [php:error] [pid 52412] [client 40.80.89.74:0] script '/domains/icrse/wp-good.php' not found or unable to stat
[Mon Mar 02 01:06:00.485423 2026] [php:error] [pid 52412] [client 40.80.89.74:0] script '/domains/icrse/xmlrpc.php' not found or unable to stat
[Mon Mar 02 01:06:00.683276 2026] [php:error] [pid 52412] [client 40.80.89.74:0] script '/domains/icrse/goods.php' not found or unable to stat
[Mon Mar 02 01:06:00.881211 2026] [php:error] [pid 52412] [client 40.80.89.74:0] script '/domains/icrse/ioxi-o.php' not found or unable to stat
[Mon Mar 02 01:06:01.078958 2026] [php:error] [pid 52412] [client 40.80.89.74:0] script '/domains/icrse/class-t.api.php' not found or unable to stat
[Mon Mar 02 01:06:01.277009 2026] [php:error] [pid 52412] [client 40.80.89.74:0] script '/domains/icrse/admin.php' not found or unable to stat
[Mon Mar 02 01:06:01.475532 2026] [php:error] [pid 52412] [client 40.80.89.74:0] script '/domains/icrse/sf.php' not found or unable to stat
[Mon Mar 02 01:06:01.548530 2026] [php:error] [pid 52414] [client 4.193.248.52:0] script '/domains/tmandel/222.php' not found or unable to stat
[Mon Mar 02 01:06:01.617245 2026] [php:error] [pid 52394] [client 20.78.169.245:0] script '/domains/markrose/user.php' not found or unable to stat
[Mon Mar 02 01:06:01.673369 2026] [php:error] [pid 52412] [client 40.80.89.74:0] script '/domains/icrse/rip.php' not found or unable to stat
[Mon Mar 02 01:06:01.782059 2026] [php:error] [pid 52414] [client 4.193.248.52:0] script '/domains/tmandel/404.php' not found or unable to stat
[Mon Mar 02 01:06:01.791601 2026] [php:error] [pid 52394] [client 20.78.169.245:0] script '/domains/markrose/wp-2019.php' not found or unable to stat
[Mon Mar 02 01:06:01.871810 2026] [php:error] [pid 52412] [client 40.80.89.74:0] script '/domains/icrse/autoload_classmap.php' not found or unable to stat
[Mon Mar 02 01:06:01.974567 2026] [php:error] [pid 52394] [client 20.78.169.245:0] script '/domains/markrose/chosen.php' not found or unable to stat
[Mon Mar 02 01:06:02.031185 2026] [php:error] [pid 52414] [client 4.193.248.52:0] script '/domains/tmandel/about.php' not found or unable to stat
[Mon Mar 02 01:06:02.069715 2026] [php:error] [pid 52412] [client 40.80.89.74:0] script '/domains/icrse/chosen.php' not found or unable to stat
[Mon Mar 02 01:06:02.142598 2026] [php:error] [pid 52394] [client 20.78.169.245:0] script '/domains/markrose/functions.php' not found or unable to stat
[Mon Mar 02 01:06:02.259388 2026] [php:error] [pid 52414] [client 4.193.248.52:0] script '/domains/tmandel/admin.php' not found or unable to stat
[Mon Mar 02 01:06:02.267486 2026] [php:error] [pid 52412] [client 40.80.89.74:0] script '/domains/icrse/classwithtostring.php' not found or unable to stat
[Mon Mar 02 01:06:02.465559 2026] [php:error] [pid 52412] [client 40.80.89.74:0] script '/domains/icrse/defaults.php' not found or unable to stat
[Mon Mar 02 01:06:02.487456 2026] [php:error] [pid 52414] [client 4.193.248.52:0] script '/domains/tmandel/adminfuns.php' not found or unable to stat
[Mon Mar 02 01:06:02.706593 2026] [php:error] [pid 52394] [client 20.78.169.245:0] script '/domains/markrose/cron.php' not found or unable to stat
[Mon Mar 02 01:06:02.715563 2026] [php:error] [pid 52414] [client 4.193.248.52:0] script '/domains/tmandel/bless.php' not found or unable to stat
[Mon Mar 02 01:06:02.895967 2026] [php:error] [pid 52394] [client 20.78.169.245:0] script '/domains/markrose/edit.php' not found or unable to stat
[Mon Mar 02 01:06:02.958599 2026] [php:error] [pid 52414] [client 4.193.248.52:0] script '/domains/tmandel/bolt.php' not found or unable to stat
[Mon Mar 02 01:06:03.100467 2026] [php:error] [pid 52394] [client 20.78.169.245:0] script '/domains/markrose/gecko-new.php' not found or unable to stat
[Mon Mar 02 01:06:03.186826 2026] [php:error] [pid 52414] [client 4.193.248.52:0] script '/domains/tmandel/ccou.php' not found or unable to stat
[Mon Mar 02 01:06:03.272512 2026] [php:error] [pid 52394] [client 20.78.169.245:0] script '/domains/markrose/cookie.php' not found or unable to stat
[Mon Mar 02 01:06:03.414881 2026] [php:error] [pid 52414] [client 4.193.248.52:0] script '/domains/tmandel/class-t.api.php' not found or unable to stat
[Mon Mar 02 01:06:03.441138 2026] [php:error] [pid 52394] [client 20.78.169.245:0] script '/domains/markrose/xleet.php' not found or unable to stat
[Mon Mar 02 01:06:03.456498 2026] [php:error] [pid 52412] [client 40.80.89.74:0] script '/domains/icrse/info.php' not found or unable to stat
[Mon Mar 02 01:06:03.610890 2026] [php:error] [pid 52394] [client 20.78.169.245:0] script '/domains/markrose/spip.php' not found or unable to stat
[Mon Mar 02 01:06:03.643691 2026] [php:error] [pid 52414] [client 4.193.248.52:0] script '/domains/tmandel/css.php' not found or unable to stat
[Mon Mar 02 01:06:03.839802 2026] [php:error] [pid 52394] [client 20.78.169.245:0] script '/domains/markrose/22.php' not found or unable to stat
[Mon Mar 02 01:06:04.038119 2026] [php:error] [pid 52394] [client 20.78.169.245:0] script '/domains/markrose/room.php' not found or unable to stat
[Mon Mar 02 01:06:04.100589 2026] [php:error] [pid 52414] [client 4.193.248.52:0] script '/domains/tmandel/edit.php' not found or unable to stat
[Mon Mar 02 01:06:04.238815 2026] [php:error] [pid 52394] [client 20.78.169.245:0] script '/domains/markrose/disagreed.php' not found or unable to stat
[Mon Mar 02 01:06:04.328890 2026] [php:error] [pid 52414] [client 4.193.248.52:0] script '/domains/tmandel/fff.php' not found or unable to stat
[Mon Mar 02 01:06:04.407602 2026] [php:error] [pid 52394] [client 20.78.169.245:0] script '/domains/markrose/text.php' not found or unable to stat
[Mon Mar 02 01:06:04.561416 2026] [php:error] [pid 52414] [client 4.193.248.52:0] script '/domains/tmandel/file.php' not found or unable to stat
[Mon Mar 02 01:06:04.605438 2026] [php:error] [pid 52394] [client 20.78.169.245:0] script '/domains/markrose/alfa-rex.php' not found or unable to stat
[Mon Mar 02 01:06:04.805715 2026] [php:error] [pid 52414] [client 4.193.248.52:0] script '/domains/tmandel/fx.php' not found or unable to stat
[Mon Mar 02 01:06:04.845367 2026] [php:error] [pid 52412] [client 40.80.89.74:0] script '/domains/icrse/adminfuns.php' not found or unable to stat
[Mon Mar 02 01:06:05.010691 2026] [php:error] [pid 52394] [client 20.78.169.245:0] script '/domains/markrose/feeds.php' not found or unable to stat
[Mon Mar 02 01:06:05.048001 2026] [php:error] [pid 52414] [client 4.193.248.52:0] script '/domains/tmandel/info.php' not found or unable to stat
[Mon Mar 02 01:06:05.217325 2026] [php:error] [pid 52394] [client 20.78.169.245:0] script '/domains/markrose/radio.php' not found or unable to stat
[Mon Mar 02 01:06:05.278724 2026] [php:error] [pid 52414] [client 4.193.248.52:0] script '/domains/tmandel/ioxi-o.php' not found or unable to stat
[Mon Mar 02 01:06:05.416790 2026] [php:error] [pid 52394] [client 20.78.169.245:0] script '/domains/markrose/dropdown.php' not found or unable to stat
[Mon Mar 02 01:06:05.507046 2026] [php:error] [pid 52414] [client 4.193.248.52:0] script '/domains/tmandel/rip.php' not found or unable to stat
[Mon Mar 02 01:06:05.630391 2026] [php:error] [pid 52394] [client 20.78.169.245:0] script '/domains/markrose/defaults.php' not found or unable to stat
[Mon Mar 02 01:06:05.736046 2026] [php:error] [pid 52414] [client 4.193.248.52:0] script '/domains/tmandel/server.php' not found or unable to stat
[Mon Mar 02 01:06:05.846629 2026] [php:error] [pid 52394] [client 20.78.169.245:0] script '/domains/markrose/system.php' not found or unable to stat
[Mon Mar 02 01:06:05.965807 2026] [php:error] [pid 52414] [client 4.193.248.52:0] script '/domains/tmandel/wp-blog.php' not found or unable to stat
[Mon Mar 02 01:06:06.039256 2026] [php:error] [pid 52394] [client 20.78.169.245:0] script '/domains/markrose/xmlrpc.php' not found or unable to stat
[Mon Mar 02 01:06:06.407148 2026] [php:error] [pid 52394] [client 20.78.169.245:0] script '/domains/markrose/colors.php' not found or unable to stat
[Mon Mar 02 01:06:06.582340 2026] [php:error] [pid 52394] [client 20.78.169.245:0] script '/domains/markrose/updates.php' not found or unable to stat
[Mon Mar 02 01:06:06.750910 2026] [php:error] [pid 52394] [client 20.78.169.245:0] script '/domains/markrose/alfa-rex1.php' not found or unable to stat
[Mon Mar 02 01:06:06.919351 2026] [php:error] [pid 52394] [client 20.78.169.245:0] script '/domains/markrose/wp-index.php' not found or unable to stat
[Mon Mar 02 01:06:07.115888 2026] [php:error] [pid 52394] [client 20.78.169.245:0] script '/domains/markrose/wp-admin.php' not found or unable to stat
[Mon Mar 02 01:06:07.304903 2026] [php:error] [pid 52394] [client 20.78.169.245:0] script '/domains/markrose/alfa.php' not found or unable to stat
[Mon Mar 02 01:06:07.431227 2026] [php:error] [pid 52414] [client 4.193.248.52:0] script '/domains/tmandel/wp-editor.php' not found or unable to stat
[Mon Mar 02 01:06:07.723202 2026] [php:error] [pid 52394] [client 20.78.169.245:0] script '/domains/markrose/locale.php' not found or unable to stat
[Mon Mar 02 01:06:07.941204 2026] [php:error] [pid 52394] [client 20.78.169.245:0] script '/domains/markrose/wxo.php' not found or unable to stat
[Mon Mar 02 01:06:08.150608 2026] [php:error] [pid 52394] [client 20.78.169.245:0] script '/domains/markrose/colour.php' not found or unable to stat
[Mon Mar 02 01:06:08.371533 2026] [php:error] [pid 52394] [client 20.78.169.245:0] script '/domains/markrose/files.php' not found or unable to stat
[Mon Mar 02 01:06:08.539687 2026] [php:error] [pid 52394] [client 20.78.169.245:0] script '/domains/markrose/install.php' not found or unable to stat
[Mon Mar 02 01:06:08.572540 2026] [php:error] [pid 52414] [client 4.193.248.52:0] script '/domains/tmandel/wp.php' not found or unable to stat
[Mon Mar 02 01:06:08.737460 2026] [php:error] [pid 52394] [client 20.78.169.245:0] script '/domains/markrose/wp-contentt.php' not found or unable to stat
[Mon Mar 02 01:06:08.800713 2026] [php:error] [pid 52414] [client 4.193.248.52:0] script '/domains/tmandel/x.php' not found or unable to stat
[Mon Mar 02 01:06:09.090256 2026] [php:error] [pid 52394] [client 20.78.169.245:0] script '/domains/markrose/config.php' not found or unable to stat
[Mon Mar 02 01:06:09.303196 2026] [php:error] [pid 52394] [client 20.78.169.245:0] script '/domains/markrose/theme.php' not found or unable to stat
[Mon Mar 02 01:06:09.546592 2026] [php:error] [pid 52394] [client 20.78.169.245:0] script '/domains/markrose/block-bindings.php' not found or unable to stat
[Mon Mar 02 01:06:09.715931 2026] [php:error] [pid 52394] [client 20.78.169.245:0] script '/domains/markrose/class_api.php' not found or unable to stat
[Mon Mar 02 01:06:09.913100 2026] [php:error] [pid 52394] [client 20.78.169.245:0] script '/domains/markrose/inputs.php' not found or unable to stat
[Mon Mar 02 01:06:10.121068 2026] [php:error] [pid 52394] [client 20.78.169.245:0] script '/domains/markrose/root.php' not found or unable to stat
[Mon Mar 02 01:06:10.314245 2026] [php:error] [pid 52394] [client 20.78.169.245:0] script '/domains/markrose/menu.php' not found or unable to stat
[Mon Mar 02 01:06:10.483724 2026] [php:error] [pid 52394] [client 20.78.169.245:0] script '/domains/markrose/goods.php' not found or unable to stat
[Mon Mar 02 01:06:10.665006 2026] [php:error] [pid 52394] [client 20.78.169.245:0] script '/domains/markrose/plugin.php' not found or unable to stat
[Mon Mar 02 01:06:10.862934 2026] [php:error] [pid 52394] [client 20.78.169.245:0] script '/domains/markrose/cloud.php' not found or unable to stat
[Mon Mar 02 01:06:11.034245 2026] [php:error] [pid 52394] [client 20.78.169.245:0] script '/domains/markrose/configs.php' not found or unable to stat
[Mon Mar 02 01:06:11.241910 2026] [php:error] [pid 52394] [client 20.78.169.245:0] script '/domains/markrose/wp-configs.php' not found or unable to stat
[Mon Mar 02 01:06:11.457874 2026] [php:error] [pid 52394] [client 20.78.169.245:0] script '/domains/markrose/update.php' not found or unable to stat
[Mon Mar 02 01:06:11.626344 2026] [php:error] [pid 52394] [client 20.78.169.245:0] script '/domains/markrose/2.php' not found or unable to stat
[Mon Mar 02 01:06:11.795554 2026] [php:error] [pid 52394] [client 20.78.169.245:0] script '/domains/markrose/input.php' not found or unable to stat
[Mon Mar 02 01:06:11.965059 2026] [php:error] [pid 52394] [client 20.78.169.245:0] script '/domains/markrose/aaa.php' not found or unable to stat
[Mon Mar 02 01:06:18.613017 2026] [php:error] [pid 52415] [client 20.89.254.160:0] script '/domains/davidbacker/wp-trackback.php' not found or unable to stat
[Mon Mar 02 01:06:18.791233 2026] [php:error] [pid 52415] [client 20.89.254.160:0] script '/domains/davidbacker/about.php' not found or unable to stat
[Mon Mar 02 01:06:18.959581 2026] [php:error] [pid 52415] [client 20.89.254.160:0] script '/domains/davidbacker/file.php' not found or unable to stat
[Mon Mar 02 01:06:19.127682 2026] [php:error] [pid 52415] [client 20.89.254.160:0] script '/domains/davidbacker/wp-good.php' not found or unable to stat
[Mon Mar 02 01:06:19.313185 2026] [php:error] [pid 52415] [client 20.89.254.160:0] script '/domains/davidbacker/xmlrpc.php' not found or unable to stat
[Mon Mar 02 01:06:19.481658 2026] [php:error] [pid 52415] [client 20.89.254.160:0] script '/domains/davidbacker/goods.php' not found or unable to stat
[Mon Mar 02 01:06:19.649727 2026] [php:error] [pid 52415] [client 20.89.254.160:0] script '/domains/davidbacker/ioxi-o.php' not found or unable to stat
[Mon Mar 02 01:06:19.837516 2026] [php:error] [pid 52415] [client 20.89.254.160:0] script '/domains/davidbacker/class-t.api.php' not found or unable to stat
[Mon Mar 02 01:06:20.005760 2026] [php:error] [pid 52415] [client 20.89.254.160:0] script '/domains/davidbacker/admin.php' not found or unable to stat
[Mon Mar 02 01:06:20.174357 2026] [php:error] [pid 52415] [client 20.89.254.160:0] script '/domains/davidbacker/sf.php' not found or unable to stat
[Mon Mar 02 01:06:20.368129 2026] [php:error] [pid 52415] [client 20.89.254.160:0] script '/domains/davidbacker/rip.php' not found or unable to stat
[Mon Mar 02 01:06:20.537710 2026] [php:error] [pid 52415] [client 20.89.254.160:0] script '/domains/davidbacker/autoload_classmap.php' not found or unable to stat
[Mon Mar 02 01:06:20.707311 2026] [php:error] [pid 52415] [client 20.89.254.160:0] script '/domains/davidbacker/chosen.php' not found or unable to stat
[Mon Mar 02 01:06:20.891939 2026] [php:error] [pid 52415] [client 20.89.254.160:0] script '/domains/davidbacker/classwithtostring.php' not found or unable to stat
[Mon Mar 02 01:06:21.060439 2026] [php:error] [pid 52415] [client 20.89.254.160:0] script '/domains/davidbacker/defaults.php' not found or unable to stat
[Mon Mar 02 01:06:21.949508 2026] [php:error] [pid 52415] [client 20.89.254.160:0] script '/domains/davidbacker/info.php' not found or unable to stat
[Mon Mar 02 01:06:23.161306 2026] [php:error] [pid 52415] [client 20.89.254.160:0] script '/domains/davidbacker/adminfuns.php' not found or unable to stat
[Mon Mar 02 01:06:36.562983 2026] [php:error] [pid 52423] [client 20.151.11.236:0] script '/domains/telacomp/gfile.php' not found or unable to stat
[Mon Mar 02 01:06:36.587018 2026] [php:error] [pid 52423] [client 20.151.11.236:0] script '/domains/telacomp/dox.php' not found or unable to stat
[Mon Mar 02 01:06:36.611403 2026] [php:error] [pid 52423] [client 20.151.11.236:0] script '/domains/telacomp/qwas.php' not found or unable to stat
[Mon Mar 02 01:06:36.636016 2026] [php:error] [pid 52423] [client 20.151.11.236:0] script '/domains/telacomp/claw.php' not found or unable to stat
[Mon Mar 02 01:06:36.670928 2026] [php:error] [pid 52423] [client 20.151.11.236:0] script '/domains/telacomp/cfgy.php' not found or unable to stat
[Mon Mar 02 01:06:36.700959 2026] [php:error] [pid 52423] [client 20.151.11.236:0] script '/domains/telacomp/jbuft.php' not found or unable to stat
[Mon Mar 02 01:06:36.726974 2026] [php:error] [pid 52423] [client 20.151.11.236:0] script '/domains/telacomp/fvvff.php' not found or unable to stat
[Mon Mar 02 01:06:36.763475 2026] [php:error] [pid 52423] [client 20.151.11.236:0] script '/domains/telacomp/vaza.php' not found or unable to stat
[Mon Mar 02 01:06:36.792643 2026] [php:error] [pid 52423] [client 20.151.11.236:0] script '/domains/telacomp/a2.php' not found or unable to stat
[Mon Mar 02 01:06:36.818539 2026] [php:error] [pid 52423] [client 20.151.11.236:0] script '/domains/telacomp/sty.php' not found or unable to stat
[Mon Mar 02 01:06:36.865259 2026] [php:error] [pid 52423] [client 20.151.11.236:0] script '/domains/telacomp/xxxx.php' not found or unable to stat
[Mon Mar 02 01:06:36.891159 2026] [php:error] [pid 52423] [client 20.151.11.236:0] script '/domains/telacomp/h.php' not found or unable to stat
[Mon Mar 02 01:06:36.928616 2026] [php:error] [pid 52423] [client 20.151.11.236:0] script '/domains/telacomp/g.php' not found or unable to stat
[Mon Mar 02 01:06:36.954198 2026] [php:error] [pid 52423] [client 20.151.11.236:0] script '/domains/telacomp/pp.php' not found or unable to stat
[Mon Mar 02 01:06:36.984512 2026] [php:error] [pid 52423] [client 20.151.11.236:0] script '/domains/telacomp/sys.php' not found or unable to stat
[Mon Mar 02 01:06:37.032153 2026] [php:error] [pid 52423] [client 20.151.11.236:0] script '/domains/telacomp/txets.php' not found or unable to stat
[Mon Mar 02 01:06:37.063216 2026] [php:error] [pid 52423] [client 20.151.11.236:0] script '/domains/telacomp/tt.php' not found or unable to stat
[Mon Mar 02 01:06:37.118333 2026] [php:error] [pid 52423] [client 20.151.11.236:0] script '/domains/telacomp/wp9.php' not found or unable to stat
[Mon Mar 02 01:06:37.179534 2026] [php:error] [pid 52423] [client 20.151.11.236:0] script '/domains/telacomp/path.php' not found or unable to stat
[Mon Mar 02 01:06:37.227777 2026] [php:error] [pid 52423] [client 20.151.11.236:0] script '/domains/telacomp/wdf.php' not found or unable to stat
[Mon Mar 02 01:06:37.274864 2026] [php:error] [pid 52423] [client 20.151.11.236:0] script '/domains/telacomp/fleen.php' not found or unable to stat
[Mon Mar 02 01:06:37.302436 2026] [php:error] [pid 52423] [client 20.151.11.236:0] script '/domains/telacomp/wp-tem.php' not found or unable to stat
[Mon Mar 02 01:06:37.334105 2026] [php:error] [pid 52423] [client 20.151.11.236:0] script '/domains/telacomp/av6m.php' not found or unable to stat
[Mon Mar 02 01:06:37.374957 2026] [php:error] [pid 52423] [client 20.151.11.236:0] script '/domains/telacomp/autogooey.php' not found or unable to stat
[Mon Mar 02 01:06:37.402968 2026] [php:error] [pid 52423] [client 20.151.11.236:0] script '/domains/telacomp/btx25.php' not found or unable to stat
[Mon Mar 02 01:06:37.434957 2026] [php:error] [pid 52423] [client 20.151.11.236:0] script '/domains/telacomp/mga.php' not found or unable to stat
[Mon Mar 02 01:06:37.464354 2026] [php:error] [pid 52423] [client 20.151.11.236:0] script '/domains/telacomp/maxro.php' not found or unable to stat
[Mon Mar 02 01:06:37.492330 2026] [php:error] [pid 52423] [client 20.151.11.236:0] script '/domains/telacomp/agg.php' not found or unable to stat
[Mon Mar 02 01:06:37.520470 2026] [php:error] [pid 52423] [client 20.151.11.236:0] script '/domains/telacomp/pass4.php' not found or unable to stat
[Mon Mar 02 01:06:37.545039 2026] [php:error] [pid 52423] [client 20.151.11.236:0] script '/domains/telacomp/wsvvs.php' not found or unable to stat
[Mon Mar 02 01:06:37.599619 2026] [php:error] [pid 52423] [client 20.151.11.236:0] script '/domains/telacomp/G-In.php' not found or unable to stat
[Mon Mar 02 01:06:37.626189 2026] [php:error] [pid 52423] [client 20.151.11.236:0] script '/domains/telacomp/edit.php' not found or unable to stat
[Mon Mar 02 01:06:37.664376 2026] [php:error] [pid 52423] [client 20.151.11.236:0] script '/domains/telacomp/ioxi-o.php' not found or unable to stat
[Mon Mar 02 01:06:37.712524 2026] [php:error] [pid 52423] [client 20.151.11.236:0] script '/domains/telacomp/66.php' not found or unable to stat
[Mon Mar 02 01:06:37.761376 2026] [php:error] [pid 52423] [client 20.151.11.236:0] script '/domains/telacomp/gifclass.php' not found or unable to stat
[Mon Mar 02 01:06:37.920984 2026] [php:error] [pid 52423] [client 20.151.11.236:0] script '/domains/telacomp/sc.php' not found or unable to stat
[Mon Mar 02 01:06:37.954130 2026] [php:error] [pid 52423] [client 20.151.11.236:0] script '/domains/telacomp/xmlrpc.php' not found or unable to stat
[Mon Mar 02 01:06:38.096788 2026] [php:error] [pid 52423] [client 20.151.11.236:0] script '/domains/telacomp/ol.php' not found or unable to stat
[Mon Mar 02 01:06:38.130360 2026] [php:error] [pid 52423] [client 20.151.11.236:0] script '/domains/telacomp/f6.php' not found or unable to stat
[Mon Mar 02 01:06:38.159072 2026] [php:error] [pid 52423] [client 20.151.11.236:0] script '/domains/telacomp/inputs.php' not found or unable to stat
[Mon Mar 02 01:06:38.213820 2026] [php:error] [pid 52423] [client 20.151.11.236:0] script '/domains/telacomp/style.php' not found or unable to stat
[Mon Mar 02 01:06:38.242574 2026] [php:error] [pid 52423] [client 20.151.11.236:0] script '/domains/telacomp/bgymj.php' not found or unable to stat
[Mon Mar 02 01:06:38.266685 2026] [php:error] [pid 52423] [client 20.151.11.236:0] script '/domains/telacomp/aa.php' not found or unable to stat
[Mon Mar 02 01:06:38.299934 2026] [php:error] [pid 52423] [client 20.151.11.236:0] script '/domains/telacomp/1.php' not found or unable to stat
[Mon Mar 02 01:06:38.324131 2026] [php:error] [pid 52423] [client 20.151.11.236:0] script '/domains/telacomp/sc.php' not found or unable to stat
[Mon Mar 02 01:06:38.348970 2026] [php:error] [pid 52423] [client 20.151.11.236:0] script '/domains/telacomp/av.php' not found or unable to stat
[Mon Mar 02 01:06:38.373137 2026] [php:error] [pid 52423] [client 20.151.11.236:0] script '/domains/telacomp/file.php' not found or unable to stat
[Mon Mar 02 01:06:38.397299 2026] [php:error] [pid 52423] [client 20.151.11.236:0] script '/domains/telacomp/666.php' not found or unable to stat
[Mon Mar 02 01:06:38.421429 2026] [php:error] [pid 52423] [client 20.151.11.236:0] script '/domains/telacomp/file59.php' not found or unable to stat
[Mon Mar 02 01:06:38.446979 2026] [php:error] [pid 52423] [client 20.151.11.236:0] script '/domains/telacomp/bless.php' not found or unable to stat
[Mon Mar 02 01:06:38.477320 2026] [php:error] [pid 52423] [client 20.151.11.236:0] script '/domains/telacomp/wp9.php' not found or unable to stat
[Mon Mar 02 01:06:38.501429 2026] [php:error] [pid 52423] [client 20.151.11.236:0] script '/domains/telacomp/wp-act.php' not found or unable to stat
[Mon Mar 02 01:06:38.525573 2026] [php:error] [pid 52423] [client 20.151.11.236:0] script '/domains/telacomp/class-t.api.php' not found or unable to stat
[Mon Mar 02 01:06:38.550379 2026] [php:error] [pid 52423] [client 20.151.11.236:0] script '/domains/telacomp/xqq.php' not found or unable to stat
[Mon Mar 02 01:06:38.634571 2026] [php:error] [pid 52423] [client 20.151.11.236:0] script '/domains/telacomp/a.php' not found or unable to stat
[Mon Mar 02 01:06:38.663170 2026] [php:error] [pid 52423] [client 20.151.11.236:0] script '/domains/telacomp/06.php' not found or unable to stat
[Mon Mar 02 01:06:38.708339 2026] [php:error] [pid 52423] [client 20.151.11.236:0] script '/domains/telacomp/plss3.php' not found or unable to stat
[Mon Mar 02 01:06:38.732693 2026] [php:error] [pid 52423] [client 20.151.11.236:0] script '/domains/telacomp/aaa.php' not found or unable to stat
[Mon Mar 02 01:06:38.830340 2026] [php:error] [pid 52423] [client 20.151.11.236:0] script '/domains/telacomp/classwithtostring.php' not found or unable to stat
[Mon Mar 02 01:06:38.886461 2026] [php:error] [pid 52423] [client 20.151.11.236:0] script '/domains/telacomp/tinyfilemanager.php' not found or unable to stat
[Mon Mar 02 01:06:38.910499 2026] [php:error] [pid 52423] [client 20.151.11.236:0] script '/domains/telacomp/x.php' not found or unable to stat
[Mon Mar 02 01:06:38.937245 2026] [php:error] [pid 52423] [client 20.151.11.236:0] script '/domains/telacomp/ms.php' not found or unable to stat
[Mon Mar 02 01:06:39.005587 2026] [php:error] [pid 52423] [client 20.151.11.236:0] script '/domains/telacomp/wdf.php' not found or unable to stat
[Mon Mar 02 01:06:39.030289 2026] [php:error] [pid 52423] [client 20.151.11.236:0] script '/domains/telacomp/wp-update.php' not found or unable to stat
[Mon Mar 02 01:06:39.066543 2026] [php:error] [pid 52423] [client 20.151.11.236:0] script '/domains/telacomp/sbhu.php' not found or unable to stat
[Mon Mar 02 01:06:39.114965 2026] [php:error] [pid 52423] [client 20.151.11.236:0] script '/domains/telacomp/wp-blog.php' not found or unable to stat
[Mon Mar 02 01:06:39.161979 2026] [php:error] [pid 52423] [client 20.151.11.236:0] script '/domains/telacomp/test1.php' not found or unable to stat
[Mon Mar 02 01:06:39.248746 2026] [php:error] [pid 52423] [client 20.151.11.236:0] script '/domains/telacomp/166.php' not found or unable to stat
[Mon Mar 02 01:06:39.273623 2026] [php:error] [pid 52423] [client 20.151.11.236:0] script '/domains/telacomp/fleen.php' not found or unable to stat
[Mon Mar 02 01:06:39.322688 2026] [php:error] [pid 52423] [client 20.151.11.236:0] script '/domains/telacomp/ms-edit.php' not found or unable to stat
[Mon Mar 02 01:06:39.375649 2026] [php:error] [pid 52423] [client 20.151.11.236:0] script '/domains/telacomp/adminfuns.php' not found or unable to stat
[Mon Mar 02 01:06:39.399912 2026] [php:error] [pid 52423] [client 20.151.11.236:0] script '/domains/telacomp/goods.php' not found or unable to stat
[Mon Mar 02 01:06:39.423735 2026] [php:error] [pid 52423] [client 20.151.11.236:0] script '/domains/telacomp/ms-edit.php' not found or unable to stat
[Mon Mar 02 01:06:39.448198 2026] [php:error] [pid 52423] [client 20.151.11.236:0] script '/domains/telacomp/222.php' not found or unable to stat
[Mon Mar 02 01:06:39.490136 2026] [php:error] [pid 52423] [client 20.151.11.236:0] script '/domains/telacomp/plugins.php' not found or unable to stat
[Mon Mar 02 01:06:39.582384 2026] [php:error] [pid 52423] [client 20.151.11.236:0] script '/domains/telacomp/ff1.php' not found or unable to stat
[Mon Mar 02 01:06:39.607230 2026] [php:error] [pid 52423] [client 20.151.11.236:0] script '/domains/telacomp/fff.php' not found or unable to stat
[Mon Mar 02 01:06:39.665632 2026] [php:error] [pid 52423] [client 20.151.11.236:0] script '/domains/telacomp/goat.php' not found or unable to stat
[Mon Mar 02 01:06:39.696909 2026] [php:error] [pid 52423] [client 20.151.11.236:0] script '/domains/telacomp/155.php' not found or unable to stat
[Mon Mar 02 01:06:39.721126 2026] [php:error] [pid 52423] [client 20.151.11.236:0] script '/domains/telacomp/we.php' not found or unable to stat
[Mon Mar 02 01:06:39.746437 2026] [php:error] [pid 52423] [client 20.151.11.236:0] script '/domains/telacomp/alpha.php' not found or unable to stat
[Mon Mar 02 01:06:39.771221 2026] [php:error] [pid 52423] [client 20.151.11.236:0] script '/domains/telacomp/makeasmtp.php' not found or unable to stat
[Mon Mar 02 01:06:39.795268 2026] [php:error] [pid 52423] [client 20.151.11.236:0] script '/domains/telacomp/wp-michan.php' not found or unable to stat
[Mon Mar 02 01:06:39.896438 2026] [php:error] [pid 52423] [client 20.151.11.236:0] script '/domains/telacomp/wp-the.php' not found or unable to stat
[Mon Mar 02 01:06:40.013823 2026] [php:error] [pid 52424] [client 20.151.11.236:0] script '/domains/telacomp/BDKR28WP.php' not found or unable to stat
[Mon Mar 02 01:06:40.084735 2026] [php:error] [pid 52424] [client 20.151.11.236:0] script '/domains/telacomp/wp.php' not found or unable to stat
[Mon Mar 02 01:06:40.137794 2026] [php:error] [pid 52424] [client 20.151.11.236:0] script '/domains/telacomp/w4.php' not found or unable to stat
[Mon Mar 02 01:06:40.190982 2026] [php:error] [pid 52424] [client 20.151.11.236:0] script '/domains/telacomp/ok.php' not found or unable to stat
[Mon Mar 02 01:06:40.217992 2026] [php:error] [pid 52424] [client 20.151.11.236:0] script '/domains/telacomp/about.php' not found or unable to stat
[Mon Mar 02 01:06:40.247955 2026] [php:error] [pid 52424] [client 20.151.11.236:0] script '/domains/telacomp/tymn.php' not found or unable to stat
[Mon Mar 02 01:06:40.273211 2026] [php:error] [pid 52424] [client 20.151.11.236:0] script '/domains/telacomp/bak.php' not found or unable to stat
[Mon Mar 02 01:06:40.401064 2026] [php:error] [pid 52424] [client 20.151.11.236:0] script '/domains/telacomp/fe5.php' not found or unable to stat
[Mon Mar 02 01:06:40.426270 2026] [php:error] [pid 52424] [client 20.151.11.236:0] script '/domains/telacomp/kj.php' not found or unable to stat
[Mon Mar 02 01:06:40.531277 2026] [php:error] [pid 52424] [client 20.151.11.236:0] script '/domains/telacomp/av.php' not found or unable to stat
[Mon Mar 02 01:06:40.599802 2026] [php:error] [pid 52424] [client 20.151.11.236:0] script '/domains/telacomp/abcd.php' not found or unable to stat
[Mon Mar 02 01:06:40.624068 2026] [php:error] [pid 52424] [client 20.151.11.236:0] script '/domains/telacomp/init.php' not found or unable to stat
[Mon Mar 02 01:06:40.648055 2026] [php:error] [pid 52424] [client 20.151.11.236:0] script '/domains/telacomp/fi.php' not found or unable to stat
[Mon Mar 02 01:06:40.687958 2026] [php:error] [pid 52424] [client 20.151.11.236:0] script '/domains/telacomp/a1.php' not found or unable to stat
[Mon Mar 02 01:06:40.760021 2026] [php:error] [pid 52424] [client 20.151.11.236:0] script '/domains/telacomp/f35.php' not found or unable to stat
[Mon Mar 02 01:06:40.786753 2026] [php:error] [pid 52424] [client 20.151.11.236:0] script '/domains/telacomp/hi.php' not found or unable to stat
[Mon Mar 02 01:06:40.811019 2026] [php:error] [pid 52424] [client 20.151.11.236:0] script '/domains/telacomp/lala.php' not found or unable to stat
[Mon Mar 02 01:06:40.859558 2026] [php:error] [pid 52424] [client 20.151.11.236:0] script '/domains/telacomp/lb.php' not found or unable to stat
[Mon Mar 02 01:06:40.914267 2026] [php:error] [pid 52424] [client 20.151.11.236:0] script '/domains/telacomp/0.php' not found or unable to stat
[Mon Mar 02 01:06:40.961886 2026] [php:error] [pid 52424] [client 20.151.11.236:0] script '/domains/telacomp/core.php' not found or unable to stat
[Mon Mar 02 01:06:40.985828 2026] [php:error] [pid 52424] [client 20.151.11.236:0] script '/domains/telacomp/autogooey.php' not found or unable to stat
[Mon Mar 02 01:06:41.068192 2026] [php:error] [pid 52424] [client 20.151.11.236:0] script '/domains/telacomp/prv8.php' not found or unable to stat
[Mon Mar 02 01:06:41.092640 2026] [php:error] [pid 52424] [client 20.151.11.236:0] script '/domains/telacomp/k.php' not found or unable to stat
[Mon Mar 02 01:06:41.117006 2026] [php:error] [pid 52424] [client 20.151.11.236:0] script '/domains/telacomp/dev.php' not found or unable to stat
[Mon Mar 02 01:06:41.144838 2026] [php:error] [pid 52424] [client 20.151.11.236:0] script '/domains/telacomp/x123x.php' not found or unable to stat
[Mon Mar 02 01:06:41.184573 2026] [php:error] [pid 52424] [client 20.151.11.236:0] script '/domains/telacomp/bal.php' not found or unable to stat
[Mon Mar 02 01:06:41.208992 2026] [php:error] [pid 52424] [client 20.151.11.236:0] script '/domains/telacomp/in.php' not found or unable to stat
[Mon Mar 02 01:06:41.234573 2026] [php:error] [pid 52424] [client 20.151.11.236:0] script '/domains/telacomp/gssdd.php' not found or unable to stat
[Mon Mar 02 01:06:41.272362 2026] [php:error] [pid 52424] [client 20.151.11.236:0] script '/domains/telacomp/motu.php' not found or unable to stat
[Mon Mar 02 01:06:41.298732 2026] [php:error] [pid 52424] [client 20.151.11.236:0] script '/domains/telacomp/bs1.php' not found or unable to stat
[Mon Mar 02 01:06:41.322760 2026] [php:error] [pid 52424] [client 20.151.11.236:0] script '/domains/telacomp/bengi.php' not found or unable to stat
[Mon Mar 02 01:06:41.366584 2026] [php:error] [pid 52424] [client 20.151.11.236:0] script '/domains/telacomp/log.php' not found or unable to stat
[Mon Mar 02 01:06:41.391886 2026] [php:error] [pid 52424] [client 20.151.11.236:0] script '/domains/telacomp/miansha.php' not found or unable to stat
[Mon Mar 02 01:06:41.416092 2026] [php:error] [pid 52424] [client 20.151.11.236:0] script '/domains/telacomp/erty.php' not found or unable to stat
[Mon Mar 02 01:06:41.464745 2026] [php:error] [pid 52424] [client 20.151.11.236:0] script '/domains/telacomp/X57.php' not found or unable to stat
[Mon Mar 02 01:06:41.488901 2026] [php:error] [pid 52424] [client 20.151.11.236:0] script '/domains/telacomp/axx.php' not found or unable to stat
[Mon Mar 02 01:06:41.517946 2026] [php:error] [pid 52424] [client 20.151.11.236:0] script '/domains/telacomp/alfashell.php' not found or unable to stat
[Mon Mar 02 01:06:41.542042 2026] [php:error] [pid 52424] [client 20.151.11.236:0] script '/domains/telacomp/myfile.php' not found or unable to stat
[Mon Mar 02 01:06:41.583361 2026] [php:error] [pid 52424] [client 20.151.11.236:0] script '/domains/telacomp/re.php' not found or unable to stat
[Mon Mar 02 01:06:41.612193 2026] [php:error] [pid 52424] [client 20.151.11.236:0] script '/domains/telacomp/styll.php' not found or unable to stat
[Mon Mar 02 01:06:41.636430 2026] [php:error] [pid 52424] [client 20.151.11.236:0] script '/domains/telacomp/flower.php' not found or unable to stat
[Mon Mar 02 01:06:41.660745 2026] [php:error] [pid 52424] [client 20.151.11.236:0] script '/domains/telacomp/flower2.php' not found or unable to stat
[Mon Mar 02 01:06:41.684865 2026] [php:error] [pid 52424] [client 20.151.11.236:0] script '/domains/telacomp/4h.php' not found or unable to stat
[Mon Mar 02 01:06:41.720111 2026] [php:error] [pid 52424] [client 20.151.11.236:0] script '/domains/telacomp/gettest.php' not found or unable to stat
[Mon Mar 02 01:06:41.746266 2026] [php:error] [pid 52424] [client 20.151.11.236:0] script '/domains/telacomp/acp.php' not found or unable to stat
[Mon Mar 02 01:06:41.785529 2026] [php:error] [pid 52424] [client 20.151.11.236:0] script '/domains/telacomp/database.php' not found or unable to stat
[Mon Mar 02 01:07:14.953674 2026] [php:error] [pid 52432] [client 20.63.41.168:0] script '/domains/egmaweb/trx24.php' not found or unable to stat
[Mon Mar 02 01:07:15.259755 2026] [php:error] [pid 52432] [client 20.63.41.168:0] script '/domains/egmaweb/cah.php' not found or unable to stat
[Mon Mar 02 01:07:15.326180 2026] [php:error] [pid 52432] [client 20.63.41.168:0] script '/domains/egmaweb/acp.php' not found or unable to stat
[Mon Mar 02 01:07:15.361327 2026] [php:error] [pid 52432] [client 20.63.41.168:0] script '/domains/egmaweb/muzu.php' not found or unable to stat
[Mon Mar 02 01:07:15.389874 2026] [php:error] [pid 52432] [client 20.63.41.168:0] script '/domains/egmaweb/wpo.php' not found or unable to stat
[Mon Mar 02 01:07:15.414160 2026] [php:error] [pid 52432] [client 20.63.41.168:0] script '/domains/egmaweb/x123x.php' not found or unable to stat
[Mon Mar 02 01:07:15.438862 2026] [php:error] [pid 52432] [client 20.63.41.168:0] script '/domains/egmaweb/aq.php' not found or unable to stat
[Mon Mar 02 01:07:15.463071 2026] [php:error] [pid 52432] [client 20.63.41.168:0] script '/domains/egmaweb/011i.php' not found or unable to stat
[Mon Mar 02 01:07:15.486914 2026] [php:error] [pid 52432] [client 20.63.41.168:0] script '/domains/egmaweb/edit-tags.php' not found or unable to stat
[Mon Mar 02 01:07:15.521947 2026] [php:error] [pid 52432] [client 20.63.41.168:0] script '/domains/egmaweb/as1337.php' not found or unable to stat
[Mon Mar 02 01:07:15.546045 2026] [php:error] [pid 52432] [client 20.63.41.168:0] script '/domains/egmaweb/Okxob.php' not found or unable to stat
[Mon Mar 02 01:07:15.575997 2026] [php:error] [pid 52432] [client 20.63.41.168:0] script '/domains/egmaweb/wolf-shell.php' not found or unable to stat
[Mon Mar 02 01:07:15.610529 2026] [php:error] [pid 52432] [client 20.63.41.168:0] script '/domains/egmaweb/core.php' not found or unable to stat
[Mon Mar 02 01:07:15.639288 2026] [php:error] [pid 52432] [client 20.63.41.168:0] script '/domains/egmaweb/zeal.php' not found or unable to stat
[Mon Mar 02 01:07:15.722858 2026] [php:error] [pid 52432] [client 20.63.41.168:0] script '/domains/egmaweb/asf.php' not found or unable to stat
[Mon Mar 02 01:07:15.752174 2026] [php:error] [pid 52432] [client 20.63.41.168:0] script '/domains/egmaweb/sa.php' not found or unable to stat
[Mon Mar 02 01:07:32.258674 2026] [php:error] [pid 52441] [client 101.42.151.202:0] script '/domains/brenties/ygrf.php' not found or unable to stat, referer: http://audiotubes.com/ygrf.php?id=fake-id-footloose-instrumental-8l7u2u2im8.pdf
[Mon Mar 02 01:07:45.779774 2026] [php:error] [pid 52424] [client 193.202.83.55:0] script '/domains/mjbradley/xmlrpc.php' not found or unable to stat
[Mon Mar 02 01:07:46.342258 2026] [php:error] [pid 52436] [client 193.202.83.55:0] script '/domains/mjbradley/xmlrpc.php' not found or unable to stat
[Mon Mar 02 01:07:46.910823 2026] [php:error] [pid 52426] [client 193.202.83.55:0] script '/domains/mjbradley/xmlrpc.php' not found or unable to stat
[Mon Mar 02 01:07:47.601676 2026] [php:error] [pid 52442] [client 88.218.47.188:0] script '/domains/mjbradley/wp-login.php' not found or unable to stat
[Mon Mar 02 01:08:13.537582 2026] [php:error] [pid 52448] [client 114.198.138.124:0] script '/domains/magicjim/xmlrpc.php' not found or unable to stat
[Mon Mar 02 01:08:27.961388 2026] [php:error] [pid 52439] [client 20.104.206.150:0] script '/domains/system_suspended/signon.php' not found or unable to stat
[Mon Mar 02 01:08:27.985395 2026] [php:error] [pid 52439] [client 20.104.206.150:0] script '/domains/system_suspended/t00l.php' not found or unable to stat
[Mon Mar 02 01:08:28.009431 2026] [php:error] [pid 52439] [client 20.104.206.150:0] script '/domains/system_suspended/function.php' not found or unable to stat
[Mon Mar 02 01:08:28.035110 2026] [php:error] [pid 52439] [client 20.104.206.150:0] script '/domains/system_suspended/cjfuns.php' not found or unable to stat
[Mon Mar 02 01:08:28.059454 2026] [php:error] [pid 52439] [client 20.104.206.150:0] script '/domains/system_suspended/new.php' not found or unable to stat
[Mon Mar 02 01:08:28.083389 2026] [php:error] [pid 52439] [client 20.104.206.150:0] script '/domains/system_suspended/wp-xmlmp.php' not found or unable to stat
[Mon Mar 02 01:08:28.108244 2026] [php:error] [pid 52439] [client 20.104.206.150:0] script '/domains/system_suspended/wp-config-sample.php' not found or unable to stat
[Mon Mar 02 01:08:28.132243 2026] [php:error] [pid 52439] [client 20.104.206.150:0] script '/domains/system_suspended/wp-configssss.php' not found or unable to stat
[Mon Mar 02 01:08:28.156193 2026] [php:error] [pid 52439] [client 20.104.206.150:0] script '/domains/system_suspended/wp-configss1.php' not found or unable to stat
[Mon Mar 02 01:08:28.180515 2026] [php:error] [pid 52439] [client 20.104.206.150:0] script '/domains/system_suspended/ngif.php' not found or unable to stat
[Mon Mar 02 01:08:28.204497 2026] [php:error] [pid 52439] [client 20.104.206.150:0] script '/domains/system_suspended/wp-configss.php' not found or unable to stat
[Mon Mar 02 01:08:28.229625 2026] [php:error] [pid 52439] [client 20.104.206.150:0] script '/domains/system_suspended/yanz.php' not found or unable to stat
[Mon Mar 02 01:08:28.278351 2026] [php:error] [pid 52439] [client 20.104.206.150:0] script '/domains/system_suspended/defaults.php' not found or unable to stat
[Mon Mar 02 01:08:28.302609 2026] [php:error] [pid 52439] [client 20.104.206.150:0] script '/domains/system_suspended/im.php' not found or unable to stat
[Mon Mar 02 01:08:28.327509 2026] [php:error] [pid 52439] [client 20.104.206.150:0] script '/domains/system_suspended/wp-comments-post.php' not found or unable to stat
[Mon Mar 02 01:08:28.352249 2026] [php:error] [pid 52439] [client 20.104.206.150:0] script '/domains/system_suspended/cache-compat.php' not found or unable to stat
[Mon Mar 02 01:08:28.376635 2026] [php:error] [pid 52439] [client 20.104.206.150:0] script '/domains/system_suspended/fw.php' not found or unable to stat
[Mon Mar 02 01:08:28.400776 2026] [php:error] [pid 52439] [client 20.104.206.150:0] script '/domains/system_suspended/berlin.php' not found or unable to stat
[Mon Mar 02 01:08:28.425350 2026] [php:error] [pid 52439] [client 20.104.206.150:0] script '/domains/system_suspended/abe.php' not found or unable to stat
[Mon Mar 02 01:08:28.449408 2026] [php:error] [pid 52439] [client 20.104.206.150:0] script '/domains/system_suspended/otuz1.php' not found or unable to stat
[Mon Mar 02 01:08:28.473509 2026] [php:error] [pid 52439] [client 20.104.206.150:0] script '/domains/system_suspended/wp-files.php' not found or unable to stat
[Mon Mar 02 01:08:28.497512 2026] [php:error] [pid 52439] [client 20.104.206.150:0] script '/domains/system_suspended/aj.php' not found or unable to stat
[Mon Mar 02 01:08:28.521738 2026] [php:error] [pid 52439] [client 20.104.206.150:0] script '/domains/system_suspended/he.php' not found or unable to stat
[Mon Mar 02 01:08:28.546672 2026] [php:error] [pid 52439] [client 20.104.206.150:0] script '/domains/system_suspended/cache.php' not found or unable to stat
[Mon Mar 02 01:08:28.570694 2026] [php:error] [pid 52439] [client 20.104.206.150:0] script '/domains/system_suspended/tiny.php' not found or unable to stat
[Mon Mar 02 01:08:28.594636 2026] [php:error] [pid 52439] [client 20.104.206.150:0] script '/domains/system_suspended/wp-load.php' not found or unable to stat
[Mon Mar 02 01:08:28.618665 2026] [php:error] [pid 52439] [client 20.104.206.150:0] script '/domains/system_suspended/blog.php' not found or unable to stat
[Mon Mar 02 01:08:28.667146 2026] [php:error] [pid 52439] [client 20.104.206.150:0] script '/domains/system_suspended/lufix.php' not found or unable to stat
[Mon Mar 02 01:08:28.691102 2026] [php:error] [pid 52439] [client 20.104.206.150:0] script '/domains/system_suspended/ajax-actions.php' not found or unable to stat
[Mon Mar 02 01:08:28.739097 2026] [php:error] [pid 52439] [client 20.104.206.150:0] script '/domains/system_suspended/cc.php' not found or unable to stat
[Mon Mar 02 01:08:28.763043 2026] [php:error] [pid 52439] [client 20.104.206.150:0] script '/domains/system_suspended/bypass.php' not found or unable to stat
[Mon Mar 02 01:08:28.792036 2026] [php:error] [pid 52439] [client 20.104.206.150:0] script '/domains/system_suspended/browse.php' not found or unable to stat
[Mon Mar 02 01:08:28.815952 2026] [php:error] [pid 52439] [client 20.104.206.150:0] script '/domains/system_suspended/license.php' not found or unable to stat
[Mon Mar 02 01:08:28.839802 2026] [php:error] [pid 52439] [client 20.104.206.150:0] script '/domains/system_suspended/contact.php' not found or unable to stat
[Mon Mar 02 01:08:28.863641 2026] [php:error] [pid 52439] [client 20.104.206.150:0] script '/domains/system_suspended/minik.php' not found or unable to stat
[Mon Mar 02 01:08:28.888247 2026] [php:error] [pid 52439] [client 20.104.206.150:0] script '/domains/system_suspended/st.php' not found or unable to stat
[Mon Mar 02 01:08:28.912919 2026] [php:error] [pid 52439] [client 20.104.206.150:0] script '/domains/system_suspended/upgrade.php' not found or unable to stat
[Mon Mar 02 01:08:31.633214 2026] [php:error] [pid 52451] [client 20.214.137.177:0] script '/domains/sjsachs/wp-trackback.php' not found or unable to stat
[Mon Mar 02 01:08:31.817330 2026] [php:error] [pid 52451] [client 20.214.137.177:0] script '/domains/sjsachs/about.php' not found or unable to stat
