[Mon Mar 02 01:24:04.932628 2026] [php:error] [pid 52666] [client 20.203.176.192:0] script '/domains/frog.interport1/tinyfilemanager.php' not found or unable to stat
[Mon Mar 02 01:24:05.025971 2026] [php:error] [pid 52666] [client 20.203.176.192:0] script '/domains/frog.interport1/x.php' not found or unable to stat
[Mon Mar 02 01:24:05.119274 2026] [php:error] [pid 52666] [client 20.203.176.192:0] script '/domains/frog.interport1/ms.php' not found or unable to stat
[Mon Mar 02 01:24:05.310423 2026] [php:error] [pid 52666] [client 20.203.176.192:0] script '/domains/frog.interport1/wdf.php' not found or unable to stat
[Mon Mar 02 01:24:05.404238 2026] [php:error] [pid 52666] [client 20.203.176.192:0] script '/domains/frog.interport1/wp-update.php' not found or unable to stat
[Mon Mar 02 01:24:05.497896 2026] [php:error] [pid 52666] [client 20.203.176.192:0] script '/domains/frog.interport1/sbhu.php' not found or unable to stat
[Mon Mar 02 01:24:05.685445 2026] [php:error] [pid 52666] [client 20.203.176.192:0] script '/domains/frog.interport1/wp-blog.php' not found or unable to stat
[Mon Mar 02 01:24:05.778779 2026] [php:error] [pid 52666] [client 20.203.176.192:0] script '/domains/frog.interport1/test1.php' not found or unable to stat
[Mon Mar 02 01:24:05.955089 2026] [php:error] [pid 52670] [client 20.78.169.245:0] script '/domains/hans.interport/user.php' not found or unable to stat
[Mon Mar 02 01:24:05.977754 2026] [php:error] [pid 52666] [client 20.203.176.192:0] script '/domains/frog.interport1/166.php' not found or unable to stat
[Mon Mar 02 01:24:06.070816 2026] [php:error] [pid 52666] [client 20.203.176.192:0] script '/domains/frog.interport1/fleen.php' not found or unable to stat
[Mon Mar 02 01:24:06.163036 2026] [php:error] [pid 52670] [client 20.78.169.245:0] script '/domains/hans.interport/wp-2019.php' not found or unable to stat
[Mon Mar 02 01:24:06.257570 2026] [php:error] [pid 52666] [client 20.203.176.192:0] script '/domains/frog.interport1/ms-edit.php' not found or unable to stat
[Mon Mar 02 01:24:06.350820 2026] [php:error] [pid 52666] [client 20.203.176.192:0] script '/domains/frog.interport1/adminfuns.php' not found or unable to stat
[Mon Mar 02 01:24:06.392168 2026] [php:error] [pid 52670] [client 20.78.169.245:0] script '/domains/hans.interport/chosen.php' not found or unable to stat
[Mon Mar 02 01:24:06.443984 2026] [php:error] [pid 52666] [client 20.203.176.192:0] script '/domains/frog.interport1/goods.php' not found or unable to stat
[Mon Mar 02 01:24:06.536901 2026] [php:error] [pid 52666] [client 20.203.176.192:0] script '/domains/frog.interport1/ms-edit.php' not found or unable to stat
[Mon Mar 02 01:24:06.560067 2026] [php:error] [pid 52670] [client 20.78.169.245:0] script '/domains/hans.interport/functions.php' not found or unable to stat
[Mon Mar 02 01:24:06.630113 2026] [php:error] [pid 52666] [client 20.203.176.192:0] script '/domains/frog.interport1/222.php' not found or unable to stat
[Mon Mar 02 01:24:06.723354 2026] [php:error] [pid 52666] [client 20.203.176.192:0] script '/domains/frog.interport1/plugins.php' not found or unable to stat
[Mon Mar 02 01:24:06.728043 2026] [php:error] [pid 52670] [client 20.78.169.245:0] script '/domains/hans.interport/cron.php' not found or unable to stat
[Mon Mar 02 01:24:06.896641 2026] [php:error] [pid 52670] [client 20.78.169.245:0] script '/domains/hans.interport/edit.php' not found or unable to stat
[Mon Mar 02 01:24:07.004868 2026] [php:error] [pid 52666] [client 20.203.176.192:0] script '/domains/frog.interport1/ff1.php' not found or unable to stat
[Mon Mar 02 01:24:07.098206 2026] [php:error] [pid 52666] [client 20.203.176.192:0] script '/domains/frog.interport1/fff.php' not found or unable to stat
[Mon Mar 02 01:24:07.103360 2026] [php:error] [pid 52670] [client 20.78.169.245:0] script '/domains/hans.interport/gecko-new.php' not found or unable to stat
[Mon Mar 02 01:24:07.271139 2026] [php:error] [pid 52670] [client 20.78.169.245:0] script '/domains/hans.interport/cookie.php' not found or unable to stat
[Mon Mar 02 01:24:07.284429 2026] [php:error] [pid 52666] [client 20.203.176.192:0] script '/domains/frog.interport1/goat.php' not found or unable to stat
[Mon Mar 02 01:24:07.377705 2026] [php:error] [pid 52666] [client 20.203.176.192:0] script '/domains/frog.interport1/155.php' not found or unable to stat
[Mon Mar 02 01:24:07.473864 2026] [php:error] [pid 52666] [client 20.203.176.192:0] script '/domains/frog.interport1/we.php' not found or unable to stat
[Mon Mar 02 01:24:07.476424 2026] [php:error] [pid 52670] [client 20.78.169.245:0] script '/domains/hans.interport/xleet.php' not found or unable to stat
[Mon Mar 02 01:24:07.567940 2026] [php:error] [pid 52666] [client 20.203.176.192:0] script '/domains/frog.interport1/alpha.php' not found or unable to stat
[Mon Mar 02 01:24:07.661186 2026] [php:error] [pid 52666] [client 20.203.176.192:0] script '/domains/frog.interport1/makeasmtp.php' not found or unable to stat
[Mon Mar 02 01:24:07.673424 2026] [php:error] [pid 52670] [client 20.78.169.245:0] script '/domains/hans.interport/spip.php' not found or unable to stat
[Mon Mar 02 01:24:07.754459 2026] [php:error] [pid 52666] [client 20.203.176.192:0] script '/domains/frog.interport1/wp-michan.php' not found or unable to stat
[Mon Mar 02 01:24:07.841274 2026] [php:error] [pid 52670] [client 20.78.169.245:0] script '/domains/hans.interport/22.php' not found or unable to stat
[Mon Mar 02 01:24:07.942316 2026] [php:error] [pid 52666] [client 20.203.176.192:0] script '/domains/frog.interport1/wp-the.php' not found or unable to stat
[Mon Mar 02 01:24:08.009083 2026] [php:error] [pid 52670] [client 20.78.169.245:0] script '/domains/hans.interport/room.php' not found or unable to stat
[Mon Mar 02 01:24:08.177140 2026] [php:error] [pid 52670] [client 20.78.169.245:0] script '/domains/hans.interport/disagreed.php' not found or unable to stat
[Mon Mar 02 01:24:08.232353 2026] [php:error] [pid 52655] [client 20.203.176.192:0] script '/domains/frog.interport1/BDKR28WP.php' not found or unable to stat
[Mon Mar 02 01:24:08.393861 2026] [php:error] [pid 52670] [client 20.78.169.245:0] script '/domains/hans.interport/text.php' not found or unable to stat
[Mon Mar 02 01:24:08.421816 2026] [php:error] [pid 52655] [client 20.203.176.192:0] script '/domains/frog.interport1/wp.php' not found or unable to stat
[Mon Mar 02 01:24:08.597895 2026] [php:error] [pid 52670] [client 20.78.169.245:0] script '/domains/hans.interport/alfa-rex.php' not found or unable to stat
[Mon Mar 02 01:24:08.613126 2026] [php:error] [pid 52655] [client 20.203.176.192:0] script '/domains/frog.interport1/w4.php' not found or unable to stat
[Mon Mar 02 01:24:08.803092 2026] [php:error] [pid 52655] [client 20.203.176.192:0] script '/domains/frog.interport1/ok.php' not found or unable to stat
[Mon Mar 02 01:24:08.897700 2026] [php:error] [pid 52655] [client 20.203.176.192:0] script '/domains/frog.interport1/about.php' not found or unable to stat
[Mon Mar 02 01:24:08.992634 2026] [php:error] [pid 52655] [client 20.203.176.192:0] script '/domains/frog.interport1/tymn.php' not found or unable to stat
[Mon Mar 02 01:24:09.021311 2026] [php:error] [pid 52670] [client 20.78.169.245:0] script '/domains/hans.interport/feeds.php' not found or unable to stat
[Mon Mar 02 01:24:09.089253 2026] [php:error] [pid 52655] [client 20.203.176.192:0] script '/domains/frog.interport1/bak.php' not found or unable to stat
[Mon Mar 02 01:24:09.190090 2026] [php:error] [pid 52670] [client 20.78.169.245:0] script '/domains/hans.interport/radio.php' not found or unable to stat
[Mon Mar 02 01:24:09.305961 2026] [php:error] [pid 52655] [client 20.203.176.192:0] script '/domains/frog.interport1/fe5.php' not found or unable to stat
[Mon Mar 02 01:24:09.357694 2026] [php:error] [pid 52670] [client 20.78.169.245:0] script '/domains/hans.interport/dropdown.php' not found or unable to stat
[Mon Mar 02 01:24:09.400667 2026] [php:error] [pid 52655] [client 20.203.176.192:0] script '/domains/frog.interport1/kj.php' not found or unable to stat
[Mon Mar 02 01:24:09.525393 2026] [php:error] [pid 52670] [client 20.78.169.245:0] script '/domains/hans.interport/defaults.php' not found or unable to stat
[Mon Mar 02 01:24:09.589652 2026] [php:error] [pid 52655] [client 20.203.176.192:0] script '/domains/frog.interport1/av.php' not found or unable to stat
[Mon Mar 02 01:24:09.685695 2026] [php:error] [pid 52655] [client 20.203.176.192:0] script '/domains/frog.interport1/abcd.php' not found or unable to stat
[Mon Mar 02 01:24:09.720954 2026] [php:error] [pid 52670] [client 20.78.169.245:0] script '/domains/hans.interport/system.php' not found or unable to stat
[Mon Mar 02 01:24:09.780755 2026] [php:error] [pid 52655] [client 20.203.176.192:0] script '/domains/frog.interport1/init.php' not found or unable to stat
[Mon Mar 02 01:24:09.876405 2026] [php:error] [pid 52655] [client 20.203.176.192:0] script '/domains/frog.interport1/fi.php' not found or unable to stat
[Mon Mar 02 01:24:09.919568 2026] [php:error] [pid 52670] [client 20.78.169.245:0] script '/domains/hans.interport/xmlrpc.php' not found or unable to stat
[Mon Mar 02 01:24:09.971847 2026] [php:error] [pid 52655] [client 20.203.176.192:0] script '/domains/frog.interport1/a1.php' not found or unable to stat
[Mon Mar 02 01:24:10.257804 2026] [php:error] [pid 52655] [client 20.203.176.192:0] script '/domains/frog.interport1/f35.php' not found or unable to stat
[Mon Mar 02 01:24:10.286578 2026] [php:error] [pid 52670] [client 20.78.169.245:0] script '/domains/hans.interport/colors.php' not found or unable to stat
[Mon Mar 02 01:24:10.353758 2026] [php:error] [pid 52655] [client 20.203.176.192:0] script '/domains/frog.interport1/hi.php' not found or unable to stat
[Mon Mar 02 01:24:10.448435 2026] [php:error] [pid 52655] [client 20.203.176.192:0] script '/domains/frog.interport1/lala.php' not found or unable to stat
[Mon Mar 02 01:24:10.469822 2026] [php:error] [pid 52670] [client 20.78.169.245:0] script '/domains/hans.interport/updates.php' not found or unable to stat
[Mon Mar 02 01:24:10.543993 2026] [php:error] [pid 52655] [client 20.203.176.192:0] script '/domains/frog.interport1/lb.php' not found or unable to stat
[Mon Mar 02 01:24:10.640209 2026] [php:error] [pid 52670] [client 20.78.169.245:0] script '/domains/hans.interport/alfa-rex1.php' not found or unable to stat
[Mon Mar 02 01:24:10.734109 2026] [php:error] [pid 52655] [client 20.203.176.192:0] script '/domains/frog.interport1/0.php' not found or unable to stat
[Mon Mar 02 01:24:10.830146 2026] [php:error] [pid 52655] [client 20.203.176.192:0] script '/domains/frog.interport1/core.php' not found or unable to stat
[Mon Mar 02 01:24:10.836851 2026] [php:error] [pid 52670] [client 20.78.169.245:0] script '/domains/hans.interport/wp-index.php' not found or unable to stat
[Mon Mar 02 01:24:10.924767 2026] [php:error] [pid 52655] [client 20.203.176.192:0] script '/domains/frog.interport1/autogooey.php' not found or unable to stat
[Mon Mar 02 01:24:11.043218 2026] [php:error] [pid 52670] [client 20.78.169.245:0] script '/domains/hans.interport/wp-admin.php' not found or unable to stat
[Mon Mar 02 01:24:11.114083 2026] [php:error] [pid 52655] [client 20.203.176.192:0] script '/domains/frog.interport1/prv8.php' not found or unable to stat
[Mon Mar 02 01:24:11.209027 2026] [php:error] [pid 52655] [client 20.203.176.192:0] script '/domains/frog.interport1/k.php' not found or unable to stat
[Mon Mar 02 01:24:11.219479 2026] [php:error] [pid 52670] [client 20.78.169.245:0] script '/domains/hans.interport/alfa.php' not found or unable to stat
[Mon Mar 02 01:24:11.303809 2026] [php:error] [pid 52655] [client 20.203.176.192:0] script '/domains/frog.interport1/dev.php' not found or unable to stat
[Mon Mar 02 01:24:11.398562 2026] [php:error] [pid 52655] [client 20.203.176.192:0] script '/domains/frog.interport1/x123x.php' not found or unable to stat
[Mon Mar 02 01:24:11.493405 2026] [php:error] [pid 52655] [client 20.203.176.192:0] script '/domains/frog.interport1/bal.php' not found or unable to stat
[Mon Mar 02 01:24:11.559066 2026] [php:error] [pid 52670] [client 20.78.169.245:0] script '/domains/hans.interport/locale.php' not found or unable to stat
[Mon Mar 02 01:24:11.588472 2026] [php:error] [pid 52655] [client 20.203.176.192:0] script '/domains/frog.interport1/in.php' not found or unable to stat
[Mon Mar 02 01:24:11.683484 2026] [php:error] [pid 52655] [client 20.203.176.192:0] script '/domains/frog.interport1/gssdd.php' not found or unable to stat
[Mon Mar 02 01:24:11.778478 2026] [php:error] [pid 52655] [client 20.203.176.192:0] script '/domains/frog.interport1/motu.php' not found or unable to stat
[Mon Mar 02 01:24:11.789648 2026] [php:error] [pid 52670] [client 20.78.169.245:0] script '/domains/hans.interport/wxo.php' not found or unable to stat
[Mon Mar 02 01:24:11.873490 2026] [php:error] [pid 52655] [client 20.203.176.192:0] script '/domains/frog.interport1/bs1.php' not found or unable to stat
[Mon Mar 02 01:24:11.968269 2026] [php:error] [pid 52655] [client 20.203.176.192:0] script '/domains/frog.interport1/bengi.php' not found or unable to stat
[Mon Mar 02 01:24:12.019075 2026] [php:error] [pid 52670] [client 20.78.169.245:0] script '/domains/hans.interport/colour.php' not found or unable to stat
[Mon Mar 02 01:24:12.062903 2026] [php:error] [pid 52655] [client 20.203.176.192:0] script '/domains/frog.interport1/log.php' not found or unable to stat
[Mon Mar 02 01:24:12.157838 2026] [php:error] [pid 52655] [client 20.203.176.192:0] script '/domains/frog.interport1/miansha.php' not found or unable to stat
[Mon Mar 02 01:24:12.244315 2026] [php:error] [pid 52670] [client 20.78.169.245:0] script '/domains/hans.interport/files.php' not found or unable to stat
[Mon Mar 02 01:24:12.252537 2026] [php:error] [pid 52655] [client 20.203.176.192:0] script '/domains/frog.interport1/erty.php' not found or unable to stat
[Mon Mar 02 01:24:12.412065 2026] [php:error] [pid 52670] [client 20.78.169.245:0] script '/domains/hans.interport/install.php' not found or unable to stat
[Mon Mar 02 01:24:12.442102 2026] [php:error] [pid 52655] [client 20.203.176.192:0] script '/domains/frog.interport1/X57.php' not found or unable to stat
[Mon Mar 02 01:24:12.537281 2026] [php:error] [pid 52655] [client 20.203.176.192:0] script '/domains/frog.interport1/axx.php' not found or unable to stat
[Mon Mar 02 01:24:12.612400 2026] [php:error] [pid 52670] [client 20.78.169.245:0] script '/domains/hans.interport/wp-contentt.php' not found or unable to stat
[Mon Mar 02 01:24:12.632819 2026] [php:error] [pid 52655] [client 20.203.176.192:0] script '/domains/frog.interport1/alfashell.php' not found or unable to stat
[Mon Mar 02 01:24:12.727691 2026] [php:error] [pid 52655] [client 20.203.176.192:0] script '/domains/frog.interport1/myfile.php' not found or unable to stat
[Mon Mar 02 01:24:12.823223 2026] [php:error] [pid 52655] [client 20.203.176.192:0] script '/domains/frog.interport1/re.php' not found or unable to stat
[Mon Mar 02 01:24:12.918384 2026] [php:error] [pid 52655] [client 20.203.176.192:0] script '/domains/frog.interport1/styll.php' not found or unable to stat
[Mon Mar 02 01:24:12.950366 2026] [php:error] [pid 52670] [client 20.78.169.245:0] script '/domains/hans.interport/config.php' not found or unable to stat
[Mon Mar 02 01:24:13.013596 2026] [php:error] [pid 52655] [client 20.203.176.192:0] script '/domains/frog.interport1/flower.php' not found or unable to stat
[Mon Mar 02 01:24:13.108543 2026] [php:error] [pid 52655] [client 20.203.176.192:0] script '/domains/frog.interport1/flower2.php' not found or unable to stat
[Mon Mar 02 01:24:13.122314 2026] [php:error] [pid 52670] [client 20.78.169.245:0] script '/domains/hans.interport/theme.php' not found or unable to stat
[Mon Mar 02 01:24:13.203523 2026] [php:error] [pid 52655] [client 20.203.176.192:0] script '/domains/frog.interport1/4h.php' not found or unable to stat
[Mon Mar 02 01:24:13.290224 2026] [php:error] [pid 52670] [client 20.78.169.245:0] script '/domains/hans.interport/block-bindings.php' not found or unable to stat
[Mon Mar 02 01:24:13.298261 2026] [php:error] [pid 52655] [client 20.203.176.192:0] script '/domains/frog.interport1/gettest.php' not found or unable to stat
[Mon Mar 02 01:24:13.406902 2026] [php:error] [pid 52655] [client 20.203.176.192:0] script '/domains/frog.interport1/acp.php' not found or unable to stat
[Mon Mar 02 01:24:13.501833 2026] [php:error] [pid 52655] [client 20.203.176.192:0] script '/domains/frog.interport1/database.php' not found or unable to stat
[Mon Mar 02 01:24:13.526707 2026] [php:error] [pid 52670] [client 20.78.169.245:0] script '/domains/hans.interport/class_api.php' not found or unable to stat
[Mon Mar 02 01:24:13.695274 2026] [php:error] [pid 52670] [client 20.78.169.245:0] script '/domains/hans.interport/inputs.php' not found or unable to stat
[Mon Mar 02 01:24:13.914072 2026] [php:error] [pid 52670] [client 20.78.169.245:0] script '/domains/hans.interport/root.php' not found or unable to stat
[Mon Mar 02 01:24:14.153206 2026] [php:error] [pid 52670] [client 20.78.169.245:0] script '/domains/hans.interport/menu.php' not found or unable to stat
[Mon Mar 02 01:24:14.323840 2026] [php:error] [pid 52670] [client 20.78.169.245:0] script '/domains/hans.interport/goods.php' not found or unable to stat
[Mon Mar 02 01:24:14.513158 2026] [php:error] [pid 52670] [client 20.78.169.245:0] script '/domains/hans.interport/plugin.php' not found or unable to stat
[Mon Mar 02 01:24:14.681125 2026] [php:error] [pid 52670] [client 20.78.169.245:0] script '/domains/hans.interport/cloud.php' not found or unable to stat
[Mon Mar 02 01:24:14.870979 2026] [php:error] [pid 52670] [client 20.78.169.245:0] script '/domains/hans.interport/configs.php' not found or unable to stat
[Mon Mar 02 01:24:15.038957 2026] [php:error] [pid 52670] [client 20.78.169.245:0] script '/domains/hans.interport/wp-configs.php' not found or unable to stat
[Mon Mar 02 01:24:15.207500 2026] [php:error] [pid 52670] [client 20.78.169.245:0] script '/domains/hans.interport/update.php' not found or unable to stat
[Mon Mar 02 01:24:15.388999 2026] [php:error] [pid 52670] [client 20.78.169.245:0] script '/domains/hans.interport/2.php' not found or unable to stat
[Mon Mar 02 01:24:15.590473 2026] [php:error] [pid 52670] [client 20.78.169.245:0] script '/domains/hans.interport/input.php' not found or unable to stat
[Mon Mar 02 01:24:15.797040 2026] [php:error] [pid 52670] [client 20.78.169.245:0] script '/domains/hans.interport/aaa.php' not found or unable to stat
[Mon Mar 02 01:24:39.239349 2026] [php:error] [pid 52666] [client 20.89.52.173:0] script '/domains/bburke/inputs.php' not found or unable to stat
[Mon Mar 02 01:24:39.399454 2026] [php:error] [pid 52666] [client 20.89.52.173:0] script '/domains/bburke/ioxi-o.php' not found or unable to stat
[Mon Mar 02 01:24:39.729751 2026] [php:error] [pid 52666] [client 20.89.52.173:0] script '/domains/bburke/rip.php' not found or unable to stat
[Mon Mar 02 01:24:39.889463 2026] [php:error] [pid 52666] [client 20.89.52.173:0] script '/domains/bburke/admin.php' not found or unable to stat
[Mon Mar 02 01:24:40.209429 2026] [php:error] [pid 52666] [client 20.89.52.173:0] script '/domains/bburke/cache.php' not found or unable to stat
[Mon Mar 02 01:24:40.369288 2026] [php:error] [pid 52666] [client 20.89.52.173:0] script '/domains/bburke/themes.php' not found or unable to stat
[Mon Mar 02 01:24:40.529643 2026] [php:error] [pid 52666] [client 20.89.52.173:0] script '/domains/bburke/an.php' not found or unable to stat
[Mon Mar 02 01:24:41.060986 2026] [php:error] [pid 52666] [client 20.89.52.173:0] script '/domains/bburke/ws.php' not found or unable to stat
[Mon Mar 02 01:24:41.220864 2026] [php:error] [pid 52666] [client 20.89.52.173:0] script '/domains/bburke/404.php' not found or unable to stat
[Mon Mar 02 01:24:41.540542 2026] [php:error] [pid 52666] [client 20.89.52.173:0] script '/domains/bburke/wp-conf.php' not found or unable to stat
[Mon Mar 02 01:24:41.859953 2026] [php:error] [pid 52666] [client 20.89.52.173:0] script '/domains/bburke/wp-login.php' not found or unable to stat
[Mon Mar 02 01:24:42.020994 2026] [php:error] [pid 52666] [client 20.89.52.173:0] script '/domains/bburke/abc.php' not found or unable to stat
[Mon Mar 02 01:24:42.181540 2026] [php:error] [pid 52666] [client 20.89.52.173:0] script '/domains/bburke/abcd.php' not found or unable to stat
[Mon Mar 02 01:24:42.358893 2026] [php:error] [pid 52666] [client 20.89.52.173:0] script '/domains/bburke/as.php' not found or unable to stat
[Mon Mar 02 01:24:42.518701 2026] [php:error] [pid 52666] [client 20.89.52.173:0] script '/domains/bburke/wp-trackback.php' not found or unable to stat
[Mon Mar 02 01:24:42.678766 2026] [php:error] [pid 52666] [client 20.89.52.173:0] script '/domains/bburke/about.php' not found or unable to stat
[Mon Mar 02 01:24:42.838586 2026] [php:error] [pid 52666] [client 20.89.52.173:0] script '/domains/bburke/file.php' not found or unable to stat
[Mon Mar 02 01:24:42.998286 2026] [php:error] [pid 52666] [client 20.89.52.173:0] script '/domains/bburke/adminfuns.php' not found or unable to stat
[Mon Mar 02 01:24:43.159015 2026] [php:error] [pid 52666] [client 20.89.52.173:0] script '/domains/bburke/wp-good.php' not found or unable to stat
[Mon Mar 02 01:24:43.319168 2026] [php:error] [pid 52666] [client 20.89.52.173:0] script '/domains/bburke/xmlrpc.php' not found or unable to stat
[Mon Mar 02 01:24:43.479216 2026] [php:error] [pid 52666] [client 20.89.52.173:0] script '/domains/bburke/goods.php' not found or unable to stat
[Mon Mar 02 01:24:43.640010 2026] [php:error] [pid 52666] [client 20.89.52.173:0] script '/domains/bburke/class-t.api.php' not found or unable to stat
[Mon Mar 02 01:24:43.800210 2026] [php:error] [pid 52666] [client 20.89.52.173:0] script '/domains/bburke/sf.php' not found or unable to stat
[Mon Mar 02 01:24:43.961300 2026] [php:error] [pid 52666] [client 20.89.52.173:0] script '/domains/bburke/kbfr.php' not found or unable to stat
[Mon Mar 02 01:24:44.121370 2026] [php:error] [pid 52666] [client 20.89.52.173:0] script '/domains/bburke/autoload_classmap.php' not found or unable to stat
[Mon Mar 02 01:24:44.281331 2026] [php:error] [pid 52666] [client 20.89.52.173:0] script '/domains/bburke/chosen.php' not found or unable to stat
[Mon Mar 02 01:24:44.441934 2026] [php:error] [pid 52666] [client 20.89.52.173:0] script '/domains/bburke/classwithtostring.php' not found or unable to stat
[Mon Mar 02 01:24:44.602383 2026] [php:error] [pid 52666] [client 20.89.52.173:0] script '/domains/bburke/defaults.php' not found or unable to stat
[Mon Mar 02 01:24:45.106116 2026] [php:error] [pid 52666] [client 20.89.52.173:0] script '/domains/bburke/info.php' not found or unable to stat
[Mon Mar 02 01:25:47.577799 2026] [php:error] [pid 52688] [client 64.226.76.67:0] script '/domains/agribiz/wp-login.php' not found or unable to stat
[Mon Mar 02 01:26:13.461094 2026] [php:error] [pid 52688] [client 20.63.41.168:0] script '/domains/system_suspended/trx24.php' not found or unable to stat
[Mon Mar 02 01:26:13.521456 2026] [php:error] [pid 52688] [client 20.63.41.168:0] script '/domains/system_suspended/cah.php' not found or unable to stat
[Mon Mar 02 01:26:13.583575 2026] [php:error] [pid 52688] [client 20.63.41.168:0] script '/domains/system_suspended/acp.php' not found or unable to stat
[Mon Mar 02 01:26:13.610750 2026] [php:error] [pid 52688] [client 20.63.41.168:0] script '/domains/system_suspended/muzu.php' not found or unable to stat
[Mon Mar 02 01:26:13.638067 2026] [php:error] [pid 52688] [client 20.63.41.168:0] script '/domains/system_suspended/wpo.php' not found or unable to stat
[Mon Mar 02 01:26:13.731326 2026] [php:error] [pid 52688] [client 20.63.41.168:0] script '/domains/system_suspended/x123x.php' not found or unable to stat
[Mon Mar 02 01:26:13.764157 2026] [php:error] [pid 52688] [client 20.63.41.168:0] script '/domains/system_suspended/aq.php' not found or unable to stat
[Mon Mar 02 01:26:13.797046 2026] [php:error] [pid 52688] [client 20.63.41.168:0] script '/domains/system_suspended/011i.php' not found or unable to stat
[Mon Mar 02 01:26:13.835899 2026] [php:error] [pid 52688] [client 20.63.41.168:0] script '/domains/system_suspended/edit-tags.php' not found or unable to stat
[Mon Mar 02 01:26:13.862680 2026] [php:error] [pid 52688] [client 20.63.41.168:0] script '/domains/system_suspended/as1337.php' not found or unable to stat
[Mon Mar 02 01:26:13.898783 2026] [php:error] [pid 52688] [client 20.63.41.168:0] script '/domains/system_suspended/Okxob.php' not found or unable to stat
[Mon Mar 02 01:26:13.925719 2026] [php:error] [pid 52688] [client 20.63.41.168:0] script '/domains/system_suspended/wolf-shell.php' not found or unable to stat
[Mon Mar 02 01:26:13.952726 2026] [php:error] [pid 52688] [client 20.63.41.168:0] script '/domains/system_suspended/core.php' not found or unable to stat
[Mon Mar 02 01:26:13.979750 2026] [php:error] [pid 52688] [client 20.63.41.168:0] script '/domains/system_suspended/zeal.php' not found or unable to stat
[Mon Mar 02 01:26:14.006583 2026] [php:error] [pid 52688] [client 20.63.41.168:0] script '/domains/system_suspended/asf.php' not found or unable to stat
[Mon Mar 02 01:26:14.033834 2026] [php:error] [pid 52688] [client 20.63.41.168:0] script '/domains/system_suspended/sa.php' not found or unable to stat
[Mon Mar 02 01:28:06.815672 2026] [php:error] [pid 52711] [client 20.89.58.13:0] script '/domains/system_default/about.php' not found or unable to stat
[Mon Mar 02 01:28:06.982320 2026] [php:error] [pid 52711] [client 20.89.58.13:0] script '/domains/system_default/abcd.php' not found or unable to stat
[Mon Mar 02 01:28:07.149025 2026] [php:error] [pid 52711] [client 20.89.58.13:0] script '/domains/system_default/file2.php' not found or unable to stat
[Mon Mar 02 01:28:07.315327 2026] [php:error] [pid 52711] [client 20.89.58.13:0] script '/domains/system_default/edit.php' not found or unable to stat
[Mon Mar 02 01:28:07.508504 2026] [php:error] [pid 52711] [client 20.89.58.13:0] script '/domains/system_default/bless.php' not found or unable to stat
[Mon Mar 02 01:28:07.678307 2026] [php:error] [pid 52711] [client 20.89.58.13:0] script '/domains/system_default/fff.php' not found or unable to stat
[Mon Mar 02 01:28:07.844519 2026] [php:error] [pid 52711] [client 20.89.58.13:0] script '/domains/system_default/file.php' not found or unable to stat
[Mon Mar 02 01:28:08.009334 2026] [php:error] [pid 52711] [client 20.89.58.13:0] script '/domains/system_default/adminfuns.php' not found or unable to stat
[Mon Mar 02 01:28:08.174061 2026] [php:error] [pid 52711] [client 20.89.58.13:0] script '/domains/system_default/fx.php' not found or unable to stat
[Mon Mar 02 01:28:08.339925 2026] [php:error] [pid 52711] [client 20.89.58.13:0] script '/domains/system_default/contact_tpl.php' not found or unable to stat
[Mon Mar 02 01:28:08.512898 2026] [php:error] [pid 52711] [client 20.89.58.13:0] script '/domains/system_default/404.php' not found or unable to stat
[Mon Mar 02 01:28:08.678275 2026] [php:error] [pid 52711] [client 20.89.58.13:0] script '/domains/system_default/aa.php' not found or unable to stat
[Mon Mar 02 01:28:08.843622 2026] [php:error] [pid 52711] [client 20.89.58.13:0] script '/domains/system_default/bolt.php' not found or unable to stat
[Mon Mar 02 01:28:09.008963 2026] [php:error] [pid 52711] [client 20.89.58.13:0] script '/domains/system_default/admin.php' not found or unable to stat
[Mon Mar 02 01:28:09.174280 2026] [php:error] [pid 52711] [client 20.89.58.13:0] script '/domains/system_default/info.php' not found or unable to stat
[Mon Mar 02 01:28:09.339240 2026] [php:error] [pid 52711] [client 20.89.58.13:0] script '/domains/system_default/flower.php' not found or unable to stat
[Mon Mar 02 01:28:09.514790 2026] [php:error] [pid 52711] [client 20.89.58.13:0] script '/domains/system_default/bolt.php' not found or unable to stat
[Mon Mar 02 01:28:09.680800 2026] [php:error] [pid 52711] [client 20.89.58.13:0] script '/domains/system_default/ioxi-o.php' not found or unable to stat
[Mon Mar 02 01:28:09.845379 2026] [php:error] [pid 52711] [client 20.89.58.13:0] script '/domains/system_default/wp.php' not found or unable to stat
[Mon Mar 02 01:28:10.010552 2026] [php:error] [pid 52711] [client 20.89.58.13:0] script '/domains/system_default/X57.php' not found or unable to stat
[Mon Mar 02 01:28:10.176150 2026] [php:error] [pid 52711] [client 20.89.58.13:0] script '/domains/system_default/cong.php' not found or unable to stat
[Mon Mar 02 01:28:10.342182 2026] [php:error] [pid 52711] [client 20.89.58.13:0] script '/domains/system_default/rip.php' not found or unable to stat
[Mon Mar 02 01:28:10.507402 2026] [php:error] [pid 52711] [client 20.89.58.13:0] script '/domains/system_default/themes.php' not found or unable to stat
[Mon Mar 02 01:28:10.672074 2026] [php:error] [pid 52711] [client 20.89.58.13:0] script '/domains/system_default/buy.php' not found or unable to stat
[Mon Mar 02 01:28:10.837033 2026] [php:error] [pid 52711] [client 20.89.58.13:0] script '/domains/system_default/222.php' not found or unable to stat
[Mon Mar 02 01:28:11.002590 2026] [php:error] [pid 52711] [client 20.89.58.13:0] script '/domains/system_default/server.php' not found or unable to stat
[Mon Mar 02 01:28:11.167290 2026] [php:error] [pid 52711] [client 20.89.58.13:0] script '/domains/system_default/class-t.api.php' not found or unable to stat
[Mon Mar 02 01:28:11.332029 2026] [php:error] [pid 52711] [client 20.89.58.13:0] script '/domains/system_default/xmrlpc.php' not found or unable to stat
[Mon Mar 02 01:28:11.497953 2026] [php:error] [pid 52711] [client 20.89.58.13:0] script '/domains/system_default/asasx.php' not found or unable to stat
[Mon Mar 02 01:28:11.663429 2026] [php:error] [pid 52711] [client 20.89.58.13:0] script '/domains/system_default/moon.php' not found or unable to stat
[Mon Mar 02 01:28:11.828975 2026] [php:error] [pid 52711] [client 20.89.58.13:0] script '/domains/system_default/class_api.php' not found or unable to stat
[Mon Mar 02 01:28:11.994746 2026] [php:error] [pid 52711] [client 20.89.58.13:0] script '/domains/system_default/wp-editor.php' not found or unable to stat
[Mon Mar 02 01:28:12.159474 2026] [php:error] [pid 52711] [client 20.89.58.13:0] script '/domains/system_default/wp-good.php' not found or unable to stat
[Mon Mar 02 01:28:12.324459 2026] [php:error] [pid 52711] [client 20.89.58.13:0] script '/domains/system_default/wp-blog.php' not found or unable to stat
[Mon Mar 02 01:28:12.489025 2026] [php:error] [pid 52711] [client 20.89.58.13:0] script '/domains/system_default/wp-cron.php' not found or unable to stat
[Mon Mar 02 01:28:12.655135 2026] [php:error] [pid 52711] [client 20.89.58.13:0] script '/domains/system_default/classwithtostring.php' not found or unable to stat
[Mon Mar 02 01:28:13.319231 2026] [php:error] [pid 52711] [client 20.89.58.13:0] script '/domains/system_default/autoload_classmap.php' not found or unable to stat
[Mon Mar 02 01:28:37.493531 2026] [php:error] [pid 52699] [client 104.208.116.225:0] script '/domains/rnachum/inputs.php' not found or unable to stat
[Mon Mar 02 01:28:37.728566 2026] [php:error] [pid 52699] [client 104.208.116.225:0] script '/domains/rnachum/ioxi-o.php' not found or unable to stat
[Mon Mar 02 01:28:38.155077 2026] [php:error] [pid 52699] [client 104.208.116.225:0] script '/domains/rnachum/rip.php' not found or unable to stat
[Mon Mar 02 01:28:38.381850 2026] [php:error] [pid 52699] [client 104.208.116.225:0] script '/domains/rnachum/admin.php' not found or unable to stat
[Mon Mar 02 01:28:38.819452 2026] [php:error] [pid 52699] [client 104.208.116.225:0] script '/domains/rnachum/cache.php' not found or unable to stat
[Mon Mar 02 01:28:39.030370 2026] [php:error] [pid 52699] [client 104.208.116.225:0] script '/domains/rnachum/themes.php' not found or unable to stat
[Mon Mar 02 01:28:39.254652 2026] [php:error] [pid 52699] [client 104.208.116.225:0] script '/domains/rnachum/an.php' not found or unable to stat
[Mon Mar 02 01:28:39.878353 2026] [php:error] [pid 52699] [client 104.208.116.225:0] script '/domains/rnachum/ws.php' not found or unable to stat
[Mon Mar 02 01:28:40.086085 2026] [php:error] [pid 52699] [client 104.208.116.225:0] script '/domains/rnachum/404.php' not found or unable to stat
[Mon Mar 02 01:28:40.501185 2026] [php:error] [pid 52699] [client 104.208.116.225:0] script '/domains/rnachum/wp-conf.php' not found or unable to stat
[Mon Mar 02 01:28:40.917299 2026] [php:error] [pid 52699] [client 104.208.116.225:0] script '/domains/rnachum/wp-login.php' not found or unable to stat
[Mon Mar 02 01:28:41.124789 2026] [php:error] [pid 52699] [client 104.208.116.225:0] script '/domains/rnachum/abc.php' not found or unable to stat
[Mon Mar 02 01:28:41.332535 2026] [php:error] [pid 52699] [client 104.208.116.225:0] script '/domains/rnachum/abcd.php' not found or unable to stat
[Mon Mar 02 01:28:41.540020 2026] [php:error] [pid 52699] [client 104.208.116.225:0] script '/domains/rnachum/as.php' not found or unable to stat
[Mon Mar 02 01:28:41.753121 2026] [php:error] [pid 52699] [client 104.208.116.225:0] script '/domains/rnachum/wp-trackback.php' not found or unable to stat
[Mon Mar 02 01:28:41.960844 2026] [php:error] [pid 52699] [client 104.208.116.225:0] script '/domains/rnachum/about.php' not found or unable to stat
[Mon Mar 02 01:28:42.168574 2026] [php:error] [pid 52699] [client 104.208.116.225:0] script '/domains/rnachum/file.php' not found or unable to stat
[Mon Mar 02 01:28:42.385623 2026] [php:error] [pid 52699] [client 104.208.116.225:0] script '/domains/rnachum/adminfuns.php' not found or unable to stat
[Mon Mar 02 01:28:42.614936 2026] [php:error] [pid 52699] [client 104.208.116.225:0] script '/domains/rnachum/wp-good.php' not found or unable to stat
[Mon Mar 02 01:28:42.749751 2026] [php:error] [pid 52723] [client 20.63.41.168:0] script '/domains/icrse/trx24.php' not found or unable to stat
[Mon Mar 02 01:28:42.806172 2026] [php:error] [pid 52723] [client 20.63.41.168:0] script '/domains/icrse/cah.php' not found or unable to stat
[Mon Mar 02 01:28:42.838907 2026] [php:error] [pid 52699] [client 104.208.116.225:0] script '/domains/rnachum/xmlrpc.php' not found or unable to stat
[Mon Mar 02 01:28:42.867920 2026] [php:error] [pid 52723] [client 20.63.41.168:0] script '/domains/icrse/acp.php' not found or unable to stat
[Mon Mar 02 01:28:42.902916 2026] [php:error] [pid 52723] [client 20.63.41.168:0] script '/domains/icrse/muzu.php' not found or unable to stat
[Mon Mar 02 01:28:42.932316 2026] [php:error] [pid 52723] [client 20.63.41.168:0] script '/domains/icrse/wpo.php' not found or unable to stat
[Mon Mar 02 01:28:42.964006 2026] [php:error] [pid 52723] [client 20.63.41.168:0] script '/domains/icrse/x123x.php' not found or unable to stat
[Mon Mar 02 01:28:42.995903 2026] [php:error] [pid 52723] [client 20.63.41.168:0] script '/domains/icrse/aq.php' not found or unable to stat
[Mon Mar 02 01:28:43.032325 2026] [php:error] [pid 52723] [client 20.63.41.168:0] script '/domains/icrse/011i.php' not found or unable to stat
[Mon Mar 02 01:28:43.054208 2026] [php:error] [pid 52699] [client 104.208.116.225:0] script '/domains/rnachum/goods.php' not found or unable to stat
[Mon Mar 02 01:28:43.056824 2026] [php:error] [pid 52723] [client 20.63.41.168:0] script '/domains/icrse/edit-tags.php' not found or unable to stat
[Mon Mar 02 01:28:43.082216 2026] [php:error] [pid 52723] [client 20.63.41.168:0] script '/domains/icrse/as1337.php' not found or unable to stat
[Mon Mar 02 01:28:43.276347 2026] [php:error] [pid 52699] [client 104.208.116.225:0] script '/domains/rnachum/class-t.api.php' not found or unable to stat
[Mon Mar 02 01:28:43.342679 2026] [php:error] [pid 52723] [client 20.63.41.168:0] script '/domains/icrse/Okxob.php' not found or unable to stat
[Mon Mar 02 01:28:43.370541 2026] [php:error] [pid 52723] [client 20.63.41.168:0] script '/domains/icrse/wolf-shell.php' not found or unable to stat
[Mon Mar 02 01:28:43.401688 2026] [php:error] [pid 52723] [client 20.63.41.168:0] script '/domains/icrse/core.php' not found or unable to stat
[Mon Mar 02 01:28:43.425760 2026] [php:error] [pid 52723] [client 20.63.41.168:0] script '/domains/icrse/zeal.php' not found or unable to stat
[Mon Mar 02 01:28:43.472241 2026] [php:error] [pid 52723] [client 20.63.41.168:0] script '/domains/icrse/asf.php' not found or unable to stat
[Mon Mar 02 01:28:43.492994 2026] [php:error] [pid 52699] [client 104.208.116.225:0] script '/domains/rnachum/sf.php' not found or unable to stat
[Mon Mar 02 01:28:43.505587 2026] [php:error] [pid 52723] [client 20.63.41.168:0] script '/domains/icrse/sa.php' not found or unable to stat
[Mon Mar 02 01:28:43.702149 2026] [php:error] [pid 52699] [client 104.208.116.225:0] script '/domains/rnachum/kbfr.php' not found or unable to stat
[Mon Mar 02 01:28:43.917873 2026] [php:error] [pid 52699] [client 104.208.116.225:0] script '/domains/rnachum/autoload_classmap.php' not found or unable to stat
[Mon Mar 02 01:28:44.139493 2026] [php:error] [pid 52699] [client 104.208.116.225:0] script '/domains/rnachum/chosen.php' not found or unable to stat
[Mon Mar 02 01:28:44.365491 2026] [php:error] [pid 52699] [client 104.208.116.225:0] script '/domains/rnachum/classwithtostring.php' not found or unable to stat
[Mon Mar 02 01:28:44.573078 2026] [php:error] [pid 52699] [client 104.208.116.225:0] script '/domains/rnachum/defaults.php' not found or unable to stat
[Mon Mar 02 01:28:45.197432 2026] [php:error] [pid 52699] [client 104.208.116.225:0] script '/domains/rnachum/info.php' not found or unable to stat
[Mon Mar 02 01:29:07.037662 2026] [php:error] [pid 52717] [client 20.63.41.168:0] script '/domains/emsco1/trx24.php' not found or unable to stat
[Mon Mar 02 01:29:07.086609 2026] [php:error] [pid 52717] [client 20.63.41.168:0] script '/domains/emsco1/cah.php' not found or unable to stat
[Mon Mar 02 01:29:07.143327 2026] [php:error] [pid 52717] [client 20.63.41.168:0] script '/domains/emsco1/acp.php' not found or unable to stat
[Mon Mar 02 01:29:07.167653 2026] [php:error] [pid 52717] [client 20.63.41.168:0] script '/domains/emsco1/muzu.php' not found or unable to stat
[Mon Mar 02 01:29:07.192777 2026] [php:error] [pid 52717] [client 20.63.41.168:0] script '/domains/emsco1/wpo.php' not found or unable to stat
[Mon Mar 02 01:29:07.216753 2026] [php:error] [pid 52717] [client 20.63.41.168:0] script '/domains/emsco1/x123x.php' not found or unable to stat
[Mon Mar 02 01:29:07.240919 2026] [php:error] [pid 52717] [client 20.63.41.168:0] script '/domains/emsco1/aq.php' not found or unable to stat
[Mon Mar 02 01:29:07.265236 2026] [php:error] [pid 52717] [client 20.63.41.168:0] script '/domains/emsco1/011i.php' not found or unable to stat
[Mon Mar 02 01:29:07.303554 2026] [php:error] [pid 52717] [client 20.63.41.168:0] script '/domains/emsco1/edit-tags.php' not found or unable to stat
[Mon Mar 02 01:29:07.327714 2026] [php:error] [pid 52717] [client 20.63.41.168:0] script '/domains/emsco1/as1337.php' not found or unable to stat
[Mon Mar 02 01:29:07.351722 2026] [php:error] [pid 52717] [client 20.63.41.168:0] script '/domains/emsco1/Okxob.php' not found or unable to stat
[Mon Mar 02 01:29:07.376800 2026] [php:error] [pid 52717] [client 20.63.41.168:0] script '/domains/emsco1/wolf-shell.php' not found or unable to stat
[Mon Mar 02 01:29:07.400647 2026] [php:error] [pid 52717] [client 20.63.41.168:0] script '/domains/emsco1/core.php' not found or unable to stat
[Mon Mar 02 01:29:07.424606 2026] [php:error] [pid 52717] [client 20.63.41.168:0] script '/domains/emsco1/zeal.php' not found or unable to stat
[Mon Mar 02 01:29:07.455362 2026] [php:error] [pid 52717] [client 20.63.41.168:0] script '/domains/emsco1/asf.php' not found or unable to stat
[Mon Mar 02 01:29:07.479374 2026] [php:error] [pid 52717] [client 20.63.41.168:0] script '/domains/emsco1/sa.php' not found or unable to stat
[Mon Mar 02 01:30:12.119716 2026] [php:error] [pid 52738] [client 216.244.66.232:0] script '/domains/hdickens.enteract/kmnj.php' not found or unable to stat
[Mon Mar 02 01:30:12.142068 2026] [php:error] [pid 52735] [client 20.205.120.43:0] script '/domains/hans.interport/post.php' not found or unable to stat
[Mon Mar 02 01:30:12.377167 2026] [php:error] [pid 52735] [client 20.205.120.43:0] script '/domains/hans.interport/1.php' not found or unable to stat
[Mon Mar 02 01:30:12.585188 2026] [php:error] [pid 52735] [client 20.205.120.43:0] script '/domains/hans.interport/flower.php' not found or unable to stat
[Mon Mar 02 01:30:12.793442 2026] [php:error] [pid 52735] [client 20.205.120.43:0] script '/domains/hans.interport/admin.php' not found or unable to stat
[Mon Mar 02 01:30:13.001460 2026] [php:error] [pid 52735] [client 20.205.120.43:0] script '/domains/hans.interport/file.php' not found or unable to stat
[Mon Mar 02 01:30:13.209919 2026] [php:error] [pid 52735] [client 20.205.120.43:0] script '/domains/hans.interport/meta.php' not found or unable to stat
[Mon Mar 02 01:30:13.469720 2026] [php:error] [pid 52735] [client 20.205.120.43:0] script '/domains/hans.interport/index.php' not found or unable to stat
[Mon Mar 02 01:30:13.706445 2026] [php:error] [pid 52735] [client 20.205.120.43:0] script '/domains/hans.interport/about.php' not found or unable to stat
[Mon Mar 02 01:30:13.914892 2026] [php:error] [pid 52735] [client 20.205.120.43:0] script '/domains/hans.interport/randkeyword.php' not found or unable to stat
[Mon Mar 02 01:30:14.124604 2026] [php:error] [pid 52735] [client 20.205.120.43:0] script '/domains/hans.interport/hehe.php' not found or unable to stat
[Mon Mar 02 01:30:14.333993 2026] [php:error] [pid 52735] [client 20.205.120.43:0] script '/domains/hans.interport/yindu.php' not found or unable to stat
[Mon Mar 02 01:30:14.993189 2026] [php:error] [pid 52735] [client 20.205.120.43:0] script '/domains/hans.interport/baxa1.php' not found or unable to stat
[Mon Mar 02 01:30:18.733568 2026] [php:error] [pid 52735] [client 20.205.120.43:0] script '/domains/hans.interport/user.php' not found or unable to stat
[Mon Mar 02 01:30:18.941707 2026] [php:error] [pid 52735] [client 20.205.120.43:0] script '/domains/hans.interport/wp-2019.php' not found or unable to stat
[Mon Mar 02 01:30:19.150039 2026] [php:error] [pid 52735] [client 20.205.120.43:0] script '/domains/hans.interport/chosen.php' not found or unable to stat
[Mon Mar 02 01:30:19.377034 2026] [php:error] [pid 52735] [client 20.205.120.43:0] script '/domains/hans.interport/functions.php' not found or unable to stat
[Mon Mar 02 01:30:19.617319 2026] [php:error] [pid 52735] [client 20.205.120.43:0] script '/domains/hans.interport/cron.php' not found or unable to stat
[Mon Mar 02 01:30:19.848211 2026] [php:error] [pid 52735] [client 20.205.120.43:0] script '/domains/hans.interport/edit.php' not found or unable to stat
[Mon Mar 02 01:30:20.088250 2026] [php:error] [pid 52735] [client 20.205.120.43:0] script '/domains/hans.interport/gecko-new.php' not found or unable to stat
[Mon Mar 02 01:30:20.312435 2026] [php:error] [pid 52735] [client 20.205.120.43:0] script '/domains/hans.interport/cookie.php' not found or unable to stat
[Mon Mar 02 01:30:20.541678 2026] [php:error] [pid 52735] [client 20.205.120.43:0] script '/domains/hans.interport/xleet.php' not found or unable to stat
[Mon Mar 02 01:30:20.767256 2026] [php:error] [pid 52735] [client 20.205.120.43:0] script '/domains/hans.interport/spip.php' not found or unable to stat
[Mon Mar 02 01:30:21.008720 2026] [php:error] [pid 52735] [client 20.205.120.43:0] script '/domains/hans.interport/22.php' not found or unable to stat
[Mon Mar 02 01:30:21.243349 2026] [php:error] [pid 52735] [client 20.205.120.43:0] script '/domains/hans.interport/room.php' not found or unable to stat
[Mon Mar 02 01:30:21.451537 2026] [php:error] [pid 52735] [client 20.205.120.43:0] script '/domains/hans.interport/disagreed.php' not found or unable to stat
[Mon Mar 02 01:30:21.660071 2026] [php:error] [pid 52735] [client 20.205.120.43:0] script '/domains/hans.interport/text.php' not found or unable to stat
[Mon Mar 02 01:30:21.872223 2026] [php:error] [pid 52735] [client 20.205.120.43:0] script '/domains/hans.interport/alfa-rex.php' not found or unable to stat
[Mon Mar 02 01:30:22.288775 2026] [php:error] [pid 52735] [client 20.205.120.43:0] script '/domains/hans.interport/feeds.php' not found or unable to stat
[Mon Mar 02 01:30:22.500917 2026] [php:error] [pid 52735] [client 20.205.120.43:0] script '/domains/hans.interport/radio.php' not found or unable to stat
[Mon Mar 02 01:30:22.732976 2026] [php:error] [pid 52735] [client 20.205.120.43:0] script '/domains/hans.interport/dropdown.php' not found or unable to stat
[Mon Mar 02 01:30:22.943236 2026] [php:error] [pid 52735] [client 20.205.120.43:0] script '/domains/hans.interport/defaults.php' not found or unable to stat
[Mon Mar 02 01:30:23.151343 2026] [php:error] [pid 52735] [client 20.205.120.43:0] script '/domains/hans.interport/system.php' not found or unable to stat
[Mon Mar 02 01:30:23.391941 2026] [php:error] [pid 52735] [client 20.205.120.43:0] script '/domains/hans.interport/xmlrpc.php' not found or unable to stat
[Mon Mar 02 01:30:23.831254 2026] [php:error] [pid 52735] [client 20.205.120.43:0] script '/domains/hans.interport/colors.php' not found or unable to stat
[Mon Mar 02 01:30:24.072894 2026] [php:error] [pid 52735] [client 20.205.120.43:0] script '/domains/hans.interport/updates.php' not found or unable to stat
[Mon Mar 02 01:30:24.280793 2026] [php:error] [pid 52735] [client 20.205.120.43:0] script '/domains/hans.interport/alfa-rex1.php' not found or unable to stat
[Mon Mar 02 01:30:24.423661 2026] [php:error] [pid 52746] [client 4.193.177.110:0] script '/domains/bfitpro2/inputs.php' not found or unable to stat
[Mon Mar 02 01:30:24.504767 2026] [php:error] [pid 52735] [client 20.205.120.43:0] script '/domains/hans.interport/wp-index.php' not found or unable to stat
[Mon Mar 02 01:30:24.677104 2026] [php:error] [pid 52746] [client 4.193.177.110:0] script '/domains/bfitpro2/ioxi-o.php' not found or unable to stat
[Mon Mar 02 01:30:24.890425 2026] [php:error] [pid 52735] [client 20.205.120.43:0] script '/domains/hans.interport/wp-admin.php' not found or unable to stat
[Mon Mar 02 01:30:25.130879 2026] [php:error] [pid 52746] [client 4.193.177.110:0] script '/domains/bfitpro2/rip.php' not found or unable to stat
[Mon Mar 02 01:30:25.231082 2026] [php:error] [pid 52735] [client 20.205.120.43:0] script '/domains/hans.interport/alfa.php' not found or unable to stat
[Mon Mar 02 01:30:25.357875 2026] [php:error] [pid 52746] [client 4.193.177.110:0] script '/domains/bfitpro2/admin.php' not found or unable to stat
[Mon Mar 02 01:30:25.657571 2026] [php:error] [pid 52735] [client 20.205.120.43:0] script '/domains/hans.interport/locale.php' not found or unable to stat
[Mon Mar 02 01:30:25.813733 2026] [php:error] [pid 52746] [client 4.193.177.110:0] script '/domains/bfitpro2/cache.php' not found or unable to stat
[Mon Mar 02 01:30:25.865807 2026] [php:error] [pid 52735] [client 20.205.120.43:0] script '/domains/hans.interport/wxo.php' not found or unable to stat
[Mon Mar 02 01:30:26.042958 2026] [php:error] [pid 52746] [client 4.193.177.110:0] script '/domains/bfitpro2/themes.php' not found or unable to stat
[Mon Mar 02 01:30:26.074962 2026] [php:error] [pid 52735] [client 20.205.120.43:0] script '/domains/hans.interport/colour.php' not found or unable to stat
[Mon Mar 02 01:30:26.271161 2026] [php:error] [pid 52746] [client 4.193.177.110:0] script '/domains/bfitpro2/an.php' not found or unable to stat
[Mon Mar 02 01:30:26.315684 2026] [php:error] [pid 52735] [client 20.205.120.43:0] script '/domains/hans.interport/files.php' not found or unable to stat
[Mon Mar 02 01:30:26.525075 2026] [php:error] [pid 52735] [client 20.205.120.43:0] script '/domains/hans.interport/install.php' not found or unable to stat
[Mon Mar 02 01:30:26.733314 2026] [php:error] [pid 52735] [client 20.205.120.43:0] script '/domains/hans.interport/wp-contentt.php' not found or unable to stat
[Mon Mar 02 01:30:26.973665 2026] [php:error] [pid 52746] [client 4.193.177.110:0] script '/domains/bfitpro2/ws.php' not found or unable to stat
[Mon Mar 02 01:30:27.150474 2026] [php:error] [pid 52735] [client 20.205.120.43:0] script '/domains/hans.interport/config.php' not found or unable to stat
[Mon Mar 02 01:30:27.201655 2026] [php:error] [pid 52746] [client 4.193.177.110:0] script '/domains/bfitpro2/404.php' not found or unable to stat
[Mon Mar 02 01:30:27.359691 2026] [php:error] [pid 52735] [client 20.205.120.43:0] script '/domains/hans.interport/theme.php' not found or unable to stat
[Mon Mar 02 01:30:27.568329 2026] [php:error] [pid 52735] [client 20.205.120.43:0] script '/domains/hans.interport/block-bindings.php' not found or unable to stat
[Mon Mar 02 01:30:27.656343 2026] [php:error] [pid 52746] [client 4.193.177.110:0] script '/domains/bfitpro2/wp-conf.php' not found or unable to stat
[Mon Mar 02 01:30:27.805646 2026] [php:error] [pid 52735] [client 20.205.120.43:0] script '/domains/hans.interport/class_api.php' not found or unable to stat
[Mon Mar 02 01:30:28.015017 2026] [php:error] [pid 52735] [client 20.205.120.43:0] script '/domains/hans.interport/inputs.php' not found or unable to stat
[Mon Mar 02 01:30:28.167798 2026] [php:error] [pid 52746] [client 4.193.177.110:0] script '/domains/bfitpro2/wp-login.php' not found or unable to stat
[Mon Mar 02 01:30:28.246947 2026] [php:error] [pid 52735] [client 20.205.120.43:0] script '/domains/hans.interport/root.php' not found or unable to stat
[Mon Mar 02 01:30:28.424992 2026] [php:error] [pid 52746] [client 4.193.177.110:0] script '/domains/bfitpro2/abc.php' not found or unable to stat
