[Mon Mar 02 00:20:27.408247 2026] [php:error] [pid 51827] [client 104.243.245.5:0] script '/domains/memanuel/wp.php' not found or unable to stat
[Mon Mar 02 00:20:27.496729 2026] [php:error] [pid 51834] [client 20.219.8.79:0] script '/domains/drsuper/menu.php' not found or unable to stat
[Mon Mar 02 00:20:27.713552 2026] [php:error] [pid 51834] [client 20.219.8.79:0] script '/domains/drsuper/goods.php' not found or unable to stat
[Mon Mar 02 00:20:27.919360 2026] [php:error] [pid 51834] [client 20.219.8.79:0] script '/domains/drsuper/plugin.php' not found or unable to stat
[Mon Mar 02 00:20:28.008102 2026] [php:error] [pid 51827] [client 104.243.245.5:0] script '/domains/memanuel/wp-header.php' not found or unable to stat
[Mon Mar 02 00:20:28.125315 2026] [php:error] [pid 51834] [client 20.219.8.79:0] script '/domains/drsuper/cloud.php' not found or unable to stat
[Mon Mar 02 00:20:28.331208 2026] [php:error] [pid 51834] [client 20.219.8.79:0] script '/domains/drsuper/configs.php' not found or unable to stat
[Mon Mar 02 00:20:28.350267 2026] [php:error] [pid 51827] [client 104.243.245.5:0] script '/domains/memanuel/Marvins.php' not found or unable to stat
[Mon Mar 02 00:20:28.560711 2026] [php:error] [pid 51834] [client 20.219.8.79:0] script '/domains/drsuper/wp-configs.php' not found or unable to stat
[Mon Mar 02 00:20:28.646218 2026] [php:error] [pid 51827] [client 104.243.245.5:0] script '/domains/memanuel/wp-class.php' not found or unable to stat
[Mon Mar 02 00:20:28.766623 2026] [php:error] [pid 51834] [client 20.219.8.79:0] script '/domains/drsuper/update.php' not found or unable to stat
[Mon Mar 02 00:20:28.897901 2026] [php:error] [pid 51827] [client 104.243.245.5:0] script '/domains/memanuel/xx.php' not found or unable to stat
[Mon Mar 02 00:20:28.974008 2026] [php:error] [pid 51834] [client 20.219.8.79:0] script '/domains/drsuper/2.php' not found or unable to stat
[Mon Mar 02 00:20:29.081911 2026] [php:error] [pid 51827] [client 104.243.245.5:0] script '/domains/memanuel/autoload_classmap.php' not found or unable to stat
[Mon Mar 02 00:20:29.180502 2026] [php:error] [pid 51834] [client 20.219.8.79:0] script '/domains/drsuper/input.php' not found or unable to stat
[Mon Mar 02 00:20:29.387304 2026] [php:error] [pid 51834] [client 20.219.8.79:0] script '/domains/drsuper/aaa.php' not found or unable to stat
[Mon Mar 02 00:20:29.898374 2026] [php:error] [pid 51827] [client 104.243.245.5:0] script '/domains/memanuel/content.php' not found or unable to stat
[Mon Mar 02 00:20:31.495591 2026] [php:error] [pid 51827] [client 104.243.245.5:0] script '/domains/memanuel/images/class.php' not found or unable to stat
[Mon Mar 02 00:20:31.838953 2026] [php:error] [pid 51827] [client 104.243.245.5:0] script '/domains/memanuel/web.php' not found or unable to stat
[Mon Mar 02 00:20:32.152267 2026] [php:error] [pid 51827] [client 104.243.245.5:0] script '/domains/memanuel/images/index.php' not found or unable to stat
[Mon Mar 02 00:20:32.796531 2026] [php:error] [pid 51827] [client 104.243.245.5:0] script '/domains/memanuel/wp-trackback.php' not found or unable to stat
[Mon Mar 02 00:20:33.231037 2026] [php:error] [pid 51827] [client 104.243.245.5:0] script '/domains/memanuel/radio.php' not found or unable to stat
[Mon Mar 02 00:20:33.655466 2026] [php:error] [pid 51793] [client 20.89.52.173:0] script '/domains/windsorweb/wp-trackback.php' not found or unable to stat
[Mon Mar 02 00:20:33.814995 2026] [php:error] [pid 51793] [client 20.89.52.173:0] script '/domains/windsorweb/about.php' not found or unable to stat
[Mon Mar 02 00:20:33.879134 2026] [php:error] [pid 51827] [client 104.243.245.5:0] script '/domains/memanuel/wp-conflg.php' not found or unable to stat
[Mon Mar 02 00:20:33.974739 2026] [php:error] [pid 51793] [client 20.89.52.173:0] script '/domains/windsorweb/file.php' not found or unable to stat
[Mon Mar 02 00:20:34.130790 2026] [php:error] [pid 51827] [client 104.243.245.5:0] script '/domains/memanuel/wp-setup.php' not found or unable to stat
[Mon Mar 02 00:20:34.151609 2026] [php:error] [pid 51793] [client 20.89.52.173:0] script '/domains/windsorweb/wp-good.php' not found or unable to stat
[Mon Mar 02 00:20:34.267440 2026] [php:error] [pid 51827] [client 104.243.245.5:0] script '/domains/memanuel/ms-themes.php' not found or unable to stat
[Mon Mar 02 00:20:34.312295 2026] [php:error] [pid 51793] [client 20.89.52.173:0] script '/domains/windsorweb/xmlrpc.php' not found or unable to stat
[Mon Mar 02 00:20:34.471748 2026] [php:error] [pid 51793] [client 20.89.52.173:0] script '/domains/windsorweb/goods.php' not found or unable to stat
[Mon Mar 02 00:20:34.559773 2026] [php:error] [pid 51827] [client 104.243.245.5:0] script '/domains/memanuel/style.php' not found or unable to stat
[Mon Mar 02 00:20:34.631793 2026] [php:error] [pid 51793] [client 20.89.52.173:0] script '/domains/windsorweb/ioxi-o.php' not found or unable to stat
[Mon Mar 02 00:20:34.791528 2026] [php:error] [pid 51793] [client 20.89.52.173:0] script '/domains/windsorweb/class-t.api.php' not found or unable to stat
[Mon Mar 02 00:20:34.951022 2026] [php:error] [pid 51793] [client 20.89.52.173:0] script '/domains/windsorweb/admin.php' not found or unable to stat
[Mon Mar 02 00:20:35.061615 2026] [php:error] [pid 51827] [client 104.243.245.5:0] script '/domains/memanuel/x.php' not found or unable to stat
[Mon Mar 02 00:20:35.110833 2026] [php:error] [pid 51793] [client 20.89.52.173:0] script '/domains/windsorweb/sf.php' not found or unable to stat
[Mon Mar 02 00:20:35.276816 2026] [php:error] [pid 51793] [client 20.89.52.173:0] script '/domains/windsorweb/rip.php' not found or unable to stat
[Mon Mar 02 00:20:35.436454 2026] [php:error] [pid 51793] [client 20.89.52.173:0] script '/domains/windsorweb/autoload_classmap.php' not found or unable to stat
[Mon Mar 02 00:20:35.494398 2026] [php:error] [pid 51827] [client 104.243.245.5:0] script '/domains/memanuel/images/index22.php' not found or unable to stat
[Mon Mar 02 00:20:35.611490 2026] [php:error] [pid 51793] [client 20.89.52.173:0] script '/domains/windsorweb/chosen.php' not found or unable to stat
[Mon Mar 02 00:20:35.613949 2026] [php:error] [pid 51827] [client 104.243.245.5:0] script '/domains/memanuel/wp-user.php' not found or unable to stat
[Mon Mar 02 00:20:35.771338 2026] [php:error] [pid 51793] [client 20.89.52.173:0] script '/domains/windsorweb/classwithtostring.php' not found or unable to stat
[Mon Mar 02 00:20:35.932353 2026] [php:error] [pid 51793] [client 20.89.52.173:0] script '/domains/windsorweb/defaults.php' not found or unable to stat
[Mon Mar 02 00:20:36.041528 2026] [php:error] [pid 51827] [client 104.243.245.5:0] script '/domains/memanuel/config.php' not found or unable to stat
[Mon Mar 02 00:20:36.165227 2026] [php:error] [pid 51827] [client 104.243.245.5:0] script '/domains/memanuel/special.php' not found or unable to stat
[Mon Mar 02 00:20:36.733536 2026] [php:error] [pid 51793] [client 20.89.52.173:0] script '/domains/windsorweb/info.php' not found or unable to stat
[Mon Mar 02 00:20:37.651257 2026] [php:error] [pid 51842] [client 104.208.116.225:0] script '/domains/hpveweb/inputs.php' not found or unable to stat
[Mon Mar 02 00:20:37.853817 2026] [php:error] [pid 51842] [client 104.208.116.225:0] script '/domains/hpveweb/ioxi-o.php' not found or unable to stat
[Mon Mar 02 00:20:37.896833 2026] [php:error] [pid 51793] [client 20.89.52.173:0] script '/domains/windsorweb/adminfuns.php' not found or unable to stat
[Mon Mar 02 00:20:38.137350 2026] [php:error] [pid 51846] [client 104.243.245.35:0] script '/domains/memanuel/webdb.php' not found or unable to stat
[Mon Mar 02 00:20:38.257180 2026] [php:error] [pid 51842] [client 104.208.116.225:0] script '/domains/hpveweb/rip.php' not found or unable to stat
[Mon Mar 02 00:20:38.459880 2026] [php:error] [pid 51842] [client 104.208.116.225:0] script '/domains/hpveweb/admin.php' not found or unable to stat
[Mon Mar 02 00:20:38.501733 2026] [php:error] [pid 51846] [client 104.243.245.35:0] script '/domains/memanuel/file2.php' not found or unable to stat
[Mon Mar 02 00:20:38.864374 2026] [php:error] [pid 51842] [client 104.208.116.225:0] script '/domains/hpveweb/cache.php' not found or unable to stat
[Mon Mar 02 00:20:38.872247 2026] [php:error] [pid 51846] [client 104.243.245.35:0] script '/domains/memanuel/alfa.php' not found or unable to stat
[Mon Mar 02 00:20:39.135634 2026] [php:error] [pid 51842] [client 104.208.116.225:0] script '/domains/hpveweb/themes.php' not found or unable to stat
[Mon Mar 02 00:20:39.355230 2026] [php:error] [pid 51842] [client 104.208.116.225:0] script '/domains/hpveweb/an.php' not found or unable to stat
[Mon Mar 02 00:20:39.976613 2026] [php:error] [pid 51842] [client 104.208.116.225:0] script '/domains/hpveweb/ws.php' not found or unable to stat
[Mon Mar 02 00:20:40.196868 2026] [php:error] [pid 51842] [client 104.208.116.225:0] script '/domains/hpveweb/404.php' not found or unable to stat
[Mon Mar 02 00:20:40.210932 2026] [php:error] [pid 51846] [client 104.243.245.35:0] script '/domains/memanuel/edit.php' not found or unable to stat
[Mon Mar 02 00:20:40.653767 2026] [php:error] [pid 51842] [client 104.208.116.225:0] script '/domains/hpveweb/wp-conf.php' not found or unable to stat
[Mon Mar 02 00:20:40.664755 2026] [php:error] [pid 51846] [client 104.243.245.35:0] script '/domains/memanuel/wp-links-opml.php' not found or unable to stat
[Mon Mar 02 00:20:41.087962 2026] [php:error] [pid 51842] [client 104.208.116.225:0] script '/domains/hpveweb/wp-login.php' not found or unable to stat
[Mon Mar 02 00:20:41.250412 2026] [php:error] [pid 51846] [client 104.243.245.35:0] script '/domains/memanuel/atomlib.php' not found or unable to stat
[Mon Mar 02 00:20:41.301096 2026] [php:error] [pid 51842] [client 104.208.116.225:0] script '/domains/hpveweb/abc.php' not found or unable to stat
[Mon Mar 02 00:20:41.504093 2026] [php:error] [pid 51842] [client 104.208.116.225:0] script '/domains/hpveweb/abcd.php' not found or unable to stat
[Mon Mar 02 00:20:41.705605 2026] [php:error] [pid 51842] [client 104.208.116.225:0] script '/domains/hpveweb/as.php' not found or unable to stat
[Mon Mar 02 00:20:41.907181 2026] [php:error] [pid 51842] [client 104.208.116.225:0] script '/domains/hpveweb/wp-trackback.php' not found or unable to stat
[Mon Mar 02 00:20:42.108875 2026] [php:error] [pid 51842] [client 104.208.116.225:0] script '/domains/hpveweb/about.php' not found or unable to stat
[Mon Mar 02 00:20:42.203322 2026] [php:error] [pid 51846] [client 104.243.245.35:0] script '/domains/memanuel/xp.php' not found or unable to stat
[Mon Mar 02 00:20:42.314585 2026] [php:error] [pid 51842] [client 104.208.116.225:0] script '/domains/hpveweb/file.php' not found or unable to stat
[Mon Mar 02 00:20:42.539236 2026] [php:error] [pid 51842] [client 104.208.116.225:0] script '/domains/hpveweb/adminfuns.php' not found or unable to stat
[Mon Mar 02 00:20:42.733637 2026] [php:error] [pid 51846] [client 104.243.245.35:0] script '/domains/memanuel/wp-links.php' not found or unable to stat
[Mon Mar 02 00:20:42.740673 2026] [php:error] [pid 51842] [client 104.208.116.225:0] script '/domains/hpveweb/wp-good.php' not found or unable to stat
[Mon Mar 02 00:20:42.942547 2026] [php:error] [pid 51842] [client 104.208.116.225:0] script '/domains/hpveweb/xmlrpc.php' not found or unable to stat
[Mon Mar 02 00:20:43.144333 2026] [php:error] [pid 51842] [client 104.208.116.225:0] script '/domains/hpveweb/goods.php' not found or unable to stat
[Mon Mar 02 00:20:43.346385 2026] [php:error] [pid 51842] [client 104.208.116.225:0] script '/domains/hpveweb/class-t.api.php' not found or unable to stat
[Mon Mar 02 00:20:43.548113 2026] [php:error] [pid 51842] [client 104.208.116.225:0] script '/domains/hpveweb/sf.php' not found or unable to stat
[Mon Mar 02 00:20:43.762534 2026] [php:error] [pid 51842] [client 104.208.116.225:0] script '/domains/hpveweb/kbfr.php' not found or unable to stat
[Mon Mar 02 00:20:43.964380 2026] [php:error] [pid 51842] [client 104.208.116.225:0] script '/domains/hpveweb/autoload_classmap.php' not found or unable to stat
[Mon Mar 02 00:20:44.166249 2026] [php:error] [pid 51842] [client 104.208.116.225:0] script '/domains/hpveweb/chosen.php' not found or unable to stat
[Mon Mar 02 00:20:44.367749 2026] [php:error] [pid 51842] [client 104.208.116.225:0] script '/domains/hpveweb/classwithtostring.php' not found or unable to stat
[Mon Mar 02 00:20:44.569403 2026] [php:error] [pid 51842] [client 104.208.116.225:0] script '/domains/hpveweb/defaults.php' not found or unable to stat
[Mon Mar 02 00:20:44.630530 2026] [php:error] [pid 51846] [client 104.243.245.35:0] script '/domains/memanuel/moon.php' not found or unable to stat
[Mon Mar 02 00:20:45.065582 2026] [php:error] [pid 51846] [client 104.243.245.35:0] script '/domains/memanuel/webadmin.php' not found or unable to stat
[Mon Mar 02 00:20:45.197559 2026] [php:error] [pid 51842] [client 104.208.116.225:0] script '/domains/hpveweb/info.php' not found or unable to stat
[Mon Mar 02 00:20:45.534573 2026] [php:error] [pid 51846] [client 104.243.245.35:0] script '/domains/memanuel/xl2023.php' not found or unable to stat
[Mon Mar 02 00:20:45.694804 2026] [php:error] [pid 51846] [client 104.243.245.35:0] script '/domains/memanuel/go.php' not found or unable to stat
[Mon Mar 02 00:20:47.812145 2026] [php:error] [pid 51793] [client 34.96.162.48:0] script '/domains/cccweb/adminer-5.0.3-en.php' not found or unable to stat
[Mon Mar 02 00:20:48.419428 2026] [php:error] [pid 51846] [client 104.243.245.35:0] script '/domains/memanuel/hehehehe.php' not found or unable to stat
[Mon Mar 02 00:20:52.883920 2026] [php:error] [pid 51793] [client 104.243.245.5:0] script '/domains/memanuel/byp.php' not found or unable to stat
[Mon Mar 02 00:20:54.102781 2026] [php:error] [pid 51793] [client 104.243.245.5:0] script '/domains/memanuel/class.api.php' not found or unable to stat
[Mon Mar 02 00:20:54.547413 2026] [php:error] [pid 51793] [client 104.243.245.5:0] script '/domains/memanuel/system_log.php' not found or unable to stat
[Mon Mar 02 00:20:54.684739 2026] [php:error] [pid 51793] [client 104.243.245.5:0] script '/domains/memanuel/.alf.php' not found or unable to stat
[Mon Mar 02 00:20:54.841465 2026] [php:error] [pid 51793] [client 104.243.245.5:0] script '/domains/memanuel/wso.php' not found or unable to stat
[Mon Mar 02 00:20:55.122204 2026] [php:error] [pid 51793] [client 104.243.245.5:0] script '/domains/memanuel/flower.php' not found or unable to stat
[Mon Mar 02 00:20:56.151866 2026] [php:error] [pid 51793] [client 104.243.245.5:0] script '/domains/memanuel/ioxi-o.php' not found or unable to stat
[Mon Mar 02 00:20:56.311821 2026] [php:error] [pid 51793] [client 104.243.245.5:0] script '/domains/memanuel/info.php' not found or unable to stat
[Mon Mar 02 00:20:56.523137 2026] [php:error] [pid 51793] [client 104.243.245.5:0] script '/domains/memanuel/setup.php' not found or unable to stat
[Mon Mar 02 00:20:57.270542 2026] [php:error] [pid 51793] [client 104.243.245.5:0] script '/domains/memanuel/as.php' not found or unable to stat
[Mon Mar 02 00:20:57.430804 2026] [php:error] [pid 51793] [client 104.243.245.5:0] script '/domains/memanuel/cc.php' not found or unable to stat
[Mon Mar 02 00:20:57.720647 2026] [php:error] [pid 51793] [client 104.243.245.5:0] script '/domains/memanuel/ab.php' not found or unable to stat
[Mon Mar 02 00:20:58.182246 2026] [php:error] [pid 51793] [client 104.243.245.5:0] script '/domains/memanuel/doc.php' not found or unable to stat
[Mon Mar 02 00:20:58.703849 2026] [php:error] [pid 51793] [client 104.243.245.5:0] script '/domains/memanuel/wp-login.php' not found or unable to stat
[Mon Mar 02 00:20:58.918996 2026] [php:error] [pid 51793] [client 104.243.245.5:0] script '/domains/memanuel/mar.php' not found or unable to stat
[Mon Mar 02 00:20:59.465091 2026] [php:error] [pid 51793] [client 104.243.245.5:0] script '/domains/memanuel/1.php' not found or unable to stat
[Mon Mar 02 00:21:01.247222 2026] [php:error] [pid 51793] [client 104.243.245.5:0] script '/domains/memanuel/fm.php' not found or unable to stat
[Mon Mar 02 00:21:01.798099 2026] [php:error] [pid 51793] [client 104.243.245.5:0] script '/domains/memanuel/ini.php' not found or unable to stat
[Mon Mar 02 00:21:03.487977 2026] [php:error] [pid 51842] [client 104.243.245.5:0] script '/domains/memanuel/wp-content.php' not found or unable to stat
[Mon Mar 02 00:21:04.329649 2026] [php:error] [pid 51842] [client 104.243.245.5:0] script '/domains/memanuel/customize.php' not found or unable to stat
[Mon Mar 02 00:21:04.458344 2026] [php:error] [pid 51842] [client 104.243.245.5:0] script '/domains/memanuel/license.php' not found or unable to stat
[Mon Mar 02 00:21:04.781335 2026] [php:error] [pid 51842] [client 104.243.245.5:0] script '/domains/memanuel/lock.php' not found or unable to stat
[Mon Mar 02 00:21:05.932867 2026] [php:error] [pid 51842] [client 104.243.245.5:0] script '/domains/memanuel/wp-good.php' not found or unable to stat
[Mon Mar 02 00:21:07.415112 2026] [php:error] [pid 51842] [client 104.243.245.5:0] script '/domains/memanuel/ff2.php' not found or unable to stat
[Mon Mar 02 00:21:07.719735 2026] [php:error] [pid 51850] [client 20.104.206.150:0] script '/domains/nmksgroupweb/signon.php' not found or unable to stat
[Mon Mar 02 00:21:07.745949 2026] [php:error] [pid 51850] [client 20.104.206.150:0] script '/domains/nmksgroupweb/t00l.php' not found or unable to stat
[Mon Mar 02 00:21:07.772181 2026] [php:error] [pid 51850] [client 20.104.206.150:0] script '/domains/nmksgroupweb/function.php' not found or unable to stat
[Mon Mar 02 00:21:07.799291 2026] [php:error] [pid 51850] [client 20.104.206.150:0] script '/domains/nmksgroupweb/cjfuns.php' not found or unable to stat
[Mon Mar 02 00:21:07.825651 2026] [php:error] [pid 51850] [client 20.104.206.150:0] script '/domains/nmksgroupweb/new.php' not found or unable to stat
[Mon Mar 02 00:21:07.852736 2026] [php:error] [pid 51850] [client 20.104.206.150:0] script '/domains/nmksgroupweb/wp-xmlmp.php' not found or unable to stat
[Mon Mar 02 00:21:07.879056 2026] [php:error] [pid 51850] [client 20.104.206.150:0] script '/domains/nmksgroupweb/wp-config-sample.php' not found or unable to stat
[Mon Mar 02 00:21:07.906606 2026] [php:error] [pid 51850] [client 20.104.206.150:0] script '/domains/nmksgroupweb/wp-configssss.php' not found or unable to stat
[Mon Mar 02 00:21:07.933933 2026] [php:error] [pid 51850] [client 20.104.206.150:0] script '/domains/nmksgroupweb/wp-configss1.php' not found or unable to stat
[Mon Mar 02 00:21:07.960697 2026] [php:error] [pid 51850] [client 20.104.206.150:0] script '/domains/nmksgroupweb/ngif.php' not found or unable to stat
[Mon Mar 02 00:21:07.987213 2026] [php:error] [pid 51850] [client 20.104.206.150:0] script '/domains/nmksgroupweb/wp-configss.php' not found or unable to stat
[Mon Mar 02 00:21:07.990212 2026] [php:error] [pid 51842] [client 104.243.245.5:0] script '/domains/memanuel/jp.php' not found or unable to stat
[Mon Mar 02 00:21:08.016931 2026] [php:error] [pid 51850] [client 20.104.206.150:0] script '/domains/nmksgroupweb/yanz.php' not found or unable to stat
[Mon Mar 02 00:21:08.069749 2026] [php:error] [pid 51850] [client 20.104.206.150:0] script '/domains/nmksgroupweb/defaults.php' not found or unable to stat
[Mon Mar 02 00:21:08.098815 2026] [php:error] [pid 51850] [client 20.104.206.150:0] script '/domains/nmksgroupweb/im.php' not found or unable to stat
[Mon Mar 02 00:21:08.125398 2026] [php:error] [pid 51850] [client 20.104.206.150:0] script '/domains/nmksgroupweb/wp-comments-post.php' not found or unable to stat
[Mon Mar 02 00:21:08.138820 2026] [php:error] [pid 51842] [client 104.243.245.5:0] script '/domains/memanuel/wp-atom.php' not found or unable to stat
[Mon Mar 02 00:21:08.151749 2026] [php:error] [pid 51850] [client 20.104.206.150:0] script '/domains/nmksgroupweb/cache-compat.php' not found or unable to stat
[Mon Mar 02 00:21:08.177854 2026] [php:error] [pid 51850] [client 20.104.206.150:0] script '/domains/nmksgroupweb/fw.php' not found or unable to stat
[Mon Mar 02 00:21:08.204623 2026] [php:error] [pid 51850] [client 20.104.206.150:0] script '/domains/nmksgroupweb/berlin.php' not found or unable to stat
[Mon Mar 02 00:21:08.231080 2026] [php:error] [pid 51850] [client 20.104.206.150:0] script '/domains/nmksgroupweb/abe.php' not found or unable to stat
[Mon Mar 02 00:21:08.257450 2026] [php:error] [pid 51850] [client 20.104.206.150:0] script '/domains/nmksgroupweb/otuz1.php' not found or unable to stat
[Mon Mar 02 00:21:08.284073 2026] [php:error] [pid 51850] [client 20.104.206.150:0] script '/domains/nmksgroupweb/wp-files.php' not found or unable to stat
[Mon Mar 02 00:21:08.311222 2026] [php:error] [pid 51850] [client 20.104.206.150:0] script '/domains/nmksgroupweb/aj.php' not found or unable to stat
[Mon Mar 02 00:21:08.337505 2026] [php:error] [pid 51850] [client 20.104.206.150:0] script '/domains/nmksgroupweb/he.php' not found or unable to stat
[Mon Mar 02 00:21:08.364037 2026] [php:error] [pid 51850] [client 20.104.206.150:0] script '/domains/nmksgroupweb/cache.php' not found or unable to stat
[Mon Mar 02 00:21:08.390211 2026] [php:error] [pid 51850] [client 20.104.206.150:0] script '/domains/nmksgroupweb/tiny.php' not found or unable to stat
[Mon Mar 02 00:21:08.418190 2026] [php:error] [pid 51850] [client 20.104.206.150:0] script '/domains/nmksgroupweb/wp-load.php' not found or unable to stat
[Mon Mar 02 00:21:08.444443 2026] [php:error] [pid 51850] [client 20.104.206.150:0] script '/domains/nmksgroupweb/blog.php' not found or unable to stat
[Mon Mar 02 00:21:08.496893 2026] [php:error] [pid 51850] [client 20.104.206.150:0] script '/domains/nmksgroupweb/lufix.php' not found or unable to stat
[Mon Mar 02 00:21:08.523117 2026] [php:error] [pid 51850] [client 20.104.206.150:0] script '/domains/nmksgroupweb/ajax-actions.php' not found or unable to stat
[Mon Mar 02 00:21:08.575567 2026] [php:error] [pid 51850] [client 20.104.206.150:0] script '/domains/nmksgroupweb/cc.php' not found or unable to stat
[Mon Mar 02 00:21:08.602036 2026] [php:error] [pid 51850] [client 20.104.206.150:0] script '/domains/nmksgroupweb/bypass.php' not found or unable to stat
[Mon Mar 02 00:21:08.628295 2026] [php:error] [pid 51850] [client 20.104.206.150:0] script '/domains/nmksgroupweb/browse.php' not found or unable to stat
[Mon Mar 02 00:21:08.654488 2026] [php:error] [pid 51850] [client 20.104.206.150:0] script '/domains/nmksgroupweb/license.php' not found or unable to stat
[Mon Mar 02 00:21:08.680751 2026] [php:error] [pid 51850] [client 20.104.206.150:0] script '/domains/nmksgroupweb/contact.php' not found or unable to stat
[Mon Mar 02 00:21:08.707370 2026] [php:error] [pid 51850] [client 20.104.206.150:0] script '/domains/nmksgroupweb/minik.php' not found or unable to stat
[Mon Mar 02 00:21:08.728123 2026] [php:error] [pid 51842] [client 104.243.245.5:0] script '/domains/memanuel/up.php' not found or unable to stat
[Mon Mar 02 00:21:08.733644 2026] [php:error] [pid 51850] [client 20.104.206.150:0] script '/domains/nmksgroupweb/st.php' not found or unable to stat
[Mon Mar 02 00:21:08.759975 2026] [php:error] [pid 51850] [client 20.104.206.150:0] script '/domains/nmksgroupweb/upgrade.php' not found or unable to stat
[Mon Mar 02 00:21:09.884044 2026] [php:error] [pid 51842] [client 104.243.245.5:0] script '/domains/memanuel/worm.PhP' not found or unable to stat
[Mon Mar 02 00:21:10.002323 2026] [php:error] [pid 51842] [client 104.243.245.5:0] script '/domains/memanuel/ext.php' not found or unable to stat
[Mon Mar 02 00:21:10.136915 2026] [php:error] [pid 51842] [client 104.243.245.5:0] script '/domains/memanuel/delpaths.php' not found or unable to stat
[Mon Mar 02 00:21:11.300619 2026] [php:error] [pid 51842] [client 104.243.245.5:0] script '/domains/memanuel/gifclass.php' not found or unable to stat
[Mon Mar 02 00:21:11.478661 2026] [php:error] [pid 51842] [client 104.243.245.5:0] script '/domains/memanuel/plugin.php' not found or unable to stat
[Mon Mar 02 00:21:11.767380 2026] [php:error] [pid 51842] [client 104.243.245.5:0] script '/domains/memanuel/update-core.php' not found or unable to stat
[Mon Mar 02 00:21:12.237654 2026] [php:error] [pid 51842] [client 104.243.245.5:0] script '/domains/memanuel/wp-mail.php' not found or unable to stat
[Mon Mar 02 00:21:14.095782 2026] [php:error] [pid 51852] [client 104.243.245.5:0] script '/domains/memanuel/aa.php' not found or unable to stat
[Mon Mar 02 00:21:14.214863 2026] [php:error] [pid 51852] [client 104.243.245.5:0] script '/domains/memanuel/index2.php' not found or unable to stat
[Mon Mar 02 00:21:15.083352 2026] [php:error] [pid 51852] [client 104.243.245.5:0] script '/domains/memanuel/shell.php' not found or unable to stat
[Mon Mar 02 00:21:15.968690 2026] [php:error] [pid 51852] [client 104.243.245.5:0] script '/domains/memanuel/hehe.php' not found or unable to stat
[Mon Mar 02 00:21:16.524881 2026] [php:error] [pid 51852] [client 104.243.245.5:0] script '/domains/memanuel/dir.php' not found or unable to stat
[Mon Mar 02 00:21:17.385093 2026] [php:error] [pid 51852] [client 104.243.245.5:0] script '/domains/memanuel/nf_tracking.php' not found or unable to stat
[Mon Mar 02 00:21:17.496336 2026] [php:error] [pid 51855] [client 35.247.243.241:0] script '/domains/cccweb/adminer-5.4.0.php' not found or unable to stat
[Mon Mar 02 00:21:17.788718 2026] [php:error] [pid 51852] [client 104.243.245.5:0] script '/domains/memanuel/filefuns.php' not found or unable to stat
[Mon Mar 02 00:21:18.058655 2026] [php:error] [pid 51852] [client 104.243.245.5:0] script '/domains/memanuel/l.php' not found or unable to stat
[Mon Mar 02 00:21:18.192937 2026] [php:error] [pid 51852] [client 104.243.245.5:0] script '/domains/memanuel/repeater.php' not found or unable to stat
[Mon Mar 02 00:21:18.835168 2026] [php:error] [pid 51852] [client 104.243.245.5:0] script '/domains/memanuel/contacts.php' not found or unable to stat
[Mon Mar 02 00:21:19.085503 2026] [php:error] [pid 51852] [client 104.243.245.5:0] script '/domains/memanuel/wsa.php' not found or unable to stat
[Mon Mar 02 00:21:19.888116 2026] [php:error] [pid 51852] [client 104.243.245.5:0] script '/domains/memanuel/lv.php' not found or unable to stat
[Mon Mar 02 00:21:20.026226 2026] [php:error] [pid 51852] [client 104.243.245.5:0] script '/domains/memanuel/images/js1.php' not found or unable to stat
[Mon Mar 02 00:21:22.882312 2026] [php:error] [pid 51852] [client 104.243.245.5:0] script '/domains/memanuel/tox.php' not found or unable to stat
[Mon Mar 02 00:21:22.946365 2026] [php:error] [pid 51856] [client 20.89.254.160:0] script '/domains/system_suspended/inputs.php' not found or unable to stat
[Mon Mar 02 00:21:23.114395 2026] [php:error] [pid 51856] [client 20.89.254.160:0] script '/domains/system_suspended/ioxi-o.php' not found or unable to stat
[Mon Mar 02 00:21:23.454287 2026] [php:error] [pid 51856] [client 20.89.254.160:0] script '/domains/system_suspended/rip.php' not found or unable to stat
[Mon Mar 02 00:21:23.516086 2026] [php:error] [pid 51852] [client 104.243.245.5:0] script '/domains/memanuel/tiny.php' not found or unable to stat
[Mon Mar 02 00:21:23.655926 2026] [php:error] [pid 51856] [client 20.89.254.160:0] script '/domains/system_suspended/admin.php' not found or unable to stat
[Mon Mar 02 00:21:23.775421 2026] [php:error] [pid 51852] [client 104.243.245.5:0] script '/domains/memanuel/themes.php' not found or unable to stat
[Mon Mar 02 00:21:23.915915 2026] [php:error] [pid 51852] [client 104.243.245.5:0] script '/domains/memanuel/wp-themes.php' not found or unable to stat
[Mon Mar 02 00:21:23.998293 2026] [php:error] [pid 51856] [client 20.89.254.160:0] script '/domains/system_suspended/cache.php' not found or unable to stat
[Mon Mar 02 00:21:24.166594 2026] [php:error] [pid 51856] [client 20.89.254.160:0] script '/domains/system_suspended/themes.php' not found or unable to stat
[Mon Mar 02 00:21:24.334871 2026] [php:error] [pid 51856] [client 20.89.254.160:0] script '/domains/system_suspended/an.php' not found or unable to stat
[Mon Mar 02 00:21:24.342410 2026] [php:error] [pid 51852] [client 104.243.245.5:0] script '/domains/memanuel/mariju.php' not found or unable to stat
[Mon Mar 02 00:21:24.506111 2026] [php:error] [pid 51852] [client 104.243.245.5:0] script '/domains/memanuel/waf_defender.php' not found or unable to stat
[Mon Mar 02 00:21:24.810133 2026] [php:error] [pid 51852] [client 104.243.245.5:0] script '/domains/memanuel/av.php' not found or unable to stat
[Mon Mar 02 00:21:24.839929 2026] [php:error] [pid 51856] [client 20.89.254.160:0] script '/domains/system_suspended/ws.php' not found or unable to stat
[Mon Mar 02 00:21:25.011734 2026] [php:error] [pid 51856] [client 20.89.254.160:0] script '/domains/system_suspended/404.php' not found or unable to stat
[Mon Mar 02 00:21:25.371533 2026] [php:error] [pid 51856] [client 20.89.254.160:0] script '/domains/system_suspended/wp-conf.php' not found or unable to stat
[Mon Mar 02 00:21:25.709319 2026] [php:error] [pid 51856] [client 20.89.254.160:0] script '/domains/system_suspended/wp-login.php' not found or unable to stat
[Mon Mar 02 00:21:25.877648 2026] [php:error] [pid 51856] [client 20.89.254.160:0] script '/domains/system_suspended/abc.php' not found or unable to stat
[Mon Mar 02 00:21:26.047447 2026] [php:error] [pid 51856] [client 20.89.254.160:0] script '/domains/system_suspended/abcd.php' not found or unable to stat
[Mon Mar 02 00:21:26.216249 2026] [php:error] [pid 51856] [client 20.89.254.160:0] script '/domains/system_suspended/as.php' not found or unable to stat
[Mon Mar 02 00:21:26.384470 2026] [php:error] [pid 51856] [client 20.89.254.160:0] script '/domains/system_suspended/wp-trackback.php' not found or unable to stat
[Mon Mar 02 00:21:26.410292 2026] [php:error] [pid 51848] [client 104.243.245.5:0] script '/domains/memanuel/theme.php' not found or unable to stat
[Mon Mar 02 00:21:26.553374 2026] [php:error] [pid 51856] [client 20.89.254.160:0] script '/domains/system_suspended/about.php' not found or unable to stat
[Mon Mar 02 00:21:26.721549 2026] [php:error] [pid 51856] [client 20.89.254.160:0] script '/domains/system_suspended/file.php' not found or unable to stat
[Mon Mar 02 00:21:26.841827 2026] [php:error] [pid 51848] [client 104.243.245.5:0] script '/domains/memanuel/Simple.php' not found or unable to stat
[Mon Mar 02 00:21:26.905525 2026] [php:error] [pid 51856] [client 20.89.254.160:0] script '/domains/system_suspended/adminfuns.php' not found or unable to stat
[Mon Mar 02 00:21:27.073946 2026] [php:error] [pid 51856] [client 20.89.254.160:0] script '/domains/system_suspended/wp-good.php' not found or unable to stat
[Mon Mar 02 00:21:27.242389 2026] [php:error] [pid 51856] [client 20.89.254.160:0] script '/domains/system_suspended/xmlrpc.php' not found or unable to stat
[Mon Mar 02 00:21:27.410740 2026] [php:error] [pid 51856] [client 20.89.254.160:0] script '/domains/system_suspended/goods.php' not found or unable to stat
[Mon Mar 02 00:21:27.578911 2026] [php:error] [pid 51856] [client 20.89.254.160:0] script '/domains/system_suspended/class-t.api.php' not found or unable to stat
[Mon Mar 02 00:21:27.759068 2026] [php:error] [pid 51856] [client 20.89.254.160:0] script '/domains/system_suspended/sf.php' not found or unable to stat
[Mon Mar 02 00:21:27.927211 2026] [php:error] [pid 51856] [client 20.89.254.160:0] script '/domains/system_suspended/kbfr.php' not found or unable to stat
[Mon Mar 02 00:21:28.095397 2026] [php:error] [pid 51856] [client 20.89.254.160:0] script '/domains/system_suspended/autoload_classmap.php' not found or unable to stat
[Mon Mar 02 00:21:28.145090 2026] [php:error] [pid 51852] [client 104.243.245.5:0] script '/domains/memanuel/images/waf_defender.php' not found or unable to stat
[Mon Mar 02 00:21:28.264005 2026] [php:error] [pid 51856] [client 20.89.254.160:0] script '/domains/system_suspended/chosen.php' not found or unable to stat
[Mon Mar 02 00:21:28.425369 2026] [php:error] [pid 51852] [client 104.243.245.5:0] script '/domains/memanuel/small.php' not found or unable to stat
[Mon Mar 02 00:21:28.432158 2026] [php:error] [pid 51856] [client 20.89.254.160:0] script '/domains/system_suspended/classwithtostring.php' not found or unable to stat
[Mon Mar 02 00:21:28.600691 2026] [php:error] [pid 51856] [client 20.89.254.160:0] script '/domains/system_suspended/defaults.php' not found or unable to stat
[Mon Mar 02 00:21:28.745152 2026] [php:error] [pid 51852] [client 104.243.245.5:0] script '/domains/memanuel/NewFile.php' not found or unable to stat
[Mon Mar 02 00:21:29.006868 2026] [php:error] [pid 51852] [client 104.243.245.5:0] script '/domains/memanuel/error.php' not found or unable to stat
[Mon Mar 02 00:21:29.119081 2026] [php:error] [pid 51856] [client 20.89.254.160:0] script '/domains/system_suspended/info.php' not found or unable to stat
[Mon Mar 02 00:21:29.588879 2026] [php:error] [pid 51852] [client 104.243.245.5:0] script '/domains/memanuel/wp-files.php' not found or unable to stat
[Mon Mar 02 00:21:29.801662 2026] [php:error] [pid 51852] [client 104.243.245.5:0] script '/domains/memanuel/functions.php' not found or unable to stat
[Mon Mar 02 00:21:30.600431 2026] [php:error] [pid 51852] [client 104.243.245.5:0] script '/domains/memanuel/aks.php' not found or unable to stat
[Mon Mar 02 00:21:30.763130 2026] [php:error] [pid 51852] [client 104.243.245.5:0] script '/domains/memanuel/litespeed.php' not found or unable to stat
[Mon Mar 02 00:21:31.265244 2026] [php:error] [pid 51852] [client 104.243.245.5:0] script '/domains/memanuel/wpn.php' not found or unable to stat
[Mon Mar 02 00:21:34.483757 2026] [php:error] [pid 51855] [client 104.243.245.35:0] script '/domains/memanuel/images/wp-aespa.php' not found or unable to stat
[Mon Mar 02 00:21:37.233719 2026] [php:error] [pid 51793] [client 104.243.245.5:0] script '/domains/memanuel/Sanskrit.php' not found or unable to stat
[Mon Mar 02 00:21:37.456376 2026] [php:error] [pid 51793] [client 104.243.245.5:0] script '/domains/memanuel/wp-fmfile.php' not found or unable to stat
[Mon Mar 02 00:21:38.075876 2026] [php:error] [pid 51793] [client 104.243.245.5:0] script '/domains/memanuel/memberfuns.php' not found or unable to stat
[Mon Mar 02 00:21:38.221012 2026] [php:error] [pid 51793] [client 104.243.245.5:0] script '/domains/memanuel/infos.php' not found or unable to stat
[Mon Mar 02 00:21:38.842209 2026] [php:error] [pid 51793] [client 104.243.245.5:0] script '/domains/memanuel/options-writing.php' not found or unable to stat
[Mon Mar 02 00:21:38.975831 2026] [php:error] [pid 51793] [client 104.243.245.5:0] script '/domains/memanuel/options-reading.php' not found or unable to stat
[Mon Mar 02 00:21:39.164011 2026] [php:error] [pid 51793] [client 104.243.245.5:0] script '/domains/memanuel/wsad.php' not found or unable to stat
[Mon Mar 02 00:21:39.295668 2026] [php:error] [pid 51793] [client 104.243.245.5:0] script '/domains/memanuel/nation.php' not found or unable to stat
[Mon Mar 02 00:21:40.077741 2026] [php:error] [pid 51848] [client 207.166.179.200:0] script '/domains/vangoghagainweb/large_format_scanning.php' not found or unable to stat
[Mon Mar 02 00:21:40.147670 2026] [php:error] [pid 51793] [client 104.243.245.5:0] script '/domains/memanuel/wp-atomx.php' not found or unable to stat
[Mon Mar 02 00:21:40.331837 2026] [php:error] [pid 51793] [client 104.243.245.5:0] script '/domains/memanuel/admin-footer.php' not found or unable to stat
[Mon Mar 02 00:21:40.623814 2026] [php:error] [pid 51793] [client 104.243.245.5:0] script '/domains/memanuel/XxX.php' not found or unable to stat
[Mon Mar 02 00:21:42.656700 2026] [php:error] [pid 51793] [client 104.243.245.5:0] script '/domains/memanuel/images/buy.php' not found or unable to stat
[Mon Mar 02 00:21:45.088603 2026] [php:error] [pid 51793] [client 104.243.245.5:0] script '/domains/memanuel/xex.php' not found or unable to stat
[Mon Mar 02 00:21:45.885495 2026] [php:error] [pid 51793] [client 104.243.245.5:0] script '/domains/memanuel/wp-head.php' not found or unable to stat
[Mon Mar 02 00:21:46.399506 2026] [php:error] [pid 51793] [client 104.243.245.5:0] script '/domains/memanuel/makeasmtp.php' not found or unable to stat
[Mon Mar 02 00:21:46.826906 2026] [php:error] [pid 51793] [client 104.243.245.5:0] script '/domains/memanuel/images/bypass.php' not found or unable to stat
[Mon Mar 02 00:21:49.108138 2026] [php:error] [pid 51793] [client 104.243.245.5:0] script '/domains/memanuel/click.php' not found or unable to stat
[Mon Mar 02 00:21:49.638631 2026] [php:error] [pid 51856] [client 35.247.243.240:0] script '/domains/cccweb/adminer-5.2.0-mysql-en.php' not found or unable to stat
[Mon Mar 02 00:21:50.613576 2026] [php:error] [pid 51793] [client 104.243.245.5:0] script '/domains/memanuel/wp-admin.php' not found or unable to stat
[Mon Mar 02 00:21:50.704027 2026] [php:error] [pid 51861] [client 20.53.243.118:0] script '/domains/testregisgroup/222.php' not found or unable to stat
[Mon Mar 02 00:21:50.909170 2026] [php:error] [pid 51861] [client 20.53.243.118:0] script '/domains/testregisgroup/404.php' not found or unable to stat
[Mon Mar 02 00:21:51.114341 2026] [php:error] [pid 51861] [client 20.53.243.118:0] script '/domains/testregisgroup/about.php' not found or unable to stat
[Mon Mar 02 00:21:51.319316 2026] [php:error] [pid 51861] [client 20.53.243.118:0] script '/domains/testregisgroup/admin.php' not found or unable to stat
[Mon Mar 02 00:21:51.339179 2026] [php:error] [pid 51793] [client 104.243.245.5:0] script '/domains/memanuel/wp-editor.php' not found or unable to stat
[Mon Mar 02 00:21:51.524296 2026] [php:error] [pid 51861] [client 20.53.243.118:0] script '/domains/testregisgroup/adminfuns.php' not found or unable to stat
[Mon Mar 02 00:21:51.730125 2026] [php:error] [pid 51855] [client 104.243.245.5:0] script '/domains/memanuel/images/install.php' not found or unable to stat
[Mon Mar 02 00:21:51.741290 2026] [php:error] [pid 51861] [client 20.53.243.118:0] script '/domains/testregisgroup/bless.php' not found or unable to stat
[Mon Mar 02 00:21:51.947786 2026] [php:error] [pid 51861] [client 20.53.243.118:0] script '/domains/testregisgroup/bolt.php' not found or unable to stat
[Mon Mar 02 00:21:51.968281 2026] [php:error] [pid 51855] [client 104.243.245.5:0] script '/domains/memanuel/adminfusm.php' not found or unable to stat
[Mon Mar 02 00:21:52.153908 2026] [php:error] [pid 51861] [client 20.53.243.118:0] script '/domains/testregisgroup/ccou.php' not found or unable to stat
[Mon Mar 02 00:21:52.314533 2026] [php:error] [pid 51862] [client 34.96.162.54:0] script '/domains/cccweb/adminer-5.1.0.php' not found or unable to stat
[Mon Mar 02 00:21:52.358756 2026] [php:error] [pid 51861] [client 20.53.243.118:0] script '/domains/testregisgroup/class-t.api.php' not found or unable to stat
[Mon Mar 02 00:21:52.563697 2026] [php:error] [pid 51861] [client 20.53.243.118:0] script '/domains/testregisgroup/css.php' not found or unable to stat
[Mon Mar 02 00:21:52.573730 2026] [php:error] [pid 51855] [client 104.243.245.5:0] script '/domains/memanuel/images/habhan.php' not found or unable to stat
[Mon Mar 02 00:21:52.974727 2026] [php:error] [pid 51861] [client 20.53.243.118:0] script '/domains/testregisgroup/edit.php' not found or unable to stat
[Mon Mar 02 00:21:53.180986 2026] [php:error] [pid 51861] [client 20.53.243.118:0] script '/domains/testregisgroup/fff.php' not found or unable to stat
[Mon Mar 02 00:21:53.385993 2026] [php:error] [pid 51861] [client 20.53.243.118:0] script '/domains/testregisgroup/file.php' not found or unable to stat
[Mon Mar 02 00:21:53.590765 2026] [php:error] [pid 51861] [client 20.53.243.118:0] script '/domains/testregisgroup/fx.php' not found or unable to stat
[Mon Mar 02 00:21:53.797007 2026] [php:error] [pid 51861] [client 20.53.243.118:0] script '/domains/testregisgroup/info.php' not found or unable to stat
[Mon Mar 02 00:21:54.002213 2026] [php:error] [pid 51861] [client 20.53.243.118:0] script '/domains/testregisgroup/ioxi-o.php' not found or unable to stat
[Mon Mar 02 00:21:54.004359 2026] [php:error] [pid 51855] [client 104.243.245.5:0] script '/domains/memanuel/f35_SpaceTn.php' not found or unable to stat
[Mon Mar 02 00:21:54.207588 2026] [php:error] [pid 51861] [client 20.53.243.118:0] script '/domains/testregisgroup/rip.php' not found or unable to stat
[Mon Mar 02 00:21:54.412401 2026] [php:error] [pid 51861] [client 20.53.243.118:0] script '/domains/testregisgroup/server.php' not found or unable to stat
[Mon Mar 02 00:21:54.617943 2026] [php:error] [pid 51861] [client 20.53.243.118:0] script '/domains/testregisgroup/wp-blog.php' not found or unable to stat
[Mon Mar 02 00:21:55.816808 2026] [php:error] [pid 51855] [client 104.243.245.5:0] script '/domains/memanuel/gm.php' not found or unable to stat
[Mon Mar 02 00:21:55.849102 2026] [php:error] [pid 51861] [client 20.53.243.118:0] script '/domains/testregisgroup/wp-editor.php' not found or unable to stat
[Mon Mar 02 00:21:56.543392 2026] [php:error] [pid 51856] [client 35.247.243.254:0] script '/domains/cccweb/adminer-5.3.0-mysql-en.php' not found or unable to stat
[Mon Mar 02 00:21:56.869210 2026] [php:error] [pid 51865] [client 146.103.112.41:0] script '/domains/wsmith.enteract/wp-login.php' not found or unable to stat
[Mon Mar 02 00:21:56.883199 2026] [php:error] [pid 51861] [client 20.53.243.118:0] script '/domains/testregisgroup/wp.php' not found or unable to stat
[Mon Mar 02 00:21:57.088364 2026] [php:error] [pid 51861] [client 20.53.243.118:0] script '/domains/testregisgroup/x.php' not found or unable to stat
[Mon Mar 02 00:21:57.684485 2026] [php:error] [pid 51855] [client 104.243.245.5:0] script '/domains/memanuel/plugin-install.php' not found or unable to stat
[Mon Mar 02 00:21:59.556325 2026] [php:error] [pid 51855] [client 104.243.245.5:0] script '/domains/memanuel/images/mah.php' not found or unable to stat
[Mon Mar 02 00:22:01.275841 2026] [php:error] [pid 51855] [client 104.243.245.5:0] script '/domains/memanuel/b.php' not found or unable to stat
[Mon Mar 02 00:22:02.138899 2026] [php:error] [pid 51863] [client 35.247.243.251:0] script '/domains/cccweb/adminer-4.8.1-mysql.php' not found or unable to stat
[Mon Mar 02 00:22:02.237047 2026] [php:error] [pid 51855] [client 104.243.245.5:0] script '/domains/memanuel/wsax.php' not found or unable to stat
[Mon Mar 02 00:22:05.067875 2026] [php:error] [pid 51855] [client 104.243.245.5:0] script '/domains/memanuel/images/Marvins.php' not found or unable to stat
[Mon Mar 02 00:22:06.400851 2026] [php:error] [pid 51856] [client 34.96.162.56:0] script '/domains/cccweb/adminer-5.0.1-en.php' not found or unable to stat
[Mon Mar 02 00:22:08.469580 2026] [php:error] [pid 51855] [client 104.243.245.5:0] script '/domains/memanuel/bs1.php' not found or unable to stat
[Mon Mar 02 00:22:08.917848 2026] [php:error] [pid 51855] [client 104.243.245.5:0] script '/domains/memanuel/page.php' not found or unable to stat
[Mon Mar 02 00:22:16.584791 2026] [php:error] [pid 51856] [client 145.239.10.137:0] script '/domains/system_default/k.php' not found or unable to stat, referer: http://hurwittgraphics.com/k.php
[Mon Mar 02 00:22:23.693504 2026] [php:error] [pid 51875] [client 20.63.41.168:0] script '/domains/agribiz/trx24.php' not found or unable to stat
[Mon Mar 02 00:22:24.159817 2026] [php:error] [pid 51875] [client 20.63.41.168:0] script '/domains/agribiz/cah.php' not found or unable to stat
[Mon Mar 02 00:22:24.213442 2026] [php:error] [pid 51875] [client 20.63.41.168:0] script '/domains/agribiz/acp.php' not found or unable to stat
[Mon Mar 02 00:22:24.240740 2026] [php:error] [pid 51875] [client 20.63.41.168:0] script '/domains/agribiz/muzu.php' not found or unable to stat
[Mon Mar 02 00:22:24.267961 2026] [php:error] [pid 51875] [client 20.63.41.168:0] script '/domains/agribiz/wpo.php' not found or unable to stat
[Mon Mar 02 00:22:24.309093 2026] [php:error] [pid 51875] [client 20.63.41.168:0] script '/domains/agribiz/x123x.php' not found or unable to stat
[Mon Mar 02 00:22:24.341587 2026] [php:error] [pid 51875] [client 20.63.41.168:0] script '/domains/agribiz/aq.php' not found or unable to stat
[Mon Mar 02 00:22:24.377733 2026] [php:error] [pid 51875] [client 20.63.41.168:0] script '/domains/agribiz/011i.php' not found or unable to stat
[Mon Mar 02 00:22:24.466147 2026] [php:error] [pid 51875] [client 20.63.41.168:0] script '/domains/agribiz/edit-tags.php' not found or unable to stat
[Mon Mar 02 00:22:24.520048 2026] [php:error] [pid 51875] [client 20.63.41.168:0] script '/domains/agribiz/as1337.php' not found or unable to stat
[Mon Mar 02 00:22:24.546803 2026] [php:error] [pid 51875] [client 20.63.41.168:0] script '/domains/agribiz/Okxob.php' not found or unable to stat
[Mon Mar 02 00:22:24.573743 2026] [php:error] [pid 51875] [client 20.63.41.168:0] script '/domains/agribiz/wolf-shell.php' not found or unable to stat
[Mon Mar 02 00:22:24.601119 2026] [php:error] [pid 51875] [client 20.63.41.168:0] script '/domains/agribiz/core.php' not found or unable to stat
[Mon Mar 02 00:22:24.627955 2026] [php:error] [pid 51875] [client 20.63.41.168:0] script '/domains/agribiz/zeal.php' not found or unable to stat
[Mon Mar 02 00:22:24.660060 2026] [php:error] [pid 51875] [client 20.63.41.168:0] script '/domains/agribiz/asf.php' not found or unable to stat
[Mon Mar 02 00:22:24.686846 2026] [php:error] [pid 51875] [client 20.63.41.168:0] script '/domains/agribiz/sa.php' not found or unable to stat
[Mon Mar 02 00:22:24.856203 2026] [php:error] [pid 51856] [client 35.247.243.249:0] script '/domains/cccweb/adminer-4.6.0.php' not found or unable to stat
[Mon Mar 02 00:23:45.022592 2026] [php:error] [pid 51886] [client 75.240.88.204:0] script '/domains/pookie.dnai/xmlrpc.php' not found or unable to stat
[Mon Mar 02 00:23:46.044959 2026] [php:error] [pid 51888] [client 35.247.243.245:0] script '/domains/cccweb/adminer-5.0.1-mysql-en.php' not found or unable to stat
[Mon Mar 02 00:23:54.012029 2026] [php:error] [pid 51902] [client 35.247.243.246:0] script '/domains/cccweb/adminer-5.1.0-mysql-en.php' not found or unable to stat
[Mon Mar 02 00:23:57.912068 2026] [php:error] [pid 51891] [client 20.89.41.34:0] script '/domains/tennex/222.php' not found or unable to stat
[Mon Mar 02 00:23:58.072694 2026] [php:error] [pid 51891] [client 20.89.41.34:0] script '/domains/tennex/404.php' not found or unable to stat
[Mon Mar 02 00:23:58.232990 2026] [php:error] [pid 51891] [client 20.89.41.34:0] script '/domains/tennex/about.php' not found or unable to stat
[Mon Mar 02 00:23:58.397956 2026] [php:error] [pid 51891] [client 20.89.41.34:0] script '/domains/tennex/admin.php' not found or unable to stat
[Mon Mar 02 00:23:58.557569 2026] [php:error] [pid 51891] [client 20.89.41.34:0] script '/domains/tennex/adminfuns.php' not found or unable to stat
[Mon Mar 02 00:23:58.717324 2026] [php:error] [pid 51891] [client 20.89.41.34:0] script '/domains/tennex/bless.php' not found or unable to stat
[Mon Mar 02 00:23:58.878623 2026] [php:error] [pid 51891] [client 20.89.41.34:0] script '/domains/tennex/bolt.php' not found or unable to stat
[Mon Mar 02 00:23:59.038760 2026] [php:error] [pid 51891] [client 20.89.41.34:0] script '/domains/tennex/ccou.php' not found or unable to stat
[Mon Mar 02 00:23:59.198883 2026] [php:error] [pid 51891] [client 20.89.41.34:0] script '/domains/tennex/class-t.api.php' not found or unable to stat
[Mon Mar 02 00:23:59.360332 2026] [php:error] [pid 51891] [client 20.89.41.34:0] script '/domains/tennex/css.php' not found or unable to stat
[Mon Mar 02 00:23:59.682770 2026] [php:error] [pid 51891] [client 20.89.41.34:0] script '/domains/tennex/edit.php' not found or unable to stat
[Mon Mar 02 00:23:59.842729 2026] [php:error] [pid 51891] [client 20.89.41.34:0] script '/domains/tennex/fff.php' not found or unable to stat
[Mon Mar 02 00:24:00.003098 2026] [php:error] [pid 51891] [client 20.89.41.34:0] script '/domains/tennex/file.php' not found or unable to stat
[Mon Mar 02 00:24:00.163120 2026] [php:error] [pid 51891] [client 20.89.41.34:0] script '/domains/tennex/fx.php' not found or unable to stat
[Mon Mar 02 00:24:00.323238 2026] [php:error] [pid 51891] [client 20.89.41.34:0] script '/domains/tennex/info.php' not found or unable to stat
[Mon Mar 02 00:24:00.483342 2026] [php:error] [pid 51891] [client 20.89.41.34:0] script '/domains/tennex/ioxi-o.php' not found or unable to stat
[Mon Mar 02 00:24:00.643356 2026] [php:error] [pid 51891] [client 20.89.41.34:0] script '/domains/tennex/rip.php' not found or unable to stat
[Mon Mar 02 00:24:00.804432 2026] [php:error] [pid 51891] [client 20.89.41.34:0] script '/domains/tennex/server.php' not found or unable to stat
[Mon Mar 02 00:24:00.966178 2026] [php:error] [pid 51891] [client 20.89.41.34:0] script '/domains/tennex/wp-blog.php' not found or unable to stat
[Mon Mar 02 00:24:01.941899 2026] [php:error] [pid 51891] [client 20.89.41.34:0] script '/domains/tennex/wp-editor.php' not found or unable to stat
[Mon Mar 02 00:24:02.770621 2026] [php:error] [pid 51891] [client 20.89.41.34:0] script '/domains/tennex/wp.php' not found or unable to stat
[Mon Mar 02 00:24:02.930622 2026] [php:error] [pid 51891] [client 20.89.41.34:0] script '/domains/tennex/x.php' not found or unable to stat
[Mon Mar 02 00:24:24.724220 2026] [php:error] [pid 51900] [client 4.193.248.52:0] script '/domains/dcoffman/222.php' not found or unable to stat
[Mon Mar 02 00:24:24.955238 2026] [php:error] [pid 51900] [client 4.193.248.52:0] script '/domains/dcoffman/404.php' not found or unable to stat
[Mon Mar 02 00:24:25.185692 2026] [php:error] [pid 51900] [client 4.193.248.52:0] script '/domains/dcoffman/about.php' not found or unable to stat
