[Mon Mar 02 01:41:25.437582 2026] [php:error] [pid 52866] [client 20.151.11.236:0] script '/domains/homesbyaudrey1/fi.php' not found or unable to stat
[Mon Mar 02 01:41:25.461201 2026] [php:error] [pid 52866] [client 20.151.11.236:0] script '/domains/homesbyaudrey1/a1.php' not found or unable to stat
[Mon Mar 02 01:41:25.535568 2026] [php:error] [pid 52866] [client 20.151.11.236:0] script '/domains/homesbyaudrey1/f35.php' not found or unable to stat
[Mon Mar 02 01:41:25.559471 2026] [php:error] [pid 52866] [client 20.151.11.236:0] script '/domains/homesbyaudrey1/hi.php' not found or unable to stat
[Mon Mar 02 01:41:25.583190 2026] [php:error] [pid 52866] [client 20.151.11.236:0] script '/domains/homesbyaudrey1/lala.php' not found or unable to stat
[Mon Mar 02 01:41:25.609175 2026] [php:error] [pid 52866] [client 20.151.11.236:0] script '/domains/homesbyaudrey1/lb.php' not found or unable to stat
[Mon Mar 02 01:41:25.656745 2026] [php:error] [pid 52866] [client 20.151.11.236:0] script '/domains/homesbyaudrey1/0.php' not found or unable to stat
[Mon Mar 02 01:41:25.680636 2026] [php:error] [pid 52866] [client 20.151.11.236:0] script '/domains/homesbyaudrey1/core.php' not found or unable to stat
[Mon Mar 02 01:41:25.704185 2026] [php:error] [pid 52866] [client 20.151.11.236:0] script '/domains/homesbyaudrey1/autogooey.php' not found or unable to stat
[Mon Mar 02 01:41:25.775415 2026] [php:error] [pid 52866] [client 20.151.11.236:0] script '/domains/homesbyaudrey1/prv8.php' not found or unable to stat
[Mon Mar 02 01:41:25.799185 2026] [php:error] [pid 52866] [client 20.151.11.236:0] script '/domains/homesbyaudrey1/k.php' not found or unable to stat
[Mon Mar 02 01:41:25.825532 2026] [php:error] [pid 52866] [client 20.151.11.236:0] script '/domains/homesbyaudrey1/dev.php' not found or unable to stat
[Mon Mar 02 01:41:25.856050 2026] [php:error] [pid 52866] [client 20.151.11.236:0] script '/domains/homesbyaudrey1/x123x.php' not found or unable to stat
[Mon Mar 02 01:41:25.882539 2026] [php:error] [pid 52866] [client 20.151.11.236:0] script '/domains/homesbyaudrey1/bal.php' not found or unable to stat
[Mon Mar 02 01:41:25.906377 2026] [php:error] [pid 52866] [client 20.151.11.236:0] script '/domains/homesbyaudrey1/in.php' not found or unable to stat
[Mon Mar 02 01:41:25.930270 2026] [php:error] [pid 52866] [client 20.151.11.236:0] script '/domains/homesbyaudrey1/gssdd.php' not found or unable to stat
[Mon Mar 02 01:41:25.954392 2026] [php:error] [pid 52866] [client 20.151.11.236:0] script '/domains/homesbyaudrey1/motu.php' not found or unable to stat
[Mon Mar 02 01:41:25.988508 2026] [php:error] [pid 52866] [client 20.151.11.236:0] script '/domains/homesbyaudrey1/bs1.php' not found or unable to stat
[Mon Mar 02 01:41:26.020406 2026] [php:error] [pid 52866] [client 20.151.11.236:0] script '/domains/homesbyaudrey1/bengi.php' not found or unable to stat
[Mon Mar 02 01:41:26.059936 2026] [php:error] [pid 52866] [client 20.151.11.236:0] script '/domains/homesbyaudrey1/log.php' not found or unable to stat
[Mon Mar 02 01:41:26.087975 2026] [php:error] [pid 52866] [client 20.151.11.236:0] script '/domains/homesbyaudrey1/miansha.php' not found or unable to stat
[Mon Mar 02 01:41:26.106945 2026] [php:error] [pid 52862] [client 91.230.225.219:0] script '/domains/ceonlinenews/options-writing.php' not found or unable to stat
[Mon Mar 02 01:41:26.118671 2026] [php:error] [pid 52866] [client 20.151.11.236:0] script '/domains/homesbyaudrey1/erty.php' not found or unable to stat
[Mon Mar 02 01:41:26.166379 2026] [php:error] [pid 52866] [client 20.151.11.236:0] script '/domains/homesbyaudrey1/X57.php' not found or unable to stat
[Mon Mar 02 01:41:26.191008 2026] [php:error] [pid 52866] [client 20.151.11.236:0] script '/domains/homesbyaudrey1/axx.php' not found or unable to stat
[Mon Mar 02 01:41:26.214838 2026] [php:error] [pid 52866] [client 20.151.11.236:0] script '/domains/homesbyaudrey1/alfashell.php' not found or unable to stat
[Mon Mar 02 01:41:26.243553 2026] [php:error] [pid 52866] [client 20.151.11.236:0] script '/domains/homesbyaudrey1/myfile.php' not found or unable to stat
[Mon Mar 02 01:41:26.268515 2026] [php:error] [pid 52866] [client 20.151.11.236:0] script '/domains/homesbyaudrey1/re.php' not found or unable to stat
[Mon Mar 02 01:41:26.275698 2026] [php:error] [pid 52862] [client 91.230.225.219:0] script '/domains/ceonlinenews/options-reading.php' not found or unable to stat
[Mon Mar 02 01:41:26.292220 2026] [php:error] [pid 52866] [client 20.151.11.236:0] script '/domains/homesbyaudrey1/styll.php' not found or unable to stat
[Mon Mar 02 01:41:26.315959 2026] [php:error] [pid 52866] [client 20.151.11.236:0] script '/domains/homesbyaudrey1/flower.php' not found or unable to stat
[Mon Mar 02 01:41:26.339732 2026] [php:error] [pid 52866] [client 20.151.11.236:0] script '/domains/homesbyaudrey1/flower2.php' not found or unable to stat
[Mon Mar 02 01:41:26.363342 2026] [php:error] [pid 52866] [client 20.151.11.236:0] script '/domains/homesbyaudrey1/4h.php' not found or unable to stat
[Mon Mar 02 01:41:26.386956 2026] [php:error] [pid 52866] [client 20.151.11.236:0] script '/domains/homesbyaudrey1/gettest.php' not found or unable to stat
[Mon Mar 02 01:41:26.410565 2026] [php:error] [pid 52866] [client 20.151.11.236:0] script '/domains/homesbyaudrey1/acp.php' not found or unable to stat
[Mon Mar 02 01:41:26.434370 2026] [php:error] [pid 52866] [client 20.151.11.236:0] script '/domains/homesbyaudrey1/database.php' not found or unable to stat
[Mon Mar 02 01:41:26.582356 2026] [php:error] [pid 52862] [client 91.230.225.219:0] script '/domains/ceonlinenews/wsad.php' not found or unable to stat
[Mon Mar 02 01:41:26.752699 2026] [php:error] [pid 52862] [client 91.230.225.219:0] script '/domains/ceonlinenews/nation.php' not found or unable to stat
[Mon Mar 02 01:41:27.590044 2026] [php:error] [pid 52862] [client 91.230.225.219:0] script '/domains/ceonlinenews/wp-atomx.php' not found or unable to stat
[Mon Mar 02 01:41:27.766288 2026] [php:error] [pid 52862] [client 91.230.225.219:0] script '/domains/ceonlinenews/admin-footer.php' not found or unable to stat
[Mon Mar 02 01:41:28.079098 2026] [php:error] [pid 52862] [client 91.230.225.219:0] script '/domains/ceonlinenews/XxX.php' not found or unable to stat
[Mon Mar 02 01:41:29.868500 2026] [php:error] [pid 52865] [client 37.140.254.75:0] script '/domains/cccweb/Sanskrit.php' not found or unable to stat
[Mon Mar 02 01:41:30.248744 2026] [php:error] [pid 52865] [client 37.140.254.75:0] script '/domains/cccweb/wp-fmfile.php' not found or unable to stat
[Mon Mar 02 01:41:30.455515 2026] [php:error] [pid 52862] [client 91.230.225.219:0] script '/domains/ceonlinenews/images/buy.php' not found or unable to stat
[Mon Mar 02 01:41:30.564990 2026] [php:error] [pid 52864] [client 20.63.41.168:0] script '/domains/system_default/trx24.php' not found or unable to stat
[Mon Mar 02 01:41:30.623624 2026] [php:error] [pid 52864] [client 20.63.41.168:0] script '/domains/system_default/cah.php' not found or unable to stat
[Mon Mar 02 01:41:30.688362 2026] [php:error] [pid 52864] [client 20.63.41.168:0] script '/domains/system_default/acp.php' not found or unable to stat
[Mon Mar 02 01:41:30.718831 2026] [php:error] [pid 52864] [client 20.63.41.168:0] script '/domains/system_default/muzu.php' not found or unable to stat
[Mon Mar 02 01:41:30.747742 2026] [php:error] [pid 52864] [client 20.63.41.168:0] script '/domains/system_default/wpo.php' not found or unable to stat
[Mon Mar 02 01:41:30.774414 2026] [php:error] [pid 52864] [client 20.63.41.168:0] script '/domains/system_default/x123x.php' not found or unable to stat
[Mon Mar 02 01:41:30.812376 2026] [php:error] [pid 52864] [client 20.63.41.168:0] script '/domains/system_default/aq.php' not found or unable to stat
[Mon Mar 02 01:41:30.838888 2026] [php:error] [pid 52864] [client 20.63.41.168:0] script '/domains/system_default/011i.php' not found or unable to stat
[Mon Mar 02 01:41:30.874822 2026] [php:error] [pid 52864] [client 20.63.41.168:0] script '/domains/system_default/edit-tags.php' not found or unable to stat
[Mon Mar 02 01:41:30.901246 2026] [php:error] [pid 52864] [client 20.63.41.168:0] script '/domains/system_default/as1337.php' not found or unable to stat
[Mon Mar 02 01:41:30.927875 2026] [php:error] [pid 52864] [client 20.63.41.168:0] script '/domains/system_default/Okxob.php' not found or unable to stat
[Mon Mar 02 01:41:30.960991 2026] [php:error] [pid 52864] [client 20.63.41.168:0] script '/domains/system_default/wolf-shell.php' not found or unable to stat
[Mon Mar 02 01:41:30.996026 2026] [php:error] [pid 52864] [client 20.63.41.168:0] script '/domains/system_default/core.php' not found or unable to stat
[Mon Mar 02 01:41:31.037542 2026] [php:error] [pid 52864] [client 20.63.41.168:0] script '/domains/system_default/zeal.php' not found or unable to stat
[Mon Mar 02 01:41:31.121532 2026] [php:error] [pid 52864] [client 20.63.41.168:0] script '/domains/system_default/asf.php' not found or unable to stat
[Mon Mar 02 01:41:31.148929 2026] [php:error] [pid 52864] [client 20.63.41.168:0] script '/domains/system_default/sa.php' not found or unable to stat
[Mon Mar 02 01:41:31.526110 2026] [php:error] [pid 52865] [client 37.140.254.75:0] script '/domains/cccweb/memberfuns.php' not found or unable to stat
[Mon Mar 02 01:41:31.872495 2026] [php:error] [pid 52865] [client 37.140.254.75:0] script '/domains/cccweb/infos.php' not found or unable to stat
[Mon Mar 02 01:41:33.070799 2026] [php:error] [pid 52865] [client 37.140.254.75:0] script '/domains/cccweb/options-writing.php' not found or unable to stat
[Mon Mar 02 01:41:33.432553 2026] [php:error] [pid 52865] [client 37.140.254.75:0] script '/domains/cccweb/options-reading.php' not found or unable to stat
[Mon Mar 02 01:41:33.614773 2026] [php:error] [pid 52862] [client 91.230.225.219:0] script '/domains/ceonlinenews/xex.php' not found or unable to stat
[Mon Mar 02 01:41:33.727207 2026] [php:error] [pid 52865] [client 37.140.254.75:0] script '/domains/cccweb/wsad.php' not found or unable to stat
[Mon Mar 02 01:41:34.130344 2026] [php:error] [pid 52865] [client 37.140.254.75:0] script '/domains/cccweb/nation.php' not found or unable to stat
[Mon Mar 02 01:41:34.531503 2026] [php:error] [pid 52862] [client 91.230.225.219:0] script '/domains/ceonlinenews/wp-head.php' not found or unable to stat
[Mon Mar 02 01:41:35.075660 2026] [php:error] [pid 52862] [client 91.230.225.219:0] script '/domains/ceonlinenews/makeasmtp.php' not found or unable to stat
[Mon Mar 02 01:41:35.723998 2026] [php:error] [pid 52862] [client 91.230.225.219:0] script '/domains/ceonlinenews/images/bypass.php' not found or unable to stat
[Mon Mar 02 01:41:35.879406 2026] [php:error] [pid 52865] [client 37.140.254.75:0] script '/domains/cccweb/wp-atomx.php' not found or unable to stat
[Mon Mar 02 01:41:36.202578 2026] [php:error] [pid 52865] [client 37.140.254.75:0] script '/domains/cccweb/admin-footer.php' not found or unable to stat
[Mon Mar 02 01:41:36.921059 2026] [php:error] [pid 52865] [client 37.140.254.75:0] script '/domains/cccweb/XxX.php' not found or unable to stat
[Mon Mar 02 01:41:39.094742 2026] [php:error] [pid 52862] [client 91.230.225.219:0] script '/domains/ceonlinenews/click.php' not found or unable to stat
[Mon Mar 02 01:41:40.842667 2026] [php:error] [pid 52865] [client 37.140.254.75:0] script '/domains/cccweb/images/buy.php' not found or unable to stat
[Mon Mar 02 01:41:41.467509 2026] [php:error] [pid 52862] [client 91.230.225.219:0] script '/domains/ceonlinenews/wp-admin.php' not found or unable to stat
[Mon Mar 02 01:41:42.147355 2026] [php:error] [pid 52862] [client 91.230.225.219:0] script '/domains/ceonlinenews/wp-editor.php' not found or unable to stat
[Mon Mar 02 01:41:42.834567 2026] [php:error] [pid 52864] [client 185.192.71.44:0] script '/domains/ceonlinenews/images/install.php' not found or unable to stat
[Mon Mar 02 01:41:43.395678 2026] [php:error] [pid 52864] [client 185.192.71.44:0] script '/domains/ceonlinenews/adminfusm.php' not found or unable to stat
[Mon Mar 02 01:41:44.184035 2026] [php:error] [pid 52864] [client 185.192.71.44:0] script '/domains/ceonlinenews/images/habhan.php' not found or unable to stat
[Mon Mar 02 01:41:45.704153 2026] [php:error] [pid 52865] [client 37.140.254.75:0] script '/domains/cccweb/xex.php' not found or unable to stat
[Mon Mar 02 01:41:46.374679 2026] [php:error] [pid 52864] [client 185.192.71.44:0] script '/domains/ceonlinenews/f35_SpaceTn.php' not found or unable to stat
[Mon Mar 02 01:41:47.499230 2026] [php:error] [pid 52865] [client 37.140.254.75:0] script '/domains/cccweb/wp-head.php' not found or unable to stat
[Mon Mar 02 01:41:48.469648 2026] [php:error] [pid 52864] [client 185.192.71.44:0] script '/domains/ceonlinenews/gm.php' not found or unable to stat
[Mon Mar 02 01:41:48.511380 2026] [php:error] [pid 52865] [client 37.140.254.75:0] script '/domains/cccweb/makeasmtp.php' not found or unable to stat
[Mon Mar 02 01:41:49.434361 2026] [php:error] [pid 52865] [client 37.140.254.75:0] script '/domains/cccweb/images/bypass.php' not found or unable to stat
[Mon Mar 02 01:41:50.332645 2026] [php:error] [pid 52864] [client 185.192.71.44:0] script '/domains/ceonlinenews/plugin-install.php' not found or unable to stat
[Mon Mar 02 01:41:50.367382 2026] [php:error] [pid 52858] [client 20.63.83.113:0] script '/domains/wsmith.enteract/updates.php' not found or unable to stat
[Mon Mar 02 01:41:50.391470 2026] [php:error] [pid 52858] [client 20.63.83.113:0] script '/domains/wsmith.enteract/wsoyanz1.php' not found or unable to stat
[Mon Mar 02 01:41:50.416242 2026] [php:error] [pid 52858] [client 20.63.83.113:0] script '/domains/wsmith.enteract/admin-ajax.php' not found or unable to stat
[Mon Mar 02 01:41:50.451263 2026] [php:error] [pid 52858] [client 20.63.83.113:0] script '/domains/wsmith.enteract/f.php' not found or unable to stat
[Mon Mar 02 01:41:50.485841 2026] [php:error] [pid 52858] [client 20.63.83.113:0] script '/domains/wsmith.enteract/tinyfilemanager.php' not found or unable to stat
[Mon Mar 02 01:41:50.511487 2026] [php:error] [pid 52858] [client 20.63.83.113:0] script '/domains/wsmith.enteract/home.php' not found or unable to stat
[Mon Mar 02 01:41:50.535864 2026] [php:error] [pid 52858] [client 20.63.83.113:0] script '/domains/wsmith.enteract/dialog.php' not found or unable to stat
[Mon Mar 02 01:41:50.924987 2026] [php:error] [pid 52858] [client 20.63.83.113:0] script '/domains/wsmith.enteract/sidwso.php' not found or unable to stat
[Mon Mar 02 01:41:51.122776 2026] [php:error] [pid 52858] [client 20.63.83.113:0] script '/domains/wsmith.enteract/smaxx.php' not found or unable to stat
[Mon Mar 02 01:41:51.146650 2026] [php:error] [pid 52858] [client 20.63.83.113:0] script '/domains/wsmith.enteract/block-support.php' not found or unable to stat
[Mon Mar 02 01:41:51.181525 2026] [php:error] [pid 52858] [client 20.63.83.113:0] script '/domains/wsmith.enteract/Mhbgf.php' not found or unable to stat
[Mon Mar 02 01:41:51.217161 2026] [php:error] [pid 52858] [client 20.63.83.113:0] script '/domains/wsmith.enteract/Xleet.php' not found or unable to stat
[Mon Mar 02 01:41:51.242493 2026] [php:error] [pid 52858] [client 20.63.83.113:0] script '/domains/wsmith.enteract/fosil.php' not found or unable to stat
[Mon Mar 02 01:41:51.266428 2026] [php:error] [pid 52858] [client 20.63.83.113:0] script '/domains/wsmith.enteract/issue.php' not found or unable to stat
[Mon Mar 02 01:41:51.290310 2026] [php:error] [pid 52858] [client 20.63.83.113:0] script '/domains/wsmith.enteract/verify.php' not found or unable to stat
[Mon Mar 02 01:41:51.325823 2026] [php:error] [pid 52858] [client 20.63.83.113:0] script '/domains/wsmith.enteract/29rc7ExgS6p.php' not found or unable to stat
[Mon Mar 02 01:41:51.349659 2026] [php:error] [pid 52858] [client 20.63.83.113:0] script '/domains/wsmith.enteract/indeex.php' not found or unable to stat
[Mon Mar 02 01:41:51.373533 2026] [php:error] [pid 52858] [client 20.63.83.113:0] script '/domains/wsmith.enteract/randkeyword.php' not found or unable to stat
[Mon Mar 02 01:41:51.397377 2026] [php:error] [pid 52858] [client 20.63.83.113:0] script '/domains/wsmith.enteract/wp-blog.php' not found or unable to stat
[Mon Mar 02 01:41:51.426960 2026] [php:error] [pid 52858] [client 20.63.83.113:0] script '/domains/wsmith.enteract/ws.php.php' not found or unable to stat
[Mon Mar 02 01:41:51.461258 2026] [php:error] [pid 52858] [client 20.63.83.113:0] script '/domains/wsmith.enteract/aks.php' not found or unable to stat
[Mon Mar 02 01:41:51.490412 2026] [php:error] [pid 52858] [client 20.63.83.113:0] script '/domains/wsmith.enteract/alfa-rex1.php' not found or unable to stat
[Mon Mar 02 01:41:51.529039 2026] [php:error] [pid 52858] [client 20.63.83.113:0] script '/domains/wsmith.enteract/worksec.php' not found or unable to stat
[Mon Mar 02 01:41:51.564171 2026] [php:error] [pid 52858] [client 20.63.83.113:0] script '/domains/wsmith.enteract/configs.php' not found or unable to stat
[Mon Mar 02 01:41:51.588240 2026] [php:error] [pid 52858] [client 20.63.83.113:0] script '/domains/wsmith.enteract/alfa1.php' not found or unable to stat
[Mon Mar 02 01:41:51.713565 2026] [php:error] [pid 52858] [client 20.63.83.113:0] script '/domains/wsmith.enteract/abouts.php' not found or unable to stat
[Mon Mar 02 01:41:51.742074 2026] [php:error] [pid 52858] [client 20.63.83.113:0] script '/domains/wsmith.enteract/wp-cache.php' not found or unable to stat
[Mon Mar 02 01:41:51.766202 2026] [php:error] [pid 52858] [client 20.63.83.113:0] script '/domains/wsmith.enteract/alpha.php' not found or unable to stat
[Mon Mar 02 01:41:51.790102 2026] [php:error] [pid 52858] [client 20.63.83.113:0] script '/domains/wsmith.enteract/alpha.php' not found or unable to stat
[Mon Mar 02 01:41:53.164200 2026] [php:error] [pid 52864] [client 185.192.71.44:0] script '/domains/ceonlinenews/images/mah.php' not found or unable to stat
[Mon Mar 02 01:41:53.915279 2026] [php:error] [pid 52865] [client 37.140.254.75:0] script '/domains/cccweb/click.php' not found or unable to stat
[Mon Mar 02 01:41:55.330150 2026] [php:error] [pid 52864] [client 185.192.71.44:0] script '/domains/ceonlinenews/b.php' not found or unable to stat
[Mon Mar 02 01:41:56.560357 2026] [php:error] [pid 52864] [client 185.192.71.44:0] script '/domains/ceonlinenews/wsax.php' not found or unable to stat
[Mon Mar 02 01:41:56.751079 2026] [php:error] [pid 52865] [client 37.140.254.75:0] script '/domains/cccweb/wp-admin.php' not found or unable to stat
[Mon Mar 02 01:41:58.122168 2026] [php:error] [pid 52865] [client 37.140.254.75:0] script '/domains/cccweb/wp-editor.php' not found or unable to stat
[Mon Mar 02 01:41:59.180675 2026] [php:error] [pid 52869] [client 37.140.254.107:0] script '/domains/cccweb/images/install.php' not found or unable to stat
[Mon Mar 02 01:41:59.802910 2026] [php:error] [pid 52869] [client 37.140.254.107:0] script '/domains/cccweb/adminfusm.php' not found or unable to stat
[Mon Mar 02 01:42:00.025866 2026] [php:error] [pid 52864] [client 185.192.71.44:0] script '/domains/ceonlinenews/images/Marvins.php' not found or unable to stat
[Mon Mar 02 01:42:01.142006 2026] [php:error] [pid 52869] [client 37.140.254.107:0] script '/domains/cccweb/images/habhan.php' not found or unable to stat
[Mon Mar 02 01:42:04.318463 2026] [php:error] [pid 52869] [client 37.140.254.107:0] script '/domains/cccweb/f35_SpaceTn.php' not found or unable to stat
[Mon Mar 02 01:42:04.473795 2026] [php:error] [pid 52866] [client 91.230.225.39:0] script '/domains/ceonlinenews/bs1.php' not found or unable to stat
[Mon Mar 02 01:42:05.065189 2026] [php:error] [pid 52866] [client 91.230.225.39:0] script '/domains/ceonlinenews/page.php' not found or unable to stat
[Mon Mar 02 01:42:06.410445 2026] [php:error] [pid 52866] [client 91.230.225.39:0] script '/domains/ceonlinenews/assets/info.php' not found or unable to stat
[Mon Mar 02 01:42:07.808572 2026] [php:error] [pid 52869] [client 37.140.254.107:0] script '/domains/cccweb/gm.php' not found or unable to stat
[Mon Mar 02 01:42:08.171493 2026] [php:error] [pid 52868] [client 91.230.225.224:0] script '/domains/ceonlinenews/images/autoload_classmap.php' not found or unable to stat
[Mon Mar 02 01:42:09.455084 2026] [php:error] [pid 52868] [client 91.230.225.224:0] script '/domains/ceonlinenews/ws.php' not found or unable to stat
[Mon Mar 02 01:42:09.919759 2026] [php:error] [pid 52868] [client 91.230.225.224:0] script '/domains/ceonlinenews/shop.php' not found or unable to stat
[Mon Mar 02 01:42:11.366839 2026] [php:error] [pid 52868] [client 91.230.225.224:0] script '/domains/ceonlinenews/wp-api.php' not found or unable to stat
[Mon Mar 02 01:42:11.374137 2026] [php:error] [pid 52869] [client 37.140.254.107:0] script '/domains/cccweb/plugin-install.php' not found or unable to stat
[Mon Mar 02 01:42:11.692804 2026] [php:error] [pid 52868] [client 91.230.225.224:0] script '/domains/ceonlinenews/css.php' not found or unable to stat
[Mon Mar 02 01:42:12.928655 2026] [php:error] [pid 52868] [client 91.230.225.224:0] script '/domains/ceonlinenews/wp-error_log.php' not found or unable to stat
[Mon Mar 02 01:42:13.077098 2026] [php:error] [pid 52868] [client 91.230.225.224:0] script '/domains/ceonlinenews/assets/class_update_plugins.php' not found or unable to stat
[Mon Mar 02 01:42:14.232625 2026] [php:error] [pid 52868] [client 91.230.225.224:0] script '/domains/ceonlinenews/assets/about.php' not found or unable to stat
[Mon Mar 02 01:42:15.523802 2026] [php:error] [pid 52869] [client 37.140.254.107:0] script '/domains/cccweb/images/mah.php' not found or unable to stat
[Mon Mar 02 01:42:16.252247 2026] [php:error] [pid 52868] [client 91.230.225.224:0] script '/domains/ceonlinenews/files.php' not found or unable to stat
[Mon Mar 02 01:42:18.212714 2026] [php:error] [pid 52868] [client 91.230.225.224:0] script '/domains/ceonlinenews/blog.php' not found or unable to stat
[Mon Mar 02 01:42:18.934534 2026] [php:error] [pid 52869] [client 37.140.254.107:0] script '/domains/cccweb/b.php' not found or unable to stat
[Mon Mar 02 01:42:19.433286 2026] [php:error] [pid 52868] [client 91.230.225.224:0] script '/domains/ceonlinenews/images/av.php' not found or unable to stat
[Mon Mar 02 01:42:20.417464 2026] [php:error] [pid 52868] [client 91.230.225.224:0] script '/domains/ceonlinenews/elp.php' not found or unable to stat
[Mon Mar 02 01:42:20.870143 2026] [php:error] [pid 52869] [client 37.140.254.107:0] script '/domains/cccweb/wsax.php' not found or unable to stat
[Mon Mar 02 01:42:22.456729 2026] [php:error] [pid 52868] [client 91.230.225.224:0] script '/domains/ceonlinenews/entrepreneuse.php' not found or unable to stat
[Mon Mar 02 01:42:24.880743 2026] [php:error] [pid 52868] [client 91.230.225.224:0] script '/domains/ceonlinenews/testt.php' not found or unable to stat
[Mon Mar 02 01:42:26.169761 2026] [php:error] [pid 52868] [client 91.230.225.224:0] script '/domains/ceonlinenews/network.php' not found or unable to stat
[Mon Mar 02 01:42:26.402130 2026] [php:error] [pid 52869] [client 37.140.254.107:0] script '/domains/cccweb/images/Marvins.php' not found or unable to stat
[Mon Mar 02 01:42:26.777364 2026] [php:error] [pid 52868] [client 91.230.225.224:0] script '/domains/ceonlinenews/wikindex.php' not found or unable to stat
[Mon Mar 02 01:42:32.527077 2026] [php:error] [pid 52872] [client 91.230.225.30:0] script '/domains/ceonlinenews/media-new.php' not found or unable to stat
[Mon Mar 02 01:42:33.579557 2026] [php:error] [pid 52860] [client 37.140.254.136:0] script '/domains/cccweb/bs1.php' not found or unable to stat
[Mon Mar 02 01:42:33.679046 2026] [php:error] [pid 52872] [client 91.230.225.30:0] script '/domains/ceonlinenews/pages.php' not found or unable to stat
[Mon Mar 02 01:42:34.532661 2026] [php:error] [pid 52860] [client 37.140.254.136:0] script '/domains/cccweb/page.php' not found or unable to stat
[Mon Mar 02 01:42:34.802564 2026] [php:error] [pid 52872] [client 91.230.225.30:0] script '/domains/ceonlinenews/assets/comfunctions.php' not found or unable to stat
[Mon Mar 02 01:42:35.342130 2026] [php:error] [pid 52872] [client 91.230.225.30:0] script '/domains/ceonlinenews/adminfus.php' not found or unable to stat
[Mon Mar 02 01:42:35.693494 2026] [php:error] [pid 52872] [client 91.230.225.30:0] script '/domains/ceonlinenews/images/as.php' not found or unable to stat
[Mon Mar 02 01:42:36.205873 2026] [php:error] [pid 52872] [client 91.230.225.30:0] script '/domains/ceonlinenews/cong.php' not found or unable to stat
[Mon Mar 02 01:42:37.406272 2026] [php:error] [pid 52872] [client 91.230.225.30:0] script '/domains/ceonlinenews/assets/av.php' not found or unable to stat
[Mon Mar 02 01:42:37.760755 2026] [php:error] [pid 52872] [client 91.230.225.30:0] script '/domains/ceonlinenews/wp-configs.php' not found or unable to stat
[Mon Mar 02 01:42:39.585911 2026] [php:error] [pid 52867] [client 91.230.225.213:0] script '/domains/ceonlinenews/ms-users.php' not found or unable to stat
[Mon Mar 02 01:42:39.608776 2026] [php:error] [pid 52873] [client 154.12.24.136:0] script '/domains/agribiz/kua.php' not found or unable to stat
[Mon Mar 02 01:42:39.692465 2026] [php:error] [pid 52868] [client 37.140.254.67:0] script '/domains/cccweb/images/autoload_classmap.php' not found or unable to stat
[Mon Mar 02 01:42:40.879073 2026] [php:error] [pid 52867] [client 91.230.225.213:0] script '/domains/ceonlinenews/assets/content.php' not found or unable to stat
[Mon Mar 02 01:42:41.960319 2026] [php:error] [pid 52868] [client 37.140.254.67:0] script '/domains/cccweb/ws.php' not found or unable to stat
[Mon Mar 02 01:42:42.880592 2026] [php:error] [pid 52868] [client 37.140.254.67:0] script '/domains/cccweb/shop.php' not found or unable to stat
[Mon Mar 02 01:42:44.071890 2026] [php:error] [pid 52867] [client 91.230.225.213:0] script '/domains/ceonlinenews/top.php' not found or unable to stat
[Mon Mar 02 01:42:45.201634 2026] [php:error] [pid 52868] [client 37.140.254.67:0] script '/domains/cccweb/wp-api.php' not found or unable to stat
[Mon Mar 02 01:42:45.818927 2026] [php:error] [pid 52868] [client 37.140.254.67:0] script '/domains/cccweb/css.php' not found or unable to stat
[Mon Mar 02 01:42:47.774742 2026] [php:error] [pid 52868] [client 37.140.254.67:0] script '/domains/cccweb/wp-error_log.php' not found or unable to stat
[Mon Mar 02 01:42:49.144990 2026] [php:error] [pid 52867] [client 91.230.225.213:0] script '/domains/ceonlinenews/images/c99.php' not found or unable to stat
[Mon Mar 02 01:42:49.861683 2026] [php:error] [pid 52867] [client 91.230.225.213:0] script '/domains/ceonlinenews/setup-config.php' not found or unable to stat
[Mon Mar 02 01:42:50.556885 2026] [php:error] [pid 52867] [client 91.230.225.213:0] script '/domains/ceonlinenews/type.php' not found or unable to stat
[Mon Mar 02 01:42:52.562029 2026] [php:error] [pid 52867] [client 91.230.225.213:0] script '/domains/ceonlinenews/goat.php' not found or unable to stat
[Mon Mar 02 01:42:52.695489 2026] [php:error] [pid 52871] [client 20.205.227.70:0] script '/domains/hand-hammerweb/admin.php' not found or unable to stat
[Mon Mar 02 01:42:53.146800 2026] [php:error] [pid 52871] [client 20.205.227.70:0] script '/domains/hand-hammerweb/f.php' not found or unable to stat
[Mon Mar 02 01:42:53.161959 2026] [php:error] [pid 52868] [client 37.140.254.67:0] script '/domains/cccweb/files.php' not found or unable to stat
[Mon Mar 02 01:42:53.596376 2026] [php:error] [pid 52871] [client 20.205.227.70:0] script '/domains/hand-hammerweb/adminfuns.php' not found or unable to stat
[Mon Mar 02 01:42:53.773818 2026] [php:error] [pid 52867] [client 91.230.225.213:0] script '/domains/ceonlinenews/images/file.php' not found or unable to stat
[Mon Mar 02 01:42:54.281122 2026] [php:error] [pid 52871] [client 20.205.227.70:0] script '/domains/hand-hammerweb/classwithtostring.php' not found or unable to stat
[Mon Mar 02 01:42:54.505631 2026] [php:error] [pid 52871] [client 20.205.227.70:0] script '/domains/hand-hammerweb/sf.php' not found or unable to stat
[Mon Mar 02 01:42:54.730270 2026] [php:error] [pid 52871] [client 20.205.227.70:0] script '/domains/hand-hammerweb/bgymj.php' not found or unable to stat
[Mon Mar 02 01:42:54.954619 2026] [php:error] [pid 52871] [client 20.205.227.70:0] script '/domains/hand-hammerweb/wp.php' not found or unable to stat
[Mon Mar 02 01:42:55.627579 2026] [php:error] [pid 52871] [client 20.205.227.70:0] script '/domains/hand-hammerweb/ms-edit.php' not found or unable to stat
[Mon Mar 02 01:42:56.076532 2026] [php:error] [pid 52871] [client 20.205.227.70:0] script '/domains/hand-hammerweb/wp-file.php' not found or unable to stat
[Mon Mar 02 01:42:56.301172 2026] [php:error] [pid 52871] [client 20.205.227.70:0] script '/domains/hand-hammerweb/about.php' not found or unable to stat
[Mon Mar 02 01:42:56.414352 2026] [php:error] [pid 52868] [client 37.140.254.67:0] script '/domains/cccweb/blog.php' not found or unable to stat
[Mon Mar 02 01:42:56.526137 2026] [php:error] [pid 52871] [client 20.205.227.70:0] script '/domains/hand-hammerweb/as.php' not found or unable to stat
[Mon Mar 02 01:42:56.768979 2026] [php:error] [pid 52871] [client 20.205.227.70:0] script '/domains/hand-hammerweb/bolt.php' not found or unable to stat
[Mon Mar 02 01:42:56.993681 2026] [php:error] [pid 52871] [client 20.205.227.70:0] script '/domains/hand-hammerweb/class-t.api.php' not found or unable to stat
[Mon Mar 02 01:42:57.659324 2026] [php:error] [pid 52868] [client 37.140.254.67:0] script '/domains/cccweb/images/av.php' not found or unable to stat
[Mon Mar 02 01:42:57.891658 2026] [php:error] [pid 52871] [client 20.205.227.70:0] script '/domains/hand-hammerweb/abcd.php' not found or unable to stat
[Mon Mar 02 01:42:58.363463 2026] [php:error] [pid 52871] [client 20.205.227.70:0] script '/domains/hand-hammerweb/ioxi-o.php' not found or unable to stat
[Mon Mar 02 01:42:58.602637 2026] [php:error] [pid 52871] [client 20.205.227.70:0] script '/domains/hand-hammerweb/jga.php' not found or unable to stat
[Mon Mar 02 01:42:58.858576 2026] [php:error] [pid 52871] [client 20.205.227.70:0] script '/domains/hand-hammerweb/wp-cron.php' not found or unable to stat
[Mon Mar 02 01:42:58.976146 2026] [php:error] [pid 52868] [client 37.140.254.67:0] script '/domains/cccweb/elp.php' not found or unable to stat
[Mon Mar 02 01:42:59.544616 2026] [php:error] [pid 52871] [client 20.205.227.70:0] script '/domains/hand-hammerweb/file.php' not found or unable to stat
[Mon Mar 02 01:42:59.781476 2026] [php:error] [pid 52871] [client 20.205.227.70:0] script '/domains/hand-hammerweb/wp-admin.php' not found or unable to stat
[Mon Mar 02 01:43:00.474946 2026] [php:error] [pid 52871] [client 20.205.227.70:0] script '/domains/hand-hammerweb/166.php' not found or unable to stat
[Mon Mar 02 01:43:00.699481 2026] [php:error] [pid 52871] [client 20.205.227.70:0] script '/domains/hand-hammerweb/dropdown.php' not found or unable to stat
[Mon Mar 02 01:43:01.598315 2026] [php:error] [pid 52871] [client 20.205.227.70:0] script '/domains/hand-hammerweb/x.php' not found or unable to stat
[Mon Mar 02 01:43:01.823572 2026] [php:error] [pid 52871] [client 20.205.227.70:0] script '/domains/hand-hammerweb/xmlrpc.php' not found or unable to stat
[Mon Mar 02 01:43:01.984917 2026] [php:error] [pid 52868] [client 37.140.254.67:0] script '/domains/cccweb/entrepreneuse.php' not found or unable to stat
[Mon Mar 02 01:43:02.275300 2026] [php:error] [pid 52871] [client 20.205.227.70:0] script '/domains/hand-hammerweb/24.php' not found or unable to stat
[Mon Mar 02 01:43:02.501177 2026] [php:error] [pid 52871] [client 20.205.227.70:0] script '/domains/hand-hammerweb/buy.php' not found or unable to stat
[Mon Mar 02 01:43:02.727994 2026] [php:error] [pid 52871] [client 20.205.227.70:0] script '/domains/hand-hammerweb/test1.php' not found or unable to stat
[Mon Mar 02 01:43:05.266998 2026] [php:error] [pid 52871] [client 20.205.227.70:0] script '/domains/hand-hammerweb/aa.php' not found or unable to stat
[Mon Mar 02 01:43:05.492928 2026] [php:error] [pid 52871] [client 20.205.227.70:0] script '/domains/hand-hammerweb/bless.php' not found or unable to stat
[Mon Mar 02 01:43:05.717974 2026] [php:error] [pid 52871] [client 20.205.227.70:0] script '/domains/hand-hammerweb/content.php' not found or unable to stat
[Mon Mar 02 01:43:05.820736 2026] [php:error] [pid 52868] [client 37.140.254.67:0] script '/domains/cccweb/testt.php' not found or unable to stat
[Mon Mar 02 01:43:06.171155 2026] [php:error] [pid 52871] [client 20.205.227.70:0] script '/domains/hand-hammerweb/images/index.php' not found or unable to stat
[Mon Mar 02 01:43:06.621745 2026] [php:error] [pid 52871] [client 20.205.227.70:0] script '/domains/hand-hammerweb/rip.php' not found or unable to stat
[Mon Mar 02 01:43:06.847614 2026] [php:error] [pid 52871] [client 20.205.227.70:0] script '/domains/hand-hammerweb/themes.php' not found or unable to stat
[Mon Mar 02 01:43:08.027777 2026] [php:error] [pid 52868] [client 37.140.254.67:0] script '/domains/cccweb/network.php' not found or unable to stat
[Mon Mar 02 01:43:08.943213 2026] [php:error] [pid 52868] [client 37.140.254.67:0] script '/domains/cccweb/wikindex.php' not found or unable to stat
[Mon Mar 02 01:43:11.879420 2026] [php:error] [pid 52860] [client 20.63.96.50:0] script '/domains/byardrealestate/xxxx.php' not found or unable to stat
[Mon Mar 02 01:43:11.910408 2026] [php:error] [pid 52860] [client 20.63.96.50:0] script '/domains/byardrealestate/sbhu.php' not found or unable to stat
[Mon Mar 02 01:43:11.938467 2026] [php:error] [pid 52860] [client 20.63.96.50:0] script '/domains/byardrealestate/wp-atom.php' not found or unable to stat
[Mon Mar 02 01:43:11.998046 2026] [php:error] [pid 52860] [client 20.63.96.50:0] script '/domains/byardrealestate/gettest.php' not found or unable to stat
[Mon Mar 02 01:43:12.024208 2026] [php:error] [pid 52860] [client 20.63.96.50:0] script '/domains/byardrealestate/ayk.php' not found or unable to stat
[Mon Mar 02 01:43:12.048964 2026] [php:error] [pid 52860] [client 20.63.96.50:0] script '/domains/byardrealestate/wp-setting.php' not found or unable to stat
[Mon Mar 02 01:43:12.073310 2026] [php:error] [pid 52860] [client 20.63.96.50:0] script '/domains/byardrealestate/fleen.php' not found or unable to stat
[Mon Mar 02 01:43:12.097656 2026] [php:error] [pid 52860] [client 20.63.96.50:0] script '/domains/byardrealestate/install.php' not found or unable to stat
[Mon Mar 02 01:43:12.126451 2026] [php:error] [pid 52860] [client 20.63.96.50:0] script '/domains/byardrealestate/add.php' not found or unable to stat
[Mon Mar 02 01:43:12.150910 2026] [php:error] [pid 52860] [client 20.63.96.50:0] script '/domains/byardrealestate/path.php' not found or unable to stat
[Mon Mar 02 01:43:12.181004 2026] [php:error] [pid 52860] [client 20.63.96.50:0] script '/domains/byardrealestate/my.php' not found or unable to stat
[Mon Mar 02 01:43:12.220376 2026] [php:error] [pid 52860] [client 20.63.96.50:0] script '/domains/byardrealestate/we.php' not found or unable to stat
[Mon Mar 02 01:43:12.257330 2026] [php:error] [pid 52860] [client 20.63.96.50:0] script '/domains/byardrealestate/acp.php' not found or unable to stat
[Mon Mar 02 01:43:12.282032 2026] [php:error] [pid 52860] [client 20.63.96.50:0] script '/domains/byardrealestate/f6.php' not found or unable to stat
[Mon Mar 02 01:43:12.307171 2026] [php:error] [pid 52860] [client 20.63.96.50:0] script '/domains/byardrealestate/akcc.php' not found or unable to stat
[Mon Mar 02 01:43:12.376031 2026] [php:error] [pid 52860] [client 20.63.96.50:0] script '/domains/byardrealestate/0x.php' not found or unable to stat
[Mon Mar 02 01:43:12.400375 2026] [php:error] [pid 52860] [client 20.63.96.50:0] script '/domains/byardrealestate/chosen.php' not found or unable to stat
[Mon Mar 02 01:43:12.429499 2026] [php:error] [pid 52860] [client 20.63.96.50:0] script '/domains/byardrealestate/cwclass.php' not found or unable to stat
[Mon Mar 02 01:43:12.484823 2026] [php:error] [pid 52860] [client 20.63.96.50:0] script '/domains/byardrealestate/X57.php' not found or unable to stat
[Mon Mar 02 01:43:12.526110 2026] [php:error] [pid 52860] [client 20.63.96.50:0] script '/domains/byardrealestate/autoload_classmap.php' not found or unable to stat
[Mon Mar 02 01:43:12.643987 2026] [php:error] [pid 52860] [client 20.63.96.50:0] script '/domains/byardrealestate/wp-x.php' not found or unable to stat
[Mon Mar 02 01:43:12.677101 2026] [php:error] [pid 52860] [client 20.63.96.50:0] script '/domains/byardrealestate/fff.php' not found or unable to stat
[Mon Mar 02 01:43:12.787584 2026] [php:error] [pid 52860] [client 20.63.96.50:0] script '/domains/byardrealestate/txets.php' not found or unable to stat
[Mon Mar 02 01:43:12.811972 2026] [php:error] [pid 52860] [client 20.63.96.50:0] script '/domains/byardrealestate/erty.php' not found or unable to stat
[Mon Mar 02 01:43:12.861080 2026] [php:error] [pid 52860] [client 20.63.96.50:0] script '/domains/byardrealestate/pepe.php' not found or unable to stat
[Mon Mar 02 01:43:12.888414 2026] [php:error] [pid 52860] [client 20.63.96.50:0] script '/domains/byardrealestate/f35.php' not found or unable to stat
[Mon Mar 02 01:43:12.912973 2026] [php:error] [pid 52860] [client 20.63.96.50:0] script '/domains/byardrealestate/backup.php' not found or unable to stat
[Mon Mar 02 01:43:12.942580 2026] [php:error] [pid 52860] [client 20.63.96.50:0] script '/domains/byardrealestate/god.php' not found or unable to stat
[Mon Mar 02 01:43:12.975787 2026] [php:error] [pid 52860] [client 20.63.96.50:0] script '/domains/byardrealestate/b.php' not found or unable to stat
[Mon Mar 02 01:43:13.000666 2026] [php:error] [pid 52860] [client 20.63.96.50:0] script '/domains/byardrealestate/t00l.php' not found or unable to stat
[Mon Mar 02 01:43:13.025235 2026] [php:error] [pid 52860] [client 20.63.96.50:0] script '/domains/byardrealestate/ad2.php' not found or unable to stat
[Mon Mar 02 01:43:13.050082 2026] [php:error] [pid 52860] [client 20.63.96.50:0] script '/domains/byardrealestate/goat.php' not found or unable to stat
[Mon Mar 02 01:43:13.083445 2026] [php:error] [pid 52860] [client 20.63.96.50:0] script '/domains/byardrealestate/w3llstore.php' not found or unable to stat
[Mon Mar 02 01:43:13.109859 2026] [php:error] [pid 52860] [client 20.63.96.50:0] script '/domains/byardrealestate/1a.php' not found or unable to stat
[Mon Mar 02 01:43:13.138063 2026] [php:error] [pid 52860] [client 20.63.96.50:0] script '/domains/byardrealestate/aki.php' not found or unable to stat
[Mon Mar 02 01:43:13.162944 2026] [php:error] [pid 52860] [client 20.63.96.50:0] script '/domains/byardrealestate/simple.php' not found or unable to stat
[Mon Mar 02 01:43:13.200308 2026] [php:error] [pid 52860] [client 20.63.96.50:0] script '/domains/byardrealestate/ws66.php' not found or unable to stat
[Mon Mar 02 01:43:13.257489 2026] [php:error] [pid 52860] [client 20.63.96.50:0] script '/domains/byardrealestate/item.php' not found or unable to stat
[Mon Mar 02 01:43:13.290746 2026] [php:error] [pid 52860] [client 20.63.96.50:0] script '/domains/byardrealestate/ww.php' not found or unable to stat
[Mon Mar 02 01:43:13.369024 2026] [php:error] [pid 52860] [client 20.63.96.50:0] script '/domains/byardrealestate/ftyude.php' not found or unable to stat
[Mon Mar 02 01:43:13.393165 2026] [php:error] [pid 52860] [client 20.63.96.50:0] script '/domains/byardrealestate/mh.php' not found or unable to stat
[Mon Mar 02 01:43:13.419664 2026] [php:error] [pid 52860] [client 20.63.96.50:0] script '/domains/byardrealestate/1.php' not found or unable to stat
[Mon Mar 02 01:43:13.443722 2026] [php:error] [pid 52860] [client 20.63.96.50:0] script '/domains/byardrealestate/edit.php' not found or unable to stat
[Mon Mar 02 01:43:13.507196 2026] [php:error] [pid 52860] [client 20.63.96.50:0] script '/domains/byardrealestate/pp.php' not found or unable to stat
[Mon Mar 02 01:43:13.573065 2026] [php:error] [pid 52860] [client 20.63.96.50:0] script '/domains/byardrealestate/sxdfrt.php' not found or unable to stat
[Mon Mar 02 01:43:13.604684 2026] [php:error] [pid 52860] [client 20.63.96.50:0] script '/domains/byardrealestate/yas.php' not found or unable to stat
[Mon Mar 02 01:43:13.628951 2026] [php:error] [pid 52860] [client 20.63.96.50:0] script '/domains/byardrealestate/info.php' not found or unable to stat
[Mon Mar 02 01:43:13.653483 2026] [php:error] [pid 52860] [client 20.63.96.50:0] script '/domains/byardrealestate/lp6.php' not found or unable to stat
[Mon Mar 02 01:43:13.812757 2026] [php:error] [pid 52860] [client 20.63.96.50:0] script '/domains/byardrealestate/bgymj.php' not found or unable to stat
[Mon Mar 02 01:43:13.863976 2026] [php:error] [pid 52860] [client 20.63.96.50:0] script '/domains/byardrealestate/8.php' not found or unable to stat
[Mon Mar 02 01:43:13.892567 2026] [php:error] [pid 52860] [client 20.63.96.50:0] script '/domains/byardrealestate/bolt.php' not found or unable to stat
[Mon Mar 02 01:43:13.962669 2026] [php:error] [pid 52860] [client 20.63.96.50:0] script '/domains/byardrealestate/666.php' not found or unable to stat
[Mon Mar 02 01:43:13.986995 2026] [php:error] [pid 52860] [client 20.63.96.50:0] script '/domains/byardrealestate/moshou.php' not found or unable to stat
[Mon Mar 02 01:43:14.011163 2026] [php:error] [pid 52860] [client 20.63.96.50:0] script '/domains/byardrealestate/jga.php' not found or unable to stat
[Mon Mar 02 01:43:14.040006 2026] [php:error] [pid 52860] [client 20.63.96.50:0] script '/domains/byardrealestate/Jcrop.php' not found or unable to stat
[Mon Mar 02 01:43:14.132115 2026] [php:error] [pid 52860] [client 20.63.96.50:0] script '/domains/byardrealestate/aa.php' not found or unable to stat
[Mon Mar 02 01:43:14.179576 2026] [php:error] [pid 52860] [client 20.63.96.50:0] script '/domains/byardrealestate/ff1.php' not found or unable to stat
[Mon Mar 02 01:43:14.211413 2026] [php:error] [pid 52860] [client 20.63.96.50:0] script '/domains/byardrealestate/wp-the.php' not found or unable to stat
[Mon Mar 02 01:43:14.291847 2026] [php:error] [pid 52860] [client 20.63.96.50:0] script '/domains/byardrealestate/pass4.php' not found or unable to stat
[Mon Mar 02 01:43:14.329138 2026] [php:error] [pid 52860] [client 20.63.96.50:0] script '/domains/byardrealestate/C1.php' not found or unable to stat
[Mon Mar 02 01:43:14.363124 2026] [php:error] [pid 52860] [client 20.63.96.50:0] script '/domains/byardrealestate/gi.php' not found or unable to stat
[Mon Mar 02 01:43:14.387914 2026] [php:error] [pid 52860] [client 20.63.96.50:0] script '/domains/byardrealestate/tkllu.php' not found or unable to stat
[Mon Mar 02 01:43:14.412047 2026] [php:error] [pid 52860] [client 20.63.96.50:0] script '/domains/byardrealestate/fetch.php' not found or unable to stat
[Mon Mar 02 01:43:14.437229 2026] [php:error] [pid 52860] [client 20.63.96.50:0] script '/domains/byardrealestate/66.php' not found or unable to stat
[Mon Mar 02 01:43:14.471323 2026] [php:error] [pid 52860] [client 20.63.96.50:0] script '/domains/byardrealestate/1index.php' not found or unable to stat
[Mon Mar 02 01:43:14.501123 2026] [php:error] [pid 52860] [client 20.63.96.50:0] script '/domains/byardrealestate/wander.php' not found or unable to stat
[Mon Mar 02 01:43:14.527595 2026] [php:error] [pid 52860] [client 20.63.96.50:0] script '/domains/byardrealestate/makeasmtp.php' not found or unable to stat
[Mon Mar 02 01:43:14.551954 2026] [php:error] [pid 52860] [client 20.63.96.50:0] script '/domains/byardrealestate/xtsr.php' not found or unable to stat
[Mon Mar 02 01:43:14.584962 2026] [php:error] [pid 52860] [client 20.63.96.50:0] script '/domains/byardrealestate/Masks.php' not found or unable to stat
[Mon Mar 02 01:43:14.627380 2026] [php:error] [pid 52860] [client 20.63.96.50:0] script '/domains/byardrealestate/Geforce.php' not found or unable to stat
[Mon Mar 02 01:43:14.668430 2026] [php:error] [pid 52860] [client 20.63.96.50:0] script '/domains/byardrealestate/jb33.php' not found or unable to stat
[Mon Mar 02 01:43:14.693461 2026] [php:error] [pid 52860] [client 20.63.96.50:0] script '/domains/byardrealestate/vogme.php' not found or unable to stat
[Mon Mar 02 01:43:14.725713 2026] [php:error] [pid 52860] [client 20.63.96.50:0] script '/domains/byardrealestate/grsiuk.php' not found or unable to stat
[Mon Mar 02 01:43:14.756876 2026] [php:error] [pid 52860] [client 20.63.96.50:0] script '/domains/byardrealestate/inege.php' not found or unable to stat
[Mon Mar 02 01:43:14.781354 2026] [php:error] [pid 52860] [client 20.63.96.50:0] script '/domains/byardrealestate/global.php' not found or unable to stat
[Mon Mar 02 01:43:14.814236 2026] [php:error] [pid 52860] [client 20.63.96.50:0] script '/domains/byardrealestate/As.php' not found or unable to stat
[Mon Mar 02 01:43:14.841838 2026] [php:error] [pid 52860] [client 20.63.96.50:0] script '/domains/byardrealestate/btx25.php' not found or unable to stat
[Mon Mar 02 01:43:14.873526 2026] [php:error] [pid 52860] [client 20.63.96.50:0] script '/domains/byardrealestate/advanc.php' not found or unable to stat
[Mon Mar 02 01:43:15.016453 2026] [php:error] [pid 52860] [client 20.63.96.50:0] script '/domains/byardrealestate/ahgag.php' not found or unable to stat
[Mon Mar 02 01:43:15.045593 2026] [php:error] [pid 52860] [client 20.63.96.50:0] script '/domains/byardrealestate/yoawv.php' not found or unable to stat
[Mon Mar 02 01:43:15.078106 2026] [php:error] [pid 52860] [client 20.63.96.50:0] script '/domains/byardrealestate/xogve.php' not found or unable to stat
[Mon Mar 02 01:43:15.108256 2026] [php:error] [pid 52860] [client 20.63.96.50:0] script '/domains/byardrealestate/lp5.php' not found or unable to stat
[Mon Mar 02 01:43:15.133349 2026] [php:error] [pid 52860] [client 20.63.96.50:0] script '/domains/byardrealestate/torsa1.php' not found or unable to stat
[Mon Mar 02 01:43:15.179143 2026] [php:error] [pid 52860] [client 20.63.96.50:0] script '/domains/byardrealestate/an7.php' not found or unable to stat
[Mon Mar 02 01:43:15.203457 2026] [php:error] [pid 52860] [client 20.63.96.50:0] script '/domains/byardrealestate/clcdu.php' not found or unable to stat
[Mon Mar 02 01:43:15.227853 2026] [php:error] [pid 52860] [client 20.63.96.50:0] script '/domains/byardrealestate/uxijj.php' not found or unable to stat
[Mon Mar 02 01:43:15.822048 2026] [php:error] [pid 52877] [client 20.63.96.50:0] script '/domains/byardrealestate/rkiea.php' not found or unable to stat
[Mon Mar 02 01:43:15.846291 2026] [php:error] [pid 52877] [client 20.63.96.50:0] script '/domains/byardrealestate/resp.php' not found or unable to stat
[Mon Mar 02 01:43:15.872488 2026] [php:error] [pid 52877] [client 20.63.96.50:0] script '/domains/byardrealestate/ppxhp.php' not found or unable to stat
[Mon Mar 02 01:43:15.897057 2026] [php:error] [pid 52877] [client 20.63.96.50:0] script '/domains/byardrealestate/fs7.php' not found or unable to stat
[Mon Mar 02 01:43:15.942572 2026] [php:error] [pid 52877] [client 20.63.96.50:0] script '/domains/byardrealestate/an7.php' not found or unable to stat
[Mon Mar 02 01:43:15.973818 2026] [php:error] [pid 52877] [client 20.63.96.50:0] script '/domains/byardrealestate/yclby.php' not found or unable to stat
[Mon Mar 02 01:43:16.005006 2026] [php:error] [pid 52877] [client 20.63.96.50:0] script '/domains/byardrealestate/100.kb.php' not found or unable to stat
[Mon Mar 02 01:43:16.036697 2026] [php:error] [pid 52877] [client 20.63.96.50:0] script '/domains/byardrealestate/gec.php' not found or unable to stat
[Mon Mar 02 01:43:16.067669 2026] [php:error] [pid 52877] [client 20.63.96.50:0] script '/domains/byardrealestate/zwq13.php' not found or unable to stat
[Mon Mar 02 01:43:16.098428 2026] [php:error] [pid 52877] [client 20.63.96.50:0] script '/domains/byardrealestate/wqqs.php' not found or unable to stat
[Mon Mar 02 01:43:16.122703 2026] [php:error] [pid 52877] [client 20.63.96.50:0] script '/domains/byardrealestate/wp_wlx.php' not found or unable to stat
[Mon Mar 02 01:43:16.146747 2026] [php:error] [pid 52877] [client 20.63.96.50:0] script '/domains/byardrealestate/trx24.php' not found or unable to stat
[Mon Mar 02 01:43:16.170615 2026] [php:error] [pid 52877] [client 20.63.96.50:0] script '/domains/byardrealestate/x123x.php' not found or unable to stat
[Mon Mar 02 01:43:16.267092 2026] [php:error] [pid 52877] [client 20.63.96.50:0] script '/domains/byardrealestate/nc4.php' not found or unable to stat
[Mon Mar 02 01:43:16.290968 2026] [php:error] [pid 52877] [client 20.63.96.50:0] script '/domains/byardrealestate/Ov-Simple1.php' not found or unable to stat
[Mon Mar 02 01:43:16.348924 2026] [php:error] [pid 52877] [client 20.63.96.50:0] script '/domains/byardrealestate/xex.php' not found or unable to stat
[Mon Mar 02 01:43:16.378591 2026] [php:error] [pid 52877] [client 20.63.96.50:0] script '/domains/byardrealestate/wp-file.php' not found or unable to stat
[Mon Mar 02 01:43:16.414552 2026] [php:error] [pid 52877] [client 20.63.96.50:0] script '/domains/byardrealestate/wdf.php' not found or unable to stat
[Mon Mar 02 01:43:16.453094 2026] [php:error] [pid 52877] [client 20.63.96.50:0] script '/domains/byardrealestate/ticket.php' not found or unable to stat
[Mon Mar 02 01:43:16.487576 2026] [php:error] [pid 52877] [client 20.63.96.50:0] script '/domains/byardrealestate/state.php' not found or unable to stat
[Mon Mar 02 01:43:16.514608 2026] [php:error] [pid 52877] [client 20.63.96.50:0] script '/domains/byardrealestate/403.php' not found or unable to stat
[Mon Mar 02 01:43:16.538997 2026] [php:error] [pid 52877] [client 20.63.96.50:0] script '/domains/byardrealestate/xy.php' not found or unable to stat
[Mon Mar 02 01:43:16.586069 2026] [php:error] [pid 52877] [client 20.63.96.50:0] script '/domains/byardrealestate/tool.php' not found or unable to stat
