[Mon Mar 02 01:46:56.278475 2026] [php:error] [pid 52921] [client 20.63.96.50:0] script '/domains/system_default/zwq13.php' not found or unable to stat
[Mon Mar 02 01:46:56.313299 2026] [php:error] [pid 52921] [client 20.63.96.50:0] script '/domains/system_default/wqqs.php' not found or unable to stat
[Mon Mar 02 01:46:56.348922 2026] [php:error] [pid 52921] [client 20.63.96.50:0] script '/domains/system_default/wp_wlx.php' not found or unable to stat
[Mon Mar 02 01:46:56.387065 2026] [php:error] [pid 52921] [client 20.63.96.50:0] script '/domains/system_default/trx24.php' not found or unable to stat
[Mon Mar 02 01:46:56.411166 2026] [php:error] [pid 52921] [client 20.63.96.50:0] script '/domains/system_default/x123x.php' not found or unable to stat
[Mon Mar 02 01:46:56.435371 2026] [php:error] [pid 52921] [client 20.63.96.50:0] script '/domains/system_default/nc4.php' not found or unable to stat
[Mon Mar 02 01:46:56.467949 2026] [php:error] [pid 52921] [client 20.63.96.50:0] script '/domains/system_default/Ov-Simple1.php' not found or unable to stat
[Mon Mar 02 01:46:56.524744 2026] [php:error] [pid 52921] [client 20.63.96.50:0] script '/domains/system_default/xex.php' not found or unable to stat
[Mon Mar 02 01:46:56.548605 2026] [php:error] [pid 52921] [client 20.63.96.50:0] script '/domains/system_default/wp-file.php' not found or unable to stat
[Mon Mar 02 01:46:56.572921 2026] [php:error] [pid 52921] [client 20.63.96.50:0] script '/domains/system_default/wdf.php' not found or unable to stat
[Mon Mar 02 01:46:56.580681 2026] [php:error] [pid 52909] [client 20.205.227.70:0] script '/domains/system_default/ioxi-o.php' not found or unable to stat
[Mon Mar 02 01:46:56.608960 2026] [php:error] [pid 52921] [client 20.63.96.50:0] script '/domains/system_default/ticket.php' not found or unable to stat
[Mon Mar 02 01:46:56.634164 2026] [php:error] [pid 52921] [client 20.63.96.50:0] script '/domains/system_default/state.php' not found or unable to stat
[Mon Mar 02 01:46:56.672565 2026] [php:error] [pid 52921] [client 20.63.96.50:0] script '/domains/system_default/403.php' not found or unable to stat
[Mon Mar 02 01:46:56.723297 2026] [php:error] [pid 52921] [client 20.63.96.50:0] script '/domains/system_default/xy.php' not found or unable to stat
[Mon Mar 02 01:46:56.750560 2026] [php:error] [pid 52921] [client 20.63.96.50:0] script '/domains/system_default/tool.php' not found or unable to stat
[Mon Mar 02 01:46:56.786009 2026] [php:error] [pid 52921] [client 20.63.96.50:0] script '/domains/system_default/wpls.php' not found or unable to stat
[Mon Mar 02 01:46:56.805106 2026] [php:error] [pid 52909] [client 20.205.227.70:0] script '/domains/system_default/jga.php' not found or unable to stat
[Mon Mar 02 01:46:56.824420 2026] [php:error] [pid 52921] [client 20.63.96.50:0] script '/domains/system_default/mjq.php' not found or unable to stat
[Mon Mar 02 01:46:56.851651 2026] [php:error] [pid 52921] [client 20.63.96.50:0] script '/domains/system_default/wp-4doption1.php' not found or unable to stat
[Mon Mar 02 01:46:56.888301 2026] [php:error] [pid 52921] [client 20.63.96.50:0] script '/domains/system_default/img.php' not found or unable to stat
[Mon Mar 02 01:46:57.030358 2026] [php:error] [pid 52909] [client 20.205.227.70:0] script '/domains/system_default/wp-cron.php' not found or unable to stat
[Mon Mar 02 01:46:57.705948 2026] [php:error] [pid 52909] [client 20.205.227.70:0] script '/domains/system_default/file.php' not found or unable to stat
[Mon Mar 02 01:46:57.931198 2026] [php:error] [pid 52909] [client 20.205.227.70:0] script '/domains/system_default/wp-admin.php' not found or unable to stat
[Mon Mar 02 01:46:58.605341 2026] [php:error] [pid 52909] [client 20.205.227.70:0] script '/domains/system_default/166.php' not found or unable to stat
[Mon Mar 02 01:46:58.830667 2026] [php:error] [pid 52909] [client 20.205.227.70:0] script '/domains/system_default/dropdown.php' not found or unable to stat
[Mon Mar 02 01:46:59.734686 2026] [php:error] [pid 52909] [client 20.205.227.70:0] script '/domains/system_default/x.php' not found or unable to stat
[Mon Mar 02 01:46:59.977356 2026] [php:error] [pid 52909] [client 20.205.227.70:0] script '/domains/system_default/xmlrpc.php' not found or unable to stat
[Mon Mar 02 01:47:00.449967 2026] [php:error] [pid 52909] [client 20.205.227.70:0] script '/domains/system_default/24.php' not found or unable to stat
[Mon Mar 02 01:47:00.694222 2026] [php:error] [pid 52909] [client 20.205.227.70:0] script '/domains/system_default/buy.php' not found or unable to stat
[Mon Mar 02 01:47:00.950634 2026] [php:error] [pid 52909] [client 20.205.227.70:0] script '/domains/system_default/test1.php' not found or unable to stat
[Mon Mar 02 01:47:02.563989 2026] [php:error] [pid 52925] [client 74.243.251.125:0] script '/domains/fdcarter/trx24.php' not found or unable to stat
[Mon Mar 02 01:47:02.927821 2026] [php:error] [pid 52925] [client 74.243.251.125:0] script '/domains/fdcarter/cah.php' not found or unable to stat
[Mon Mar 02 01:47:03.290625 2026] [php:error] [pid 52925] [client 74.243.251.125:0] script '/domains/fdcarter/acp.php' not found or unable to stat
[Mon Mar 02 01:47:03.462797 2026] [php:error] [pid 52909] [client 20.205.227.70:0] script '/domains/system_default/aa.php' not found or unable to stat
[Mon Mar 02 01:47:03.471856 2026] [php:error] [pid 52925] [client 74.243.251.125:0] script '/domains/fdcarter/muzu.php' not found or unable to stat
[Mon Mar 02 01:47:03.653121 2026] [php:error] [pid 52925] [client 74.243.251.125:0] script '/domains/fdcarter/wpo.php' not found or unable to stat
[Mon Mar 02 01:47:03.688374 2026] [php:error] [pid 52909] [client 20.205.227.70:0] script '/domains/system_default/bless.php' not found or unable to stat
[Mon Mar 02 01:47:03.834845 2026] [php:error] [pid 52925] [client 74.243.251.125:0] script '/domains/fdcarter/x123x.php' not found or unable to stat
[Mon Mar 02 01:47:03.914781 2026] [php:error] [pid 52909] [client 20.205.227.70:0] script '/domains/system_default/content.php' not found or unable to stat
[Mon Mar 02 01:47:04.016981 2026] [php:error] [pid 52925] [client 74.243.251.125:0] script '/domains/fdcarter/aq.php' not found or unable to stat
[Mon Mar 02 01:47:04.198418 2026] [php:error] [pid 52925] [client 74.243.251.125:0] script '/domains/fdcarter/011i.php' not found or unable to stat
[Mon Mar 02 01:47:04.379590 2026] [php:error] [pid 52925] [client 74.243.251.125:0] script '/domains/fdcarter/edit-tags.php' not found or unable to stat
[Mon Mar 02 01:47:04.561004 2026] [php:error] [pid 52925] [client 74.243.251.125:0] script '/domains/fdcarter/as1337.php' not found or unable to stat
[Mon Mar 02 01:47:04.742553 2026] [php:error] [pid 52925] [client 74.243.251.125:0] script '/domains/fdcarter/Okxob.php' not found or unable to stat
[Mon Mar 02 01:47:04.891219 2026] [php:error] [pid 52909] [client 20.205.227.70:0] script '/domains/system_default/rip.php' not found or unable to stat
[Mon Mar 02 01:47:04.923840 2026] [php:error] [pid 52925] [client 74.243.251.125:0] script '/domains/fdcarter/wolf-shell.php' not found or unable to stat
[Mon Mar 02 01:47:05.105276 2026] [php:error] [pid 52925] [client 74.243.251.125:0] script '/domains/fdcarter/core.php' not found or unable to stat
[Mon Mar 02 01:47:05.115912 2026] [php:error] [pid 52909] [client 20.205.227.70:0] script '/domains/system_default/themes.php' not found or unable to stat
[Mon Mar 02 01:47:05.286527 2026] [php:error] [pid 52925] [client 74.243.251.125:0] script '/domains/fdcarter/zeal.php' not found or unable to stat
[Mon Mar 02 01:47:05.468297 2026] [php:error] [pid 52925] [client 74.243.251.125:0] script '/domains/fdcarter/asf.php' not found or unable to stat
[Mon Mar 02 01:47:05.649995 2026] [php:error] [pid 52925] [client 74.243.251.125:0] script '/domains/fdcarter/sa.php' not found or unable to stat
[Mon Mar 02 01:47:21.153136 2026] [php:error] [pid 52925] [client 20.151.224.126:0] script '/domains/jaspen/submitticket.php' not found or unable to stat
[Mon Mar 02 01:47:22.459699 2026] [php:error] [pid 52925] [client 20.151.224.126:0] script '/domains/jaspen/yereongu.php' not found or unable to stat
[Mon Mar 02 01:47:26.180759 2026] [php:error] [pid 52925] [client 20.151.224.126:0] script '/domains/jaspen/admin.php' not found or unable to stat
[Mon Mar 02 01:47:26.204942 2026] [php:error] [pid 52925] [client 20.151.224.126:0] script '/domains/jaspen/gtc.php' not found or unable to stat
[Mon Mar 02 01:47:26.233546 2026] [php:error] [pid 52925] [client 20.151.224.126:0] script '/domains/jaspen/info.php' not found or unable to stat
[Mon Mar 02 01:47:26.258017 2026] [php:error] [pid 52925] [client 20.151.224.126:0] script '/domains/jaspen/inputs.php' not found or unable to stat
[Mon Mar 02 01:47:26.328184 2026] [php:error] [pid 52925] [client 20.151.224.126:0] script '/domains/jaspen/xmrlpc.php' not found or unable to stat
[Mon Mar 02 01:47:26.355011 2026] [php:error] [pid 52925] [client 20.151.224.126:0] script '/domains/jaspen/123.php' not found or unable to stat
[Mon Mar 02 01:47:26.379420 2026] [php:error] [pid 52925] [client 20.151.224.126:0] script '/domains/jaspen/z60.php' not found or unable to stat
[Mon Mar 02 01:47:26.404582 2026] [php:error] [pid 52925] [client 20.151.224.126:0] script '/domains/jaspen/class.php' not found or unable to stat
[Mon Mar 02 01:47:26.428590 2026] [php:error] [pid 52925] [client 20.151.224.126:0] script '/domains/jaspen/file.php' not found or unable to stat
[Mon Mar 02 01:47:26.456133 2026] [php:error] [pid 52925] [client 20.151.224.126:0] script '/domains/jaspen/404.php' not found or unable to stat
[Mon Mar 02 01:47:26.488930 2026] [php:error] [pid 52925] [client 20.151.224.126:0] script '/domains/jaspen/222.php' not found or unable to stat
[Mon Mar 02 01:47:26.540815 2026] [php:error] [pid 52925] [client 20.151.224.126:0] script '/domains/jaspen/abcd.php' not found or unable to stat
[Mon Mar 02 01:47:26.570976 2026] [php:error] [pid 52925] [client 20.151.224.126:0] script '/domains/jaspen/ioxi-o.php' not found or unable to stat
[Mon Mar 02 01:47:26.634481 2026] [php:error] [pid 52925] [client 20.151.224.126:0] script '/domains/jaspen/gg.php' not found or unable to stat
[Mon Mar 02 01:47:26.663258 2026] [php:error] [pid 52925] [client 20.151.224.126:0] script '/domains/jaspen/manager.php' not found or unable to stat
[Mon Mar 02 01:47:26.687539 2026] [php:error] [pid 52925] [client 20.151.224.126:0] script '/domains/jaspen/classwithtostring.php' not found or unable to stat
[Mon Mar 02 01:47:26.728711 2026] [php:error] [pid 52925] [client 20.151.224.126:0] script '/domains/jaspen/wrt.php' not found or unable to stat
[Mon Mar 02 01:47:26.766054 2026] [php:error] [pid 52925] [client 20.151.224.126:0] script '/domains/jaspen/ha.php' not found or unable to stat
[Mon Mar 02 01:47:26.856435 2026] [php:error] [pid 52925] [client 20.151.224.126:0] script '/domains/jaspen/vx.php' not found or unable to stat
[Mon Mar 02 01:47:26.880602 2026] [php:error] [pid 52925] [client 20.151.224.126:0] script '/domains/jaspen/item.php' not found or unable to stat
[Mon Mar 02 01:47:26.918124 2026] [php:error] [pid 52925] [client 20.151.224.126:0] script '/domains/jaspen/radio.php' not found or unable to stat
[Mon Mar 02 01:47:26.942570 2026] [php:error] [pid 52925] [client 20.151.224.126:0] script '/domains/jaspen/0x.php' not found or unable to stat
[Mon Mar 02 01:47:26.977900 2026] [php:error] [pid 52925] [client 20.151.224.126:0] script '/domains/jaspen/1.php' not found or unable to stat
[Mon Mar 02 01:47:27.026693 2026] [php:error] [pid 52925] [client 20.151.224.126:0] script '/domains/jaspen/la.php' not found or unable to stat
[Mon Mar 02 01:47:29.349398 2026] [php:error] [pid 52902] [client 20.151.224.126:0] script '/domains/jaspen/ccou.php' not found or unable to stat
[Mon Mar 02 01:47:29.379870 2026] [php:error] [pid 52902] [client 20.151.224.126:0] script '/domains/jaspen/readme.php' not found or unable to stat
[Mon Mar 02 01:47:29.407028 2026] [php:error] [pid 52902] [client 20.151.224.126:0] script '/domains/jaspen/file7.php' not found or unable to stat
[Mon Mar 02 01:47:29.433965 2026] [php:error] [pid 52902] [client 20.151.224.126:0] script '/domains/jaspen/x.php' not found or unable to stat
[Mon Mar 02 01:47:29.472421 2026] [php:error] [pid 52902] [client 20.151.224.126:0] script '/domains/jaspen/lv.php' not found or unable to stat
[Mon Mar 02 01:47:29.522499 2026] [php:error] [pid 52902] [client 20.151.224.126:0] script '/domains/jaspen/file48.php' not found or unable to stat
[Mon Mar 02 01:47:30.305547 2026] [php:error] [pid 52902] [client 20.151.224.126:0] script '/domains/jaspen/install.php' not found or unable to stat
[Mon Mar 02 01:47:30.499120 2026] [php:error] [pid 52902] [client 20.151.224.126:0] script '/domains/jaspen/click.php' not found or unable to stat
[Mon Mar 02 01:47:30.526084 2026] [php:error] [pid 52902] [client 20.151.224.126:0] script '/domains/jaspen/info.php' not found or unable to stat
[Mon Mar 02 01:47:30.552793 2026] [php:error] [pid 52902] [client 20.151.224.126:0] script '/domains/jaspen/wp-trackback.php' not found or unable to stat
[Mon Mar 02 01:47:30.610893 2026] [php:error] [pid 52902] [client 20.151.224.126:0] script '/domains/jaspen/wsd.php' not found or unable to stat
[Mon Mar 02 01:47:30.638305 2026] [php:error] [pid 52902] [client 20.151.224.126:0] script '/domains/jaspen/0x.php' not found or unable to stat
[Mon Mar 02 01:47:30.669161 2026] [php:error] [pid 52902] [client 20.151.224.126:0] script '/domains/jaspen/lock360.php' not found or unable to stat
[Mon Mar 02 01:47:30.697698 2026] [php:error] [pid 52902] [client 20.151.224.126:0] script '/domains/jaspen/04.php' not found or unable to stat
[Mon Mar 02 01:47:30.751765 2026] [php:error] [pid 52902] [client 20.151.224.126:0] script '/domains/jaspen/file9.php' not found or unable to stat
[Mon Mar 02 01:47:30.779199 2026] [php:error] [pid 52902] [client 20.151.224.126:0] script '/domains/jaspen/as.php' not found or unable to stat
[Mon Mar 02 01:47:30.812194 2026] [php:error] [pid 52902] [client 20.151.224.126:0] script '/domains/jaspen/ac.php' not found or unable to stat
[Mon Mar 02 01:47:30.844531 2026] [php:error] [pid 52902] [client 20.151.224.126:0] script '/domains/jaspen/simple.php' not found or unable to stat
[Mon Mar 02 01:47:30.906850 2026] [php:error] [pid 52902] [client 20.151.224.126:0] script '/domains/jaspen/rh.php' not found or unable to stat
[Mon Mar 02 01:47:30.962158 2026] [php:error] [pid 52902] [client 20.151.224.126:0] script '/domains/jaspen/az.php' not found or unable to stat
[Mon Mar 02 01:47:31.012349 2026] [php:error] [pid 52902] [client 20.151.224.126:0] script '/domains/jaspen/ton.php' not found or unable to stat
[Mon Mar 02 01:47:32.722438 2026] [php:error] [pid 52902] [client 20.151.224.126:0] script '/domains/jaspen/333.php' not found or unable to stat
[Mon Mar 02 01:47:32.750212 2026] [php:error] [pid 52902] [client 20.151.224.126:0] script '/domains/jaspen/zfile.php' not found or unable to stat
[Mon Mar 02 01:47:32.776935 2026] [php:error] [pid 52902] [client 20.151.224.126:0] script '/domains/jaspen/akcc.php' not found or unable to stat
[Mon Mar 02 01:47:32.804398 2026] [php:error] [pid 52902] [client 20.151.224.126:0] script '/domains/jaspen/321.php' not found or unable to stat
[Mon Mar 02 01:47:32.850004 2026] [php:error] [pid 52902] [client 20.151.224.126:0] script '/domains/jaspen/k.php' not found or unable to stat
[Mon Mar 02 01:47:32.878347 2026] [php:error] [pid 52902] [client 20.151.224.126:0] script '/domains/jaspen/ant.php' not found or unable to stat
[Mon Mar 02 01:47:32.929950 2026] [php:error] [pid 52902] [client 20.151.224.126:0] script '/domains/jaspen/info.php' not found or unable to stat
[Mon Mar 02 01:47:32.974728 2026] [php:error] [pid 52902] [client 20.151.224.126:0] script '/domains/jaspen/num.php' not found or unable to stat
[Mon Mar 02 01:47:33.021001 2026] [php:error] [pid 52902] [client 20.151.224.126:0] script '/domains/jaspen/al.php' not found or unable to stat
[Mon Mar 02 01:47:33.048610 2026] [php:error] [pid 52902] [client 20.151.224.126:0] script '/domains/jaspen/buy.php' not found or unable to stat
[Mon Mar 02 01:47:33.112460 2026] [php:error] [pid 52902] [client 20.151.224.126:0] script '/domains/jaspen/a.php' not found or unable to stat
[Mon Mar 02 01:47:35.305569 2026] [php:error] [pid 52902] [client 20.151.224.126:0] script '/domains/jaspen/goods.php' not found or unable to stat
[Mon Mar 02 01:47:35.341104 2026] [php:error] [pid 52902] [client 20.151.224.126:0] script '/domains/jaspen/bak.php' not found or unable to stat
[Mon Mar 02 01:47:35.368636 2026] [php:error] [pid 52902] [client 20.151.224.126:0] script '/domains/jaspen/nc4.php' not found or unable to stat
[Mon Mar 02 01:47:35.396604 2026] [php:error] [pid 52902] [client 20.151.224.126:0] script '/domains/jaspen/ar.php' not found or unable to stat
[Mon Mar 02 01:47:35.425313 2026] [php:error] [pid 52902] [client 20.151.224.126:0] script '/domains/jaspen/0.php' not found or unable to stat
[Mon Mar 02 01:47:35.452795 2026] [php:error] [pid 52902] [client 20.151.224.126:0] script '/domains/jaspen/doc.php' not found or unable to stat
[Mon Mar 02 01:47:35.519678 2026] [php:error] [pid 52902] [client 20.151.224.126:0] script '/domains/jaspen/adminfuns.php' not found or unable to stat
[Mon Mar 02 01:47:35.550650 2026] [php:error] [pid 52902] [client 20.151.224.126:0] script '/domains/jaspen/b.php' not found or unable to stat
[Mon Mar 02 01:47:35.618248 2026] [php:error] [pid 52902] [client 20.151.224.126:0] script '/domains/jaspen/atomlib.php' not found or unable to stat
[Mon Mar 02 01:47:35.646915 2026] [php:error] [pid 52902] [client 20.151.224.126:0] script '/domains/jaspen/520.php' not found or unable to stat
[Mon Mar 02 01:47:35.675871 2026] [php:error] [pid 52902] [client 20.151.224.126:0] script '/domains/jaspen/security.php' not found or unable to stat
[Mon Mar 02 01:48:22.486492 2026] [php:error] [pid 52902] [client 20.63.41.168:0] script '/domains/hungariantasteweb/trx24.php' not found or unable to stat
[Mon Mar 02 01:48:22.533986 2026] [php:error] [pid 52902] [client 20.63.41.168:0] script '/domains/hungariantasteweb/cah.php' not found or unable to stat
[Mon Mar 02 01:48:22.581194 2026] [php:error] [pid 52902] [client 20.63.41.168:0] script '/domains/hungariantasteweb/acp.php' not found or unable to stat
[Mon Mar 02 01:48:22.611559 2026] [php:error] [pid 52902] [client 20.63.41.168:0] script '/domains/hungariantasteweb/muzu.php' not found or unable to stat
[Mon Mar 02 01:48:22.635396 2026] [php:error] [pid 52902] [client 20.63.41.168:0] script '/domains/hungariantasteweb/wpo.php' not found or unable to stat
[Mon Mar 02 01:48:22.659025 2026] [php:error] [pid 52902] [client 20.63.41.168:0] script '/domains/hungariantasteweb/x123x.php' not found or unable to stat
[Mon Mar 02 01:48:22.699892 2026] [php:error] [pid 52902] [client 20.63.41.168:0] script '/domains/hungariantasteweb/aq.php' not found or unable to stat
[Mon Mar 02 01:48:22.728969 2026] [php:error] [pid 52902] [client 20.63.41.168:0] script '/domains/hungariantasteweb/011i.php' not found or unable to stat
[Mon Mar 02 01:48:22.756624 2026] [php:error] [pid 52902] [client 20.63.41.168:0] script '/domains/hungariantasteweb/edit-tags.php' not found or unable to stat
[Mon Mar 02 01:48:22.780311 2026] [php:error] [pid 52902] [client 20.63.41.168:0] script '/domains/hungariantasteweb/as1337.php' not found or unable to stat
[Mon Mar 02 01:48:22.833184 2026] [php:error] [pid 52902] [client 20.63.41.168:0] script '/domains/hungariantasteweb/Okxob.php' not found or unable to stat
[Mon Mar 02 01:48:22.867588 2026] [php:error] [pid 52902] [client 20.63.41.168:0] script '/domains/hungariantasteweb/wolf-shell.php' not found or unable to stat
[Mon Mar 02 01:48:22.898809 2026] [php:error] [pid 52902] [client 20.63.41.168:0] script '/domains/hungariantasteweb/core.php' not found or unable to stat
[Mon Mar 02 01:48:22.922411 2026] [php:error] [pid 52902] [client 20.63.41.168:0] script '/domains/hungariantasteweb/zeal.php' not found or unable to stat
[Mon Mar 02 01:48:22.946174 2026] [php:error] [pid 52902] [client 20.63.41.168:0] script '/domains/hungariantasteweb/asf.php' not found or unable to stat
[Mon Mar 02 01:48:22.975869 2026] [php:error] [pid 52902] [client 20.63.41.168:0] script '/domains/hungariantasteweb/sa.php' not found or unable to stat
[Mon Mar 02 01:48:23.688476 2026] [php:error] [pid 52929] [client 20.63.41.168:0] script '/domains/conservation1/trx24.php' not found or unable to stat
[Mon Mar 02 01:48:23.825893 2026] [php:error] [pid 52929] [client 20.63.41.168:0] script '/domains/conservation1/cah.php' not found or unable to stat
[Mon Mar 02 01:48:23.986505 2026] [php:error] [pid 52929] [client 20.63.41.168:0] script '/domains/conservation1/acp.php' not found or unable to stat
[Mon Mar 02 01:48:24.021881 2026] [php:error] [pid 52929] [client 20.63.41.168:0] script '/domains/conservation1/muzu.php' not found or unable to stat
[Mon Mar 02 01:48:24.220449 2026] [php:error] [pid 52929] [client 20.63.41.168:0] script '/domains/conservation1/wpo.php' not found or unable to stat
[Mon Mar 02 01:48:24.846422 2026] [php:error] [pid 52935] [client 20.53.240.38:0] script '/domains/apunderkofler/inputs.php' not found or unable to stat
[Mon Mar 02 01:48:25.087526 2026] [php:error] [pid 52935] [client 20.53.240.38:0] script '/domains/apunderkofler/ioxi-o.php' not found or unable to stat
[Mon Mar 02 01:48:25.140498 2026] [php:error] [pid 52929] [client 20.63.41.168:0] script '/domains/conservation1/x123x.php' not found or unable to stat
[Mon Mar 02 01:48:25.167372 2026] [php:error] [pid 52929] [client 20.63.41.168:0] script '/domains/conservation1/aq.php' not found or unable to stat
[Mon Mar 02 01:48:25.197605 2026] [php:error] [pid 52929] [client 20.63.41.168:0] script '/domains/conservation1/011i.php' not found or unable to stat
[Mon Mar 02 01:48:25.251719 2026] [php:error] [pid 52929] [client 20.63.41.168:0] script '/domains/conservation1/edit-tags.php' not found or unable to stat
[Mon Mar 02 01:48:25.278491 2026] [php:error] [pid 52929] [client 20.63.41.168:0] script '/domains/conservation1/as1337.php' not found or unable to stat
[Mon Mar 02 01:48:25.305334 2026] [php:error] [pid 52929] [client 20.63.41.168:0] script '/domains/conservation1/Okxob.php' not found or unable to stat
[Mon Mar 02 01:48:25.331895 2026] [php:error] [pid 52929] [client 20.63.41.168:0] script '/domains/conservation1/wolf-shell.php' not found or unable to stat
[Mon Mar 02 01:48:25.358459 2026] [php:error] [pid 52929] [client 20.63.41.168:0] script '/domains/conservation1/core.php' not found or unable to stat
[Mon Mar 02 01:48:25.394636 2026] [php:error] [pid 52929] [client 20.63.41.168:0] script '/domains/conservation1/zeal.php' not found or unable to stat
[Mon Mar 02 01:48:25.421454 2026] [php:error] [pid 52929] [client 20.63.41.168:0] script '/domains/conservation1/asf.php' not found or unable to stat
[Mon Mar 02 01:48:25.448680 2026] [php:error] [pid 52929] [client 20.63.41.168:0] script '/domains/conservation1/sa.php' not found or unable to stat
[Mon Mar 02 01:48:25.498190 2026] [php:error] [pid 52935] [client 20.53.240.38:0] script '/domains/apunderkofler/rip.php' not found or unable to stat
[Mon Mar 02 01:48:25.705116 2026] [php:error] [pid 52935] [client 20.53.240.38:0] script '/domains/apunderkofler/admin.php' not found or unable to stat
[Mon Mar 02 01:48:26.115302 2026] [php:error] [pid 52935] [client 20.53.240.38:0] script '/domains/apunderkofler/cache.php' not found or unable to stat
[Mon Mar 02 01:48:26.320217 2026] [php:error] [pid 52935] [client 20.53.240.38:0] script '/domains/apunderkofler/themes.php' not found or unable to stat
[Mon Mar 02 01:48:26.525276 2026] [php:error] [pid 52935] [client 20.53.240.38:0] script '/domains/apunderkofler/an.php' not found or unable to stat
[Mon Mar 02 01:48:27.154617 2026] [php:error] [pid 52935] [client 20.53.240.38:0] script '/domains/apunderkofler/ws.php' not found or unable to stat
[Mon Mar 02 01:48:27.359405 2026] [php:error] [pid 52935] [client 20.53.240.38:0] script '/domains/apunderkofler/404.php' not found or unable to stat
[Mon Mar 02 01:48:27.769732 2026] [php:error] [pid 52935] [client 20.53.240.38:0] script '/domains/apunderkofler/wp-conf.php' not found or unable to stat
[Mon Mar 02 01:48:28.207100 2026] [php:error] [pid 52935] [client 20.53.240.38:0] script '/domains/apunderkofler/wp-login.php' not found or unable to stat
[Mon Mar 02 01:48:28.442568 2026] [php:error] [pid 52935] [client 20.53.240.38:0] script '/domains/apunderkofler/abc.php' not found or unable to stat
[Mon Mar 02 01:48:28.661612 2026] [php:error] [pid 52935] [client 20.53.240.38:0] script '/domains/apunderkofler/abcd.php' not found or unable to stat
[Mon Mar 02 01:48:28.867125 2026] [php:error] [pid 52935] [client 20.53.240.38:0] script '/domains/apunderkofler/as.php' not found or unable to stat
[Mon Mar 02 01:48:29.072017 2026] [php:error] [pid 52935] [client 20.53.240.38:0] script '/domains/apunderkofler/wp-trackback.php' not found or unable to stat
[Mon Mar 02 01:48:29.279118 2026] [php:error] [pid 52935] [client 20.53.240.38:0] script '/domains/apunderkofler/about.php' not found or unable to stat
[Mon Mar 02 01:48:29.484546 2026] [php:error] [pid 52935] [client 20.53.240.38:0] script '/domains/apunderkofler/file.php' not found or unable to stat
[Mon Mar 02 01:48:29.689620 2026] [php:error] [pid 52935] [client 20.53.240.38:0] script '/domains/apunderkofler/adminfuns.php' not found or unable to stat
[Mon Mar 02 01:48:29.894878 2026] [php:error] [pid 52935] [client 20.53.240.38:0] script '/domains/apunderkofler/wp-good.php' not found or unable to stat
[Mon Mar 02 01:48:30.122060 2026] [php:error] [pid 52935] [client 20.53.240.38:0] script '/domains/apunderkofler/xmlrpc.php' not found or unable to stat
[Mon Mar 02 01:48:30.327576 2026] [php:error] [pid 52935] [client 20.53.240.38:0] script '/domains/apunderkofler/goods.php' not found or unable to stat
[Mon Mar 02 01:48:30.534435 2026] [php:error] [pid 52935] [client 20.53.240.38:0] script '/domains/apunderkofler/class-t.api.php' not found or unable to stat
[Mon Mar 02 01:48:30.740792 2026] [php:error] [pid 52935] [client 20.53.240.38:0] script '/domains/apunderkofler/sf.php' not found or unable to stat
[Mon Mar 02 01:48:30.946887 2026] [php:error] [pid 52935] [client 20.53.240.38:0] script '/domains/apunderkofler/kbfr.php' not found or unable to stat
[Mon Mar 02 01:48:31.153752 2026] [php:error] [pid 52935] [client 20.53.240.38:0] script '/domains/apunderkofler/autoload_classmap.php' not found or unable to stat
[Mon Mar 02 01:48:31.375422 2026] [php:error] [pid 52935] [client 20.53.240.38:0] script '/domains/apunderkofler/chosen.php' not found or unable to stat
[Mon Mar 02 01:48:31.615954 2026] [php:error] [pid 52935] [client 20.53.240.38:0] script '/domains/apunderkofler/classwithtostring.php' not found or unable to stat
[Mon Mar 02 01:48:31.822715 2026] [php:error] [pid 52935] [client 20.53.240.38:0] script '/domains/apunderkofler/defaults.php' not found or unable to stat
[Mon Mar 02 01:48:32.441915 2026] [php:error] [pid 52935] [client 20.53.240.38:0] script '/domains/apunderkofler/info.php' not found or unable to stat
[Mon Mar 02 01:48:51.928693 2026] [php:error] [pid 52950] [client 20.53.243.118:0] script '/domains/rainho/222.php' not found or unable to stat
[Mon Mar 02 01:48:52.131681 2026] [php:error] [pid 52950] [client 20.53.243.118:0] script '/domains/rainho/404.php' not found or unable to stat
[Mon Mar 02 01:48:52.333868 2026] [php:error] [pid 52950] [client 20.53.243.118:0] script '/domains/rainho/about.php' not found or unable to stat
[Mon Mar 02 01:48:52.535307 2026] [php:error] [pid 52950] [client 20.53.243.118:0] script '/domains/rainho/admin.php' not found or unable to stat
[Mon Mar 02 01:48:52.737753 2026] [php:error] [pid 52950] [client 20.53.243.118:0] script '/domains/rainho/adminfuns.php' not found or unable to stat
[Mon Mar 02 01:48:52.940203 2026] [php:error] [pid 52950] [client 20.53.243.118:0] script '/domains/rainho/bless.php' not found or unable to stat
[Mon Mar 02 01:48:53.142405 2026] [php:error] [pid 52950] [client 20.53.243.118:0] script '/domains/rainho/bolt.php' not found or unable to stat
[Mon Mar 02 01:48:53.344680 2026] [php:error] [pid 52950] [client 20.53.243.118:0] script '/domains/rainho/ccou.php' not found or unable to stat
[Mon Mar 02 01:48:53.547612 2026] [php:error] [pid 52950] [client 20.53.243.118:0] script '/domains/rainho/class-t.api.php' not found or unable to stat
[Mon Mar 02 01:48:53.749255 2026] [php:error] [pid 52950] [client 20.53.243.118:0] script '/domains/rainho/css.php' not found or unable to stat
[Mon Mar 02 01:48:54.161676 2026] [php:error] [pid 52950] [client 20.53.243.118:0] script '/domains/rainho/edit.php' not found or unable to stat
[Mon Mar 02 01:48:54.364718 2026] [php:error] [pid 52950] [client 20.53.243.118:0] script '/domains/rainho/fff.php' not found or unable to stat
[Mon Mar 02 01:48:54.566350 2026] [php:error] [pid 52950] [client 20.53.243.118:0] script '/domains/rainho/file.php' not found or unable to stat
[Mon Mar 02 01:48:54.768199 2026] [php:error] [pid 52950] [client 20.53.243.118:0] script '/domains/rainho/fx.php' not found or unable to stat
[Mon Mar 02 01:48:54.970190 2026] [php:error] [pid 52950] [client 20.53.243.118:0] script '/domains/rainho/info.php' not found or unable to stat
[Mon Mar 02 01:48:55.172173 2026] [php:error] [pid 52950] [client 20.53.243.118:0] script '/domains/rainho/ioxi-o.php' not found or unable to stat
[Mon Mar 02 01:48:55.375055 2026] [php:error] [pid 52950] [client 20.53.243.118:0] script '/domains/rainho/rip.php' not found or unable to stat
[Mon Mar 02 01:48:55.576873 2026] [php:error] [pid 52950] [client 20.53.243.118:0] script '/domains/rainho/server.php' not found or unable to stat
[Mon Mar 02 01:48:55.778490 2026] [php:error] [pid 52950] [client 20.53.243.118:0] script '/domains/rainho/wp-blog.php' not found or unable to stat
[Mon Mar 02 01:48:56.990335 2026] [php:error] [pid 52950] [client 20.53.243.118:0] script '/domains/rainho/wp-editor.php' not found or unable to stat
[Mon Mar 02 01:48:58.006751 2026] [php:error] [pid 52950] [client 20.53.243.118:0] script '/domains/rainho/wp.php' not found or unable to stat
[Mon Mar 02 01:48:58.209668 2026] [php:error] [pid 52950] [client 20.53.243.118:0] script '/domains/rainho/x.php' not found or unable to stat
[Mon Mar 02 01:50:28.339255 2026] [php:error] [pid 52951] [client 20.104.206.150:0] script '/domains/ltemple/signon.php' not found or unable to stat
[Mon Mar 02 01:50:28.365334 2026] [php:error] [pid 52951] [client 20.104.206.150:0] script '/domains/ltemple/t00l.php' not found or unable to stat
[Mon Mar 02 01:50:28.389551 2026] [php:error] [pid 52951] [client 20.104.206.150:0] script '/domains/ltemple/function.php' not found or unable to stat
[Mon Mar 02 01:50:28.414232 2026] [php:error] [pid 52951] [client 20.104.206.150:0] script '/domains/ltemple/cjfuns.php' not found or unable to stat
[Mon Mar 02 01:50:28.438429 2026] [php:error] [pid 52951] [client 20.104.206.150:0] script '/domains/ltemple/new.php' not found or unable to stat
[Mon Mar 02 01:50:28.463019 2026] [php:error] [pid 52951] [client 20.104.206.150:0] script '/domains/ltemple/wp-xmlmp.php' not found or unable to stat
[Mon Mar 02 01:50:28.488574 2026] [php:error] [pid 52951] [client 20.104.206.150:0] script '/domains/ltemple/wp-config-sample.php' not found or unable to stat
[Mon Mar 02 01:50:28.512777 2026] [php:error] [pid 52951] [client 20.104.206.150:0] script '/domains/ltemple/wp-configssss.php' not found or unable to stat
[Mon Mar 02 01:50:28.537699 2026] [php:error] [pid 52951] [client 20.104.206.150:0] script '/domains/ltemple/wp-configss1.php' not found or unable to stat
[Mon Mar 02 01:50:28.568697 2026] [php:error] [pid 52951] [client 20.104.206.150:0] script '/domains/ltemple/ngif.php' not found or unable to stat
[Mon Mar 02 01:50:28.596320 2026] [php:error] [pid 52951] [client 20.104.206.150:0] script '/domains/ltemple/wp-configss.php' not found or unable to stat
[Mon Mar 02 01:50:28.623363 2026] [php:error] [pid 52951] [client 20.104.206.150:0] script '/domains/ltemple/yanz.php' not found or unable to stat
[Mon Mar 02 01:50:28.672613 2026] [php:error] [pid 52951] [client 20.104.206.150:0] script '/domains/ltemple/defaults.php' not found or unable to stat
[Mon Mar 02 01:50:28.698373 2026] [php:error] [pid 52951] [client 20.104.206.150:0] script '/domains/ltemple/im.php' not found or unable to stat
[Mon Mar 02 01:50:28.722519 2026] [php:error] [pid 52951] [client 20.104.206.150:0] script '/domains/ltemple/wp-comments-post.php' not found or unable to stat
[Mon Mar 02 01:50:28.749842 2026] [php:error] [pid 52951] [client 20.104.206.150:0] script '/domains/ltemple/cache-compat.php' not found or unable to stat
[Mon Mar 02 01:50:28.773968 2026] [php:error] [pid 52951] [client 20.104.206.150:0] script '/domains/ltemple/fw.php' not found or unable to stat
[Mon Mar 02 01:50:28.804374 2026] [php:error] [pid 52951] [client 20.104.206.150:0] script '/domains/ltemple/berlin.php' not found or unable to stat
[Mon Mar 02 01:50:28.838693 2026] [php:error] [pid 52951] [client 20.104.206.150:0] script '/domains/ltemple/abe.php' not found or unable to stat
[Mon Mar 02 01:50:28.863567 2026] [php:error] [pid 52951] [client 20.104.206.150:0] script '/domains/ltemple/otuz1.php' not found or unable to stat
[Mon Mar 02 01:50:28.894320 2026] [php:error] [pid 52951] [client 20.104.206.150:0] script '/domains/ltemple/wp-files.php' not found or unable to stat
[Mon Mar 02 01:50:28.923044 2026] [php:error] [pid 52951] [client 20.104.206.150:0] script '/domains/ltemple/aj.php' not found or unable to stat
[Mon Mar 02 01:50:28.947689 2026] [php:error] [pid 52951] [client 20.104.206.150:0] script '/domains/ltemple/he.php' not found or unable to stat
[Mon Mar 02 01:50:28.986893 2026] [php:error] [pid 52951] [client 20.104.206.150:0] script '/domains/ltemple/cache.php' not found or unable to stat
[Mon Mar 02 01:50:29.017496 2026] [php:error] [pid 52951] [client 20.104.206.150:0] script '/domains/ltemple/tiny.php' not found or unable to stat
[Mon Mar 02 01:50:29.041803 2026] [php:error] [pid 52951] [client 20.104.206.150:0] script '/domains/ltemple/wp-load.php' not found or unable to stat
[Mon Mar 02 01:50:29.065920 2026] [php:error] [pid 52951] [client 20.104.206.150:0] script '/domains/ltemple/blog.php' not found or unable to stat
[Mon Mar 02 01:50:29.115239 2026] [php:error] [pid 52951] [client 20.104.206.150:0] script '/domains/ltemple/lufix.php' not found or unable to stat
[Mon Mar 02 01:50:29.143517 2026] [php:error] [pid 52951] [client 20.104.206.150:0] script '/domains/ltemple/ajax-actions.php' not found or unable to stat
[Mon Mar 02 01:50:29.195450 2026] [php:error] [pid 52951] [client 20.104.206.150:0] script '/domains/ltemple/cc.php' not found or unable to stat
[Mon Mar 02 01:50:29.222100 2026] [php:error] [pid 52951] [client 20.104.206.150:0] script '/domains/ltemple/bypass.php' not found or unable to stat
[Mon Mar 02 01:50:29.249443 2026] [php:error] [pid 52951] [client 20.104.206.150:0] script '/domains/ltemple/browse.php' not found or unable to stat
[Mon Mar 02 01:50:29.274125 2026] [php:error] [pid 52951] [client 20.104.206.150:0] script '/domains/ltemple/license.php' not found or unable to stat
[Mon Mar 02 01:50:29.298253 2026] [php:error] [pid 52951] [client 20.104.206.150:0] script '/domains/ltemple/contact.php' not found or unable to stat
[Mon Mar 02 01:50:29.322299 2026] [php:error] [pid 52951] [client 20.104.206.150:0] script '/domains/ltemple/minik.php' not found or unable to stat
[Mon Mar 02 01:50:29.346590 2026] [php:error] [pid 52951] [client 20.104.206.150:0] script '/domains/ltemple/st.php' not found or unable to stat
[Mon Mar 02 01:50:29.373768 2026] [php:error] [pid 52951] [client 20.104.206.150:0] script '/domains/ltemple/upgrade.php' not found or unable to stat
[Mon Mar 02 01:50:33.079514 2026] [php:error] [pid 52962] [client 20.89.58.13:0] script '/domains/davidbacker/admin.php' not found or unable to stat
[Mon Mar 02 01:50:33.429618 2026] [php:error] [pid 52962] [client 20.89.58.13:0] script '/domains/davidbacker/f.php' not found or unable to stat
[Mon Mar 02 01:50:33.674239 2026] [php:error] [pid 52958] [client 20.207.204.235:0] script '/domains/sjsachs/admin.php' not found or unable to stat
[Mon Mar 02 01:50:33.754432 2026] [php:error] [pid 52962] [client 20.89.58.13:0] script '/domains/davidbacker/adminfuns.php' not found or unable to stat
[Mon Mar 02 01:50:34.086706 2026] [php:error] [pid 52958] [client 20.207.204.235:0] script '/domains/sjsachs/f.php' not found or unable to stat
[Mon Mar 02 01:50:34.251356 2026] [php:error] [pid 52962] [client 20.89.58.13:0] script '/domains/davidbacker/classwithtostring.php' not found or unable to stat
[Mon Mar 02 01:50:34.413861 2026] [php:error] [pid 52962] [client 20.89.58.13:0] script '/domains/davidbacker/sf.php' not found or unable to stat
[Mon Mar 02 01:50:34.519033 2026] [php:error] [pid 52958] [client 20.207.204.235:0] script '/domains/sjsachs/adminfuns.php' not found or unable to stat
[Mon Mar 02 01:50:34.576162 2026] [php:error] [pid 52962] [client 20.89.58.13:0] script '/domains/davidbacker/bgymj.php' not found or unable to stat
[Mon Mar 02 01:50:34.756510 2026] [php:error] [pid 52962] [client 20.89.58.13:0] script '/domains/davidbacker/wp.php' not found or unable to stat
[Mon Mar 02 01:50:35.140340 2026] [php:error] [pid 52958] [client 20.207.204.235:0] script '/domains/sjsachs/classwithtostring.php' not found or unable to stat
[Mon Mar 02 01:50:35.243635 2026] [php:error] [pid 52962] [client 20.89.58.13:0] script '/domains/davidbacker/ms-edit.php' not found or unable to stat
[Mon Mar 02 01:50:35.346121 2026] [php:error] [pid 52958] [client 20.207.204.235:0] script '/domains/sjsachs/sf.php' not found or unable to stat
[Mon Mar 02 01:50:35.553662 2026] [php:error] [pid 52958] [client 20.207.204.235:0] script '/domains/sjsachs/bgymj.php' not found or unable to stat
[Mon Mar 02 01:50:35.567825 2026] [php:error] [pid 52962] [client 20.89.58.13:0] script '/domains/davidbacker/wp-file.php' not found or unable to stat
[Mon Mar 02 01:50:35.729664 2026] [php:error] [pid 52962] [client 20.89.58.13:0] script '/domains/davidbacker/about.php' not found or unable to stat
[Mon Mar 02 01:50:35.759800 2026] [php:error] [pid 52958] [client 20.207.204.235:0] script '/domains/sjsachs/wp.php' not found or unable to stat
[Mon Mar 02 01:50:35.894653 2026] [php:error] [pid 52962] [client 20.89.58.13:0] script '/domains/davidbacker/as.php' not found or unable to stat
[Mon Mar 02 01:50:36.058043 2026] [php:error] [pid 52962] [client 20.89.58.13:0] script '/domains/davidbacker/bolt.php' not found or unable to stat
[Mon Mar 02 01:50:36.224439 2026] [php:error] [pid 52962] [client 20.89.58.13:0] script '/domains/davidbacker/class-t.api.php' not found or unable to stat
[Mon Mar 02 01:50:36.396881 2026] [php:error] [pid 52958] [client 20.207.204.235:0] script '/domains/sjsachs/ms-edit.php' not found or unable to stat
[Mon Mar 02 01:50:36.809757 2026] [php:error] [pid 52958] [client 20.207.204.235:0] script '/domains/sjsachs/wp-file.php' not found or unable to stat
[Mon Mar 02 01:50:36.900609 2026] [php:error] [pid 52962] [client 20.89.58.13:0] script '/domains/davidbacker/abcd.php' not found or unable to stat
[Mon Mar 02 01:50:37.016662 2026] [php:error] [pid 52958] [client 20.207.204.235:0] script '/domains/sjsachs/about.php' not found or unable to stat
[Mon Mar 02 01:50:37.222784 2026] [php:error] [pid 52958] [client 20.207.204.235:0] script '/domains/sjsachs/as.php' not found or unable to stat
[Mon Mar 02 01:50:37.224932 2026] [php:error] [pid 52962] [client 20.89.58.13:0] script '/domains/davidbacker/ioxi-o.php' not found or unable to stat
[Mon Mar 02 01:50:37.386946 2026] [php:error] [pid 52962] [client 20.89.58.13:0] script '/domains/davidbacker/jga.php' not found or unable to stat
[Mon Mar 02 01:50:37.428713 2026] [php:error] [pid 52958] [client 20.207.204.235:0] script '/domains/sjsachs/bolt.php' not found or unable to stat
[Mon Mar 02 01:50:37.549259 2026] [php:error] [pid 52962] [client 20.89.58.13:0] script '/domains/davidbacker/wp-cron.php' not found or unable to stat
[Mon Mar 02 01:50:37.634841 2026] [php:error] [pid 52958] [client 20.207.204.235:0] script '/domains/sjsachs/class-t.api.php' not found or unable to stat
[Mon Mar 02 01:50:38.066138 2026] [php:error] [pid 52962] [client 20.89.58.13:0] script '/domains/davidbacker/file.php' not found or unable to stat
[Mon Mar 02 01:50:38.227952 2026] [php:error] [pid 52962] [client 20.89.58.13:0] script '/domains/davidbacker/wp-admin.php' not found or unable to stat
[Mon Mar 02 01:50:38.250338 2026] [php:error] [pid 52967] [client 20.63.41.168:0] script '/domains/system_suspended/trx24.php' not found or unable to stat
[Mon Mar 02 01:50:38.303496 2026] [php:error] [pid 52967] [client 20.63.41.168:0] script '/domains/system_suspended/cah.php' not found or unable to stat
[Mon Mar 02 01:50:38.415990 2026] [php:error] [pid 52967] [client 20.63.41.168:0] script '/domains/system_suspended/acp.php' not found or unable to stat
[Mon Mar 02 01:50:38.440307 2026] [php:error] [pid 52967] [client 20.63.41.168:0] script '/domains/system_suspended/muzu.php' not found or unable to stat
[Mon Mar 02 01:50:38.458544 2026] [php:error] [pid 52958] [client 20.207.204.235:0] script '/domains/sjsachs/abcd.php' not found or unable to stat
[Mon Mar 02 01:50:38.464454 2026] [php:error] [pid 52967] [client 20.63.41.168:0] script '/domains/system_suspended/wpo.php' not found or unable to stat
[Mon Mar 02 01:50:38.488810 2026] [php:error] [pid 52967] [client 20.63.41.168:0] script '/domains/system_suspended/x123x.php' not found or unable to stat
[Mon Mar 02 01:50:38.521098 2026] [php:error] [pid 52967] [client 20.63.41.168:0] script '/domains/system_suspended/aq.php' not found or unable to stat
[Mon Mar 02 01:50:38.559557 2026] [php:error] [pid 52967] [client 20.63.41.168:0] script '/domains/system_suspended/011i.php' not found or unable to stat
[Mon Mar 02 01:50:38.588226 2026] [php:error] [pid 52967] [client 20.63.41.168:0] script '/domains/system_suspended/edit-tags.php' not found or unable to stat
[Mon Mar 02 01:50:38.626169 2026] [php:error] [pid 52967] [client 20.63.41.168:0] script '/domains/system_suspended/as1337.php' not found or unable to stat
[Mon Mar 02 01:50:38.650346 2026] [php:error] [pid 52967] [client 20.63.41.168:0] script '/domains/system_suspended/Okxob.php' not found or unable to stat
[Mon Mar 02 01:50:38.674781 2026] [php:error] [pid 52967] [client 20.63.41.168:0] script '/domains/system_suspended/wolf-shell.php' not found or unable to stat
[Mon Mar 02 01:50:38.698888 2026] [php:error] [pid 52967] [client 20.63.41.168:0] script '/domains/system_suspended/core.php' not found or unable to stat
[Mon Mar 02 01:50:38.719843 2026] [php:error] [pid 52962] [client 20.89.58.13:0] script '/domains/davidbacker/166.php' not found or unable to stat
[Mon Mar 02 01:50:38.734194 2026] [php:error] [pid 52967] [client 20.63.41.168:0] script '/domains/system_suspended/zeal.php' not found or unable to stat
[Mon Mar 02 01:50:38.758271 2026] [php:error] [pid 52967] [client 20.63.41.168:0] script '/domains/system_suspended/asf.php' not found or unable to stat
[Mon Mar 02 01:50:38.787604 2026] [php:error] [pid 52967] [client 20.63.41.168:0] script '/domains/system_suspended/sa.php' not found or unable to stat
[Mon Mar 02 01:50:38.881764 2026] [php:error] [pid 52962] [client 20.89.58.13:0] script '/domains/davidbacker/dropdown.php' not found or unable to stat
[Mon Mar 02 01:50:38.922510 2026] [php:error] [pid 52958] [client 20.207.204.235:0] script '/domains/sjsachs/ioxi-o.php' not found or unable to stat
[Mon Mar 02 01:50:39.128306 2026] [php:error] [pid 52958] [client 20.207.204.235:0] script '/domains/sjsachs/jga.php' not found or unable to stat
[Mon Mar 02 01:50:39.334356 2026] [php:error] [pid 52958] [client 20.207.204.235:0] script '/domains/sjsachs/wp-cron.php' not found or unable to stat
[Mon Mar 02 01:50:39.529370 2026] [php:error] [pid 52962] [client 20.89.58.13:0] script '/domains/davidbacker/x.php' not found or unable to stat
[Mon Mar 02 01:50:39.691252 2026] [php:error] [pid 52962] [client 20.89.58.13:0] script '/domains/davidbacker/xmlrpc.php' not found or unable to stat
[Mon Mar 02 01:50:39.951902 2026] [php:error] [pid 52958] [client 20.207.204.235:0] script '/domains/sjsachs/file.php' not found or unable to stat
[Mon Mar 02 01:50:40.018124 2026] [php:error] [pid 52962] [client 20.89.58.13:0] script '/domains/davidbacker/24.php' not found or unable to stat
[Mon Mar 02 01:50:40.167805 2026] [php:error] [pid 52958] [client 20.207.204.235:0] script '/domains/sjsachs/wp-admin.php' not found or unable to stat
[Mon Mar 02 01:50:40.191844 2026] [php:error] [pid 52962] [client 20.89.58.13:0] script '/domains/davidbacker/buy.php' not found or unable to stat
[Mon Mar 02 01:50:40.354362 2026] [php:error] [pid 52962] [client 20.89.58.13:0] script '/domains/davidbacker/test1.php' not found or unable to stat
[Mon Mar 02 01:50:40.823148 2026] [php:error] [pid 52958] [client 20.207.204.235:0] script '/domains/sjsachs/166.php' not found or unable to stat
[Mon Mar 02 01:50:41.029488 2026] [php:error] [pid 52958] [client 20.207.204.235:0] script '/domains/sjsachs/dropdown.php' not found or unable to stat
[Mon Mar 02 01:50:41.890334 2026] [php:error] [pid 52958] [client 20.207.204.235:0] script '/domains/sjsachs/x.php' not found or unable to stat
[Mon Mar 02 01:50:42.096595 2026] [php:error] [pid 52958] [client 20.207.204.235:0] script '/domains/sjsachs/xmlrpc.php' not found or unable to stat
[Mon Mar 02 01:50:42.182640 2026] [php:error] [pid 52962] [client 20.89.58.13:0] script '/domains/davidbacker/aa.php' not found or unable to stat
[Mon Mar 02 01:50:42.344617 2026] [php:error] [pid 52962] [client 20.89.58.13:0] script '/domains/davidbacker/bless.php' not found or unable to stat
[Mon Mar 02 01:50:42.508356 2026] [php:error] [pid 52962] [client 20.89.58.13:0] script '/domains/davidbacker/content.php' not found or unable to stat
[Mon Mar 02 01:50:42.521445 2026] [php:error] [pid 52958] [client 20.207.204.235:0] script '/domains/sjsachs/24.php' not found or unable to stat
[Mon Mar 02 01:50:42.670850 2026] [php:error] [pid 52962] [client 20.89.58.13:0] script '/domains/davidbacker/css/autoload_classmap.php' not found or unable to stat
[Mon Mar 02 01:50:42.750166 2026] [php:error] [pid 52958] [client 20.207.204.235:0] script '/domains/sjsachs/buy.php' not found or unable to stat
[Mon Mar 02 01:50:42.833396 2026] [php:error] [pid 52962] [client 20.89.58.13:0] script '/domains/davidbacker/images/index.php' not found or unable to stat
[Mon Mar 02 01:50:42.974596 2026] [php:error] [pid 52958] [client 20.207.204.235:0] script '/domains/sjsachs/test1.php' not found or unable to stat
[Mon Mar 02 01:50:43.168459 2026] [php:error] [pid 52962] [client 20.89.58.13:0] script '/domains/davidbacker/rip.php' not found or unable to stat
[Mon Mar 02 01:50:43.330327 2026] [php:error] [pid 52962] [client 20.89.58.13:0] script '/domains/davidbacker/themes.php' not found or unable to stat
[Mon Mar 02 01:50:45.274353 2026] [php:error] [pid 52958] [client 20.207.204.235:0] script '/domains/sjsachs/aa.php' not found or unable to stat
[Mon Mar 02 01:50:45.484778 2026] [php:error] [pid 52958] [client 20.207.204.235:0] script '/domains/sjsachs/bless.php' not found or unable to stat
[Mon Mar 02 01:50:45.690551 2026] [php:error] [pid 52958] [client 20.207.204.235:0] script '/domains/sjsachs/content.php' not found or unable to stat
[Mon Mar 02 01:50:46.103293 2026] [php:error] [pid 52958] [client 20.207.204.235:0] script '/domains/sjsachs/images/index.php' not found or unable to stat
[Mon Mar 02 01:50:46.515911 2026] [php:error] [pid 52958] [client 20.207.204.235:0] script '/domains/sjsachs/rip.php' not found or unable to stat
[Mon Mar 02 01:50:46.721980 2026] [php:error] [pid 52958] [client 20.207.204.235:0] script '/domains/sjsachs/themes.php' not found or unable to stat
[Mon Mar 02 01:50:56.035154 2026] [php:error] [pid 52967] [client 20.41.98.49:0] script '/domains/fayemoran/inputs.php' not found or unable to stat
[Mon Mar 02 01:50:56.226378 2026] [php:error] [pid 52967] [client 20.41.98.49:0] script '/domains/fayemoran/ioxi-o.php' not found or unable to stat
[Mon Mar 02 01:50:56.617202 2026] [php:error] [pid 52967] [client 20.41.98.49:0] script '/domains/fayemoran/rip.php' not found or unable to stat
[Mon Mar 02 01:50:56.806959 2026] [php:error] [pid 52967] [client 20.41.98.49:0] script '/domains/fayemoran/admin.php' not found or unable to stat
[Mon Mar 02 01:50:57.187346 2026] [php:error] [pid 52967] [client 20.41.98.49:0] script '/domains/fayemoran/cache.php' not found or unable to stat
[Mon Mar 02 01:50:57.378375 2026] [php:error] [pid 52967] [client 20.41.98.49:0] script '/domains/fayemoran/themes.php' not found or unable to stat
[Mon Mar 02 01:50:57.568151 2026] [php:error] [pid 52967] [client 20.41.98.49:0] script '/domains/fayemoran/an.php' not found or unable to stat
[Mon Mar 02 01:50:58.148943 2026] [php:error] [pid 52967] [client 20.41.98.49:0] script '/domains/fayemoran/ws.php' not found or unable to stat
[Mon Mar 02 01:50:58.339786 2026] [php:error] [pid 52967] [client 20.41.98.49:0] script '/domains/fayemoran/404.php' not found or unable to stat
[Mon Mar 02 01:50:58.720932 2026] [php:error] [pid 52967] [client 20.41.98.49:0] script '/domains/fayemoran/wp-conf.php' not found or unable to stat
[Mon Mar 02 01:50:59.101290 2026] [php:error] [pid 52967] [client 20.41.98.49:0] script '/domains/fayemoran/wp-login.php' not found or unable to stat
[Mon Mar 02 01:50:59.292587 2026] [php:error] [pid 52967] [client 20.41.98.49:0] script '/domains/fayemoran/abc.php' not found or unable to stat
