[Mon Mar 02 01:43:16.615699 2026] [php:error] [pid 52877] [client 20.63.96.50:0] script '/domains/byardrealestate/wpls.php' not found or unable to stat
[Mon Mar 02 01:43:16.648993 2026] [php:error] [pid 52877] [client 20.63.96.50:0] script '/domains/byardrealestate/mjq.php' not found or unable to stat
[Mon Mar 02 01:43:16.679813 2026] [php:error] [pid 52877] [client 20.63.96.50:0] script '/domains/byardrealestate/wp-4doption1.php' not found or unable to stat
[Mon Mar 02 01:43:16.837986 2026] [php:error] [pid 52877] [client 20.63.96.50:0] script '/domains/byardrealestate/img.php' not found or unable to stat
[Mon Mar 02 01:43:18.919198 2026] [php:error] [pid 52867] [client 37.140.254.105:0] script '/domains/cccweb/media-new.php' not found or unable to stat
[Mon Mar 02 01:43:21.151236 2026] [php:error] [pid 52867] [client 37.140.254.105:0] script '/domains/cccweb/pages.php' not found or unable to stat
[Mon Mar 02 01:43:23.679394 2026] [php:error] [pid 52867] [client 37.140.254.105:0] script '/domains/cccweb/adminfus.php' not found or unable to stat
[Mon Mar 02 01:43:24.357294 2026] [php:error] [pid 52867] [client 37.140.254.105:0] script '/domains/cccweb/images/as.php' not found or unable to stat
[Mon Mar 02 01:43:25.285803 2026] [php:error] [pid 52867] [client 37.140.254.105:0] script '/domains/cccweb/cong.php' not found or unable to stat
[Mon Mar 02 01:43:27.540522 2026] [php:error] [pid 52867] [client 37.140.254.105:0] script '/domains/cccweb/wp-configs.php' not found or unable to stat
[Mon Mar 02 01:43:30.667853 2026] [php:error] [pid 52875] [client 37.140.254.165:0] script '/domains/cccweb/ms-users.php' not found or unable to stat
[Mon Mar 02 01:43:38.241099 2026] [php:error] [pid 52875] [client 37.140.254.165:0] script '/domains/cccweb/top.php' not found or unable to stat
[Mon Mar 02 01:43:43.781971 2026] [php:error] [pid 52866] [client 20.89.58.13:0] script '/domains/fairlane1/aa.php' not found or unable to stat
[Mon Mar 02 01:43:43.957123 2026] [php:error] [pid 52866] [client 20.89.58.13:0] script '/domains/fairlane1/file.php' not found or unable to stat
[Mon Mar 02 01:43:44.147361 2026] [php:error] [pid 52866] [client 20.89.58.13:0] script '/domains/fairlane1/wp-file.php' not found or unable to stat
[Mon Mar 02 01:43:44.338590 2026] [php:error] [pid 52866] [client 20.89.58.13:0] script '/domains/fairlane1/k.php' not found or unable to stat
[Mon Mar 02 01:43:44.499629 2026] [php:error] [pid 52866] [client 20.89.58.13:0] script '/domains/fairlane1/al.php' not found or unable to stat
[Mon Mar 02 01:43:44.822211 2026] [php:error] [pid 52866] [client 20.89.58.13:0] script '/domains/fairlane1/admin.php' not found or unable to stat
[Mon Mar 02 01:43:44.982311 2026] [php:error] [pid 52866] [client 20.89.58.13:0] script '/domains/fairlane1/file2.php' not found or unable to stat
[Mon Mar 02 01:43:45.151718 2026] [php:error] [pid 52866] [client 20.89.58.13:0] script '/domains/fairlane1/as.php' not found or unable to stat
[Mon Mar 02 01:43:45.337487 2026] [php:error] [pid 52866] [client 20.89.58.13:0] script '/domains/fairlane1/f35.php' not found or unable to stat
[Mon Mar 02 01:43:45.536663 2026] [php:error] [pid 52866] [client 20.89.58.13:0] script '/domains/fairlane1/akc.php' not found or unable to stat
[Mon Mar 02 01:43:45.735392 2026] [php:error] [pid 52866] [client 20.89.58.13:0] script '/domains/fairlane1/chosen.php' not found or unable to stat
[Mon Mar 02 01:43:45.926500 2026] [php:error] [pid 52866] [client 20.89.58.13:0] script '/domains/fairlane1/classsmtps.php' not found or unable to stat
[Mon Mar 02 01:43:46.110143 2026] [php:error] [pid 52866] [client 20.89.58.13:0] script '/domains/fairlane1/classwithtostring.php' not found or unable to stat
[Mon Mar 02 01:43:46.285083 2026] [php:error] [pid 52875] [client 37.140.254.165:0] script '/domains/cccweb/images/c99.php' not found or unable to stat
[Mon Mar 02 01:43:46.302209 2026] [php:error] [pid 52866] [client 20.89.58.13:0] script '/domains/fairlane1/dropdown.php' not found or unable to stat
[Mon Mar 02 01:43:46.494622 2026] [php:error] [pid 52866] [client 20.89.58.13:0] script '/domains/fairlane1/cong.php' not found or unable to stat
[Mon Mar 02 01:43:46.690255 2026] [php:error] [pid 52866] [client 20.89.58.13:0] script '/domains/fairlane1/about.php' not found or unable to stat
[Mon Mar 02 01:43:46.875524 2026] [php:error] [pid 52866] [client 20.89.58.13:0] script '/domains/fairlane1/browse.php' not found or unable to stat
[Mon Mar 02 01:43:47.036030 2026] [php:error] [pid 52866] [client 20.89.58.13:0] script '/domains/fairlane1/wp-signup.php' not found or unable to stat
[Mon Mar 02 01:43:47.412462 2026] [php:error] [pid 52866] [client 20.89.58.13:0] script '/domains/fairlane1/atomlib.php' not found or unable to stat
[Mon Mar 02 01:43:47.457126 2026] [php:error] [pid 52880] [client 52.253.113.41:0] script '/domains/system_default/admin.php' not found or unable to stat
[Mon Mar 02 01:43:47.483977 2026] [php:error] [pid 52875] [client 37.140.254.165:0] script '/domains/cccweb/setup-config.php' not found or unable to stat
[Mon Mar 02 01:43:47.589700 2026] [php:error] [pid 52866] [client 20.89.58.13:0] script '/domains/fairlane1/autoload_classmap.php' not found or unable to stat
[Mon Mar 02 01:43:47.777961 2026] [php:error] [pid 52880] [client 52.253.113.41:0] script '/domains/system_default/f.php' not found or unable to stat
[Mon Mar 02 01:43:48.099380 2026] [php:error] [pid 52880] [client 52.253.113.41:0] script '/domains/system_default/adminfuns.php' not found or unable to stat
[Mon Mar 02 01:43:48.347751 2026] [php:error] [pid 52866] [client 20.89.58.13:0] script '/domains/fairlane1/backup.php' not found or unable to stat
[Mon Mar 02 01:43:48.522642 2026] [php:error] [pid 52866] [client 20.89.58.13:0] script '/domains/fairlane1/cache.php' not found or unable to stat
[Mon Mar 02 01:43:48.587298 2026] [php:error] [pid 52880] [client 52.253.113.41:0] script '/domains/system_default/classwithtostring.php' not found or unable to stat
[Mon Mar 02 01:43:48.710647 2026] [php:error] [pid 52875] [client 37.140.254.165:0] script '/domains/cccweb/type.php' not found or unable to stat
[Mon Mar 02 01:43:48.718679 2026] [php:error] [pid 52866] [client 20.89.58.13:0] script '/domains/fairlane1/cc.php' not found or unable to stat
[Mon Mar 02 01:43:48.773396 2026] [php:error] [pid 52880] [client 52.253.113.41:0] script '/domains/system_default/sf.php' not found or unable to stat
[Mon Mar 02 01:43:48.884654 2026] [php:error] [pid 52866] [client 20.89.58.13:0] script '/domains/fairlane1/fw.php' not found or unable to stat
[Mon Mar 02 01:43:48.934080 2026] [php:error] [pid 52880] [client 52.253.113.41:0] script '/domains/system_default/bgymj.php' not found or unable to stat
[Mon Mar 02 01:43:49.046046 2026] [php:error] [pid 52866] [client 20.89.58.13:0] script '/domains/fairlane1/gebase.php' not found or unable to stat
[Mon Mar 02 01:43:49.093903 2026] [php:error] [pid 52880] [client 52.253.113.41:0] script '/domains/system_default/wp.php' not found or unable to stat
[Mon Mar 02 01:43:49.207364 2026] [php:error] [pid 52866] [client 20.89.58.13:0] script '/domains/fairlane1/makeasmtp.php' not found or unable to stat
[Mon Mar 02 01:43:49.368002 2026] [php:error] [pid 52866] [client 20.89.58.13:0] script '/domains/fairlane1/doc.php' not found or unable to stat
[Mon Mar 02 01:43:49.528155 2026] [php:error] [pid 52866] [client 20.89.58.13:0] script '/domains/fairlane1/e.php' not found or unable to stat
[Mon Mar 02 01:43:49.603760 2026] [php:error] [pid 52880] [client 52.253.113.41:0] script '/domains/system_default/ms-edit.php' not found or unable to stat
[Mon Mar 02 01:43:49.688553 2026] [php:error] [pid 52866] [client 20.89.58.13:0] script '/domains/fairlane1/f35.php' not found or unable to stat
[Mon Mar 02 01:43:49.863531 2026] [php:error] [pid 52866] [client 20.89.58.13:0] script '/domains/fairlane1/fi2.php' not found or unable to stat
[Mon Mar 02 01:43:49.924673 2026] [php:error] [pid 52880] [client 52.253.113.41:0] script '/domains/system_default/wp-file.php' not found or unable to stat
[Mon Mar 02 01:43:50.027860 2026] [php:error] [pid 52866] [client 20.89.58.13:0] script '/domains/fairlane1/filemanager.php' not found or unable to stat
[Mon Mar 02 01:43:50.084680 2026] [php:error] [pid 52880] [client 52.253.113.41:0] script '/domains/system_default/about.php' not found or unable to stat
[Mon Mar 02 01:43:50.187820 2026] [php:error] [pid 52866] [client 20.89.58.13:0] script '/domains/fairlane1/go.php' not found or unable to stat
[Mon Mar 02 01:43:50.246428 2026] [php:error] [pid 52880] [client 52.253.113.41:0] script '/domains/system_default/as.php' not found or unable to stat
[Mon Mar 02 01:43:50.349768 2026] [php:error] [pid 52866] [client 20.89.58.13:0] script '/domains/fairlane1/inputs.php' not found or unable to stat
[Mon Mar 02 01:43:50.407222 2026] [php:error] [pid 52880] [client 52.253.113.41:0] script '/domains/system_default/bolt.php' not found or unable to stat
[Mon Mar 02 01:43:50.511576 2026] [php:error] [pid 52866] [client 20.89.58.13:0] script '/domains/fairlane1/alfa.php' not found or unable to stat
[Mon Mar 02 01:43:50.574670 2026] [php:error] [pid 52880] [client 52.253.113.41:0] script '/domains/system_default/class-t.api.php' not found or unable to stat
[Mon Mar 02 01:43:50.671457 2026] [php:error] [pid 52866] [client 20.89.58.13:0] script '/domains/fairlane1/ioxi-o.php' not found or unable to stat
[Mon Mar 02 01:43:50.833182 2026] [php:error] [pid 52866] [client 20.89.58.13:0] script '/domains/fairlane1/item.php' not found or unable to stat
[Mon Mar 02 01:43:51.007517 2026] [php:error] [pid 52866] [client 20.89.58.13:0] script '/domains/fairlane1/jp.php' not found or unable to stat
[Mon Mar 02 01:43:51.184334 2026] [php:error] [pid 52866] [client 20.89.58.13:0] script '/domains/fairlane1/load.php' not found or unable to stat
[Mon Mar 02 01:43:51.221978 2026] [php:error] [pid 52880] [client 52.253.113.41:0] script '/domains/system_default/abcd.php' not found or unable to stat
[Mon Mar 02 01:43:51.371471 2026] [php:error] [pid 52866] [client 20.89.58.13:0] script '/domains/fairlane1/1.php' not found or unable to stat
[Mon Mar 02 01:43:51.533479 2026] [php:error] [pid 52866] [client 20.89.58.13:0] script '/domains/fairlane1/13.php' not found or unable to stat
[Mon Mar 02 01:43:51.543374 2026] [php:error] [pid 52880] [client 52.253.113.41:0] script '/domains/system_default/ioxi-o.php' not found or unable to stat
[Mon Mar 02 01:43:51.693922 2026] [php:error] [pid 52866] [client 20.89.58.13:0] script '/domains/fairlane1/lv.php' not found or unable to stat
[Mon Mar 02 01:43:51.703385 2026] [php:error] [pid 52880] [client 52.253.113.41:0] script '/domains/system_default/jga.php' not found or unable to stat
[Mon Mar 02 01:43:51.855881 2026] [php:error] [pid 52866] [client 20.89.58.13:0] script '/domains/fairlane1/default.php' not found or unable to stat
[Mon Mar 02 01:43:51.863202 2026] [php:error] [pid 52880] [client 52.253.113.41:0] script '/domains/system_default/wp-cron.php' not found or unable to stat
[Mon Mar 02 01:43:51.914643 2026] [php:error] [pid 52875] [client 37.140.254.165:0] script '/domains/cccweb/goat.php' not found or unable to stat
[Mon Mar 02 01:43:52.016651 2026] [php:error] [pid 52866] [client 20.89.58.13:0] script '/domains/fairlane1/manager.php' not found or unable to stat
[Mon Mar 02 01:43:52.183812 2026] [php:error] [pid 52866] [client 20.89.58.13:0] script '/domains/fairlane1/mar.php' not found or unable to stat
[Mon Mar 02 01:43:52.345024 2026] [php:error] [pid 52880] [client 52.253.113.41:0] script '/domains/system_default/file.php' not found or unable to stat
[Mon Mar 02 01:43:52.356473 2026] [php:error] [pid 52866] [client 20.89.58.13:0] script '/domains/fairlane1/moon.php' not found or unable to stat
[Mon Mar 02 01:43:52.505100 2026] [php:error] [pid 52880] [client 52.253.113.41:0] script '/domains/system_default/wp-admin.php' not found or unable to stat
[Mon Mar 02 01:43:52.519823 2026] [php:error] [pid 52866] [client 20.89.58.13:0] script '/domains/fairlane1/new.php' not found or unable to stat
[Mon Mar 02 01:43:52.679515 2026] [php:error] [pid 52866] [client 20.89.58.13:0] script '/domains/fairlane1/NewFile.php' not found or unable to stat
[Mon Mar 02 01:43:52.840893 2026] [php:error] [pid 52866] [client 20.89.58.13:0] script '/domains/fairlane1/past.php' not found or unable to stat
[Mon Mar 02 01:43:52.988279 2026] [php:error] [pid 52880] [client 52.253.113.41:0] script '/domains/system_default/166.php' not found or unable to stat
[Mon Mar 02 01:43:53.151281 2026] [php:error] [pid 52880] [client 52.253.113.41:0] script '/domains/system_default/dropdown.php' not found or unable to stat
[Mon Mar 02 01:43:53.167368 2026] [php:error] [pid 52866] [client 20.89.58.13:0] script '/domains/fairlane1/shell.php' not found or unable to stat
[Mon Mar 02 01:43:53.329343 2026] [php:error] [pid 52866] [client 20.89.58.13:0] script '/domains/fairlane1/simple.php' not found or unable to stat
[Mon Mar 02 01:43:53.649646 2026] [php:error] [pid 52866] [client 20.89.58.13:0] script '/domains/fairlane1/wp-trackback.php' not found or unable to stat
[Mon Mar 02 01:43:53.799631 2026] [php:error] [pid 52880] [client 52.253.113.41:0] script '/domains/system_default/x.php' not found or unable to stat
[Mon Mar 02 01:43:53.809573 2026] [php:error] [pid 52866] [client 20.89.58.13:0] script '/domains/fairlane1/updates.php' not found or unable to stat
[Mon Mar 02 01:43:53.959984 2026] [php:error] [pid 52880] [client 52.253.113.41:0] script '/domains/system_default/xmlrpc.php' not found or unable to stat
[Mon Mar 02 01:43:53.971045 2026] [php:error] [pid 52866] [client 20.89.58.13:0] script '/domains/fairlane1/403.php' not found or unable to stat
[Mon Mar 02 01:43:54.155373 2026] [php:error] [pid 52866] [client 20.89.58.13:0] script '/domains/fairlane1/x.php' not found or unable to stat
[Mon Mar 02 01:43:54.208005 2026] [php:error] [pid 52875] [client 37.140.254.165:0] script '/domains/cccweb/images/file.php' not found or unable to stat
[Mon Mar 02 01:43:54.284580 2026] [php:error] [pid 52880] [client 52.253.113.41:0] script '/domains/system_default/24.php' not found or unable to stat
[Mon Mar 02 01:43:54.354327 2026] [php:error] [pid 52866] [client 20.89.58.13:0] script '/domains/fairlane1/y.php' not found or unable to stat
[Mon Mar 02 01:43:54.450567 2026] [php:error] [pid 52880] [client 52.253.113.41:0] script '/domains/system_default/buy.php' not found or unable to stat
[Mon Mar 02 01:43:54.610557 2026] [php:error] [pid 52880] [client 52.253.113.41:0] script '/domains/system_default/test1.php' not found or unable to stat
[Mon Mar 02 01:43:56.381060 2026] [php:error] [pid 52880] [client 52.253.113.41:0] script '/domains/system_default/aa.php' not found or unable to stat
[Mon Mar 02 01:43:56.541491 2026] [php:error] [pid 52880] [client 52.253.113.41:0] script '/domains/system_default/bless.php' not found or unable to stat
[Mon Mar 02 01:43:56.725275 2026] [php:error] [pid 52880] [client 52.253.113.41:0] script '/domains/system_default/content.php' not found or unable to stat
[Mon Mar 02 01:43:57.365741 2026] [php:error] [pid 52880] [client 52.253.113.41:0] script '/domains/system_default/rip.php' not found or unable to stat
[Mon Mar 02 01:43:57.525990 2026] [php:error] [pid 52880] [client 52.253.113.41:0] script '/domains/system_default/themes.php' not found or unable to stat
[Mon Mar 02 01:44:02.675933 2026] [php:error] [pid 52896] [client 4.232.90.96:0] script '/domains/proinc/gfile.php' not found or unable to stat
[Mon Mar 02 01:44:02.766226 2026] [php:error] [pid 52896] [client 4.232.90.96:0] script '/domains/proinc/dox.php' not found or unable to stat
[Mon Mar 02 01:44:02.856232 2026] [php:error] [pid 52896] [client 4.232.90.96:0] script '/domains/proinc/qwas.php' not found or unable to stat
[Mon Mar 02 01:44:02.946506 2026] [php:error] [pid 52896] [client 4.232.90.96:0] script '/domains/proinc/claw.php' not found or unable to stat
[Mon Mar 02 01:44:03.036661 2026] [php:error] [pid 52896] [client 4.232.90.96:0] script '/domains/proinc/cfgy.php' not found or unable to stat
[Mon Mar 02 01:44:03.126988 2026] [php:error] [pid 52896] [client 4.232.90.96:0] script '/domains/proinc/jbuft.php' not found or unable to stat
[Mon Mar 02 01:44:03.217187 2026] [php:error] [pid 52896] [client 4.232.90.96:0] script '/domains/proinc/fvvff.php' not found or unable to stat
[Mon Mar 02 01:44:03.307541 2026] [php:error] [pid 52896] [client 4.232.90.96:0] script '/domains/proinc/vaza.php' not found or unable to stat
[Mon Mar 02 01:44:03.399065 2026] [php:error] [pid 52896] [client 4.232.90.96:0] script '/domains/proinc/a2.php' not found or unable to stat
[Mon Mar 02 01:44:03.489907 2026] [php:error] [pid 52896] [client 4.232.90.96:0] script '/domains/proinc/sty.php' not found or unable to stat
[Mon Mar 02 01:44:03.580182 2026] [php:error] [pid 52896] [client 4.232.90.96:0] script '/domains/proinc/xxxx.php' not found or unable to stat
[Mon Mar 02 01:44:03.677330 2026] [php:error] [pid 52896] [client 4.232.90.96:0] script '/domains/proinc/h.php' not found or unable to stat
[Mon Mar 02 01:44:03.767756 2026] [php:error] [pid 52896] [client 4.232.90.96:0] script '/domains/proinc/g.php' not found or unable to stat
[Mon Mar 02 01:44:03.857952 2026] [php:error] [pid 52896] [client 4.232.90.96:0] script '/domains/proinc/pp.php' not found or unable to stat
[Mon Mar 02 01:44:03.948374 2026] [php:error] [pid 52896] [client 4.232.90.96:0] script '/domains/proinc/sys.php' not found or unable to stat
[Mon Mar 02 01:44:04.038964 2026] [php:error] [pid 52896] [client 4.232.90.96:0] script '/domains/proinc/txets.php' not found or unable to stat
[Mon Mar 02 01:44:04.129264 2026] [php:error] [pid 52896] [client 4.232.90.96:0] script '/domains/proinc/tt.php' not found or unable to stat
[Mon Mar 02 01:44:04.219398 2026] [php:error] [pid 52896] [client 4.232.90.96:0] script '/domains/proinc/wp9.php' not found or unable to stat
[Mon Mar 02 01:44:04.309486 2026] [php:error] [pid 52896] [client 4.232.90.96:0] script '/domains/proinc/path.php' not found or unable to stat
[Mon Mar 02 01:44:04.402293 2026] [php:error] [pid 52896] [client 4.232.90.96:0] script '/domains/proinc/wdf.php' not found or unable to stat
[Mon Mar 02 01:44:04.492589 2026] [php:error] [pid 52896] [client 4.232.90.96:0] script '/domains/proinc/fleen.php' not found or unable to stat
[Mon Mar 02 01:44:04.582850 2026] [php:error] [pid 52896] [client 4.232.90.96:0] script '/domains/proinc/wp-tem.php' not found or unable to stat
[Mon Mar 02 01:44:04.673288 2026] [php:error] [pid 52896] [client 4.232.90.96:0] script '/domains/proinc/av6m.php' not found or unable to stat
[Mon Mar 02 01:44:04.764397 2026] [php:error] [pid 52896] [client 4.232.90.96:0] script '/domains/proinc/autogooey.php' not found or unable to stat
[Mon Mar 02 01:44:04.854524 2026] [php:error] [pid 52896] [client 4.232.90.96:0] script '/domains/proinc/btx25.php' not found or unable to stat
[Mon Mar 02 01:44:04.949151 2026] [php:error] [pid 52896] [client 4.232.90.96:0] script '/domains/proinc/mga.php' not found or unable to stat
[Mon Mar 02 01:44:05.039528 2026] [php:error] [pid 52896] [client 4.232.90.96:0] script '/domains/proinc/maxro.php' not found or unable to stat
[Mon Mar 02 01:44:05.129769 2026] [php:error] [pid 52896] [client 4.232.90.96:0] script '/domains/proinc/agg.php' not found or unable to stat
[Mon Mar 02 01:44:05.220590 2026] [php:error] [pid 52896] [client 4.232.90.96:0] script '/domains/proinc/pass4.php' not found or unable to stat
[Mon Mar 02 01:44:05.311024 2026] [php:error] [pid 52896] [client 4.232.90.96:0] script '/domains/proinc/wsvvs.php' not found or unable to stat
[Mon Mar 02 01:44:05.401202 2026] [php:error] [pid 52896] [client 4.232.90.96:0] script '/domains/proinc/G-In.php' not found or unable to stat
[Mon Mar 02 01:44:05.491771 2026] [php:error] [pid 52896] [client 4.232.90.96:0] script '/domains/proinc/edit.php' not found or unable to stat
[Mon Mar 02 01:44:05.582428 2026] [php:error] [pid 52896] [client 4.232.90.96:0] script '/domains/proinc/ioxi-o.php' not found or unable to stat
[Mon Mar 02 01:44:05.763528 2026] [php:error] [pid 52896] [client 4.232.90.96:0] script '/domains/proinc/66.php' not found or unable to stat
[Mon Mar 02 01:44:05.944154 2026] [php:error] [pid 52896] [client 4.232.90.96:0] script '/domains/proinc/gifclass.php' not found or unable to stat
[Mon Mar 02 01:44:06.402761 2026] [php:error] [pid 52896] [client 4.232.90.96:0] script '/domains/proinc/sc.php' not found or unable to stat
[Mon Mar 02 01:44:06.492972 2026] [php:error] [pid 52896] [client 4.232.90.96:0] script '/domains/proinc/xmlrpc.php' not found or unable to stat
[Mon Mar 02 01:44:06.584331 2026] [php:error] [pid 52896] [client 4.232.90.96:0] script '/domains/proinc/ol.php' not found or unable to stat
[Mon Mar 02 01:44:06.674610 2026] [php:error] [pid 52896] [client 4.232.90.96:0] script '/domains/proinc/f6.php' not found or unable to stat
[Mon Mar 02 01:44:06.764803 2026] [php:error] [pid 52896] [client 4.232.90.96:0] script '/domains/proinc/inputs.php' not found or unable to stat
[Mon Mar 02 01:44:06.855119 2026] [php:error] [pid 52896] [client 4.232.90.96:0] script '/domains/proinc/style.php' not found or unable to stat
[Mon Mar 02 01:44:06.945538 2026] [php:error] [pid 52896] [client 4.232.90.96:0] script '/domains/proinc/bgymj.php' not found or unable to stat
[Mon Mar 02 01:44:07.035656 2026] [php:error] [pid 52896] [client 4.232.90.96:0] script '/domains/proinc/aa.php' not found or unable to stat
[Mon Mar 02 01:44:07.125941 2026] [php:error] [pid 52896] [client 4.232.90.96:0] script '/domains/proinc/1.php' not found or unable to stat
[Mon Mar 02 01:44:07.225307 2026] [php:error] [pid 52896] [client 4.232.90.96:0] script '/domains/proinc/sc.php' not found or unable to stat
[Mon Mar 02 01:44:07.315822 2026] [php:error] [pid 52896] [client 4.232.90.96:0] script '/domains/proinc/av.php' not found or unable to stat
[Mon Mar 02 01:44:07.406678 2026] [php:error] [pid 52896] [client 4.232.90.96:0] script '/domains/proinc/file.php' not found or unable to stat
[Mon Mar 02 01:44:07.496893 2026] [php:error] [pid 52896] [client 4.232.90.96:0] script '/domains/proinc/666.php' not found or unable to stat
[Mon Mar 02 01:44:07.590250 2026] [php:error] [pid 52896] [client 4.232.90.96:0] script '/domains/proinc/file59.php' not found or unable to stat
[Mon Mar 02 01:44:07.680595 2026] [php:error] [pid 52896] [client 4.232.90.96:0] script '/domains/proinc/bless.php' not found or unable to stat
[Mon Mar 02 01:44:07.770665 2026] [php:error] [pid 52896] [client 4.232.90.96:0] script '/domains/proinc/wp9.php' not found or unable to stat
[Mon Mar 02 01:44:07.861244 2026] [php:error] [pid 52896] [client 4.232.90.96:0] script '/domains/proinc/wp-act.php' not found or unable to stat
[Mon Mar 02 01:44:07.951967 2026] [php:error] [pid 52896] [client 4.232.90.96:0] script '/domains/proinc/class-t.api.php' not found or unable to stat
[Mon Mar 02 01:44:08.042337 2026] [php:error] [pid 52896] [client 4.232.90.96:0] script '/domains/proinc/xqq.php' not found or unable to stat
[Mon Mar 02 01:44:08.223204 2026] [php:error] [pid 52896] [client 4.232.90.96:0] script '/domains/proinc/a.php' not found or unable to stat
[Mon Mar 02 01:44:08.313708 2026] [php:error] [pid 52896] [client 4.232.90.96:0] script '/domains/proinc/06.php' not found or unable to stat
[Mon Mar 02 01:44:08.404487 2026] [php:error] [pid 52896] [client 4.232.90.96:0] script '/domains/proinc/plss3.php' not found or unable to stat
[Mon Mar 02 01:44:08.494791 2026] [php:error] [pid 52896] [client 4.232.90.96:0] script '/domains/proinc/aaa.php' not found or unable to stat
[Mon Mar 02 01:44:08.585035 2026] [php:error] [pid 52896] [client 4.232.90.96:0] script '/domains/proinc/classwithtostring.php' not found or unable to stat
[Mon Mar 02 01:44:08.765375 2026] [php:error] [pid 52896] [client 4.232.90.96:0] script '/domains/proinc/tinyfilemanager.php' not found or unable to stat
[Mon Mar 02 01:44:08.855712 2026] [php:error] [pid 52896] [client 4.232.90.96:0] script '/domains/proinc/x.php' not found or unable to stat
[Mon Mar 02 01:44:08.946079 2026] [php:error] [pid 52896] [client 4.232.90.96:0] script '/domains/proinc/ms.php' not found or unable to stat
[Mon Mar 02 01:44:09.126800 2026] [php:error] [pid 52896] [client 4.232.90.96:0] script '/domains/proinc/wdf.php' not found or unable to stat
[Mon Mar 02 01:44:09.217307 2026] [php:error] [pid 52896] [client 4.232.90.96:0] script '/domains/proinc/wp-update.php' not found or unable to stat
[Mon Mar 02 01:44:09.307506 2026] [php:error] [pid 52896] [client 4.232.90.96:0] script '/domains/proinc/sbhu.php' not found or unable to stat
[Mon Mar 02 01:44:09.488385 2026] [php:error] [pid 52896] [client 4.232.90.96:0] script '/domains/proinc/wp-blog.php' not found or unable to stat
[Mon Mar 02 01:44:09.578632 2026] [php:error] [pid 52896] [client 4.232.90.96:0] script '/domains/proinc/test1.php' not found or unable to stat
[Mon Mar 02 01:44:09.759064 2026] [php:error] [pid 52896] [client 4.232.90.96:0] script '/domains/proinc/166.php' not found or unable to stat
[Mon Mar 02 01:44:09.849028 2026] [php:error] [pid 52896] [client 4.232.90.96:0] script '/domains/proinc/fleen.php' not found or unable to stat
[Mon Mar 02 01:44:10.029207 2026] [php:error] [pid 52896] [client 4.232.90.96:0] script '/domains/proinc/ms-edit.php' not found or unable to stat
[Mon Mar 02 01:44:10.119427 2026] [php:error] [pid 52896] [client 4.232.90.96:0] script '/domains/proinc/adminfuns.php' not found or unable to stat
[Mon Mar 02 01:44:10.209539 2026] [php:error] [pid 52896] [client 4.232.90.96:0] script '/domains/proinc/goods.php' not found or unable to stat
[Mon Mar 02 01:44:10.299544 2026] [php:error] [pid 52896] [client 4.232.90.96:0] script '/domains/proinc/ms-edit.php' not found or unable to stat
[Mon Mar 02 01:44:10.389731 2026] [php:error] [pid 52896] [client 4.232.90.96:0] script '/domains/proinc/222.php' not found or unable to stat
[Mon Mar 02 01:44:10.479975 2026] [php:error] [pid 52896] [client 4.232.90.96:0] script '/domains/proinc/plugins.php' not found or unable to stat
[Mon Mar 02 01:44:10.752317 2026] [php:error] [pid 52896] [client 4.232.90.96:0] script '/domains/proinc/ff1.php' not found or unable to stat
[Mon Mar 02 01:44:10.842599 2026] [php:error] [pid 52896] [client 4.232.90.96:0] script '/domains/proinc/fff.php' not found or unable to stat
[Mon Mar 02 01:44:11.023588 2026] [php:error] [pid 52896] [client 4.232.90.96:0] script '/domains/proinc/goat.php' not found or unable to stat
[Mon Mar 02 01:44:11.114052 2026] [php:error] [pid 52896] [client 4.232.90.96:0] script '/domains/proinc/155.php' not found or unable to stat
[Mon Mar 02 01:44:11.204339 2026] [php:error] [pid 52896] [client 4.232.90.96:0] script '/domains/proinc/we.php' not found or unable to stat
[Mon Mar 02 01:44:11.294641 2026] [php:error] [pid 52896] [client 4.232.90.96:0] script '/domains/proinc/alpha.php' not found or unable to stat
[Mon Mar 02 01:44:11.384896 2026] [php:error] [pid 52896] [client 4.232.90.96:0] script '/domains/proinc/makeasmtp.php' not found or unable to stat
[Mon Mar 02 01:44:11.475025 2026] [php:error] [pid 52896] [client 4.232.90.96:0] script '/domains/proinc/wp-michan.php' not found or unable to stat
[Mon Mar 02 01:44:11.655530 2026] [php:error] [pid 52896] [client 4.232.90.96:0] script '/domains/proinc/wp-the.php' not found or unable to stat
[Mon Mar 02 01:44:11.932416 2026] [php:error] [pid 52899] [client 4.232.90.96:0] script '/domains/proinc/BDKR28WP.php' not found or unable to stat
[Mon Mar 02 01:44:12.116050 2026] [php:error] [pid 52899] [client 4.232.90.96:0] script '/domains/proinc/wp.php' not found or unable to stat
[Mon Mar 02 01:44:12.299316 2026] [php:error] [pid 52899] [client 4.232.90.96:0] script '/domains/proinc/w4.php' not found or unable to stat
[Mon Mar 02 01:44:12.487694 2026] [php:error] [pid 52899] [client 4.232.90.96:0] script '/domains/proinc/ok.php' not found or unable to stat
[Mon Mar 02 01:44:12.579776 2026] [php:error] [pid 52899] [client 4.232.90.96:0] script '/domains/proinc/about.php' not found or unable to stat
[Mon Mar 02 01:44:12.672408 2026] [php:error] [pid 52899] [client 4.232.90.96:0] script '/domains/proinc/tymn.php' not found or unable to stat
[Mon Mar 02 01:44:12.764259 2026] [php:error] [pid 52899] [client 4.232.90.96:0] script '/domains/proinc/bak.php' not found or unable to stat
[Mon Mar 02 01:44:12.947973 2026] [php:error] [pid 52899] [client 4.232.90.96:0] script '/domains/proinc/fe5.php' not found or unable to stat
[Mon Mar 02 01:44:13.040365 2026] [php:error] [pid 52899] [client 4.232.90.96:0] script '/domains/proinc/kj.php' not found or unable to stat
[Mon Mar 02 01:44:13.223983 2026] [php:error] [pid 52899] [client 4.232.90.96:0] script '/domains/proinc/av.php' not found or unable to stat
[Mon Mar 02 01:44:13.316098 2026] [php:error] [pid 52899] [client 4.232.90.96:0] script '/domains/proinc/abcd.php' not found or unable to stat
[Mon Mar 02 01:44:13.407971 2026] [php:error] [pid 52899] [client 4.232.90.96:0] script '/domains/proinc/init.php' not found or unable to stat
[Mon Mar 02 01:44:13.500118 2026] [php:error] [pid 52899] [client 4.232.90.96:0] script '/domains/proinc/fi.php' not found or unable to stat
[Mon Mar 02 01:44:13.592077 2026] [php:error] [pid 52899] [client 4.232.90.96:0] script '/domains/proinc/a1.php' not found or unable to stat
[Mon Mar 02 01:44:13.869171 2026] [php:error] [pid 52899] [client 4.232.90.96:0] script '/domains/proinc/f35.php' not found or unable to stat
[Mon Mar 02 01:44:13.961156 2026] [php:error] [pid 52899] [client 4.232.90.96:0] script '/domains/proinc/hi.php' not found or unable to stat
[Mon Mar 02 01:44:14.053033 2026] [php:error] [pid 52899] [client 4.232.90.96:0] script '/domains/proinc/lala.php' not found or unable to stat
[Mon Mar 02 01:44:14.144775 2026] [php:error] [pid 52899] [client 4.232.90.96:0] script '/domains/proinc/lb.php' not found or unable to stat
[Mon Mar 02 01:44:14.329000 2026] [php:error] [pid 52899] [client 4.232.90.96:0] script '/domains/proinc/0.php' not found or unable to stat
[Mon Mar 02 01:44:14.423036 2026] [php:error] [pid 52899] [client 4.232.90.96:0] script '/domains/proinc/core.php' not found or unable to stat
[Mon Mar 02 01:44:14.514673 2026] [php:error] [pid 52899] [client 4.232.90.96:0] script '/domains/proinc/autogooey.php' not found or unable to stat
[Mon Mar 02 01:44:14.698197 2026] [php:error] [pid 52899] [client 4.232.90.96:0] script '/domains/proinc/prv8.php' not found or unable to stat
[Mon Mar 02 01:44:14.790549 2026] [php:error] [pid 52899] [client 4.232.90.96:0] script '/domains/proinc/k.php' not found or unable to stat
[Mon Mar 02 01:44:14.882496 2026] [php:error] [pid 52899] [client 4.232.90.96:0] script '/domains/proinc/dev.php' not found or unable to stat
[Mon Mar 02 01:44:14.974247 2026] [php:error] [pid 52899] [client 4.232.90.96:0] script '/domains/proinc/x123x.php' not found or unable to stat
[Mon Mar 02 01:44:15.066105 2026] [php:error] [pid 52899] [client 4.232.90.96:0] script '/domains/proinc/bal.php' not found or unable to stat
[Mon Mar 02 01:44:15.158062 2026] [php:error] [pid 52899] [client 4.232.90.96:0] script '/domains/proinc/in.php' not found or unable to stat
[Mon Mar 02 01:44:15.249934 2026] [php:error] [pid 52899] [client 4.232.90.96:0] script '/domains/proinc/gssdd.php' not found or unable to stat
[Mon Mar 02 01:44:15.341824 2026] [php:error] [pid 52899] [client 4.232.90.96:0] script '/domains/proinc/motu.php' not found or unable to stat
[Mon Mar 02 01:44:15.438965 2026] [php:error] [pid 52899] [client 4.232.90.96:0] script '/domains/proinc/bs1.php' not found or unable to stat
[Mon Mar 02 01:44:15.534856 2026] [php:error] [pid 52899] [client 4.232.90.96:0] script '/domains/proinc/bengi.php' not found or unable to stat
[Mon Mar 02 01:44:15.627737 2026] [php:error] [pid 52899] [client 4.232.90.96:0] script '/domains/proinc/log.php' not found or unable to stat
[Mon Mar 02 01:44:15.720686 2026] [php:error] [pid 52899] [client 4.232.90.96:0] script '/domains/proinc/miansha.php' not found or unable to stat
[Mon Mar 02 01:44:15.813027 2026] [php:error] [pid 52899] [client 4.232.90.96:0] script '/domains/proinc/erty.php' not found or unable to stat
[Mon Mar 02 01:44:15.996870 2026] [php:error] [pid 52899] [client 4.232.90.96:0] script '/domains/proinc/X57.php' not found or unable to stat
[Mon Mar 02 01:44:16.088895 2026] [php:error] [pid 52899] [client 4.232.90.96:0] script '/domains/proinc/axx.php' not found or unable to stat
[Mon Mar 02 01:44:16.180785 2026] [php:error] [pid 52899] [client 4.232.90.96:0] script '/domains/proinc/alfashell.php' not found or unable to stat
[Mon Mar 02 01:44:16.272745 2026] [php:error] [pid 52899] [client 4.232.90.96:0] script '/domains/proinc/myfile.php' not found or unable to stat
[Mon Mar 02 01:44:16.364813 2026] [php:error] [pid 52899] [client 4.232.90.96:0] script '/domains/proinc/re.php' not found or unable to stat
[Mon Mar 02 01:44:16.456744 2026] [php:error] [pid 52899] [client 4.232.90.96:0] script '/domains/proinc/styll.php' not found or unable to stat
[Mon Mar 02 01:44:16.548911 2026] [php:error] [pid 52899] [client 4.232.90.96:0] script '/domains/proinc/flower.php' not found or unable to stat
[Mon Mar 02 01:44:16.641404 2026] [php:error] [pid 52899] [client 4.232.90.96:0] script '/domains/proinc/flower2.php' not found or unable to stat
[Mon Mar 02 01:44:16.733511 2026] [php:error] [pid 52899] [client 4.232.90.96:0] script '/domains/proinc/4h.php' not found or unable to stat
[Mon Mar 02 01:44:16.826167 2026] [php:error] [pid 52899] [client 4.232.90.96:0] script '/domains/proinc/gettest.php' not found or unable to stat
[Mon Mar 02 01:44:16.918162 2026] [php:error] [pid 52899] [client 4.232.90.96:0] script '/domains/proinc/acp.php' not found or unable to stat
[Mon Mar 02 01:44:17.015126 2026] [php:error] [pid 52899] [client 4.232.90.96:0] script '/domains/proinc/database.php' not found or unable to stat
[Mon Mar 02 01:44:17.209675 2026] [php:error] [pid 52904] [client 62.60.131.156:0] script '/domains/system_suspended/xmlrpc.php' not found or unable to stat
[Mon Mar 02 01:44:26.510685 2026] [php:error] [pid 52899] [client 20.151.2.242:0] script '/domains/ecernstelectric/xxxx.php' not found or unable to stat
[Mon Mar 02 01:44:26.547038 2026] [php:error] [pid 52899] [client 20.151.2.242:0] script '/domains/ecernstelectric/sbhu.php' not found or unable to stat
[Mon Mar 02 01:44:26.607569 2026] [php:error] [pid 52899] [client 20.151.2.242:0] script '/domains/ecernstelectric/wp-atom.php' not found or unable to stat
[Mon Mar 02 01:44:26.708891 2026] [php:error] [pid 52899] [client 20.151.2.242:0] script '/domains/ecernstelectric/gettest.php' not found or unable to stat
[Mon Mar 02 01:44:26.745313 2026] [php:error] [pid 52899] [client 20.151.2.242:0] script '/domains/ecernstelectric/ayk.php' not found or unable to stat
[Mon Mar 02 01:44:26.787378 2026] [php:error] [pid 52899] [client 20.151.2.242:0] script '/domains/ecernstelectric/wp-setting.php' not found or unable to stat
[Mon Mar 02 01:44:27.028733 2026] [php:error] [pid 52899] [client 20.151.2.242:0] script '/domains/ecernstelectric/fleen.php' not found or unable to stat
[Mon Mar 02 01:44:27.130033 2026] [php:error] [pid 52899] [client 20.151.2.242:0] script '/domains/ecernstelectric/install.php' not found or unable to stat
[Mon Mar 02 01:44:27.165784 2026] [php:error] [pid 52899] [client 20.151.2.242:0] script '/domains/ecernstelectric/add.php' not found or unable to stat
[Mon Mar 02 01:44:27.202682 2026] [php:error] [pid 52899] [client 20.151.2.242:0] script '/domains/ecernstelectric/path.php' not found or unable to stat
[Mon Mar 02 01:44:27.257971 2026] [php:error] [pid 52899] [client 20.151.2.242:0] script '/domains/ecernstelectric/my.php' not found or unable to stat
[Mon Mar 02 01:44:27.588660 2026] [php:error] [pid 52899] [client 20.151.2.242:0] script '/domains/ecernstelectric/we.php' not found or unable to stat
[Mon Mar 02 01:44:27.646637 2026] [php:error] [pid 52899] [client 20.151.2.242:0] script '/domains/ecernstelectric/acp.php' not found or unable to stat
[Mon Mar 02 01:44:27.843861 2026] [php:error] [pid 52899] [client 20.151.2.242:0] script '/domains/ecernstelectric/f6.php' not found or unable to stat
[Mon Mar 02 01:44:28.182444 2026] [php:error] [pid 52899] [client 20.151.2.242:0] script '/domains/ecernstelectric/akcc.php' not found or unable to stat
[Mon Mar 02 01:44:28.308573 2026] [php:error] [pid 52899] [client 20.151.2.242:0] script '/domains/ecernstelectric/0x.php' not found or unable to stat
[Mon Mar 02 01:44:28.361617 2026] [php:error] [pid 52899] [client 20.151.2.242:0] script '/domains/ecernstelectric/chosen.php' not found or unable to stat
[Mon Mar 02 01:44:28.413789 2026] [php:error] [pid 52899] [client 20.151.2.242:0] script '/domains/ecernstelectric/cwclass.php' not found or unable to stat
[Mon Mar 02 01:44:28.507690 2026] [php:error] [pid 52899] [client 20.151.2.242:0] script '/domains/ecernstelectric/X57.php' not found or unable to stat
[Mon Mar 02 01:44:28.567775 2026] [php:error] [pid 52899] [client 20.151.2.242:0] script '/domains/ecernstelectric/autoload_classmap.php' not found or unable to stat
[Mon Mar 02 01:44:28.649933 2026] [php:error] [pid 52899] [client 20.151.2.242:0] script '/domains/ecernstelectric/wp-x.php' not found or unable to stat
[Mon Mar 02 01:44:28.698500 2026] [php:error] [pid 52899] [client 20.151.2.242:0] script '/domains/ecernstelectric/fff.php' not found or unable to stat
[Mon Mar 02 01:44:28.796540 2026] [php:error] [pid 52899] [client 20.151.2.242:0] script '/domains/ecernstelectric/txets.php' not found or unable to stat
[Mon Mar 02 01:44:28.843709 2026] [php:error] [pid 52899] [client 20.151.2.242:0] script '/domains/ecernstelectric/erty.php' not found or unable to stat
[Mon Mar 02 01:44:29.373683 2026] [php:error] [pid 52899] [client 20.151.2.242:0] script '/domains/ecernstelectric/pepe.php' not found or unable to stat
[Mon Mar 02 01:44:29.410400 2026] [php:error] [pid 52899] [client 20.151.2.242:0] script '/domains/ecernstelectric/f35.php' not found or unable to stat
[Mon Mar 02 01:44:29.445981 2026] [php:error] [pid 52899] [client 20.151.2.242:0] script '/domains/ecernstelectric/backup.php' not found or unable to stat
[Mon Mar 02 01:44:29.482507 2026] [php:error] [pid 52899] [client 20.151.2.242:0] script '/domains/ecernstelectric/god.php' not found or unable to stat
[Mon Mar 02 01:44:29.529924 2026] [php:error] [pid 52899] [client 20.151.2.242:0] script '/domains/ecernstelectric/b.php' not found or unable to stat
[Mon Mar 02 01:44:29.566753 2026] [php:error] [pid 52899] [client 20.151.2.242:0] script '/domains/ecernstelectric/t00l.php' not found or unable to stat
[Mon Mar 02 01:44:29.622802 2026] [php:error] [pid 52899] [client 20.151.2.242:0] script '/domains/ecernstelectric/ad2.php' not found or unable to stat
[Mon Mar 02 01:44:29.659304 2026] [php:error] [pid 52899] [client 20.151.2.242:0] script '/domains/ecernstelectric/goat.php' not found or unable to stat
[Mon Mar 02 01:44:29.696376 2026] [php:error] [pid 52899] [client 20.151.2.242:0] script '/domains/ecernstelectric/w3llstore.php' not found or unable to stat
[Mon Mar 02 01:44:29.751864 2026] [php:error] [pid 52899] [client 20.151.2.242:0] script '/domains/ecernstelectric/1a.php' not found or unable to stat
[Mon Mar 02 01:44:29.788185 2026] [php:error] [pid 52899] [client 20.151.2.242:0] script '/domains/ecernstelectric/aki.php' not found or unable to stat
[Mon Mar 02 01:44:29.842820 2026] [php:error] [pid 52899] [client 20.151.2.242:0] script '/domains/ecernstelectric/simple.php' not found or unable to stat
[Mon Mar 02 01:44:29.886875 2026] [php:error] [pid 52899] [client 20.151.2.242:0] script '/domains/ecernstelectric/ws66.php' not found or unable to stat
[Mon Mar 02 01:44:29.960759 2026] [php:error] [pid 52899] [client 20.151.2.242:0] script '/domains/ecernstelectric/item.php' not found or unable to stat
[Mon Mar 02 01:44:29.996553 2026] [php:error] [pid 52899] [client 20.151.2.242:0] script '/domains/ecernstelectric/ww.php' not found or unable to stat
[Mon Mar 02 01:44:30.094737 2026] [php:error] [pid 52908] [client 20.63.210.169:0] script '/domains/jaspen/222.php' not found or unable to stat
[Mon Mar 02 01:44:30.145469 2026] [php:error] [pid 52899] [client 20.151.2.242:0] script '/domains/ecernstelectric/ftyude.php' not found or unable to stat
[Mon Mar 02 01:44:30.183794 2026] [php:error] [pid 52899] [client 20.151.2.242:0] script '/domains/ecernstelectric/mh.php' not found or unable to stat
[Mon Mar 02 01:44:30.229377 2026] [php:error] [pid 52899] [client 20.151.2.242:0] script '/domains/ecernstelectric/1.php' not found or unable to stat
[Mon Mar 02 01:44:30.262876 2026] [php:error] [pid 52908] [client 20.63.210.169:0] script '/domains/jaspen/404.php' not found or unable to stat
[Mon Mar 02 01:44:30.265208 2026] [php:error] [pid 52899] [client 20.151.2.242:0] script '/domains/ecernstelectric/edit.php' not found or unable to stat
[Mon Mar 02 01:44:30.453918 2026] [php:error] [pid 52908] [client 20.63.210.169:0] script '/domains/jaspen/about.php' not found or unable to stat
[Mon Mar 02 01:44:30.621963 2026] [php:error] [pid 52908] [client 20.63.210.169:0] script '/domains/jaspen/admin.php' not found or unable to stat
[Mon Mar 02 01:44:30.704567 2026] [php:error] [pid 52899] [client 20.151.2.242:0] script '/domains/ecernstelectric/pp.php' not found or unable to stat
[Mon Mar 02 01:44:30.789932 2026] [php:error] [pid 52908] [client 20.63.210.169:0] script '/domains/jaspen/adminfuns.php' not found or unable to stat
[Mon Mar 02 01:44:30.981390 2026] [php:error] [pid 52908] [client 20.63.210.169:0] script '/domains/jaspen/bless.php' not found or unable to stat
[Mon Mar 02 01:44:31.149549 2026] [php:error] [pid 52908] [client 20.63.210.169:0] script '/domains/jaspen/bolt.php' not found or unable to stat
[Mon Mar 02 01:44:31.317603 2026] [php:error] [pid 52908] [client 20.63.210.169:0] script '/domains/jaspen/ccou.php' not found or unable to stat
[Mon Mar 02 01:44:31.346219 2026] [php:error] [pid 52899] [client 20.151.2.242:0] script '/domains/ecernstelectric/sxdfrt.php' not found or unable to stat
[Mon Mar 02 01:44:31.383239 2026] [php:error] [pid 52899] [client 20.151.2.242:0] script '/domains/ecernstelectric/yas.php' not found or unable to stat
[Mon Mar 02 01:44:31.485764 2026] [php:error] [pid 52908] [client 20.63.210.169:0] script '/domains/jaspen/class-t.api.php' not found or unable to stat
[Mon Mar 02 01:44:31.496815 2026] [php:error] [pid 52899] [client 20.151.2.242:0] script '/domains/ecernstelectric/info.php' not found or unable to stat
[Mon Mar 02 01:44:31.552738 2026] [php:error] [pid 52899] [client 20.151.2.242:0] script '/domains/ecernstelectric/lp6.php' not found or unable to stat
[Mon Mar 02 01:44:31.646004 2026] [php:error] [pid 52899] [client 20.151.2.242:0] script '/domains/ecernstelectric/bgymj.php' not found or unable to stat
[Mon Mar 02 01:44:31.654108 2026] [php:error] [pid 52908] [client 20.63.210.169:0] script '/domains/jaspen/css.php' not found or unable to stat
[Mon Mar 02 01:44:31.693676 2026] [php:error] [pid 52899] [client 20.151.2.242:0] script '/domains/ecernstelectric/8.php' not found or unable to stat
[Mon Mar 02 01:44:31.731996 2026] [php:error] [pid 52899] [client 20.151.2.242:0] script '/domains/ecernstelectric/bolt.php' not found or unable to stat
[Mon Mar 02 01:44:32.011995 2026] [php:error] [pid 52908] [client 20.63.210.169:0] script '/domains/jaspen/edit.php' not found or unable to stat
[Mon Mar 02 01:44:32.180802 2026] [php:error] [pid 52908] [client 20.63.210.169:0] script '/domains/jaspen/fff.php' not found or unable to stat
[Mon Mar 02 01:44:32.185557 2026] [php:error] [pid 52899] [client 20.151.2.242:0] script '/domains/ecernstelectric/666.php' not found or unable to stat
[Mon Mar 02 01:44:32.221758 2026] [php:error] [pid 52899] [client 20.151.2.242:0] script '/domains/ecernstelectric/moshou.php' not found or unable to stat
[Mon Mar 02 01:44:32.259270 2026] [php:error] [pid 52899] [client 20.151.2.242:0] script '/domains/ecernstelectric/jga.php' not found or unable to stat
[Mon Mar 02 01:44:32.348687 2026] [php:error] [pid 52908] [client 20.63.210.169:0] script '/domains/jaspen/file.php' not found or unable to stat
[Mon Mar 02 01:44:32.517685 2026] [php:error] [pid 52908] [client 20.63.210.169:0] script '/domains/jaspen/fx.php' not found or unable to stat
[Mon Mar 02 01:44:32.648948 2026] [php:error] [pid 52899] [client 20.151.2.242:0] script '/domains/ecernstelectric/Jcrop.php' not found or unable to stat
[Mon Mar 02 01:44:32.686223 2026] [php:error] [pid 52908] [client 20.63.210.169:0] script '/domains/jaspen/info.php' not found or unable to stat
[Mon Mar 02 01:44:32.778329 2026] [php:error] [pid 52899] [client 20.151.2.242:0] script '/domains/ecernstelectric/aa.php' not found or unable to stat
[Mon Mar 02 01:44:32.815515 2026] [php:error] [pid 52899] [client 20.151.2.242:0] script '/domains/ecernstelectric/ff1.php' not found or unable to stat
[Mon Mar 02 01:44:32.854100 2026] [php:error] [pid 52908] [client 20.63.210.169:0] script '/domains/jaspen/ioxi-o.php' not found or unable to stat
[Mon Mar 02 01:44:32.939839 2026] [php:error] [pid 52899] [client 20.151.2.242:0] script '/domains/ecernstelectric/wp-the.php' not found or unable to stat
[Mon Mar 02 01:44:32.994226 2026] [php:error] [pid 52899] [client 20.151.2.242:0] script '/domains/ecernstelectric/pass4.php' not found or unable to stat
[Mon Mar 02 01:44:33.022196 2026] [php:error] [pid 52908] [client 20.63.210.169:0] script '/domains/jaspen/rip.php' not found or unable to stat
[Mon Mar 02 01:44:33.065477 2026] [php:error] [pid 52899] [client 20.151.2.242:0] script '/domains/ecernstelectric/C1.php' not found or unable to stat
[Mon Mar 02 01:44:33.104203 2026] [php:error] [pid 52899] [client 20.151.2.242:0] script '/domains/ecernstelectric/gi.php' not found or unable to stat
[Mon Mar 02 01:44:33.141589 2026] [php:error] [pid 52899] [client 20.151.2.242:0] script '/domains/ecernstelectric/tkllu.php' not found or unable to stat
[Mon Mar 02 01:44:33.177173 2026] [php:error] [pid 52899] [client 20.151.2.242:0] script '/domains/ecernstelectric/fetch.php' not found or unable to stat
[Mon Mar 02 01:44:33.190646 2026] [php:error] [pid 52908] [client 20.63.210.169:0] script '/domains/jaspen/server.php' not found or unable to stat
[Mon Mar 02 01:44:33.216625 2026] [php:error] [pid 52899] [client 20.151.2.242:0] script '/domains/ecernstelectric/66.php' not found or unable to stat
[Mon Mar 02 01:44:33.271645 2026] [php:error] [pid 52899] [client 20.151.2.242:0] script '/domains/ecernstelectric/1index.php' not found or unable to stat
[Mon Mar 02 01:44:33.307800 2026] [php:error] [pid 52899] [client 20.151.2.242:0] script '/domains/ecernstelectric/wander.php' not found or unable to stat
[Mon Mar 02 01:44:33.358536 2026] [php:error] [pid 52908] [client 20.63.210.169:0] script '/domains/jaspen/wp-blog.php' not found or unable to stat
[Mon Mar 02 01:44:33.446812 2026] [php:error] [pid 52899] [client 20.151.2.242:0] script '/domains/ecernstelectric/makeasmtp.php' not found or unable to stat
[Mon Mar 02 01:44:33.499815 2026] [php:error] [pid 52899] [client 20.151.2.242:0] script '/domains/ecernstelectric/xtsr.php' not found or unable to stat
[Mon Mar 02 01:44:33.537594 2026] [php:error] [pid 52899] [client 20.151.2.242:0] script '/domains/ecernstelectric/Masks.php' not found or unable to stat
[Mon Mar 02 01:44:33.593719 2026] [php:error] [pid 52899] [client 20.151.2.242:0] script '/domains/ecernstelectric/Geforce.php' not found or unable to stat
[Mon Mar 02 01:44:33.653270 2026] [php:error] [pid 52899] [client 20.151.2.242:0] script '/domains/ecernstelectric/jb33.php' not found or unable to stat
[Mon Mar 02 01:44:33.704805 2026] [php:error] [pid 52899] [client 20.151.2.242:0] script '/domains/ecernstelectric/vogme.php' not found or unable to stat
[Mon Mar 02 01:44:33.740488 2026] [php:error] [pid 52899] [client 20.151.2.242:0] script '/domains/ecernstelectric/grsiuk.php' not found or unable to stat
[Mon Mar 02 01:44:33.804296 2026] [php:error] [pid 52899] [client 20.151.2.242:0] script '/domains/ecernstelectric/inege.php' not found or unable to stat
[Mon Mar 02 01:44:33.867024 2026] [php:error] [pid 52899] [client 20.151.2.242:0] script '/domains/ecernstelectric/global.php' not found or unable to stat
[Mon Mar 02 01:44:33.908683 2026] [php:error] [pid 52899] [client 20.151.2.242:0] script '/domains/ecernstelectric/As.php' not found or unable to stat
[Mon Mar 02 01:44:33.953663 2026] [php:error] [pid 52899] [client 20.151.2.242:0] script '/domains/ecernstelectric/btx25.php' not found or unable to stat
[Mon Mar 02 01:44:34.165852 2026] [php:error] [pid 52899] [client 20.151.2.242:0] script '/domains/ecernstelectric/advanc.php' not found or unable to stat
[Mon Mar 02 01:44:34.202759 2026] [php:error] [pid 52899] [client 20.151.2.242:0] script '/domains/ecernstelectric/ahgag.php' not found or unable to stat
[Mon Mar 02 01:44:34.238928 2026] [php:error] [pid 52899] [client 20.151.2.242:0] script '/domains/ecernstelectric/yoawv.php' not found or unable to stat
[Mon Mar 02 01:44:34.301854 2026] [php:error] [pid 52899] [client 20.151.2.242:0] script '/domains/ecernstelectric/xogve.php' not found or unable to stat
[Mon Mar 02 01:44:34.340404 2026] [php:error] [pid 52899] [client 20.151.2.242:0] script '/domains/ecernstelectric/lp5.php' not found or unable to stat
[Mon Mar 02 01:44:34.379194 2026] [php:error] [pid 52899] [client 20.151.2.242:0] script '/domains/ecernstelectric/torsa1.php' not found or unable to stat
[Mon Mar 02 01:44:34.382101 2026] [php:error] [pid 52908] [client 20.63.210.169:0] script '/domains/jaspen/wp-editor.php' not found or unable to stat
