[Mon Mar 02 01:30:28.492569 2026] [php:error] [pid 52735] [client 20.205.120.43:0] script '/domains/hans.interport/menu.php' not found or unable to stat
[Mon Mar 02 01:30:28.651854 2026] [php:error] [pid 52746] [client 4.193.177.110:0] script '/domains/bfitpro2/abcd.php' not found or unable to stat
[Mon Mar 02 01:30:28.716255 2026] [php:error] [pid 52735] [client 20.205.120.43:0] script '/domains/hans.interport/goods.php' not found or unable to stat
[Mon Mar 02 01:30:28.882356 2026] [php:error] [pid 52746] [client 4.193.177.110:0] script '/domains/bfitpro2/as.php' not found or unable to stat
[Mon Mar 02 01:30:28.955366 2026] [php:error] [pid 52735] [client 20.205.120.43:0] script '/domains/hans.interport/plugin.php' not found or unable to stat
[Mon Mar 02 01:30:29.109707 2026] [php:error] [pid 52746] [client 4.193.177.110:0] script '/domains/bfitpro2/wp-trackback.php' not found or unable to stat
[Mon Mar 02 01:30:29.165176 2026] [php:error] [pid 52735] [client 20.205.120.43:0] script '/domains/hans.interport/cloud.php' not found or unable to stat
[Mon Mar 02 01:30:29.336605 2026] [php:error] [pid 52746] [client 4.193.177.110:0] script '/domains/bfitpro2/about.php' not found or unable to stat
[Mon Mar 02 01:30:29.403532 2026] [php:error] [pid 52735] [client 20.205.120.43:0] script '/domains/hans.interport/configs.php' not found or unable to stat
[Mon Mar 02 01:30:29.565247 2026] [php:error] [pid 52746] [client 4.193.177.110:0] script '/domains/bfitpro2/file.php' not found or unable to stat
[Mon Mar 02 01:30:29.611577 2026] [php:error] [pid 52735] [client 20.205.120.43:0] script '/domains/hans.interport/wp-configs.php' not found or unable to stat
[Mon Mar 02 01:30:29.793636 2026] [php:error] [pid 52746] [client 4.193.177.110:0] script '/domains/bfitpro2/adminfuns.php' not found or unable to stat
[Mon Mar 02 01:30:29.836567 2026] [php:error] [pid 52735] [client 20.205.120.43:0] script '/domains/hans.interport/update.php' not found or unable to stat
[Mon Mar 02 01:30:30.022068 2026] [php:error] [pid 52746] [client 4.193.177.110:0] script '/domains/bfitpro2/wp-good.php' not found or unable to stat
[Mon Mar 02 01:30:30.056401 2026] [php:error] [pid 52735] [client 20.205.120.43:0] script '/domains/hans.interport/2.php' not found or unable to stat
[Mon Mar 02 01:30:30.248975 2026] [php:error] [pid 52746] [client 4.193.177.110:0] script '/domains/bfitpro2/xmlrpc.php' not found or unable to stat
[Mon Mar 02 01:30:30.276317 2026] [php:error] [pid 52735] [client 20.205.120.43:0] script '/domains/hans.interport/input.php' not found or unable to stat
[Mon Mar 02 01:30:30.495703 2026] [php:error] [pid 52735] [client 20.205.120.43:0] script '/domains/hans.interport/aaa.php' not found or unable to stat
[Mon Mar 02 01:30:30.502398 2026] [php:error] [pid 52746] [client 4.193.177.110:0] script '/domains/bfitpro2/goods.php' not found or unable to stat
[Mon Mar 02 01:30:30.738074 2026] [php:error] [pid 52746] [client 4.193.177.110:0] script '/domains/bfitpro2/class-t.api.php' not found or unable to stat
[Mon Mar 02 01:30:30.979667 2026] [php:error] [pid 52746] [client 4.193.177.110:0] script '/domains/bfitpro2/sf.php' not found or unable to stat
[Mon Mar 02 01:30:31.233176 2026] [php:error] [pid 52746] [client 4.193.177.110:0] script '/domains/bfitpro2/kbfr.php' not found or unable to stat
[Mon Mar 02 01:30:31.483298 2026] [php:error] [pid 52746] [client 4.193.177.110:0] script '/domains/bfitpro2/autoload_classmap.php' not found or unable to stat
[Mon Mar 02 01:30:31.732043 2026] [php:error] [pid 52746] [client 4.193.177.110:0] script '/domains/bfitpro2/chosen.php' not found or unable to stat
[Mon Mar 02 01:30:31.974169 2026] [php:error] [pid 52746] [client 4.193.177.110:0] script '/domains/bfitpro2/classwithtostring.php' not found or unable to stat
[Mon Mar 02 01:30:32.213234 2026] [php:error] [pid 52746] [client 4.193.177.110:0] script '/domains/bfitpro2/defaults.php' not found or unable to stat
[Mon Mar 02 01:30:32.927230 2026] [php:error] [pid 52746] [client 4.193.177.110:0] script '/domains/bfitpro2/info.php' not found or unable to stat
[Mon Mar 02 01:30:50.375834 2026] [php:error] [pid 52738] [client 20.239.137.159:0] script '/domains/telacomp/222.php' not found or unable to stat
[Mon Mar 02 01:30:50.578113 2026] [php:error] [pid 52738] [client 20.239.137.159:0] script '/domains/telacomp/404.php' not found or unable to stat
[Mon Mar 02 01:30:50.780345 2026] [php:error] [pid 52738] [client 20.239.137.159:0] script '/domains/telacomp/about.php' not found or unable to stat
[Mon Mar 02 01:30:50.982130 2026] [php:error] [pid 52738] [client 20.239.137.159:0] script '/domains/telacomp/admin.php' not found or unable to stat
[Mon Mar 02 01:30:51.192241 2026] [php:error] [pid 52738] [client 20.239.137.159:0] script '/domains/telacomp/adminfuns.php' not found or unable to stat
[Mon Mar 02 01:30:51.394265 2026] [php:error] [pid 52738] [client 20.239.137.159:0] script '/domains/telacomp/bless.php' not found or unable to stat
[Mon Mar 02 01:30:51.596385 2026] [php:error] [pid 52738] [client 20.239.137.159:0] script '/domains/telacomp/bolt.php' not found or unable to stat
[Mon Mar 02 01:30:51.798043 2026] [php:error] [pid 52738] [client 20.239.137.159:0] script '/domains/telacomp/ccou.php' not found or unable to stat
[Mon Mar 02 01:30:52.000057 2026] [php:error] [pid 52738] [client 20.239.137.159:0] script '/domains/telacomp/class-t.api.php' not found or unable to stat
[Mon Mar 02 01:30:52.201696 2026] [php:error] [pid 52738] [client 20.239.137.159:0] script '/domains/telacomp/css.php' not found or unable to stat
[Mon Mar 02 01:30:52.624955 2026] [php:error] [pid 52738] [client 20.239.137.159:0] script '/domains/telacomp/edit.php' not found or unable to stat
[Mon Mar 02 01:30:52.828613 2026] [php:error] [pid 52738] [client 20.239.137.159:0] script '/domains/telacomp/fff.php' not found or unable to stat
[Mon Mar 02 01:30:53.031618 2026] [php:error] [pid 52738] [client 20.239.137.159:0] script '/domains/telacomp/file.php' not found or unable to stat
[Mon Mar 02 01:30:53.234679 2026] [php:error] [pid 52738] [client 20.239.137.159:0] script '/domains/telacomp/fx.php' not found or unable to stat
[Mon Mar 02 01:30:53.437075 2026] [php:error] [pid 52738] [client 20.239.137.159:0] script '/domains/telacomp/info.php' not found or unable to stat
[Mon Mar 02 01:30:53.639076 2026] [php:error] [pid 52738] [client 20.239.137.159:0] script '/domains/telacomp/ioxi-o.php' not found or unable to stat
[Mon Mar 02 01:30:53.840806 2026] [php:error] [pid 52738] [client 20.239.137.159:0] script '/domains/telacomp/rip.php' not found or unable to stat
[Mon Mar 02 01:30:54.044482 2026] [php:error] [pid 52738] [client 20.239.137.159:0] script '/domains/telacomp/server.php' not found or unable to stat
[Mon Mar 02 01:30:54.246501 2026] [php:error] [pid 52738] [client 20.239.137.159:0] script '/domains/telacomp/wp-blog.php' not found or unable to stat
[Mon Mar 02 01:30:55.472644 2026] [php:error] [pid 52738] [client 20.239.137.159:0] script '/domains/telacomp/wp-editor.php' not found or unable to stat
[Mon Mar 02 01:30:56.498337 2026] [php:error] [pid 52738] [client 20.239.137.159:0] script '/domains/telacomp/wp.php' not found or unable to stat
[Mon Mar 02 01:30:56.700012 2026] [php:error] [pid 52738] [client 20.239.137.159:0] script '/domains/telacomp/x.php' not found or unable to stat
[Mon Mar 02 01:31:10.364283 2026] [php:error] [pid 52731] [client 45.134.225.243:0] script '/domains/agribiz/wp-login.php' not found or unable to stat
[Mon Mar 02 01:31:22.056143 2026] [php:error] [pid 52731] [client 52.169.206.229:0] script '/domains/familyplayhouse2/gfile.php' not found or unable to stat
[Mon Mar 02 01:31:22.235990 2026] [php:error] [pid 52731] [client 52.169.206.229:0] script '/domains/familyplayhouse2/a2.php' not found or unable to stat
[Mon Mar 02 01:31:22.382161 2026] [php:error] [pid 52731] [client 52.169.206.229:0] script '/domains/familyplayhouse2/qr.php' not found or unable to stat
[Mon Mar 02 01:31:22.638700 2026] [php:error] [pid 52731] [client 52.169.206.229:0] script '/domains/familyplayhouse2/xxxx.php' not found or unable to stat
[Mon Mar 02 01:31:22.712984 2026] [php:error] [pid 52731] [client 52.169.206.229:0] script '/domains/familyplayhouse2/h.php' not found or unable to stat
[Mon Mar 02 01:31:22.875167 2026] [php:error] [pid 52731] [client 52.169.206.229:0] script '/domains/familyplayhouse2/g.php' not found or unable to stat
[Mon Mar 02 01:31:22.948163 2026] [php:error] [pid 52731] [client 52.169.206.229:0] script '/domains/familyplayhouse2/pp.php' not found or unable to stat
[Mon Mar 02 01:31:23.151622 2026] [php:error] [pid 52731] [client 52.169.206.229:0] script '/domains/familyplayhouse2/sys.php' not found or unable to stat
[Mon Mar 02 01:31:23.380999 2026] [php:error] [pid 52731] [client 52.169.206.229:0] script '/domains/familyplayhouse2/txets.php' not found or unable to stat
[Mon Mar 02 01:31:23.465993 2026] [php:error] [pid 52731] [client 52.169.206.229:0] script '/domains/familyplayhouse2/tt.php' not found or unable to stat
[Mon Mar 02 01:31:23.536542 2026] [php:error] [pid 52731] [client 52.169.206.229:0] script '/domains/familyplayhouse2/wp9.php' not found or unable to stat
[Mon Mar 02 01:31:23.693516 2026] [php:error] [pid 52731] [client 52.169.206.229:0] script '/domains/familyplayhouse2/path.php' not found or unable to stat
[Mon Mar 02 01:31:23.806291 2026] [php:error] [pid 52731] [client 52.169.206.229:0] script '/domains/familyplayhouse2/wdf.php' not found or unable to stat
[Mon Mar 02 01:31:23.877131 2026] [php:error] [pid 52731] [client 52.169.206.229:0] script '/domains/familyplayhouse2/fleen.php' not found or unable to stat
[Mon Mar 02 01:31:24.020610 2026] [php:error] [pid 52731] [client 52.169.206.229:0] script '/domains/familyplayhouse2/wp-tem.php' not found or unable to stat
[Mon Mar 02 01:31:24.152304 2026] [php:error] [pid 52731] [client 52.169.206.229:0] script '/domains/familyplayhouse2/av6m.php' not found or unable to stat
[Mon Mar 02 01:31:24.228982 2026] [php:error] [pid 52731] [client 52.169.206.229:0] script '/domains/familyplayhouse2/autogooey.php' not found or unable to stat
[Mon Mar 02 01:31:24.299391 2026] [php:error] [pid 52731] [client 52.169.206.229:0] script '/domains/familyplayhouse2/btx25.php' not found or unable to stat
[Mon Mar 02 01:31:24.370286 2026] [php:error] [pid 52731] [client 52.169.206.229:0] script '/domains/familyplayhouse2/mga.php' not found or unable to stat
[Mon Mar 02 01:31:24.441712 2026] [php:error] [pid 52731] [client 52.169.206.229:0] script '/domains/familyplayhouse2/maxro.php' not found or unable to stat
[Mon Mar 02 01:31:24.718153 2026] [php:error] [pid 52731] [client 52.169.206.229:0] script '/domains/familyplayhouse2/agg.php' not found or unable to stat
[Mon Mar 02 01:31:24.855029 2026] [php:error] [pid 52731] [client 52.169.206.229:0] script '/domains/familyplayhouse2/pass4.php' not found or unable to stat
[Mon Mar 02 01:31:24.925090 2026] [php:error] [pid 52731] [client 52.169.206.229:0] script '/domains/familyplayhouse2/wsvvs.php' not found or unable to stat
[Mon Mar 02 01:31:25.218198 2026] [php:error] [pid 52731] [client 52.169.206.229:0] script '/domains/familyplayhouse2/G-In.php' not found or unable to stat
[Mon Mar 02 01:31:25.290541 2026] [php:error] [pid 52731] [client 52.169.206.229:0] script '/domains/familyplayhouse2/edit.php' not found or unable to stat
[Mon Mar 02 01:31:25.372592 2026] [php:error] [pid 52731] [client 52.169.206.229:0] script '/domains/familyplayhouse2/ioxi-o.php' not found or unable to stat
[Mon Mar 02 01:31:25.513111 2026] [php:error] [pid 52731] [client 52.169.206.229:0] script '/domains/familyplayhouse2/66.php' not found or unable to stat
[Mon Mar 02 01:31:25.655522 2026] [php:error] [pid 52731] [client 52.169.206.229:0] script '/domains/familyplayhouse2/gifclass.php' not found or unable to stat
[Mon Mar 02 01:31:26.287910 2026] [php:error] [pid 52731] [client 52.169.206.229:0] script '/domains/familyplayhouse2/sc.php' not found or unable to stat
[Mon Mar 02 01:31:26.373613 2026] [php:error] [pid 52731] [client 52.169.206.229:0] script '/domains/familyplayhouse2/xmlrpc.php' not found or unable to stat
[Mon Mar 02 01:31:26.443978 2026] [php:error] [pid 52731] [client 52.169.206.229:0] script '/domains/familyplayhouse2/ol.php' not found or unable to stat
[Mon Mar 02 01:31:26.514593 2026] [php:error] [pid 52731] [client 52.169.206.229:0] script '/domains/familyplayhouse2/f6.php' not found or unable to stat
[Mon Mar 02 01:31:26.657076 2026] [php:error] [pid 52731] [client 52.169.206.229:0] script '/domains/familyplayhouse2/inputs.php' not found or unable to stat
[Mon Mar 02 01:31:26.729484 2026] [php:error] [pid 52731] [client 52.169.206.229:0] script '/domains/familyplayhouse2/style.php' not found or unable to stat
[Mon Mar 02 01:31:26.800271 2026] [php:error] [pid 52731] [client 52.169.206.229:0] script '/domains/familyplayhouse2/bgymj.php' not found or unable to stat
[Mon Mar 02 01:31:26.890949 2026] [php:error] [pid 52731] [client 52.169.206.229:0] script '/domains/familyplayhouse2/aa.php' not found or unable to stat
[Mon Mar 02 01:31:26.961681 2026] [php:error] [pid 52731] [client 52.169.206.229:0] script '/domains/familyplayhouse2/1.php' not found or unable to stat
[Mon Mar 02 01:31:27.171115 2026] [php:error] [pid 52731] [client 52.169.206.229:0] script '/domains/familyplayhouse2/sc.php' not found or unable to stat
[Mon Mar 02 01:31:27.244998 2026] [php:error] [pid 52731] [client 52.169.206.229:0] script '/domains/familyplayhouse2/av.php' not found or unable to stat
[Mon Mar 02 01:31:27.385355 2026] [php:error] [pid 52731] [client 52.169.206.229:0] script '/domains/familyplayhouse2/file.php' not found or unable to stat
[Mon Mar 02 01:31:27.579220 2026] [php:error] [pid 52746] [client 20.189.95.92:0] script '/domains/hpveweb/222.php' not found or unable to stat
[Mon Mar 02 01:31:27.651997 2026] [php:error] [pid 52731] [client 52.169.206.229:0] script '/domains/familyplayhouse2/666.php' not found or unable to stat
[Mon Mar 02 01:31:27.762474 2026] [php:error] [pid 52731] [client 52.169.206.229:0] script '/domains/familyplayhouse2/file59.php' not found or unable to stat
[Mon Mar 02 01:31:27.786920 2026] [php:error] [pid 52746] [client 20.189.95.92:0] script '/domains/hpveweb/404.php' not found or unable to stat
[Mon Mar 02 01:31:27.833403 2026] [php:error] [pid 52731] [client 52.169.206.229:0] script '/domains/familyplayhouse2/bless.php' not found or unable to stat
[Mon Mar 02 01:31:27.903471 2026] [php:error] [pid 52731] [client 52.169.206.229:0] script '/domains/familyplayhouse2/wp9.php' not found or unable to stat
[Mon Mar 02 01:31:27.974654 2026] [php:error] [pid 52731] [client 52.169.206.229:0] script '/domains/familyplayhouse2/wp-act.php' not found or unable to stat
[Mon Mar 02 01:31:27.994895 2026] [php:error] [pid 52746] [client 20.189.95.92:0] script '/domains/hpveweb/about.php' not found or unable to stat
[Mon Mar 02 01:31:28.044851 2026] [php:error] [pid 52731] [client 52.169.206.229:0] script '/domains/familyplayhouse2/class-t.api.php' not found or unable to stat
[Mon Mar 02 01:31:28.115014 2026] [php:error] [pid 52731] [client 52.169.206.229:0] script '/domains/familyplayhouse2/xqq.php' not found or unable to stat
[Mon Mar 02 01:31:28.206269 2026] [php:error] [pid 52746] [client 20.189.95.92:0] script '/domains/hpveweb/admin.php' not found or unable to stat
[Mon Mar 02 01:31:28.257622 2026] [php:error] [pid 52731] [client 52.169.206.229:0] script '/domains/familyplayhouse2/a.php' not found or unable to stat
[Mon Mar 02 01:31:28.328584 2026] [php:error] [pid 52731] [client 52.169.206.229:0] script '/domains/familyplayhouse2/06.php' not found or unable to stat
[Mon Mar 02 01:31:28.414169 2026] [php:error] [pid 52746] [client 20.189.95.92:0] script '/domains/hpveweb/adminfuns.php' not found or unable to stat
[Mon Mar 02 01:31:28.463348 2026] [php:error] [pid 52731] [client 52.169.206.229:0] script '/domains/familyplayhouse2/plss3.php' not found or unable to stat
[Mon Mar 02 01:31:28.534012 2026] [php:error] [pid 52731] [client 52.169.206.229:0] script '/domains/familyplayhouse2/aaa.php' not found or unable to stat
[Mon Mar 02 01:31:28.622574 2026] [php:error] [pid 52746] [client 20.189.95.92:0] script '/domains/hpveweb/bless.php' not found or unable to stat
[Mon Mar 02 01:31:28.695320 2026] [php:error] [pid 52731] [client 52.169.206.229:0] script '/domains/familyplayhouse2/classwithtostring.php' not found or unable to stat
[Mon Mar 02 01:31:28.833073 2026] [php:error] [pid 52746] [client 20.189.95.92:0] script '/domains/hpveweb/bolt.php' not found or unable to stat
[Mon Mar 02 01:31:28.840143 2026] [php:error] [pid 52757] [client 4.193.177.110:0] script '/domains/quintet/post.php' not found or unable to stat
[Mon Mar 02 01:31:29.041036 2026] [php:error] [pid 52746] [client 20.189.95.92:0] script '/domains/hpveweb/ccou.php' not found or unable to stat
[Mon Mar 02 01:31:29.069523 2026] [php:error] [pid 52757] [client 4.193.177.110:0] script '/domains/quintet/1.php' not found or unable to stat
[Mon Mar 02 01:31:29.155063 2026] [php:error] [pid 52731] [client 52.169.206.229:0] script '/domains/familyplayhouse2/tinyfilemanager.php' not found or unable to stat
[Mon Mar 02 01:31:29.249122 2026] [php:error] [pid 52746] [client 20.189.95.92:0] script '/domains/hpveweb/class-t.api.php' not found or unable to stat
[Mon Mar 02 01:31:29.291830 2026] [php:error] [pid 52731] [client 52.169.206.229:0] script '/domains/familyplayhouse2/x.php' not found or unable to stat
[Mon Mar 02 01:31:29.298593 2026] [php:error] [pid 52757] [client 4.193.177.110:0] script '/domains/quintet/flower.php' not found or unable to stat
[Mon Mar 02 01:31:29.362398 2026] [php:error] [pid 52731] [client 52.169.206.229:0] script '/domains/familyplayhouse2/ms.php' not found or unable to stat
[Mon Mar 02 01:31:29.457188 2026] [php:error] [pid 52746] [client 20.189.95.92:0] script '/domains/hpveweb/css.php' not found or unable to stat
[Mon Mar 02 01:31:29.502501 2026] [php:error] [pid 52731] [client 52.169.206.229:0] script '/domains/familyplayhouse2/wdf.php' not found or unable to stat
[Mon Mar 02 01:31:29.529085 2026] [php:error] [pid 52757] [client 4.193.177.110:0] script '/domains/quintet/admin.php' not found or unable to stat
[Mon Mar 02 01:31:29.578875 2026] [php:error] [pid 52731] [client 52.169.206.229:0] script '/domains/familyplayhouse2/wp-update.php' not found or unable to stat
[Mon Mar 02 01:31:29.742998 2026] [php:error] [pid 52731] [client 52.169.206.229:0] script '/domains/familyplayhouse2/sbhu.php' not found or unable to stat
[Mon Mar 02 01:31:29.758595 2026] [php:error] [pid 52757] [client 4.193.177.110:0] script '/domains/quintet/file.php' not found or unable to stat
[Mon Mar 02 01:31:29.877630 2026] [php:error] [pid 52746] [client 20.189.95.92:0] script '/domains/hpveweb/edit.php' not found or unable to stat
[Mon Mar 02 01:31:29.987708 2026] [php:error] [pid 52757] [client 4.193.177.110:0] script '/domains/quintet/meta.php' not found or unable to stat
[Mon Mar 02 01:31:29.996659 2026] [php:error] [pid 52731] [client 52.169.206.229:0] script '/domains/familyplayhouse2/wp-blog.php' not found or unable to stat
[Mon Mar 02 01:31:30.067026 2026] [php:error] [pid 52731] [client 52.169.206.229:0] script '/domains/familyplayhouse2/test1.php' not found or unable to stat
[Mon Mar 02 01:31:30.085307 2026] [php:error] [pid 52746] [client 20.189.95.92:0] script '/domains/hpveweb/fff.php' not found or unable to stat
[Mon Mar 02 01:31:30.218192 2026] [php:error] [pid 52757] [client 4.193.177.110:0] script '/domains/quintet/index.php' not found or unable to stat
[Mon Mar 02 01:31:30.293125 2026] [php:error] [pid 52746] [client 20.189.95.92:0] script '/domains/hpveweb/file.php' not found or unable to stat
[Mon Mar 02 01:31:30.348983 2026] [php:error] [pid 52731] [client 52.169.206.229:0] script '/domains/familyplayhouse2/166.php' not found or unable to stat
[Mon Mar 02 01:31:30.447650 2026] [php:error] [pid 52757] [client 4.193.177.110:0] script '/domains/quintet/about.php' not found or unable to stat
[Mon Mar 02 01:31:30.501471 2026] [php:error] [pid 52746] [client 20.189.95.92:0] script '/domains/hpveweb/fx.php' not found or unable to stat
[Mon Mar 02 01:31:30.528729 2026] [php:error] [pid 52731] [client 52.169.206.229:0] script '/domains/familyplayhouse2/fleen.php' not found or unable to stat
[Mon Mar 02 01:31:30.678592 2026] [php:error] [pid 52757] [client 4.193.177.110:0] script '/domains/quintet/randkeyword.php' not found or unable to stat
[Mon Mar 02 01:31:30.716387 2026] [php:error] [pid 52746] [client 20.189.95.92:0] script '/domains/hpveweb/info.php' not found or unable to stat
[Mon Mar 02 01:31:30.805452 2026] [php:error] [pid 52731] [client 52.169.206.229:0] script '/domains/familyplayhouse2/ms-edit.php' not found or unable to stat
[Mon Mar 02 01:31:30.875579 2026] [php:error] [pid 52731] [client 52.169.206.229:0] script '/domains/familyplayhouse2/adminfuns.php' not found or unable to stat
[Mon Mar 02 01:31:30.907812 2026] [php:error] [pid 52757] [client 4.193.177.110:0] script '/domains/quintet/hehe.php' not found or unable to stat
[Mon Mar 02 01:31:30.925229 2026] [php:error] [pid 52746] [client 20.189.95.92:0] script '/domains/hpveweb/ioxi-o.php' not found or unable to stat
[Mon Mar 02 01:31:30.946976 2026] [php:error] [pid 52731] [client 52.169.206.229:0] script '/domains/familyplayhouse2/goods.php' not found or unable to stat
[Mon Mar 02 01:31:31.133398 2026] [php:error] [pid 52746] [client 20.189.95.92:0] script '/domains/hpveweb/rip.php' not found or unable to stat
[Mon Mar 02 01:31:31.136977 2026] [php:error] [pid 52757] [client 4.193.177.110:0] script '/domains/quintet/yindu.php' not found or unable to stat
[Mon Mar 02 01:31:31.162404 2026] [php:error] [pid 52731] [client 52.169.206.229:0] script '/domains/familyplayhouse2/ms-edit.php' not found or unable to stat
[Mon Mar 02 01:31:31.234171 2026] [php:error] [pid 52731] [client 52.169.206.229:0] script '/domains/familyplayhouse2/222.php' not found or unable to stat
[Mon Mar 02 01:31:31.341184 2026] [php:error] [pid 52746] [client 20.189.95.92:0] script '/domains/hpveweb/server.php' not found or unable to stat
[Mon Mar 02 01:31:31.361834 2026] [php:error] [pid 52731] [client 52.169.206.229:0] script '/domains/familyplayhouse2/plugins.php' not found or unable to stat
[Mon Mar 02 01:31:31.432256 2026] [php:error] [pid 52731] [client 52.169.206.229:0] script '/domains/familyplayhouse2/cgi-bin/index.php' not found or unable to stat
[Mon Mar 02 01:31:31.548980 2026] [php:error] [pid 52746] [client 20.189.95.92:0] script '/domains/hpveweb/wp-blog.php' not found or unable to stat
[Mon Mar 02 01:31:31.594626 2026] [php:error] [pid 52731] [client 52.169.206.229:0] script '/domains/familyplayhouse2/ff1.php' not found or unable to stat
[Mon Mar 02 01:31:31.665141 2026] [php:error] [pid 52731] [client 52.169.206.229:0] script '/domains/familyplayhouse2/fff.php' not found or unable to stat
[Mon Mar 02 01:31:31.805815 2026] [php:error] [pid 52731] [client 52.169.206.229:0] script '/domains/familyplayhouse2/goat.php' not found or unable to stat
[Mon Mar 02 01:31:31.827086 2026] [php:error] [pid 52757] [client 4.193.177.110:0] script '/domains/quintet/baxa1.php' not found or unable to stat
[Mon Mar 02 01:31:31.883839 2026] [php:error] [pid 52731] [client 52.169.206.229:0] script '/domains/familyplayhouse2/155.php' not found or unable to stat
[Mon Mar 02 01:31:31.954105 2026] [php:error] [pid 52731] [client 52.169.206.229:0] script '/domains/familyplayhouse2/we.php' not found or unable to stat
[Mon Mar 02 01:31:32.063514 2026] [php:error] [pid 52731] [client 52.169.206.229:0] script '/domains/familyplayhouse2/alpha.php' not found or unable to stat
[Mon Mar 02 01:31:32.141729 2026] [php:error] [pid 52731] [client 52.169.206.229:0] script '/domains/familyplayhouse2/makeasmtp.php' not found or unable to stat
[Mon Mar 02 01:31:32.212393 2026] [php:error] [pid 52731] [client 52.169.206.229:0] script '/domains/familyplayhouse2/wp-michan.php' not found or unable to stat
[Mon Mar 02 01:31:32.421462 2026] [php:error] [pid 52731] [client 52.169.206.229:0] script '/domains/familyplayhouse2/wp-the.php' not found or unable to stat
[Mon Mar 02 01:31:32.723336 2026] [php:error] [pid 52731] [client 52.169.206.229:0] script '/domains/familyplayhouse2/BDKR28WP.php' not found or unable to stat
[Mon Mar 02 01:31:32.821321 2026] [php:error] [pid 52746] [client 20.189.95.92:0] script '/domains/hpveweb/wp-editor.php' not found or unable to stat
[Mon Mar 02 01:31:32.965791 2026] [php:error] [pid 52731] [client 52.169.206.229:0] script '/domains/familyplayhouse2/wp.php' not found or unable to stat
[Mon Mar 02 01:31:33.133944 2026] [php:error] [pid 52731] [client 52.169.206.229:0] script '/domains/familyplayhouse2/w4.php' not found or unable to stat
[Mon Mar 02 01:31:33.889849 2026] [php:error] [pid 52746] [client 20.189.95.92:0] script '/domains/hpveweb/wp.php' not found or unable to stat
[Mon Mar 02 01:31:33.916328 2026] [php:error] [pid 52756] [client 52.169.206.229:0] script '/domains/familyplayhouse2/ok.php' not found or unable to stat
[Mon Mar 02 01:31:34.107655 2026] [php:error] [pid 52746] [client 20.189.95.92:0] script '/domains/hpveweb/x.php' not found or unable to stat
[Mon Mar 02 01:31:34.117146 2026] [php:error] [pid 52756] [client 52.169.206.229:0] script '/domains/familyplayhouse2/about.php' not found or unable to stat
[Mon Mar 02 01:31:34.360634 2026] [php:error] [pid 52756] [client 52.169.206.229:0] script '/domains/familyplayhouse2/tymn.php' not found or unable to stat
[Mon Mar 02 01:31:34.589269 2026] [php:error] [pid 52756] [client 52.169.206.229:0] script '/domains/familyplayhouse2/bak.php' not found or unable to stat
[Mon Mar 02 01:31:34.786214 2026] [php:error] [pid 52756] [client 52.169.206.229:0] script '/domains/familyplayhouse2/fe5.php' not found or unable to stat
[Mon Mar 02 01:31:35.103572 2026] [php:error] [pid 52756] [client 52.169.206.229:0] script '/domains/familyplayhouse2/kj.php' not found or unable to stat
[Mon Mar 02 01:31:35.257765 2026] [php:error] [pid 52756] [client 52.169.206.229:0] script '/domains/familyplayhouse2/av.php' not found or unable to stat
[Mon Mar 02 01:31:35.455274 2026] [php:error] [pid 52756] [client 52.169.206.229:0] script '/domains/familyplayhouse2/abcd.php' not found or unable to stat
[Mon Mar 02 01:31:35.537689 2026] [php:error] [pid 52756] [client 52.169.206.229:0] script '/domains/familyplayhouse2/init.php' not found or unable to stat
[Mon Mar 02 01:31:35.610398 2026] [php:error] [pid 52756] [client 52.169.206.229:0] script '/domains/familyplayhouse2/fi.php' not found or unable to stat
[Mon Mar 02 01:31:35.684102 2026] [php:error] [pid 52756] [client 52.169.206.229:0] script '/domains/familyplayhouse2/a1.php' not found or unable to stat
[Mon Mar 02 01:31:35.841060 2026] [php:error] [pid 52757] [client 4.193.177.110:0] script '/domains/quintet/user.php' not found or unable to stat
[Mon Mar 02 01:31:36.070739 2026] [php:error] [pid 52757] [client 4.193.177.110:0] script '/domains/quintet/wp-2019.php' not found or unable to stat
[Mon Mar 02 01:31:36.300571 2026] [php:error] [pid 52757] [client 4.193.177.110:0] script '/domains/quintet/chosen.php' not found or unable to stat
[Mon Mar 02 01:31:36.467007 2026] [php:error] [pid 52756] [client 52.169.206.229:0] script '/domains/familyplayhouse2/f35.php' not found or unable to stat
[Mon Mar 02 01:31:36.529585 2026] [php:error] [pid 52757] [client 4.193.177.110:0] script '/domains/quintet/functions.php' not found or unable to stat
[Mon Mar 02 01:31:36.566658 2026] [php:error] [pid 52756] [client 52.169.206.229:0] script '/domains/familyplayhouse2/hi.php' not found or unable to stat
[Mon Mar 02 01:31:36.696262 2026] [php:error] [pid 52756] [client 52.169.206.229:0] script '/domains/familyplayhouse2/lala.php' not found or unable to stat
[Mon Mar 02 01:31:36.775504 2026] [php:error] [pid 52756] [client 52.169.206.229:0] script '/domains/familyplayhouse2/lb.php' not found or unable to stat
[Mon Mar 02 01:31:36.791855 2026] [php:error] [pid 52757] [client 4.193.177.110:0] script '/domains/quintet/cron.php' not found or unable to stat
[Mon Mar 02 01:31:37.020960 2026] [php:error] [pid 52757] [client 4.193.177.110:0] script '/domains/quintet/edit.php' not found or unable to stat
[Mon Mar 02 01:31:37.251469 2026] [php:error] [pid 52757] [client 4.193.177.110:0] script '/domains/quintet/gecko-new.php' not found or unable to stat
[Mon Mar 02 01:31:37.257564 2026] [php:error] [pid 52756] [client 52.169.206.229:0] script '/domains/familyplayhouse2/0.php' not found or unable to stat
[Mon Mar 02 01:31:37.330354 2026] [php:error] [pid 52756] [client 52.169.206.229:0] script '/domains/familyplayhouse2/core.php' not found or unable to stat
[Mon Mar 02 01:31:37.402800 2026] [php:error] [pid 52756] [client 52.169.206.229:0] script '/domains/familyplayhouse2/autogooey.php' not found or unable to stat
[Mon Mar 02 01:31:37.482259 2026] [php:error] [pid 52757] [client 4.193.177.110:0] script '/domains/quintet/cookie.php' not found or unable to stat
[Mon Mar 02 01:31:37.548991 2026] [php:error] [pid 52756] [client 52.169.206.229:0] script '/domains/familyplayhouse2/prv8.php' not found or unable to stat
[Mon Mar 02 01:31:37.650909 2026] [php:error] [pid 52756] [client 52.169.206.229:0] script '/domains/familyplayhouse2/k.php' not found or unable to stat
[Mon Mar 02 01:31:37.713067 2026] [php:error] [pid 52757] [client 4.193.177.110:0] script '/domains/quintet/xleet.php' not found or unable to stat
[Mon Mar 02 01:31:37.726403 2026] [php:error] [pid 52756] [client 52.169.206.229:0] script '/domains/familyplayhouse2/dev.php' not found or unable to stat
[Mon Mar 02 01:31:37.846082 2026] [php:error] [pid 52756] [client 52.169.206.229:0] script '/domains/familyplayhouse2/x123x.php' not found or unable to stat
[Mon Mar 02 01:31:37.943072 2026] [php:error] [pid 52757] [client 4.193.177.110:0] script '/domains/quintet/spip.php' not found or unable to stat
[Mon Mar 02 01:31:38.016970 2026] [php:error] [pid 52756] [client 52.169.206.229:0] script '/domains/familyplayhouse2/bal.php' not found or unable to stat
[Mon Mar 02 01:31:38.172415 2026] [php:error] [pid 52757] [client 4.193.177.110:0] script '/domains/quintet/22.php' not found or unable to stat
[Mon Mar 02 01:31:38.302845 2026] [php:error] [pid 52756] [client 52.169.206.229:0] script '/domains/familyplayhouse2/in.php' not found or unable to stat
[Mon Mar 02 01:31:38.390709 2026] [php:error] [pid 52756] [client 52.169.206.229:0] script '/domains/familyplayhouse2/gssdd.php' not found or unable to stat
[Mon Mar 02 01:31:38.419623 2026] [php:error] [pid 52757] [client 4.193.177.110:0] script '/domains/quintet/room.php' not found or unable to stat
[Mon Mar 02 01:31:38.533090 2026] [php:error] [pid 52756] [client 52.169.206.229:0] script '/domains/familyplayhouse2/motu.php' not found or unable to stat
[Mon Mar 02 01:31:38.624693 2026] [php:error] [pid 52756] [client 52.169.206.229:0] script '/domains/familyplayhouse2/bs1.php' not found or unable to stat
[Mon Mar 02 01:31:38.648665 2026] [php:error] [pid 52757] [client 4.193.177.110:0] script '/domains/quintet/disagreed.php' not found or unable to stat
[Mon Mar 02 01:31:38.702358 2026] [php:error] [pid 52756] [client 52.169.206.229:0] script '/domains/familyplayhouse2/bengi.php' not found or unable to stat
[Mon Mar 02 01:31:38.774972 2026] [php:error] [pid 52756] [client 52.169.206.229:0] script '/domains/familyplayhouse2/log.php' not found or unable to stat
[Mon Mar 02 01:31:38.916347 2026] [php:error] [pid 52757] [client 4.193.177.110:0] script '/domains/quintet/text.php' not found or unable to stat
[Mon Mar 02 01:31:38.935485 2026] [php:error] [pid 52756] [client 52.169.206.229:0] script '/domains/familyplayhouse2/miansha.php' not found or unable to stat
[Mon Mar 02 01:31:39.171374 2026] [php:error] [pid 52756] [client 52.169.206.229:0] script '/domains/familyplayhouse2/erty.php' not found or unable to stat
[Mon Mar 02 01:31:39.196341 2026] [php:error] [pid 52757] [client 4.193.177.110:0] script '/domains/quintet/alfa-rex.php' not found or unable to stat
[Mon Mar 02 01:31:39.505986 2026] [php:error] [pid 52758] [client 40.115.138.121:0] script '/domains/pmglobal/inputs.php' not found or unable to stat
[Mon Mar 02 01:31:39.510028 2026] [php:error] [pid 52756] [client 52.169.206.229:0] script '/domains/familyplayhouse2/X57.php' not found or unable to stat
[Mon Mar 02 01:31:39.681851 2026] [php:error] [pid 52758] [client 40.115.138.121:0] script '/domains/pmglobal/ioxi-o.php' not found or unable to stat
[Mon Mar 02 01:31:39.687663 2026] [php:error] [pid 52757] [client 4.193.177.110:0] script '/domains/quintet/feeds.php' not found or unable to stat
[Mon Mar 02 01:31:39.701147 2026] [php:error] [pid 52756] [client 52.169.206.229:0] script '/domains/familyplayhouse2/axx.php' not found or unable to stat
[Mon Mar 02 01:31:39.784668 2026] [php:error] [pid 52756] [client 52.169.206.229:0] script '/domains/familyplayhouse2/alfashell.php' not found or unable to stat
[Mon Mar 02 01:31:39.858167 2026] [php:error] [pid 52756] [client 52.169.206.229:0] script '/domains/familyplayhouse2/myfile.php' not found or unable to stat
[Mon Mar 02 01:31:39.916669 2026] [php:error] [pid 52757] [client 4.193.177.110:0] script '/domains/quintet/radio.php' not found or unable to stat
[Mon Mar 02 01:31:39.946757 2026] [php:error] [pid 52756] [client 52.169.206.229:0] script '/domains/familyplayhouse2/re.php' not found or unable to stat
[Mon Mar 02 01:31:40.019587 2026] [php:error] [pid 52756] [client 52.169.206.229:0] script '/domains/familyplayhouse2/styll.php' not found or unable to stat
[Mon Mar 02 01:31:40.035943 2026] [php:error] [pid 52758] [client 40.115.138.121:0] script '/domains/pmglobal/rip.php' not found or unable to stat
[Mon Mar 02 01:31:40.092581 2026] [php:error] [pid 52756] [client 52.169.206.229:0] script '/domains/familyplayhouse2/flower.php' not found or unable to stat
[Mon Mar 02 01:31:40.171096 2026] [php:error] [pid 52756] [client 52.169.206.229:0] script '/domains/familyplayhouse2/flower2.php' not found or unable to stat
[Mon Mar 02 01:31:40.188001 2026] [php:error] [pid 52757] [client 4.193.177.110:0] script '/domains/quintet/dropdown.php' not found or unable to stat
[Mon Mar 02 01:31:40.200351 2026] [php:error] [pid 52758] [client 40.115.138.121:0] script '/domains/pmglobal/admin.php' not found or unable to stat
[Mon Mar 02 01:31:40.244474 2026] [php:error] [pid 52756] [client 52.169.206.229:0] script '/domains/familyplayhouse2/4h.php' not found or unable to stat
[Mon Mar 02 01:31:40.416915 2026] [php:error] [pid 52757] [client 4.193.177.110:0] script '/domains/quintet/defaults.php' not found or unable to stat
[Mon Mar 02 01:31:40.529406 2026] [php:error] [pid 52758] [client 40.115.138.121:0] script '/domains/pmglobal/cache.php' not found or unable to stat
[Mon Mar 02 01:31:40.609810 2026] [php:error] [pid 52756] [client 52.169.206.229:0] script '/domains/familyplayhouse2/gettest.php' not found or unable to stat
[Mon Mar 02 01:31:40.646813 2026] [php:error] [pid 52757] [client 4.193.177.110:0] script '/domains/quintet/system.php' not found or unable to stat
[Mon Mar 02 01:31:40.694491 2026] [php:error] [pid 52758] [client 40.115.138.121:0] script '/domains/pmglobal/themes.php' not found or unable to stat
[Mon Mar 02 01:31:40.872534 2026] [php:error] [pid 52756] [client 52.169.206.229:0] script '/domains/familyplayhouse2/acp.php' not found or unable to stat
[Mon Mar 02 01:31:40.876025 2026] [php:error] [pid 52757] [client 4.193.177.110:0] script '/domains/quintet/xmlrpc.php' not found or unable to stat
[Mon Mar 02 01:31:40.882897 2026] [php:error] [pid 52758] [client 40.115.138.121:0] script '/domains/pmglobal/an.php' not found or unable to stat
[Mon Mar 02 01:31:41.003576 2026] [php:error] [pid 52756] [client 52.169.206.229:0] script '/domains/familyplayhouse2/database.php' not found or unable to stat
[Mon Mar 02 01:31:41.375971 2026] [php:error] [pid 52757] [client 4.193.177.110:0] script '/domains/quintet/colors.php' not found or unable to stat
[Mon Mar 02 01:31:41.377824 2026] [php:error] [pid 52758] [client 40.115.138.121:0] script '/domains/pmglobal/ws.php' not found or unable to stat
[Mon Mar 02 01:31:41.545025 2026] [php:error] [pid 52758] [client 40.115.138.121:0] script '/domains/pmglobal/404.php' not found or unable to stat
[Mon Mar 02 01:31:41.606911 2026] [php:error] [pid 52757] [client 4.193.177.110:0] script '/domains/quintet/updates.php' not found or unable to stat
[Mon Mar 02 01:31:41.837794 2026] [php:error] [pid 52757] [client 4.193.177.110:0] script '/domains/quintet/alfa-rex1.php' not found or unable to stat
[Mon Mar 02 01:31:41.898892 2026] [php:error] [pid 52758] [client 40.115.138.121:0] script '/domains/pmglobal/wp-conf.php' not found or unable to stat
[Mon Mar 02 01:31:42.068128 2026] [php:error] [pid 52757] [client 4.193.177.110:0] script '/domains/quintet/wp-index.php' not found or unable to stat
[Mon Mar 02 01:31:42.229425 2026] [php:error] [pid 52758] [client 40.115.138.121:0] script '/domains/pmglobal/wp-login.php' not found or unable to stat
[Mon Mar 02 01:31:42.324117 2026] [php:error] [pid 52757] [client 4.193.177.110:0] script '/domains/quintet/wp-admin.php' not found or unable to stat
[Mon Mar 02 01:31:42.426582 2026] [php:error] [pid 52758] [client 40.115.138.121:0] script '/domains/pmglobal/abc.php' not found or unable to stat
[Mon Mar 02 01:31:42.553217 2026] [php:error] [pid 52757] [client 4.193.177.110:0] script '/domains/quintet/alfa.php' not found or unable to stat
[Mon Mar 02 01:31:42.591048 2026] [php:error] [pid 52758] [client 40.115.138.121:0] script '/domains/pmglobal/abcd.php' not found or unable to stat
[Mon Mar 02 01:31:42.755387 2026] [php:error] [pid 52758] [client 40.115.138.121:0] script '/domains/pmglobal/as.php' not found or unable to stat
[Mon Mar 02 01:31:42.919726 2026] [php:error] [pid 52758] [client 40.115.138.121:0] script '/domains/pmglobal/wp-trackback.php' not found or unable to stat
[Mon Mar 02 01:31:43.011611 2026] [php:error] [pid 52757] [client 4.193.177.110:0] script '/domains/quintet/locale.php' not found or unable to stat
[Mon Mar 02 01:31:43.121133 2026] [php:error] [pid 52758] [client 40.115.138.121:0] script '/domains/pmglobal/about.php' not found or unable to stat
[Mon Mar 02 01:31:43.240577 2026] [php:error] [pid 52757] [client 4.193.177.110:0] script '/domains/quintet/wxo.php' not found or unable to stat
[Mon Mar 02 01:31:43.316548 2026] [php:error] [pid 52758] [client 40.115.138.121:0] script '/domains/pmglobal/file.php' not found or unable to stat
[Mon Mar 02 01:31:43.469852 2026] [php:error] [pid 52757] [client 4.193.177.110:0] script '/domains/quintet/colour.php' not found or unable to stat
[Mon Mar 02 01:31:43.484234 2026] [php:error] [pid 52758] [client 40.115.138.121:0] script '/domains/pmglobal/adminfuns.php' not found or unable to stat
[Mon Mar 02 01:31:43.648931 2026] [php:error] [pid 52758] [client 40.115.138.121:0] script '/domains/pmglobal/wp-good.php' not found or unable to stat
[Mon Mar 02 01:31:43.745515 2026] [php:error] [pid 52757] [client 4.193.177.110:0] script '/domains/quintet/files.php' not found or unable to stat
[Mon Mar 02 01:31:43.813596 2026] [php:error] [pid 52758] [client 40.115.138.121:0] script '/domains/pmglobal/xmlrpc.php' not found or unable to stat
[Mon Mar 02 01:31:43.975156 2026] [php:error] [pid 52757] [client 4.193.177.110:0] script '/domains/quintet/install.php' not found or unable to stat
[Mon Mar 02 01:31:43.978947 2026] [php:error] [pid 52758] [client 40.115.138.121:0] script '/domains/pmglobal/goods.php' not found or unable to stat
[Mon Mar 02 01:31:44.178890 2026] [php:error] [pid 52758] [client 40.115.138.121:0] script '/domains/pmglobal/class-t.api.php' not found or unable to stat
[Mon Mar 02 01:31:44.244136 2026] [php:error] [pid 52757] [client 4.193.177.110:0] script '/domains/quintet/wp-contentt.php' not found or unable to stat
[Mon Mar 02 01:31:44.376076 2026] [php:error] [pid 52758] [client 40.115.138.121:0] script '/domains/pmglobal/sf.php' not found or unable to stat
[Mon Mar 02 01:31:44.567615 2026] [php:error] [pid 52758] [client 40.115.138.121:0] script '/domains/pmglobal/kbfr.php' not found or unable to stat
[Mon Mar 02 01:31:44.760746 2026] [php:error] [pid 52758] [client 40.115.138.121:0] script '/domains/pmglobal/autoload_classmap.php' not found or unable to stat
[Mon Mar 02 01:31:44.768590 2026] [php:error] [pid 52757] [client 4.193.177.110:0] script '/domains/quintet/config.php' not found or unable to stat
[Mon Mar 02 01:31:44.928146 2026] [php:error] [pid 52758] [client 40.115.138.121:0] script '/domains/pmglobal/chosen.php' not found or unable to stat
[Mon Mar 02 01:31:44.998778 2026] [php:error] [pid 52757] [client 4.193.177.110:0] script '/domains/quintet/theme.php' not found or unable to stat
[Mon Mar 02 01:31:45.092464 2026] [php:error] [pid 52758] [client 40.115.138.121:0] script '/domains/pmglobal/classwithtostring.php' not found or unable to stat
[Mon Mar 02 01:31:45.253647 2026] [php:error] [pid 52757] [client 4.193.177.110:0] script '/domains/quintet/block-bindings.php' not found or unable to stat
[Mon Mar 02 01:31:45.270697 2026] [php:error] [pid 52758] [client 40.115.138.121:0] script '/domains/pmglobal/defaults.php' not found or unable to stat
[Mon Mar 02 01:31:45.377847 2026] [php:error] [pid 52762] [client 20.211.1.210:0] script '/domains/astweb/inputs.php' not found or unable to stat
[Mon Mar 02 01:31:45.483294 2026] [php:error] [pid 52757] [client 4.193.177.110:0] script '/domains/quintet/class_api.php' not found or unable to stat
[Mon Mar 02 01:31:45.581483 2026] [php:error] [pid 52762] [client 20.211.1.210:0] script '/domains/astweb/ioxi-o.php' not found or unable to stat
[Mon Mar 02 01:31:45.712333 2026] [php:error] [pid 52757] [client 4.193.177.110:0] script '/domains/quintet/inputs.php' not found or unable to stat
[Mon Mar 02 01:31:45.821412 2026] [php:error] [pid 52758] [client 40.115.138.121:0] script '/domains/pmglobal/info.php' not found or unable to stat
[Mon Mar 02 01:31:45.941424 2026] [php:error] [pid 52757] [client 4.193.177.110:0] script '/domains/quintet/root.php' not found or unable to stat
[Mon Mar 02 01:31:45.989341 2026] [php:error] [pid 52762] [client 20.211.1.210:0] script '/domains/astweb/rip.php' not found or unable to stat
[Mon Mar 02 01:31:46.170355 2026] [php:error] [pid 52757] [client 4.193.177.110:0] script '/domains/quintet/menu.php' not found or unable to stat
[Mon Mar 02 01:31:46.192965 2026] [php:error] [pid 52762] [client 20.211.1.210:0] script '/domains/astweb/admin.php' not found or unable to stat
[Mon Mar 02 01:31:46.399988 2026] [php:error] [pid 52757] [client 4.193.177.110:0] script '/domains/quintet/goods.php' not found or unable to stat
[Mon Mar 02 01:31:46.629137 2026] [php:error] [pid 52757] [client 4.193.177.110:0] script '/domains/quintet/plugin.php' not found or unable to stat
[Mon Mar 02 01:31:46.635077 2026] [php:error] [pid 52762] [client 20.211.1.210:0] script '/domains/astweb/cache.php' not found or unable to stat
[Mon Mar 02 01:31:46.840383 2026] [php:error] [pid 52762] [client 20.211.1.210:0] script '/domains/astweb/themes.php' not found or unable to stat
[Mon Mar 02 01:31:46.901659 2026] [php:error] [pid 52757] [client 4.193.177.110:0] script '/domains/quintet/cloud.php' not found or unable to stat
[Mon Mar 02 01:31:47.043888 2026] [php:error] [pid 52762] [client 20.211.1.210:0] script '/domains/astweb/an.php' not found or unable to stat
[Mon Mar 02 01:31:47.130738 2026] [php:error] [pid 52757] [client 4.193.177.110:0] script '/domains/quintet/configs.php' not found or unable to stat
[Mon Mar 02 01:31:47.360404 2026] [php:error] [pid 52757] [client 4.193.177.110:0] script '/domains/quintet/wp-configs.php' not found or unable to stat
[Mon Mar 02 01:31:47.596084 2026] [php:error] [pid 52757] [client 4.193.177.110:0] script '/domains/quintet/update.php' not found or unable to stat
[Mon Mar 02 01:31:47.669728 2026] [php:error] [pid 52762] [client 20.211.1.210:0] script '/domains/astweb/ws.php' not found or unable to stat
[Mon Mar 02 01:31:47.824960 2026] [php:error] [pid 52757] [client 4.193.177.110:0] script '/domains/quintet/2.php' not found or unable to stat
[Mon Mar 02 01:31:47.900874 2026] [php:error] [pid 52762] [client 20.211.1.210:0] script '/domains/astweb/404.php' not found or unable to stat
[Mon Mar 02 01:31:48.053846 2026] [php:error] [pid 52757] [client 4.193.177.110:0] script '/domains/quintet/input.php' not found or unable to stat
[Mon Mar 02 01:31:48.308605 2026] [php:error] [pid 52762] [client 20.211.1.210:0] script '/domains/astweb/wp-conf.php' not found or unable to stat
[Mon Mar 02 01:31:48.341273 2026] [php:error] [pid 52757] [client 4.193.177.110:0] script '/domains/quintet/aaa.php' not found or unable to stat
[Mon Mar 02 01:31:48.716168 2026] [php:error] [pid 52762] [client 20.211.1.210:0] script '/domains/astweb/wp-login.php' not found or unable to stat
[Mon Mar 02 01:31:48.919968 2026] [php:error] [pid 52762] [client 20.211.1.210:0] script '/domains/astweb/abc.php' not found or unable to stat
[Mon Mar 02 01:31:49.147253 2026] [php:error] [pid 52762] [client 20.211.1.210:0] script '/domains/astweb/abcd.php' not found or unable to stat
[Mon Mar 02 01:31:49.369980 2026] [php:error] [pid 52762] [client 20.211.1.210:0] script '/domains/astweb/as.php' not found or unable to stat
[Mon Mar 02 01:31:49.574036 2026] [php:error] [pid 52762] [client 20.211.1.210:0] script '/domains/astweb/wp-trackback.php' not found or unable to stat
[Mon Mar 02 01:31:49.777904 2026] [php:error] [pid 52762] [client 20.211.1.210:0] script '/domains/astweb/about.php' not found or unable to stat
[Mon Mar 02 01:31:49.981766 2026] [php:error] [pid 52762] [client 20.211.1.210:0] script '/domains/astweb/file.php' not found or unable to stat
[Mon Mar 02 01:31:50.185642 2026] [php:error] [pid 52762] [client 20.211.1.210:0] script '/domains/astweb/adminfuns.php' not found or unable to stat
[Mon Mar 02 01:31:50.389522 2026] [php:error] [pid 52762] [client 20.211.1.210:0] script '/domains/astweb/wp-good.php' not found or unable to stat
[Mon Mar 02 01:31:50.593228 2026] [php:error] [pid 52762] [client 20.211.1.210:0] script '/domains/astweb/xmlrpc.php' not found or unable to stat
[Mon Mar 02 01:31:50.809521 2026] [php:error] [pid 52762] [client 20.211.1.210:0] script '/domains/astweb/goods.php' not found or unable to stat
[Mon Mar 02 01:31:51.013754 2026] [php:error] [pid 52762] [client 20.211.1.210:0] script '/domains/astweb/class-t.api.php' not found or unable to stat
[Mon Mar 02 01:31:51.217569 2026] [php:error] [pid 52762] [client 20.211.1.210:0] script '/domains/astweb/sf.php' not found or unable to stat
[Mon Mar 02 01:31:51.421375 2026] [php:error] [pid 52762] [client 20.211.1.210:0] script '/domains/astweb/kbfr.php' not found or unable to stat
[Mon Mar 02 01:31:51.625403 2026] [php:error] [pid 52762] [client 20.211.1.210:0] script '/domains/astweb/autoload_classmap.php' not found or unable to stat
[Mon Mar 02 01:31:51.829799 2026] [php:error] [pid 52762] [client 20.211.1.210:0] script '/domains/astweb/chosen.php' not found or unable to stat
[Mon Mar 02 01:31:52.033634 2026] [php:error] [pid 52762] [client 20.211.1.210:0] script '/domains/astweb/classwithtostring.php' not found or unable to stat
[Mon Mar 02 01:31:52.237898 2026] [php:error] [pid 52762] [client 20.211.1.210:0] script '/domains/astweb/defaults.php' not found or unable to stat
[Mon Mar 02 01:31:52.875866 2026] [php:error] [pid 52762] [client 20.211.1.210:0] script '/domains/astweb/info.php' not found or unable to stat
[Mon Mar 02 01:32:03.873002 2026] [php:error] [pid 52753] [client 20.111.57.125:0] script '/domains/conceptlabs1/gfile.php' not found or unable to stat
[Mon Mar 02 01:32:03.963246 2026] [php:error] [pid 52753] [client 20.111.57.125:0] script '/domains/conceptlabs1/dox.php' not found or unable to stat
[Mon Mar 02 01:32:04.048526 2026] [php:error] [pid 52753] [client 20.111.57.125:0] script '/domains/conceptlabs1/qwas.php' not found or unable to stat
[Mon Mar 02 01:32:04.135992 2026] [php:error] [pid 52753] [client 20.111.57.125:0] script '/domains/conceptlabs1/claw.php' not found or unable to stat
[Mon Mar 02 01:32:04.221248 2026] [php:error] [pid 52753] [client 20.111.57.125:0] script '/domains/conceptlabs1/cfgy.php' not found or unable to stat
[Mon Mar 02 01:32:04.306595 2026] [php:error] [pid 52753] [client 20.111.57.125:0] script '/domains/conceptlabs1/jbuft.php' not found or unable to stat
[Mon Mar 02 01:32:04.392084 2026] [php:error] [pid 52753] [client 20.111.57.125:0] script '/domains/conceptlabs1/fvvff.php' not found or unable to stat
[Mon Mar 02 01:32:04.479508 2026] [php:error] [pid 52753] [client 20.111.57.125:0] script '/domains/conceptlabs1/vaza.php' not found or unable to stat
[Mon Mar 02 01:32:04.565162 2026] [php:error] [pid 52753] [client 20.111.57.125:0] script '/domains/conceptlabs1/a2.php' not found or unable to stat
[Mon Mar 02 01:32:04.651781 2026] [php:error] [pid 52753] [client 20.111.57.125:0] script '/domains/conceptlabs1/sty.php' not found or unable to stat
[Mon Mar 02 01:32:04.738699 2026] [php:error] [pid 52753] [client 20.111.57.125:0] script '/domains/conceptlabs1/xxxx.php' not found or unable to stat
[Mon Mar 02 01:32:04.824239 2026] [php:error] [pid 52753] [client 20.111.57.125:0] script '/domains/conceptlabs1/h.php' not found or unable to stat
[Mon Mar 02 01:32:04.909430 2026] [php:error] [pid 52753] [client 20.111.57.125:0] script '/domains/conceptlabs1/g.php' not found or unable to stat
[Mon Mar 02 01:32:04.994692 2026] [php:error] [pid 52753] [client 20.111.57.125:0] script '/domains/conceptlabs1/pp.php' not found or unable to stat
[Mon Mar 02 01:32:05.080309 2026] [php:error] [pid 52753] [client 20.111.57.125:0] script '/domains/conceptlabs1/sys.php' not found or unable to stat
