[Mon Mar 02 00:52:51.185746 2026] [php:error] [pid 52246] [client 20.63.41.168:0] script '/domains/system_suspended/zeal.php' not found or unable to stat
[Mon Mar 02 00:52:51.220748 2026] [php:error] [pid 52246] [client 20.63.41.168:0] script '/domains/system_suspended/asf.php' not found or unable to stat
[Mon Mar 02 00:52:51.247544 2026] [php:error] [pid 52246] [client 20.63.41.168:0] script '/domains/system_suspended/sa.php' not found or unable to stat
[Mon Mar 02 00:53:02.434632 2026] [php:error] [pid 52257] [client 216.24.210.30:0] script '/domains/samscars/manager.php' not found or unable to stat
[Mon Mar 02 00:53:02.513690 2026] [php:error] [pid 52257] [client 216.24.210.30:0] script '/domains/samscars/bless.php' not found or unable to stat
[Mon Mar 02 00:53:02.646389 2026] [php:error] [pid 52257] [client 216.24.210.30:0] script '/domains/samscars/O-Simple.php' not found or unable to stat
[Mon Mar 02 00:53:02.749454 2026] [php:error] [pid 52257] [client 216.24.210.30:0] script '/domains/samscars/lock360.php' not found or unable to stat
[Mon Mar 02 00:53:02.825125 2026] [php:error] [pid 52257] [client 216.24.210.30:0] script '/domains/samscars/zwso.php' not found or unable to stat
[Mon Mar 02 00:53:02.903226 2026] [php:error] [pid 52257] [client 216.24.210.30:0] script '/domains/samscars/chosen.php' not found or unable to stat
[Mon Mar 02 00:53:03.057015 2026] [php:error] [pid 52257] [client 216.24.210.30:0] script '/domains/samscars/about.php' not found or unable to stat
[Mon Mar 02 00:53:03.197121 2026] [php:error] [pid 52257] [client 216.24.210.30:0] script '/domains/samscars/admin.php' not found or unable to stat
[Mon Mar 02 00:53:03.528283 2026] [php:error] [pid 52257] [client 216.24.210.30:0] script '/domains/samscars/mah.php' not found or unable to stat
[Mon Mar 02 00:53:03.790904 2026] [php:error] [pid 52257] [client 216.24.210.30:0] script '/domains/samscars/core.php' not found or unable to stat
[Mon Mar 02 00:53:03.900385 2026] [php:error] [pid 52257] [client 216.24.210.30:0] script '/domains/samscars/robots.php' not found or unable to stat
[Mon Mar 02 00:53:03.983885 2026] [php:error] [pid 52257] [client 216.24.210.30:0] script '/domains/samscars/inputs.php' not found or unable to stat
[Mon Mar 02 00:53:04.079125 2026] [php:error] [pid 52257] [client 216.24.210.30:0] script '/domains/samscars/mini.php' not found or unable to stat
[Mon Mar 02 00:53:04.186431 2026] [php:error] [pid 52257] [client 216.24.210.30:0] script '/domains/samscars/goods.php' not found or unable to stat
[Mon Mar 02 00:53:04.303556 2026] [php:error] [pid 52257] [client 216.24.210.30:0] script '/domains/samscars/file5.php' not found or unable to stat
[Mon Mar 02 00:53:04.401463 2026] [php:error] [pid 52257] [client 216.24.210.30:0] script '/domains/samscars/ahax.php' not found or unable to stat
[Mon Mar 02 00:53:04.473046 2026] [php:error] [pid 52257] [client 216.24.210.30:0] script '/domains/samscars/f35.php' not found or unable to stat
[Mon Mar 02 00:53:04.555816 2026] [php:error] [pid 52257] [client 216.24.210.30:0] script '/domains/samscars/simple.php' not found or unable to stat
[Mon Mar 02 00:53:05.279977 2026] [php:error] [pid 52257] [client 216.24.210.30:0] script '/domains/samscars/images/upload.php' not found or unable to stat
[Mon Mar 02 00:53:06.666171 2026] [php:error] [pid 52257] [client 216.24.210.30:0] script '/domains/samscars/classwithtostring.php' not found or unable to stat
[Mon Mar 02 00:53:06.977110 2026] [php:error] [pid 52257] [client 216.24.210.30:0] script '/domains/samscars/tinyfilemanager.php' not found or unable to stat
[Mon Mar 02 00:53:07.275901 2026] [php:error] [pid 52257] [client 216.24.210.30:0] script '/domains/samscars/file.php' not found or unable to stat
[Mon Mar 02 00:53:07.679738 2026] [php:error] [pid 52257] [client 216.24.210.30:0] script '/domains/samscars/buy.php' not found or unable to stat
[Mon Mar 02 00:53:09.122365 2026] [php:error] [pid 52257] [client 216.24.210.30:0] script '/domains/samscars/inc.php' not found or unable to stat
[Mon Mar 02 00:53:09.279718 2026] [php:error] [pid 52257] [client 216.24.210.30:0] script '/domains/samscars/filemanager.php' not found or unable to stat
[Mon Mar 02 00:53:09.769352 2026] [php:error] [pid 52257] [client 216.24.210.30:0] script '/domains/samscars/function.php' not found or unable to stat
[Mon Mar 02 00:53:09.975068 2026] [php:error] [pid 52257] [client 216.24.210.30:0] script '/domains/samscars/wp-signup.php' not found or unable to stat
[Mon Mar 02 00:53:10.224401 2026] [php:error] [pid 52257] [client 216.24.210.30:0] script '/domains/samscars/wp-blog.php' not found or unable to stat
[Mon Mar 02 00:53:10.565775 2026] [php:error] [pid 52255] [client 20.89.241.129:0] script '/domains/ebon/222.php' not found or unable to stat
[Mon Mar 02 00:53:10.568654 2026] [php:error] [pid 52257] [client 216.24.210.30:0] script '/domains/samscars/wp-l0gin.php' not found or unable to stat
[Mon Mar 02 00:53:10.730834 2026] [php:error] [pid 52257] [client 216.24.210.30:0] script '/domains/samscars/new.php' not found or unable to stat
[Mon Mar 02 00:53:10.744951 2026] [php:error] [pid 52255] [client 20.89.241.129:0] script '/domains/ebon/404.php' not found or unable to stat
[Mon Mar 02 00:53:10.911171 2026] [php:error] [pid 52255] [client 20.89.241.129:0] script '/domains/ebon/about.php' not found or unable to stat
[Mon Mar 02 00:53:10.962742 2026] [php:error] [pid 52257] [client 216.24.210.30:0] script '/domains/samscars/images/DJP9.php' not found or unable to stat
[Mon Mar 02 00:53:11.076759 2026] [php:error] [pid 52255] [client 20.89.241.129:0] script '/domains/ebon/admin.php' not found or unable to stat
[Mon Mar 02 00:53:11.224482 2026] [php:error] [pid 52257] [client 216.24.210.30:0] script '/domains/samscars/natural.php' not found or unable to stat
[Mon Mar 02 00:53:11.242334 2026] [php:error] [pid 52255] [client 20.89.241.129:0] script '/domains/ebon/adminfuns.php' not found or unable to stat
[Mon Mar 02 00:53:11.408535 2026] [php:error] [pid 52255] [client 20.89.241.129:0] script '/domains/ebon/bless.php' not found or unable to stat
[Mon Mar 02 00:53:11.553889 2026] [php:error] [pid 52257] [client 216.24.210.30:0] script '/domains/samscars/item.php' not found or unable to stat
[Mon Mar 02 00:53:11.588478 2026] [php:error] [pid 52255] [client 20.89.241.129:0] script '/domains/ebon/bolt.php' not found or unable to stat
[Mon Mar 02 00:53:11.754752 2026] [php:error] [pid 52255] [client 20.89.241.129:0] script '/domains/ebon/ccou.php' not found or unable to stat
[Mon Mar 02 00:53:11.921436 2026] [php:error] [pid 52255] [client 20.89.241.129:0] script '/domains/ebon/class-t.api.php' not found or unable to stat
[Mon Mar 02 00:53:12.087564 2026] [php:error] [pid 52255] [client 20.89.241.129:0] script '/domains/ebon/css.php' not found or unable to stat
[Mon Mar 02 00:53:12.418759 2026] [php:error] [pid 52255] [client 20.89.241.129:0] script '/domains/ebon/edit.php' not found or unable to stat
[Mon Mar 02 00:53:12.584489 2026] [php:error] [pid 52255] [client 20.89.241.129:0] script '/domains/ebon/fff.php' not found or unable to stat
[Mon Mar 02 00:53:12.750226 2026] [php:error] [pid 52255] [client 20.89.241.129:0] script '/domains/ebon/file.php' not found or unable to stat
[Mon Mar 02 00:53:12.916669 2026] [php:error] [pid 52255] [client 20.89.241.129:0] script '/domains/ebon/fx.php' not found or unable to stat
[Mon Mar 02 00:53:13.082424 2026] [php:error] [pid 52255] [client 20.89.241.129:0] script '/domains/ebon/info.php' not found or unable to stat
[Mon Mar 02 00:53:13.248794 2026] [php:error] [pid 52255] [client 20.89.241.129:0] script '/domains/ebon/ioxi-o.php' not found or unable to stat
[Mon Mar 02 00:53:13.416843 2026] [php:error] [pid 52255] [client 20.89.241.129:0] script '/domains/ebon/rip.php' not found or unable to stat
[Mon Mar 02 00:53:13.582680 2026] [php:error] [pid 52255] [client 20.89.241.129:0] script '/domains/ebon/server.php' not found or unable to stat
[Mon Mar 02 00:53:13.748657 2026] [php:error] [pid 52255] [client 20.89.241.129:0] script '/domains/ebon/wp-blog.php' not found or unable to stat
[Mon Mar 02 00:53:13.851177 2026] [php:error] [pid 52256] [client 216.24.210.26:0] script '/domains/samscars/default.php' not found or unable to stat
[Mon Mar 02 00:53:14.445500 2026] [php:error] [pid 52256] [client 216.24.210.26:0] script '/domains/samscars/dropdown.php' not found or unable to stat
[Mon Mar 02 00:53:14.555336 2026] [php:error] [pid 52256] [client 216.24.210.26:0] script '/domains/samscars/images/admin.php' not found or unable to stat
[Mon Mar 02 00:53:14.657083 2026] [php:error] [pid 52256] [client 216.24.210.26:0] script '/domains/samscars/db.php' not found or unable to stat
[Mon Mar 02 00:53:14.747303 2026] [php:error] [pid 52255] [client 20.89.241.129:0] script '/domains/ebon/wp-editor.php' not found or unable to stat
[Mon Mar 02 00:53:15.588164 2026] [php:error] [pid 52255] [client 20.89.241.129:0] script '/domains/ebon/wp.php' not found or unable to stat
[Mon Mar 02 00:53:15.781952 2026] [php:error] [pid 52255] [client 20.89.241.129:0] script '/domains/ebon/x.php' not found or unable to stat
[Mon Mar 02 00:53:16.195322 2026] [php:error] [pid 52256] [client 216.24.210.26:0] script '/domains/samscars/install.php' not found or unable to stat
[Mon Mar 02 00:53:16.453534 2026] [php:error] [pid 52256] [client 216.24.210.26:0] script '/domains/samscars/images/class-config.php' not found or unable to stat
[Mon Mar 02 00:53:17.139406 2026] [php:error] [pid 52256] [client 216.24.210.26:0] script '/domains/samscars/bypass.php' not found or unable to stat
[Mon Mar 02 00:53:17.236714 2026] [php:error] [pid 52256] [client 216.24.210.26:0] script '/domains/samscars/class.php' not found or unable to stat
[Mon Mar 02 00:53:18.077877 2026] [php:error] [pid 52256] [client 216.24.210.26:0] script '/domains/samscars/init.php' not found or unable to stat
[Mon Mar 02 00:53:19.097038 2026] [php:error] [pid 52256] [client 216.24.210.26:0] script '/domains/samscars/adminfuns.php' not found or unable to stat
[Mon Mar 02 00:53:19.313712 2026] [php:error] [pid 52256] [client 216.24.210.26:0] script '/domains/samscars/wp_wlx.php' not found or unable to stat
[Mon Mar 02 00:53:19.693589 2026] [php:error] [pid 52256] [client 216.24.210.26:0] script '/domains/samscars/wp.php' not found or unable to stat
[Mon Mar 02 00:53:20.129346 2026] [php:error] [pid 52256] [client 216.24.210.26:0] script '/domains/samscars/wp-header.php' not found or unable to stat
[Mon Mar 02 00:53:20.302852 2026] [php:error] [pid 52256] [client 216.24.210.26:0] script '/domains/samscars/Marvins.php' not found or unable to stat
[Mon Mar 02 00:53:20.503476 2026] [php:error] [pid 52256] [client 216.24.210.26:0] script '/domains/samscars/wp-class.php' not found or unable to stat
[Mon Mar 02 00:53:20.729816 2026] [php:error] [pid 52256] [client 216.24.210.26:0] script '/domains/samscars/xx.php' not found or unable to stat
[Mon Mar 02 00:53:20.827228 2026] [php:error] [pid 52256] [client 216.24.210.26:0] script '/domains/samscars/autoload_classmap.php' not found or unable to stat
[Mon Mar 02 00:53:21.083969 2026] [php:error] [pid 52256] [client 216.24.210.26:0] script '/domains/samscars/content.php' not found or unable to stat
[Mon Mar 02 00:53:22.336121 2026] [php:error] [pid 52256] [client 216.24.210.26:0] script '/domains/samscars/images/class.php' not found or unable to stat
[Mon Mar 02 00:53:22.499182 2026] [php:error] [pid 52256] [client 216.24.210.26:0] script '/domains/samscars/web.php' not found or unable to stat
[Mon Mar 02 00:53:22.768509 2026] [php:error] [pid 52256] [client 216.24.210.26:0] script '/domains/samscars/images/index.php' not found or unable to stat
[Mon Mar 02 00:53:23.174046 2026] [php:error] [pid 52256] [client 216.24.210.26:0] script '/domains/samscars/wp-trackback.php' not found or unable to stat
[Mon Mar 02 00:53:23.344992 2026] [php:error] [pid 52256] [client 216.24.210.26:0] script '/domains/samscars/radio.php' not found or unable to stat
[Mon Mar 02 00:53:23.792653 2026] [php:error] [pid 52256] [client 216.24.210.26:0] script '/domains/samscars/wp-conflg.php' not found or unable to stat
[Mon Mar 02 00:53:23.873613 2026] [php:error] [pid 52256] [client 216.24.210.26:0] script '/domains/samscars/wp-setup.php' not found or unable to stat
[Mon Mar 02 00:53:24.013663 2026] [php:error] [pid 52256] [client 216.24.210.26:0] script '/domains/samscars/ms-themes.php' not found or unable to stat
[Mon Mar 02 00:53:24.467236 2026] [php:error] [pid 52256] [client 216.24.210.26:0] script '/domains/samscars/style.php' not found or unable to stat
[Mon Mar 02 00:53:24.816329 2026] [php:error] [pid 52256] [client 216.24.210.26:0] script '/domains/samscars/x.php' not found or unable to stat
[Mon Mar 02 00:53:25.113381 2026] [php:error] [pid 52256] [client 216.24.210.26:0] script '/domains/samscars/images/index22.php' not found or unable to stat
[Mon Mar 02 00:53:25.208008 2026] [php:error] [pid 52256] [client 216.24.210.26:0] script '/domains/samscars/wp-user.php' not found or unable to stat
[Mon Mar 02 00:53:25.487753 2026] [php:error] [pid 52256] [client 216.24.210.26:0] script '/domains/samscars/config.php' not found or unable to stat
[Mon Mar 02 00:53:25.567316 2026] [php:error] [pid 52256] [client 216.24.210.26:0] script '/domains/samscars/special.php' not found or unable to stat
[Mon Mar 02 00:53:26.613646 2026] [php:error] [pid 52262] [client 216.24.210.5:0] script '/domains/samscars/webdb.php' not found or unable to stat
[Mon Mar 02 00:53:26.789664 2026] [php:error] [pid 52262] [client 216.24.210.5:0] script '/domains/samscars/file2.php' not found or unable to stat
[Mon Mar 02 00:53:26.991890 2026] [php:error] [pid 52262] [client 216.24.210.5:0] script '/domains/samscars/alfa.php' not found or unable to stat
[Mon Mar 02 00:53:27.746534 2026] [php:error] [pid 52262] [client 216.24.210.5:0] script '/domains/samscars/edit.php' not found or unable to stat
[Mon Mar 02 00:53:27.983125 2026] [php:error] [pid 52262] [client 216.24.210.5:0] script '/domains/samscars/wp-links-opml.php' not found or unable to stat
[Mon Mar 02 00:53:28.488850 2026] [php:error] [pid 52262] [client 216.24.210.5:0] script '/domains/samscars/atomlib.php' not found or unable to stat
[Mon Mar 02 00:53:28.963003 2026] [php:error] [pid 52262] [client 216.24.210.5:0] script '/domains/samscars/xp.php' not found or unable to stat
[Mon Mar 02 00:53:29.390024 2026] [php:error] [pid 52262] [client 216.24.210.5:0] script '/domains/samscars/wp-links.php' not found or unable to stat
[Mon Mar 02 00:53:30.595621 2026] [php:error] [pid 52262] [client 216.24.210.5:0] script '/domains/samscars/moon.php' not found or unable to stat
[Mon Mar 02 00:53:30.930969 2026] [php:error] [pid 52262] [client 216.24.210.5:0] script '/domains/samscars/webadmin.php' not found or unable to stat
[Mon Mar 02 00:53:31.290274 2026] [php:error] [pid 52262] [client 216.24.210.5:0] script '/domains/samscars/xl2023.php' not found or unable to stat
[Mon Mar 02 00:53:31.376662 2026] [php:error] [pid 52262] [client 216.24.210.5:0] script '/domains/samscars/go.php' not found or unable to stat
[Mon Mar 02 00:53:33.628528 2026] [php:error] [pid 52262] [client 216.24.210.5:0] script '/domains/samscars/hehehehe.php' not found or unable to stat
[Mon Mar 02 00:53:36.409086 2026] [php:error] [pid 52250] [client 216.24.210.18:0] script '/domains/samscars/byp.php' not found or unable to stat
[Mon Mar 02 00:53:37.316718 2026] [php:error] [pid 52250] [client 216.24.210.18:0] script '/domains/samscars/class.api.php' not found or unable to stat
[Mon Mar 02 00:53:37.681462 2026] [php:error] [pid 52250] [client 216.24.210.18:0] script '/domains/samscars/system_log.php' not found or unable to stat
[Mon Mar 02 00:53:37.762626 2026] [php:error] [pid 52250] [client 216.24.210.18:0] script '/domains/samscars/.alf.php' not found or unable to stat
[Mon Mar 02 00:53:37.831371 2026] [php:error] [pid 52250] [client 216.24.210.18:0] script '/domains/samscars/wso.php' not found or unable to stat
[Mon Mar 02 00:53:38.161170 2026] [php:error] [pid 52250] [client 216.24.210.18:0] script '/domains/samscars/flower.php' not found or unable to stat
[Mon Mar 02 00:53:38.579054 2026] [php:error] [pid 52260] [client 20.104.19.195:0] script '/domains/rfisher.dnai/updates.php' not found or unable to stat
[Mon Mar 02 00:53:38.618693 2026] [php:error] [pid 52250] [client 216.24.210.18:0] script '/domains/samscars/ioxi-o.php' not found or unable to stat
[Mon Mar 02 00:53:38.638623 2026] [php:error] [pid 52260] [client 20.104.19.195:0] script '/domains/rfisher.dnai/wsoyanz1.php' not found or unable to stat
[Mon Mar 02 00:53:38.663246 2026] [php:error] [pid 52260] [client 20.104.19.195:0] script '/domains/rfisher.dnai/admin-ajax.php' not found or unable to stat
[Mon Mar 02 00:53:38.699282 2026] [php:error] [pid 52250] [client 216.24.210.18:0] script '/domains/samscars/info.php' not found or unable to stat
[Mon Mar 02 00:53:38.805286 2026] [php:error] [pid 52250] [client 216.24.210.18:0] script '/domains/samscars/setup.php' not found or unable to stat
[Mon Mar 02 00:53:38.909236 2026] [php:error] [pid 52260] [client 20.104.19.195:0] script '/domains/rfisher.dnai/f.php' not found or unable to stat
[Mon Mar 02 00:53:38.947068 2026] [php:error] [pid 52260] [client 20.104.19.195:0] script '/domains/rfisher.dnai/tinyfilemanager.php' not found or unable to stat
[Mon Mar 02 00:53:38.980603 2026] [php:error] [pid 52260] [client 20.104.19.195:0] script '/domains/rfisher.dnai/home.php' not found or unable to stat
[Mon Mar 02 00:53:39.012650 2026] [php:error] [pid 52260] [client 20.104.19.195:0] script '/domains/rfisher.dnai/dialog.php' not found or unable to stat
[Mon Mar 02 00:53:39.036633 2026] [php:error] [pid 52260] [client 20.104.19.195:0] script '/domains/rfisher.dnai/sidwso.php' not found or unable to stat
[Mon Mar 02 00:53:39.061089 2026] [php:error] [pid 52260] [client 20.104.19.195:0] script '/domains/rfisher.dnai/smaxx.php' not found or unable to stat
[Mon Mar 02 00:53:39.097000 2026] [php:error] [pid 52260] [client 20.104.19.195:0] script '/domains/rfisher.dnai/block-support.php' not found or unable to stat
[Mon Mar 02 00:53:39.121112 2026] [php:error] [pid 52260] [client 20.104.19.195:0] script '/domains/rfisher.dnai/Mhbgf.php' not found or unable to stat
[Mon Mar 02 00:53:39.144764 2026] [php:error] [pid 52260] [client 20.104.19.195:0] script '/domains/rfisher.dnai/Xleet.php' not found or unable to stat
[Mon Mar 02 00:53:39.184812 2026] [php:error] [pid 52260] [client 20.104.19.195:0] script '/domains/rfisher.dnai/fosil.php' not found or unable to stat
[Mon Mar 02 00:53:39.243215 2026] [php:error] [pid 52260] [client 20.104.19.195:0] script '/domains/rfisher.dnai/issue.php' not found or unable to stat
[Mon Mar 02 00:53:39.277595 2026] [php:error] [pid 52250] [client 216.24.210.18:0] script '/domains/samscars/as.php' not found or unable to stat
[Mon Mar 02 00:53:39.327711 2026] [php:error] [pid 52260] [client 20.104.19.195:0] script '/domains/rfisher.dnai/verify.php' not found or unable to stat
[Mon Mar 02 00:53:39.351521 2026] [php:error] [pid 52260] [client 20.104.19.195:0] script '/domains/rfisher.dnai/29rc7ExgS6p.php' not found or unable to stat
[Mon Mar 02 00:53:39.354605 2026] [php:error] [pid 52250] [client 216.24.210.18:0] script '/domains/samscars/cc.php' not found or unable to stat
[Mon Mar 02 00:53:39.375292 2026] [php:error] [pid 52260] [client 20.104.19.195:0] script '/domains/rfisher.dnai/indeex.php' not found or unable to stat
[Mon Mar 02 00:53:39.410167 2026] [php:error] [pid 52260] [client 20.104.19.195:0] script '/domains/rfisher.dnai/randkeyword.php' not found or unable to stat
[Mon Mar 02 00:53:39.435176 2026] [php:error] [pid 52260] [client 20.104.19.195:0] script '/domains/rfisher.dnai/wp-blog.php' not found or unable to stat
[Mon Mar 02 00:53:39.458972 2026] [php:error] [pid 52260] [client 20.104.19.195:0] script '/domains/rfisher.dnai/ws.php.php' not found or unable to stat
[Mon Mar 02 00:53:39.598875 2026] [php:error] [pid 52260] [client 20.104.19.195:0] script '/domains/rfisher.dnai/aks.php' not found or unable to stat
[Mon Mar 02 00:53:39.610206 2026] [php:error] [pid 52250] [client 216.24.210.18:0] script '/domains/samscars/ab.php' not found or unable to stat
[Mon Mar 02 00:53:39.659689 2026] [php:error] [pid 52260] [client 20.104.19.195:0] script '/domains/rfisher.dnai/alfa-rex1.php' not found or unable to stat
[Mon Mar 02 00:53:39.689539 2026] [php:error] [pid 52260] [client 20.104.19.195:0] script '/domains/rfisher.dnai/worksec.php' not found or unable to stat
[Mon Mar 02 00:53:39.713329 2026] [php:error] [pid 52260] [client 20.104.19.195:0] script '/domains/rfisher.dnai/configs.php' not found or unable to stat
[Mon Mar 02 00:53:39.747510 2026] [php:error] [pid 52260] [client 20.104.19.195:0] script '/domains/rfisher.dnai/alfa1.php' not found or unable to stat
[Mon Mar 02 00:53:39.772538 2026] [php:error] [pid 52260] [client 20.104.19.195:0] script '/domains/rfisher.dnai/abouts.php' not found or unable to stat
[Mon Mar 02 00:53:39.806923 2026] [php:error] [pid 52260] [client 20.104.19.195:0] script '/domains/rfisher.dnai/wp-cache.php' not found or unable to stat
[Mon Mar 02 00:53:39.831008 2026] [php:error] [pid 52260] [client 20.104.19.195:0] script '/domains/rfisher.dnai/alpha.php' not found or unable to stat
[Mon Mar 02 00:53:39.847477 2026] [php:error] [pid 52250] [client 216.24.210.18:0] script '/domains/samscars/doc.php' not found or unable to stat
[Mon Mar 02 00:53:39.854426 2026] [php:error] [pid 52260] [client 20.104.19.195:0] script '/domains/rfisher.dnai/alpha.php' not found or unable to stat
[Mon Mar 02 00:53:40.097756 2026] [php:error] [pid 52250] [client 216.24.210.18:0] script '/domains/samscars/wp-login.php' not found or unable to stat
[Mon Mar 02 00:53:40.293835 2026] [php:error] [pid 52250] [client 216.24.210.18:0] script '/domains/samscars/mar.php' not found or unable to stat
[Mon Mar 02 00:53:40.705769 2026] [php:error] [pid 52250] [client 216.24.210.18:0] script '/domains/samscars/1.php' not found or unable to stat
[Mon Mar 02 00:53:41.556715 2026] [php:error] [pid 52250] [client 216.24.210.18:0] script '/domains/samscars/fm.php' not found or unable to stat
[Mon Mar 02 00:53:41.959651 2026] [php:error] [pid 52250] [client 216.24.210.18:0] script '/domains/samscars/ini.php' not found or unable to stat
[Mon Mar 02 00:53:43.489120 2026] [php:error] [pid 52264] [client 216.24.210.9:0] script '/domains/samscars/wp-content.php' not found or unable to stat
[Mon Mar 02 00:53:43.930129 2026] [php:error] [pid 52264] [client 216.24.210.9:0] script '/domains/samscars/customize.php' not found or unable to stat
[Mon Mar 02 00:53:44.030796 2026] [php:error] [pid 52264] [client 216.24.210.9:0] script '/domains/samscars/license.php' not found or unable to stat
[Mon Mar 02 00:53:44.202338 2026] [php:error] [pid 52264] [client 216.24.210.9:0] script '/domains/samscars/lock.php' not found or unable to stat
[Mon Mar 02 00:53:45.006568 2026] [php:error] [pid 52264] [client 216.24.210.9:0] script '/domains/samscars/wp-good.php' not found or unable to stat
[Mon Mar 02 00:53:45.940008 2026] [php:error] [pid 52264] [client 216.24.210.9:0] script '/domains/samscars/ff2.php' not found or unable to stat
[Mon Mar 02 00:53:46.378443 2026] [php:error] [pid 52264] [client 216.24.210.9:0] script '/domains/samscars/jp.php' not found or unable to stat
[Mon Mar 02 00:53:46.706872 2026] [php:error] [pid 52264] [client 216.24.210.9:0] script '/domains/samscars/wp-atom.php' not found or unable to stat
[Mon Mar 02 00:53:46.941829 2026] [php:error] [pid 52264] [client 216.24.210.9:0] script '/domains/samscars/up.php' not found or unable to stat
[Mon Mar 02 00:53:47.610687 2026] [php:error] [pid 52264] [client 216.24.210.9:0] script '/domains/samscars/worm.PhP' not found or unable to stat
[Mon Mar 02 00:53:47.718623 2026] [php:error] [pid 52264] [client 216.24.210.9:0] script '/domains/samscars/ext.php' not found or unable to stat
[Mon Mar 02 00:53:47.808188 2026] [php:error] [pid 52264] [client 216.24.210.9:0] script '/domains/samscars/delpaths.php' not found or unable to stat
[Mon Mar 02 00:53:48.494386 2026] [php:error] [pid 52264] [client 216.24.210.9:0] script '/domains/samscars/gifclass.php' not found or unable to stat
[Mon Mar 02 00:53:48.687270 2026] [php:error] [pid 52264] [client 216.24.210.9:0] script '/domains/samscars/plugin.php' not found or unable to stat
[Mon Mar 02 00:53:48.941675 2026] [php:error] [pid 52264] [client 216.24.210.9:0] script '/domains/samscars/update-core.php' not found or unable to stat
[Mon Mar 02 00:53:49.115009 2026] [php:error] [pid 52264] [client 216.24.210.9:0] script '/domains/samscars/wp-mail.php' not found or unable to stat
[Mon Mar 02 00:53:50.235233 2026] [php:error] [pid 52262] [client 216.24.210.32:0] script '/domains/samscars/aa.php' not found or unable to stat
[Mon Mar 02 00:53:50.323398 2026] [php:error] [pid 52262] [client 216.24.210.32:0] script '/domains/samscars/index2.php' not found or unable to stat
[Mon Mar 02 00:53:51.037436 2026] [php:error] [pid 52262] [client 216.24.210.32:0] script '/domains/samscars/shell.php' not found or unable to stat
[Mon Mar 02 00:53:51.659587 2026] [php:error] [pid 52262] [client 216.24.210.32:0] script '/domains/samscars/hehe.php' not found or unable to stat
[Mon Mar 02 00:53:51.898360 2026] [php:error] [pid 52262] [client 216.24.210.32:0] script '/domains/samscars/dir.php' not found or unable to stat
[Mon Mar 02 00:53:52.385767 2026] [php:error] [pid 52262] [client 216.24.210.32:0] script '/domains/samscars/nf_tracking.php' not found or unable to stat
[Mon Mar 02 00:53:52.572918 2026] [php:error] [pid 52262] [client 216.24.210.32:0] script '/domains/samscars/filefuns.php' not found or unable to stat
[Mon Mar 02 00:53:52.735423 2026] [php:error] [pid 52262] [client 216.24.210.32:0] script '/domains/samscars/l.php' not found or unable to stat
[Mon Mar 02 00:53:52.827831 2026] [php:error] [pid 52262] [client 216.24.210.32:0] script '/domains/samscars/repeater.php' not found or unable to stat
[Mon Mar 02 00:53:53.264188 2026] [php:error] [pid 52262] [client 216.24.210.32:0] script '/domains/samscars/contacts.php' not found or unable to stat
[Mon Mar 02 00:53:53.369734 2026] [php:error] [pid 52262] [client 216.24.210.32:0] script '/domains/samscars/wsa.php' not found or unable to stat
[Mon Mar 02 00:53:53.989343 2026] [php:error] [pid 52262] [client 216.24.210.32:0] script '/domains/samscars/lv.php' not found or unable to stat
[Mon Mar 02 00:53:54.071112 2026] [php:error] [pid 52262] [client 216.24.210.32:0] script '/domains/samscars/images/js1.php' not found or unable to stat
[Mon Mar 02 00:53:56.828071 2026] [php:error] [pid 52260] [client 216.24.210.35:0] script '/domains/samscars/tox.php' not found or unable to stat
[Mon Mar 02 00:53:57.194956 2026] [php:error] [pid 52260] [client 216.24.210.35:0] script '/domains/samscars/tiny.php' not found or unable to stat
[Mon Mar 02 00:53:57.407759 2026] [php:error] [pid 52260] [client 216.24.210.35:0] script '/domains/samscars/themes.php' not found or unable to stat
[Mon Mar 02 00:53:57.665973 2026] [php:error] [pid 52260] [client 216.24.210.35:0] script '/domains/samscars/wp-themes.php' not found or unable to stat
[Mon Mar 02 00:53:58.006961 2026] [php:error] [pid 52260] [client 216.24.210.35:0] script '/domains/samscars/mariju.php' not found or unable to stat
[Mon Mar 02 00:53:58.087745 2026] [php:error] [pid 52260] [client 216.24.210.35:0] script '/domains/samscars/waf_defender.php' not found or unable to stat
[Mon Mar 02 00:53:58.277772 2026] [php:error] [pid 52260] [client 216.24.210.35:0] script '/domains/samscars/av.php' not found or unable to stat
[Mon Mar 02 00:53:59.068902 2026] [core:crit] [pid 52255] (13)Permission denied: [client 114.119.133.30:0] AH00529: /domains/performancepartsinc/graphics/psd/.htaccess pcfg_openfile: unable to check htaccess file, ensure it is readable and that '/domains/performancepartsinc/graphics/psd/' is executable, referer: http://www.performancepartsinc.com/graphics/psd/q.php?%2Fteen-dating-herriman%2F
[Mon Mar 02 00:53:59.211279 2026] [php:error] [pid 52262] [client 216.24.210.32:0] script '/domains/samscars/theme.php' not found or unable to stat
[Mon Mar 02 00:53:59.507891 2026] [php:error] [pid 52262] [client 216.24.210.32:0] script '/domains/samscars/Simple.php' not found or unable to stat
[Mon Mar 02 00:54:00.292787 2026] [php:error] [pid 52264] [client 216.24.210.41:0] script '/domains/samscars/images/waf_defender.php' not found or unable to stat
[Mon Mar 02 00:54:00.455757 2026] [php:error] [pid 52264] [client 216.24.210.41:0] script '/domains/samscars/small.php' not found or unable to stat
[Mon Mar 02 00:54:00.651765 2026] [php:error] [pid 52264] [client 216.24.210.41:0] script '/domains/samscars/NewFile.php' not found or unable to stat
[Mon Mar 02 00:54:00.866443 2026] [php:error] [pid 52264] [client 216.24.210.41:0] script '/domains/samscars/error.php' not found or unable to stat
[Mon Mar 02 00:54:01.434480 2026] [php:error] [pid 52264] [client 216.24.210.41:0] script '/domains/samscars/wp-files.php' not found or unable to stat
[Mon Mar 02 00:54:01.648994 2026] [php:error] [pid 52264] [client 216.24.210.41:0] script '/domains/samscars/functions.php' not found or unable to stat
[Mon Mar 02 00:54:02.400278 2026] [php:error] [pid 52264] [client 216.24.210.41:0] script '/domains/samscars/aks.php' not found or unable to stat
[Mon Mar 02 00:54:02.505754 2026] [php:error] [pid 52264] [client 216.24.210.41:0] script '/domains/samscars/litespeed.php' not found or unable to stat
[Mon Mar 02 00:54:02.763684 2026] [php:error] [pid 52264] [client 216.24.210.41:0] script '/domains/samscars/wpn.php' not found or unable to stat
[Mon Mar 02 00:54:05.278749 2026] [php:error] [pid 52257] [client 216.24.210.28:0] script '/domains/samscars/images/wp-aespa.php' not found or unable to stat
[Mon Mar 02 00:54:06.967699 2026] [php:error] [pid 52264] [client 216.24.210.12:0] script '/domains/samscars/Sanskrit.php' not found or unable to stat
[Mon Mar 02 00:54:07.093362 2026] [php:error] [pid 52264] [client 216.24.210.12:0] script '/domains/samscars/wp-fmfile.php' not found or unable to stat
[Mon Mar 02 00:54:07.623185 2026] [php:error] [pid 52264] [client 216.24.210.12:0] script '/domains/samscars/memberfuns.php' not found or unable to stat
[Mon Mar 02 00:54:07.801012 2026] [php:error] [pid 52264] [client 216.24.210.12:0] script '/domains/samscars/infos.php' not found or unable to stat
[Mon Mar 02 00:54:08.179362 2026] [php:error] [pid 52264] [client 216.24.210.12:0] script '/domains/samscars/options-writing.php' not found or unable to stat
[Mon Mar 02 00:54:08.270087 2026] [php:error] [pid 52264] [client 216.24.210.12:0] script '/domains/samscars/options-reading.php' not found or unable to stat
[Mon Mar 02 00:54:08.382716 2026] [php:error] [pid 52264] [client 216.24.210.12:0] script '/domains/samscars/wsad.php' not found or unable to stat
[Mon Mar 02 00:54:08.494279 2026] [php:error] [pid 52264] [client 216.24.210.12:0] script '/domains/samscars/nation.php' not found or unable to stat
[Mon Mar 02 00:54:09.240181 2026] [php:error] [pid 52264] [client 216.24.210.12:0] script '/domains/samscars/wp-atomx.php' not found or unable to stat
[Mon Mar 02 00:54:09.324407 2026] [php:error] [pid 52264] [client 216.24.210.12:0] script '/domains/samscars/admin-footer.php' not found or unable to stat
[Mon Mar 02 00:54:09.490555 2026] [php:error] [pid 52264] [client 216.24.210.12:0] script '/domains/samscars/XxX.php' not found or unable to stat
[Mon Mar 02 00:54:10.687257 2026] [php:error] [pid 52264] [client 216.24.210.12:0] script '/domains/samscars/images/buy.php' not found or unable to stat
[Mon Mar 02 00:54:12.164057 2026] [php:error] [pid 52264] [client 216.24.210.12:0] script '/domains/samscars/xex.php' not found or unable to stat
[Mon Mar 02 00:54:12.845547 2026] [php:error] [pid 52264] [client 216.24.210.12:0] script '/domains/samscars/wp-head.php' not found or unable to stat
[Mon Mar 02 00:54:13.109807 2026] [php:error] [pid 52264] [client 216.24.210.12:0] script '/domains/samscars/makeasmtp.php' not found or unable to stat
[Mon Mar 02 00:54:13.404095 2026] [php:error] [pid 52264] [client 216.24.210.12:0] script '/domains/samscars/images/bypass.php' not found or unable to stat
[Mon Mar 02 00:54:15.133365 2026] [php:error] [pid 52264] [client 216.24.210.12:0] script '/domains/samscars/click.php' not found or unable to stat
[Mon Mar 02 00:54:16.227627 2026] [php:error] [pid 52264] [client 216.24.210.12:0] script '/domains/samscars/wp-admin.php' not found or unable to stat
[Mon Mar 02 00:54:16.701645 2026] [php:error] [pid 52264] [client 216.24.210.12:0] script '/domains/samscars/wp-editor.php' not found or unable to stat
[Mon Mar 02 00:54:16.975538 2026] [php:error] [pid 52255] [client 216.24.210.23:0] script '/domains/samscars/images/install.php' not found or unable to stat
[Mon Mar 02 00:54:17.143832 2026] [php:error] [pid 52255] [client 216.24.210.23:0] script '/domains/samscars/adminfusm.php' not found or unable to stat
[Mon Mar 02 00:54:17.873257 2026] [php:error] [pid 52255] [client 216.24.210.23:0] script '/domains/samscars/images/habhan.php' not found or unable to stat
[Mon Mar 02 00:54:18.807135 2026] [php:error] [pid 52260] [client 154.12.24.136:0] script '/domains/fairlane1/kua.php' not found or unable to stat
[Mon Mar 02 00:54:19.107558 2026] [php:error] [pid 52255] [client 216.24.210.23:0] script '/domains/samscars/f35_SpaceTn.php' not found or unable to stat
[Mon Mar 02 00:54:20.879664 2026] [php:error] [pid 52255] [client 216.24.210.23:0] script '/domains/samscars/gm.php' not found or unable to stat
[Mon Mar 02 00:54:22.152992 2026] [php:error] [pid 52255] [client 216.24.210.23:0] script '/domains/samscars/plugin-install.php' not found or unable to stat
[Mon Mar 02 00:54:23.460800 2026] [php:error] [pid 52255] [client 216.24.210.23:0] script '/domains/samscars/images/mah.php' not found or unable to stat
[Mon Mar 02 00:54:24.905425 2026] [php:error] [pid 52255] [client 216.24.210.23:0] script '/domains/samscars/b.php' not found or unable to stat
[Mon Mar 02 00:54:25.688388 2026] [php:error] [pid 52255] [client 216.24.210.23:0] script '/domains/samscars/wsax.php' not found or unable to stat
[Mon Mar 02 00:54:27.800343 2026] [php:error] [pid 52255] [client 216.24.210.23:0] script '/domains/samscars/images/Marvins.php' not found or unable to stat
[Mon Mar 02 00:54:30.120878 2026] [php:error] [pid 52274] [client 216.24.210.18:0] script '/domains/samscars/bs1.php' not found or unable to stat
[Mon Mar 02 00:54:30.688068 2026] [php:error] [pid 52274] [client 216.24.210.18:0] script '/domains/samscars/page.php' not found or unable to stat
[Mon Mar 02 00:54:32.599332 2026] [php:error] [pid 52264] [client 216.24.210.33:0] script '/domains/samscars/images/autoload_classmap.php' not found or unable to stat
[Mon Mar 02 00:54:33.430886 2026] [php:error] [pid 52264] [client 216.24.210.33:0] script '/domains/samscars/ws.php' not found or unable to stat
[Mon Mar 02 00:54:33.756252 2026] [php:error] [pid 52264] [client 216.24.210.33:0] script '/domains/samscars/shop.php' not found or unable to stat
[Mon Mar 02 00:54:34.498606 2026] [php:error] [pid 52264] [client 216.24.210.33:0] script '/domains/samscars/wp-api.php' not found or unable to stat
[Mon Mar 02 00:54:34.821500 2026] [php:error] [pid 52264] [client 216.24.210.33:0] script '/domains/samscars/css.php' not found or unable to stat
[Mon Mar 02 00:54:35.666631 2026] [php:error] [pid 52264] [client 216.24.210.33:0] script '/domains/samscars/wp-error_log.php' not found or unable to stat
[Mon Mar 02 00:54:37.313570 2026] [php:error] [pid 52264] [client 216.24.210.33:0] script '/domains/samscars/files.php' not found or unable to stat
[Mon Mar 02 00:54:39.179871 2026] [php:error] [pid 52264] [client 216.24.210.33:0] script '/domains/samscars/blog.php' not found or unable to stat
[Mon Mar 02 00:54:39.607177 2026] [php:error] [pid 52264] [client 216.24.210.33:0] script '/domains/samscars/images/av.php' not found or unable to stat
[Mon Mar 02 00:54:40.069920 2026] [php:error] [pid 52264] [client 216.24.210.33:0] script '/domains/samscars/elp.php' not found or unable to stat
[Mon Mar 02 00:54:40.968936 2026] [php:error] [pid 52264] [client 216.24.210.33:0] script '/domains/samscars/entrepreneuse.php' not found or unable to stat
[Mon Mar 02 00:54:42.157627 2026] [php:error] [pid 52264] [client 216.24.210.33:0] script '/domains/samscars/testt.php' not found or unable to stat
[Mon Mar 02 00:54:42.933004 2026] [php:error] [pid 52264] [client 216.24.210.33:0] script '/domains/samscars/network.php' not found or unable to stat
[Mon Mar 02 00:54:43.202354 2026] [php:error] [pid 52264] [client 216.24.210.33:0] script '/domains/samscars/wikindex.php' not found or unable to stat
[Mon Mar 02 00:54:46.083923 2026] [php:error] [pid 52274] [client 173.239.218.20:0] script '/domains/samscars/media-new.php' not found or unable to stat
[Mon Mar 02 00:54:46.803655 2026] [php:error] [pid 52274] [client 173.239.218.20:0] script '/domains/samscars/pages.php' not found or unable to stat
[Mon Mar 02 00:54:47.733921 2026] [php:error] [pid 52274] [client 173.239.218.20:0] script '/domains/samscars/adminfus.php' not found or unable to stat
[Mon Mar 02 00:54:47.898091 2026] [php:error] [pid 52262] [client 95.176.204.92:0] script '/domains/quintet/xmlrpc.php' not found or unable to stat
[Mon Mar 02 00:54:48.008102 2026] [php:error] [pid 52274] [client 173.239.218.20:0] script '/domains/samscars/images/as.php' not found or unable to stat
[Mon Mar 02 00:54:48.324538 2026] [php:error] [pid 52274] [client 173.239.218.20:0] script '/domains/samscars/cong.php' not found or unable to stat
[Mon Mar 02 00:54:49.291527 2026] [php:error] [pid 52274] [client 173.239.218.20:0] script '/domains/samscars/wp-configs.php' not found or unable to stat
[Mon Mar 02 00:54:50.356656 2026] [php:error] [pid 52275] [client 216.24.210.43:0] script '/domains/samscars/ms-users.php' not found or unable to stat
[Mon Mar 02 00:54:51.918028 2026] [php:error] [pid 52277] [client 74.243.251.125:0] script '/domains/system_suspended/trx24.php' not found or unable to stat
[Mon Mar 02 00:54:52.272707 2026] [php:error] [pid 52277] [client 74.243.251.125:0] script '/domains/system_suspended/cah.php' not found or unable to stat
[Mon Mar 02 00:54:52.627298 2026] [php:error] [pid 52277] [client 74.243.251.125:0] script '/domains/system_suspended/acp.php' not found or unable to stat
[Mon Mar 02 00:54:52.649561 2026] [php:error] [pid 52275] [client 216.24.210.43:0] script '/domains/samscars/top.php' not found or unable to stat
[Mon Mar 02 00:54:52.804482 2026] [php:error] [pid 52277] [client 74.243.251.125:0] script '/domains/system_suspended/muzu.php' not found or unable to stat
[Mon Mar 02 00:54:52.982101 2026] [php:error] [pid 52277] [client 74.243.251.125:0] script '/domains/system_suspended/wpo.php' not found or unable to stat
[Mon Mar 02 00:54:53.159534 2026] [php:error] [pid 52277] [client 74.243.251.125:0] script '/domains/system_suspended/x123x.php' not found or unable to stat
[Mon Mar 02 00:54:53.286547 2026] [php:error] [pid 52264] [client 40.80.89.74:0] script '/domains/jaspen/inputs.php' not found or unable to stat
[Mon Mar 02 00:54:53.336796 2026] [php:error] [pid 52277] [client 74.243.251.125:0] script '/domains/system_suspended/aq.php' not found or unable to stat
[Mon Mar 02 00:54:53.508067 2026] [php:error] [pid 52264] [client 40.80.89.74:0] script '/domains/jaspen/ioxi-o.php' not found or unable to stat
[Mon Mar 02 00:54:53.513975 2026] [php:error] [pid 52277] [client 74.243.251.125:0] script '/domains/system_suspended/011i.php' not found or unable to stat
[Mon Mar 02 00:54:53.691505 2026] [php:error] [pid 52277] [client 74.243.251.125:0] script '/domains/system_suspended/edit-tags.php' not found or unable to stat
[Mon Mar 02 00:54:53.869544 2026] [php:error] [pid 52277] [client 74.243.251.125:0] script '/domains/system_suspended/as1337.php' not found or unable to stat
[Mon Mar 02 00:54:53.922268 2026] [php:error] [pid 52264] [client 40.80.89.74:0] script '/domains/jaspen/rip.php' not found or unable to stat
[Mon Mar 02 00:54:54.046727 2026] [php:error] [pid 52277] [client 74.243.251.125:0] script '/domains/system_suspended/Okxob.php' not found or unable to stat
[Mon Mar 02 00:54:54.128813 2026] [php:error] [pid 52264] [client 40.80.89.74:0] script '/domains/jaspen/admin.php' not found or unable to stat
[Mon Mar 02 00:54:54.224177 2026] [php:error] [pid 52277] [client 74.243.251.125:0] script '/domains/system_suspended/wolf-shell.php' not found or unable to stat
[Mon Mar 02 00:54:54.401451 2026] [php:error] [pid 52277] [client 74.243.251.125:0] script '/domains/system_suspended/core.php' not found or unable to stat
[Mon Mar 02 00:54:54.542070 2026] [php:error] [pid 52264] [client 40.80.89.74:0] script '/domains/jaspen/cache.php' not found or unable to stat
[Mon Mar 02 00:54:54.578856 2026] [php:error] [pid 52277] [client 74.243.251.125:0] script '/domains/system_suspended/zeal.php' not found or unable to stat
[Mon Mar 02 00:54:54.748315 2026] [php:error] [pid 52264] [client 40.80.89.74:0] script '/domains/jaspen/themes.php' not found or unable to stat
[Mon Mar 02 00:54:54.756091 2026] [php:error] [pid 52277] [client 74.243.251.125:0] script '/domains/system_suspended/asf.php' not found or unable to stat
[Mon Mar 02 00:54:54.933708 2026] [php:error] [pid 52277] [client 74.243.251.125:0] script '/domains/system_suspended/sa.php' not found or unable to stat
[Mon Mar 02 00:54:54.978209 2026] [php:error] [pid 52264] [client 40.80.89.74:0] script '/domains/jaspen/an.php' not found or unable to stat
[Mon Mar 02 00:54:55.071375 2026] [php:error] [pid 52275] [client 216.24.210.43:0] script '/domains/samscars/images/c99.php' not found or unable to stat
[Mon Mar 02 00:54:55.402770 2026] [php:error] [pid 52275] [client 216.24.210.43:0] script '/domains/samscars/setup-config.php' not found or unable to stat
[Mon Mar 02 00:54:55.597877 2026] [php:error] [pid 52264] [client 40.80.89.74:0] script '/domains/jaspen/ws.php' not found or unable to stat
[Mon Mar 02 00:54:55.731474 2026] [php:error] [pid 52275] [client 216.24.210.43:0] script '/domains/samscars/type.php' not found or unable to stat
[Mon Mar 02 00:54:55.804631 2026] [php:error] [pid 52264] [client 40.80.89.74:0] script '/domains/jaspen/404.php' not found or unable to stat
[Mon Mar 02 00:54:56.223949 2026] [php:error] [pid 52264] [client 40.80.89.74:0] script '/domains/jaspen/wp-conf.php' not found or unable to stat
[Mon Mar 02 00:54:56.639565 2026] [php:error] [pid 52264] [client 40.80.89.74:0] script '/domains/jaspen/wp-login.php' not found or unable to stat
[Mon Mar 02 00:54:56.846102 2026] [php:error] [pid 52264] [client 40.80.89.74:0] script '/domains/jaspen/abc.php' not found or unable to stat
[Mon Mar 02 00:54:56.941789 2026] [php:error] [pid 52275] [client 216.24.210.43:0] script '/domains/samscars/goat.php' not found or unable to stat
[Mon Mar 02 00:54:57.060955 2026] [php:error] [pid 52264] [client 40.80.89.74:0] script '/domains/jaspen/abcd.php' not found or unable to stat
[Mon Mar 02 00:54:57.268317 2026] [php:error] [pid 52264] [client 40.80.89.74:0] script '/domains/jaspen/as.php' not found or unable to stat
[Mon Mar 02 00:54:57.476432 2026] [php:error] [pid 52264] [client 40.80.89.74:0] script '/domains/jaspen/wp-trackback.php' not found or unable to stat
[Mon Mar 02 00:54:57.683677 2026] [php:error] [pid 52264] [client 40.80.89.74:0] script '/domains/jaspen/about.php' not found or unable to stat
[Mon Mar 02 00:54:57.738196 2026] [php:error] [pid 52275] [client 216.24.210.43:0] script '/domains/samscars/images/file.php' not found or unable to stat
[Mon Mar 02 00:54:57.890075 2026] [php:error] [pid 52264] [client 40.80.89.74:0] script '/domains/jaspen/file.php' not found or unable to stat
[Mon Mar 02 00:54:58.111062 2026] [php:error] [pid 52264] [client 40.80.89.74:0] script '/domains/jaspen/adminfuns.php' not found or unable to stat
[Mon Mar 02 00:54:58.318165 2026] [php:error] [pid 52264] [client 40.80.89.74:0] script '/domains/jaspen/wp-good.php' not found or unable to stat
[Mon Mar 02 00:54:58.525057 2026] [php:error] [pid 52264] [client 40.80.89.74:0] script '/domains/jaspen/xmlrpc.php' not found or unable to stat
[Mon Mar 02 00:54:58.733182 2026] [php:error] [pid 52264] [client 40.80.89.74:0] script '/domains/jaspen/goods.php' not found or unable to stat
[Mon Mar 02 00:54:58.939737 2026] [php:error] [pid 52264] [client 40.80.89.74:0] script '/domains/jaspen/class-t.api.php' not found or unable to stat
[Mon Mar 02 00:54:59.165447 2026] [php:error] [pid 52264] [client 40.80.89.74:0] script '/domains/jaspen/sf.php' not found or unable to stat
[Mon Mar 02 00:54:59.372484 2026] [php:error] [pid 52264] [client 40.80.89.74:0] script '/domains/jaspen/kbfr.php' not found or unable to stat
[Mon Mar 02 00:54:59.578920 2026] [php:error] [pid 52264] [client 40.80.89.74:0] script '/domains/jaspen/autoload_classmap.php' not found or unable to stat
[Mon Mar 02 00:54:59.785723 2026] [php:error] [pid 52264] [client 40.80.89.74:0] script '/domains/jaspen/chosen.php' not found or unable to stat
[Mon Mar 02 00:54:59.992075 2026] [php:error] [pid 52264] [client 40.80.89.74:0] script '/domains/jaspen/classwithtostring.php' not found or unable to stat
[Mon Mar 02 00:55:00.222893 2026] [php:error] [pid 52264] [client 40.80.89.74:0] script '/domains/jaspen/defaults.php' not found or unable to stat
[Mon Mar 02 00:55:00.865277 2026] [php:error] [pid 52264] [client 40.80.89.74:0] script '/domains/jaspen/info.php' not found or unable to stat
[Mon Mar 02 00:56:26.437678 2026] [php:error] [pid 52262] [client 74.248.24.167:0] script '/domains/wsmith.enteract/gfile.php' not found or unable to stat
[Mon Mar 02 00:56:26.537022 2026] [php:error] [pid 52262] [client 74.248.24.167:0] script '/domains/wsmith.enteract/dox.php' not found or unable to stat
[Mon Mar 02 00:56:26.635903 2026] [php:error] [pid 52262] [client 74.248.24.167:0] script '/domains/wsmith.enteract/qwas.php' not found or unable to stat
[Mon Mar 02 00:56:26.738869 2026] [php:error] [pid 52262] [client 74.248.24.167:0] script '/domains/wsmith.enteract/claw.php' not found or unable to stat
[Mon Mar 02 00:56:26.837592 2026] [php:error] [pid 52262] [client 74.248.24.167:0] script '/domains/wsmith.enteract/cfgy.php' not found or unable to stat
[Mon Mar 02 00:56:26.939479 2026] [php:error] [pid 52262] [client 74.248.24.167:0] script '/domains/wsmith.enteract/jbuft.php' not found or unable to stat
[Mon Mar 02 00:56:27.038999 2026] [php:error] [pid 52262] [client 74.248.24.167:0] script '/domains/wsmith.enteract/fvvff.php' not found or unable to stat
[Mon Mar 02 00:56:27.149520 2026] [php:error] [pid 52262] [client 74.248.24.167:0] script '/domains/wsmith.enteract/vaza.php' not found or unable to stat
[Mon Mar 02 00:56:27.248035 2026] [php:error] [pid 52262] [client 74.248.24.167:0] script '/domains/wsmith.enteract/a2.php' not found or unable to stat
[Mon Mar 02 00:56:27.346784 2026] [php:error] [pid 52262] [client 74.248.24.167:0] script '/domains/wsmith.enteract/sty.php' not found or unable to stat
[Mon Mar 02 00:56:27.445906 2026] [php:error] [pid 52262] [client 74.248.24.167:0] script '/domains/wsmith.enteract/xxxx.php' not found or unable to stat
[Mon Mar 02 00:56:27.546323 2026] [php:error] [pid 52262] [client 74.248.24.167:0] script '/domains/wsmith.enteract/h.php' not found or unable to stat
[Mon Mar 02 00:56:27.645863 2026] [php:error] [pid 52262] [client 74.248.24.167:0] script '/domains/wsmith.enteract/g.php' not found or unable to stat
[Mon Mar 02 00:56:27.744685 2026] [php:error] [pid 52262] [client 74.248.24.167:0] script '/domains/wsmith.enteract/pp.php' not found or unable to stat
[Mon Mar 02 00:56:27.843505 2026] [php:error] [pid 52262] [client 74.248.24.167:0] script '/domains/wsmith.enteract/sys.php' not found or unable to stat
[Mon Mar 02 00:56:27.942555 2026] [php:error] [pid 52262] [client 74.248.24.167:0] script '/domains/wsmith.enteract/txets.php' not found or unable to stat
[Mon Mar 02 00:56:28.042642 2026] [php:error] [pid 52262] [client 74.248.24.167:0] script '/domains/wsmith.enteract/tt.php' not found or unable to stat
[Mon Mar 02 00:56:28.141513 2026] [php:error] [pid 52262] [client 74.248.24.167:0] script '/domains/wsmith.enteract/wp9.php' not found or unable to stat
[Mon Mar 02 00:56:28.240183 2026] [php:error] [pid 52262] [client 74.248.24.167:0] script '/domains/wsmith.enteract/path.php' not found or unable to stat
[Mon Mar 02 00:56:28.339142 2026] [php:error] [pid 52262] [client 74.248.24.167:0] script '/domains/wsmith.enteract/wdf.php' not found or unable to stat
[Mon Mar 02 00:56:28.437718 2026] [php:error] [pid 52262] [client 74.248.24.167:0] script '/domains/wsmith.enteract/fleen.php' not found or unable to stat
[Mon Mar 02 00:56:28.544949 2026] [php:error] [pid 52262] [client 74.248.24.167:0] script '/domains/wsmith.enteract/wp-tem.php' not found or unable to stat
[Mon Mar 02 00:56:28.643417 2026] [php:error] [pid 52262] [client 74.248.24.167:0] script '/domains/wsmith.enteract/av6m.php' not found or unable to stat
[Mon Mar 02 00:56:28.744068 2026] [php:error] [pid 52262] [client 74.248.24.167:0] script '/domains/wsmith.enteract/autogooey.php' not found or unable to stat
[Mon Mar 02 00:56:28.844437 2026] [php:error] [pid 52262] [client 74.248.24.167:0] script '/domains/wsmith.enteract/btx25.php' not found or unable to stat
[Mon Mar 02 00:56:28.947196 2026] [php:error] [pid 52262] [client 74.248.24.167:0] script '/domains/wsmith.enteract/mga.php' not found or unable to stat
[Mon Mar 02 00:56:29.048305 2026] [php:error] [pid 52262] [client 74.248.24.167:0] script '/domains/wsmith.enteract/maxro.php' not found or unable to stat
