[Mon Mar 02 01:12:01.583359 2026] [php:error] [pid 52494] [client 20.220.232.240:0] script '/domains/msintl/brc.php' not found or unable to stat
[Mon Mar 02 01:12:01.587808 2026] [php:error] [pid 52491] [client 20.63.96.50:0] script '/domains/rfisher.dnai/wp-4doption1.php' not found or unable to stat
[Mon Mar 02 01:12:01.611572 2026] [php:error] [pid 52491] [client 20.63.96.50:0] script '/domains/rfisher.dnai/img.php' not found or unable to stat
[Mon Mar 02 01:12:01.617799 2026] [php:error] [pid 52494] [client 20.220.232.240:0] script '/domains/msintl/koiy.php' not found or unable to stat
[Mon Mar 02 01:12:01.656111 2026] [php:error] [pid 52494] [client 20.220.232.240:0] script '/domains/msintl/myfile.php' not found or unable to stat
[Mon Mar 02 01:12:01.814194 2026] [php:error] [pid 52494] [client 20.220.232.240:0] script '/domains/msintl/Ov-Simple1.php' not found or unable to stat
[Mon Mar 02 01:12:01.838032 2026] [php:error] [pid 52494] [client 20.220.232.240:0] script '/domains/msintl/gool.php' not found or unable to stat
[Mon Mar 02 01:12:01.862038 2026] [php:error] [pid 52494] [client 20.220.232.240:0] script '/domains/msintl/a1vx.php' not found or unable to stat
[Mon Mar 02 01:12:01.890020 2026] [php:error] [pid 52494] [client 20.220.232.240:0] script '/domains/msintl/mans.php' not found or unable to stat
[Mon Mar 02 01:12:01.914292 2026] [php:error] [pid 52494] [client 20.220.232.240:0] script '/domains/msintl/rum.php' not found or unable to stat
[Mon Mar 02 01:12:01.984772 2026] [php:error] [pid 52494] [client 20.220.232.240:0] script '/domains/msintl/sbhu.php' not found or unable to stat
[Mon Mar 02 01:12:02.009607 2026] [php:error] [pid 52494] [client 20.220.232.240:0] script '/domains/msintl/wio.php' not found or unable to stat
[Mon Mar 02 01:12:02.060176 2026] [php:error] [pid 52494] [client 20.220.232.240:0] script '/domains/msintl/clasa99.php' not found or unable to stat
[Mon Mar 02 01:12:02.256307 2026] [php:error] [pid 52494] [client 20.220.232.240:0] script '/domains/msintl/ws62.php' not found or unable to stat
[Mon Mar 02 01:12:02.281741 2026] [php:error] [pid 52494] [client 20.220.232.240:0] script '/domains/msintl/new4.php' not found or unable to stat
[Mon Mar 02 01:12:02.305899 2026] [php:error] [pid 52494] [client 20.220.232.240:0] script '/domains/msintl/666.php' not found or unable to stat
[Mon Mar 02 01:12:02.614737 2026] [php:error] [pid 52494] [client 20.220.232.240:0] script '/domains/msintl/co.php' not found or unable to stat
[Mon Mar 02 01:12:02.646651 2026] [php:error] [pid 52494] [client 20.220.232.240:0] script '/domains/msintl/cxc.php' not found or unable to stat
[Mon Mar 02 01:12:02.699709 2026] [php:error] [pid 52494] [client 20.220.232.240:0] script '/domains/msintl/gjm.php' not found or unable to stat
[Mon Mar 02 01:12:02.724334 2026] [php:error] [pid 52494] [client 20.220.232.240:0] script '/domains/msintl/ex.php' not found or unable to stat
[Mon Mar 02 01:12:02.748095 2026] [php:error] [pid 52494] [client 20.220.232.240:0] script '/domains/msintl/post.php' not found or unable to stat
[Mon Mar 02 01:12:02.772010 2026] [php:error] [pid 52494] [client 20.220.232.240:0] script '/domains/msintl/wpo.php' not found or unable to stat
[Mon Mar 02 01:12:02.796850 2026] [php:error] [pid 52494] [client 20.220.232.240:0] script '/domains/msintl/jq.php' not found or unable to stat
[Mon Mar 02 01:12:02.842529 2026] [php:error] [pid 52494] [client 20.220.232.240:0] script '/domains/msintl/x7.php' not found or unable to stat
[Mon Mar 02 01:12:02.866964 2026] [php:error] [pid 52494] [client 20.220.232.240:0] script '/domains/msintl/bes.php' not found or unable to stat
[Mon Mar 02 01:12:03.005166 2026] [php:error] [pid 52462] [client 20.63.41.168:0] script '/domains/pauljbrock/trx24.php' not found or unable to stat
[Mon Mar 02 01:12:03.049938 2026] [php:error] [pid 52486] [client 20.220.232.240:0] script '/domains/msintl/sadd.php' not found or unable to stat
[Mon Mar 02 01:12:03.059241 2026] [php:error] [pid 52462] [client 20.63.41.168:0] script '/domains/pauljbrock/cah.php' not found or unable to stat
[Mon Mar 02 01:12:03.073960 2026] [php:error] [pid 52486] [client 20.220.232.240:0] script '/domains/msintl/vgtyu.php' not found or unable to stat
[Mon Mar 02 01:12:03.098019 2026] [php:error] [pid 52486] [client 20.220.232.240:0] script '/domains/msintl/166.php' not found or unable to stat
[Mon Mar 02 01:12:03.110549 2026] [php:error] [pid 52462] [client 20.63.41.168:0] script '/domains/pauljbrock/acp.php' not found or unable to stat
[Mon Mar 02 01:12:03.121817 2026] [php:error] [pid 52486] [client 20.220.232.240:0] script '/domains/msintl/fs.php' not found or unable to stat
[Mon Mar 02 01:12:03.139995 2026] [php:error] [pid 52462] [client 20.63.41.168:0] script '/domains/pauljbrock/muzu.php' not found or unable to stat
[Mon Mar 02 01:12:03.145749 2026] [php:error] [pid 52486] [client 20.220.232.240:0] script '/domains/msintl/c4.php' not found or unable to stat
[Mon Mar 02 01:12:03.174409 2026] [php:error] [pid 52462] [client 20.63.41.168:0] script '/domains/pauljbrock/wpo.php' not found or unable to stat
[Mon Mar 02 01:12:03.208212 2026] [php:error] [pid 52486] [client 20.220.232.240:0] script '/domains/msintl/eauu.php' not found or unable to stat
[Mon Mar 02 01:12:03.235909 2026] [php:error] [pid 52486] [client 20.220.232.240:0] script '/domains/msintl/fasx.php' not found or unable to stat
[Mon Mar 02 01:12:03.277808 2026] [php:error] [pid 52486] [client 20.220.232.240:0] script '/domains/msintl/opts.php' not found or unable to stat
[Mon Mar 02 01:12:03.344297 2026] [php:error] [pid 52462] [client 20.63.41.168:0] script '/domains/pauljbrock/x123x.php' not found or unable to stat
[Mon Mar 02 01:12:03.368130 2026] [php:error] [pid 52462] [client 20.63.41.168:0] script '/domains/pauljbrock/aq.php' not found or unable to stat
[Mon Mar 02 01:12:03.395204 2026] [php:error] [pid 52462] [client 20.63.41.168:0] script '/domains/pauljbrock/011i.php' not found or unable to stat
[Mon Mar 02 01:12:03.419203 2026] [php:error] [pid 52462] [client 20.63.41.168:0] script '/domains/pauljbrock/edit-tags.php' not found or unable to stat
[Mon Mar 02 01:12:03.443081 2026] [php:error] [pid 52462] [client 20.63.41.168:0] script '/domains/pauljbrock/as1337.php' not found or unable to stat
[Mon Mar 02 01:12:03.472096 2026] [php:error] [pid 52486] [client 20.220.232.240:0] script '/domains/msintl/nzv.php' not found or unable to stat
[Mon Mar 02 01:12:03.473748 2026] [php:error] [pid 52462] [client 20.63.41.168:0] script '/domains/pauljbrock/Okxob.php' not found or unable to stat
[Mon Mar 02 01:12:03.497846 2026] [php:error] [pid 52486] [client 20.220.232.240:0] script '/domains/msintl/grsiuk.php' not found or unable to stat
[Mon Mar 02 01:12:03.502518 2026] [php:error] [pid 52462] [client 20.63.41.168:0] script '/domains/pauljbrock/wolf-shell.php' not found or unable to stat
[Mon Mar 02 01:12:03.526363 2026] [php:error] [pid 52462] [client 20.63.41.168:0] script '/domains/pauljbrock/core.php' not found or unable to stat
[Mon Mar 02 01:12:03.550159 2026] [php:error] [pid 52462] [client 20.63.41.168:0] script '/domains/pauljbrock/zeal.php' not found or unable to stat
[Mon Mar 02 01:12:03.574324 2026] [php:error] [pid 52462] [client 20.63.41.168:0] script '/domains/pauljbrock/asf.php' not found or unable to stat
[Mon Mar 02 01:12:03.613832 2026] [php:error] [pid 52462] [client 20.63.41.168:0] script '/domains/pauljbrock/sa.php' not found or unable to stat
[Mon Mar 02 01:12:03.648746 2026] [php:error] [pid 52486] [client 20.220.232.240:0] script '/domains/msintl/byp8.php' not found or unable to stat
[Mon Mar 02 01:12:03.674733 2026] [php:error] [pid 52486] [client 20.220.232.240:0] script '/domains/msintl/nhr.php' not found or unable to stat
[Mon Mar 02 01:12:03.701661 2026] [php:error] [pid 52486] [client 20.220.232.240:0] script '/domains/msintl/wp-access.php' not found or unable to stat
[Mon Mar 02 01:12:03.729498 2026] [php:error] [pid 52486] [client 20.220.232.240:0] script '/domains/msintl/ws79.php' not found or unable to stat
[Mon Mar 02 01:12:03.890874 2026] [php:error] [pid 52486] [client 20.220.232.240:0] script '/domains/msintl/1061.php' not found or unable to stat
[Mon Mar 02 01:12:04.161981 2026] [php:error] [pid 52486] [client 20.220.232.240:0] script '/domains/msintl/zwq13.php' not found or unable to stat
[Mon Mar 02 01:12:04.186126 2026] [php:error] [pid 52486] [client 20.220.232.240:0] script '/domains/msintl/hello.php' not found or unable to stat
[Mon Mar 02 01:12:04.219208 2026] [php:error] [pid 52486] [client 20.220.232.240:0] script '/domains/msintl/05.php' not found or unable to stat
[Mon Mar 02 01:12:04.248955 2026] [php:error] [pid 52486] [client 20.220.232.240:0] script '/domains/msintl/zxin.php' not found or unable to stat
[Mon Mar 02 01:12:04.272807 2026] [php:error] [pid 52486] [client 20.220.232.240:0] script '/domains/msintl/fff.php' not found or unable to stat
[Mon Mar 02 01:12:04.394630 2026] [php:error] [pid 52486] [client 20.220.232.240:0] script '/domains/msintl/wp5.php' not found or unable to stat
[Mon Mar 02 01:12:04.418689 2026] [php:error] [pid 52486] [client 20.220.232.240:0] script '/domains/msintl/wp-good.php' not found or unable to stat
[Mon Mar 02 01:12:04.524840 2026] [php:error] [pid 52486] [client 20.220.232.240:0] script '/domains/msintl/iko.php' not found or unable to stat
[Mon Mar 02 01:12:04.549393 2026] [php:error] [pid 52486] [client 20.220.232.240:0] script '/domains/msintl/xmy.php' not found or unable to stat
[Mon Mar 02 01:12:04.573863 2026] [php:error] [pid 52486] [client 20.220.232.240:0] script '/domains/msintl/fun.php' not found or unable to stat
[Mon Mar 02 01:12:04.598418 2026] [php:error] [pid 52486] [client 20.220.232.240:0] script '/domains/msintl/end.php' not found or unable to stat
[Mon Mar 02 01:12:04.622630 2026] [php:error] [pid 52486] [client 20.220.232.240:0] script '/domains/msintl/ah25.php' not found or unable to stat
[Mon Mar 02 01:12:04.685445 2026] [php:error] [pid 52486] [client 20.220.232.240:0] script '/domains/msintl/error1.php' not found or unable to stat
[Mon Mar 02 01:12:04.716261 2026] [php:error] [pid 52486] [client 20.220.232.240:0] script '/domains/msintl/thui.php' not found or unable to stat
[Mon Mar 02 01:12:04.740406 2026] [php:error] [pid 52486] [client 20.220.232.240:0] script '/domains/msintl/ff1.php' not found or unable to stat
[Mon Mar 02 01:12:05.065335 2026] [php:error] [pid 52486] [client 20.220.232.240:0] script '/domains/msintl/wp-act.php' not found or unable to stat
[Mon Mar 02 01:12:05.090439 2026] [php:error] [pid 52486] [client 20.220.232.240:0] script '/domains/msintl/wp-the.php' not found or unable to stat
[Mon Mar 02 01:12:05.428344 2026] [php:error] [pid 52486] [client 20.220.232.240:0] script '/domains/msintl/rpk.php' not found or unable to stat
[Mon Mar 02 01:12:05.747517 2026] [php:error] [pid 52486] [client 20.220.232.240:0] script '/domains/msintl/ms.php' not found or unable to stat
[Mon Mar 02 01:12:05.786008 2026] [php:error] [pid 52486] [client 20.220.232.240:0] script '/domains/msintl/155.php' not found or unable to stat
[Mon Mar 02 01:12:05.810399 2026] [php:error] [pid 52486] [client 20.220.232.240:0] script '/domains/msintl/e.php' not found or unable to stat
[Mon Mar 02 01:12:05.839200 2026] [php:error] [pid 52486] [client 20.220.232.240:0] script '/domains/msintl/forbidals.php' not found or unable to stat
[Mon Mar 02 01:12:05.863450 2026] [php:error] [pid 52486] [client 20.220.232.240:0] script '/domains/msintl/X7x.php' not found or unable to stat
[Mon Mar 02 01:12:05.887867 2026] [php:error] [pid 52486] [client 20.220.232.240:0] script '/domains/msintl/ccou.php' not found or unable to stat
[Mon Mar 02 01:12:05.923961 2026] [php:error] [pid 52486] [client 20.220.232.240:0] script '/domains/msintl/get.php' not found or unable to stat
[Mon Mar 02 01:12:05.951804 2026] [php:error] [pid 52486] [client 20.220.232.240:0] script '/domains/msintl/koiy.php' not found or unable to stat
[Mon Mar 02 01:12:05.975876 2026] [php:error] [pid 52486] [client 20.220.232.240:0] script '/domains/msintl/ms.php' not found or unable to stat
[Mon Mar 02 01:12:06.000697 2026] [php:error] [pid 52486] [client 20.220.232.240:0] script '/domains/msintl/plugins.php' not found or unable to stat
[Mon Mar 02 01:12:06.031483 2026] [php:error] [pid 52486] [client 20.220.232.240:0] script '/domains/msintl/raw.php' not found or unable to stat
[Mon Mar 02 01:12:06.287093 2026] [php:error] [pid 52486] [client 20.220.232.240:0] script '/domains/msintl/mini.php' not found or unable to stat
[Mon Mar 02 01:12:06.311161 2026] [php:error] [pid 52486] [client 20.220.232.240:0] script '/domains/msintl/rtx.php' not found or unable to stat
[Mon Mar 02 01:12:06.335121 2026] [php:error] [pid 52486] [client 20.220.232.240:0] script '/domains/msintl/xda.php' not found or unable to stat
[Mon Mar 02 01:12:06.360136 2026] [php:error] [pid 52486] [client 20.220.232.240:0] script '/domains/msintl/erty.php' not found or unable to stat
[Mon Mar 02 01:12:06.384270 2026] [php:error] [pid 52486] [client 20.220.232.240:0] script '/domains/msintl/0.php' not found or unable to stat
[Mon Mar 02 01:12:06.412861 2026] [php:error] [pid 52486] [client 20.220.232.240:0] script '/domains/msintl/moon.php' not found or unable to stat
[Mon Mar 02 01:12:06.437472 2026] [php:error] [pid 52486] [client 20.220.232.240:0] script '/domains/msintl/8.php' not found or unable to stat
[Mon Mar 02 01:12:06.612189 2026] [php:error] [pid 52486] [client 20.220.232.240:0] script '/domains/msintl/gec.php' not found or unable to stat
[Mon Mar 02 01:12:06.726647 2026] [php:error] [pid 52486] [client 20.220.232.240:0] script '/domains/msintl/sxdfrt.php' not found or unable to stat
[Mon Mar 02 01:12:06.752165 2026] [php:error] [pid 52486] [client 20.220.232.240:0] script '/domains/msintl/kj.php' not found or unable to stat
[Mon Mar 02 01:12:06.880646 2026] [php:error] [pid 52486] [client 20.220.232.240:0] script '/domains/msintl/f6.php' not found or unable to stat
[Mon Mar 02 01:12:06.908247 2026] [php:error] [pid 52486] [client 20.220.232.240:0] script '/domains/msintl/ocxla.php' not found or unable to stat
[Mon Mar 02 01:12:06.939283 2026] [php:error] [pid 52486] [client 20.220.232.240:0] script '/domains/msintl/god.php' not found or unable to stat
[Mon Mar 02 01:12:06.965052 2026] [php:error] [pid 52486] [client 20.220.232.240:0] script '/domains/msintl/cu.php' not found or unable to stat
[Mon Mar 02 01:12:06.994892 2026] [php:error] [pid 52486] [client 20.220.232.240:0] script '/domains/msintl/zz.php' not found or unable to stat
[Mon Mar 02 01:12:07.021254 2026] [php:error] [pid 52486] [client 20.220.232.240:0] script '/domains/msintl/xqq.php' not found or unable to stat
[Mon Mar 02 01:12:07.045872 2026] [php:error] [pid 52486] [client 20.220.232.240:0] script '/domains/msintl/sdsa.php' not found or unable to stat
[Mon Mar 02 01:12:07.069916 2026] [php:error] [pid 52486] [client 20.220.232.240:0] script '/domains/msintl/ms-edit.php' not found or unable to stat
[Mon Mar 02 01:12:07.141050 2026] [php:error] [pid 52486] [client 20.220.232.240:0] script '/domains/msintl/wp-conflg.php' not found or unable to stat
[Mon Mar 02 01:12:07.165473 2026] [php:error] [pid 52486] [client 20.220.232.240:0] script '/domains/msintl/un.php' not found or unable to stat
[Mon Mar 02 01:12:07.189526 2026] [php:error] [pid 52486] [client 20.220.232.240:0] script '/domains/msintl/100.kb.php' not found or unable to stat
[Mon Mar 02 01:12:07.283275 2026] [php:error] [pid 52486] [client 20.220.232.240:0] script '/domains/msintl/sid3.php' not found or unable to stat
[Mon Mar 02 01:12:08.035511 2026] [php:error] [pid 52490] [client 4.193.248.52:0] script '/domains/ferguson.interport/222.php' not found or unable to stat
[Mon Mar 02 01:12:08.263470 2026] [php:error] [pid 52490] [client 4.193.248.52:0] script '/domains/ferguson.interport/404.php' not found or unable to stat
[Mon Mar 02 01:12:08.491329 2026] [php:error] [pid 52490] [client 4.193.248.52:0] script '/domains/ferguson.interport/about.php' not found or unable to stat
[Mon Mar 02 01:12:08.719526 2026] [php:error] [pid 52490] [client 4.193.248.52:0] script '/domains/ferguson.interport/admin.php' not found or unable to stat
[Mon Mar 02 01:12:09.393778 2026] [php:error] [pid 52490] [client 4.193.248.52:0] script '/domains/ferguson.interport/adminfuns.php' not found or unable to stat
[Mon Mar 02 01:12:09.639036 2026] [php:error] [pid 52490] [client 4.193.248.52:0] script '/domains/ferguson.interport/bless.php' not found or unable to stat
[Mon Mar 02 01:12:09.888507 2026] [php:error] [pid 52490] [client 4.193.248.52:0] script '/domains/ferguson.interport/bolt.php' not found or unable to stat
[Mon Mar 02 01:12:10.116598 2026] [php:error] [pid 52490] [client 4.193.248.52:0] script '/domains/ferguson.interport/ccou.php' not found or unable to stat
[Mon Mar 02 01:12:10.358331 2026] [php:error] [pid 52490] [client 4.193.248.52:0] script '/domains/ferguson.interport/class-t.api.php' not found or unable to stat
[Mon Mar 02 01:12:10.601465 2026] [php:error] [pid 52490] [client 4.193.248.52:0] script '/domains/ferguson.interport/css.php' not found or unable to stat
[Mon Mar 02 01:12:11.057669 2026] [php:error] [pid 52490] [client 4.193.248.52:0] script '/domains/ferguson.interport/edit.php' not found or unable to stat
[Mon Mar 02 01:12:11.285627 2026] [php:error] [pid 52490] [client 4.193.248.52:0] script '/domains/ferguson.interport/fff.php' not found or unable to stat
[Mon Mar 02 01:12:11.513870 2026] [php:error] [pid 52490] [client 4.193.248.52:0] script '/domains/ferguson.interport/file.php' not found or unable to stat
[Mon Mar 02 01:12:11.742616 2026] [php:error] [pid 52490] [client 4.193.248.52:0] script '/domains/ferguson.interport/fx.php' not found or unable to stat
[Mon Mar 02 01:12:11.970782 2026] [php:error] [pid 52490] [client 4.193.248.52:0] script '/domains/ferguson.interport/info.php' not found or unable to stat
[Mon Mar 02 01:12:12.199116 2026] [php:error] [pid 52490] [client 4.193.248.52:0] script '/domains/ferguson.interport/ioxi-o.php' not found or unable to stat
[Mon Mar 02 01:12:12.428246 2026] [php:error] [pid 52490] [client 4.193.248.52:0] script '/domains/ferguson.interport/rip.php' not found or unable to stat
[Mon Mar 02 01:12:12.657980 2026] [php:error] [pid 52490] [client 4.193.248.52:0] script '/domains/ferguson.interport/server.php' not found or unable to stat
[Mon Mar 02 01:12:12.886508 2026] [php:error] [pid 52490] [client 4.193.248.52:0] script '/domains/ferguson.interport/wp-blog.php' not found or unable to stat
[Mon Mar 02 01:12:14.285009 2026] [php:error] [pid 52490] [client 4.193.248.52:0] script '/domains/ferguson.interport/wp-editor.php' not found or unable to stat
[Mon Mar 02 01:12:15.427714 2026] [php:error] [pid 52490] [client 4.193.248.52:0] script '/domains/ferguson.interport/wp.php' not found or unable to stat
[Mon Mar 02 01:12:15.655693 2026] [php:error] [pid 52490] [client 4.193.248.52:0] script '/domains/ferguson.interport/x.php' not found or unable to stat
[Mon Mar 02 01:12:24.731234 2026] [php:error] [pid 52500] [client 20.100.184.89:0] script '/domains/system_default/gfile.php' not found or unable to stat
[Mon Mar 02 01:12:24.836441 2026] [php:error] [pid 52500] [client 20.100.184.89:0] script '/domains/system_default/a2.php' not found or unable to stat
[Mon Mar 02 01:12:24.945962 2026] [php:error] [pid 52500] [client 20.100.184.89:0] script '/domains/system_default/sty.php' not found or unable to stat
[Mon Mar 02 01:12:25.060841 2026] [php:error] [pid 52500] [client 20.100.184.89:0] script '/domains/system_default/xxx.php' not found or unable to stat
[Mon Mar 02 01:12:25.153267 2026] [php:error] [pid 52500] [client 20.100.184.89:0] script '/domains/system_default/h.php' not found or unable to stat
[Mon Mar 02 01:12:25.245782 2026] [php:error] [pid 52500] [client 20.100.184.89:0] script '/domains/system_default/g.php' not found or unable to stat
[Mon Mar 02 01:12:25.371632 2026] [php:error] [pid 52500] [client 20.100.184.89:0] script '/domains/system_default/pp.php' not found or unable to stat
[Mon Mar 02 01:12:25.548257 2026] [php:error] [pid 52500] [client 20.100.184.89:0] script '/domains/system_default/sys.php' not found or unable to stat
[Mon Mar 02 01:12:25.652170 2026] [php:error] [pid 52500] [client 20.100.184.89:0] script '/domains/system_default/txets.php' not found or unable to stat
[Mon Mar 02 01:12:25.744336 2026] [php:error] [pid 52500] [client 20.100.184.89:0] script '/domains/system_default/tt.php' not found or unable to stat
[Mon Mar 02 01:12:25.986021 2026] [php:error] [pid 52500] [client 20.100.184.89:0] script '/domains/system_default/wp9.php' not found or unable to stat
[Mon Mar 02 01:12:26.082807 2026] [php:error] [pid 52500] [client 20.100.184.89:0] script '/domains/system_default/path.php' not found or unable to stat
[Mon Mar 02 01:12:26.176548 2026] [php:error] [pid 52500] [client 20.100.184.89:0] script '/domains/system_default/wdf.php' not found or unable to stat
[Mon Mar 02 01:12:26.295784 2026] [php:error] [pid 52500] [client 20.100.184.89:0] script '/domains/system_default/fleen.php' not found or unable to stat
[Mon Mar 02 01:12:26.393701 2026] [php:error] [pid 52500] [client 20.100.184.89:0] script '/domains/system_default/wp-tem.php' not found or unable to stat
[Mon Mar 02 01:12:26.486053 2026] [php:error] [pid 52500] [client 20.100.184.89:0] script '/domains/system_default/avim.php' not found or unable to stat
[Mon Mar 02 01:12:26.578482 2026] [php:error] [pid 52500] [client 20.100.184.89:0] script '/domains/system_default/autogooey.php' not found or unable to stat
[Mon Mar 02 01:12:26.670864 2026] [php:error] [pid 52500] [client 20.100.184.89:0] script '/domains/system_default/btx25.php' not found or unable to stat
[Mon Mar 02 01:12:26.763129 2026] [php:error] [pid 52500] [client 20.100.184.89:0] script '/domains/system_default/mga.php' not found or unable to stat
[Mon Mar 02 01:12:26.886455 2026] [php:error] [pid 52500] [client 20.100.184.89:0] script '/domains/system_default/maxro.php' not found or unable to stat
[Mon Mar 02 01:12:26.987892 2026] [php:error] [pid 52500] [client 20.100.184.89:0] script '/domains/system_default/agg.php' not found or unable to stat
[Mon Mar 02 01:12:27.087865 2026] [php:error] [pid 52500] [client 20.100.184.89:0] script '/domains/system_default/pass4.php' not found or unable to stat
[Mon Mar 02 01:12:27.308079 2026] [php:error] [pid 52500] [client 20.100.184.89:0] script '/domains/system_default/wsws.php' not found or unable to stat
[Mon Mar 02 01:12:27.407191 2026] [php:error] [pid 52500] [client 20.100.184.89:0] script '/domains/system_default/G-in.php' not found or unable to stat
[Mon Mar 02 01:12:27.515798 2026] [php:error] [pid 52500] [client 20.100.184.89:0] script '/domains/system_default/edit.php' not found or unable to stat
[Mon Mar 02 01:12:27.669873 2026] [php:error] [pid 52500] [client 20.100.184.89:0] script '/domains/system_default/loxi-o.php' not found or unable to stat
[Mon Mar 02 01:12:27.853955 2026] [php:error] [pid 52500] [client 20.100.184.89:0] script '/domains/system_default/66.php' not found or unable to stat
[Mon Mar 02 01:12:28.062131 2026] [php:error] [pid 52500] [client 20.100.184.89:0] script '/domains/system_default/olfclass.php' not found or unable to stat
[Mon Mar 02 01:12:28.154431 2026] [php:error] [pid 52500] [client 20.100.184.89:0] script '/domains/system_default/file59.php' not found or unable to stat
[Mon Mar 02 01:12:28.253248 2026] [php:error] [pid 52500] [client 20.100.184.89:0] script '/domains/system_default/fff.php' not found or unable to stat
[Mon Mar 02 01:12:28.384546 2026] [php:error] [pid 52500] [client 20.100.184.89:0] script '/domains/system_default/nw.php' not found or unable to stat
[Mon Mar 02 01:12:28.477212 2026] [php:error] [pid 52500] [client 20.100.184.89:0] script '/domains/system_default/X57.php' not found or unable to stat
[Mon Mar 02 01:12:28.588986 2026] [php:error] [pid 52500] [client 20.100.184.89:0] script '/domains/system_default/wpver.php' not found or unable to stat
[Mon Mar 02 01:12:28.731676 2026] [php:error] [pid 52486] [client 20.194.29.45:0] script '/domains/pmglobal/post.php' not found or unable to stat
[Mon Mar 02 01:12:28.773950 2026] [php:error] [pid 52500] [client 20.100.184.89:0] script '/domains/system_default/z.php' not found or unable to stat
[Mon Mar 02 01:12:28.866379 2026] [php:error] [pid 52500] [client 20.100.184.89:0] script '/domains/system_default/vx.php' not found or unable to stat
[Mon Mar 02 01:12:28.951744 2026] [php:error] [pid 52486] [client 20.194.29.45:0] script '/domains/pmglobal/1.php' not found or unable to stat
[Mon Mar 02 01:12:29.011564 2026] [php:error] [pid 52500] [client 20.100.184.89:0] script '/domains/system_default/wqqs.php' not found or unable to stat
[Mon Mar 02 01:12:29.103756 2026] [php:error] [pid 52500] [client 20.100.184.89:0] script '/domains/system_default/zc-318.php' not found or unable to stat
[Mon Mar 02 01:12:29.174195 2026] [php:error] [pid 52486] [client 20.194.29.45:0] script '/domains/pmglobal/flower.php' not found or unable to stat
[Mon Mar 02 01:12:29.308327 2026] [php:error] [pid 52500] [client 20.100.184.89:0] script '/domains/system_default/dom.php' not found or unable to stat
[Mon Mar 02 01:12:29.397756 2026] [php:error] [pid 52486] [client 20.194.29.45:0] script '/domains/pmglobal/admin.php' not found or unable to stat
[Mon Mar 02 01:12:29.482607 2026] [php:error] [pid 52500] [client 20.100.184.89:0] script '/domains/system_default/Okxob.php' not found or unable to stat
[Mon Mar 02 01:12:29.575643 2026] [php:error] [pid 52500] [client 20.100.184.89:0] script '/domains/system_default/moon3.php' not found or unable to stat
[Mon Mar 02 01:12:29.627358 2026] [php:error] [pid 52486] [client 20.194.29.45:0] script '/domains/pmglobal/file.php' not found or unable to stat
[Mon Mar 02 01:12:29.673749 2026] [php:error] [pid 52500] [client 20.100.184.89:0] script '/domains/system_default/thui.php' not found or unable to stat
[Mon Mar 02 01:12:29.766328 2026] [php:error] [pid 52500] [client 20.100.184.89:0] script '/domains/system_default/ebahvhhh.php' not found or unable to stat
[Mon Mar 02 01:12:29.841201 2026] [php:error] [pid 52486] [client 20.194.29.45:0] script '/domains/pmglobal/meta.php' not found or unable to stat
[Mon Mar 02 01:12:29.858693 2026] [php:error] [pid 52500] [client 20.100.184.89:0] script '/domains/system_default/snq.php' not found or unable to stat
[Mon Mar 02 01:12:29.954429 2026] [php:error] [pid 52500] [client 20.100.184.89:0] script '/domains/system_default/mcs.php' not found or unable to stat
[Mon Mar 02 01:12:30.046555 2026] [php:error] [pid 52500] [client 20.100.184.89:0] script '/domains/system_default/ok.php' not found or unable to stat
[Mon Mar 02 01:12:30.068317 2026] [php:error] [pid 52486] [client 20.194.29.45:0] script '/domains/pmglobal/index.php' not found or unable to stat
[Mon Mar 02 01:12:30.196282 2026] [php:error] [pid 52500] [client 20.100.184.89:0] script '/domains/system_default/xleet.php' not found or unable to stat
[Mon Mar 02 01:12:30.285799 2026] [php:error] [pid 52486] [client 20.194.29.45:0] script '/domains/pmglobal/about.php' not found or unable to stat
[Mon Mar 02 01:12:30.388538 2026] [php:error] [pid 52500] [client 20.100.184.89:0] script '/domains/system_default/xa.php' not found or unable to stat
[Mon Mar 02 01:12:30.483977 2026] [php:error] [pid 52500] [client 20.100.184.89:0] script '/domains/system_default/motu.php' not found or unable to stat
[Mon Mar 02 01:12:30.510031 2026] [php:error] [pid 52486] [client 20.194.29.45:0] script '/domains/pmglobal/randkeyword.php' not found or unable to stat
[Mon Mar 02 01:12:30.576788 2026] [php:error] [pid 52500] [client 20.100.184.89:0] script '/domains/system_default/tmpls.php' not found or unable to stat
[Mon Mar 02 01:12:30.722563 2026] [php:error] [pid 52486] [client 20.194.29.45:0] script '/domains/pmglobal/hehe.php' not found or unable to stat
[Mon Mar 02 01:12:30.820248 2026] [php:error] [pid 52500] [client 20.100.184.89:0] script '/domains/system_default/pouhg.php' not found or unable to stat
[Mon Mar 02 01:12:30.940771 2026] [php:error] [pid 52486] [client 20.194.29.45:0] script '/domains/pmglobal/yindu.php' not found or unable to stat
[Mon Mar 02 01:12:30.994368 2026] [php:error] [pid 52500] [client 20.100.184.89:0] script '/domains/system_default/ws61.php' not found or unable to stat
[Mon Mar 02 01:12:31.464712 2026] [php:error] [pid 52500] [client 20.100.184.89:0] script '/domains/system_default/app.php' not found or unable to stat
[Mon Mar 02 01:12:31.520002 2026] [php:error] [pid 52486] [client 20.194.29.45:0] script '/domains/pmglobal/baxa1.php' not found or unable to stat
[Mon Mar 02 01:12:31.676764 2026] [php:error] [pid 52500] [client 20.100.184.89:0] script '/domains/system_default/ws59.php' not found or unable to stat
[Mon Mar 02 01:12:31.768837 2026] [php:error] [pid 52500] [client 20.100.184.89:0] script '/domains/system_default/wp-blog.php' not found or unable to stat
[Mon Mar 02 01:12:31.873676 2026] [php:error] [pid 52500] [client 20.100.184.89:0] script '/domains/system_default/mamzi.php' not found or unable to stat
[Mon Mar 02 01:12:31.965745 2026] [php:error] [pid 52500] [client 20.100.184.89:0] script '/domains/system_default/222.php' not found or unable to stat
[Mon Mar 02 01:12:32.057919 2026] [php:error] [pid 52500] [client 20.100.184.89:0] script '/domains/system_default/ae.php' not found or unable to stat
[Mon Mar 02 01:12:32.150611 2026] [php:error] [pid 52500] [client 20.100.184.89:0] script '/domains/system_default/06.php' not found or unable to stat
[Mon Mar 02 01:12:32.330763 2026] [php:error] [pid 52500] [client 20.100.184.89:0] script '/domains/system_default/ws60.php' not found or unable to stat
[Mon Mar 02 01:12:32.422601 2026] [php:error] [pid 52500] [client 20.100.184.89:0] script '/domains/system_default/wp-freya.php' not found or unable to stat
[Mon Mar 02 01:12:32.534834 2026] [php:error] [pid 52500] [client 20.100.184.89:0] script '/domains/system_default/bb.php' not found or unable to stat
[Mon Mar 02 01:12:32.637697 2026] [php:error] [pid 52500] [client 20.100.184.89:0] script '/domains/system_default/dsd.php' not found or unable to stat
[Mon Mar 02 01:12:32.731108 2026] [php:error] [pid 52500] [client 20.100.184.89:0] script '/domains/system_default/guk.php' not found or unable to stat
[Mon Mar 02 01:12:32.956495 2026] [php:error] [pid 52500] [client 20.100.184.89:0] script '/domains/system_default/ze.php' not found or unable to stat
[Mon Mar 02 01:12:33.063969 2026] [php:error] [pid 52500] [client 20.100.184.89:0] script '/domains/system_default/file52.php' not found or unable to stat
[Mon Mar 02 01:12:33.157215 2026] [php:error] [pid 52500] [client 20.100.184.89:0] script '/domains/system_default/tax.php' not found or unable to stat
[Mon Mar 02 01:12:33.249810 2026] [php:error] [pid 52500] [client 20.100.184.89:0] script '/domains/system_default/an7.php' not found or unable to stat
[Mon Mar 02 01:12:33.343034 2026] [php:error] [pid 52500] [client 20.100.184.89:0] script '/domains/system_default/ty.php' not found or unable to stat
[Mon Mar 02 01:12:33.442969 2026] [php:error] [pid 52500] [client 20.100.184.89:0] script '/domains/system_default/brc.php' not found or unable to stat
[Mon Mar 02 01:12:33.599516 2026] [php:error] [pid 52500] [client 20.100.184.89:0] script '/domains/system_default/koiy.php' not found or unable to stat
[Mon Mar 02 01:12:33.691469 2026] [php:error] [pid 52500] [client 20.100.184.89:0] script '/domains/system_default/myfile.php' not found or unable to stat
[Mon Mar 02 01:12:34.262058 2026] [php:error] [pid 52500] [client 20.100.184.89:0] script '/domains/system_default/Ov-Simple1.php' not found or unable to stat
[Mon Mar 02 01:12:34.354404 2026] [php:error] [pid 52500] [client 20.100.184.89:0] script '/domains/system_default/gool.php' not found or unable to stat
[Mon Mar 02 01:12:34.620549 2026] [php:error] [pid 52500] [client 20.100.184.89:0] script '/domains/system_default/a1vx.php' not found or unable to stat
[Mon Mar 02 01:12:34.726314 2026] [php:error] [pid 52500] [client 20.100.184.89:0] script '/domains/system_default/mans.php' not found or unable to stat
[Mon Mar 02 01:12:34.818519 2026] [php:error] [pid 52500] [client 20.100.184.89:0] script '/domains/system_default/rum.php' not found or unable to stat
[Mon Mar 02 01:12:34.874822 2026] [php:error] [pid 52486] [client 20.194.29.45:0] script '/domains/pmglobal/user.php' not found or unable to stat
[Mon Mar 02 01:12:34.910675 2026] [php:error] [pid 52500] [client 20.100.184.89:0] script '/domains/system_default/sbhu.php' not found or unable to stat
[Mon Mar 02 01:12:35.088460 2026] [php:error] [pid 52486] [client 20.194.29.45:0] script '/domains/pmglobal/wp-2019.php' not found or unable to stat
[Mon Mar 02 01:12:35.138735 2026] [php:error] [pid 52500] [client 20.100.184.89:0] script '/domains/system_default/wio.php' not found or unable to stat
[Mon Mar 02 01:12:35.252192 2026] [php:error] [pid 52500] [client 20.100.184.89:0] script '/domains/system_default/clasa99.php' not found or unable to stat
[Mon Mar 02 01:12:35.324962 2026] [php:error] [pid 52486] [client 20.194.29.45:0] script '/domains/pmglobal/chosen.php' not found or unable to stat
[Mon Mar 02 01:12:35.436692 2026] [php:error] [pid 52500] [client 20.100.184.89:0] script '/domains/system_default/ws62.php' not found or unable to stat
[Mon Mar 02 01:12:35.537283 2026] [php:error] [pid 52486] [client 20.194.29.45:0] script '/domains/pmglobal/functions.php' not found or unable to stat
[Mon Mar 02 01:12:35.666822 2026] [php:error] [pid 52500] [client 20.100.184.89:0] script '/domains/system_default/new4.php' not found or unable to stat
[Mon Mar 02 01:12:35.759180 2026] [php:error] [pid 52500] [client 20.100.184.89:0] script '/domains/system_default/666.php' not found or unable to stat
[Mon Mar 02 01:12:35.759403 2026] [php:error] [pid 52486] [client 20.194.29.45:0] script '/domains/pmglobal/cron.php' not found or unable to stat
[Mon Mar 02 01:12:35.851594 2026] [php:error] [pid 52500] [client 20.100.184.89:0] script '/domains/system_default/co.php' not found or unable to stat
[Mon Mar 02 01:12:35.969950 2026] [php:error] [pid 52500] [client 20.100.184.89:0] script '/domains/system_default/cxc.php' not found or unable to stat
[Mon Mar 02 01:12:35.970718 2026] [php:error] [pid 52486] [client 20.194.29.45:0] script '/domains/pmglobal/edit.php' not found or unable to stat
[Mon Mar 02 01:12:36.062146 2026] [php:error] [pid 52500] [client 20.100.184.89:0] script '/domains/system_default/gjm.php' not found or unable to stat
[Mon Mar 02 01:12:36.182797 2026] [php:error] [pid 52486] [client 20.194.29.45:0] script '/domains/pmglobal/gecko-new.php' not found or unable to stat
[Mon Mar 02 01:12:36.261993 2026] [php:error] [pid 52500] [client 20.100.184.89:0] script '/domains/system_default/ex.php' not found or unable to stat
[Mon Mar 02 01:12:36.395785 2026] [php:error] [pid 52486] [client 20.194.29.45:0] script '/domains/pmglobal/cookie.php' not found or unable to stat
[Mon Mar 02 01:12:36.405508 2026] [php:error] [pid 52500] [client 20.100.184.89:0] script '/domains/system_default/post.php' not found or unable to stat
[Mon Mar 02 01:12:36.515234 2026] [php:error] [pid 52500] [client 20.100.184.89:0] script '/domains/system_default/wpo.php' not found or unable to stat
[Mon Mar 02 01:12:36.607496 2026] [php:error] [pid 52486] [client 20.194.29.45:0] script '/domains/pmglobal/xleet.php' not found or unable to stat
[Mon Mar 02 01:12:36.607727 2026] [php:error] [pid 52500] [client 20.100.184.89:0] script '/domains/system_default/jq.php' not found or unable to stat
[Mon Mar 02 01:12:36.814781 2026] [php:error] [pid 52486] [client 20.194.29.45:0] script '/domains/pmglobal/spip.php' not found or unable to stat
[Mon Mar 02 01:12:36.819820 2026] [php:error] [pid 52500] [client 20.100.184.89:0] script '/domains/system_default/x7.php' not found or unable to stat
[Mon Mar 02 01:12:36.952008 2026] [php:error] [pid 52500] [client 20.100.184.89:0] script '/domains/system_default/bes.php' not found or unable to stat
[Mon Mar 02 01:12:37.040542 2026] [php:error] [pid 52486] [client 20.194.29.45:0] script '/domains/pmglobal/22.php' not found or unable to stat
[Mon Mar 02 01:12:37.263778 2026] [php:error] [pid 52486] [client 20.194.29.45:0] script '/domains/pmglobal/room.php' not found or unable to stat
[Mon Mar 02 01:12:37.475411 2026] [php:error] [pid 52486] [client 20.194.29.45:0] script '/domains/pmglobal/disagreed.php' not found or unable to stat
[Mon Mar 02 01:12:37.584057 2026] [php:error] [pid 52490] [client 20.100.184.89:0] script '/domains/system_default/sadd.php' not found or unable to stat
[Mon Mar 02 01:12:37.667251 2026] [php:error] [pid 52486] [client 20.194.29.45:0] script '/domains/pmglobal/text.php' not found or unable to stat
[Mon Mar 02 01:12:37.676591 2026] [php:error] [pid 52490] [client 20.100.184.89:0] script '/domains/system_default/vgtyu.php' not found or unable to stat
[Mon Mar 02 01:12:37.857017 2026] [php:error] [pid 52486] [client 20.194.29.45:0] script '/domains/pmglobal/alfa-rex.php' not found or unable to stat
[Mon Mar 02 01:12:37.885936 2026] [php:error] [pid 52490] [client 20.100.184.89:0] script '/domains/system_default/166.php' not found or unable to stat
[Mon Mar 02 01:12:37.978454 2026] [php:error] [pid 52490] [client 20.100.184.89:0] script '/domains/system_default/fs.php' not found or unable to stat
[Mon Mar 02 01:12:38.116475 2026] [php:error] [pid 52490] [client 20.100.184.89:0] script '/domains/system_default/c4.php' not found or unable to stat
[Mon Mar 02 01:12:38.208848 2026] [php:error] [pid 52490] [client 20.100.184.89:0] script '/domains/system_default/eauu.php' not found or unable to stat
[Mon Mar 02 01:12:38.236527 2026] [php:error] [pid 52486] [client 20.194.29.45:0] script '/domains/pmglobal/feeds.php' not found or unable to stat
[Mon Mar 02 01:12:38.302389 2026] [php:error] [pid 52490] [client 20.100.184.89:0] script '/domains/system_default/fasx.php' not found or unable to stat
[Mon Mar 02 01:12:38.426567 2026] [php:error] [pid 52486] [client 20.194.29.45:0] script '/domains/pmglobal/radio.php' not found or unable to stat
[Mon Mar 02 01:12:38.616765 2026] [php:error] [pid 52486] [client 20.194.29.45:0] script '/domains/pmglobal/dropdown.php' not found or unable to stat
[Mon Mar 02 01:12:38.728358 2026] [php:error] [pid 52490] [client 20.100.184.89:0] script '/domains/system_default/opts.php' not found or unable to stat
[Mon Mar 02 01:12:38.807993 2026] [php:error] [pid 52486] [client 20.194.29.45:0] script '/domains/pmglobal/defaults.php' not found or unable to stat
[Mon Mar 02 01:12:38.844960 2026] [php:error] [pid 52490] [client 20.100.184.89:0] script '/domains/system_default/nzv.php' not found or unable to stat
[Mon Mar 02 01:12:38.937363 2026] [php:error] [pid 52490] [client 20.100.184.89:0] script '/domains/system_default/grsiuk.php' not found or unable to stat
[Mon Mar 02 01:12:39.001203 2026] [php:error] [pid 52486] [client 20.194.29.45:0] script '/domains/pmglobal/system.php' not found or unable to stat
[Mon Mar 02 01:12:39.029792 2026] [php:error] [pid 52490] [client 20.100.184.89:0] script '/domains/system_default/byp8.php' not found or unable to stat
[Mon Mar 02 01:12:39.125031 2026] [php:error] [pid 52490] [client 20.100.184.89:0] script '/domains/system_default/nhr.php' not found or unable to stat
[Mon Mar 02 01:12:39.213554 2026] [php:error] [pid 52486] [client 20.194.29.45:0] script '/domains/pmglobal/xmlrpc.php' not found or unable to stat
[Mon Mar 02 01:12:39.226541 2026] [php:error] [pid 52490] [client 20.100.184.89:0] script '/domains/system_default/wp-access.php' not found or unable to stat
[Mon Mar 02 01:12:39.318719 2026] [php:error] [pid 52490] [client 20.100.184.89:0] script '/domains/system_default/ws79.php' not found or unable to stat
[Mon Mar 02 01:12:39.411132 2026] [php:error] [pid 52490] [client 20.100.184.89:0] script '/domains/system_default/1061.php' not found or unable to stat
[Mon Mar 02 01:12:39.504435 2026] [php:error] [pid 52490] [client 20.100.184.89:0] script '/domains/system_default/zwq13.php' not found or unable to stat
[Mon Mar 02 01:12:39.612172 2026] [php:error] [pid 52490] [client 20.100.184.89:0] script '/domains/system_default/hello.php' not found or unable to stat
[Mon Mar 02 01:12:39.629528 2026] [php:error] [pid 52486] [client 20.194.29.45:0] script '/domains/pmglobal/colors.php' not found or unable to stat
[Mon Mar 02 01:12:39.714386 2026] [php:error] [pid 52490] [client 20.100.184.89:0] script '/domains/system_default/05.php' not found or unable to stat
[Mon Mar 02 01:12:39.806552 2026] [php:error] [pid 52490] [client 20.100.184.89:0] script '/domains/system_default/zxin.php' not found or unable to stat
[Mon Mar 02 01:12:39.860888 2026] [php:error] [pid 52486] [client 20.194.29.45:0] script '/domains/pmglobal/updates.php' not found or unable to stat
[Mon Mar 02 01:12:39.915065 2026] [php:error] [pid 52490] [client 20.100.184.89:0] script '/domains/system_default/fff.php' not found or unable to stat
[Mon Mar 02 01:12:40.021549 2026] [php:error] [pid 52490] [client 20.100.184.89:0] script '/domains/system_default/wp5.php' not found or unable to stat
[Mon Mar 02 01:12:40.135860 2026] [php:error] [pid 52490] [client 20.100.184.89:0] script '/domains/system_default/wp-good.php' not found or unable to stat
[Mon Mar 02 01:12:40.208949 2026] [php:error] [pid 52486] [client 20.194.29.45:0] script '/domains/pmglobal/alfa-rex1.php' not found or unable to stat
[Mon Mar 02 01:12:40.403265 2026] [php:error] [pid 52490] [client 20.100.184.89:0] script '/domains/system_default/iko.php' not found or unable to stat
[Mon Mar 02 01:12:40.496035 2026] [php:error] [pid 52490] [client 20.100.184.89:0] script '/domains/system_default/xmy.php' not found or unable to stat
[Mon Mar 02 01:12:40.514115 2026] [php:error] [pid 52486] [client 20.194.29.45:0] script '/domains/pmglobal/wp-index.php' not found or unable to stat
[Mon Mar 02 01:12:40.600874 2026] [php:error] [pid 52490] [client 20.100.184.89:0] script '/domains/system_default/fun.php' not found or unable to stat
[Mon Mar 02 01:12:40.693301 2026] [php:error] [pid 52490] [client 20.100.184.89:0] script '/domains/system_default/end.php' not found or unable to stat
[Mon Mar 02 01:12:40.705758 2026] [php:error] [pid 52486] [client 20.194.29.45:0] script '/domains/pmglobal/wp-admin.php' not found or unable to stat
[Mon Mar 02 01:12:40.785497 2026] [php:error] [pid 52490] [client 20.100.184.89:0] script '/domains/system_default/ah25.php' not found or unable to stat
[Mon Mar 02 01:12:40.894974 2026] [php:error] [pid 52486] [client 20.194.29.45:0] script '/domains/pmglobal/alfa.php' not found or unable to stat
[Mon Mar 02 01:12:40.981737 2026] [php:error] [pid 52490] [client 20.100.184.89:0] script '/domains/system_default/error1.php' not found or unable to stat
[Mon Mar 02 01:12:41.194823 2026] [php:error] [pid 52490] [client 20.100.184.89:0] script '/domains/system_default/thui.php' not found or unable to stat
[Mon Mar 02 01:12:41.275111 2026] [php:error] [pid 52486] [client 20.194.29.45:0] script '/domains/pmglobal/locale.php' not found or unable to stat
[Mon Mar 02 01:12:41.287202 2026] [php:error] [pid 52490] [client 20.100.184.89:0] script '/domains/system_default/ff1.php' not found or unable to stat
[Mon Mar 02 01:12:41.466562 2026] [php:error] [pid 52486] [client 20.194.29.45:0] script '/domains/pmglobal/wxo.php' not found or unable to stat
[Mon Mar 02 01:12:41.479884 2026] [php:error] [pid 52490] [client 20.100.184.89:0] script '/domains/system_default/wp-act.php' not found or unable to stat
[Mon Mar 02 01:12:41.656841 2026] [php:error] [pid 52486] [client 20.194.29.45:0] script '/domains/pmglobal/colour.php' not found or unable to stat
[Mon Mar 02 01:12:41.694361 2026] [php:error] [pid 52490] [client 20.100.184.89:0] script '/domains/system_default/wp-the.php' not found or unable to stat
[Mon Mar 02 01:12:41.888923 2026] [php:error] [pid 52486] [client 20.194.29.45:0] script '/domains/pmglobal/files.php' not found or unable to stat
[Mon Mar 02 01:12:41.976654 2026] [php:error] [pid 52490] [client 20.100.184.89:0] script '/domains/system_default/rpk.php' not found or unable to stat
[Mon Mar 02 01:12:42.081408 2026] [php:error] [pid 52490] [client 20.100.184.89:0] script '/domains/system_default/ms.php' not found or unable to stat
[Mon Mar 02 01:12:42.111685 2026] [php:error] [pid 52486] [client 20.194.29.45:0] script '/domains/pmglobal/install.php' not found or unable to stat
[Mon Mar 02 01:12:42.173539 2026] [php:error] [pid 52490] [client 20.100.184.89:0] script '/domains/system_default/155.php' not found or unable to stat
[Mon Mar 02 01:12:42.277950 2026] [php:error] [pid 52490] [client 20.100.184.89:0] script '/domains/system_default/e.php' not found or unable to stat
[Mon Mar 02 01:12:42.327489 2026] [php:error] [pid 52486] [client 20.194.29.45:0] script '/domains/pmglobal/wp-contentt.php' not found or unable to stat
[Mon Mar 02 01:12:42.370838 2026] [php:error] [pid 52490] [client 20.100.184.89:0] script '/domains/system_default/forbidals.php' not found or unable to stat
[Mon Mar 02 01:12:42.465273 2026] [php:error] [pid 52490] [client 20.100.184.89:0] script '/domains/system_default/X7x.php' not found or unable to stat
[Mon Mar 02 01:12:42.567797 2026] [php:error] [pid 52490] [client 20.100.184.89:0] script '/domains/system_default/ccou.php' not found or unable to stat
[Mon Mar 02 01:12:42.660933 2026] [php:error] [pid 52490] [client 20.100.184.89:0] script '/domains/system_default/get.php' not found or unable to stat
[Mon Mar 02 01:12:42.745345 2026] [php:error] [pid 52486] [client 20.194.29.45:0] script '/domains/pmglobal/config.php' not found or unable to stat
[Mon Mar 02 01:12:42.753322 2026] [php:error] [pid 52490] [client 20.100.184.89:0] script '/domains/system_default/koiy.php' not found or unable to stat
[Mon Mar 02 01:12:42.862562 2026] [php:error] [pid 52490] [client 20.100.184.89:0] script '/domains/system_default/ms.php' not found or unable to stat
[Mon Mar 02 01:12:42.935453 2026] [php:error] [pid 52486] [client 20.194.29.45:0] script '/domains/pmglobal/theme.php' not found or unable to stat
[Mon Mar 02 01:12:42.955710 2026] [php:error] [pid 52490] [client 20.100.184.89:0] script '/domains/system_default/plugins.php' not found or unable to stat
[Mon Mar 02 01:12:43.047920 2026] [php:error] [pid 52490] [client 20.100.184.89:0] script '/domains/system_default/raw.php' not found or unable to stat
[Mon Mar 02 01:12:43.157279 2026] [php:error] [pid 52490] [client 20.100.184.89:0] script '/domains/system_default/mini.php' not found or unable to stat
[Mon Mar 02 01:12:43.170758 2026] [php:error] [pid 52486] [client 20.194.29.45:0] script '/domains/pmglobal/block-bindings.php' not found or unable to stat
[Mon Mar 02 01:12:43.249877 2026] [php:error] [pid 52490] [client 20.100.184.89:0] script '/domains/system_default/rtx.php' not found or unable to stat
[Mon Mar 02 01:12:43.343913 2026] [php:error] [pid 52490] [client 20.100.184.89:0] script '/domains/system_default/xda.php' not found or unable to stat
[Mon Mar 02 01:12:43.401386 2026] [php:error] [pid 52486] [client 20.194.29.45:0] script '/domains/pmglobal/class_api.php' not found or unable to stat
[Mon Mar 02 01:12:43.436389 2026] [php:error] [pid 52490] [client 20.100.184.89:0] script '/domains/system_default/erty.php' not found or unable to stat
[Mon Mar 02 01:12:43.528540 2026] [php:error] [pid 52490] [client 20.100.184.89:0] script '/domains/system_default/0.php' not found or unable to stat
[Mon Mar 02 01:12:43.618838 2026] [php:error] [pid 52486] [client 20.194.29.45:0] script '/domains/pmglobal/inputs.php' not found or unable to stat
[Mon Mar 02 01:12:43.642713 2026] [php:error] [pid 52490] [client 20.100.184.89:0] script '/domains/system_default/moon.php' not found or unable to stat
[Mon Mar 02 01:12:43.741120 2026] [php:error] [pid 52490] [client 20.100.184.89:0] script '/domains/system_default/8.php' not found or unable to stat
[Mon Mar 02 01:12:43.833290 2026] [php:error] [pid 52490] [client 20.100.184.89:0] script '/domains/system_default/gec.php' not found or unable to stat
[Mon Mar 02 01:12:43.841293 2026] [php:error] [pid 52486] [client 20.194.29.45:0] script '/domains/pmglobal/root.php' not found or unable to stat
[Mon Mar 02 01:12:43.936982 2026] [php:error] [pid 52490] [client 20.100.184.89:0] script '/domains/system_default/sxdfrt.php' not found or unable to stat
[Mon Mar 02 01:12:44.029817 2026] [php:error] [pid 52490] [client 20.100.184.89:0] script '/domains/system_default/kj.php' not found or unable to stat
[Mon Mar 02 01:12:44.078275 2026] [php:error] [pid 52486] [client 20.194.29.45:0] script '/domains/pmglobal/menu.php' not found or unable to stat
[Mon Mar 02 01:12:44.198978 2026] [php:error] [pid 52490] [client 20.100.184.89:0] script '/domains/system_default/f6.php' not found or unable to stat
[Mon Mar 02 01:12:44.309184 2026] [php:error] [pid 52486] [client 20.194.29.45:0] script '/domains/pmglobal/goods.php' not found or unable to stat
[Mon Mar 02 01:12:44.486137 2026] [php:error] [pid 52490] [client 20.100.184.89:0] script '/domains/system_default/ocxla.php' not found or unable to stat
[Mon Mar 02 01:12:44.540338 2026] [php:error] [pid 52486] [client 20.194.29.45:0] script '/domains/pmglobal/plugin.php' not found or unable to stat
[Mon Mar 02 01:12:44.578469 2026] [php:error] [pid 52490] [client 20.100.184.89:0] script '/domains/system_default/god.php' not found or unable to stat
[Mon Mar 02 01:12:44.671219 2026] [php:error] [pid 52490] [client 20.100.184.89:0] script '/domains/system_default/cu.php' not found or unable to stat
