[Mon Mar 02 00:29:01.467049 2026] [php:error] [pid 51927] [client 45.133.5.64:0] script '/domains/koenig.interport/Marvins.php' not found or unable to stat
[Mon Mar 02 00:29:01.752817 2026] [php:error] [pid 51925] [client 45.133.6.90:0] script '/domains/mjbradley/edit.php' not found or unable to stat
[Mon Mar 02 00:29:01.930671 2026] [php:error] [pid 51927] [client 45.133.5.64:0] script '/domains/koenig.interport/wp-class.php' not found or unable to stat
[Mon Mar 02 00:29:02.401980 2026] [php:error] [pid 51927] [client 45.133.5.64:0] script '/domains/koenig.interport/xx.php' not found or unable to stat
[Mon Mar 02 00:29:02.616506 2026] [php:error] [pid 51927] [client 45.133.5.64:0] script '/domains/koenig.interport/autoload_classmap.php' not found or unable to stat
[Mon Mar 02 00:29:02.705892 2026] [php:error] [pid 51925] [client 45.133.6.90:0] script '/domains/mjbradley/wp-links-opml.php' not found or unable to stat
[Mon Mar 02 00:29:03.317545 2026] [php:error] [pid 51927] [client 45.133.5.64:0] script '/domains/koenig.interport/content.php' not found or unable to stat
[Mon Mar 02 00:29:03.441678 2026] [php:error] [pid 51925] [client 45.133.6.90:0] script '/domains/mjbradley/atomlib.php' not found or unable to stat
[Mon Mar 02 00:29:05.648378 2026] [php:error] [pid 51925] [client 45.133.6.90:0] script '/domains/mjbradley/xp.php' not found or unable to stat
[Mon Mar 02 00:29:06.333516 2026] [php:error] [pid 51924] [client 20.189.95.92:0] script '/domains/system_suspended/222.php' not found or unable to stat
[Mon Mar 02 00:29:06.350269 2026] [php:error] [pid 51920] [client 35.247.243.253:0] script '/domains/cccweb/adminer-4.8.1-mysql-en.php' not found or unable to stat
[Mon Mar 02 00:29:06.538470 2026] [php:error] [pid 51924] [client 20.189.95.92:0] script '/domains/system_suspended/404.php' not found or unable to stat
[Mon Mar 02 00:29:06.667921 2026] [php:error] [pid 51927] [client 45.133.5.64:0] script '/domains/koenig.interport/web.php' not found or unable to stat
[Mon Mar 02 00:29:06.743298 2026] [php:error] [pid 51924] [client 20.189.95.92:0] script '/domains/system_suspended/about.php' not found or unable to stat
[Mon Mar 02 00:29:06.948496 2026] [php:error] [pid 51924] [client 20.189.95.92:0] script '/domains/system_suspended/admin.php' not found or unable to stat
[Mon Mar 02 00:29:07.062547 2026] [php:error] [pid 51925] [client 45.133.6.90:0] script '/domains/mjbradley/wp-links.php' not found or unable to stat
[Mon Mar 02 00:29:07.153129 2026] [php:error] [pid 51924] [client 20.189.95.92:0] script '/domains/system_suspended/adminfuns.php' not found or unable to stat
[Mon Mar 02 00:29:07.357980 2026] [php:error] [pid 51924] [client 20.189.95.92:0] script '/domains/system_suspended/bless.php' not found or unable to stat
[Mon Mar 02 00:29:07.563862 2026] [php:error] [pid 51924] [client 20.189.95.92:0] script '/domains/system_suspended/bolt.php' not found or unable to stat
[Mon Mar 02 00:29:07.768960 2026] [php:error] [pid 51924] [client 20.189.95.92:0] script '/domains/system_suspended/ccou.php' not found or unable to stat
[Mon Mar 02 00:29:07.974181 2026] [php:error] [pid 51924] [client 20.189.95.92:0] script '/domains/system_suspended/class-t.api.php' not found or unable to stat
[Mon Mar 02 00:29:08.160870 2026] [php:error] [pid 51927] [client 45.133.5.64:0] script '/domains/koenig.interport/wp-trackback.php' not found or unable to stat
[Mon Mar 02 00:29:08.179107 2026] [php:error] [pid 51924] [client 20.189.95.92:0] script '/domains/system_suspended/css.php' not found or unable to stat
[Mon Mar 02 00:29:08.607221 2026] [php:error] [pid 51927] [client 45.133.5.64:0] script '/domains/koenig.interport/radio.php' not found or unable to stat
[Mon Mar 02 00:29:08.608104 2026] [php:error] [pid 51924] [client 20.189.95.92:0] script '/domains/system_suspended/edit.php' not found or unable to stat
[Mon Mar 02 00:29:08.812942 2026] [php:error] [pid 51924] [client 20.189.95.92:0] script '/domains/system_suspended/fff.php' not found or unable to stat
[Mon Mar 02 00:29:09.017617 2026] [php:error] [pid 51924] [client 20.189.95.92:0] script '/domains/system_suspended/file.php' not found or unable to stat
[Mon Mar 02 00:29:09.222538 2026] [php:error] [pid 51924] [client 20.189.95.92:0] script '/domains/system_suspended/fx.php' not found or unable to stat
[Mon Mar 02 00:29:09.444749 2026] [php:error] [pid 51924] [client 20.189.95.92:0] script '/domains/system_suspended/info.php' not found or unable to stat
[Mon Mar 02 00:29:09.649604 2026] [php:error] [pid 51924] [client 20.189.95.92:0] script '/domains/system_suspended/ioxi-o.php' not found or unable to stat
[Mon Mar 02 00:29:09.672143 2026] [php:error] [pid 51927] [client 45.133.5.64:0] script '/domains/koenig.interport/wp-conflg.php' not found or unable to stat
[Mon Mar 02 00:29:09.854613 2026] [php:error] [pid 51924] [client 20.189.95.92:0] script '/domains/system_suspended/rip.php' not found or unable to stat
[Mon Mar 02 00:29:09.951198 2026] [php:error] [pid 51927] [client 45.133.5.64:0] script '/domains/koenig.interport/wp-setup.php' not found or unable to stat
[Mon Mar 02 00:29:10.060540 2026] [php:error] [pid 51924] [client 20.189.95.92:0] script '/domains/system_suspended/server.php' not found or unable to stat
[Mon Mar 02 00:29:10.192223 2026] [php:error] [pid 51927] [client 45.133.5.64:0] script '/domains/koenig.interport/ms-themes.php' not found or unable to stat
[Mon Mar 02 00:29:10.223216 2026] [php:error] [pid 51930] [client 35.247.243.245:0] script '/domains/cccweb/adminer-4.2.1.php' not found or unable to stat
[Mon Mar 02 00:29:10.265123 2026] [php:error] [pid 51924] [client 20.189.95.92:0] script '/domains/system_suspended/wp-blog.php' not found or unable to stat
[Mon Mar 02 00:29:10.707061 2026] [php:error] [pid 51927] [client 45.133.5.64:0] script '/domains/koenig.interport/style.php' not found or unable to stat
[Mon Mar 02 00:29:10.885403 2026] [php:error] [pid 51925] [client 45.133.6.90:0] script '/domains/mjbradley/moon.php' not found or unable to stat
[Mon Mar 02 00:29:11.385290 2026] [php:error] [pid 51927] [client 45.133.5.64:0] script '/domains/koenig.interport/x.php' not found or unable to stat
[Mon Mar 02 00:29:11.508386 2026] [php:error] [pid 51924] [client 20.189.95.92:0] script '/domains/system_suspended/wp-editor.php' not found or unable to stat
[Mon Mar 02 00:29:11.981637 2026] [php:error] [pid 51925] [client 45.133.6.90:0] script '/domains/mjbradley/webadmin.php' not found or unable to stat
[Mon Mar 02 00:29:12.385888 2026] [php:error] [pid 51927] [client 45.133.5.64:0] script '/domains/koenig.interport/wp-user.php' not found or unable to stat
[Mon Mar 02 00:29:12.541428 2026] [php:error] [pid 51924] [client 20.189.95.92:0] script '/domains/system_suspended/wp.php' not found or unable to stat
[Mon Mar 02 00:29:12.755158 2026] [php:error] [pid 51924] [client 20.189.95.92:0] script '/domains/system_suspended/x.php' not found or unable to stat
[Mon Mar 02 00:29:12.927709 2026] [php:error] [pid 51925] [client 45.133.6.90:0] script '/domains/mjbradley/xl2023.php' not found or unable to stat
[Mon Mar 02 00:29:13.220822 2026] [php:error] [pid 51927] [client 45.133.5.64:0] script '/domains/koenig.interport/config.php' not found or unable to stat
[Mon Mar 02 00:29:13.256044 2026] [php:error] [pid 51925] [client 45.133.6.90:0] script '/domains/mjbradley/go.php' not found or unable to stat
[Mon Mar 02 00:29:13.558206 2026] [php:error] [pid 51927] [client 45.133.5.64:0] script '/domains/koenig.interport/special.php' not found or unable to stat
[Mon Mar 02 00:29:16.746590 2026] [php:error] [pid 51910] [client 45.133.5.86:0] script '/domains/koenig.interport/webdb.php' not found or unable to stat
[Mon Mar 02 00:29:17.243274 2026] [php:error] [pid 51910] [client 45.133.5.86:0] script '/domains/koenig.interport/file2.php' not found or unable to stat
[Mon Mar 02 00:29:17.699884 2026] [php:error] [pid 51910] [client 45.133.5.86:0] script '/domains/koenig.interport/alfa.php' not found or unable to stat
[Mon Mar 02 00:29:19.371647 2026] [php:error] [pid 51925] [client 45.133.6.90:0] script '/domains/mjbradley/hehehehe.php' not found or unable to stat
[Mon Mar 02 00:29:19.886568 2026] [php:error] [pid 51910] [client 45.133.5.86:0] script '/domains/koenig.interport/edit.php' not found or unable to stat
[Mon Mar 02 00:29:20.569737 2026] [php:error] [pid 51929] [client 35.247.243.243:0] script '/domains/cccweb/adminer-5.0.3.php' not found or unable to stat
[Mon Mar 02 00:29:20.901785 2026] [php:error] [pid 51910] [client 45.133.5.86:0] script '/domains/koenig.interport/wp-links-opml.php' not found or unable to stat
[Mon Mar 02 00:29:21.406077 2026] [php:error] [pid 51910] [client 45.133.5.86:0] script '/domains/koenig.interport/atomlib.php' not found or unable to stat
[Mon Mar 02 00:29:22.584327 2026] [php:error] [pid 51910] [client 45.133.5.86:0] script '/domains/koenig.interport/xp.php' not found or unable to stat
[Mon Mar 02 00:29:23.297048 2026] [php:error] [pid 51910] [client 45.133.5.86:0] script '/domains/koenig.interport/wp-links.php' not found or unable to stat
[Mon Mar 02 00:29:26.053055 2026] [php:error] [pid 51910] [client 45.133.5.86:0] script '/domains/koenig.interport/moon.php' not found or unable to stat
[Mon Mar 02 00:29:26.770615 2026] [php:error] [pid 51910] [client 45.133.5.86:0] script '/domains/koenig.interport/webadmin.php' not found or unable to stat
[Mon Mar 02 00:29:27.443931 2026] [php:error] [pid 51927] [client 20.63.41.168:0] script '/domains/takie/trx24.php' not found or unable to stat
[Mon Mar 02 00:29:27.491240 2026] [php:error] [pid 51927] [client 20.63.41.168:0] script '/domains/takie/cah.php' not found or unable to stat
[Mon Mar 02 00:29:27.538868 2026] [php:error] [pid 51927] [client 20.63.41.168:0] script '/domains/takie/acp.php' not found or unable to stat
[Mon Mar 02 00:29:27.550395 2026] [php:error] [pid 51910] [client 45.133.5.86:0] script '/domains/koenig.interport/xl2023.php' not found or unable to stat
[Mon Mar 02 00:29:27.562632 2026] [php:error] [pid 51927] [client 20.63.41.168:0] script '/domains/takie/muzu.php' not found or unable to stat
[Mon Mar 02 00:29:27.586199 2026] [php:error] [pid 51927] [client 20.63.41.168:0] script '/domains/takie/wpo.php' not found or unable to stat
[Mon Mar 02 00:29:27.610000 2026] [php:error] [pid 51927] [client 20.63.41.168:0] script '/domains/takie/x123x.php' not found or unable to stat
[Mon Mar 02 00:29:27.633691 2026] [php:error] [pid 51927] [client 20.63.41.168:0] script '/domains/takie/aq.php' not found or unable to stat
[Mon Mar 02 00:29:27.657455 2026] [php:error] [pid 51927] [client 20.63.41.168:0] script '/domains/takie/011i.php' not found or unable to stat
[Mon Mar 02 00:29:27.693641 2026] [php:error] [pid 51927] [client 20.63.41.168:0] script '/domains/takie/edit-tags.php' not found or unable to stat
[Mon Mar 02 00:29:27.717677 2026] [php:error] [pid 51927] [client 20.63.41.168:0] script '/domains/takie/as1337.php' not found or unable to stat
[Mon Mar 02 00:29:27.746860 2026] [php:error] [pid 51927] [client 20.63.41.168:0] script '/domains/takie/Okxob.php' not found or unable to stat
[Mon Mar 02 00:29:27.772248 2026] [php:error] [pid 51927] [client 20.63.41.168:0] script '/domains/takie/wolf-shell.php' not found or unable to stat
[Mon Mar 02 00:29:27.796038 2026] [php:error] [pid 51927] [client 20.63.41.168:0] script '/domains/takie/core.php' not found or unable to stat
[Mon Mar 02 00:29:27.797597 2026] [php:error] [pid 51910] [client 45.133.5.86:0] script '/domains/koenig.interport/go.php' not found or unable to stat
[Mon Mar 02 00:29:27.819611 2026] [php:error] [pid 51927] [client 20.63.41.168:0] script '/domains/takie/zeal.php' not found or unable to stat
[Mon Mar 02 00:29:27.843606 2026] [php:error] [pid 51927] [client 20.63.41.168:0] script '/domains/takie/asf.php' not found or unable to stat
[Mon Mar 02 00:29:27.867328 2026] [php:error] [pid 51927] [client 20.63.41.168:0] script '/domains/takie/sa.php' not found or unable to stat
[Mon Mar 02 00:29:28.878753 2026] [php:error] [pid 51924] [client 45.133.6.81:0] script '/domains/mjbradley/byp.php' not found or unable to stat
[Mon Mar 02 00:29:29.290760 2026] [php:error] [pid 51919] [client 34.96.162.52:0] script '/domains/cccweb/adminer-5.4.1.php' not found or unable to stat
[Mon Mar 02 00:29:31.021475 2026] [php:error] [pid 51919] [client 158.158.106.28:0] script '/domains/system_default/gfile.php' not found or unable to stat
[Mon Mar 02 00:29:31.106577 2026] [php:error] [pid 51919] [client 158.158.106.28:0] script '/domains/system_default/a2.php' not found or unable to stat
[Mon Mar 02 00:29:31.190870 2026] [php:error] [pid 51919] [client 158.158.106.28:0] script '/domains/system_default/sty.php' not found or unable to stat
[Mon Mar 02 00:29:31.276254 2026] [php:error] [pid 51919] [client 158.158.106.28:0] script '/domains/system_default/xxxx.php' not found or unable to stat
[Mon Mar 02 00:29:31.361096 2026] [php:error] [pid 51919] [client 158.158.106.28:0] script '/domains/system_default/h.php' not found or unable to stat
[Mon Mar 02 00:29:31.445015 2026] [php:error] [pid 51919] [client 158.158.106.28:0] script '/domains/system_default/g.php' not found or unable to stat
[Mon Mar 02 00:29:31.528550 2026] [php:error] [pid 51919] [client 158.158.106.28:0] script '/domains/system_default/pp.php' not found or unable to stat
[Mon Mar 02 00:29:31.595041 2026] [php:error] [pid 51924] [client 45.133.6.81:0] script '/domains/mjbradley/class.api.php' not found or unable to stat
[Mon Mar 02 00:29:31.612042 2026] [php:error] [pid 51919] [client 158.158.106.28:0] script '/domains/system_default/sys.php' not found or unable to stat
[Mon Mar 02 00:29:31.695582 2026] [php:error] [pid 51919] [client 158.158.106.28:0] script '/domains/system_default/txets.php' not found or unable to stat
[Mon Mar 02 00:29:31.779791 2026] [php:error] [pid 51919] [client 158.158.106.28:0] script '/domains/system_default/tt.php' not found or unable to stat
[Mon Mar 02 00:29:31.863755 2026] [php:error] [pid 51919] [client 158.158.106.28:0] script '/domains/system_default/wp9.php' not found or unable to stat
[Mon Mar 02 00:29:31.949364 2026] [php:error] [pid 51919] [client 158.158.106.28:0] script '/domains/system_default/path.php' not found or unable to stat
[Mon Mar 02 00:29:32.040766 2026] [php:error] [pid 51919] [client 158.158.106.28:0] script '/domains/system_default/wdf.php' not found or unable to stat
[Mon Mar 02 00:29:32.124821 2026] [php:error] [pid 51919] [client 158.158.106.28:0] script '/domains/system_default/fleen.php' not found or unable to stat
[Mon Mar 02 00:29:32.208477 2026] [php:error] [pid 51919] [client 158.158.106.28:0] script '/domains/system_default/wp-tem.php' not found or unable to stat
[Mon Mar 02 00:29:32.292362 2026] [php:error] [pid 51919] [client 158.158.106.28:0] script '/domains/system_default/av6m.php' not found or unable to stat
[Mon Mar 02 00:29:32.376171 2026] [php:error] [pid 51919] [client 158.158.106.28:0] script '/domains/system_default/autogooey.php' not found or unable to stat
[Mon Mar 02 00:29:32.459666 2026] [php:error] [pid 51919] [client 158.158.106.28:0] script '/domains/system_default/btx25.php' not found or unable to stat
[Mon Mar 02 00:29:32.543569 2026] [php:error] [pid 51919] [client 158.158.106.28:0] script '/domains/system_default/mga.php' not found or unable to stat
[Mon Mar 02 00:29:32.595480 2026] [php:error] [pid 51924] [client 45.133.6.81:0] script '/domains/mjbradley/system_log.php' not found or unable to stat
[Mon Mar 02 00:29:32.628922 2026] [php:error] [pid 51919] [client 158.158.106.28:0] script '/domains/system_default/maxro.php' not found or unable to stat
[Mon Mar 02 00:29:32.702525 2026] [php:error] [pid 51910] [client 45.133.5.86:0] script '/domains/koenig.interport/hehehehe.php' not found or unable to stat
[Mon Mar 02 00:29:32.712685 2026] [php:error] [pid 51919] [client 158.158.106.28:0] script '/domains/system_default/agg.php' not found or unable to stat
[Mon Mar 02 00:29:32.796644 2026] [php:error] [pid 51919] [client 158.158.106.28:0] script '/domains/system_default/pass4.php' not found or unable to stat
[Mon Mar 02 00:29:32.880017 2026] [php:error] [pid 51919] [client 158.158.106.28:0] script '/domains/system_default/wsvvs.php' not found or unable to stat
[Mon Mar 02 00:29:32.942676 2026] [php:error] [pid 51924] [client 45.133.6.81:0] script '/domains/mjbradley/.alf.php' not found or unable to stat
[Mon Mar 02 00:29:32.963503 2026] [php:error] [pid 51919] [client 158.158.106.28:0] script '/domains/system_default/G-In.php' not found or unable to stat
[Mon Mar 02 00:29:33.047137 2026] [php:error] [pid 51919] [client 158.158.106.28:0] script '/domains/system_default/edit.php' not found or unable to stat
[Mon Mar 02 00:29:33.130933 2026] [php:error] [pid 51919] [client 158.158.106.28:0] script '/domains/system_default/ioxi-o.php' not found or unable to stat
[Mon Mar 02 00:29:33.233033 2026] [php:error] [pid 51924] [client 45.133.6.81:0] script '/domains/mjbradley/wso.php' not found or unable to stat
[Mon Mar 02 00:29:33.302422 2026] [php:error] [pid 51919] [client 158.158.106.28:0] script '/domains/system_default/66.php' not found or unable to stat
[Mon Mar 02 00:29:33.469944 2026] [php:error] [pid 51919] [client 158.158.106.28:0] script '/domains/system_default/gifclass.php' not found or unable to stat
[Mon Mar 02 00:29:33.888193 2026] [php:error] [pid 51919] [client 158.158.106.28:0] script '/domains/system_default/sc.php' not found or unable to stat
[Mon Mar 02 00:29:33.971876 2026] [php:error] [pid 51919] [client 158.158.106.28:0] script '/domains/system_default/xmlrpc.php' not found or unable to stat
[Mon Mar 02 00:29:34.058927 2026] [php:error] [pid 51919] [client 158.158.106.28:0] script '/domains/system_default/ol.php' not found or unable to stat
[Mon Mar 02 00:29:34.108825 2026] [php:error] [pid 51924] [client 45.133.6.81:0] script '/domains/mjbradley/flower.php' not found or unable to stat
[Mon Mar 02 00:29:34.142687 2026] [php:error] [pid 51919] [client 158.158.106.28:0] script '/domains/system_default/f6.php' not found or unable to stat
[Mon Mar 02 00:29:34.226361 2026] [php:error] [pid 51919] [client 158.158.106.28:0] script '/domains/system_default/inputs.php' not found or unable to stat
[Mon Mar 02 00:29:34.309953 2026] [php:error] [pid 51919] [client 158.158.106.28:0] script '/domains/system_default/style.php' not found or unable to stat
[Mon Mar 02 00:29:34.394282 2026] [php:error] [pid 51919] [client 158.158.106.28:0] script '/domains/system_default/bgymj.php' not found or unable to stat
[Mon Mar 02 00:29:34.477876 2026] [php:error] [pid 51919] [client 158.158.106.28:0] script '/domains/system_default/aa.php' not found or unable to stat
[Mon Mar 02 00:29:34.561744 2026] [php:error] [pid 51919] [client 158.158.106.28:0] script '/domains/system_default/1.php' not found or unable to stat
[Mon Mar 02 00:29:34.645202 2026] [php:error] [pid 51919] [client 158.158.106.28:0] script '/domains/system_default/sc.php' not found or unable to stat
[Mon Mar 02 00:29:34.728913 2026] [php:error] [pid 51919] [client 158.158.106.28:0] script '/domains/system_default/av.php' not found or unable to stat
[Mon Mar 02 00:29:34.812511 2026] [php:error] [pid 51919] [client 158.158.106.28:0] script '/domains/system_default/file.php' not found or unable to stat
[Mon Mar 02 00:29:34.897633 2026] [php:error] [pid 51919] [client 158.158.106.28:0] script '/domains/system_default/666.php' not found or unable to stat
[Mon Mar 02 00:29:34.981240 2026] [php:error] [pid 51919] [client 158.158.106.28:0] script '/domains/system_default/file59.php' not found or unable to stat
[Mon Mar 02 00:29:35.067436 2026] [php:error] [pid 51919] [client 158.158.106.28:0] script '/domains/system_default/bless.php' not found or unable to stat
[Mon Mar 02 00:29:35.150965 2026] [php:error] [pid 51919] [client 158.158.106.28:0] script '/domains/system_default/wp9.php' not found or unable to stat
[Mon Mar 02 00:29:35.234599 2026] [php:error] [pid 51919] [client 158.158.106.28:0] script '/domains/system_default/wp-act.php' not found or unable to stat
[Mon Mar 02 00:29:35.317945 2026] [php:error] [pid 51919] [client 158.158.106.28:0] script '/domains/system_default/class-t.api.php' not found or unable to stat
[Mon Mar 02 00:29:35.401389 2026] [php:error] [pid 51919] [client 158.158.106.28:0] script '/domains/system_default/xqq.php' not found or unable to stat
[Mon Mar 02 00:29:35.518939 2026] [php:error] [pid 51924] [client 45.133.6.81:0] script '/domains/mjbradley/ioxi-o.php' not found or unable to stat
[Mon Mar 02 00:29:35.823969 2026] [php:error] [pid 51919] [client 158.158.106.28:0] script '/domains/system_default/06.php' not found or unable to stat
[Mon Mar 02 00:29:35.874707 2026] [php:error] [pid 51924] [client 45.133.6.81:0] script '/domains/mjbradley/info.php' not found or unable to stat
[Mon Mar 02 00:29:35.907707 2026] [php:error] [pid 51919] [client 158.158.106.28:0] script '/domains/system_default/plss3.php' not found or unable to stat
[Mon Mar 02 00:29:35.991466 2026] [php:error] [pid 51919] [client 158.158.106.28:0] script '/domains/system_default/aaa.php' not found or unable to stat
[Mon Mar 02 00:29:36.076022 2026] [php:error] [pid 51919] [client 158.158.106.28:0] script '/domains/system_default/classwithtostring.php' not found or unable to stat
[Mon Mar 02 00:29:36.167864 2026] [php:error] [pid 51924] [client 45.133.6.81:0] script '/domains/mjbradley/setup.php' not found or unable to stat
[Mon Mar 02 00:29:36.242708 2026] [php:error] [pid 51919] [client 158.158.106.28:0] script '/domains/system_default/tinyfilemanager.php' not found or unable to stat
[Mon Mar 02 00:29:36.326340 2026] [php:error] [pid 51919] [client 158.158.106.28:0] script '/domains/system_default/x.php' not found or unable to stat
[Mon Mar 02 00:29:36.410129 2026] [php:error] [pid 51919] [client 158.158.106.28:0] script '/domains/system_default/ms.php' not found or unable to stat
[Mon Mar 02 00:29:36.577189 2026] [php:error] [pid 51919] [client 158.158.106.28:0] script '/domains/system_default/wdf.php' not found or unable to stat
[Mon Mar 02 00:29:36.660784 2026] [php:error] [pid 51919] [client 158.158.106.28:0] script '/domains/system_default/wp-update.php' not found or unable to stat
[Mon Mar 02 00:29:36.744535 2026] [php:error] [pid 51919] [client 158.158.106.28:0] script '/domains/system_default/sbhu.php' not found or unable to stat
[Mon Mar 02 00:29:36.911897 2026] [php:error] [pid 51919] [client 158.158.106.28:0] script '/domains/system_default/wp-blog.php' not found or unable to stat
[Mon Mar 02 00:29:36.995545 2026] [php:error] [pid 51919] [client 158.158.106.28:0] script '/domains/system_default/test1.php' not found or unable to stat
[Mon Mar 02 00:29:37.162580 2026] [php:error] [pid 51919] [client 158.158.106.28:0] script '/domains/system_default/166.php' not found or unable to stat
[Mon Mar 02 00:29:37.245890 2026] [php:error] [pid 51919] [client 158.158.106.28:0] script '/domains/system_default/fleen.php' not found or unable to stat
[Mon Mar 02 00:29:37.413490 2026] [php:error] [pid 51919] [client 158.158.106.28:0] script '/domains/system_default/ms-edit.php' not found or unable to stat
[Mon Mar 02 00:29:37.498234 2026] [php:error] [pid 51919] [client 158.158.106.28:0] script '/domains/system_default/adminfuns.php' not found or unable to stat
[Mon Mar 02 00:29:37.583104 2026] [php:error] [pid 51919] [client 158.158.106.28:0] script '/domains/system_default/goods.php' not found or unable to stat
[Mon Mar 02 00:29:37.666540 2026] [php:error] [pid 51919] [client 158.158.106.28:0] script '/domains/system_default/ms-edit.php' not found or unable to stat
[Mon Mar 02 00:29:37.760426 2026] [php:error] [pid 51919] [client 158.158.106.28:0] script '/domains/system_default/222.php' not found or unable to stat
[Mon Mar 02 00:29:37.844181 2026] [php:error] [pid 51919] [client 158.158.106.28:0] script '/domains/system_default/plugins.php' not found or unable to stat
[Mon Mar 02 00:29:37.844342 2026] [php:error] [pid 51924] [client 45.133.6.81:0] script '/domains/mjbradley/as.php' not found or unable to stat
[Mon Mar 02 00:29:38.096425 2026] [php:error] [pid 51919] [client 158.158.106.28:0] script '/domains/system_default/ff1.php' not found or unable to stat
[Mon Mar 02 00:29:38.180129 2026] [php:error] [pid 51919] [client 158.158.106.28:0] script '/domains/system_default/fff.php' not found or unable to stat
[Mon Mar 02 00:29:38.265959 2026] [php:error] [pid 51924] [client 45.133.6.81:0] script '/domains/mjbradley/cc.php' not found or unable to stat
[Mon Mar 02 00:29:38.347256 2026] [php:error] [pid 51919] [client 158.158.106.28:0] script '/domains/system_default/goat.php' not found or unable to stat
[Mon Mar 02 00:29:38.430764 2026] [php:error] [pid 51919] [client 158.158.106.28:0] script '/domains/system_default/155.php' not found or unable to stat
[Mon Mar 02 00:29:38.514362 2026] [php:error] [pid 51919] [client 158.158.106.28:0] script '/domains/system_default/we.php' not found or unable to stat
[Mon Mar 02 00:29:38.598024 2026] [php:error] [pid 51919] [client 158.158.106.28:0] script '/domains/system_default/alpha.php' not found or unable to stat
[Mon Mar 02 00:29:38.681856 2026] [php:error] [pid 51919] [client 158.158.106.28:0] script '/domains/system_default/makeasmtp.php' not found or unable to stat
[Mon Mar 02 00:29:38.765474 2026] [php:error] [pid 51919] [client 158.158.106.28:0] script '/domains/system_default/wp-michan.php' not found or unable to stat
[Mon Mar 02 00:29:38.932302 2026] [php:error] [pid 51919] [client 158.158.106.28:0] script '/domains/system_default/wp-the.php' not found or unable to stat
[Mon Mar 02 00:29:38.935253 2026] [php:error] [pid 51924] [client 45.133.6.81:0] script '/domains/mjbradley/ab.php' not found or unable to stat
[Mon Mar 02 00:29:39.100290 2026] [php:error] [pid 51919] [client 158.158.106.28:0] script '/domains/system_default/BDKR28WP.php' not found or unable to stat
[Mon Mar 02 00:29:39.267224 2026] [php:error] [pid 51919] [client 158.158.106.28:0] script '/domains/system_default/wp.php' not found or unable to stat
[Mon Mar 02 00:29:39.435404 2026] [php:error] [pid 51919] [client 158.158.106.28:0] script '/domains/system_default/w4.php' not found or unable to stat
[Mon Mar 02 00:29:39.685769 2026] [php:error] [pid 51946] [client 158.158.106.28:0] script '/domains/system_default/ok.php' not found or unable to stat
[Mon Mar 02 00:29:39.768613 2026] [php:error] [pid 51946] [client 158.158.106.28:0] script '/domains/system_default/about.php' not found or unable to stat
[Mon Mar 02 00:29:39.851699 2026] [php:error] [pid 51946] [client 158.158.106.28:0] script '/domains/system_default/tymn.php' not found or unable to stat
[Mon Mar 02 00:29:39.934573 2026] [php:error] [pid 51946] [client 158.158.106.28:0] script '/domains/system_default/bak.php' not found or unable to stat
[Mon Mar 02 00:29:40.080039 2026] [php:error] [pid 51924] [client 45.133.6.81:0] script '/domains/mjbradley/doc.php' not found or unable to stat
[Mon Mar 02 00:29:40.100268 2026] [php:error] [pid 51946] [client 158.158.106.28:0] script '/domains/system_default/fe5.php' not found or unable to stat
[Mon Mar 02 00:29:40.183569 2026] [php:error] [pid 51946] [client 158.158.106.28:0] script '/domains/system_default/kj.php' not found or unable to stat
[Mon Mar 02 00:29:40.349014 2026] [php:error] [pid 51946] [client 158.158.106.28:0] script '/domains/system_default/av.php' not found or unable to stat
[Mon Mar 02 00:29:40.432224 2026] [php:error] [pid 51946] [client 158.158.106.28:0] script '/domains/system_default/abcd.php' not found or unable to stat
[Mon Mar 02 00:29:40.515507 2026] [php:error] [pid 51946] [client 158.158.106.28:0] script '/domains/system_default/init.php' not found or unable to stat
[Mon Mar 02 00:29:40.598809 2026] [php:error] [pid 51946] [client 158.158.106.28:0] script '/domains/system_default/fi.php' not found or unable to stat
[Mon Mar 02 00:29:40.652547 2026] [php:error] [pid 51935] [client 45.133.5.56:0] script '/domains/koenig.interport/byp.php' not found or unable to stat
[Mon Mar 02 00:29:40.681964 2026] [php:error] [pid 51946] [client 158.158.106.28:0] script '/domains/system_default/a1.php' not found or unable to stat
[Mon Mar 02 00:29:40.932072 2026] [php:error] [pid 51946] [client 158.158.106.28:0] script '/domains/system_default/f35.php' not found or unable to stat
[Mon Mar 02 00:29:41.012005 2026] [php:error] [pid 51924] [client 45.133.6.81:0] script '/domains/mjbradley/wp-login.php' not found or unable to stat
[Mon Mar 02 00:29:41.014821 2026] [php:error] [pid 51946] [client 158.158.106.28:0] script '/domains/system_default/hi.php' not found or unable to stat
[Mon Mar 02 00:29:41.097413 2026] [php:error] [pid 51946] [client 158.158.106.28:0] script '/domains/system_default/lala.php' not found or unable to stat
[Mon Mar 02 00:29:41.180813 2026] [php:error] [pid 51946] [client 158.158.106.28:0] script '/domains/system_default/lb.php' not found or unable to stat
[Mon Mar 02 00:29:41.346330 2026] [php:error] [pid 51946] [client 158.158.106.28:0] script '/domains/system_default/0.php' not found or unable to stat
[Mon Mar 02 00:29:41.352130 2026] [php:error] [pid 51924] [client 45.133.6.81:0] script '/domains/mjbradley/mar.php' not found or unable to stat
[Mon Mar 02 00:29:41.429182 2026] [php:error] [pid 51946] [client 158.158.106.28:0] script '/domains/system_default/core.php' not found or unable to stat
[Mon Mar 02 00:29:41.513445 2026] [php:error] [pid 51946] [client 158.158.106.28:0] script '/domains/system_default/autogooey.php' not found or unable to stat
[Mon Mar 02 00:29:41.679234 2026] [php:error] [pid 51946] [client 158.158.106.28:0] script '/domains/system_default/prv8.php' not found or unable to stat
[Mon Mar 02 00:29:41.764305 2026] [php:error] [pid 51946] [client 158.158.106.28:0] script '/domains/system_default/k.php' not found or unable to stat
[Mon Mar 02 00:29:41.847362 2026] [php:error] [pid 51946] [client 158.158.106.28:0] script '/domains/system_default/dev.php' not found or unable to stat
[Mon Mar 02 00:29:41.930218 2026] [php:error] [pid 51946] [client 158.158.106.28:0] script '/domains/system_default/x123x.php' not found or unable to stat
[Mon Mar 02 00:29:42.012852 2026] [php:error] [pid 51946] [client 158.158.106.28:0] script '/domains/system_default/bal.php' not found or unable to stat
[Mon Mar 02 00:29:42.101402 2026] [php:error] [pid 51946] [client 158.158.106.28:0] script '/domains/system_default/in.php' not found or unable to stat
[Mon Mar 02 00:29:42.184424 2026] [php:error] [pid 51946] [client 158.158.106.28:0] script '/domains/system_default/gssdd.php' not found or unable to stat
[Mon Mar 02 00:29:42.267255 2026] [php:error] [pid 51946] [client 158.158.106.28:0] script '/domains/system_default/motu.php' not found or unable to stat
[Mon Mar 02 00:29:42.345801 2026] [php:error] [pid 51924] [client 45.133.6.81:0] script '/domains/mjbradley/1.php' not found or unable to stat
[Mon Mar 02 00:29:42.350030 2026] [php:error] [pid 51946] [client 158.158.106.28:0] script '/domains/system_default/bs1.php' not found or unable to stat
[Mon Mar 02 00:29:42.432831 2026] [php:error] [pid 51946] [client 158.158.106.28:0] script '/domains/system_default/bengi.php' not found or unable to stat
[Mon Mar 02 00:29:42.516236 2026] [php:error] [pid 51946] [client 158.158.106.28:0] script '/domains/system_default/log.php' not found or unable to stat
[Mon Mar 02 00:29:42.595573 2026] [php:error] [pid 51935] [client 45.133.5.56:0] script '/domains/koenig.interport/class.api.php' not found or unable to stat
[Mon Mar 02 00:29:42.598970 2026] [php:error] [pid 51946] [client 158.158.106.28:0] script '/domains/system_default/miansha.php' not found or unable to stat
[Mon Mar 02 00:29:42.682428 2026] [php:error] [pid 51946] [client 158.158.106.28:0] script '/domains/system_default/erty.php' not found or unable to stat
[Mon Mar 02 00:29:42.848194 2026] [php:error] [pid 51946] [client 158.158.106.28:0] script '/domains/system_default/X57.php' not found or unable to stat
[Mon Mar 02 00:29:42.931599 2026] [php:error] [pid 51946] [client 158.158.106.28:0] script '/domains/system_default/axx.php' not found or unable to stat
[Mon Mar 02 00:29:43.018665 2026] [php:error] [pid 51946] [client 158.158.106.28:0] script '/domains/system_default/alfashell.php' not found or unable to stat
[Mon Mar 02 00:29:43.101639 2026] [php:error] [pid 51946] [client 158.158.106.28:0] script '/domains/system_default/myfile.php' not found or unable to stat
[Mon Mar 02 00:29:43.185135 2026] [php:error] [pid 51946] [client 158.158.106.28:0] script '/domains/system_default/re.php' not found or unable to stat
[Mon Mar 02 00:29:43.268201 2026] [php:error] [pid 51946] [client 158.158.106.28:0] script '/domains/system_default/styll.php' not found or unable to stat
[Mon Mar 02 00:29:43.351054 2026] [php:error] [pid 51946] [client 158.158.106.28:0] script '/domains/system_default/flower.php' not found or unable to stat
[Mon Mar 02 00:29:43.433858 2026] [php:error] [pid 51946] [client 158.158.106.28:0] script '/domains/system_default/flower2.php' not found or unable to stat
[Mon Mar 02 00:29:43.484816 2026] [php:error] [pid 51935] [client 45.133.5.56:0] script '/domains/koenig.interport/system_log.php' not found or unable to stat
[Mon Mar 02 00:29:43.516524 2026] [php:error] [pid 51946] [client 158.158.106.28:0] script '/domains/system_default/4h.php' not found or unable to stat
[Mon Mar 02 00:29:43.599890 2026] [php:error] [pid 51946] [client 158.158.106.28:0] script '/domains/system_default/gettest.php' not found or unable to stat
[Mon Mar 02 00:29:43.684557 2026] [php:error] [pid 51946] [client 158.158.106.28:0] script '/domains/system_default/acp.php' not found or unable to stat
[Mon Mar 02 00:29:43.694074 2026] [php:error] [pid 51935] [client 45.133.5.56:0] script '/domains/koenig.interport/.alf.php' not found or unable to stat
[Mon Mar 02 00:29:43.767837 2026] [php:error] [pid 51946] [client 158.158.106.28:0] script '/domains/system_default/database.php' not found or unable to stat
[Mon Mar 02 00:29:43.971547 2026] [php:error] [pid 51935] [client 45.133.5.56:0] script '/domains/koenig.interport/wso.php' not found or unable to stat
[Mon Mar 02 00:29:44.572502 2026] [php:error] [pid 51935] [client 45.133.5.56:0] script '/domains/koenig.interport/flower.php' not found or unable to stat
[Mon Mar 02 00:29:45.272270 2026] [php:error] [pid 51924] [client 45.133.6.81:0] script '/domains/mjbradley/fm.php' not found or unable to stat
[Mon Mar 02 00:29:45.598442 2026] [php:error] [pid 51935] [client 45.133.5.56:0] script '/domains/koenig.interport/ioxi-o.php' not found or unable to stat
[Mon Mar 02 00:29:45.948230 2026] [php:error] [pid 51935] [client 45.133.5.56:0] script '/domains/koenig.interport/info.php' not found or unable to stat
[Mon Mar 02 00:29:46.177304 2026] [php:error] [pid 51935] [client 45.133.5.56:0] script '/domains/koenig.interport/setup.php' not found or unable to stat
[Mon Mar 02 00:29:46.655843 2026] [php:error] [pid 51924] [client 45.133.6.81:0] script '/domains/mjbradley/ini.php' not found or unable to stat
[Mon Mar 02 00:29:47.438591 2026] [php:error] [pid 51935] [client 45.133.5.56:0] script '/domains/koenig.interport/as.php' not found or unable to stat
[Mon Mar 02 00:29:47.672026 2026] [php:error] [pid 51935] [client 45.133.5.56:0] script '/domains/koenig.interport/cc.php' not found or unable to stat
[Mon Mar 02 00:29:48.256710 2026] [php:error] [pid 51935] [client 45.133.5.56:0] script '/domains/koenig.interport/ab.php' not found or unable to stat
[Mon Mar 02 00:29:48.996846 2026] [php:error] [pid 51935] [client 45.133.5.56:0] script '/domains/koenig.interport/doc.php' not found or unable to stat
[Mon Mar 02 00:29:49.873321 2026] [php:error] [pid 51935] [client 45.133.5.56:0] script '/domains/koenig.interport/wp-login.php' not found or unable to stat
[Mon Mar 02 00:29:50.117687 2026] [php:error] [pid 51935] [client 45.133.5.56:0] script '/domains/koenig.interport/mar.php' not found or unable to stat
[Mon Mar 02 00:29:50.152719 2026] [php:error] [pid 51919] [client 45.133.6.76:0] script '/domains/mjbradley/wp-content.php' not found or unable to stat
[Mon Mar 02 00:29:50.993327 2026] [php:error] [pid 51945] [client 34.96.162.55:0] script '/domains/cccweb/adminer-5.2.0-mysql.php' not found or unable to stat
[Mon Mar 02 00:29:51.015503 2026] [php:error] [pid 51935] [client 45.133.5.56:0] script '/domains/koenig.interport/1.php' not found or unable to stat
[Mon Mar 02 00:29:51.131588 2026] [php:error] [pid 51934] [client 34.96.162.60:0] script '/domains/cccweb/__adm.php' not found or unable to stat
[Mon Mar 02 00:29:51.767212 2026] [php:error] [pid 51919] [client 45.133.6.76:0] script '/domains/mjbradley/customize.php' not found or unable to stat
[Mon Mar 02 00:29:52.084403 2026] [php:error] [pid 51919] [client 45.133.6.76:0] script '/domains/mjbradley/license.php' not found or unable to stat
[Mon Mar 02 00:29:52.109782 2026] [php:error] [pid 51936] [client 20.219.132.149:0] script '/domains/system_cancel/about.php' not found or unable to stat
[Mon Mar 02 00:29:52.746484 2026] [php:error] [pid 51936] [client 20.219.132.149:0] script '/domains/system_cancel/xmlrpc.php' not found or unable to stat
[Mon Mar 02 00:29:52.752568 2026] [php:error] [pid 51919] [client 45.133.6.76:0] script '/domains/mjbradley/lock.php' not found or unable to stat
[Mon Mar 02 00:29:52.909536 2026] [php:error] [pid 51935] [client 45.133.5.56:0] script '/domains/koenig.interport/fm.php' not found or unable to stat
[Mon Mar 02 00:29:53.147574 2026] [php:error] [pid 51936] [client 20.219.132.149:0] script '/domains/system_cancel/ioxi-o.php' not found or unable to stat
[Mon Mar 02 00:29:53.345434 2026] [php:error] [pid 51936] [client 20.219.132.149:0] script '/domains/system_cancel/class-t.api.php' not found or unable to stat
[Mon Mar 02 00:29:53.542873 2026] [php:error] [pid 51936] [client 20.219.132.149:0] script '/domains/system_cancel/admin.php' not found or unable to stat
[Mon Mar 02 00:29:53.946399 2026] [php:error] [pid 51936] [client 20.219.132.149:0] script '/domains/system_cancel/rip.php' not found or unable to stat
[Mon Mar 02 00:29:53.989612 2026] [php:error] [pid 51935] [client 45.133.5.56:0] script '/domains/koenig.interport/ini.php' not found or unable to stat
[Mon Mar 02 00:29:54.145431 2026] [php:error] [pid 51936] [client 20.219.132.149:0] script '/domains/system_cancel/autoload_classmap.php' not found or unable to stat
[Mon Mar 02 00:29:54.577015 2026] [php:error] [pid 51936] [client 20.219.132.149:0] script '/domains/system_cancel/chosen.php' not found or unable to stat
[Mon Mar 02 00:29:54.637682 2026] [php:error] [pid 51946] [client 35.247.243.252:0] script '/domains/cccweb/adminer-4.6.2.php' not found or unable to stat
[Mon Mar 02 00:29:54.778255 2026] [php:error] [pid 51936] [client 20.219.132.149:0] script '/domains/system_cancel/classwithtostring.php' not found or unable to stat
[Mon Mar 02 00:29:55.019708 2026] [php:error] [pid 51936] [client 20.219.132.149:0] script '/domains/system_cancel/defaults.php' not found or unable to stat
[Mon Mar 02 00:29:55.082486 2026] [php:error] [pid 51919] [client 45.133.6.76:0] script '/domains/mjbradley/wp-good.php' not found or unable to stat
[Mon Mar 02 00:29:56.020245 2026] [php:error] [pid 51936] [client 20.219.132.149:0] script '/domains/system_cancel/info.php' not found or unable to stat
[Mon Mar 02 00:29:57.342661 2026] [php:error] [pid 51946] [client 45.133.5.93:0] script '/domains/koenig.interport/wp-content.php' not found or unable to stat
[Mon Mar 02 00:29:57.449819 2026] [php:error] [pid 51936] [client 20.219.132.149:0] script '/domains/system_cancel/adminfuns.php' not found or unable to stat
[Mon Mar 02 00:29:57.710429 2026] [php:error] [pid 51919] [client 45.133.6.76:0] script '/domains/mjbradley/ff2.php' not found or unable to stat
[Mon Mar 02 00:29:58.623077 2026] [php:error] [pid 51946] [client 45.133.5.93:0] script '/domains/koenig.interport/customize.php' not found or unable to stat
[Mon Mar 02 00:29:58.886527 2026] [php:error] [pid 51946] [client 45.133.5.93:0] script '/domains/koenig.interport/license.php' not found or unable to stat
[Mon Mar 02 00:29:59.008029 2026] [php:error] [pid 51919] [client 45.133.6.76:0] script '/domains/mjbradley/jp.php' not found or unable to stat
[Mon Mar 02 00:29:59.339431 2026] [php:error] [pid 51946] [client 45.133.5.93:0] script '/domains/koenig.interport/lock.php' not found or unable to stat
[Mon Mar 02 00:29:59.369571 2026] [php:error] [pid 51919] [client 45.133.6.76:0] script '/domains/mjbradley/wp-atom.php' not found or unable to stat
[Mon Mar 02 00:29:59.975969 2026] [php:error] [pid 51919] [client 45.133.6.76:0] script '/domains/mjbradley/up.php' not found or unable to stat
[Mon Mar 02 00:30:00.449373 2026] [php:error] [pid 51934] [client 52.231.70.237:0] script '/domains/piltdweb1/222.php' not found or unable to stat
[Mon Mar 02 00:30:00.644412 2026] [php:error] [pid 51934] [client 52.231.70.237:0] script '/domains/piltdweb1/404.php' not found or unable to stat
[Mon Mar 02 00:30:00.840317 2026] [php:error] [pid 51934] [client 52.231.70.237:0] script '/domains/piltdweb1/about.php' not found or unable to stat
[Mon Mar 02 00:30:01.050037 2026] [php:error] [pid 51934] [client 52.231.70.237:0] script '/domains/piltdweb1/admin.php' not found or unable to stat
[Mon Mar 02 00:30:01.245170 2026] [php:error] [pid 51934] [client 52.231.70.237:0] script '/domains/piltdweb1/adminfuns.php' not found or unable to stat
[Mon Mar 02 00:30:01.440534 2026] [php:error] [pid 51934] [client 52.231.70.237:0] script '/domains/piltdweb1/bless.php' not found or unable to stat
[Mon Mar 02 00:30:01.635592 2026] [php:error] [pid 51934] [client 52.231.70.237:0] script '/domains/piltdweb1/bolt.php' not found or unable to stat
[Mon Mar 02 00:30:01.689427 2026] [php:error] [pid 51946] [client 45.133.5.93:0] script '/domains/koenig.interport/wp-good.php' not found or unable to stat
[Mon Mar 02 00:30:01.830739 2026] [php:error] [pid 51934] [client 52.231.70.237:0] script '/domains/piltdweb1/ccou.php' not found or unable to stat
[Mon Mar 02 00:30:02.025756 2026] [php:error] [pid 51934] [client 52.231.70.237:0] script '/domains/piltdweb1/class-t.api.php' not found or unable to stat
[Mon Mar 02 00:30:02.223272 2026] [php:error] [pid 51934] [client 52.231.70.237:0] script '/domains/piltdweb1/css.php' not found or unable to stat
[Mon Mar 02 00:30:02.444136 2026] [php:error] [pid 51934] [client 52.231.70.237:0] script '/domains/piltdweb1/css/000.php' not found or unable to stat
[Mon Mar 02 00:30:02.639164 2026] [php:error] [pid 51934] [client 52.231.70.237:0] script '/domains/piltdweb1/edit.php' not found or unable to stat
[Mon Mar 02 00:30:02.834306 2026] [php:error] [pid 51934] [client 52.231.70.237:0] script '/domains/piltdweb1/fff.php' not found or unable to stat
[Mon Mar 02 00:30:03.029412 2026] [php:error] [pid 51934] [client 52.231.70.237:0] script '/domains/piltdweb1/file.php' not found or unable to stat
[Mon Mar 02 00:30:03.224570 2026] [php:error] [pid 51934] [client 52.231.70.237:0] script '/domains/piltdweb1/fx.php' not found or unable to stat
[Mon Mar 02 00:30:03.427895 2026] [php:error] [pid 51934] [client 52.231.70.237:0] script '/domains/piltdweb1/info.php' not found or unable to stat
[Mon Mar 02 00:30:03.468366 2026] [php:error] [pid 51919] [client 45.133.6.76:0] script '/domains/mjbradley/worm.PhP' not found or unable to stat
[Mon Mar 02 00:30:03.623420 2026] [php:error] [pid 51934] [client 52.231.70.237:0] script '/domains/piltdweb1/ioxi-o.php' not found or unable to stat
[Mon Mar 02 00:30:03.711476 2026] [php:error] [pid 51945] [client 34.96.162.56:0] script '/domains/cccweb/adminer-4.7.2.php' not found or unable to stat
[Mon Mar 02 00:30:03.818474 2026] [php:error] [pid 51934] [client 52.231.70.237:0] script '/domains/piltdweb1/rip.php' not found or unable to stat
[Mon Mar 02 00:30:03.948043 2026] [php:error] [pid 51946] [client 45.133.5.93:0] script '/domains/koenig.interport/ff2.php' not found or unable to stat
[Mon Mar 02 00:30:03.955530 2026] [php:error] [pid 51919] [client 45.133.6.76:0] script '/domains/mjbradley/ext.php' not found or unable to stat
[Mon Mar 02 00:30:04.013484 2026] [php:error] [pid 51934] [client 52.231.70.237:0] script '/domains/piltdweb1/server.php' not found or unable to stat
[Mon Mar 02 00:30:04.208537 2026] [php:error] [pid 51934] [client 52.231.70.237:0] script '/domains/piltdweb1/wp-blog.php' not found or unable to stat
[Mon Mar 02 00:30:04.418287 2026] [php:error] [pid 51919] [client 45.133.6.76:0] script '/domains/mjbradley/delpaths.php' not found or unable to stat
[Mon Mar 02 00:30:05.082203 2026] [php:error] [pid 51946] [client 45.133.5.93:0] script '/domains/koenig.interport/jp.php' not found or unable to stat
[Mon Mar 02 00:30:05.305114 2026] [php:error] [pid 51946] [client 45.133.5.93:0] script '/domains/koenig.interport/wp-atom.php' not found or unable to stat
[Mon Mar 02 00:30:05.385302 2026] [php:error] [pid 51934] [client 52.231.70.237:0] script '/domains/piltdweb1/wp-editor.php' not found or unable to stat
[Mon Mar 02 00:30:05.865962 2026] [php:error] [pid 51946] [client 45.133.5.93:0] script '/domains/koenig.interport/up.php' not found or unable to stat
[Mon Mar 02 00:30:06.389365 2026] [php:error] [pid 51934] [client 52.231.70.237:0] script '/domains/piltdweb1/wp.php' not found or unable to stat
[Mon Mar 02 00:30:06.584379 2026] [php:error] [pid 51934] [client 52.231.70.237:0] script '/domains/piltdweb1/x.php' not found or unable to stat
[Mon Mar 02 00:30:07.378950 2026] [php:error] [pid 51946] [client 45.133.5.93:0] script '/domains/koenig.interport/worm.PhP' not found or unable to stat
[Mon Mar 02 00:30:07.770414 2026] [php:error] [pid 51946] [client 45.133.5.93:0] script '/domains/koenig.interport/ext.php' not found or unable to stat
[Mon Mar 02 00:30:07.837730 2026] [php:error] [pid 51919] [client 45.133.6.76:0] script '/domains/mjbradley/gifclass.php' not found or unable to stat
[Mon Mar 02 00:30:08.105489 2026] [php:error] [pid 51946] [client 45.133.5.93:0] script '/domains/koenig.interport/delpaths.php' not found or unable to stat
[Mon Mar 02 00:30:08.188225 2026] [php:error] [pid 51919] [client 45.133.6.76:0] script '/domains/mjbradley/plugin.php' not found or unable to stat
[Mon Mar 02 00:30:08.984100 2026] [php:error] [pid 51919] [client 45.133.6.76:0] script '/domains/mjbradley/update-core.php' not found or unable to stat
[Mon Mar 02 00:30:09.059801 2026] [php:error] [pid 51952] [client 104.208.116.225:0] script '/domains/markrose/inputs.php' not found or unable to stat
[Mon Mar 02 00:30:09.265580 2026] [php:error] [pid 51952] [client 104.208.116.225:0] script '/domains/markrose/ioxi-o.php' not found or unable to stat
[Mon Mar 02 00:30:09.546669 2026] [php:error] [pid 51936] [client 34.96.162.57:0] script '/domains/cccweb/SQL.php' not found or unable to stat
[Mon Mar 02 00:30:09.555949 2026] [php:error] [pid 51946] [client 45.133.5.93:0] script '/domains/koenig.interport/gifclass.php' not found or unable to stat
[Mon Mar 02 00:30:09.595605 2026] [php:error] [pid 51919] [client 45.133.6.76:0] script '/domains/mjbradley/wp-mail.php' not found or unable to stat
[Mon Mar 02 00:30:09.702135 2026] [php:error] [pid 51952] [client 104.208.116.225:0] script '/domains/markrose/rip.php' not found or unable to stat
[Mon Mar 02 00:30:09.782658 2026] [php:error] [pid 51946] [client 45.133.5.93:0] script '/domains/koenig.interport/plugin.php' not found or unable to stat
[Mon Mar 02 00:30:09.910944 2026] [php:error] [pid 51952] [client 104.208.116.225:0] script '/domains/markrose/admin.php' not found or unable to stat
[Mon Mar 02 00:30:10.299679 2026] [php:error] [pid 51946] [client 45.133.5.93:0] script '/domains/koenig.interport/update-core.php' not found or unable to stat
[Mon Mar 02 00:30:10.343307 2026] [php:error] [pid 51952] [client 104.208.116.225:0] script '/domains/markrose/cache.php' not found or unable to stat
[Mon Mar 02 00:30:10.549865 2026] [php:error] [pid 51952] [client 104.208.116.225:0] script '/domains/markrose/themes.php' not found or unable to stat
[Mon Mar 02 00:30:10.754737 2026] [php:error] [pid 51952] [client 104.208.116.225:0] script '/domains/markrose/an.php' not found or unable to stat
[Mon Mar 02 00:30:10.858095 2026] [php:error] [pid 51946] [client 45.133.5.93:0] script '/domains/koenig.interport/wp-mail.php' not found or unable to stat
[Mon Mar 02 00:30:11.370027 2026] [php:error] [pid 51952] [client 104.208.116.225:0] script '/domains/markrose/ws.php' not found or unable to stat
[Mon Mar 02 00:30:11.575098 2026] [php:error] [pid 51952] [client 104.208.116.225:0] script '/domains/markrose/404.php' not found or unable to stat
[Mon Mar 02 00:30:11.920894 2026] [php:error] [pid 51927] [client 35.247.243.241:0] script '/domains/cccweb/adminer-5.0.3.php' not found or unable to stat
[Mon Mar 02 00:30:12.008410 2026] [php:error] [pid 51952] [client 104.208.116.225:0] script '/domains/markrose/wp-conf.php' not found or unable to stat
[Mon Mar 02 00:30:12.418888 2026] [php:error] [pid 51952] [client 104.208.116.225:0] script '/domains/markrose/wp-login.php' not found or unable to stat
[Mon Mar 02 00:30:12.624342 2026] [php:error] [pid 51952] [client 104.208.116.225:0] script '/domains/markrose/abc.php' not found or unable to stat
[Mon Mar 02 00:30:12.830165 2026] [php:error] [pid 51952] [client 104.208.116.225:0] script '/domains/markrose/abcd.php' not found or unable to stat
[Mon Mar 02 00:30:13.047779 2026] [php:error] [pid 51952] [client 104.208.116.225:0] script '/domains/markrose/as.php' not found or unable to stat
[Mon Mar 02 00:30:13.252962 2026] [php:error] [pid 51952] [client 104.208.116.225:0] script '/domains/markrose/wp-trackback.php' not found or unable to stat
