[Mon Mar 02 00:49:00.589855 2026] [php:error] [pid 52193] [client 4.193.97.168:0] script '/domains/nostrada/xmlrpc.php' not found or unable to stat
[Mon Mar 02 00:49:00.666851 2026] [php:error] [pid 52201] [client 74.248.24.167:0] script '/domains/system_default/av.php' not found or unable to stat
[Mon Mar 02 00:49:00.768078 2026] [php:error] [pid 52201] [client 74.248.24.167:0] script '/domains/system_default/abcd.php' not found or unable to stat
[Mon Mar 02 00:49:00.818232 2026] [php:error] [pid 52193] [client 4.193.97.168:0] script '/domains/nostrada/goods.php' not found or unable to stat
[Mon Mar 02 00:49:00.869353 2026] [php:error] [pid 52201] [client 74.248.24.167:0] script '/domains/system_default/init.php' not found or unable to stat
[Mon Mar 02 00:49:00.971379 2026] [php:error] [pid 52201] [client 74.248.24.167:0] script '/domains/system_default/fi.php' not found or unable to stat
[Mon Mar 02 00:49:01.046332 2026] [php:error] [pid 52193] [client 4.193.97.168:0] script '/domains/nostrada/class-t.api.php' not found or unable to stat
[Mon Mar 02 00:49:01.072143 2026] [php:error] [pid 52201] [client 74.248.24.167:0] script '/domains/system_default/a1.php' not found or unable to stat
[Mon Mar 02 00:49:01.275820 2026] [php:error] [pid 52193] [client 4.193.97.168:0] script '/domains/nostrada/sf.php' not found or unable to stat
[Mon Mar 02 00:49:01.376371 2026] [php:error] [pid 52201] [client 74.248.24.167:0] script '/domains/system_default/f35.php' not found or unable to stat
[Mon Mar 02 00:49:01.477836 2026] [php:error] [pid 52201] [client 74.248.24.167:0] script '/domains/system_default/hi.php' not found or unable to stat
[Mon Mar 02 00:49:01.503664 2026] [php:error] [pid 52193] [client 4.193.97.168:0] script '/domains/nostrada/kbfr.php' not found or unable to stat
[Mon Mar 02 00:49:01.578827 2026] [php:error] [pid 52201] [client 74.248.24.167:0] script '/domains/system_default/lala.php' not found or unable to stat
[Mon Mar 02 00:49:01.680020 2026] [php:error] [pid 52201] [client 74.248.24.167:0] script '/domains/system_default/lb.php' not found or unable to stat
[Mon Mar 02 00:49:01.753855 2026] [php:error] [pid 52193] [client 4.193.97.168:0] script '/domains/nostrada/autoload_classmap.php' not found or unable to stat
[Mon Mar 02 00:49:01.882485 2026] [php:error] [pid 52201] [client 74.248.24.167:0] script '/domains/system_default/0.php' not found or unable to stat
[Mon Mar 02 00:49:01.983276 2026] [php:error] [pid 52193] [client 4.193.97.168:0] script '/domains/nostrada/chosen.php' not found or unable to stat
[Mon Mar 02 00:49:01.983434 2026] [php:error] [pid 52201] [client 74.248.24.167:0] script '/domains/system_default/core.php' not found or unable to stat
[Mon Mar 02 00:49:02.084339 2026] [php:error] [pid 52201] [client 74.248.24.167:0] script '/domains/system_default/autogooey.php' not found or unable to stat
[Mon Mar 02 00:49:02.211443 2026] [php:error] [pid 52193] [client 4.193.97.168:0] script '/domains/nostrada/classwithtostring.php' not found or unable to stat
[Mon Mar 02 00:49:02.306628 2026] [php:error] [pid 52201] [client 74.248.24.167:0] script '/domains/system_default/prv8.php' not found or unable to stat
[Mon Mar 02 00:49:02.407760 2026] [php:error] [pid 52201] [client 74.248.24.167:0] script '/domains/system_default/k.php' not found or unable to stat
[Mon Mar 02 00:49:02.440854 2026] [php:error] [pid 52193] [client 4.193.97.168:0] script '/domains/nostrada/defaults.php' not found or unable to stat
[Mon Mar 02 00:49:02.508808 2026] [php:error] [pid 52201] [client 74.248.24.167:0] script '/domains/system_default/dev.php' not found or unable to stat
[Mon Mar 02 00:49:02.610003 2026] [php:error] [pid 52201] [client 74.248.24.167:0] script '/domains/system_default/x123x.php' not found or unable to stat
[Mon Mar 02 00:49:02.710909 2026] [php:error] [pid 52201] [client 74.248.24.167:0] script '/domains/system_default/bal.php' not found or unable to stat
[Mon Mar 02 00:49:02.812143 2026] [php:error] [pid 52201] [client 74.248.24.167:0] script '/domains/system_default/in.php' not found or unable to stat
[Mon Mar 02 00:49:02.912995 2026] [php:error] [pid 52201] [client 74.248.24.167:0] script '/domains/system_default/gssdd.php' not found or unable to stat
[Mon Mar 02 00:49:03.014656 2026] [php:error] [pid 52201] [client 74.248.24.167:0] script '/domains/system_default/motu.php' not found or unable to stat
[Mon Mar 02 00:49:03.125564 2026] [php:error] [pid 52193] [client 4.193.97.168:0] script '/domains/nostrada/info.php' not found or unable to stat
[Mon Mar 02 00:49:03.127952 2026] [php:error] [pid 52201] [client 74.248.24.167:0] script '/domains/system_default/bs1.php' not found or unable to stat
[Mon Mar 02 00:49:03.228731 2026] [php:error] [pid 52201] [client 74.248.24.167:0] script '/domains/system_default/bengi.php' not found or unable to stat
[Mon Mar 02 00:49:03.329774 2026] [php:error] [pid 52201] [client 74.248.24.167:0] script '/domains/system_default/log.php' not found or unable to stat
[Mon Mar 02 00:49:03.431187 2026] [php:error] [pid 52201] [client 74.248.24.167:0] script '/domains/system_default/miansha.php' not found or unable to stat
[Mon Mar 02 00:49:03.505512 2026] [php:error] [pid 52199] [client 20.104.206.150:0] script '/domains/carynm/signon.php' not found or unable to stat
[Mon Mar 02 00:49:03.529847 2026] [php:error] [pid 52199] [client 20.104.206.150:0] script '/domains/carynm/t00l.php' not found or unable to stat
[Mon Mar 02 00:49:03.531874 2026] [php:error] [pid 52201] [client 74.248.24.167:0] script '/domains/system_default/erty.php' not found or unable to stat
[Mon Mar 02 00:49:03.556342 2026] [php:error] [pid 52199] [client 20.104.206.150:0] script '/domains/carynm/function.php' not found or unable to stat
[Mon Mar 02 00:49:03.580851 2026] [php:error] [pid 52199] [client 20.104.206.150:0] script '/domains/carynm/cjfuns.php' not found or unable to stat
[Mon Mar 02 00:49:03.605053 2026] [php:error] [pid 52199] [client 20.104.206.150:0] script '/domains/carynm/new.php' not found or unable to stat
[Mon Mar 02 00:49:03.629148 2026] [php:error] [pid 52199] [client 20.104.206.150:0] script '/domains/carynm/wp-xmlmp.php' not found or unable to stat
[Mon Mar 02 00:49:03.654143 2026] [php:error] [pid 52199] [client 20.104.206.150:0] script '/domains/carynm/wp-config-sample.php' not found or unable to stat
[Mon Mar 02 00:49:03.678953 2026] [php:error] [pid 52199] [client 20.104.206.150:0] script '/domains/carynm/wp-configssss.php' not found or unable to stat
[Mon Mar 02 00:49:03.703585 2026] [php:error] [pid 52199] [client 20.104.206.150:0] script '/domains/carynm/wp-configss1.php' not found or unable to stat
[Mon Mar 02 00:49:03.727755 2026] [php:error] [pid 52199] [client 20.104.206.150:0] script '/domains/carynm/ngif.php' not found or unable to stat
[Mon Mar 02 00:49:03.732982 2026] [php:error] [pid 52201] [client 74.248.24.167:0] script '/domains/system_default/X57.php' not found or unable to stat
[Mon Mar 02 00:49:03.751935 2026] [php:error] [pid 52199] [client 20.104.206.150:0] script '/domains/carynm/wp-configss.php' not found or unable to stat
[Mon Mar 02 00:49:03.778482 2026] [php:error] [pid 52199] [client 20.104.206.150:0] script '/domains/carynm/yanz.php' not found or unable to stat
[Mon Mar 02 00:49:03.827807 2026] [php:error] [pid 52199] [client 20.104.206.150:0] script '/domains/carynm/defaults.php' not found or unable to stat
[Mon Mar 02 00:49:03.833991 2026] [php:error] [pid 52201] [client 74.248.24.167:0] script '/domains/system_default/axx.php' not found or unable to stat
[Mon Mar 02 00:49:03.852466 2026] [php:error] [pid 52199] [client 20.104.206.150:0] script '/domains/carynm/im.php' not found or unable to stat
[Mon Mar 02 00:49:03.876928 2026] [php:error] [pid 52199] [client 20.104.206.150:0] script '/domains/carynm/wp-comments-post.php' not found or unable to stat
[Mon Mar 02 00:49:03.901190 2026] [php:error] [pid 52199] [client 20.104.206.150:0] script '/domains/carynm/cache-compat.php' not found or unable to stat
[Mon Mar 02 00:49:03.934979 2026] [php:error] [pid 52201] [client 74.248.24.167:0] script '/domains/system_default/alfashell.php' not found or unable to stat
[Mon Mar 02 00:49:03.935397 2026] [php:error] [pid 52199] [client 20.104.206.150:0] script '/domains/carynm/fw.php' not found or unable to stat
[Mon Mar 02 00:49:03.959571 2026] [php:error] [pid 52199] [client 20.104.206.150:0] script '/domains/carynm/berlin.php' not found or unable to stat
[Mon Mar 02 00:49:03.983969 2026] [php:error] [pid 52199] [client 20.104.206.150:0] script '/domains/carynm/abe.php' not found or unable to stat
[Mon Mar 02 00:49:04.008274 2026] [php:error] [pid 52199] [client 20.104.206.150:0] script '/domains/carynm/otuz1.php' not found or unable to stat
[Mon Mar 02 00:49:04.032677 2026] [php:error] [pid 52199] [client 20.104.206.150:0] script '/domains/carynm/wp-files.php' not found or unable to stat
[Mon Mar 02 00:49:04.035913 2026] [php:error] [pid 52201] [client 74.248.24.167:0] script '/domains/system_default/myfile.php' not found or unable to stat
[Mon Mar 02 00:49:04.093101 2026] [php:error] [pid 52199] [client 20.104.206.150:0] script '/domains/carynm/aj.php' not found or unable to stat
[Mon Mar 02 00:49:04.117377 2026] [php:error] [pid 52199] [client 20.104.206.150:0] script '/domains/carynm/he.php' not found or unable to stat
[Mon Mar 02 00:49:04.136767 2026] [php:error] [pid 52201] [client 74.248.24.167:0] script '/domains/system_default/re.php' not found or unable to stat
[Mon Mar 02 00:49:04.141579 2026] [php:error] [pid 52199] [client 20.104.206.150:0] script '/domains/carynm/cache.php' not found or unable to stat
[Mon Mar 02 00:49:04.165759 2026] [php:error] [pid 52199] [client 20.104.206.150:0] script '/domains/carynm/tiny.php' not found or unable to stat
[Mon Mar 02 00:49:04.190096 2026] [php:error] [pid 52199] [client 20.104.206.150:0] script '/domains/carynm/wp-load.php' not found or unable to stat
[Mon Mar 02 00:49:04.214420 2026] [php:error] [pid 52199] [client 20.104.206.150:0] script '/domains/carynm/blog.php' not found or unable to stat
[Mon Mar 02 00:49:04.239959 2026] [php:error] [pid 52201] [client 74.248.24.167:0] script '/domains/system_default/styll.php' not found or unable to stat
[Mon Mar 02 00:49:04.262765 2026] [php:error] [pid 52199] [client 20.104.206.150:0] script '/domains/carynm/lufix.php' not found or unable to stat
[Mon Mar 02 00:49:04.286987 2026] [php:error] [pid 52199] [client 20.104.206.150:0] script '/domains/carynm/ajax-actions.php' not found or unable to stat
[Mon Mar 02 00:49:04.335409 2026] [php:error] [pid 52199] [client 20.104.206.150:0] script '/domains/carynm/cc.php' not found or unable to stat
[Mon Mar 02 00:49:04.340680 2026] [php:error] [pid 52201] [client 74.248.24.167:0] script '/domains/system_default/flower.php' not found or unable to stat
[Mon Mar 02 00:49:04.359551 2026] [php:error] [pid 52199] [client 20.104.206.150:0] script '/domains/carynm/bypass.php' not found or unable to stat
[Mon Mar 02 00:49:04.384136 2026] [php:error] [pid 52199] [client 20.104.206.150:0] script '/domains/carynm/browse.php' not found or unable to stat
[Mon Mar 02 00:49:04.410441 2026] [php:error] [pid 52199] [client 20.104.206.150:0] script '/domains/carynm/license.php' not found or unable to stat
[Mon Mar 02 00:49:04.434970 2026] [php:error] [pid 52199] [client 20.104.206.150:0] script '/domains/carynm/contact.php' not found or unable to stat
[Mon Mar 02 00:49:04.441441 2026] [php:error] [pid 52201] [client 74.248.24.167:0] script '/domains/system_default/flower2.php' not found or unable to stat
[Mon Mar 02 00:49:04.462217 2026] [php:error] [pid 52199] [client 20.104.206.150:0] script '/domains/carynm/minik.php' not found or unable to stat
[Mon Mar 02 00:49:04.486660 2026] [php:error] [pid 52199] [client 20.104.206.150:0] script '/domains/carynm/st.php' not found or unable to stat
[Mon Mar 02 00:49:04.512179 2026] [php:error] [pid 52199] [client 20.104.206.150:0] script '/domains/carynm/upgrade.php' not found or unable to stat
[Mon Mar 02 00:49:04.542293 2026] [php:error] [pid 52201] [client 74.248.24.167:0] script '/domains/system_default/4h.php' not found or unable to stat
[Mon Mar 02 00:49:04.643222 2026] [php:error] [pid 52201] [client 74.248.24.167:0] script '/domains/system_default/gettest.php' not found or unable to stat
[Mon Mar 02 00:49:04.744005 2026] [php:error] [pid 52201] [client 74.248.24.167:0] script '/domains/system_default/acp.php' not found or unable to stat
[Mon Mar 02 00:49:04.844948 2026] [php:error] [pid 52201] [client 74.248.24.167:0] script '/domains/system_default/database.php' not found or unable to stat
[Mon Mar 02 00:49:11.350013 2026] [php:error] [pid 52210] [client 34.96.162.52:0] script '/domains/cccweb/adminer-4.6.2.php' not found or unable to stat
[Mon Mar 02 00:49:14.152345 2026] [php:error] [pid 52201] [client 35.247.243.248:0] script '/domains/cccweb/adminer-4.2.1.php' not found or unable to stat
[Mon Mar 02 00:49:23.561160 2026] [php:error] [pid 52203] [client 35.247.243.251:0] script '/domains/cccweb/adminer-5.4.1.php' not found or unable to stat
[Mon Mar 02 00:49:30.200468 2026] [php:error] [pid 52209] [client 35.247.243.253:0] script '/domains/cccweb/adminer-5.0.2-en.php' not found or unable to stat
[Mon Mar 02 00:49:49.997277 2026] [php:error] [pid 52200] [client 20.189.95.92:0] script '/domains/davidbacker/222.php' not found or unable to stat
[Mon Mar 02 00:49:50.196982 2026] [php:error] [pid 52200] [client 20.189.95.92:0] script '/domains/davidbacker/404.php' not found or unable to stat
[Mon Mar 02 00:49:50.396407 2026] [php:error] [pid 52200] [client 20.189.95.92:0] script '/domains/davidbacker/about.php' not found or unable to stat
[Mon Mar 02 00:49:50.596784 2026] [php:error] [pid 52200] [client 20.189.95.92:0] script '/domains/davidbacker/admin.php' not found or unable to stat
[Mon Mar 02 00:49:50.800466 2026] [php:error] [pid 52200] [client 20.189.95.92:0] script '/domains/davidbacker/adminfuns.php' not found or unable to stat
[Mon Mar 02 00:49:51.001535 2026] [php:error] [pid 52200] [client 20.189.95.92:0] script '/domains/davidbacker/bless.php' not found or unable to stat
[Mon Mar 02 00:49:51.201190 2026] [php:error] [pid 52200] [client 20.189.95.92:0] script '/domains/davidbacker/bolt.php' not found or unable to stat
[Mon Mar 02 00:49:51.401357 2026] [php:error] [pid 52200] [client 20.189.95.92:0] script '/domains/davidbacker/ccou.php' not found or unable to stat
[Mon Mar 02 00:49:51.601352 2026] [php:error] [pid 52200] [client 20.189.95.92:0] script '/domains/davidbacker/class-t.api.php' not found or unable to stat
[Mon Mar 02 00:49:51.817805 2026] [php:error] [pid 52200] [client 20.189.95.92:0] script '/domains/davidbacker/css.php' not found or unable to stat
[Mon Mar 02 00:49:52.018128 2026] [php:error] [pid 52200] [client 20.189.95.92:0] script '/domains/davidbacker/css/000.php' not found or unable to stat
[Mon Mar 02 00:49:52.221709 2026] [php:error] [pid 52200] [client 20.189.95.92:0] script '/domains/davidbacker/edit.php' not found or unable to stat
[Mon Mar 02 00:49:52.421281 2026] [php:error] [pid 52200] [client 20.189.95.92:0] script '/domains/davidbacker/fff.php' not found or unable to stat
[Mon Mar 02 00:49:52.620878 2026] [php:error] [pid 52200] [client 20.189.95.92:0] script '/domains/davidbacker/file.php' not found or unable to stat
[Mon Mar 02 00:49:52.820438 2026] [php:error] [pid 52200] [client 20.189.95.92:0] script '/domains/davidbacker/fx.php' not found or unable to stat
[Mon Mar 02 00:49:53.020346 2026] [php:error] [pid 52200] [client 20.189.95.92:0] script '/domains/davidbacker/info.php' not found or unable to stat
[Mon Mar 02 00:49:53.219765 2026] [php:error] [pid 52200] [client 20.189.95.92:0] script '/domains/davidbacker/ioxi-o.php' not found or unable to stat
[Mon Mar 02 00:49:53.419230 2026] [php:error] [pid 52200] [client 20.189.95.92:0] script '/domains/davidbacker/rip.php' not found or unable to stat
[Mon Mar 02 00:49:53.618743 2026] [php:error] [pid 52200] [client 20.189.95.92:0] script '/domains/davidbacker/server.php' not found or unable to stat
[Mon Mar 02 00:49:53.818231 2026] [php:error] [pid 52200] [client 20.189.95.92:0] script '/domains/davidbacker/wp-blog.php' not found or unable to stat
[Mon Mar 02 00:49:55.015729 2026] [php:error] [pid 52200] [client 20.189.95.92:0] script '/domains/davidbacker/wp-editor.php' not found or unable to stat
[Mon Mar 02 00:49:56.013134 2026] [php:error] [pid 52200] [client 20.189.95.92:0] script '/domains/davidbacker/wp.php' not found or unable to stat
[Mon Mar 02 00:49:56.213271 2026] [php:error] [pid 52200] [client 20.189.95.92:0] script '/domains/davidbacker/x.php' not found or unable to stat
[Mon Mar 02 00:50:06.466952 2026] [php:error] [pid 52195] [client 34.96.162.62:0] script '/domains/cccweb/adminer-5.1.0-mysql.php' not found or unable to stat
[Mon Mar 02 00:50:20.697819 2026] [php:error] [pid 52224] [client 35.247.243.251:0] script '/domains/cccweb/adminer-5.4.1-mysql-en.php' not found or unable to stat
[Mon Mar 02 00:50:23.519741 2026] [php:error] [pid 52203] [client 34.96.162.62:0] script '/domains/cccweb/adminer-5.4.0-mysql.php' not found or unable to stat
[Mon Mar 02 00:50:32.433977 2026] [php:error] [pid 52227] [client 20.189.95.92:0] script '/domains/system_suspended/222.php' not found or unable to stat
[Mon Mar 02 00:50:32.646082 2026] [php:error] [pid 52227] [client 20.189.95.92:0] script '/domains/system_suspended/404.php' not found or unable to stat
[Mon Mar 02 00:50:32.850490 2026] [php:error] [pid 52227] [client 20.189.95.92:0] script '/domains/system_suspended/about.php' not found or unable to stat
[Mon Mar 02 00:50:33.052920 2026] [php:error] [pid 52227] [client 20.189.95.92:0] script '/domains/system_suspended/admin.php' not found or unable to stat
[Mon Mar 02 00:50:33.254844 2026] [php:error] [pid 52227] [client 20.189.95.92:0] script '/domains/system_suspended/adminfuns.php' not found or unable to stat
[Mon Mar 02 00:50:33.457372 2026] [php:error] [pid 52227] [client 20.189.95.92:0] script '/domains/system_suspended/bless.php' not found or unable to stat
[Mon Mar 02 00:50:33.678485 2026] [php:error] [pid 52227] [client 20.189.95.92:0] script '/domains/system_suspended/bolt.php' not found or unable to stat
[Mon Mar 02 00:50:33.881120 2026] [php:error] [pid 52227] [client 20.189.95.92:0] script '/domains/system_suspended/ccou.php' not found or unable to stat
[Mon Mar 02 00:50:34.083335 2026] [php:error] [pid 52227] [client 20.189.95.92:0] script '/domains/system_suspended/class-t.api.php' not found or unable to stat
[Mon Mar 02 00:50:34.285304 2026] [php:error] [pid 52227] [client 20.189.95.92:0] script '/domains/system_suspended/css.php' not found or unable to stat
[Mon Mar 02 00:50:34.689181 2026] [php:error] [pid 52227] [client 20.189.95.92:0] script '/domains/system_suspended/edit.php' not found or unable to stat
[Mon Mar 02 00:50:34.891567 2026] [php:error] [pid 52227] [client 20.189.95.92:0] script '/domains/system_suspended/fff.php' not found or unable to stat
[Mon Mar 02 00:50:35.094262 2026] [php:error] [pid 52227] [client 20.189.95.92:0] script '/domains/system_suspended/file.php' not found or unable to stat
[Mon Mar 02 00:50:35.296201 2026] [php:error] [pid 52227] [client 20.189.95.92:0] script '/domains/system_suspended/fx.php' not found or unable to stat
[Mon Mar 02 00:50:35.498346 2026] [php:error] [pid 52227] [client 20.189.95.92:0] script '/domains/system_suspended/info.php' not found or unable to stat
[Mon Mar 02 00:50:35.700214 2026] [php:error] [pid 52227] [client 20.189.95.92:0] script '/domains/system_suspended/ioxi-o.php' not found or unable to stat
[Mon Mar 02 00:50:35.902030 2026] [php:error] [pid 52227] [client 20.189.95.92:0] script '/domains/system_suspended/rip.php' not found or unable to stat
[Mon Mar 02 00:50:36.105028 2026] [php:error] [pid 52227] [client 20.189.95.92:0] script '/domains/system_suspended/server.php' not found or unable to stat
[Mon Mar 02 00:50:36.308297 2026] [php:error] [pid 52227] [client 20.189.95.92:0] script '/domains/system_suspended/wp-blog.php' not found or unable to stat
[Mon Mar 02 00:50:37.520434 2026] [php:error] [pid 52227] [client 20.189.95.92:0] script '/domains/system_suspended/wp-editor.php' not found or unable to stat
[Mon Mar 02 00:50:37.807869 2026] [php:error] [pid 52200] [client 20.151.11.236:0] script '/domains/system_default/gfile.php' not found or unable to stat
[Mon Mar 02 00:50:37.831970 2026] [php:error] [pid 52200] [client 20.151.11.236:0] script '/domains/system_default/dox.php' not found or unable to stat
[Mon Mar 02 00:50:37.856130 2026] [php:error] [pid 52200] [client 20.151.11.236:0] script '/domains/system_default/qwas.php' not found or unable to stat
[Mon Mar 02 00:50:37.879987 2026] [php:error] [pid 52200] [client 20.151.11.236:0] script '/domains/system_default/claw.php' not found or unable to stat
[Mon Mar 02 00:50:37.903815 2026] [php:error] [pid 52200] [client 20.151.11.236:0] script '/domains/system_default/cfgy.php' not found or unable to stat
[Mon Mar 02 00:50:37.927661 2026] [php:error] [pid 52200] [client 20.151.11.236:0] script '/domains/system_default/jbuft.php' not found or unable to stat
[Mon Mar 02 00:50:37.951917 2026] [php:error] [pid 52200] [client 20.151.11.236:0] script '/domains/system_default/fvvff.php' not found or unable to stat
[Mon Mar 02 00:50:37.976433 2026] [php:error] [pid 52200] [client 20.151.11.236:0] script '/domains/system_default/vaza.php' not found or unable to stat
[Mon Mar 02 00:50:38.000945 2026] [php:error] [pid 52200] [client 20.151.11.236:0] script '/domains/system_default/a2.php' not found or unable to stat
[Mon Mar 02 00:50:38.025620 2026] [php:error] [pid 52200] [client 20.151.11.236:0] script '/domains/system_default/sty.php' not found or unable to stat
[Mon Mar 02 00:50:38.050351 2026] [php:error] [pid 52200] [client 20.151.11.236:0] script '/domains/system_default/xxxx.php' not found or unable to stat
[Mon Mar 02 00:50:38.076654 2026] [php:error] [pid 52200] [client 20.151.11.236:0] script '/domains/system_default/h.php' not found or unable to stat
[Mon Mar 02 00:50:38.100813 2026] [php:error] [pid 52200] [client 20.151.11.236:0] script '/domains/system_default/g.php' not found or unable to stat
[Mon Mar 02 00:50:38.125342 2026] [php:error] [pid 52200] [client 20.151.11.236:0] script '/domains/system_default/pp.php' not found or unable to stat
[Mon Mar 02 00:50:38.149345 2026] [php:error] [pid 52200] [client 20.151.11.236:0] script '/domains/system_default/sys.php' not found or unable to stat
[Mon Mar 02 00:50:38.181541 2026] [php:error] [pid 52200] [client 20.151.11.236:0] script '/domains/system_default/txets.php' not found or unable to stat
[Mon Mar 02 00:50:38.205565 2026] [php:error] [pid 52200] [client 20.151.11.236:0] script '/domains/system_default/tt.php' not found or unable to stat
[Mon Mar 02 00:50:38.229715 2026] [php:error] [pid 52200] [client 20.151.11.236:0] script '/domains/system_default/wp9.php' not found or unable to stat
[Mon Mar 02 00:50:38.255031 2026] [php:error] [pid 52200] [client 20.151.11.236:0] script '/domains/system_default/path.php' not found or unable to stat
[Mon Mar 02 00:50:38.279457 2026] [php:error] [pid 52200] [client 20.151.11.236:0] script '/domains/system_default/wdf.php' not found or unable to stat
[Mon Mar 02 00:50:38.304032 2026] [php:error] [pid 52200] [client 20.151.11.236:0] script '/domains/system_default/fleen.php' not found or unable to stat
[Mon Mar 02 00:50:38.328479 2026] [php:error] [pid 52200] [client 20.151.11.236:0] script '/domains/system_default/wp-tem.php' not found or unable to stat
[Mon Mar 02 00:50:38.352679 2026] [php:error] [pid 52200] [client 20.151.11.236:0] script '/domains/system_default/av6m.php' not found or unable to stat
[Mon Mar 02 00:50:38.376563 2026] [php:error] [pid 52200] [client 20.151.11.236:0] script '/domains/system_default/autogooey.php' not found or unable to stat
[Mon Mar 02 00:50:38.400454 2026] [php:error] [pid 52200] [client 20.151.11.236:0] script '/domains/system_default/btx25.php' not found or unable to stat
[Mon Mar 02 00:50:38.424389 2026] [php:error] [pid 52200] [client 20.151.11.236:0] script '/domains/system_default/mga.php' not found or unable to stat
[Mon Mar 02 00:50:38.449273 2026] [php:error] [pid 52200] [client 20.151.11.236:0] script '/domains/system_default/maxro.php' not found or unable to stat
[Mon Mar 02 00:50:38.473451 2026] [php:error] [pid 52200] [client 20.151.11.236:0] script '/domains/system_default/agg.php' not found or unable to stat
[Mon Mar 02 00:50:38.497458 2026] [php:error] [pid 52200] [client 20.151.11.236:0] script '/domains/system_default/pass4.php' not found or unable to stat
[Mon Mar 02 00:50:38.530840 2026] [php:error] [pid 52200] [client 20.151.11.236:0] script '/domains/system_default/wsvvs.php' not found or unable to stat
[Mon Mar 02 00:50:38.545050 2026] [php:error] [pid 52227] [client 20.189.95.92:0] script '/domains/system_suspended/wp.php' not found or unable to stat
[Mon Mar 02 00:50:38.556078 2026] [php:error] [pid 52200] [client 20.151.11.236:0] script '/domains/system_default/G-In.php' not found or unable to stat
[Mon Mar 02 00:50:38.597880 2026] [php:error] [pid 52200] [client 20.151.11.236:0] script '/domains/system_default/edit.php' not found or unable to stat
[Mon Mar 02 00:50:38.623560 2026] [php:error] [pid 52200] [client 20.151.11.236:0] script '/domains/system_default/ioxi-o.php' not found or unable to stat
[Mon Mar 02 00:50:38.671417 2026] [php:error] [pid 52200] [client 20.151.11.236:0] script '/domains/system_default/66.php' not found or unable to stat
[Mon Mar 02 00:50:38.721369 2026] [php:error] [pid 52200] [client 20.151.11.236:0] script '/domains/system_default/gifclass.php' not found or unable to stat
[Mon Mar 02 00:50:38.747106 2026] [php:error] [pid 52227] [client 20.189.95.92:0] script '/domains/system_suspended/x.php' not found or unable to stat
[Mon Mar 02 00:50:38.845421 2026] [php:error] [pid 52200] [client 20.151.11.236:0] script '/domains/system_default/sc.php' not found or unable to stat
[Mon Mar 02 00:50:38.869998 2026] [php:error] [pid 52200] [client 20.151.11.236:0] script '/domains/system_default/xmlrpc.php' not found or unable to stat
[Mon Mar 02 00:50:38.893894 2026] [php:error] [pid 52200] [client 20.151.11.236:0] script '/domains/system_default/ol.php' not found or unable to stat
[Mon Mar 02 00:50:38.917752 2026] [php:error] [pid 52200] [client 20.151.11.236:0] script '/domains/system_default/f6.php' not found or unable to stat
[Mon Mar 02 00:50:38.944741 2026] [php:error] [pid 52200] [client 20.151.11.236:0] script '/domains/system_default/inputs.php' not found or unable to stat
[Mon Mar 02 00:50:38.968965 2026] [php:error] [pid 52200] [client 20.151.11.236:0] script '/domains/system_default/style.php' not found or unable to stat
[Mon Mar 02 00:50:38.993272 2026] [php:error] [pid 52200] [client 20.151.11.236:0] script '/domains/system_default/bgymj.php' not found or unable to stat
[Mon Mar 02 00:50:39.018078 2026] [php:error] [pid 52200] [client 20.151.11.236:0] script '/domains/system_default/aa.php' not found or unable to stat
[Mon Mar 02 00:50:39.046865 2026] [php:error] [pid 52200] [client 20.151.11.236:0] script '/domains/system_default/1.php' not found or unable to stat
[Mon Mar 02 00:50:39.070769 2026] [php:error] [pid 52200] [client 20.151.11.236:0] script '/domains/system_default/sc.php' not found or unable to stat
[Mon Mar 02 00:50:39.094548 2026] [php:error] [pid 52200] [client 20.151.11.236:0] script '/domains/system_default/av.php' not found or unable to stat
[Mon Mar 02 00:50:39.119518 2026] [php:error] [pid 52200] [client 20.151.11.236:0] script '/domains/system_default/file.php' not found or unable to stat
[Mon Mar 02 00:50:39.144511 2026] [php:error] [pid 52200] [client 20.151.11.236:0] script '/domains/system_default/666.php' not found or unable to stat
[Mon Mar 02 00:50:39.168723 2026] [php:error] [pid 52200] [client 20.151.11.236:0] script '/domains/system_default/file59.php' not found or unable to stat
[Mon Mar 02 00:50:39.192863 2026] [php:error] [pid 52200] [client 20.151.11.236:0] script '/domains/system_default/bless.php' not found or unable to stat
[Mon Mar 02 00:50:39.218584 2026] [php:error] [pid 52200] [client 20.151.11.236:0] script '/domains/system_default/wp9.php' not found or unable to stat
[Mon Mar 02 00:50:39.245993 2026] [php:error] [pid 52200] [client 20.151.11.236:0] script '/domains/system_default/wp-act.php' not found or unable to stat
[Mon Mar 02 00:50:39.276177 2026] [php:error] [pid 52200] [client 20.151.11.236:0] script '/domains/system_default/class-t.api.php' not found or unable to stat
[Mon Mar 02 00:50:39.300229 2026] [php:error] [pid 52200] [client 20.151.11.236:0] script '/domains/system_default/xqq.php' not found or unable to stat
[Mon Mar 02 00:50:39.430020 2026] [php:error] [pid 52200] [client 20.151.11.236:0] script '/domains/system_default/06.php' not found or unable to stat
[Mon Mar 02 00:50:39.454983 2026] [php:error] [pid 52200] [client 20.151.11.236:0] script '/domains/system_default/plss3.php' not found or unable to stat
[Mon Mar 02 00:50:39.479277 2026] [php:error] [pid 52200] [client 20.151.11.236:0] script '/domains/system_default/aaa.php' not found or unable to stat
[Mon Mar 02 00:50:39.503225 2026] [php:error] [pid 52200] [client 20.151.11.236:0] script '/domains/system_default/classwithtostring.php' not found or unable to stat
[Mon Mar 02 00:50:39.553447 2026] [php:error] [pid 52200] [client 20.151.11.236:0] script '/domains/system_default/tinyfilemanager.php' not found or unable to stat
[Mon Mar 02 00:50:39.577398 2026] [php:error] [pid 52200] [client 20.151.11.236:0] script '/domains/system_default/x.php' not found or unable to stat
[Mon Mar 02 00:50:39.601202 2026] [php:error] [pid 52200] [client 20.151.11.236:0] script '/domains/system_default/ms.php' not found or unable to stat
[Mon Mar 02 00:50:39.648594 2026] [php:error] [pid 52200] [client 20.151.11.236:0] script '/domains/system_default/wdf.php' not found or unable to stat
[Mon Mar 02 00:50:39.672439 2026] [php:error] [pid 52200] [client 20.151.11.236:0] script '/domains/system_default/wp-update.php' not found or unable to stat
[Mon Mar 02 00:50:39.696409 2026] [php:error] [pid 52200] [client 20.151.11.236:0] script '/domains/system_default/sbhu.php' not found or unable to stat
[Mon Mar 02 00:50:39.707439 2026] [php:error] [pid 52226] [client 20.63.210.169:0] script '/domains/system_default/wp-trackback.php' not found or unable to stat
[Mon Mar 02 00:50:39.744455 2026] [php:error] [pid 52200] [client 20.151.11.236:0] script '/domains/system_default/wp-blog.php' not found or unable to stat
[Mon Mar 02 00:50:39.770395 2026] [php:error] [pid 52200] [client 20.151.11.236:0] script '/domains/system_default/test1.php' not found or unable to stat
[Mon Mar 02 00:50:39.834983 2026] [php:error] [pid 52200] [client 20.151.11.236:0] script '/domains/system_default/166.php' not found or unable to stat
[Mon Mar 02 00:50:39.860089 2026] [php:error] [pid 52200] [client 20.151.11.236:0] script '/domains/system_default/fleen.php' not found or unable to stat
[Mon Mar 02 00:50:39.875081 2026] [php:error] [pid 52226] [client 20.63.210.169:0] script '/domains/system_default/about.php' not found or unable to stat
[Mon Mar 02 00:50:39.923689 2026] [php:error] [pid 52200] [client 20.151.11.236:0] script '/domains/system_default/ms-edit.php' not found or unable to stat
[Mon Mar 02 00:50:39.948376 2026] [php:error] [pid 52200] [client 20.151.11.236:0] script '/domains/system_default/adminfuns.php' not found or unable to stat
[Mon Mar 02 00:50:39.972166 2026] [php:error] [pid 52200] [client 20.151.11.236:0] script '/domains/system_default/goods.php' not found or unable to stat
[Mon Mar 02 00:50:39.995844 2026] [php:error] [pid 52200] [client 20.151.11.236:0] script '/domains/system_default/ms-edit.php' not found or unable to stat
[Mon Mar 02 00:50:40.035114 2026] [php:error] [pid 52200] [client 20.151.11.236:0] script '/domains/system_default/222.php' not found or unable to stat
[Mon Mar 02 00:50:40.042475 2026] [php:error] [pid 52226] [client 20.63.210.169:0] script '/domains/system_default/file.php' not found or unable to stat
[Mon Mar 02 00:50:40.059635 2026] [php:error] [pid 52200] [client 20.151.11.236:0] script '/domains/system_default/plugins.php' not found or unable to stat
[Mon Mar 02 00:50:40.131387 2026] [php:error] [pid 52200] [client 20.151.11.236:0] script '/domains/system_default/ff1.php' not found or unable to stat
[Mon Mar 02 00:50:40.155272 2026] [php:error] [pid 52200] [client 20.151.11.236:0] script '/domains/system_default/fff.php' not found or unable to stat
[Mon Mar 02 00:50:40.204074 2026] [php:error] [pid 52200] [client 20.151.11.236:0] script '/domains/system_default/goat.php' not found or unable to stat
[Mon Mar 02 00:50:40.210555 2026] [php:error] [pid 52226] [client 20.63.210.169:0] script '/domains/system_default/wp-good.php' not found or unable to stat
[Mon Mar 02 00:50:40.228289 2026] [php:error] [pid 52200] [client 20.151.11.236:0] script '/domains/system_default/155.php' not found or unable to stat
[Mon Mar 02 00:50:40.252060 2026] [php:error] [pid 52200] [client 20.151.11.236:0] script '/domains/system_default/we.php' not found or unable to stat
[Mon Mar 02 00:50:40.276884 2026] [php:error] [pid 52200] [client 20.151.11.236:0] script '/domains/system_default/alpha.php' not found or unable to stat
[Mon Mar 02 00:50:40.301000 2026] [php:error] [pid 52200] [client 20.151.11.236:0] script '/domains/system_default/makeasmtp.php' not found or unable to stat
[Mon Mar 02 00:50:40.325133 2026] [php:error] [pid 52200] [client 20.151.11.236:0] script '/domains/system_default/wp-michan.php' not found or unable to stat
[Mon Mar 02 00:50:40.377820 2026] [php:error] [pid 52226] [client 20.63.210.169:0] script '/domains/system_default/xmlrpc.php' not found or unable to stat
[Mon Mar 02 00:50:40.391505 2026] [php:error] [pid 52200] [client 20.151.11.236:0] script '/domains/system_default/wp-the.php' not found or unable to stat
[Mon Mar 02 00:50:40.484466 2026] [php:error] [pid 52230] [client 20.151.11.236:0] script '/domains/system_default/BDKR28WP.php' not found or unable to stat
[Mon Mar 02 00:50:40.537957 2026] [php:error] [pid 52230] [client 20.151.11.236:0] script '/domains/system_default/wp.php' not found or unable to stat
[Mon Mar 02 00:50:40.545064 2026] [php:error] [pid 52226] [client 20.63.210.169:0] script '/domains/system_default/goods.php' not found or unable to stat
[Mon Mar 02 00:50:40.591721 2026] [php:error] [pid 52230] [client 20.151.11.236:0] script '/domains/system_default/w4.php' not found or unable to stat
[Mon Mar 02 00:50:40.653636 2026] [php:error] [pid 52230] [client 20.151.11.236:0] script '/domains/system_default/ok.php' not found or unable to stat
[Mon Mar 02 00:50:40.681932 2026] [php:error] [pid 52230] [client 20.151.11.236:0] script '/domains/system_default/about.php' not found or unable to stat
[Mon Mar 02 00:50:40.708560 2026] [php:error] [pid 52230] [client 20.151.11.236:0] script '/domains/system_default/tymn.php' not found or unable to stat
[Mon Mar 02 00:50:40.712330 2026] [php:error] [pid 52226] [client 20.63.210.169:0] script '/domains/system_default/ioxi-o.php' not found or unable to stat
[Mon Mar 02 00:50:40.741159 2026] [php:error] [pid 52230] [client 20.151.11.236:0] script '/domains/system_default/bak.php' not found or unable to stat
[Mon Mar 02 00:50:40.802633 2026] [php:error] [pid 52230] [client 20.151.11.236:0] script '/domains/system_default/fe5.php' not found or unable to stat
[Mon Mar 02 00:50:40.829709 2026] [php:error] [pid 52230] [client 20.151.11.236:0] script '/domains/system_default/kj.php' not found or unable to stat
[Mon Mar 02 00:50:40.879972 2026] [php:error] [pid 52226] [client 20.63.210.169:0] script '/domains/system_default/class-t.api.php' not found or unable to stat
[Mon Mar 02 00:50:40.892273 2026] [php:error] [pid 52230] [client 20.151.11.236:0] script '/domains/system_default/av.php' not found or unable to stat
[Mon Mar 02 00:50:40.919151 2026] [php:error] [pid 52230] [client 20.151.11.236:0] script '/domains/system_default/abcd.php' not found or unable to stat
[Mon Mar 02 00:50:40.946289 2026] [php:error] [pid 52230] [client 20.151.11.236:0] script '/domains/system_default/init.php' not found or unable to stat
[Mon Mar 02 00:50:40.973363 2026] [php:error] [pid 52230] [client 20.151.11.236:0] script '/domains/system_default/fi.php' not found or unable to stat
[Mon Mar 02 00:50:41.000299 2026] [php:error] [pid 52230] [client 20.151.11.236:0] script '/domains/system_default/a1.php' not found or unable to stat
[Mon Mar 02 00:50:41.047467 2026] [php:error] [pid 52226] [client 20.63.210.169:0] script '/domains/system_default/admin.php' not found or unable to stat
[Mon Mar 02 00:50:41.082172 2026] [php:error] [pid 52230] [client 20.151.11.236:0] script '/domains/system_default/f35.php' not found or unable to stat
[Mon Mar 02 00:50:41.108788 2026] [php:error] [pid 52230] [client 20.151.11.236:0] script '/domains/system_default/hi.php' not found or unable to stat
[Mon Mar 02 00:50:41.136229 2026] [php:error] [pid 52230] [client 20.151.11.236:0] script '/domains/system_default/lala.php' not found or unable to stat
[Mon Mar 02 00:50:41.173222 2026] [php:error] [pid 52230] [client 20.151.11.236:0] script '/domains/system_default/lb.php' not found or unable to stat
[Mon Mar 02 00:50:41.217989 2026] [php:error] [pid 52226] [client 20.63.210.169:0] script '/domains/system_default/sf.php' not found or unable to stat
[Mon Mar 02 00:50:41.255508 2026] [php:error] [pid 52230] [client 20.151.11.236:0] script '/domains/system_default/0.php' not found or unable to stat
[Mon Mar 02 00:50:41.282105 2026] [php:error] [pid 52230] [client 20.151.11.236:0] script '/domains/system_default/core.php' not found or unable to stat
[Mon Mar 02 00:50:41.310810 2026] [php:error] [pid 52230] [client 20.151.11.236:0] script '/domains/system_default/autogooey.php' not found or unable to stat
[Mon Mar 02 00:50:41.366442 2026] [php:error] [pid 52230] [client 20.151.11.236:0] script '/domains/system_default/prv8.php' not found or unable to stat
[Mon Mar 02 00:50:41.385738 2026] [php:error] [pid 52226] [client 20.63.210.169:0] script '/domains/system_default/rip.php' not found or unable to stat
[Mon Mar 02 00:50:41.393183 2026] [php:error] [pid 52230] [client 20.151.11.236:0] script '/domains/system_default/k.php' not found or unable to stat
[Mon Mar 02 00:50:41.421770 2026] [php:error] [pid 52230] [client 20.151.11.236:0] script '/domains/system_default/dev.php' not found or unable to stat
[Mon Mar 02 00:50:41.448726 2026] [php:error] [pid 52230] [client 20.151.11.236:0] script '/domains/system_default/x123x.php' not found or unable to stat
[Mon Mar 02 00:50:41.475295 2026] [php:error] [pid 52230] [client 20.151.11.236:0] script '/domains/system_default/bal.php' not found or unable to stat
[Mon Mar 02 00:50:41.501883 2026] [php:error] [pid 52230] [client 20.151.11.236:0] script '/domains/system_default/in.php' not found or unable to stat
[Mon Mar 02 00:50:41.528804 2026] [php:error] [pid 52230] [client 20.151.11.236:0] script '/domains/system_default/gssdd.php' not found or unable to stat
[Mon Mar 02 00:50:41.556184 2026] [php:error] [pid 52230] [client 20.151.11.236:0] script '/domains/system_default/motu.php' not found or unable to stat
[Mon Mar 02 00:50:41.556184 2026] [php:error] [pid 52226] [client 20.63.210.169:0] script '/domains/system_default/autoload_classmap.php' not found or unable to stat
[Mon Mar 02 00:50:41.583105 2026] [php:error] [pid 52230] [client 20.151.11.236:0] script '/domains/system_default/bs1.php' not found or unable to stat
[Mon Mar 02 00:50:41.613823 2026] [php:error] [pid 52230] [client 20.151.11.236:0] script '/domains/system_default/bengi.php' not found or unable to stat
[Mon Mar 02 00:50:41.640676 2026] [php:error] [pid 52230] [client 20.151.11.236:0] script '/domains/system_default/log.php' not found or unable to stat
[Mon Mar 02 00:50:41.689470 2026] [php:error] [pid 52230] [client 20.151.11.236:0] script '/domains/system_default/miansha.php' not found or unable to stat
[Mon Mar 02 00:50:41.723958 2026] [php:error] [pid 52226] [client 20.63.210.169:0] script '/domains/system_default/chosen.php' not found or unable to stat
[Mon Mar 02 00:50:41.743467 2026] [php:error] [pid 52230] [client 20.151.11.236:0] script '/domains/system_default/erty.php' not found or unable to stat
[Mon Mar 02 00:50:41.807836 2026] [php:error] [pid 52230] [client 20.151.11.236:0] script '/domains/system_default/X57.php' not found or unable to stat
[Mon Mar 02 00:50:41.834450 2026] [php:error] [pid 52230] [client 20.151.11.236:0] script '/domains/system_default/axx.php' not found or unable to stat
[Mon Mar 02 00:50:41.870707 2026] [php:error] [pid 52230] [client 20.151.11.236:0] script '/domains/system_default/alfashell.php' not found or unable to stat
[Mon Mar 02 00:50:41.891459 2026] [php:error] [pid 52226] [client 20.63.210.169:0] script '/domains/system_default/classwithtostring.php' not found or unable to stat
[Mon Mar 02 00:50:41.897185 2026] [php:error] [pid 52230] [client 20.151.11.236:0] script '/domains/system_default/myfile.php' not found or unable to stat
[Mon Mar 02 00:50:41.923880 2026] [php:error] [pid 52230] [client 20.151.11.236:0] script '/domains/system_default/re.php' not found or unable to stat
[Mon Mar 02 00:50:41.950879 2026] [php:error] [pid 52230] [client 20.151.11.236:0] script '/domains/system_default/styll.php' not found or unable to stat
[Mon Mar 02 00:50:41.977541 2026] [php:error] [pid 52230] [client 20.151.11.236:0] script '/domains/system_default/flower.php' not found or unable to stat
[Mon Mar 02 00:50:42.004341 2026] [php:error] [pid 52230] [client 20.151.11.236:0] script '/domains/system_default/flower2.php' not found or unable to stat
[Mon Mar 02 00:50:42.031229 2026] [php:error] [pid 52230] [client 20.151.11.236:0] script '/domains/system_default/4h.php' not found or unable to stat
[Mon Mar 02 00:50:42.072540 2026] [php:error] [pid 52230] [client 20.151.11.236:0] script '/domains/system_default/gettest.php' not found or unable to stat
[Mon Mar 02 00:50:42.078575 2026] [php:error] [pid 52226] [client 20.63.210.169:0] script '/domains/system_default/defaults.php' not found or unable to stat
[Mon Mar 02 00:50:42.110187 2026] [php:error] [pid 52230] [client 20.151.11.236:0] script '/domains/system_default/acp.php' not found or unable to stat
[Mon Mar 02 00:50:42.137763 2026] [php:error] [pid 52230] [client 20.151.11.236:0] script '/domains/system_default/database.php' not found or unable to stat
[Mon Mar 02 00:50:42.917224 2026] [php:error] [pid 52226] [client 20.63.210.169:0] script '/domains/system_default/info.php' not found or unable to stat
[Mon Mar 02 00:50:44.104451 2026] [php:error] [pid 52226] [client 20.63.210.169:0] script '/domains/system_default/adminfuns.php' not found or unable to stat
[Mon Mar 02 00:51:10.443305 2026] [php:error] [pid 52227] [client 34.96.162.61:0] script '/domains/cccweb/sql.php' not found or unable to stat
[Mon Mar 02 00:51:39.351004 2026] [php:error] [pid 52223] [client 35.247.243.241:0] script '/domains/cccweb/adminer-4.3.0.php' not found or unable to stat
[Mon Mar 02 00:52:20.796373 2026] [php:error] [pid 52245] [client 39.106.67.230:0] script '/domains/thewalshgroup/fun.php' not found or unable to stat
[Mon Mar 02 00:52:32.325814 2026] [php:error] [pid 52250] [client 4.193.177.110:0] script '/domains/lover/inputs.php' not found or unable to stat
[Mon Mar 02 00:52:32.552670 2026] [php:error] [pid 52250] [client 4.193.177.110:0] script '/domains/lover/ioxi-o.php' not found or unable to stat
[Mon Mar 02 00:52:33.002504 2026] [php:error] [pid 52250] [client 4.193.177.110:0] script '/domains/lover/rip.php' not found or unable to stat
[Mon Mar 02 00:52:33.228738 2026] [php:error] [pid 52250] [client 4.193.177.110:0] script '/domains/lover/admin.php' not found or unable to stat
[Mon Mar 02 00:52:33.678960 2026] [php:error] [pid 52250] [client 4.193.177.110:0] script '/domains/lover/cache.php' not found or unable to stat
[Mon Mar 02 00:52:33.904784 2026] [php:error] [pid 52250] [client 4.193.177.110:0] script '/domains/lover/themes.php' not found or unable to stat
[Mon Mar 02 00:52:34.129764 2026] [php:error] [pid 52250] [client 4.193.177.110:0] script '/domains/lover/an.php' not found or unable to stat
[Mon Mar 02 00:52:34.805146 2026] [php:error] [pid 52250] [client 4.193.177.110:0] script '/domains/lover/ws.php' not found or unable to stat
[Mon Mar 02 00:52:35.031980 2026] [php:error] [pid 52250] [client 4.193.177.110:0] script '/domains/lover/404.php' not found or unable to stat
[Mon Mar 02 00:52:35.482069 2026] [php:error] [pid 52250] [client 4.193.177.110:0] script '/domains/lover/wp-conf.php' not found or unable to stat
[Mon Mar 02 00:52:35.932734 2026] [php:error] [pid 52250] [client 4.193.177.110:0] script '/domains/lover/wp-login.php' not found or unable to stat
[Mon Mar 02 00:52:36.158664 2026] [php:error] [pid 52250] [client 4.193.177.110:0] script '/domains/lover/abc.php' not found or unable to stat
[Mon Mar 02 00:52:36.397232 2026] [php:error] [pid 52250] [client 4.193.177.110:0] script '/domains/lover/abcd.php' not found or unable to stat
[Mon Mar 02 00:52:36.621817 2026] [php:error] [pid 52250] [client 4.193.177.110:0] script '/domains/lover/as.php' not found or unable to stat
[Mon Mar 02 00:52:36.848199 2026] [php:error] [pid 52250] [client 4.193.177.110:0] script '/domains/lover/wp-trackback.php' not found or unable to stat
[Mon Mar 02 00:52:37.098631 2026] [php:error] [pid 52250] [client 4.193.177.110:0] script '/domains/lover/about.php' not found or unable to stat
[Mon Mar 02 00:52:37.348391 2026] [php:error] [pid 52250] [client 4.193.177.110:0] script '/domains/lover/file.php' not found or unable to stat
[Mon Mar 02 00:52:37.592674 2026] [php:error] [pid 52250] [client 4.193.177.110:0] script '/domains/lover/adminfuns.php' not found or unable to stat
[Mon Mar 02 00:52:37.819301 2026] [php:error] [pid 52250] [client 4.193.177.110:0] script '/domains/lover/wp-good.php' not found or unable to stat
[Mon Mar 02 00:52:38.044168 2026] [php:error] [pid 52250] [client 4.193.177.110:0] script '/domains/lover/xmlrpc.php' not found or unable to stat
[Mon Mar 02 00:52:38.270055 2026] [php:error] [pid 52250] [client 4.193.177.110:0] script '/domains/lover/goods.php' not found or unable to stat
[Mon Mar 02 00:52:38.494760 2026] [php:error] [pid 52250] [client 4.193.177.110:0] script '/domains/lover/class-t.api.php' not found or unable to stat
[Mon Mar 02 00:52:38.682872 2026] [php:error] [pid 52224] [client 34.96.162.59:0] script '/domains/cccweb/adminer-5.4.0-mysql.php' not found or unable to stat
[Mon Mar 02 00:52:38.719266 2026] [php:error] [pid 52250] [client 4.193.177.110:0] script '/domains/lover/sf.php' not found or unable to stat
[Mon Mar 02 00:52:38.943648 2026] [php:error] [pid 52250] [client 4.193.177.110:0] script '/domains/lover/kbfr.php' not found or unable to stat
[Mon Mar 02 00:52:39.168565 2026] [php:error] [pid 52250] [client 4.193.177.110:0] script '/domains/lover/autoload_classmap.php' not found or unable to stat
[Mon Mar 02 00:52:39.393570 2026] [php:error] [pid 52250] [client 4.193.177.110:0] script '/domains/lover/chosen.php' not found or unable to stat
[Mon Mar 02 00:52:39.618406 2026] [php:error] [pid 52250] [client 4.193.177.110:0] script '/domains/lover/classwithtostring.php' not found or unable to stat
[Mon Mar 02 00:52:39.843620 2026] [php:error] [pid 52250] [client 4.193.177.110:0] script '/domains/lover/defaults.php' not found or unable to stat
[Mon Mar 02 00:52:40.519514 2026] [php:error] [pid 52250] [client 4.193.177.110:0] script '/domains/lover/info.php' not found or unable to stat
[Mon Mar 02 00:52:50.711484 2026] [php:error] [pid 52246] [client 20.63.41.168:0] script '/domains/system_suspended/trx24.php' not found or unable to stat
[Mon Mar 02 00:52:50.776038 2026] [php:error] [pid 52246] [client 20.63.41.168:0] script '/domains/system_suspended/cah.php' not found or unable to stat
[Mon Mar 02 00:52:50.840061 2026] [php:error] [pid 52246] [client 20.63.41.168:0] script '/domains/system_suspended/acp.php' not found or unable to stat
[Mon Mar 02 00:52:50.879206 2026] [php:error] [pid 52246] [client 20.63.41.168:0] script '/domains/system_suspended/muzu.php' not found or unable to stat
[Mon Mar 02 00:52:50.906650 2026] [php:error] [pid 52246] [client 20.63.41.168:0] script '/domains/system_suspended/wpo.php' not found or unable to stat
[Mon Mar 02 00:52:50.946261 2026] [php:error] [pid 52246] [client 20.63.41.168:0] script '/domains/system_suspended/x123x.php' not found or unable to stat
[Mon Mar 02 00:52:50.974085 2026] [php:error] [pid 52246] [client 20.63.41.168:0] script '/domains/system_suspended/aq.php' not found or unable to stat
[Mon Mar 02 00:52:51.000917 2026] [php:error] [pid 52246] [client 20.63.41.168:0] script '/domains/system_suspended/011i.php' not found or unable to stat
[Mon Mar 02 00:52:51.027799 2026] [php:error] [pid 52246] [client 20.63.41.168:0] script '/domains/system_suspended/edit-tags.php' not found or unable to stat
[Mon Mar 02 00:52:51.054610 2026] [php:error] [pid 52246] [client 20.63.41.168:0] script '/domains/system_suspended/as1337.php' not found or unable to stat
[Mon Mar 02 00:52:51.081641 2026] [php:error] [pid 52246] [client 20.63.41.168:0] script '/domains/system_suspended/Okxob.php' not found or unable to stat
[Mon Mar 02 00:52:51.122478 2026] [php:error] [pid 52246] [client 20.63.41.168:0] script '/domains/system_suspended/wolf-shell.php' not found or unable to stat
[Mon Mar 02 00:52:51.149596 2026] [php:error] [pid 52246] [client 20.63.41.168:0] script '/domains/system_suspended/core.php' not found or unable to stat
