[Tue Feb 24 01:41:30.263734 2026] [php:error] [pid 22739] [client 20.199.109.98:0] script '/domains/system_default/assacc.php' not found or unable to stat
[Tue Feb 24 01:41:30.352375 2026] [php:error] [pid 22739] [client 20.199.109.98:0] script '/domains/system_default/xy.php' not found or unable to stat
[Tue Feb 24 01:41:30.441376 2026] [php:error] [pid 22739] [client 20.199.109.98:0] script '/domains/system_default/0x0x.php' not found or unable to stat
[Tue Feb 24 01:41:30.530127 2026] [php:error] [pid 22739] [client 20.199.109.98:0] script '/domains/system_default/gdn.php' not found or unable to stat
[Tue Feb 24 01:41:30.618371 2026] [php:error] [pid 22739] [client 20.199.109.98:0] script '/domains/system_default/f2.php' not found or unable to stat
[Tue Feb 24 01:41:30.706549 2026] [php:error] [pid 22739] [client 20.199.109.98:0] script '/domains/system_default/RIP.php' not found or unable to stat
[Tue Feb 24 01:41:30.728369 2026] [php:error] [pid 22728] [client 176.65.149.171:0] script '/domains/ceonlinenews/storage/rip.php' not found or unable to stat
[Tue Feb 24 01:41:30.794834 2026] [php:error] [pid 22739] [client 20.199.109.98:0] script '/domains/system_default/logs.php' not found or unable to stat
[Tue Feb 24 01:41:30.883681 2026] [php:error] [pid 22739] [client 20.199.109.98:0] script '/domains/system_default/R57.php' not found or unable to stat
[Tue Feb 24 01:41:30.971876 2026] [php:error] [pid 22739] [client 20.199.109.98:0] script '/domains/system_default/amp.php' not found or unable to stat
[Tue Feb 24 01:41:31.060831 2026] [php:error] [pid 22739] [client 20.199.109.98:0] script '/domains/system_default/mini.php' not found or unable to stat
[Tue Feb 24 01:41:31.149859 2026] [php:error] [pid 22739] [client 20.199.109.98:0] script '/domains/system_default/browse.php' not found or unable to stat
[Tue Feb 24 01:41:31.238100 2026] [php:error] [pid 22739] [client 20.199.109.98:0] script '/domains/system_default/ms.php' not found or unable to stat
[Tue Feb 24 01:41:31.326775 2026] [php:error] [pid 22739] [client 20.199.109.98:0] script '/domains/system_default/wp-scr1pts.php' not found or unable to stat
[Tue Feb 24 01:41:31.415118 2026] [php:error] [pid 22739] [client 20.199.109.98:0] script '/domains/system_default/inc.php' not found or unable to stat
[Tue Feb 24 01:41:31.504966 2026] [php:error] [pid 22739] [client 20.199.109.98:0] script '/domains/system_default/aboutc.php' not found or unable to stat
[Tue Feb 24 01:41:31.593382 2026] [php:error] [pid 22739] [client 20.199.109.98:0] script '/domains/system_default/inege.php' not found or unable to stat
[Tue Feb 24 01:41:31.682239 2026] [php:error] [pid 22739] [client 20.199.109.98:0] script '/domains/system_default/error_log.php' not found or unable to stat
[Tue Feb 24 01:41:31.774419 2026] [php:error] [pid 22739] [client 20.199.109.98:0] script '/domains/system_default/ff1.php' not found or unable to stat
[Tue Feb 24 01:41:31.950346 2026] [php:error] [pid 22756] [client 20.199.109.98:0] script '/domains/system_default/sid3.php' not found or unable to stat
[Tue Feb 24 01:41:32.039669 2026] [php:error] [pid 22756] [client 20.199.109.98:0] script '/domains/system_default/ccs.php' not found or unable to stat
[Tue Feb 24 01:41:32.126744 2026] [php:error] [pid 22756] [client 20.199.109.98:0] script '/domains/system_default/fs.php' not found or unable to stat
[Tue Feb 24 01:41:32.213827 2026] [php:error] [pid 22756] [client 20.199.109.98:0] script '/domains/system_default/bgymj.php' not found or unable to stat
[Tue Feb 24 01:41:32.301500 2026] [php:error] [pid 22756] [client 20.199.109.98:0] script '/domains/system_default/class.php' not found or unable to stat
[Tue Feb 24 01:41:32.388865 2026] [php:error] [pid 22756] [client 20.199.109.98:0] script '/domains/system_default/ckk.php' not found or unable to stat
[Tue Feb 24 01:41:32.476250 2026] [php:error] [pid 22756] [client 20.199.109.98:0] script '/domains/system_default/global.php' not found or unable to stat
[Tue Feb 24 01:41:32.563760 2026] [php:error] [pid 22756] [client 20.199.109.98:0] script '/domains/system_default/ioxi.php' not found or unable to stat
[Tue Feb 24 01:41:32.651017 2026] [php:error] [pid 22756] [client 20.199.109.98:0] script '/domains/system_default/logs1.php' not found or unable to stat
[Tue Feb 24 01:41:32.738231 2026] [php:error] [pid 22756] [client 20.199.109.98:0] script '/domains/system_default/erty.php' not found or unable to stat
[Tue Feb 24 01:41:32.825575 2026] [php:error] [pid 22756] [client 20.199.109.98:0] script '/domains/system_default/inputs.php' not found or unable to stat
[Tue Feb 24 01:41:32.912699 2026] [php:error] [pid 22756] [client 20.199.109.98:0] script '/domains/system_default/Jcrop.php' not found or unable to stat
[Tue Feb 24 01:41:32.999859 2026] [php:error] [pid 22756] [client 20.199.109.98:0] script '/domains/system_default/balin.php' not found or unable to stat
[Tue Feb 24 01:41:33.086881 2026] [php:error] [pid 22756] [client 20.199.109.98:0] script '/domains/system_default/atomlib.php' not found or unable to stat
[Tue Feb 24 01:41:33.175235 2026] [php:error] [pid 22756] [client 20.199.109.98:0] script '/domains/system_default/gk.php' not found or unable to stat
[Tue Feb 24 01:41:33.262961 2026] [php:error] [pid 22756] [client 20.199.109.98:0] script '/domains/system_default/wp-act.php' not found or unable to stat
[Tue Feb 24 01:41:33.350329 2026] [php:error] [pid 22756] [client 20.199.109.98:0] script '/domains/system_default/tool.php' not found or unable to stat
[Tue Feb 24 01:41:33.438820 2026] [php:error] [pid 22756] [client 20.199.109.98:0] script '/domains/system_default/mcs.php' not found or unable to stat
[Tue Feb 24 01:41:33.525973 2026] [php:error] [pid 22756] [client 20.199.109.98:0] script '/domains/system_default/motu.php' not found or unable to stat
[Tue Feb 24 01:41:33.612806 2026] [php:error] [pid 22756] [client 20.199.109.98:0] script '/domains/system_default/easy.php' not found or unable to stat
[Tue Feb 24 01:41:33.699746 2026] [php:error] [pid 22756] [client 20.199.109.98:0] script '/domains/system_default/ava.php' not found or unable to stat
[Tue Feb 24 01:41:33.786688 2026] [php:error] [pid 22756] [client 20.199.109.98:0] script '/domains/system_default/s1.php' not found or unable to stat
[Tue Feb 24 01:41:33.876064 2026] [php:error] [pid 22756] [client 20.199.109.98:0] script '/domains/system_default/baixy.php' not found or unable to stat
[Tue Feb 24 01:41:33.963346 2026] [php:error] [pid 22756] [client 20.199.109.98:0] script '/domains/system_default/kbfr.php' not found or unable to stat
[Tue Feb 24 01:41:34.050585 2026] [php:error] [pid 22756] [client 20.199.109.98:0] script '/domains/system_default/Ov-Simple1.php' not found or unable to stat
[Tue Feb 24 01:41:34.137646 2026] [php:error] [pid 22756] [client 20.199.109.98:0] script '/domains/system_default/ws58.php' not found or unable to stat
[Tue Feb 24 01:41:34.225159 2026] [php:error] [pid 22756] [client 20.199.109.98:0] script '/domains/system_default/edit.php' not found or unable to stat
[Tue Feb 24 01:41:34.313680 2026] [php:error] [pid 22756] [client 20.199.109.98:0] script '/domains/system_default/xxw.php' not found or unable to stat
[Tue Feb 24 01:41:34.400823 2026] [php:error] [pid 22756] [client 20.199.109.98:0] script '/domains/system_default/ws68.php' not found or unable to stat
[Tue Feb 24 01:41:34.488172 2026] [php:error] [pid 22756] [client 20.199.109.98:0] script '/domains/system_default/xr.php' not found or unable to stat
[Tue Feb 24 01:41:34.575303 2026] [php:error] [pid 22756] [client 20.199.109.98:0] script '/domains/system_default/tfm.php' not found or unable to stat
[Tue Feb 24 01:41:34.662368 2026] [php:error] [pid 22756] [client 20.199.109.98:0] script '/domains/system_default/wp-link10.php' not found or unable to stat
[Tue Feb 24 01:41:34.749321 2026] [php:error] [pid 22756] [client 20.199.109.98:0] script '/domains/system_default/galer.php' not found or unable to stat
[Tue Feb 24 01:41:34.836717 2026] [php:error] [pid 22756] [client 20.199.109.98:0] script '/domains/system_default/export.php' not found or unable to stat
[Tue Feb 24 01:41:34.924329 2026] [php:error] [pid 22756] [client 20.199.109.98:0] script '/domains/system_default/abc.php' not found or unable to stat
[Tue Feb 24 01:41:35.012048 2026] [php:error] [pid 22756] [client 20.199.109.98:0] script '/domains/system_default/eursi.php' not found or unable to stat
[Tue Feb 24 01:41:35.100905 2026] [php:error] [pid 22756] [client 20.199.109.98:0] script '/domains/system_default/t00l.php' not found or unable to stat
[Tue Feb 24 01:41:35.189700 2026] [php:error] [pid 22756] [client 20.199.109.98:0] script '/domains/system_default/ccu.php' not found or unable to stat
[Tue Feb 24 01:41:35.276532 2026] [php:error] [pid 22756] [client 20.199.109.98:0] script '/domains/system_default/lkui.php' not found or unable to stat
[Tue Feb 24 01:41:35.363359 2026] [php:error] [pid 22756] [client 20.199.109.98:0] script '/domains/system_default/zoo.php' not found or unable to stat
[Tue Feb 24 01:41:35.450664 2026] [php:error] [pid 22756] [client 20.199.109.98:0] script '/domains/system_default/fetch.php' not found or unable to stat
[Tue Feb 24 01:41:35.537917 2026] [php:error] [pid 22756] [client 20.199.109.98:0] script '/domains/system_default/bzjdlofz.php' not found or unable to stat
[Tue Feb 24 01:41:35.625232 2026] [php:error] [pid 22756] [client 20.199.109.98:0] script '/domains/system_default/sbhu.php' not found or unable to stat
[Tue Feb 24 01:41:35.712790 2026] [php:error] [pid 22756] [client 20.199.109.98:0] script '/domains/system_default/8.php' not found or unable to stat
[Tue Feb 24 01:41:35.887450 2026] [php:error] [pid 22756] [client 20.199.109.98:0] script '/domains/system_default/66.php' not found or unable to stat
[Tue Feb 24 01:41:35.975056 2026] [php:error] [pid 22756] [client 20.199.109.98:0] script '/domains/system_default/term.php' not found or unable to stat
[Tue Feb 24 01:41:36.062254 2026] [php:error] [pid 22756] [client 20.199.109.98:0] script '/domains/system_default/155.php' not found or unable to stat
[Tue Feb 24 01:41:36.150939 2026] [php:error] [pid 22756] [client 20.199.109.98:0] script '/domains/system_default/6bcwiqwj.php' not found or unable to stat
[Tue Feb 24 01:41:36.238277 2026] [php:error] [pid 22756] [client 20.199.109.98:0] script '/domains/system_default/166.php' not found or unable to stat
[Tue Feb 24 01:41:36.325201 2026] [php:error] [pid 22756] [client 20.199.109.98:0] script '/domains/system_default/0x19493QU8ZQ.php' not found or unable to stat
[Tue Feb 24 01:41:36.412715 2026] [php:error] [pid 22756] [client 20.199.109.98:0] script '/domains/system_default/ws65.php' not found or unable to stat
[Tue Feb 24 01:41:36.500644 2026] [php:error] [pid 22756] [client 20.199.109.98:0] script '/domains/system_default/nZILpby53HV.php' not found or unable to stat
[Tue Feb 24 01:41:36.587970 2026] [php:error] [pid 22756] [client 20.199.109.98:0] script '/domains/system_default/wy2WOGSBPzj.php' not found or unable to stat
[Tue Feb 24 01:41:36.676293 2026] [php:error] [pid 22756] [client 20.199.109.98:0] script '/domains/system_default/VKcrnlSpuC2.php' not found or unable to stat
[Tue Feb 24 01:41:57.929121 2026] [php:error] [pid 22757] [client 20.78.169.245:0] script '/domains/ecernstelectric/wp-trackback.php' not found or unable to stat
[Tue Feb 24 01:41:58.462618 2026] [php:error] [pid 22753] [client 20.78.169.245:0] script '/domains/ecernstelectric/about.php' not found or unable to stat
[Tue Feb 24 01:41:58.648608 2026] [php:error] [pid 22753] [client 20.78.169.245:0] script '/domains/ecernstelectric/file.php' not found or unable to stat
[Tue Feb 24 01:41:58.854763 2026] [php:error] [pid 22753] [client 20.78.169.245:0] script '/domains/ecernstelectric/wp-good.php' not found or unable to stat
[Tue Feb 24 01:41:59.041465 2026] [php:error] [pid 22753] [client 20.78.169.245:0] script '/domains/ecernstelectric/xmlrpc.php' not found or unable to stat
[Tue Feb 24 01:41:59.237548 2026] [php:error] [pid 22753] [client 20.78.169.245:0] script '/domains/ecernstelectric/ioxi-o.php' not found or unable to stat
[Tue Feb 24 01:41:59.421789 2026] [php:error] [pid 22753] [client 20.78.169.245:0] script '/domains/ecernstelectric/class-t.api.php' not found or unable to stat
[Tue Feb 24 01:41:59.605777 2026] [php:error] [pid 22753] [client 20.78.169.245:0] script '/domains/ecernstelectric/admin.php' not found or unable to stat
[Tue Feb 24 01:41:59.790692 2026] [php:error] [pid 22757] [client 20.78.169.245:0] script '/domains/ecernstelectric/sf.php' not found or unable to stat
[Tue Feb 24 01:41:59.966823 2026] [php:error] [pid 22757] [client 20.78.169.245:0] script '/domains/ecernstelectric/rip.php' not found or unable to stat
[Tue Feb 24 01:42:00.145673 2026] [php:error] [pid 22757] [client 20.78.169.245:0] script '/domains/ecernstelectric/autoload_classmap.php' not found or unable to stat
[Tue Feb 24 01:42:00.325367 2026] [php:error] [pid 22757] [client 20.78.169.245:0] script '/domains/ecernstelectric/chosen.php' not found or unable to stat
[Tue Feb 24 01:42:00.503193 2026] [php:error] [pid 22757] [client 20.78.169.245:0] script '/domains/ecernstelectric/classwithtostring.php' not found or unable to stat
[Tue Feb 24 01:42:00.683683 2026] [php:error] [pid 22757] [client 20.78.169.245:0] script '/domains/ecernstelectric/defaults.php' not found or unable to stat
[Tue Feb 24 01:42:01.587635 2026] [php:error] [pid 22757] [client 20.78.169.245:0] script '/domains/ecernstelectric/info.php' not found or unable to stat
[Tue Feb 24 01:42:02.837587 2026] [php:error] [pid 22757] [client 20.78.169.245:0] script '/domains/ecernstelectric/adminfuns.php' not found or unable to stat
[Tue Feb 24 01:42:04.026545 2026] [php:error] [pid 22759] [client 20.213.152.227:0] script '/domains/wsmith.enteract/gaigu.php' not found or unable to stat
[Tue Feb 24 01:42:04.225909 2026] [php:error] [pid 22759] [client 20.213.152.227:0] script '/domains/wsmith.enteract/c99.php' not found or unable to stat
[Tue Feb 24 01:42:04.439540 2026] [php:error] [pid 22757] [client 20.78.169.245:0] script '/domains/ecernstelectric/WSO.php' not found or unable to stat
[Tue Feb 24 01:42:04.448584 2026] [php:error] [pid 22759] [client 20.213.152.227:0] script '/domains/wsmith.enteract/2.php' not found or unable to stat
[Tue Feb 24 01:42:04.625342 2026] [php:error] [pid 22757] [client 20.78.169.245:0] script '/domains/ecernstelectric/a.php' not found or unable to stat
[Tue Feb 24 01:42:04.647654 2026] [php:error] [pid 22759] [client 20.213.152.227:0] script '/domains/wsmith.enteract/0x.php' not found or unable to stat
[Tue Feb 24 01:42:04.802974 2026] [php:error] [pid 22757] [client 20.78.169.245:0] script '/domains/ecernstelectric/aa.php' not found or unable to stat
[Tue Feb 24 01:42:04.846471 2026] [php:error] [pid 22759] [client 20.213.152.227:0] script '/domains/wsmith.enteract/abcd.php' not found or unable to stat
[Tue Feb 24 01:42:04.979866 2026] [php:error] [pid 22757] [client 20.78.169.245:0] script '/domains/ecernstelectric/aaa.php' not found or unable to stat
[Tue Feb 24 01:42:05.045564 2026] [php:error] [pid 22759] [client 20.213.152.227:0] script '/domains/wsmith.enteract/i.php' not found or unable to stat
[Tue Feb 24 01:42:05.156231 2026] [php:error] [pid 22757] [client 20.78.169.245:0] script '/domains/ecernstelectric/ab.php' not found or unable to stat
[Tue Feb 24 01:42:05.246611 2026] [php:error] [pid 22759] [client 20.213.152.227:0] script '/domains/wsmith.enteract/goat.php' not found or unable to stat
[Tue Feb 24 01:42:05.334788 2026] [php:error] [pid 22757] [client 20.78.169.245:0] script '/domains/ecernstelectric/lock360.php' not found or unable to stat
[Tue Feb 24 01:42:05.453247 2026] [php:error] [pid 22759] [client 20.213.152.227:0] script '/domains/wsmith.enteract/asd67.php' not found or unable to stat
[Tue Feb 24 01:42:05.652424 2026] [php:error] [pid 22759] [client 20.213.152.227:0] script '/domains/wsmith.enteract/x12.php' not found or unable to stat
[Tue Feb 24 01:42:05.706849 2026] [php:error] [pid 22757] [client 20.78.169.245:0] script '/domains/ecernstelectric/file5.php' not found or unable to stat
[Tue Feb 24 01:42:05.855546 2026] [php:error] [pid 22759] [client 20.213.152.227:0] script '/domains/wsmith.enteract/41.php' not found or unable to stat
[Tue Feb 24 01:42:05.883227 2026] [php:error] [pid 22757] [client 20.78.169.245:0] script '/domains/ecernstelectric/sitemaps.php' not found or unable to stat
[Tue Feb 24 01:42:06.054739 2026] [php:error] [pid 22759] [client 20.213.152.227:0] script '/domains/wsmith.enteract/ad2.php' not found or unable to stat
[Tue Feb 24 01:42:06.060800 2026] [php:error] [pid 22757] [client 20.78.169.245:0] script '/domains/ecernstelectric/load.php' not found or unable to stat
[Tue Feb 24 01:42:06.237969 2026] [php:error] [pid 22757] [client 20.78.169.245:0] script '/domains/ecernstelectric/k.php' not found or unable to stat
[Tue Feb 24 01:42:06.254521 2026] [php:error] [pid 22759] [client 20.213.152.227:0] script '/domains/wsmith.enteract/sad8rd1.php' not found or unable to stat
[Tue Feb 24 01:42:06.439565 2026] [php:error] [pid 22757] [client 20.78.169.245:0] script '/domains/ecernstelectric/post.php' not found or unable to stat
[Tue Feb 24 01:42:06.453664 2026] [php:error] [pid 22759] [client 20.213.152.227:0] script '/domains/wsmith.enteract/000.php' not found or unable to stat
[Tue Feb 24 01:42:06.617992 2026] [php:error] [pid 22757] [client 20.78.169.245:0] script '/domains/ecernstelectric/1.php' not found or unable to stat
[Tue Feb 24 01:42:06.794105 2026] [php:error] [pid 22757] [client 20.78.169.245:0] script '/domains/ecernstelectric/flower.php' not found or unable to stat
[Tue Feb 24 01:42:06.971665 2026] [php:error] [pid 22757] [client 20.78.169.245:0] script '/domains/ecernstelectric/default.php' not found or unable to stat
[Tue Feb 24 01:42:07.149569 2026] [php:error] [pid 22757] [client 20.78.169.245:0] script '/domains/ecernstelectric/meta.php' not found or unable to stat
[Tue Feb 24 01:42:07.337973 2026] [php:error] [pid 22757] [client 20.78.169.245:0] script '/domains/ecernstelectric/index.php' not found or unable to stat
[Tue Feb 24 01:42:07.494618 2026] [php:error] [pid 22759] [client 20.213.152.227:0] script '/domains/wsmith.enteract/a6s2.php' not found or unable to stat
[Tue Feb 24 01:42:07.542705 2026] [php:error] [pid 22757] [client 20.78.169.245:0] script '/domains/ecernstelectric/yindu.php' not found or unable to stat
[Tue Feb 24 01:42:07.694022 2026] [php:error] [pid 22759] [client 20.213.152.227:0] script '/domains/wsmith.enteract/pepe.php' not found or unable to stat
[Tue Feb 24 01:42:07.720770 2026] [php:error] [pid 22757] [client 20.78.169.245:0] script '/domains/ecernstelectric/randkeyword.php' not found or unable to stat
[Tue Feb 24 01:42:07.893154 2026] [php:error] [pid 22759] [client 20.213.152.227:0] script '/domains/wsmith.enteract/new4.php' not found or unable to stat
[Tue Feb 24 01:42:07.899262 2026] [php:error] [pid 22757] [client 20.78.169.245:0] script '/domains/ecernstelectric/goods.php' not found or unable to stat
[Tue Feb 24 01:42:08.076737 2026] [php:error] [pid 22757] [client 20.78.169.245:0] script '/domains/ecernstelectric/hehe.php' not found or unable to stat
[Tue Feb 24 01:42:08.253697 2026] [php:error] [pid 22757] [client 20.78.169.245:0] script '/domains/ecernstelectric/user.php' not found or unable to stat
[Tue Feb 24 01:42:08.291831 2026] [php:error] [pid 22759] [client 20.213.152.227:0] script '/domains/wsmith.enteract/erty.php' not found or unable to stat
[Tue Feb 24 01:42:08.430629 2026] [php:error] [pid 22757] [client 20.78.169.245:0] script '/domains/ecernstelectric/wp-2019.php' not found or unable to stat
[Tue Feb 24 01:42:08.490752 2026] [php:error] [pid 22759] [client 20.213.152.227:0] script '/domains/wsmith.enteract/mon.php' not found or unable to stat
[Tue Feb 24 01:42:08.607181 2026] [php:error] [pid 22757] [client 20.78.169.245:0] script '/domains/ecernstelectric/chosen.php' not found or unable to stat
[Tue Feb 24 01:42:08.702810 2026] [php:error] [pid 22759] [client 20.213.152.227:0] script '/domains/wsmith.enteract/include.php' not found or unable to stat
[Tue Feb 24 01:42:08.785846 2026] [php:error] [pid 22757] [client 20.78.169.245:0] script '/domains/ecernstelectric/functions.php' not found or unable to stat
[Tue Feb 24 01:42:08.901799 2026] [php:error] [pid 22759] [client 20.213.152.227:0] script '/domains/wsmith.enteract/edit-tags.php' not found or unable to stat
[Tue Feb 24 01:42:08.978903 2026] [php:error] [pid 22757] [client 20.78.169.245:0] script '/domains/ecernstelectric/cron.php' not found or unable to stat
[Tue Feb 24 01:42:09.113365 2026] [php:error] [pid 22759] [client 20.213.152.227:0] script '/domains/wsmith.enteract/ioxi-o.php' not found or unable to stat
[Tue Feb 24 01:42:09.194157 2026] [php:error] [pid 22757] [client 20.78.169.245:0] script '/domains/ecernstelectric/edit.php' not found or unable to stat
[Tue Feb 24 01:42:09.386566 2026] [php:error] [pid 22757] [client 20.78.169.245:0] script '/domains/ecernstelectric/gecko-new.php' not found or unable to stat
[Tue Feb 24 01:42:09.582701 2026] [php:error] [pid 22757] [client 20.78.169.245:0] script '/domains/ecernstelectric/cookie.php' not found or unable to stat
[Tue Feb 24 01:42:09.759851 2026] [php:error] [pid 22759] [client 20.213.152.227:0] script '/domains/wsmith.enteract/motu.php' not found or unable to stat
[Tue Feb 24 01:42:09.958931 2026] [php:error] [pid 22759] [client 20.213.152.227:0] script '/domains/wsmith.enteract/wp-setting.php' not found or unable to stat
[Tue Feb 24 01:42:10.122183 2026] [php:error] [pid 22766] [client 20.78.169.245:0] script '/domains/ecernstelectric/xleet.php' not found or unable to stat
[Tue Feb 24 01:42:10.163172 2026] [php:error] [pid 22759] [client 20.213.152.227:0] script '/domains/wsmith.enteract/zeal.php' not found or unable to stat
[Tue Feb 24 01:42:10.362179 2026] [php:error] [pid 22759] [client 20.213.152.227:0] script '/domains/wsmith.enteract/wp-config-sample.php' not found or unable to stat
[Tue Feb 24 01:42:10.561347 2026] [php:error] [pid 22759] [client 20.213.152.227:0] script '/domains/wsmith.enteract/logs.php' not found or unable to stat
[Tue Feb 24 01:42:10.672601 2026] [php:error] [pid 22760] [client 20.78.169.245:0] script '/domains/ecernstelectric/spip.php' not found or unable to stat
[Tue Feb 24 01:42:10.882153 2026] [php:error] [pid 22760] [client 20.78.169.245:0] script '/domains/ecernstelectric/22.php' not found or unable to stat
[Tue Feb 24 01:42:11.098250 2026] [php:error] [pid 22760] [client 20.78.169.245:0] script '/domains/ecernstelectric/room.php' not found or unable to stat
[Tue Feb 24 01:42:11.296512 2026] [php:error] [pid 22760] [client 20.78.169.245:0] script '/domains/ecernstelectric/disagreed.php' not found or unable to stat
[Tue Feb 24 01:42:11.500156 2026] [php:error] [pid 22760] [client 20.78.169.245:0] script '/domains/ecernstelectric/text.php' not found or unable to stat
[Tue Feb 24 01:42:11.701773 2026] [php:error] [pid 22766] [client 20.78.169.245:0] script '/domains/ecernstelectric/alfa-rex.php' not found or unable to stat
[Tue Feb 24 01:42:12.054456 2026] [php:error] [pid 22759] [client 20.213.152.227:0] script '/domains/wsmith.enteract/s.php' not found or unable to stat
[Tue Feb 24 01:42:12.114695 2026] [php:error] [pid 22766] [client 20.78.169.245:0] script '/domains/ecernstelectric/feeds.php' not found or unable to stat
[Tue Feb 24 01:42:12.325167 2026] [php:error] [pid 22766] [client 20.78.169.245:0] script '/domains/ecernstelectric/radio.php' not found or unable to stat
[Tue Feb 24 01:42:12.528971 2026] [php:error] [pid 22766] [client 20.78.169.245:0] script '/domains/ecernstelectric/dropdown.php' not found or unable to stat
[Tue Feb 24 01:42:12.746871 2026] [php:error] [pid 22766] [client 20.78.169.245:0] script '/domains/ecernstelectric/system.php' not found or unable to stat
[Tue Feb 24 01:42:12.820696 2026] [php:error] [pid 22759] [client 20.213.152.227:0] script '/domains/wsmith.enteract/b.php' not found or unable to stat
[Tue Feb 24 01:42:13.028221 2026] [php:error] [pid 22759] [client 20.213.152.227:0] script '/domains/wsmith.enteract/webdb.php' not found or unable to stat
[Tue Feb 24 01:42:13.150087 2026] [php:error] [pid 22766] [client 20.78.169.245:0] script '/domains/ecernstelectric/colors.php' not found or unable to stat
[Tue Feb 24 01:42:13.246205 2026] [php:error] [pid 22759] [client 20.213.152.227:0] script '/domains/wsmith.enteract/lp6.php' not found or unable to stat
[Tue Feb 24 01:42:13.367593 2026] [php:error] [pid 22766] [client 20.78.169.245:0] script '/domains/ecernstelectric/updates.php' not found or unable to stat
[Tue Feb 24 01:42:13.453932 2026] [php:error] [pid 22759] [client 20.213.152.227:0] script '/domains/wsmith.enteract/f.php' not found or unable to stat
[Tue Feb 24 01:42:13.569684 2026] [php:error] [pid 22766] [client 20.78.169.245:0] script '/domains/ecernstelectric/alfa-rex1.php' not found or unable to stat
[Tue Feb 24 01:42:13.789165 2026] [php:error] [pid 22766] [client 20.78.169.245:0] script '/domains/ecernstelectric/wp-index.php' not found or unable to stat
[Tue Feb 24 01:42:13.974722 2026] [php:error] [pid 22759] [client 20.213.152.227:0] script '/domains/wsmith.enteract/666.php' not found or unable to stat
[Tue Feb 24 01:42:13.999585 2026] [php:error] [pid 22766] [client 20.78.169.245:0] script '/domains/ecernstelectric/wp-admin.php' not found or unable to stat
[Tue Feb 24 01:42:14.180341 2026] [php:error] [pid 22759] [client 20.213.152.227:0] script '/domains/wsmith.enteract/8.php' not found or unable to stat
[Tue Feb 24 01:42:14.201407 2026] [php:error] [pid 22766] [client 20.78.169.245:0] script '/domains/ecernstelectric/alfa.php' not found or unable to stat
[Tue Feb 24 01:42:14.379698 2026] [php:error] [pid 22759] [client 20.213.152.227:0] script '/domains/wsmith.enteract/mass.php' not found or unable to stat
[Tue Feb 24 01:42:14.596289 2026] [php:error] [pid 22759] [client 20.213.152.227:0] script '/domains/wsmith.enteract/rindex.php' not found or unable to stat
[Tue Feb 24 01:42:14.608289 2026] [php:error] [pid 22766] [client 20.78.169.245:0] script '/domains/ecernstelectric/locale.php' not found or unable to stat
[Tue Feb 24 01:42:14.795417 2026] [php:error] [pid 22759] [client 20.213.152.227:0] script '/domains/wsmith.enteract/hplfuns.php' not found or unable to stat
[Tue Feb 24 01:42:14.819522 2026] [php:error] [pid 22766] [client 20.78.169.245:0] script '/domains/ecernstelectric/wxo.php' not found or unable to stat
[Tue Feb 24 01:42:15.008287 2026] [php:error] [pid 22759] [client 20.213.152.227:0] script '/domains/wsmith.enteract/wp-plugins.php' not found or unable to stat
[Tue Feb 24 01:42:15.027802 2026] [php:error] [pid 22766] [client 20.78.169.245:0] script '/domains/ecernstelectric/colour.php' not found or unable to stat
[Tue Feb 24 01:42:15.207468 2026] [php:error] [pid 22759] [client 20.213.152.227:0] script '/domains/wsmith.enteract/add.php' not found or unable to stat
[Tue Feb 24 01:42:15.248631 2026] [php:error] [pid 22766] [client 20.78.169.245:0] script '/domains/ecernstelectric/files.php' not found or unable to stat
[Tue Feb 24 01:42:15.451180 2026] [php:error] [pid 22766] [client 20.78.169.245:0] script '/domains/ecernstelectric/install.php' not found or unable to stat
[Tue Feb 24 01:42:15.665404 2026] [php:error] [pid 22766] [client 20.78.169.245:0] script '/domains/ecernstelectric/wp-contentt.php' not found or unable to stat
[Tue Feb 24 01:42:15.821615 2026] [php:error] [pid 22759] [client 20.213.152.227:0] script '/domains/wsmith.enteract/install.php' not found or unable to stat
[Tue Feb 24 01:42:16.021198 2026] [php:error] [pid 22759] [client 20.213.152.227:0] script '/domains/wsmith.enteract/wp-22.php' not found or unable to stat
[Tue Feb 24 01:42:16.089065 2026] [php:error] [pid 22766] [client 20.78.169.245:0] script '/domains/ecernstelectric/config.php' not found or unable to stat
[Tue Feb 24 01:42:16.293869 2026] [php:error] [pid 22766] [client 20.78.169.245:0] script '/domains/ecernstelectric/theme.php' not found or unable to stat
[Tue Feb 24 01:42:16.510211 2026] [php:error] [pid 22766] [client 20.78.169.245:0] script '/domains/ecernstelectric/block-bindings.php' not found or unable to stat
[Tue Feb 24 01:42:16.719087 2026] [php:error] [pid 22766] [client 20.78.169.245:0] script '/domains/ecernstelectric/class_api.php' not found or unable to stat
[Tue Feb 24 01:42:16.861993 2026] [php:error] [pid 22759] [client 20.213.152.227:0] script '/domains/wsmith.enteract/xa.php' not found or unable to stat
[Tue Feb 24 01:42:16.929274 2026] [php:error] [pid 22766] [client 20.78.169.245:0] script '/domains/ecernstelectric/inputs.php' not found or unable to stat
[Tue Feb 24 01:42:17.085171 2026] [php:error] [pid 22759] [client 20.213.152.227:0] script '/domains/wsmith.enteract/acp.php' not found or unable to stat
[Tue Feb 24 01:42:17.113700 2026] [php:error] [pid 22766] [client 20.78.169.245:0] script '/domains/ecernstelectric/root.php' not found or unable to stat
[Tue Feb 24 01:42:17.298914 2026] [php:error] [pid 22766] [client 20.78.169.245:0] script '/domains/ecernstelectric/menu.php' not found or unable to stat
[Tue Feb 24 01:42:17.483345 2026] [php:error] [pid 22759] [client 20.213.152.227:0] script '/domains/wsmith.enteract/payment.php' not found or unable to stat
[Tue Feb 24 01:42:17.508891 2026] [php:error] [pid 22766] [client 20.78.169.245:0] script '/domains/ecernstelectric/plugin.php' not found or unable to stat
[Tue Feb 24 01:42:17.690135 2026] [php:error] [pid 22759] [client 20.213.152.227:0] script '/domains/wsmith.enteract/wp-info.php' not found or unable to stat
[Tue Feb 24 01:42:17.697558 2026] [php:error] [pid 22766] [client 20.78.169.245:0] script '/domains/ecernstelectric/cloud.php' not found or unable to stat
[Tue Feb 24 01:42:17.889278 2026] [php:error] [pid 22759] [client 20.213.152.227:0] script '/domains/wsmith.enteract/alfa.php' not found or unable to stat
[Tue Feb 24 01:42:17.897958 2026] [php:error] [pid 22766] [client 20.78.169.245:0] script '/domains/ecernstelectric/configs.php' not found or unable to stat
[Tue Feb 24 01:42:18.093565 2026] [php:error] [pid 22759] [client 20.213.152.227:0] script '/domains/wsmith.enteract/kill.php' not found or unable to stat
[Tue Feb 24 01:42:18.093868 2026] [php:error] [pid 22766] [client 20.78.169.245:0] script '/domains/ecernstelectric/wp-configs.php' not found or unable to stat
[Tue Feb 24 01:42:18.277894 2026] [php:error] [pid 22766] [client 20.78.169.245:0] script '/domains/ecernstelectric/update.php' not found or unable to stat
[Tue Feb 24 01:42:18.463442 2026] [php:error] [pid 22766] [client 20.78.169.245:0] script '/domains/ecernstelectric/2.php' not found or unable to stat
[Tue Feb 24 01:42:18.492131 2026] [php:error] [pid 22759] [client 20.213.152.227:0] script '/domains/wsmith.enteract/atomlib.php' not found or unable to stat
[Tue Feb 24 01:42:18.649759 2026] [php:error] [pid 22766] [client 20.78.169.245:0] script '/domains/ecernstelectric/input.php' not found or unable to stat
[Tue Feb 24 01:42:18.916340 2026] [php:error] [pid 22759] [client 20.213.152.227:0] script '/domains/wsmith.enteract/text.php' not found or unable to stat
[Tue Feb 24 01:42:19.115234 2026] [php:error] [pid 22759] [client 20.213.152.227:0] script '/domains/wsmith.enteract/info.php' not found or unable to stat
[Tue Feb 24 01:42:19.327242 2026] [php:error] [pid 22759] [client 20.213.152.227:0] script '/domains/wsmith.enteract/co.php' not found or unable to stat
[Tue Feb 24 01:42:19.526351 2026] [php:error] [pid 22759] [client 20.213.152.227:0] script '/domains/wsmith.enteract/X57.php' not found or unable to stat
[Tue Feb 24 01:42:19.725448 2026] [php:error] [pid 22759] [client 20.213.152.227:0] script '/domains/wsmith.enteract/makeasmtp.php' not found or unable to stat
[Tue Feb 24 01:42:20.136803 2026] [php:error] [pid 22759] [client 20.213.152.227:0] script '/domains/wsmith.enteract/123.php' not found or unable to stat
[Tue Feb 24 01:42:20.336248 2026] [php:error] [pid 22759] [client 20.213.152.227:0] script '/domains/wsmith.enteract/options-discussion.php' not found or unable to stat
[Tue Feb 24 01:42:20.540675 2026] [php:error] [pid 22759] [client 20.213.152.227:0] script '/domains/wsmith.enteract/a4.php' not found or unable to stat
[Tue Feb 24 01:42:20.747249 2026] [php:error] [pid 22759] [client 20.213.152.227:0] script '/domains/wsmith.enteract/1.php' not found or unable to stat
[Tue Feb 24 01:42:20.812992 2026] [php:error] [pid 22757] [client 20.210.89.170:0] script '/domains/kandg-pc/wp-trackback.php' not found or unable to stat
[Tue Feb 24 01:42:20.959440 2026] [php:error] [pid 22759] [client 20.213.152.227:0] script '/domains/wsmith.enteract/sys.php' not found or unable to stat
[Tue Feb 24 01:42:20.986282 2026] [php:error] [pid 22757] [client 20.210.89.170:0] script '/domains/kandg-pc/about.php' not found or unable to stat
[Tue Feb 24 01:42:21.150630 2026] [php:error] [pid 22757] [client 20.210.89.170:0] script '/domains/kandg-pc/file.php' not found or unable to stat
[Tue Feb 24 01:42:21.314532 2026] [php:error] [pid 22757] [client 20.210.89.170:0] script '/domains/kandg-pc/wp-good.php' not found or unable to stat
[Tue Feb 24 01:42:21.380216 2026] [php:error] [pid 22759] [client 20.213.152.227:0] script '/domains/wsmith.enteract/credits.php' not found or unable to stat
[Tue Feb 24 01:42:21.479892 2026] [php:error] [pid 22757] [client 20.210.89.170:0] script '/domains/kandg-pc/xmlrpc.php' not found or unable to stat
[Tue Feb 24 01:42:21.672038 2026] [php:error] [pid 22757] [client 20.210.89.170:0] script '/domains/kandg-pc/goods.php' not found or unable to stat
[Tue Feb 24 01:42:21.836745 2026] [php:error] [pid 22757] [client 20.210.89.170:0] script '/domains/kandg-pc/ioxi-o.php' not found or unable to stat
[Tue Feb 24 01:42:22.001043 2026] [php:error] [pid 22757] [client 20.210.89.170:0] script '/domains/kandg-pc/class-t.api.php' not found or unable to stat
[Tue Feb 24 01:42:22.164973 2026] [php:error] [pid 22757] [client 20.210.89.170:0] script '/domains/kandg-pc/admin.php' not found or unable to stat
[Tue Feb 24 01:42:22.328928 2026] [php:error] [pid 22757] [client 20.210.89.170:0] script '/domains/kandg-pc/sf.php' not found or unable to stat
[Tue Feb 24 01:42:22.492981 2026] [php:error] [pid 22757] [client 20.210.89.170:0] script '/domains/kandg-pc/rip.php' not found or unable to stat
[Tue Feb 24 01:42:22.657226 2026] [php:error] [pid 22757] [client 20.210.89.170:0] script '/domains/kandg-pc/autoload_classmap.php' not found or unable to stat
[Tue Feb 24 01:42:22.821667 2026] [php:error] [pid 22757] [client 20.210.89.170:0] script '/domains/kandg-pc/chosen.php' not found or unable to stat
[Tue Feb 24 01:42:22.986728 2026] [php:error] [pid 22757] [client 20.210.89.170:0] script '/domains/kandg-pc/classwithtostring.php' not found or unable to stat
[Tue Feb 24 01:42:23.151274 2026] [php:error] [pid 22757] [client 20.210.89.170:0] script '/domains/kandg-pc/defaults.php' not found or unable to stat
[Tue Feb 24 01:42:23.977146 2026] [php:error] [pid 22757] [client 20.210.89.170:0] script '/domains/kandg-pc/info.php' not found or unable to stat
[Tue Feb 24 01:42:24.657139 2026] [php:error] [pid 22771] [client 20.213.152.227:0] script '/domains/wsmith.enteract/R57.php' not found or unable to stat
[Tue Feb 24 01:42:24.869870 2026] [php:error] [pid 22771] [client 20.213.152.227:0] script '/domains/wsmith.enteract/txets.php' not found or unable to stat
[Tue Feb 24 01:42:25.070806 2026] [php:error] [pid 22771] [client 20.213.152.227:0] script '/domains/wsmith.enteract/wp-blog.php' not found or unable to stat
[Tue Feb 24 01:42:25.157098 2026] [php:error] [pid 22757] [client 20.210.89.170:0] script '/domains/kandg-pc/adminfuns.php' not found or unable to stat
[Tue Feb 24 01:42:25.284707 2026] [php:error] [pid 22771] [client 20.213.152.227:0] script '/domains/wsmith.enteract/wp-blog-header.php' not found or unable to stat
[Tue Feb 24 01:42:25.487275 2026] [php:error] [pid 22771] [client 20.213.152.227:0] script '/domains/wsmith.enteract/file2.php' not found or unable to stat
[Tue Feb 24 01:42:25.672693 2026] [php:error] [pid 22772] [client 45.148.10.244:0] script '/domains/fifibear/phpinfo.php' not found or unable to stat
[Tue Feb 24 01:42:26.089825 2026] [php:error] [pid 22771] [client 20.213.152.227:0] script '/domains/wsmith.enteract/inputs.php' not found or unable to stat
[Tue Feb 24 01:42:26.290233 2026] [php:error] [pid 22771] [client 20.213.152.227:0] script '/domains/wsmith.enteract/gettest.php' not found or unable to stat
[Tue Feb 24 01:42:26.493000 2026] [php:error] [pid 22771] [client 20.213.152.227:0] script '/domains/wsmith.enteract/term.php' not found or unable to stat
[Tue Feb 24 01:42:26.722693 2026] [php:error] [pid 22771] [client 20.213.152.227:0] script '/domains/wsmith.enteract/koiy.php' not found or unable to stat
[Tue Feb 24 01:42:26.934103 2026] [php:error] [pid 22771] [client 20.213.152.227:0] script '/domains/wsmith.enteract/plugins.php' not found or unable to stat
[Tue Feb 24 01:42:27.905899 2026] [php:error] [pid 22771] [client 20.213.152.227:0] script '/domains/wsmith.enteract/cmdo.php' not found or unable to stat
[Tue Feb 24 01:42:28.130543 2026] [php:error] [pid 22771] [client 20.213.152.227:0] script '/domains/wsmith.enteract/lkui.php' not found or unable to stat
[Tue Feb 24 01:42:28.559395 2026] [php:error] [pid 22777] [client 45.148.10.244:0] script '/domains/fifibear/_phpinfo.php' not found or unable to stat
[Tue Feb 24 01:42:29.255655 2026] [php:error] [pid 22771] [client 20.213.152.227:0] script '/domains/wsmith.enteract/ws72.php' not found or unable to stat
[Tue Feb 24 01:42:29.679895 2026] [php:error] [pid 22771] [client 20.213.152.227:0] script '/domains/wsmith.enteract/root.php' not found or unable to stat
[Tue Feb 24 01:42:31.030114 2026] [php:error] [pid 22771] [client 20.213.152.227:0] script '/domains/wsmith.enteract/options.php' not found or unable to stat
[Tue Feb 24 01:42:31.235837 2026] [php:error] [pid 22771] [client 20.213.152.227:0] script '/domains/wsmith.enteract/wp-cache.php' not found or unable to stat
[Tue Feb 24 01:42:31.451154 2026] [php:error] [pid 22771] [client 20.213.152.227:0] script '/domains/wsmith.enteract/admin-footer.php' not found or unable to stat
[Tue Feb 24 01:42:31.651725 2026] [php:error] [pid 22771] [client 20.213.152.227:0] script '/domains/wsmith.enteract/db.php' not found or unable to stat
[Tue Feb 24 01:42:31.853121 2026] [php:error] [pid 22771] [client 20.213.152.227:0] script '/domains/wsmith.enteract/media-upload.php' not found or unable to stat
[Tue Feb 24 01:42:32.054460 2026] [php:error] [pid 22771] [client 20.213.152.227:0] script '/domains/wsmith.enteract/sc.php' not found or unable to stat
[Tue Feb 24 01:42:32.255405 2026] [php:error] [pid 22771] [client 20.213.152.227:0] script '/domains/wsmith.enteract/166.php' not found or unable to stat
[Tue Feb 24 01:42:32.456251 2026] [php:error] [pid 22771] [client 20.213.152.227:0] script '/domains/wsmith.enteract/lib.php' not found or unable to stat
[Tue Feb 24 01:42:32.661459 2026] [php:error] [pid 22771] [client 20.213.152.227:0] script '/domains/wsmith.enteract/ms.php' not found or unable to stat
[Tue Feb 24 01:42:32.885009 2026] [php:error] [pid 22771] [client 20.213.152.227:0] script '/domains/wsmith.enteract/core.php' not found or unable to stat
[Tue Feb 24 01:42:33.085943 2026] [php:error] [pid 22771] [client 20.213.152.227:0] script '/domains/wsmith.enteract/widgets.php' not found or unable to stat
[Tue Feb 24 01:42:33.418909 2026] [php:error] [pid 22771] [client 20.213.152.227:0] script '/domains/wsmith.enteract/berlin.php' not found or unable to stat
[Tue Feb 24 01:42:33.619816 2026] [php:error] [pid 22771] [client 20.213.152.227:0] script '/domains/wsmith.enteract/freedoms.php' not found or unable to stat
[Tue Feb 24 01:42:33.820713 2026] [php:error] [pid 22771] [client 20.213.152.227:0] script '/domains/wsmith.enteract/simple.php' not found or unable to stat
[Tue Feb 24 01:42:34.037422 2026] [php:error] [pid 22771] [client 20.213.152.227:0] script '/domains/wsmith.enteract/aa.php' not found or unable to stat
[Tue Feb 24 01:42:34.465946 2026] [php:error] [pid 22771] [client 20.213.152.227:0] script '/domains/wsmith.enteract/mjq.php' not found or unable to stat
[Tue Feb 24 01:42:34.699927 2026] [php:error] [pid 22771] [client 20.213.152.227:0] script '/domains/wsmith.enteract/71.php' not found or unable to stat
[Tue Feb 24 01:42:35.102547 2026] [php:error] [pid 22771] [client 20.213.152.227:0] script '/domains/wsmith.enteract/lock.php' not found or unable to stat
[Tue Feb 24 01:42:35.303432 2026] [php:error] [pid 22771] [client 20.213.152.227:0] script '/domains/wsmith.enteract/database.php' not found or unable to stat
[Tue Feb 24 01:42:35.504414 2026] [php:error] [pid 22771] [client 20.213.152.227:0] script '/domains/wsmith.enteract/wp-login.php' not found or unable to stat
[Tue Feb 24 01:42:35.705616 2026] [php:error] [pid 22771] [client 20.213.152.227:0] script '/domains/wsmith.enteract/admin-header.php' not found or unable to stat
[Tue Feb 24 01:42:37.147511 2026] [php:error] [pid 22771] [client 20.213.152.227:0] script '/domains/wsmith.enteract/edit.php' not found or unable to stat
[Tue Feb 24 01:42:37.348601 2026] [php:error] [pid 22771] [client 20.213.152.227:0] script '/domains/wsmith.enteract/plugin.php' not found or unable to stat
[Tue Feb 24 01:42:37.567555 2026] [php:error] [pid 22771] [client 20.213.152.227:0] script '/domains/wsmith.enteract/init.php' not found or unable to stat
[Tue Feb 24 01:42:37.889516 2026] [php:error] [pid 22771] [client 20.213.152.227:0] script '/domains/wsmith.enteract/pop.php' not found or unable to stat
[Tue Feb 24 01:42:38.096350 2026] [php:error] [pid 22771] [client 20.213.152.227:0] script '/domains/wsmith.enteract/zeng.php' not found or unable to stat
[Tue Feb 24 01:42:38.500698 2026] [php:error] [pid 22771] [client 20.213.152.227:0] script '/domains/wsmith.enteract/checkbex.php' not found or unable to stat
[Tue Feb 24 01:42:39.129542 2026] [php:error] [pid 22771] [client 20.213.152.227:0] script '/domains/wsmith.enteract/options-head.php' not found or unable to stat
[Tue Feb 24 01:42:39.335030 2026] [php:error] [pid 22771] [client 20.213.152.227:0] script '/domains/wsmith.enteract/ty.php' not found or unable to stat
[Tue Feb 24 01:42:39.567691 2026] [php:error] [pid 22771] [client 20.213.152.227:0] script '/domains/wsmith.enteract/we.php' not found or unable to stat
[Tue Feb 24 01:42:39.768897 2026] [php:error] [pid 22771] [client 20.213.152.227:0] script '/domains/wsmith.enteract/themes.php' not found or unable to stat
[Tue Feb 24 01:42:39.981656 2026] [php:error] [pid 22771] [client 20.213.152.227:0] script '/domains/wsmith.enteract/go.php' not found or unable to stat
[Tue Feb 24 01:42:41.181032 2026] [php:error] [pid 22771] [client 20.213.152.227:0] script '/domains/wsmith.enteract/my.php' not found or unable to stat
[Tue Feb 24 01:42:41.383165 2026] [php:error] [pid 22771] [client 20.213.152.227:0] script '/domains/wsmith.enteract/p.php' not found or unable to stat
[Tue Feb 24 01:42:41.964332 2026] [php:error] [pid 22777] [client 45.148.10.244:0] script '/domains/fifibear/wp-config.php.bak' not found or unable to stat
[Tue Feb 24 01:42:42.081948 2026] [php:error] [pid 22777] [client 45.148.10.244:0] script '/domains/fifibear/info.php' not found or unable to stat
[Tue Feb 24 01:42:42.719703 2026] [php:error] [pid 22771] [client 20.213.152.227:0] script '/domains/wsmith.enteract/ws66.php' not found or unable to stat
[Tue Feb 24 01:42:42.889006 2026] [php:error] [pid 22777] [client 45.148.10.244:0] script '/domains/fifibear/server_info.php' not found or unable to stat
[Tue Feb 24 01:42:43.011469 2026] [php:error] [pid 22777] [client 45.148.10.244:0] script '/domains/fifibear/app_dev.php' not found or unable to stat
[Tue Feb 24 01:42:43.137844 2026] [php:error] [pid 22777] [client 45.148.10.244:0] script '/domains/fifibear/test.php' not found or unable to stat
[Tue Feb 24 01:42:43.139505 2026] [php:error] [pid 22771] [client 20.213.152.227:0] script '/domains/wsmith.enteract/user-new.php' not found or unable to stat
[Tue Feb 24 01:42:43.273872 2026] [access_compat:error] [pid 22777] [client 45.148.10.244:0] AH01797: client denied by server configuration: /domains/fifibear/server-info
[Tue Feb 24 01:42:43.441771 2026] [php:error] [pid 22777] [client 45.148.10.244:0] script '/domains/fifibear/server-info.php' not found or unable to stat
[Tue Feb 24 01:42:56.340706 2026] [php:error] [pid 22775] [client 20.238.121.35:0] script '/domains/jeffbell/cwclass.php' not found or unable to stat
[Tue Feb 24 01:42:56.412859 2026] [php:error] [pid 22775] [client 20.238.121.35:0] script '/domains/jeffbell/class-cc.php' not found or unable to stat
[Tue Feb 24 01:42:56.486736 2026] [php:error] [pid 22775] [client 20.238.121.35:0] script '/domains/jeffbell/lite.php' not found or unable to stat
[Tue Feb 24 01:42:56.562338 2026] [php:error] [pid 22775] [client 20.238.121.35:0] script '/domains/jeffbell/rrb.php' not found or unable to stat
[Tue Feb 24 01:42:56.634630 2026] [php:error] [pid 22775] [client 20.238.121.35:0] script '/domains/jeffbell/mariju.php' not found or unable to stat
[Tue Feb 24 01:42:56.712212 2026] [php:error] [pid 22775] [client 20.238.121.35:0] script '/domains/jeffbell/xenium4.php' not found or unable to stat
[Tue Feb 24 01:42:56.787971 2026] [php:error] [pid 22775] [client 20.238.121.35:0] script '/domains/jeffbell/jsonq.php' not found or unable to stat
[Tue Feb 24 01:42:56.934515 2026] [php:error] [pid 22775] [client 20.238.121.35:0] script '/domains/jeffbell/wp-fast.php' not found or unable to stat
[Tue Feb 24 01:42:57.007022 2026] [php:error] [pid 22775] [client 20.238.121.35:0] script '/domains/jeffbell/yas.php' not found or unable to stat
[Tue Feb 24 01:43:10.111131 2026] [php:error] [pid 22757] [client 158.158.42.25:0] script '/domains/bruceweb/cwclass.php' not found or unable to stat
[Tue Feb 24 01:43:10.194024 2026] [php:error] [pid 22757] [client 158.158.42.25:0] script '/domains/bruceweb/class-cc.php' not found or unable to stat
[Tue Feb 24 01:43:10.280061 2026] [php:error] [pid 22757] [client 158.158.42.25:0] script '/domains/bruceweb/lite.php' not found or unable to stat
[Tue Feb 24 01:43:10.365277 2026] [php:error] [pid 22757] [client 158.158.42.25:0] script '/domains/bruceweb/rrb.php' not found or unable to stat
[Tue Feb 24 01:43:10.450687 2026] [php:error] [pid 22757] [client 158.158.42.25:0] script '/domains/bruceweb/mariju.php' not found or unable to stat
[Tue Feb 24 01:43:10.534112 2026] [php:error] [pid 22757] [client 158.158.42.25:0] script '/domains/bruceweb/xenium4.php' not found or unable to stat
[Tue Feb 24 01:43:10.617842 2026] [php:error] [pid 22757] [client 158.158.42.25:0] script '/domains/bruceweb/jsonq.php' not found or unable to stat
[Tue Feb 24 01:43:10.785859 2026] [php:error] [pid 22757] [client 158.158.42.25:0] script '/domains/bruceweb/wp-fast.php' not found or unable to stat
[Tue Feb 24 01:43:10.869457 2026] [php:error] [pid 22757] [client 158.158.42.25:0] script '/domains/bruceweb/yas.php' not found or unable to stat
[Tue Feb 24 01:43:15.372246 2026] [php:error] [pid 22794] [client 45.148.10.244:0] script '/domains/fifibear/.env.php' not found or unable to stat
[Tue Feb 24 01:43:15.658313 2026] [php:error] [pid 22794] [client 45.148.10.244:0] script '/domains/fifibear/config.php' not found or unable to stat
[Tue Feb 24 01:43:15.777405 2026] [php:error] [pid 22794] [client 45.148.10.244:0] script '/domains/fifibear/configuration.php' not found or unable to stat
[Tue Feb 24 01:43:15.876038 2026] [php:error] [pid 22794] [client 45.148.10.244:0] script '/domains/fifibear/settings.php' not found or unable to stat
[Tue Feb 24 01:43:15.977808 2026] [php:error] [pid 22794] [client 45.148.10.244:0] script '/domains/fifibear/database.php' not found or unable to stat
[Tue Feb 24 01:43:16.082154 2026] [php:error] [pid 22794] [client 45.148.10.244:0] script '/domains/fifibear/db.php' not found or unable to stat
[Tue Feb 24 01:43:16.183017 2026] [php:error] [pid 22794] [client 45.148.10.244:0] script '/domains/fifibear/connect.php' not found or unable to stat
[Tue Feb 24 01:43:16.274143 2026] [php:error] [pid 22794] [client 45.148.10.244:0] script '/domains/fifibear/connection.php' not found or unable to stat
[Tue Feb 24 01:43:17.374832 2026] [php:error] [pid 22759] [client 45.148.10.244:0] script '/domains/fifibear/config.inc.php' not found or unable to stat
[Tue Feb 24 01:43:17.561576 2026] [php:error] [pid 22759] [client 45.148.10.244:0] script '/domains/fifibear/settings.inc.php' not found or unable to stat
[Tue Feb 24 01:43:21.634746 2026] [php:error] [pid 22789] [client 45.148.10.244:0] script '/domains/fifibear/wp-config.php' not found or unable to stat
[Tue Feb 24 01:43:21.719874 2026] [php:error] [pid 22789] [client 45.148.10.244:0] script '/domains/fifibear/wp-config.php.old' not found or unable to stat
[Tue Feb 24 01:43:21.811741 2026] [php:error] [pid 22789] [client 45.148.10.244:0] script '/domains/fifibear/wp-config.php.save' not found or unable to stat
[Tue Feb 24 01:43:21.899097 2026] [php:error] [pid 22789] [client 45.148.10.244:0] script '/domains/fifibear/wp-config.php.swp' not found or unable to stat
[Tue Feb 24 01:43:23.177067 2026] [php:error] [pid 22771] [client 45.148.10.244:0] script '/domains/fifibear/wp-config-sample.php' not found or unable to stat
[Tue Feb 24 01:43:23.634313 2026] [php:error] [pid 22771] [client 45.148.10.244:0] script '/domains/fifibear/.wp-config.php.swp' not found or unable to stat
[Tue Feb 24 01:43:24.102342 2026] [php:error] [pid 22771] [client 45.148.10.244:0] script '/domains/fifibear/configuration.php.bak' not found or unable to stat
