[Tue Feb 24 00:34:52.966614 2026] [php:error] [pid 21806] [client 20.151.220.171:0] script '/domains/rextrav/ddd.php' not found or unable to stat
[Tue Feb 24 00:34:52.990495 2026] [php:error] [pid 21806] [client 20.151.220.171:0] script '/domains/rextrav/bgymj.php' not found or unable to stat
[Tue Feb 24 00:34:53.014309 2026] [php:error] [pid 21806] [client 20.151.220.171:0] script '/domains/rextrav/ioxi.php' not found or unable to stat
[Tue Feb 24 00:34:53.067731 2026] [php:error] [pid 21806] [client 20.151.220.171:0] script '/domains/rextrav/xpwer1.php' not found or unable to stat
[Tue Feb 24 00:34:53.091484 2026] [php:error] [pid 21806] [client 20.151.220.171:0] script '/domains/rextrav/lala.php' not found or unable to stat
[Tue Feb 24 00:34:53.116046 2026] [php:error] [pid 21806] [client 20.151.220.171:0] script '/domains/rextrav/about.php' not found or unable to stat
[Tue Feb 24 00:34:53.163902 2026] [php:error] [pid 21806] [client 20.151.220.171:0] script '/domains/rextrav/cgi-bin/index.php' not found or unable to stat
[Tue Feb 24 00:34:53.234639 2026] [php:error] [pid 21806] [client 20.151.220.171:0] script '/domains/rextrav/info.php' not found or unable to stat
[Tue Feb 24 00:34:53.258150 2026] [php:error] [pid 21806] [client 20.151.220.171:0] script '/domains/rextrav/about.php' not found or unable to stat
[Tue Feb 24 00:34:53.306023 2026] [php:error] [pid 21806] [client 20.151.220.171:0] script '/domains/rextrav/222.php' not found or unable to stat
[Tue Feb 24 00:34:53.330039 2026] [php:error] [pid 21806] [client 20.151.220.171:0] script '/domains/rextrav/adminfuns.php' not found or unable to stat
[Tue Feb 24 00:34:53.372401 2026] [php:error] [pid 21798] [client 193.176.211.159:0] script '/domains/acagolf1/function.php' not found or unable to stat
[Tue Feb 24 00:34:53.377717 2026] [php:error] [pid 21806] [client 20.151.220.171:0] script '/domains/rextrav/xx.php' not found or unable to stat
[Tue Feb 24 00:34:53.433873 2026] [php:error] [pid 21806] [client 20.151.220.171:0] script '/domains/rextrav/f5.php' not found or unable to stat
[Tue Feb 24 00:34:53.458298 2026] [php:error] [pid 21806] [client 20.151.220.171:0] script '/domains/rextrav/flower.php' not found or unable to stat
[Tue Feb 24 00:34:53.482536 2026] [php:error] [pid 21806] [client 20.151.220.171:0] script '/domains/rextrav/f6.php' not found or unable to stat
[Tue Feb 24 00:34:53.506263 2026] [php:error] [pid 21806] [client 20.151.220.171:0] script '/domains/rextrav/edit.php' not found or unable to stat
[Tue Feb 24 00:34:53.600610 2026] [php:error] [pid 21806] [client 20.151.220.171:0] script '/domains/rextrav/wsd.php' not found or unable to stat
[Tue Feb 24 00:34:53.625010 2026] [php:error] [pid 21806] [client 20.151.220.171:0] script '/domains/rextrav/jane.php' not found or unable to stat
[Tue Feb 24 00:34:53.649155 2026] [php:error] [pid 21806] [client 20.151.220.171:0] script '/domains/rextrav/css.php' not found or unable to stat
[Tue Feb 24 00:34:53.673282 2026] [php:error] [pid 21806] [client 20.151.220.171:0] script '/domains/rextrav/alfa.php' not found or unable to stat
[Tue Feb 24 00:34:53.697135 2026] [php:error] [pid 21806] [client 20.151.220.171:0] script '/domains/rextrav/x.php' not found or unable to stat
[Tue Feb 24 00:34:53.720846 2026] [php:error] [pid 21806] [client 20.151.220.171:0] script '/domains/rextrav/xxxx.php' not found or unable to stat
[Tue Feb 24 00:34:53.744827 2026] [php:error] [pid 21806] [client 20.151.220.171:0] script '/domains/rextrav/class.php' not found or unable to stat
[Tue Feb 24 00:34:53.768670 2026] [php:error] [pid 21806] [client 20.151.220.171:0] script '/domains/rextrav/f35.php' not found or unable to stat
[Tue Feb 24 00:34:53.863097 2026] [php:error] [pid 21806] [client 20.151.220.171:0] script '/domains/rextrav/class-t.api.php' not found or unable to stat
[Tue Feb 24 00:34:53.941010 2026] [php:error] [pid 21798] [client 193.176.211.159:0] script '/domains/acagolf1/wp-signup.php' not found or unable to stat
[Tue Feb 24 00:34:54.029188 2026] [php:error] [pid 21806] [client 20.151.220.171:0] script '/domains/rextrav/init.php' not found or unable to stat
[Tue Feb 24 00:34:54.098906 2026] [php:error] [pid 21806] [client 20.151.220.171:0] script '/domains/rextrav/k.php' not found or unable to stat
[Tue Feb 24 00:34:54.123354 2026] [php:error] [pid 21806] [client 20.151.220.171:0] script '/domains/rextrav/bless.php' not found or unable to stat
[Tue Feb 24 00:34:54.147150 2026] [php:error] [pid 21806] [client 20.151.220.171:0] script '/domains/rextrav/X7x.php' not found or unable to stat
[Tue Feb 24 00:34:54.170876 2026] [php:error] [pid 21806] [client 20.151.220.171:0] script '/domains/rextrav/166.php' not found or unable to stat
[Tue Feb 24 00:34:54.194531 2026] [php:error] [pid 21806] [client 20.151.220.171:0] script '/domains/rextrav/plss3.php' not found or unable to stat
[Tue Feb 24 00:34:54.241795 2026] [php:error] [pid 21806] [client 20.151.220.171:0] script '/domains/rextrav/admins.php' not found or unable to stat
[Tue Feb 24 00:34:54.265507 2026] [php:error] [pid 21806] [client 20.151.220.171:0] script '/domains/rextrav/wp.php' not found or unable to stat
[Tue Feb 24 00:34:54.289526 2026] [php:error] [pid 21806] [client 20.151.220.171:0] script '/domains/rextrav/main.php' not found or unable to stat
[Tue Feb 24 00:34:54.313591 2026] [php:error] [pid 21806] [client 20.151.220.171:0] script '/domains/rextrav/a1.php' not found or unable to stat
[Tue Feb 24 00:34:54.337143 2026] [php:error] [pid 21806] [client 20.151.220.171:0] script '/domains/rextrav/lala.php' not found or unable to stat
[Tue Feb 24 00:34:54.338022 2026] [php:error] [pid 21837] [client 45.130.203.230:0] script '/domains/system_suspended/aa.php' not found or unable to stat
[Tue Feb 24 00:34:54.361035 2026] [php:error] [pid 21806] [client 20.151.220.171:0] script '/domains/rextrav/aaa.php' not found or unable to stat
[Tue Feb 24 00:34:54.384902 2026] [php:error] [pid 21806] [client 20.151.220.171:0] script '/domains/rextrav/a2.php' not found or unable to stat
[Tue Feb 24 00:34:54.432635 2026] [php:error] [pid 21806] [client 20.151.220.171:0] script '/domains/rextrav/jsond.php' not found or unable to stat
[Tue Feb 24 00:34:54.470892 2026] [php:error] [pid 21806] [client 20.151.220.171:0] script '/domains/rextrav/av.php' not found or unable to stat
[Tue Feb 24 00:34:54.592279 2026] [php:error] [pid 21837] [client 45.130.203.230:0] script '/domains/system_suspended/index2.php' not found or unable to stat
[Tue Feb 24 00:34:54.760523 2026] [php:error] [pid 21798] [client 193.176.211.159:0] script '/domains/acagolf1/wp-blog.php' not found or unable to stat
[Tue Feb 24 00:34:55.843259 2026] [php:error] [pid 21798] [client 193.176.211.159:0] script '/domains/acagolf1/wp-l0gin.php' not found or unable to stat
[Tue Feb 24 00:34:55.847826 2026] [php:error] [pid 21837] [client 45.130.203.230:0] script '/domains/system_suspended/shell.php' not found or unable to stat
[Tue Feb 24 00:34:56.407463 2026] [php:error] [pid 21798] [client 193.176.211.159:0] script '/domains/acagolf1/new.php' not found or unable to stat
[Tue Feb 24 00:34:57.102104 2026] [php:error] [pid 21837] [client 45.130.203.230:0] script '/domains/system_suspended/hehe.php' not found or unable to stat
[Tue Feb 24 00:34:57.317960 2026] [php:error] [pid 21798] [client 193.176.211.159:0] script '/domains/acagolf1/images/DJP9.php' not found or unable to stat
[Tue Feb 24 00:34:57.853942 2026] [php:error] [pid 21837] [client 45.130.203.230:0] script '/domains/system_suspended/dir.php' not found or unable to stat
[Tue Feb 24 00:34:58.169503 2026] [php:error] [pid 21798] [client 193.176.211.159:0] script '/domains/acagolf1/natural.php' not found or unable to stat
[Tue Feb 24 00:34:58.424166 2026] [php:error] [pid 21798] [client 193.176.211.159:0] script '/domains/acagolf1/item.php' not found or unable to stat
[Tue Feb 24 00:34:58.858890 2026] [php:error] [pid 21837] [client 45.130.203.230:0] script '/domains/system_suspended/nf_tracking.php' not found or unable to stat
[Tue Feb 24 00:34:59.360869 2026] [php:error] [pid 21837] [client 45.130.203.230:0] script '/domains/system_suspended/filefuns.php' not found or unable to stat
[Tue Feb 24 00:34:59.860951 2026] [php:error] [pid 21837] [client 45.130.203.230:0] script '/domains/system_suspended/l.php' not found or unable to stat
[Tue Feb 24 00:35:00.111925 2026] [php:error] [pid 21837] [client 45.130.203.230:0] script '/domains/system_suspended/repeater.php' not found or unable to stat
[Tue Feb 24 00:35:00.569360 2026] [php:error] [pid 21847] [client 20.100.191.215:0] script '/domains/system_default/cwclass.php' not found or unable to stat
[Tue Feb 24 00:35:00.667519 2026] [php:error] [pid 21847] [client 20.100.191.215:0] script '/domains/system_default/class-cc.php' not found or unable to stat
[Tue Feb 24 00:35:00.771975 2026] [php:error] [pid 21847] [client 20.100.191.215:0] script '/domains/system_default/lite.php' not found or unable to stat
[Tue Feb 24 00:35:00.863622 2026] [php:error] [pid 21837] [client 45.130.203.230:0] script '/domains/system_suspended/contacts.php' not found or unable to stat
[Tue Feb 24 00:35:01.012576 2026] [php:error] [pid 21847] [client 20.100.191.215:0] script '/domains/system_default/rrb.php' not found or unable to stat
[Tue Feb 24 00:35:01.108735 2026] [php:error] [pid 21847] [client 20.100.191.215:0] script '/domains/system_default/mariju.php' not found or unable to stat
[Tue Feb 24 00:35:01.115038 2026] [php:error] [pid 21837] [client 45.130.203.230:0] script '/domains/system_suspended/wsa.php' not found or unable to stat
[Tue Feb 24 00:35:01.203555 2026] [php:error] [pid 21847] [client 20.100.191.215:0] script '/domains/system_default/xenium4.php' not found or unable to stat
[Tue Feb 24 00:35:01.298786 2026] [php:error] [pid 21847] [client 20.100.191.215:0] script '/domains/system_default/jsonq.php' not found or unable to stat
[Tue Feb 24 00:35:01.636095 2026] [php:error] [pid 21847] [client 20.100.191.215:0] script '/domains/system_default/wp-fast.php' not found or unable to stat
[Tue Feb 24 00:35:01.731211 2026] [php:error] [pid 21847] [client 20.100.191.215:0] script '/domains/system_default/yas.php' not found or unable to stat
[Tue Feb 24 00:35:02.008813 2026] [php:error] [pid 21845] [client 193.176.211.153:0] script '/domains/acagolf1/default.php' not found or unable to stat
[Tue Feb 24 00:35:02.386094 2026] [php:error] [pid 21837] [client 45.130.203.230:0] script '/domains/system_suspended/lv.php' not found or unable to stat
[Tue Feb 24 00:35:04.270110 2026] [php:error] [pid 21845] [client 193.176.211.153:0] script '/domains/acagolf1/dropdown.php' not found or unable to stat
[Tue Feb 24 00:35:04.529385 2026] [php:error] [pid 21845] [client 193.176.211.153:0] script '/domains/acagolf1/images/admin.php' not found or unable to stat
[Tue Feb 24 00:35:04.830363 2026] [php:error] [pid 21845] [client 193.176.211.153:0] script '/domains/acagolf1/db.php' not found or unable to stat
[Tue Feb 24 00:35:05.874720 2026] [php:error] [pid 21827] [client 45.130.203.230:0] script '/domains/system_suspended/tox.php' not found or unable to stat
[Tue Feb 24 00:35:06.873133 2026] [php:error] [pid 21827] [client 45.130.203.230:0] script '/domains/system_suspended/tiny.php' not found or unable to stat
[Tue Feb 24 00:35:07.371550 2026] [php:error] [pid 21827] [client 45.130.203.230:0] script '/domains/system_suspended/themes.php' not found or unable to stat
[Tue Feb 24 00:35:07.620398 2026] [php:error] [pid 21827] [client 45.130.203.230:0] script '/domains/system_suspended/wp-themes.php' not found or unable to stat
[Tue Feb 24 00:35:07.667509 2026] [php:error] [pid 21845] [client 193.176.211.153:0] script '/domains/acagolf1/install.php' not found or unable to stat
[Tue Feb 24 00:35:08.189787 2026] [php:error] [pid 21845] [client 193.176.211.153:0] script '/domains/acagolf1/images/class-config.php' not found or unable to stat
[Tue Feb 24 00:35:08.369839 2026] [php:error] [pid 21827] [client 45.130.203.230:0] script '/domains/system_suspended/mariju.php' not found or unable to stat
[Tue Feb 24 00:35:08.618791 2026] [php:error] [pid 21827] [client 45.130.203.230:0] script '/domains/system_suspended/waf_defender.php' not found or unable to stat
[Tue Feb 24 00:35:09.045456 2026] [php:error] [pid 21845] [client 193.176.211.153:0] script '/domains/acagolf1/bypass.php' not found or unable to stat
[Tue Feb 24 00:35:09.118612 2026] [php:error] [pid 21827] [client 45.130.203.230:0] script '/domains/system_suspended/av.php' not found or unable to stat
[Tue Feb 24 00:35:09.338909 2026] [php:error] [pid 21845] [client 193.176.211.153:0] script '/domains/acagolf1/class.php' not found or unable to stat
[Tue Feb 24 00:35:11.012424 2026] [php:error] [pid 21845] [client 193.176.211.153:0] script '/domains/acagolf1/css/css.php' not found or unable to stat
[Tue Feb 24 00:35:11.287101 2026] [php:error] [pid 21845] [client 193.176.211.153:0] script '/domains/acagolf1/init.php' not found or unable to stat
[Tue Feb 24 00:35:11.620012 2026] [php:error] [pid 21848] [client 45.130.203.200:0] script '/domains/system_suspended/theme.php' not found or unable to stat
[Tue Feb 24 00:35:12.371217 2026] [php:error] [pid 21848] [client 45.130.203.200:0] script '/domains/system_suspended/Simple.php' not found or unable to stat
[Tue Feb 24 00:35:13.030509 2026] [php:error] [pid 21837] [client 14.241.96.71:0] script '/domains/rextrav/xmlrpc.php' not found or unable to stat
[Tue Feb 24 00:35:13.175599 2026] [php:error] [pid 21845] [client 193.176.211.153:0] script '/domains/acagolf1/css/admin.php' not found or unable to stat
[Tue Feb 24 00:35:13.424547 2026] [php:error] [pid 21845] [client 193.176.211.153:0] script '/domains/acagolf1/adminfuns.php' not found or unable to stat
[Tue Feb 24 00:35:13.917725 2026] [php:error] [pid 21845] [client 193.176.211.153:0] script '/domains/acagolf1/wp_wlx.php' not found or unable to stat
[Tue Feb 24 00:35:14.775410 2026] [php:error] [pid 21845] [client 193.176.211.153:0] script '/domains/acagolf1/wp.php' not found or unable to stat
[Tue Feb 24 00:35:14.876303 2026] [php:error] [pid 21840] [client 45.130.203.217:0] script '/domains/system_suspended/small.php' not found or unable to stat
[Tue Feb 24 00:35:15.392147 2026] [php:error] [pid 21840] [client 45.130.203.217:0] script '/domains/system_suspended/NewFile.php' not found or unable to stat
[Tue Feb 24 00:35:15.578770 2026] [php:error] [pid 21845] [client 193.176.211.153:0] script '/domains/acagolf1/wp-header.php' not found or unable to stat
[Tue Feb 24 00:35:15.892711 2026] [php:error] [pid 21840] [client 45.130.203.217:0] script '/domains/system_suspended/error.php' not found or unable to stat
[Tue Feb 24 00:35:16.113489 2026] [php:error] [pid 21845] [client 193.176.211.153:0] script '/domains/acagolf1/Marvins.php' not found or unable to stat
[Tue Feb 24 00:35:16.671827 2026] [php:error] [pid 21845] [client 193.176.211.153:0] script '/domains/acagolf1/wp-class.php' not found or unable to stat
[Tue Feb 24 00:35:16.895738 2026] [php:error] [pid 21840] [client 45.130.203.217:0] script '/domains/system_suspended/wp-files.php' not found or unable to stat
[Tue Feb 24 00:35:17.147215 2026] [php:error] [pid 21840] [client 45.130.203.217:0] script '/domains/system_suspended/functions.php' not found or unable to stat
[Tue Feb 24 00:35:17.223623 2026] [php:error] [pid 21845] [client 193.176.211.153:0] script '/domains/acagolf1/xx.php' not found or unable to stat
[Tue Feb 24 00:35:17.472846 2026] [php:error] [pid 21845] [client 193.176.211.153:0] script '/domains/acagolf1/autoload_classmap.php' not found or unable to stat
[Tue Feb 24 00:35:18.362819 2026] [php:error] [pid 21845] [client 193.176.211.153:0] script '/domains/acagolf1/content.php' not found or unable to stat
[Tue Feb 24 00:35:18.411430 2026] [php:error] [pid 21840] [client 45.130.203.217:0] script '/domains/system_suspended/aks.php' not found or unable to stat
[Tue Feb 24 00:35:18.661915 2026] [php:error] [pid 21840] [client 45.130.203.217:0] script '/domains/system_suspended/litespeed.php' not found or unable to stat
[Tue Feb 24 00:35:19.421561 2026] [php:error] [pid 21840] [client 45.130.203.217:0] script '/domains/system_suspended/wpn.php' not found or unable to stat
[Tue Feb 24 00:35:21.558930 2026] [php:error] [pid 21845] [client 193.176.211.153:0] script '/domains/acagolf1/images/class.php' not found or unable to stat
[Tue Feb 24 00:35:22.086436 2026] [php:error] [pid 21845] [client 193.176.211.153:0] script '/domains/acagolf1/web.php' not found or unable to stat
[Tue Feb 24 00:35:22.682872 2026] [php:error] [pid 21845] [client 193.176.211.153:0] script '/domains/acagolf1/images/index.php' not found or unable to stat
[Tue Feb 24 00:35:23.747376 2026] [php:error] [pid 21845] [client 193.176.211.153:0] script '/domains/acagolf1/wp-trackback.php' not found or unable to stat
[Tue Feb 24 00:35:24.352993 2026] [php:error] [pid 21845] [client 193.176.211.153:0] script '/domains/acagolf1/radio.php' not found or unable to stat
[Tue Feb 24 00:35:25.421577 2026] [php:error] [pid 21845] [client 193.176.211.153:0] script '/domains/acagolf1/wp-conflg.php' not found or unable to stat
[Tue Feb 24 00:35:25.730336 2026] [php:error] [pid 21845] [client 193.176.211.153:0] script '/domains/acagolf1/wp-setup.php' not found or unable to stat
[Tue Feb 24 00:35:25.976972 2026] [php:error] [pid 21845] [client 193.176.211.153:0] script '/domains/acagolf1/ms-themes.php' not found or unable to stat
[Tue Feb 24 00:35:26.562610 2026] [php:error] [pid 21845] [client 193.176.211.153:0] script '/domains/acagolf1/style.php' not found or unable to stat
[Tue Feb 24 00:35:27.334429 2026] [php:error] [pid 21845] [client 193.176.211.153:0] script '/domains/acagolf1/x.php' not found or unable to stat
[Tue Feb 24 00:35:27.930220 2026] [php:error] [pid 21845] [client 193.176.211.153:0] script '/domains/acagolf1/css/index.php' not found or unable to stat
[Tue Feb 24 00:35:28.267832 2026] [php:error] [pid 21845] [client 193.176.211.153:0] script '/domains/acagolf1/images/index22.php' not found or unable to stat
[Tue Feb 24 00:35:28.556344 2026] [php:error] [pid 21845] [client 193.176.211.153:0] script '/domains/acagolf1/wp-user.php' not found or unable to stat
[Tue Feb 24 00:35:29.034583 2026] [php:error] [pid 21827] [client 45.130.203.218:0] script '/domains/system_suspended/Sanskrit.php' not found or unable to stat
[Tue Feb 24 00:35:29.286019 2026] [php:error] [pid 21827] [client 45.130.203.218:0] script '/domains/system_suspended/wp-fmfile.php' not found or unable to stat
[Tue Feb 24 00:35:29.404365 2026] [php:error] [pid 21845] [client 193.176.211.153:0] script '/domains/acagolf1/config.php' not found or unable to stat
[Tue Feb 24 00:35:29.659531 2026] [php:error] [pid 21845] [client 193.176.211.153:0] script '/domains/acagolf1/special.php' not found or unable to stat
[Tue Feb 24 00:35:30.293330 2026] [php:error] [pid 21827] [client 45.130.203.218:0] script '/domains/system_suspended/memberfuns.php' not found or unable to stat
[Tue Feb 24 00:35:30.541885 2026] [php:error] [pid 21827] [client 45.130.203.218:0] script '/domains/system_suspended/infos.php' not found or unable to stat
[Tue Feb 24 00:35:31.540649 2026] [php:error] [pid 21827] [client 45.130.203.218:0] script '/domains/system_suspended/options-writing.php' not found or unable to stat
[Tue Feb 24 00:35:31.790033 2026] [php:error] [pid 21827] [client 45.130.203.218:0] script '/domains/system_suspended/options-reading.php' not found or unable to stat
[Tue Feb 24 00:35:32.039725 2026] [php:error] [pid 21827] [client 45.130.203.218:0] script '/domains/system_suspended/wsad.php' not found or unable to stat
[Tue Feb 24 00:35:32.288550 2026] [php:error] [pid 21827] [client 45.130.203.218:0] script '/domains/system_suspended/nation.php' not found or unable to stat
[Tue Feb 24 00:35:33.144291 2026] [php:error] [pid 21847] [client 193.176.211.200:0] script '/domains/acagolf1/webdb.php' not found or unable to stat
[Tue Feb 24 00:35:33.537781 2026] [php:error] [pid 21827] [client 45.130.203.218:0] script '/domains/system_suspended/wp-atomx.php' not found or unable to stat
[Tue Feb 24 00:35:33.715881 2026] [php:error] [pid 21847] [client 193.176.211.200:0] script '/domains/acagolf1/file2.php' not found or unable to stat
[Tue Feb 24 00:35:33.788084 2026] [php:error] [pid 21827] [client 45.130.203.218:0] script '/domains/system_suspended/admin-footer.php' not found or unable to stat
[Tue Feb 24 00:35:34.289865 2026] [php:error] [pid 21827] [client 45.130.203.218:0] script '/domains/system_suspended/XxX.php' not found or unable to stat
[Tue Feb 24 00:35:34.315459 2026] [php:error] [pid 21847] [client 193.176.211.200:0] script '/domains/acagolf1/alfa.php' not found or unable to stat
[Tue Feb 24 00:35:36.703489 2026] [php:error] [pid 21847] [client 193.176.211.200:0] script '/domains/acagolf1/edit.php' not found or unable to stat
[Tue Feb 24 00:35:37.501936 2026] [php:error] [pid 21847] [client 193.176.211.200:0] script '/domains/acagolf1/wp-links-opml.php' not found or unable to stat
[Tue Feb 24 00:35:38.024772 2026] [php:error] [pid 21847] [client 193.176.211.200:0] script '/domains/acagolf1/atomlib.php' not found or unable to stat
[Tue Feb 24 00:35:39.450646 2026] [php:error] [pid 21847] [client 193.176.211.200:0] script '/domains/acagolf1/xp.php' not found or unable to stat
[Tue Feb 24 00:35:40.277293 2026] [php:error] [pid 21847] [client 193.176.211.200:0] script '/domains/acagolf1/wp-links.php' not found or unable to stat
[Tue Feb 24 00:35:41.073977 2026] [php:error] [pid 21827] [client 45.130.203.218:0] script '/domains/system_suspended/xex.php' not found or unable to stat
[Tue Feb 24 00:35:42.326449 2026] [php:error] [pid 21827] [client 45.130.203.218:0] script '/domains/system_suspended/wp-head.php' not found or unable to stat
[Tue Feb 24 00:35:43.075241 2026] [php:error] [pid 21827] [client 45.130.203.218:0] script '/domains/system_suspended/makeasmtp.php' not found or unable to stat
[Tue Feb 24 00:35:43.399659 2026] [php:error] [pid 21847] [client 193.176.211.200:0] script '/domains/acagolf1/moon.php' not found or unable to stat
[Tue Feb 24 00:35:44.273447 2026] [php:error] [pid 21847] [client 193.176.211.200:0] script '/domains/acagolf1/webadmin.php' not found or unable to stat
[Tue Feb 24 00:35:45.129005 2026] [php:error] [pid 21847] [client 193.176.211.200:0] script '/domains/acagolf1/xl2023.php' not found or unable to stat
[Tue Feb 24 00:35:45.399900 2026] [php:error] [pid 21847] [client 193.176.211.200:0] script '/domains/acagolf1/go.php' not found or unable to stat
[Tue Feb 24 00:35:47.331539 2026] [php:error] [pid 21827] [client 45.130.203.218:0] script '/domains/system_suspended/click.php' not found or unable to stat
[Tue Feb 24 00:35:49.572801 2026] [php:error] [pid 21827] [client 45.130.203.218:0] script '/domains/system_suspended/wp-admin.php' not found or unable to stat
[Tue Feb 24 00:35:50.572278 2026] [php:error] [pid 21827] [client 45.130.203.218:0] script '/domains/system_suspended/wp-editor.php' not found or unable to stat
[Tue Feb 24 00:35:50.633286 2026] [php:error] [pid 21847] [client 193.176.211.200:0] script '/domains/acagolf1/hehehehe.php' not found or unable to stat
[Tue Feb 24 00:35:51.828783 2026] [php:error] [pid 21854] [client 45.130.203.196:0] script '/domains/system_suspended/adminfusm.php' not found or unable to stat
[Tue Feb 24 00:35:54.110219 2026] [php:error] [pid 21840] [client 74.248.96.218:0] script '/domains/hpveweb/cwclass.php' not found or unable to stat
[Tue Feb 24 00:35:54.218404 2026] [php:error] [pid 21840] [client 74.248.96.218:0] script '/domains/hpveweb/class-cc.php' not found or unable to stat
[Tue Feb 24 00:35:54.320594 2026] [php:error] [pid 21840] [client 74.248.96.218:0] script '/domains/hpveweb/lite.php' not found or unable to stat
[Tue Feb 24 00:35:54.427502 2026] [php:error] [pid 21840] [client 74.248.96.218:0] script '/domains/hpveweb/rrb.php' not found or unable to stat
[Tue Feb 24 00:35:54.540744 2026] [php:error] [pid 21840] [client 74.248.96.218:0] script '/domains/hpveweb/mariju.php' not found or unable to stat
[Tue Feb 24 00:35:54.643036 2026] [php:error] [pid 21840] [client 74.248.96.218:0] script '/domains/hpveweb/xenium4.php' not found or unable to stat
[Tue Feb 24 00:35:54.745213 2026] [php:error] [pid 21840] [client 74.248.96.218:0] script '/domains/hpveweb/jsonq.php' not found or unable to stat
[Tue Feb 24 00:35:55.102058 2026] [php:error] [pid 21854] [client 45.130.203.196:0] script '/domains/system_suspended/f35_SpaceTn.php' not found or unable to stat
[Tue Feb 24 00:35:55.103330 2026] [php:error] [pid 21840] [client 74.248.96.218:0] script '/domains/hpveweb/wp-fast.php' not found or unable to stat
[Tue Feb 24 00:35:55.208589 2026] [php:error] [pid 21840] [client 74.248.96.218:0] script '/domains/hpveweb/yas.php' not found or unable to stat
[Tue Feb 24 00:35:57.883372 2026] [php:error] [pid 21854] [client 45.130.203.196:0] script '/domains/system_suspended/gm.php' not found or unable to stat
[Tue Feb 24 00:35:58.132432 2026] [php:error] [pid 21848] [client 193.176.211.157:0] script '/domains/acagolf1/byp.php' not found or unable to stat
[Tue Feb 24 00:36:00.418032 2026] [php:error] [pid 21848] [client 193.176.211.157:0] script '/domains/acagolf1/class.api.php' not found or unable to stat
[Tue Feb 24 00:36:00.671082 2026] [php:error] [pid 21854] [client 45.130.203.196:0] script '/domains/system_suspended/plugin-install.php' not found or unable to stat
[Tue Feb 24 00:36:01.350781 2026] [php:error] [pid 21848] [client 193.176.211.157:0] script '/domains/acagolf1/system_log.php' not found or unable to stat
[Tue Feb 24 00:36:01.636640 2026] [php:error] [pid 21848] [client 193.176.211.157:0] script '/domains/acagolf1/.alf.php' not found or unable to stat
[Tue Feb 24 00:36:01.940707 2026] [php:error] [pid 21848] [client 193.176.211.157:0] script '/domains/acagolf1/wso.php' not found or unable to stat
[Tue Feb 24 00:36:02.563228 2026] [php:error] [pid 21848] [client 193.176.211.157:0] script '/domains/acagolf1/flower.php' not found or unable to stat
[Tue Feb 24 00:36:03.808285 2026] [php:error] [pid 21848] [client 193.176.211.157:0] script '/domains/acagolf1/ioxi-o.php' not found or unable to stat
[Tue Feb 24 00:36:04.103221 2026] [php:error] [pid 21848] [client 193.176.211.157:0] script '/domains/acagolf1/info.php' not found or unable to stat
[Tue Feb 24 00:36:04.366444 2026] [php:error] [pid 21848] [client 193.176.211.157:0] script '/domains/acagolf1/setup.php' not found or unable to stat
[Tue Feb 24 00:36:05.972649 2026] [php:error] [pid 21848] [client 193.176.211.157:0] script '/domains/acagolf1/as.php' not found or unable to stat
[Tue Feb 24 00:36:06.299865 2026] [php:error] [pid 21848] [client 193.176.211.157:0] script '/domains/acagolf1/cc.php' not found or unable to stat
[Tue Feb 24 00:36:06.549258 2026] [php:error] [pid 21845] [client 20.197.25.32:0] script '/domains/cccweb/1.php' not found or unable to stat
[Tue Feb 24 00:36:06.757992 2026] [php:error] [pid 21845] [client 20.197.25.32:0] script '/domains/cccweb/404.php' not found or unable to stat
[Tue Feb 24 00:36:06.816122 2026] [php:error] [pid 21854] [client 45.130.203.196:0] script '/domains/system_suspended/b.php' not found or unable to stat
[Tue Feb 24 00:36:06.828555 2026] [php:error] [pid 21848] [client 193.176.211.157:0] script '/domains/acagolf1/ab.php' not found or unable to stat
[Tue Feb 24 00:36:06.966663 2026] [php:error] [pid 21845] [client 20.197.25.32:0] script '/domains/cccweb/inputs.php' not found or unable to stat
[Tue Feb 24 00:36:07.177083 2026] [php:error] [pid 21845] [client 20.197.25.32:0] script '/domains/cccweb/admin.php' not found or unable to stat
[Tue Feb 24 00:36:07.394096 2026] [php:error] [pid 21845] [client 20.197.25.32:0] script '/domains/cccweb/0x.php' not found or unable to stat
[Tue Feb 24 00:36:07.635853 2026] [php:error] [pid 21848] [client 193.176.211.157:0] script '/domains/acagolf1/doc.php' not found or unable to stat
[Tue Feb 24 00:36:07.834758 2026] [php:error] [pid 21845] [client 20.197.25.32:0] script '/domains/cccweb/autoload_classmap.php' not found or unable to stat
[Tue Feb 24 00:36:08.326771 2026] [php:error] [pid 21854] [client 45.130.203.196:0] script '/domains/system_suspended/wsax.php' not found or unable to stat
[Tue Feb 24 00:36:08.526506 2026] [php:error] [pid 21848] [client 193.176.211.157:0] script '/domains/acagolf1/wp-login.php' not found or unable to stat
[Tue Feb 24 00:36:08.702246 2026] [php:error] [pid 21845] [client 20.197.25.32:0] script '/domains/cccweb/simple.php' not found or unable to stat
[Tue Feb 24 00:36:08.791260 2026] [php:error] [pid 21848] [client 193.176.211.157:0] script '/domains/acagolf1/mar.php' not found or unable to stat
[Tue Feb 24 00:36:08.910945 2026] [php:error] [pid 21845] [client 20.197.25.32:0] script '/domains/cccweb/info.php' not found or unable to stat
[Tue Feb 24 00:36:09.560091 2026] [php:error] [pid 21845] [client 20.197.25.32:0] script '/domains/cccweb/wsd.php' not found or unable to stat
[Tue Feb 24 00:36:09.635740 2026] [php:error] [pid 21848] [client 193.176.211.157:0] script '/domains/acagolf1/1.php' not found or unable to stat
[Tue Feb 24 00:36:10.195898 2026] [php:error] [pid 21845] [client 20.197.25.32:0] script '/domains/cccweb/manager.php' not found or unable to stat
[Tue Feb 24 00:36:10.637893 2026] [php:error] [pid 21845] [client 20.197.25.32:0] script '/domains/cccweb/file.php' not found or unable to stat
[Tue Feb 24 00:36:11.065166 2026] [php:error] [pid 21845] [client 20.197.25.32:0] script '/domains/cccweb/item.php' not found or unable to stat
[Tue Feb 24 00:36:11.273395 2026] [php:error] [pid 21845] [client 20.197.25.32:0] script '/domains/cccweb/x.php' not found or unable to stat
[Tue Feb 24 00:36:11.711154 2026] [php:error] [pid 21845] [client 20.197.25.32:0] script '/domains/cccweb/htaccess.php' not found or unable to stat
[Tue Feb 24 00:36:11.919679 2026] [php:error] [pid 21845] [client 20.197.25.32:0] script '/domains/cccweb/classwithtostring.php' not found or unable to stat
[Tue Feb 24 00:36:11.948765 2026] [php:error] [pid 21848] [client 193.176.211.157:0] script '/domains/acagolf1/fm.php' not found or unable to stat
[Tue Feb 24 00:36:12.338723 2026] [php:error] [pid 21845] [client 20.197.25.32:0] script '/domains/cccweb/abcd.php' not found or unable to stat
[Tue Feb 24 00:36:12.549032 2026] [php:error] [pid 21845] [client 20.197.25.32:0] script '/domains/cccweb/click.php' not found or unable to stat
[Tue Feb 24 00:36:12.757822 2026] [php:error] [pid 21845] [client 20.197.25.32:0] script '/domains/cccweb/zwso.php' not found or unable to stat
[Tue Feb 24 00:36:13.012622 2026] [php:error] [pid 21848] [client 193.176.211.157:0] script '/domains/acagolf1/ini.php' not found or unable to stat
[Tue Feb 24 00:36:13.652373 2026] [php:error] [pid 21845] [client 20.197.25.32:0] script '/domains/cccweb/about.php' not found or unable to stat
[Tue Feb 24 00:36:14.866849 2026] [php:error] [pid 21845] [client 20.197.25.32:0] script '/domains/cccweb/install.php' not found or unable to stat
[Tue Feb 24 00:36:15.076527 2026] [php:error] [pid 21845] [client 20.197.25.32:0] script '/domains/cccweb/elp.php' not found or unable to stat
[Tue Feb 24 00:36:15.509411 2026] [php:error] [pid 21845] [client 20.197.25.32:0] script '/domains/cccweb/vx.php' not found or unable to stat
[Tue Feb 24 00:36:15.735103 2026] [php:error] [pid 21845] [client 20.197.25.32:0] script '/domains/cccweb/04.php' not found or unable to stat
[Tue Feb 24 00:36:16.161958 2026] [php:error] [pid 21845] [client 20.197.25.32:0] script '/domains/cccweb/makeasmtp.php' not found or unable to stat
[Tue Feb 24 00:36:16.289986 2026] [php:error] [pid 21827] [client 193.176.211.57:0] script '/domains/acagolf1/wp-content.php' not found or unable to stat
[Tue Feb 24 00:36:16.580695 2026] [php:error] [pid 21845] [client 20.197.25.32:0] script '/domains/cccweb/rin.php' not found or unable to stat
[Tue Feb 24 00:36:17.739635 2026] [php:error] [pid 21827] [client 193.176.211.57:0] script '/domains/acagolf1/customize.php' not found or unable to stat
[Tue Feb 24 00:36:18.002168 2026] [php:error] [pid 21845] [client 20.197.25.32:0] script '/domains/cccweb/byp.php' not found or unable to stat
[Tue Feb 24 00:36:18.010373 2026] [php:error] [pid 21827] [client 193.176.211.57:0] script '/domains/acagolf1/license.php' not found or unable to stat
[Tue Feb 24 00:36:18.135323 2026] [php:error] [pid 21840] [client 45.130.203.218:0] script '/domains/system_suspended/bs1.php' not found or unable to stat
[Tue Feb 24 00:36:18.579570 2026] [php:error] [pid 21827] [client 193.176.211.57:0] script '/domains/acagolf1/lock.php' not found or unable to stat
[Tue Feb 24 00:36:18.647075 2026] [php:error] [pid 21845] [client 20.197.25.32:0] script '/domains/cccweb/ioxi.php' not found or unable to stat
[Tue Feb 24 00:36:18.880988 2026] [php:error] [pid 21840] [client 45.130.203.218:0] script '/domains/system_suspended/page.php' not found or unable to stat
[Tue Feb 24 00:36:19.286797 2026] [php:error] [pid 21845] [client 20.197.25.32:0] script '/domains/cccweb/index.php' not found or unable to stat
[Tue Feb 24 00:36:20.492223 2026] [php:error] [pid 21827] [client 193.176.211.57:0] script '/domains/acagolf1/wp-good.php' not found or unable to stat
[Tue Feb 24 00:36:22.790025 2026] [php:error] [pid 21827] [client 193.176.211.57:0] script '/domains/acagolf1/ff2.php' not found or unable to stat
[Tue Feb 24 00:36:23.416726 2026] [php:error] [pid 21856] [client 38.148.248.140:0] script '/domains/brenties/1234.php' not found or unable to stat
[Tue Feb 24 00:36:23.922572 2026] [php:error] [pid 21827] [client 193.176.211.57:0] script '/domains/acagolf1/jp.php' not found or unable to stat
[Tue Feb 24 00:36:24.210917 2026] [php:error] [pid 21827] [client 193.176.211.57:0] script '/domains/acagolf1/wp-atom.php' not found or unable to stat
[Tue Feb 24 00:36:24.653443 2026] [php:error] [pid 21853] [client 45.130.203.217:0] script '/domains/system_suspended/ws.php' not found or unable to stat
[Tue Feb 24 00:36:24.772383 2026] [php:error] [pid 21827] [client 193.176.211.57:0] script '/domains/acagolf1/up.php' not found or unable to stat
[Tue Feb 24 00:36:25.408086 2026] [php:error] [pid 21853] [client 45.130.203.217:0] script '/domains/system_suspended/shop.php' not found or unable to stat
[Tue Feb 24 00:36:26.520518 2026] [php:error] [pid 21827] [client 193.176.211.57:0] script '/domains/acagolf1/worm.PhP' not found or unable to stat
[Tue Feb 24 00:36:26.791154 2026] [php:error] [pid 21827] [client 193.176.211.57:0] script '/domains/acagolf1/ext.php' not found or unable to stat
[Tue Feb 24 00:36:27.055370 2026] [php:error] [pid 21827] [client 193.176.211.57:0] script '/domains/acagolf1/delpaths.php' not found or unable to stat
[Tue Feb 24 00:36:27.195696 2026] [php:error] [pid 21853] [client 45.130.203.217:0] script '/domains/system_suspended/wp-api.php' not found or unable to stat
[Tue Feb 24 00:36:27.698995 2026] [php:error] [pid 21853] [client 45.130.203.217:0] script '/domains/system_suspended/css.php' not found or unable to stat
[Tue Feb 24 00:36:27.779898 2026] [php:error] [pid 21840] [client 4.232.88.90:0] script '/domains/piltdweb1/cwclass.php' not found or unable to stat
[Tue Feb 24 00:36:27.870456 2026] [php:error] [pid 21840] [client 4.232.88.90:0] script '/domains/piltdweb1/class-cc.php' not found or unable to stat
[Tue Feb 24 00:36:27.959142 2026] [php:error] [pid 21856] [client 20.234.20.103:0] script '/domains/dcoffman/cwclass.php' not found or unable to stat
[Tue Feb 24 00:36:27.960172 2026] [php:error] [pid 21840] [client 4.232.88.90:0] script '/domains/piltdweb1/lite.php' not found or unable to stat
[Tue Feb 24 00:36:28.031883 2026] [php:error] [pid 21856] [client 20.234.20.103:0] script '/domains/dcoffman/class-cc.php' not found or unable to stat
[Tue Feb 24 00:36:28.050011 2026] [php:error] [pid 21840] [client 4.232.88.90:0] script '/domains/piltdweb1/rrb.php' not found or unable to stat
[Tue Feb 24 00:36:28.105193 2026] [php:error] [pid 21856] [client 20.234.20.103:0] script '/domains/dcoffman/lite.php' not found or unable to stat
[Tue Feb 24 00:36:28.141313 2026] [php:error] [pid 21840] [client 4.232.88.90:0] script '/domains/piltdweb1/mariju.php' not found or unable to stat
[Tue Feb 24 00:36:28.178258 2026] [php:error] [pid 21856] [client 20.234.20.103:0] script '/domains/dcoffman/rrb.php' not found or unable to stat
[Tue Feb 24 00:36:28.231192 2026] [php:error] [pid 21840] [client 4.232.88.90:0] script '/domains/piltdweb1/xenium4.php' not found or unable to stat
[Tue Feb 24 00:36:28.250853 2026] [php:error] [pid 21856] [client 20.234.20.103:0] script '/domains/dcoffman/mariju.php' not found or unable to stat
[Tue Feb 24 00:36:28.321404 2026] [php:error] [pid 21840] [client 4.232.88.90:0] script '/domains/piltdweb1/jsonq.php' not found or unable to stat
[Tue Feb 24 00:36:28.323625 2026] [php:error] [pid 21856] [client 20.234.20.103:0] script '/domains/dcoffman/xenium4.php' not found or unable to stat
[Tue Feb 24 00:36:28.396789 2026] [php:error] [pid 21856] [client 20.234.20.103:0] script '/domains/dcoffman/jsonq.php' not found or unable to stat
[Tue Feb 24 00:36:28.505663 2026] [php:error] [pid 21840] [client 4.232.88.90:0] script '/domains/piltdweb1/wp-fast.php' not found or unable to stat
[Tue Feb 24 00:36:28.542376 2026] [php:error] [pid 21856] [client 20.234.20.103:0] script '/domains/dcoffman/wp-fast.php' not found or unable to stat
[Tue Feb 24 00:36:28.606824 2026] [php:error] [pid 21840] [client 4.232.88.90:0] script '/domains/piltdweb1/yas.php' not found or unable to stat
[Tue Feb 24 00:36:28.615329 2026] [php:error] [pid 21856] [client 20.234.20.103:0] script '/domains/dcoffman/yas.php' not found or unable to stat
[Tue Feb 24 00:36:28.823430 2026] [php:error] [pid 21827] [client 193.176.211.57:0] script '/domains/acagolf1/gifclass.php' not found or unable to stat
[Tue Feb 24 00:36:29.141915 2026] [php:error] [pid 21827] [client 193.176.211.57:0] script '/domains/acagolf1/plugin.php' not found or unable to stat
[Tue Feb 24 00:36:29.221290 2026] [php:error] [pid 21853] [client 45.130.203.217:0] script '/domains/system_suspended/wp-error_log.php' not found or unable to stat
[Tue Feb 24 00:36:29.720714 2026] [php:error] [pid 21827] [client 193.176.211.57:0] script '/domains/acagolf1/update-core.php' not found or unable to stat
[Tue Feb 24 00:36:30.277923 2026] [php:error] [pid 21827] [client 193.176.211.57:0] script '/domains/acagolf1/wp-mail.php' not found or unable to stat
[Tue Feb 24 00:36:33.478997 2026] [php:error] [pid 21857] [client 193.176.211.195:0] script '/domains/acagolf1/aa.php' not found or unable to stat
[Tue Feb 24 00:36:33.536789 2026] [php:error] [pid 21853] [client 45.130.203.217:0] script '/domains/system_suspended/files.php' not found or unable to stat
[Tue Feb 24 00:36:33.804103 2026] [php:error] [pid 21857] [client 193.176.211.195:0] script '/domains/acagolf1/index2.php' not found or unable to stat
[Tue Feb 24 00:36:35.245020 2026] [php:error] [pid 21857] [client 193.176.211.195:0] script '/domains/acagolf1/shell.php' not found or unable to stat
[Tue Feb 24 00:36:36.062343 2026] [php:error] [pid 21853] [client 45.130.203.217:0] script '/domains/system_suspended/blog.php' not found or unable to stat
[Tue Feb 24 00:36:36.875802 2026] [php:error] [pid 21857] [client 193.176.211.195:0] script '/domains/acagolf1/hehe.php' not found or unable to stat
[Tue Feb 24 00:36:37.475004 2026] [php:error] [pid 21857] [client 193.176.211.195:0] script '/domains/acagolf1/css/slider.php' not found or unable to stat
[Tue Feb 24 00:36:37.774805 2026] [php:error] [pid 21857] [client 193.176.211.195:0] script '/domains/acagolf1/dir.php' not found or unable to stat
[Tue Feb 24 00:36:38.111552 2026] [php:error] [pid 21853] [client 45.130.203.217:0] script '/domains/system_suspended/elp.php' not found or unable to stat
[Tue Feb 24 00:36:38.892652 2026] [php:error] [pid 21857] [client 193.176.211.195:0] script '/domains/acagolf1/nf_tracking.php' not found or unable to stat
[Tue Feb 24 00:36:39.458602 2026] [php:error] [pid 21857] [client 193.176.211.195:0] script '/domains/acagolf1/filefuns.php' not found or unable to stat
[Tue Feb 24 00:36:39.950592 2026] [php:error] [pid 21847] [client 65.52.160.249:0] script '/domains/smartny/1.php' not found or unable to stat
[Tue Feb 24 00:36:40.055343 2026] [php:error] [pid 21857] [client 193.176.211.195:0] script '/domains/acagolf1/l.php' not found or unable to stat
[Tue Feb 24 00:36:40.319629 2026] [php:error] [pid 21857] [client 193.176.211.195:0] script '/domains/acagolf1/repeater.php' not found or unable to stat
[Tue Feb 24 00:36:40.376848 2026] [php:error] [pid 21853] [client 45.130.203.217:0] script '/domains/system_suspended/entrepreneuse.php' not found or unable to stat
[Tue Feb 24 00:36:40.642008 2026] [php:error] [pid 21847] [client 65.52.160.249:0] script '/domains/smartny/404.php' not found or unable to stat
[Tue Feb 24 00:36:41.255691 2026] [php:error] [pid 21857] [client 193.176.211.195:0] script '/domains/acagolf1/contacts.php' not found or unable to stat
[Tue Feb 24 00:36:41.518127 2026] [php:error] [pid 21857] [client 193.176.211.195:0] script '/domains/acagolf1/wsa.php' not found or unable to stat
[Tue Feb 24 00:36:41.622765 2026] [php:error] [pid 21847] [client 65.52.160.249:0] script '/domains/smartny/inputs.php' not found or unable to stat
[Tue Feb 24 00:36:42.987903 2026] [php:error] [pid 21847] [client 65.52.160.249:0] script '/domains/smartny/admin.php' not found or unable to stat
[Tue Feb 24 00:36:42.988342 2026] [php:error] [pid 21857] [client 193.176.211.195:0] script '/domains/acagolf1/lv.php' not found or unable to stat
[Tue Feb 24 00:36:43.300375 2026] [php:error] [pid 21857] [client 193.176.211.195:0] script '/domains/acagolf1/images/js1.php' not found or unable to stat
[Tue Feb 24 00:36:43.403198 2026] [php:error] [pid 21853] [client 45.130.203.217:0] script '/domains/system_suspended/testt.php' not found or unable to stat
[Tue Feb 24 00:36:44.426105 2026] [php:error] [pid 21847] [client 65.52.160.249:0] script '/domains/smartny/0x.php' not found or unable to stat
[Tue Feb 24 00:36:45.168059 2026] [php:error] [pid 21853] [client 45.130.203.217:0] script '/domains/system_suspended/network.php' not found or unable to stat
[Tue Feb 24 00:36:45.927462 2026] [php:error] [pid 21853] [client 45.130.203.217:0] script '/domains/system_suspended/wikindex.php' not found or unable to stat
[Tue Feb 24 00:36:46.777814 2026] [php:error] [pid 21847] [client 65.52.160.249:0] script '/domains/smartny/autoload_classmap.php' not found or unable to stat
[Tue Feb 24 00:36:47.072128 2026] [php:error] [pid 21858] [client 193.176.211.184:0] script '/domains/acagolf1/tox.php' not found or unable to stat
[Tue Feb 24 00:36:48.268882 2026] [php:error] [pid 21858] [client 193.176.211.184:0] script '/domains/acagolf1/tiny.php' not found or unable to stat
[Tue Feb 24 00:36:48.793074 2026] [php:error] [pid 21858] [client 193.176.211.184:0] script '/domains/acagolf1/themes.php' not found or unable to stat
[Tue Feb 24 00:36:49.084335 2026] [php:error] [pid 21858] [client 193.176.211.184:0] script '/domains/acagolf1/wp-themes.php' not found or unable to stat
[Tue Feb 24 00:36:49.418566 2026] [php:error] [pid 21847] [client 65.52.160.249:0] script '/domains/smartny/simple.php' not found or unable to stat
[Tue Feb 24 00:36:49.916858 2026] [php:error] [pid 21858] [client 193.176.211.184:0] script '/domains/acagolf1/mariju.php' not found or unable to stat
[Tue Feb 24 00:36:50.169315 2026] [php:error] [pid 21858] [client 193.176.211.184:0] script '/domains/acagolf1/waf_defender.php' not found or unable to stat
[Tue Feb 24 00:36:50.503058 2026] [php:error] [pid 21847] [client 65.52.160.249:0] script '/domains/smartny/info.php' not found or unable to stat
[Tue Feb 24 00:36:50.709345 2026] [php:error] [pid 21858] [client 193.176.211.184:0] script '/domains/acagolf1/av.php' not found or unable to stat
[Tue Feb 24 00:36:52.959216 2026] [php:error] [pid 21845] [client 45.130.203.182:0] script '/domains/system_suspended/media-new.php' not found or unable to stat
[Tue Feb 24 00:36:53.208147 2026] [php:error] [pid 21847] [client 65.52.160.249:0] script '/domains/smartny/wsd.php' not found or unable to stat
[Tue Feb 24 00:36:53.542446 2026] [php:error] [pid 21859] [client 193.176.211.169:0] script '/domains/acagolf1/theme.php' not found or unable to stat
[Tue Feb 24 00:36:54.407955 2026] [php:error] [pid 21859] [client 193.176.211.169:0] script '/domains/acagolf1/Simple.php' not found or unable to stat
[Tue Feb 24 00:36:54.710913 2026] [php:error] [pid 21845] [client 45.130.203.182:0] script '/domains/system_suspended/pages.php' not found or unable to stat
[Tue Feb 24 00:36:55.332771 2026] [php:error] [pid 21847] [client 65.52.160.249:0] script '/domains/smartny/manager.php' not found or unable to stat
[Tue Feb 24 00:36:56.071748 2026] [php:error] [pid 21847] [client 65.52.160.249:0] script '/domains/smartny/css/index.php' not found or unable to stat
[Tue Feb 24 00:36:56.093984 2026] [php:error] [pid 21840] [client 20.24.197.43:0] script '/domains/system_default/wp-trackback.php' not found or unable to stat
[Tue Feb 24 00:36:56.300769 2026] [php:error] [pid 21840] [client 20.24.197.43:0] script '/domains/system_default/about.php' not found or unable to stat
[Tue Feb 24 00:36:56.473969 2026] [php:error] [pid 21827] [client 193.176.211.199:0] script '/domains/acagolf1/css/av.php' not found or unable to stat
[Tue Feb 24 00:36:56.506964 2026] [php:error] [pid 21840] [client 20.24.197.43:0] script '/domains/system_default/file.php' not found or unable to stat
[Tue Feb 24 00:36:56.712071 2026] [php:error] [pid 21845] [client 45.130.203.182:0] script '/domains/system_suspended/adminfus.php' not found or unable to stat
[Tue Feb 24 00:36:56.714682 2026] [php:error] [pid 21840] [client 20.24.197.43:0] script '/domains/system_default/wp-good.php' not found or unable to stat
[Tue Feb 24 00:36:56.747432 2026] [php:error] [pid 21827] [client 193.176.211.199:0] script '/domains/acagolf1/images/waf_defender.php' not found or unable to stat
[Tue Feb 24 00:36:56.752727 2026] [php:error] [pid 21847] [client 65.52.160.249:0] script '/domains/smartny/file.php' not found or unable to stat
[Tue Feb 24 00:36:56.921557 2026] [php:error] [pid 21840] [client 20.24.197.43:0] script '/domains/system_default/xmlrpc.php' not found or unable to stat
[Tue Feb 24 00:36:57.129082 2026] [php:error] [pid 21840] [client 20.24.197.43:0] script '/domains/system_default/ioxi-o.php' not found or unable to stat
[Tue Feb 24 00:36:57.335796 2026] [php:error] [pid 21840] [client 20.24.197.43:0] script '/domains/system_default/class-t.api.php' not found or unable to stat
[Tue Feb 24 00:36:57.375305 2026] [php:error] [pid 21827] [client 193.176.211.199:0] script '/domains/acagolf1/small.php' not found or unable to stat
[Tue Feb 24 00:36:57.542352 2026] [php:error] [pid 21840] [client 20.24.197.43:0] script '/domains/system_default/admin.php' not found or unable to stat
[Tue Feb 24 00:36:57.748976 2026] [php:error] [pid 21840] [client 20.24.197.43:0] script '/domains/system_default/sf.php' not found or unable to stat
[Tue Feb 24 00:36:57.932223 2026] [php:error] [pid 21827] [client 193.176.211.199:0] script '/domains/acagolf1/NewFile.php' not found or unable to stat
[Tue Feb 24 00:36:57.955372 2026] [php:error] [pid 21840] [client 20.24.197.43:0] script '/domains/system_default/rip.php' not found or unable to stat
[Tue Feb 24 00:36:57.960617 2026] [php:error] [pid 21845] [client 45.130.203.182:0] script '/domains/system_suspended/cong.php' not found or unable to stat
[Tue Feb 24 00:36:58.162225 2026] [php:error] [pid 21840] [client 20.24.197.43:0] script '/domains/system_default/autoload_classmap.php' not found or unable to stat
[Tue Feb 24 00:36:58.368786 2026] [php:error] [pid 21840] [client 20.24.197.43:0] script '/domains/system_default/chosen.php' not found or unable to stat
[Tue Feb 24 00:36:58.541877 2026] [php:error] [pid 21827] [client 193.176.211.199:0] script '/domains/acagolf1/error.php' not found or unable to stat
[Tue Feb 24 00:36:58.562189 2026] [php:error] [pid 21847] [client 65.52.160.249:0] script '/domains/smartny/item.php' not found or unable to stat
[Tue Feb 24 00:36:58.580931 2026] [php:error] [pid 21840] [client 20.24.197.43:0] script '/domains/system_default/classwithtostring.php' not found or unable to stat
[Tue Feb 24 00:36:58.787576 2026] [php:error] [pid 21840] [client 20.24.197.43:0] script '/domains/system_default/defaults.php' not found or unable to stat
[Tue Feb 24 00:36:59.463022 2026] [php:error] [pid 21847] [client 65.52.160.249:0] script '/domains/smartny/x.php' not found or unable to stat
[Tue Feb 24 00:36:59.711648 2026] [php:error] [pid 21845] [client 45.130.203.182:0] script '/domains/system_suspended/wp-configs.php' not found or unable to stat
[Tue Feb 24 00:36:59.762594 2026] [php:error] [pid 21827] [client 193.176.211.199:0] script '/domains/acagolf1/wp-files.php' not found or unable to stat
[Tue Feb 24 00:36:59.821120 2026] [php:error] [pid 21840] [client 20.24.197.43:0] script '/domains/system_default/info.php' not found or unable to stat
[Tue Feb 24 00:37:00.064937 2026] [php:error] [pid 21827] [client 193.176.211.199:0] script '/domains/acagolf1/functions.php' not found or unable to stat
[Tue Feb 24 00:37:01.272689 2026] [php:error] [pid 21840] [client 20.24.197.43:0] script '/domains/system_default/adminfuns.php' not found or unable to stat
[Tue Feb 24 00:37:01.465974 2026] [php:error] [pid 21847] [client 65.52.160.249:0] script '/domains/smartny/htaccess.php' not found or unable to stat
[Tue Feb 24 00:37:01.739504 2026] [php:error] [pid 21827] [client 193.176.211.199:0] script '/domains/acagolf1/aks.php' not found or unable to stat
