[Tue Feb 24 00:03:33.934092 2026] [php:error] [pid 21375] [client 13.79.87.25:0] script '/domains/jeffbell/155.php' not found or unable to stat
[Tue Feb 24 00:03:34.007010 2026] [php:error] [pid 21375] [client 13.79.87.25:0] script '/domains/jeffbell/goat.php' not found or unable to stat
[Tue Feb 24 00:03:34.170473 2026] [php:error] [pid 21375] [client 13.79.87.25:0] script '/domains/jeffbell/ext.php' not found or unable to stat
[Tue Feb 24 00:03:34.356477 2026] [php:error] [pid 21375] [client 13.79.87.25:0] script '/domains/jeffbell/inputs.php' not found or unable to stat
[Tue Feb 24 00:03:34.427535 2026] [php:error] [pid 21375] [client 13.79.87.25:0] script '/domains/jeffbell/ioxi.php' not found or unable to stat
[Tue Feb 24 00:03:34.514348 2026] [php:error] [pid 21375] [client 13.79.87.25:0] script '/domains/jeffbell/fe5.php' not found or unable to stat
[Tue Feb 24 00:03:34.663281 2026] [php:error] [pid 21375] [client 13.79.87.25:0] script '/domains/jeffbell/ov.php' not found or unable to stat
[Tue Feb 24 00:03:34.846134 2026] [php:error] [pid 21375] [client 13.79.87.25:0] script '/domains/jeffbell/default.php' not found or unable to stat
[Tue Feb 24 00:03:34.924169 2026] [php:error] [pid 21375] [client 13.79.87.25:0] script '/domains/jeffbell/goods.php' not found or unable to stat
[Tue Feb 24 00:03:35.158904 2026] [php:error] [pid 21375] [client 13.79.87.25:0] script '/domains/jeffbell/abcd.php' not found or unable to stat
[Tue Feb 24 00:03:35.372754 2026] [php:error] [pid 21375] [client 13.79.87.25:0] script '/domains/jeffbell/class.1.php' not found or unable to stat
[Tue Feb 24 00:03:35.659587 2026] [php:error] [pid 21375] [client 13.79.87.25:0] script '/domains/jeffbell/async.php' not found or unable to stat
[Tue Feb 24 00:03:35.735817 2026] [php:error] [pid 21375] [client 13.79.87.25:0] script '/domains/jeffbell/ff.php' not found or unable to stat
[Tue Feb 24 00:03:35.842946 2026] [php:error] [pid 21375] [client 13.79.87.25:0] script '/domains/jeffbell/ioxi-o.php' not found or unable to stat
[Tue Feb 24 00:03:36.150610 2026] [php:error] [pid 21375] [client 13.79.87.25:0] script '/domains/jeffbell/manager.php' not found or unable to stat
[Tue Feb 24 00:03:36.235982 2026] [php:error] [pid 21375] [client 13.79.87.25:0] script '/domains/jeffbell/wp-update.php' not found or unable to stat
[Tue Feb 24 00:03:36.655100 2026] [php:error] [pid 21378] [client 13.79.87.25:0] script '/domains/jeffbell/file.php' not found or unable to stat
[Tue Feb 24 00:03:36.729643 2026] [php:error] [pid 21378] [client 13.79.87.25:0] script '/domains/jeffbell/lc.php' not found or unable to stat
[Tue Feb 24 00:03:36.866192 2026] [php:error] [pid 21378] [client 13.79.87.25:0] script '/domains/jeffbell/cbrfo.php' not found or unable to stat
[Tue Feb 24 00:03:36.946153 2026] [php:error] [pid 21378] [client 13.79.87.25:0] script '/domains/jeffbell/inc.php' not found or unable to stat
[Tue Feb 24 00:03:37.021142 2026] [php:error] [pid 21378] [client 13.79.87.25:0] script '/domains/jeffbell/gifclass.php' not found or unable to stat
[Tue Feb 24 00:03:37.095504 2026] [php:error] [pid 21378] [client 13.79.87.25:0] script '/domains/jeffbell/miansha.php' not found or unable to stat
[Tue Feb 24 00:03:37.227918 2026] [php:error] [pid 21378] [client 13.79.87.25:0] script '/domains/jeffbell/tinyfilemanager.php' not found or unable to stat
[Tue Feb 24 00:03:37.405675 2026] [php:error] [pid 21378] [client 13.79.87.25:0] script '/domains/jeffbell/ok.php' not found or unable to stat
[Tue Feb 24 00:03:37.480260 2026] [php:error] [pid 21378] [client 13.79.87.25:0] script '/domains/jeffbell/fi.php' not found or unable to stat
[Tue Feb 24 00:03:37.617683 2026] [php:error] [pid 21378] [client 13.79.87.25:0] script '/domains/jeffbell/muzu.php' not found or unable to stat
[Tue Feb 24 00:03:37.710057 2026] [php:error] [pid 21378] [client 13.79.87.25:0] script '/domains/jeffbell/reze.php' not found or unable to stat
[Tue Feb 24 00:03:37.826169 2026] [php:error] [pid 21378] [client 13.79.87.25:0] script '/domains/jeffbell/styll.php' not found or unable to stat
[Tue Feb 24 00:03:38.069069 2026] [php:error] [pid 21378] [client 13.79.87.25:0] script '/domains/jeffbell/x7.php' not found or unable to stat
[Tue Feb 24 00:03:38.270448 2026] [php:error] [pid 21378] [client 13.79.87.25:0] script '/domains/jeffbell/thebe.php' not found or unable to stat
[Tue Feb 24 00:03:38.414656 2026] [php:error] [pid 21378] [client 13.79.87.25:0] script '/domains/jeffbell/ddd.php' not found or unable to stat
[Tue Feb 24 00:03:38.541302 2026] [php:error] [pid 21378] [client 13.79.87.25:0] script '/domains/jeffbell/bgymj.php' not found or unable to stat
[Tue Feb 24 00:03:38.659127 2026] [php:error] [pid 21378] [client 13.79.87.25:0] script '/domains/jeffbell/ioxi.php' not found or unable to stat
[Tue Feb 24 00:03:38.829153 2026] [php:error] [pid 21378] [client 13.79.87.25:0] script '/domains/jeffbell/xpwer1.php' not found or unable to stat
[Tue Feb 24 00:03:38.904886 2026] [php:error] [pid 21378] [client 13.79.87.25:0] script '/domains/jeffbell/lala.php' not found or unable to stat
[Tue Feb 24 00:03:38.980672 2026] [php:error] [pid 21378] [client 13.79.87.25:0] script '/domains/jeffbell/about.php' not found or unable to stat
[Tue Feb 24 00:03:39.615133 2026] [php:error] [pid 21378] [client 13.79.87.25:0] script '/domains/jeffbell/info.php' not found or unable to stat
[Tue Feb 24 00:03:39.690136 2026] [php:error] [pid 21378] [client 13.79.87.25:0] script '/domains/jeffbell/about.php' not found or unable to stat
[Tue Feb 24 00:03:40.166455 2026] [php:error] [pid 21378] [client 13.79.87.25:0] script '/domains/jeffbell/222.php' not found or unable to stat
[Tue Feb 24 00:03:40.254268 2026] [php:error] [pid 21378] [client 13.79.87.25:0] script '/domains/jeffbell/adminfuns.php' not found or unable to stat
[Tue Feb 24 00:03:40.533459 2026] [php:error] [pid 21378] [client 13.79.87.25:0] script '/domains/jeffbell/xx.php' not found or unable to stat
[Tue Feb 24 00:03:40.747049 2026] [php:error] [pid 21378] [client 13.79.87.25:0] script '/domains/jeffbell/f5.php' not found or unable to stat
[Tue Feb 24 00:03:40.915209 2026] [php:error] [pid 21378] [client 13.79.87.25:0] script '/domains/jeffbell/flower.php' not found or unable to stat
[Tue Feb 24 00:03:41.102479 2026] [php:error] [pid 21378] [client 13.79.87.25:0] script '/domains/jeffbell/f6.php' not found or unable to stat
[Tue Feb 24 00:03:41.176900 2026] [php:error] [pid 21378] [client 13.79.87.25:0] script '/domains/jeffbell/edit.php' not found or unable to stat
[Tue Feb 24 00:03:41.759210 2026] [php:error] [pid 21378] [client 13.79.87.25:0] script '/domains/jeffbell/wsd.php' not found or unable to stat
[Tue Feb 24 00:03:41.923650 2026] [php:error] [pid 21378] [client 13.79.87.25:0] script '/domains/jeffbell/jane.php' not found or unable to stat
[Tue Feb 24 00:03:42.102051 2026] [php:error] [pid 21378] [client 13.79.87.25:0] script '/domains/jeffbell/css.php' not found or unable to stat
[Tue Feb 24 00:03:42.412734 2026] [php:error] [pid 21378] [client 13.79.87.25:0] script '/domains/jeffbell/alfa.php' not found or unable to stat
[Tue Feb 24 00:03:42.487450 2026] [php:error] [pid 21378] [client 13.79.87.25:0] script '/domains/jeffbell/x.php' not found or unable to stat
[Tue Feb 24 00:03:42.768551 2026] [php:error] [pid 21378] [client 13.79.87.25:0] script '/domains/jeffbell/xxxx.php' not found or unable to stat
[Tue Feb 24 00:03:43.001184 2026] [php:error] [pid 21378] [client 13.79.87.25:0] script '/domains/jeffbell/class.php' not found or unable to stat
[Tue Feb 24 00:03:43.075837 2026] [php:error] [pid 21378] [client 13.79.87.25:0] script '/domains/jeffbell/f35.php' not found or unable to stat
[Tue Feb 24 00:03:43.651971 2026] [php:error] [pid 21378] [client 13.79.87.25:0] script '/domains/jeffbell/class-t.api.php' not found or unable to stat
[Tue Feb 24 00:03:44.123107 2026] [php:error] [pid 21383] [client 159.223.71.222:0] script '/domains/efusion1/xmlrpc.php' not found or unable to stat
[Tue Feb 24 00:03:44.453811 2026] [php:error] [pid 21378] [client 13.79.87.25:0] script '/domains/jeffbell/init.php' not found or unable to stat
[Tue Feb 24 00:03:44.702862 2026] [php:error] [pid 21378] [client 13.79.87.25:0] script '/domains/jeffbell/k.php' not found or unable to stat
[Tue Feb 24 00:03:44.828680 2026] [php:error] [pid 21378] [client 13.79.87.25:0] script '/domains/jeffbell/bless.php' not found or unable to stat
[Tue Feb 24 00:03:44.985564 2026] [php:error] [pid 21387] [client 40.69.66.178:0] script '/domains/machinadynamica/cwclass.php' not found or unable to stat
[Tue Feb 24 00:03:45.022840 2026] [php:error] [pid 21378] [client 13.79.87.25:0] script '/domains/jeffbell/X7x.php' not found or unable to stat
[Tue Feb 24 00:03:45.057270 2026] [php:error] [pid 21387] [client 40.69.66.178:0] script '/domains/machinadynamica/class-cc.php' not found or unable to stat
[Tue Feb 24 00:03:45.097138 2026] [php:error] [pid 21378] [client 13.79.87.25:0] script '/domains/jeffbell/166.php' not found or unable to stat
[Tue Feb 24 00:03:45.129781 2026] [php:error] [pid 21387] [client 40.69.66.178:0] script '/domains/machinadynamica/lite.php' not found or unable to stat
[Tue Feb 24 00:03:45.206832 2026] [php:error] [pid 21387] [client 40.69.66.178:0] script '/domains/machinadynamica/rrb.php' not found or unable to stat
[Tue Feb 24 00:03:45.276042 2026] [php:error] [pid 21378] [client 13.79.87.25:0] script '/domains/jeffbell/plss3.php' not found or unable to stat
[Tue Feb 24 00:03:45.278715 2026] [php:error] [pid 21387] [client 40.69.66.178:0] script '/domains/machinadynamica/mariju.php' not found or unable to stat
[Tue Feb 24 00:03:45.350482 2026] [php:error] [pid 21387] [client 40.69.66.178:0] script '/domains/machinadynamica/xenium4.php' not found or unable to stat
[Tue Feb 24 00:03:45.422249 2026] [php:error] [pid 21387] [client 40.69.66.178:0] script '/domains/machinadynamica/jsonq.php' not found or unable to stat
[Tue Feb 24 00:03:45.451610 2026] [php:error] [pid 21378] [client 13.79.87.25:0] script '/domains/jeffbell/admins.php' not found or unable to stat
[Tue Feb 24 00:03:45.526277 2026] [php:error] [pid 21378] [client 13.79.87.25:0] script '/domains/jeffbell/wp.php' not found or unable to stat
[Tue Feb 24 00:03:45.565865 2026] [php:error] [pid 21387] [client 40.69.66.178:0] script '/domains/machinadynamica/wp-fast.php' not found or unable to stat
[Tue Feb 24 00:03:45.638527 2026] [php:error] [pid 21387] [client 40.69.66.178:0] script '/domains/machinadynamica/yas.php' not found or unable to stat
[Tue Feb 24 00:03:45.710896 2026] [php:error] [pid 21378] [client 13.79.87.25:0] script '/domains/jeffbell/main.php' not found or unable to stat
[Tue Feb 24 00:03:45.785146 2026] [php:error] [pid 21378] [client 13.79.87.25:0] script '/domains/jeffbell/a1.php' not found or unable to stat
[Tue Feb 24 00:03:45.885803 2026] [php:error] [pid 21378] [client 13.79.87.25:0] script '/domains/jeffbell/lala.php' not found or unable to stat
[Tue Feb 24 00:03:45.961519 2026] [php:error] [pid 21378] [client 13.79.87.25:0] script '/domains/jeffbell/aaa.php' not found or unable to stat
[Tue Feb 24 00:03:46.129216 2026] [php:error] [pid 21378] [client 13.79.87.25:0] script '/domains/jeffbell/a2.php' not found or unable to stat
[Tue Feb 24 00:03:46.473547 2026] [php:error] [pid 21378] [client 13.79.87.25:0] script '/domains/jeffbell/jsond.php' not found or unable to stat
[Tue Feb 24 00:03:46.548186 2026] [php:error] [pid 21378] [client 13.79.87.25:0] script '/domains/jeffbell/gmo.php' not found or unable to stat
[Tue Feb 24 00:04:05.096744 2026] [php:error] [pid 21385] [client 185.177.72.23:0] script '/domains/fayemoran/info.php.bak' not found or unable to stat
[Tue Feb 24 00:04:05.186900 2026] [php:error] [pid 21385] [client 185.177.72.23:0] script '/domains/fayemoran/php-info.php' not found or unable to stat
[Tue Feb 24 00:04:05.277323 2026] [php:error] [pid 21385] [client 185.177.72.23:0] script '/domains/fayemoran/newinfo.php' not found or unable to stat
[Tue Feb 24 00:04:05.367484 2026] [php:error] [pid 21385] [client 185.177.72.23:0] script '/domains/fayemoran/siteinfo.php' not found or unable to stat
[Tue Feb 24 00:04:05.457476 2026] [php:error] [pid 21385] [client 185.177.72.23:0] script '/domains/fayemoran/info.php.1' not found or unable to stat
[Tue Feb 24 00:04:05.637956 2026] [php:error] [pid 21385] [client 185.177.72.23:0] script '/domains/fayemoran/pageinfo.php' not found or unable to stat
[Tue Feb 24 00:04:05.727995 2026] [php:error] [pid 21385] [client 185.177.72.23:0] script '/domains/fayemoran/info.php.back' not found or unable to stat
[Tue Feb 24 00:04:05.908080 2026] [php:error] [pid 21385] [client 185.177.72.23:0] script '/domains/fayemoran/release_info.php' not found or unable to stat
[Tue Feb 24 00:04:06.181216 2026] [php:error] [pid 21385] [client 185.177.72.23:0] script '/domains/fayemoran/info.php' not found or unable to stat
[Tue Feb 24 00:04:06.451924 2026] [php:error] [pid 21385] [client 185.177.72.23:0] script '/domains/fayemoran/info.php.save.1' not found or unable to stat
[Tue Feb 24 00:04:06.631875 2026] [php:error] [pid 21385] [client 185.177.72.23:0] script '/domains/fayemoran/_info.php' not found or unable to stat
[Tue Feb 24 00:04:06.721882 2026] [php:error] [pid 21385] [client 185.177.72.23:0] script '/domains/fayemoran/admin_phpinfo.php' not found or unable to stat
[Tue Feb 24 00:04:06.811822 2026] [php:error] [pid 21385] [client 185.177.72.23:0] script '/domains/fayemoran/dbinfo.php' not found or unable to stat
[Tue Feb 24 00:04:06.901800 2026] [php:error] [pid 21385] [client 185.177.72.23:0] script '/domains/fayemoran/admin_info.php' not found or unable to stat
[Tue Feb 24 00:04:07.082905 2026] [php:error] [pid 21385] [client 185.177.72.23:0] script '/domains/fayemoran/config.php' not found or unable to stat
[Tue Feb 24 00:04:07.173032 2026] [php:error] [pid 21385] [client 185.177.72.23:0] script '/domains/fayemoran/phpinfo.php' not found or unable to stat
[Tue Feb 24 00:04:07.263302 2026] [php:error] [pid 21385] [client 185.177.72.23:0] script '/domains/fayemoran/phpinfo.php.bak' not found or unable to stat
[Tue Feb 24 00:04:07.443199 2026] [php:error] [pid 21385] [client 185.177.72.23:0] script '/domains/fayemoran/pinfo.php' not found or unable to stat
[Tue Feb 24 00:04:09.614281 2026] [php:error] [pid 21385] [client 185.177.72.23:0] script '/domains/fayemoran/.env.php' not found or unable to stat
[Tue Feb 24 00:04:12.860012 2026] [php:error] [pid 21385] [client 185.177.72.23:0] script '/domains/fayemoran/.env.sample.php' not found or unable to stat
[Tue Feb 24 00:04:13.404780 2026] [php:error] [pid 21385] [client 185.177.72.23:0] script '/domains/fayemoran/env.php' not found or unable to stat
[Tue Feb 24 00:04:15.936284 2026] [php:error] [pid 21382] [client 185.177.72.23:0] script '/domains/fayemoran/wp-config.php' not found or unable to stat
[Tue Feb 24 00:04:16.020071 2026] [php:error] [pid 21382] [client 185.177.72.23:0] script '/domains/fayemoran/configuration.php' not found or unable to stat
[Tue Feb 24 00:04:17.912502 2026] [php:error] [pid 21382] [client 185.177.72.23:0] script '/domains/fayemoran/settings.php' not found or unable to stat
[Tue Feb 24 00:04:20.876920 2026] [php:error] [pid 21382] [client 185.177.72.23:0] script '/domains/fayemoran/_phpinfo.php' not found or unable to stat
[Tue Feb 24 00:04:23.875767 2026] [php:error] [pid 21390] [client 185.177.72.23:0] script '/domains/fayemoran/config.php.bak' not found or unable to stat
[Tue Feb 24 00:04:24.045067 2026] [access_compat:error] [pid 21390] [client 185.177.72.23:0] AH01797: client denied by server configuration: /domains/fayemoran/server-info
[Tue Feb 24 00:04:24.216314 2026] [php:error] [pid 21390] [client 185.177.72.23:0] script '/domains/fayemoran/config.php.save' not found or unable to stat
[Tue Feb 24 00:04:24.300162 2026] [php:error] [pid 21390] [client 185.177.72.23:0] script '/domains/fayemoran/pi.php' not found or unable to stat
[Tue Feb 24 00:04:24.383949 2026] [php:error] [pid 21390] [client 185.177.72.23:0] script '/domains/fayemoran/wp-config.php.bak' not found or unable to stat
[Tue Feb 24 00:04:24.467859 2026] [php:error] [pid 21390] [client 185.177.72.23:0] script '/domains/fayemoran/test.php' not found or unable to stat
[Tue Feb 24 00:04:24.551673 2026] [php:error] [pid 21390] [client 185.177.72.23:0] script '/domains/fayemoran/wp-config.php.backup' not found or unable to stat
[Tue Feb 24 00:04:25.238072 2026] [php:error] [pid 21391] [client 52.172.248.2:0] script '/domains/nlyfoods/166.php' not found or unable to stat
[Tue Feb 24 00:04:25.449233 2026] [php:error] [pid 21391] [client 52.172.248.2:0] script '/domains/nlyfoods/2026.php' not found or unable to stat
[Tue Feb 24 00:04:25.638945 2026] [php:error] [pid 21395] [client 106.219.182.138:0] script '/domains/dcoffman/xmlrpc.php' not found or unable to stat
[Tue Feb 24 00:04:25.658182 2026] [php:error] [pid 21391] [client 52.172.248.2:0] script '/domains/nlyfoods/muzu.php' not found or unable to stat
[Tue Feb 24 00:04:25.867481 2026] [php:error] [pid 21391] [client 52.172.248.2:0] script '/domains/nlyfoods/reze.php' not found or unable to stat
[Tue Feb 24 00:04:26.085025 2026] [php:error] [pid 21391] [client 52.172.248.2:0] script '/domains/nlyfoods/jsond.php' not found or unable to stat
[Tue Feb 24 00:04:26.331240 2026] [php:error] [pid 21391] [client 52.172.248.2:0] script '/domains/nlyfoods/x7.php' not found or unable to stat
[Tue Feb 24 00:04:26.540276 2026] [php:error] [pid 21391] [client 52.172.248.2:0] script '/domains/nlyfoods/bgymj.php' not found or unable to stat
[Tue Feb 24 00:04:26.767571 2026] [php:error] [pid 21391] [client 52.172.248.2:0] script '/domains/nlyfoods/lala.php' not found or unable to stat
[Tue Feb 24 00:04:26.977780 2026] [php:error] [pid 21391] [client 52.172.248.2:0] script '/domains/nlyfoods/8xyz.php' not found or unable to stat
[Tue Feb 24 00:04:27.190451 2026] [php:error] [pid 21391] [client 52.172.248.2:0] script '/domains/nlyfoods/wsd.php' not found or unable to stat
[Tue Feb 24 00:04:27.621587 2026] [php:error] [pid 21391] [client 52.172.248.2:0] script '/domains/nlyfoods/la.php' not found or unable to stat
[Tue Feb 24 00:04:27.840895 2026] [php:error] [pid 21391] [client 52.172.248.2:0] script '/domains/nlyfoods/Wp-good.php' not found or unable to stat
[Tue Feb 24 00:04:28.068469 2026] [php:error] [pid 21391] [client 52.172.248.2:0] script '/domains/nlyfoods/tphp.php' not found or unable to stat
[Tue Feb 24 00:04:28.277640 2026] [php:error] [pid 21391] [client 52.172.248.2:0] script '/domains/nlyfoods/a1.php' not found or unable to stat
[Tue Feb 24 00:04:28.412553 2026] [authz_core:error] [pid 21390] [client 185.177.72.23:0] AH01630: client denied by server configuration: /domains/fayemoran/.htaccess
[Tue Feb 24 00:04:28.489801 2026] [php:error] [pid 21391] [client 52.172.248.2:0] script '/domains/nlyfoods/nyan.php' not found or unable to stat
[Tue Feb 24 00:04:28.698624 2026] [php:error] [pid 21391] [client 52.172.248.2:0] script '/domains/nlyfoods/autoload_classmap.php' not found or unable to stat
[Tue Feb 24 00:04:28.907735 2026] [php:error] [pid 21391] [client 52.172.248.2:0] script '/domains/nlyfoods/alfa.php' not found or unable to stat
[Tue Feb 24 00:04:29.353492 2026] [php:error] [pid 21391] [client 52.172.248.2:0] script '/domains/nlyfoods/luxe.php' not found or unable to stat
[Tue Feb 24 00:04:29.782433 2026] [php:error] [pid 21391] [client 52.172.248.2:0] script '/domains/nlyfoods/rezor.php' not found or unable to stat
[Tue Feb 24 00:04:29.991284 2026] [php:error] [pid 21391] [client 52.172.248.2:0] script '/domains/nlyfoods/doc.php' not found or unable to stat
[Tue Feb 24 00:04:30.510305 2026] [php:error] [pid 21390] [client 185.177.72.23:0] script '/domains/fayemoran/123.php' not found or unable to stat
[Tue Feb 24 00:04:30.650623 2026] [php:error] [pid 21391] [client 52.172.248.2:0] script '/domains/nlyfoods/install.php' not found or unable to stat
[Tue Feb 24 00:04:31.106344 2026] [php:error] [pid 21391] [client 52.172.248.2:0] script '/domains/nlyfoods/sto.php' not found or unable to stat
[Tue Feb 24 00:04:31.325851 2026] [php:error] [pid 21391] [client 52.172.248.2:0] script '/domains/nlyfoods/x.php' not found or unable to stat
[Tue Feb 24 00:04:31.560416 2026] [php:error] [pid 21391] [client 52.172.248.2:0] script '/domains/nlyfoods/test.php' not found or unable to stat
[Tue Feb 24 00:04:32.115658 2026] [php:error] [pid 21391] [client 52.172.248.2:0] script '/domains/nlyfoods/n3.php' not found or unable to stat
[Tue Feb 24 00:04:32.543305 2026] [php:error] [pid 21391] [client 52.172.248.2:0] script '/domains/nlyfoods/o.php' not found or unable to stat
[Tue Feb 24 00:04:32.982510 2026] [php:error] [pid 21391] [client 52.172.248.2:0] script '/domains/nlyfoods/class-t.api.php' not found or unable to stat
[Tue Feb 24 00:04:33.044454 2026] [php:error] [pid 21372] [client 185.177.72.23:0] script '/domains/fayemoran/a.php' not found or unable to stat
[Tue Feb 24 00:04:33.403177 2026] [php:error] [pid 21391] [client 52.172.248.2:0] script '/domains/nlyfoods/wp.php' not found or unable to stat
[Tue Feb 24 00:04:33.838731 2026] [php:error] [pid 21372] [client 185.177.72.23:0] script '/domains/fayemoran/admin.php' not found or unable to stat
[Tue Feb 24 00:04:34.055804 2026] [php:error] [pid 21391] [client 52.172.248.2:0] script '/domains/nlyfoods/h.php' not found or unable to stat
[Tue Feb 24 00:04:34.117655 2026] [php:error] [pid 21395] [client 20.100.191.215:0] script '/domains/nlyfoods/cwclass.php' not found or unable to stat
[Tue Feb 24 00:04:34.191332 2026] [php:error] [pid 21372] [client 185.177.72.23:0] script '/domains/fayemoran/adminer.php' not found or unable to stat
[Tue Feb 24 00:04:34.213833 2026] [php:error] [pid 21395] [client 20.100.191.215:0] script '/domains/nlyfoods/class-cc.php' not found or unable to stat
[Tue Feb 24 00:04:34.325070 2026] [php:error] [pid 21395] [client 20.100.191.215:0] script '/domains/nlyfoods/lite.php' not found or unable to stat
[Tue Feb 24 00:04:34.493237 2026] [php:error] [pid 21395] [client 20.100.191.215:0] script '/domains/nlyfoods/rrb.php' not found or unable to stat
[Tue Feb 24 00:04:34.590220 2026] [php:error] [pid 21395] [client 20.100.191.215:0] script '/domains/nlyfoods/mariju.php' not found or unable to stat
[Tue Feb 24 00:04:34.628102 2026] [php:error] [pid 21391] [client 52.172.248.2:0] script '/domains/nlyfoods/wrt.php' not found or unable to stat
[Tue Feb 24 00:04:34.696051 2026] [php:error] [pid 21395] [client 20.100.191.215:0] script '/domains/nlyfoods/xenium4.php' not found or unable to stat
[Tue Feb 24 00:04:34.792479 2026] [php:error] [pid 21395] [client 20.100.191.215:0] script '/domains/nlyfoods/jsonq.php' not found or unable to stat
[Tue Feb 24 00:04:34.810236 2026] [php:error] [pid 21372] [client 185.177.72.23:0] script '/domains/fayemoran/apache.php' not found or unable to stat
[Tue Feb 24 00:04:34.999149 2026] [php:error] [pid 21395] [client 20.100.191.215:0] script '/domains/nlyfoods/wp-fast.php' not found or unable to stat
[Tue Feb 24 00:04:35.101351 2026] [php:error] [pid 21395] [client 20.100.191.215:0] script '/domains/nlyfoods/yas.php' not found or unable to stat
[Tue Feb 24 00:04:35.162784 2026] [php:error] [pid 21372] [client 185.177.72.23:0] script '/domains/fayemoran/apache2.php' not found or unable to stat
[Tue Feb 24 00:04:35.251167 2026] [php:error] [pid 21372] [client 185.177.72.23:0] script '/domains/fayemoran/apc.php' not found or unable to stat
[Tue Feb 24 00:04:35.487885 2026] [php:error] [pid 21391] [client 52.172.248.2:0] script '/domains/nlyfoods/png.php' not found or unable to stat
[Tue Feb 24 00:04:35.984105 2026] [php:error] [pid 21391] [client 52.172.248.2:0] script '/domains/nlyfoods/zwso.php' not found or unable to stat
[Tue Feb 24 00:04:36.914322 2026] [php:error] [pid 21391] [client 52.172.248.2:0] script '/domains/nlyfoods/ton.php' not found or unable to stat
[Tue Feb 24 00:04:37.124491 2026] [php:error] [pid 21391] [client 52.172.248.2:0] script '/domains/nlyfoods/wso.php' not found or unable to stat
[Tue Feb 24 00:04:37.542756 2026] [php:error] [pid 21391] [client 52.172.248.2:0] script '/domains/nlyfoods/a2.php' not found or unable to stat
[Tue Feb 24 00:04:37.752232 2026] [php:error] [pid 21391] [client 52.172.248.2:0] script '/domains/nlyfoods/shell.php' not found or unable to stat
[Tue Feb 24 00:04:38.209311 2026] [php:error] [pid 21391] [client 52.172.248.2:0] script '/domains/nlyfoods/sxo.php' not found or unable to stat
[Tue Feb 24 00:04:38.853277 2026] [php:error] [pid 21391] [client 52.172.248.2:0] script '/domains/nlyfoods/mans.php' not found or unable to stat
[Tue Feb 24 00:04:38.955341 2026] [php:error] [pid 21372] [client 185.177.72.23:0] script '/domains/fayemoran/asdf.php' not found or unable to stat
[Tue Feb 24 00:04:39.069145 2026] [php:error] [pid 21391] [client 52.172.248.2:0] script '/domains/nlyfoods/dropdown.php' not found or unable to stat
[Tue Feb 24 00:04:39.487611 2026] [php:error] [pid 21391] [client 52.172.248.2:0] script '/domains/nlyfoods/ze.php' not found or unable to stat
[Tue Feb 24 00:04:39.696616 2026] [php:error] [pid 21391] [client 52.172.248.2:0] script '/domains/nlyfoods/geck.php' not found or unable to stat
[Tue Feb 24 00:04:39.939257 2026] [php:error] [pid 21391] [client 52.172.248.2:0] script '/domains/nlyfoods/menu.php' not found or unable to stat
[Tue Feb 24 00:04:40.597738 2026] [php:error] [pid 21391] [client 52.172.248.2:0] script '/domains/nlyfoods/flower.php' not found or unable to stat
[Tue Feb 24 00:04:40.806961 2026] [php:error] [pid 21391] [client 52.172.248.2:0] script '/domains/nlyfoods/ftp.php' not found or unable to stat
[Tue Feb 24 00:04:41.034799 2026] [php:error] [pid 21391] [client 52.172.248.2:0] script '/domains/nlyfoods/mds.php' not found or unable to stat
[Tue Feb 24 00:04:41.244871 2026] [php:error] [pid 21391] [client 52.172.248.2:0] script '/domains/nlyfoods/ahax.php' not found or unable to stat
[Tue Feb 24 00:04:41.665460 2026] [php:error] [pid 21391] [client 52.172.248.2:0] script '/domains/nlyfoods/cool.php' not found or unable to stat
[Tue Feb 24 00:04:41.874494 2026] [php:error] [pid 21391] [client 52.172.248.2:0] script '/domains/nlyfoods/gm.php' not found or unable to stat
[Tue Feb 24 00:04:42.084031 2026] [php:error] [pid 21391] [client 52.172.248.2:0] script '/domains/nlyfoods/simple.php' not found or unable to stat
[Tue Feb 24 00:04:42.293053 2026] [php:error] [pid 21391] [client 52.172.248.2:0] script '/domains/nlyfoods/elp.php' not found or unable to stat
[Tue Feb 24 00:04:42.511322 2026] [php:error] [pid 21391] [client 52.172.248.2:0] script '/domains/nlyfoods/bolt.php' not found or unable to stat
[Tue Feb 24 00:04:42.933049 2026] [php:error] [pid 21391] [client 52.172.248.2:0] script '/domains/nlyfoods/inputs.php' not found or unable to stat
[Tue Feb 24 00:04:43.126605 2026] [php:error] [pid 21382] [client 185.177.72.23:0] script '/domains/fayemoran/build.php' not found or unable to stat
[Tue Feb 24 00:04:43.350843 2026] [php:error] [pid 21391] [client 52.172.248.2:0] script '/domains/nlyfoods/system.php' not found or unable to stat
[Tue Feb 24 00:04:43.801194 2026] [php:error] [pid 21382] [client 185.177.72.23:0] script '/domains/fayemoran/cache.php' not found or unable to stat
[Tue Feb 24 00:04:44.236121 2026] [php:error] [pid 21391] [client 52.172.248.2:0] script '/domains/nlyfoods/an.php' not found or unable to stat
[Tue Feb 24 00:04:44.472032 2026] [php:error] [pid 21391] [client 52.172.248.2:0] script '/domains/nlyfoods/w.php' not found or unable to stat
[Tue Feb 24 00:04:44.681657 2026] [php:error] [pid 21391] [client 52.172.248.2:0] script '/domains/nlyfoods/gmo.php' not found or unable to stat
[Tue Feb 24 00:04:44.891279 2026] [php:error] [pid 21391] [client 52.172.248.2:0] script '/domains/nlyfoods/gib.php' not found or unable to stat
[Tue Feb 24 00:04:45.121217 2026] [php:error] [pid 21391] [client 52.172.248.2:0] script '/domains/nlyfoods/wp-miiss.php.php' not found or unable to stat
[Tue Feb 24 00:04:45.557312 2026] [php:error] [pid 21391] [client 52.172.248.2:0] script '/domains/nlyfoods/moon.php' not found or unable to stat
[Tue Feb 24 00:04:45.786701 2026] [php:error] [pid 21391] [client 52.172.248.2:0] script '/domains/nlyfoods/filesss.php' not found or unable to stat
[Tue Feb 24 00:04:45.996242 2026] [php:error] [pid 21391] [client 52.172.248.2:0] script '/domains/nlyfoods/hey.php' not found or unable to stat
[Tue Feb 24 00:04:46.414878 2026] [php:error] [pid 21391] [client 52.172.248.2:0] script '/domains/nlyfoods/1337.php' not found or unable to stat
[Tue Feb 24 00:04:46.634363 2026] [php:error] [pid 21391] [client 52.172.248.2:0] script '/domains/nlyfoods/buy.php' not found or unable to stat
[Tue Feb 24 00:04:47.084368 2026] [php:error] [pid 21391] [client 52.172.248.2:0] script '/domains/nlyfoods/m.php' not found or unable to stat
[Tue Feb 24 00:04:47.512398 2026] [php:error] [pid 21397] [client 52.172.248.2:0] script '/domains/nlyfoods/wp-is.php' not found or unable to stat
[Tue Feb 24 00:04:47.717739 2026] [php:error] [pid 21397] [client 52.172.248.2:0] script '/domains/nlyfoods/jmfi2.php' not found or unable to stat
[Tue Feb 24 00:04:48.126995 2026] [php:error] [pid 21397] [client 52.172.248.2:0] script '/domains/nlyfoods/bnn_.php' not found or unable to stat
[Tue Feb 24 00:04:48.535645 2026] [php:error] [pid 21397] [client 52.172.248.2:0] script '/domains/nlyfoods/hzz.php' not found or unable to stat
[Tue Feb 24 00:04:48.740144 2026] [php:error] [pid 21397] [client 52.172.248.2:0] script '/domains/nlyfoods/shell20211028.php' not found or unable to stat
[Tue Feb 24 00:04:48.976743 2026] [php:error] [pid 21397] [client 52.172.248.2:0] script '/domains/nlyfoods/content.php' not found or unable to stat
[Tue Feb 24 00:04:49.385436 2026] [php:error] [pid 21397] [client 52.172.248.2:0] script '/domains/nlyfoods/ps.php' not found or unable to stat
[Tue Feb 24 00:04:50.041697 2026] [php:error] [pid 21397] [client 52.172.248.2:0] script '/domains/nlyfoods/cache.php' not found or unable to stat
[Tue Feb 24 00:04:50.246091 2026] [php:error] [pid 21397] [client 52.172.248.2:0] script '/domains/nlyfoods/ss.php' not found or unable to stat
[Tue Feb 24 00:04:50.366138 2026] [php:error] [pid 21391] [client 185.177.72.23:0] script '/domains/fayemoran/db.php' not found or unable to stat
[Tue Feb 24 00:04:50.470852 2026] [php:error] [pid 21397] [client 52.172.248.2:0] script '/domains/nlyfoods/p.php' not found or unable to stat
[Tue Feb 24 00:04:50.885007 2026] [php:error] [pid 21397] [client 52.172.248.2:0] script '/domains/nlyfoods/user.php' not found or unable to stat
[Tue Feb 24 00:04:50.931912 2026] [php:error] [pid 21391] [client 185.177.72.23:0] script '/domains/fayemoran/debug.php' not found or unable to stat
[Tue Feb 24 00:04:51.500857 2026] [php:error] [pid 21397] [client 52.172.248.2:0] script '/domains/nlyfoods/wp.php' not found or unable to stat
[Tue Feb 24 00:04:51.686021 2026] [php:error] [pid 21391] [client 185.177.72.23:0] script '/domains/fayemoran/dep.php' not found or unable to stat
[Tue Feb 24 00:04:51.707249 2026] [php:error] [pid 21397] [client 52.172.248.2:0] script '/domains/nlyfoods/rip.php' not found or unable to stat
[Tue Feb 24 00:04:51.780390 2026] [php:error] [pid 21391] [client 185.177.72.23:0] script '/domains/fayemoran/deploy.php' not found or unable to stat
[Tue Feb 24 00:04:51.936364 2026] [php:error] [pid 21397] [client 52.172.248.2:0] script '/domains/nlyfoods/wp4.php' not found or unable to stat
[Tue Feb 24 00:04:52.167759 2026] [php:error] [pid 21397] [client 52.172.248.2:0] script '/domains/nlyfoods/403.php' not found or unable to stat
[Tue Feb 24 00:04:52.253017 2026] [php:error] [pid 21391] [client 185.177.72.23:0] script '/domains/fayemoran/dev.php' not found or unable to stat
[Tue Feb 24 00:04:52.536053 2026] [php:error] [pid 21391] [client 185.177.72.23:0] script '/domains/fayemoran/developer.php' not found or unable to stat
[Tue Feb 24 00:04:52.600451 2026] [php:error] [pid 21397] [client 52.172.248.2:0] script '/domains/nlyfoods/asd67.php' not found or unable to stat
[Tue Feb 24 00:04:52.913683 2026] [php:error] [pid 21391] [client 185.177.72.23:0] script '/domains/fayemoran/devs.php' not found or unable to stat
[Tue Feb 24 00:04:52.965753 2026] [php:error] [pid 21395] [client 156.239.216.215:0] script '/domains/egmaweb/wp-login.php' not found or unable to stat
[Tue Feb 24 00:04:53.020525 2026] [php:error] [pid 21397] [client 52.172.248.2:0] script '/domains/nlyfoods/oivcl.php' not found or unable to stat
[Tue Feb 24 00:04:53.224964 2026] [php:error] [pid 21397] [client 52.172.248.2:0] script '/domains/nlyfoods/about.php' not found or unable to stat
[Tue Feb 24 00:04:53.502423 2026] [php:error] [pid 21386] [client 154.86.114.205:0] script '/domains/egmaweb/wp-login.php' not found or unable to stat
[Tue Feb 24 00:04:53.634059 2026] [php:error] [pid 21397] [client 52.172.248.2:0] script '/domains/nlyfoods/v2.php' not found or unable to stat
[Tue Feb 24 00:04:53.945911 2026] [php:error] [pid 21396] [client 156.239.157.143:0] script '/domains/egmaweb/wp-login.php' not found or unable to stat
[Tue Feb 24 00:04:54.481008 2026] [php:error] [pid 21397] [client 52.172.248.2:0] script '/domains/nlyfoods/dr.php' not found or unable to stat
[Tue Feb 24 00:04:54.685695 2026] [php:error] [pid 21397] [client 52.172.248.2:0] script '/domains/nlyfoods/raw.php' not found or unable to stat
[Tue Feb 24 00:04:55.298726 2026] [php:error] [pid 21397] [client 52.172.248.2:0] script '/domains/nlyfoods/ioxi-o2.php' not found or unable to stat
[Tue Feb 24 00:04:55.502881 2026] [php:error] [pid 21397] [client 52.172.248.2:0] script '/domains/nlyfoods/dropdown.php' not found or unable to stat
[Tue Feb 24 00:04:55.707278 2026] [php:error] [pid 21397] [client 52.172.248.2:0] script '/domains/nlyfoods/dlu.php' not found or unable to stat
[Tue Feb 24 00:04:56.119348 2026] [php:error] [pid 21397] [client 52.172.248.2:0] script '/domains/nlyfoods/db.php' not found or unable to stat
[Tue Feb 24 00:04:56.323943 2026] [php:error] [pid 21397] [client 52.172.248.2:0] script '/domains/nlyfoods/packed.php' not found or unable to stat
[Tue Feb 24 00:04:56.531807 2026] [php:error] [pid 21397] [client 52.172.248.2:0] script '/domains/nlyfoods/wp-configs.php' not found or unable to stat
[Tue Feb 24 00:04:56.736154 2026] [php:error] [pid 21397] [client 52.172.248.2:0] script '/domains/nlyfoods/404.php' not found or unable to stat
[Tue Feb 24 00:04:56.940482 2026] [php:error] [pid 21397] [client 52.172.248.2:0] script '/domains/nlyfoods/des.php' not found or unable to stat
[Tue Feb 24 00:04:57.350153 2026] [php:error] [pid 21397] [client 52.172.248.2:0] script '/domains/nlyfoods/lufix.php' not found or unable to stat
[Tue Feb 24 00:05:06.480491 2026] [php:error] [pid 21396] [client 185.177.72.23:0] script '/domains/fayemoran/i.php' not found or unable to stat
[Tue Feb 24 00:05:07.224840 2026] [php:error] [pid 21396] [client 185.177.72.23:0] script '/domains/fayemoran/in.php' not found or unable to stat
[Tue Feb 24 00:05:07.318512 2026] [php:error] [pid 21396] [client 185.177.72.23:0] script '/domains/fayemoran/inc.config.php' not found or unable to stat
[Tue Feb 24 00:05:07.597127 2026] [php:error] [pid 21396] [client 185.177.72.23:0] script '/domains/fayemoran/index.php' not found or unable to stat
[Tue Feb 24 00:05:07.783159 2026] [php:error] [pid 21396] [client 185.177.72.23:0] script '/domains/fayemoran/index1.php' not found or unable to stat
[Tue Feb 24 00:05:07.969248 2026] [php:error] [pid 21397] [client 185.177.72.23:0] script '/domains/fayemoran/inf.php' not found or unable to stat
[Tue Feb 24 00:05:08.063838 2026] [php:error] [pid 21397] [client 185.177.72.23:0] script '/domains/fayemoran/info1.php' not found or unable to stat
[Tue Feb 24 00:05:08.158292 2026] [php:error] [pid 21397] [client 185.177.72.23:0] script '/domains/fayemoran/info2.php' not found or unable to stat
[Tue Feb 24 00:05:08.252522 2026] [php:error] [pid 21397] [client 185.177.72.23:0] script '/domains/fayemoran/info3.php' not found or unable to stat
[Tue Feb 24 00:05:08.346837 2026] [php:error] [pid 21397] [client 185.177.72.23:0] script '/domains/fayemoran/info4.php' not found or unable to stat
[Tue Feb 24 00:05:08.441384 2026] [php:error] [pid 21397] [client 185.177.72.23:0] script '/domains/fayemoran/infophp.php' not found or unable to stat
[Tue Feb 24 00:05:08.536745 2026] [php:error] [pid 21397] [client 185.177.72.23:0] script '/domains/fayemoran/infos.php' not found or unable to stat
[Tue Feb 24 00:05:08.631758 2026] [php:error] [pid 21397] [client 185.177.72.23:0] script '/domains/fayemoran/ini.php' not found or unable to stat
[Tue Feb 24 00:05:09.200421 2026] [php:error] [pid 21397] [client 185.177.72.23:0] script '/domains/fayemoran/isadmin.php' not found or unable to stat
[Tue Feb 24 00:05:09.581049 2026] [php:error] [pid 21397] [client 185.177.72.23:0] script '/domains/fayemoran/jo.php' not found or unable to stat
[Tue Feb 24 00:05:11.284606 2026] [php:error] [pid 21397] [client 185.177.72.23:0] script '/domains/fayemoran/l.php' not found or unable to stat
[Tue Feb 24 00:05:13.084884 2026] [php:error] [pid 21397] [client 185.177.72.23:0] script '/domains/fayemoran/lindex.php' not found or unable to stat
[Tue Feb 24 00:05:13.179238 2026] [php:error] [pid 21397] [client 185.177.72.23:0] script '/domains/fayemoran/linusadmin-phpinfo.php' not found or unable to stat
[Tue Feb 24 00:05:15.164646 2026] [php:error] [pid 21396] [client 20.205.227.70:0] script '/domains/familyplayhouse2/aa.php' not found or unable to stat
[Tue Feb 24 00:05:15.393254 2026] [php:error] [pid 21396] [client 20.205.227.70:0] script '/domains/familyplayhouse2/abcd.php' not found or unable to stat
[Tue Feb 24 00:05:15.631967 2026] [php:error] [pid 21396] [client 20.205.227.70:0] script '/domains/familyplayhouse2/admin.php' not found or unable to stat
[Tue Feb 24 00:05:15.859175 2026] [php:error] [pid 21396] [client 20.205.227.70:0] script '/domains/familyplayhouse2/buy.php' not found or unable to stat
[Tue Feb 24 00:05:16.087686 2026] [php:error] [pid 21396] [client 20.205.227.70:0] script '/domains/familyplayhouse2/edit.php' not found or unable to stat
[Tue Feb 24 00:05:16.219649 2026] [php:error] [pid 21397] [client 185.177.72.23:0] script '/domains/fayemoran/main.php' not found or unable to stat
[Tue Feb 24 00:05:16.323536 2026] [php:error] [pid 21396] [client 20.205.227.70:0] script '/domains/familyplayhouse2/file.php' not found or unable to stat
[Tue Feb 24 00:05:16.551734 2026] [php:error] [pid 21396] [client 20.205.227.70:0] script '/domains/familyplayhouse2/flower.php' not found or unable to stat
[Tue Feb 24 00:05:16.804366 2026] [php:error] [pid 21396] [client 20.205.227.70:0] script '/domains/familyplayhouse2/info.php' not found or unable to stat
[Tue Feb 24 00:05:17.032400 2026] [php:error] [pid 21396] [client 20.205.227.70:0] script '/domains/familyplayhouse2/ioxi-o.php' not found or unable to stat
[Tue Feb 24 00:05:17.260380 2026] [php:error] [pid 21396] [client 20.205.227.70:0] script '/domains/familyplayhouse2/rip.php' not found or unable to stat
[Tue Feb 24 00:05:17.487808 2026] [php:error] [pid 21396] [client 20.205.227.70:0] script '/domains/familyplayhouse2/class_api.php' not found or unable to stat
[Tue Feb 24 00:05:17.715136 2026] [php:error] [pid 21396] [client 20.205.227.70:0] script '/domains/familyplayhouse2/fff.php' not found or unable to stat
[Tue Feb 24 00:05:17.942300 2026] [php:error] [pid 21396] [client 20.205.227.70:0] script '/domains/familyplayhouse2/bolt.php' not found or unable to stat
[Tue Feb 24 00:05:18.169581 2026] [php:error] [pid 21396] [client 20.205.227.70:0] script '/domains/familyplayhouse2/222.php' not found or unable to stat
[Tue Feb 24 00:05:18.396850 2026] [php:error] [pid 21396] [client 20.205.227.70:0] script '/domains/familyplayhouse2/bless.php' not found or unable to stat
[Tue Feb 24 00:05:18.623981 2026] [php:error] [pid 21396] [client 20.205.227.70:0] script '/domains/familyplayhouse2/server.php' not found or unable to stat
[Tue Feb 24 00:05:18.959226 2026] [php:error] [pid 21407] [client 185.177.72.23:0] script '/domains/fayemoran/new.php' not found or unable to stat
[Tue Feb 24 00:05:19.087190 2026] [php:error] [pid 21396] [client 20.205.227.70:0] script '/domains/familyplayhouse2/images/index.php' not found or unable to stat
[Tue Feb 24 00:05:19.315623 2026] [php:error] [pid 21396] [client 20.205.227.70:0] script '/domains/familyplayhouse2/wp-good.php' not found or unable to stat
[Tue Feb 24 00:05:19.542881 2026] [php:error] [pid 21396] [client 20.205.227.70:0] script '/domains/familyplayhouse2/wp-editor.php' not found or unable to stat
[Tue Feb 24 00:05:19.615516 2026] [php:error] [pid 21387] [client 62.60.130.228:0] script '/domains/system_suspended/wp-login.php' not found or unable to stat
[Tue Feb 24 00:05:19.769970 2026] [php:error] [pid 21396] [client 20.205.227.70:0] script '/domains/familyplayhouse2/wp-blog.php' not found or unable to stat
[Tue Feb 24 00:05:19.892697 2026] [php:error] [pid 21397] [client 62.60.130.228:0] script '/domains/system_suspended/wp-login.php' not found or unable to stat, referer: https://www.bing.com/
[Tue Feb 24 00:05:20.020937 2026] [php:error] [pid 21407] [client 185.177.72.23:0] script '/domains/fayemoran/o.php' not found or unable to stat
[Tue Feb 24 00:05:20.109814 2026] [php:error] [pid 21407] [client 185.177.72.23:0] script '/domains/fayemoran/ocp.php' not found or unable to stat
[Tue Feb 24 00:05:20.197974 2026] [php:error] [pid 21407] [client 185.177.72.23:0] script '/domains/fayemoran/of.php' not found or unable to stat
[Tue Feb 24 00:05:20.462917 2026] [php:error] [pid 21407] [client 185.177.72.23:0] script '/domains/fayemoran/old_phpinfo.php' not found or unable to stat
[Tue Feb 24 00:05:20.879450 2026] [php:error] [pid 21403] [client 74.248.32.28:0] script '/domains/system_cancel/am.php' not found or unable to stat
[Tue Feb 24 00:05:21.138911 2026] [php:error] [pid 21396] [client 20.205.227.70:0] script '/domains/familyplayhouse2/xmrlpc.php' not found or unable to stat
[Tue Feb 24 00:05:21.199971 2026] [php:error] [pid 21403] [client 74.248.32.28:0] script '/domains/system_cancel/hc.php' not found or unable to stat
[Tue Feb 24 00:05:21.259524 2026] [php:error] [pid 21407] [client 185.177.72.23:0] script '/domains/fayemoran/p.php' not found or unable to stat
[Tue Feb 24 00:05:21.366137 2026] [php:error] [pid 21396] [client 20.205.227.70:0] script '/domains/familyplayhouse2/about.php' not found or unable to stat
[Tue Feb 24 00:05:21.602790 2026] [php:error] [pid 21396] [client 20.205.227.70:0] script '/domains/familyplayhouse2/adminfuns.php' not found or unable to stat
[Tue Feb 24 00:05:21.727440 2026] [php:error] [pid 21403] [client 74.248.32.28:0] script '/domains/system_cancel/hu.php' not found or unable to stat
[Tue Feb 24 00:05:21.830641 2026] [php:error] [pid 21396] [client 20.205.227.70:0] script '/domains/familyplayhouse2/alfa.php' not found or unable to stat
[Tue Feb 24 00:05:21.831314 2026] [php:error] [pid 21403] [client 74.248.32.28:0] script '/domains/system_cancel/cm.php' not found or unable to stat
[Tue Feb 24 00:05:21.935424 2026] [php:error] [pid 21403] [client 74.248.32.28:0] script '/domains/system_cancel/rv.php' not found or unable to stat
[Tue Feb 24 00:05:22.057833 2026] [php:error] [pid 21396] [client 20.205.227.70:0] script '/domains/familyplayhouse2/asasx.php' not found or unable to stat
[Tue Feb 24 00:05:22.285125 2026] [php:error] [pid 21396] [client 20.205.227.70:0] script '/domains/familyplayhouse2/autoload_classmap.php' not found or unable to stat
[Tue Feb 24 00:05:22.318045 2026] [php:error] [pid 21407] [client 185.177.72.23:0] script '/domains/fayemoran/php.php' not found or unable to stat
[Tue Feb 24 00:05:22.406395 2026] [php:error] [pid 21407] [client 185.177.72.23:0] script '/domains/fayemoran/php1.php' not found or unable to stat
[Tue Feb 24 00:05:22.512610 2026] [php:error] [pid 21396] [client 20.205.227.70:0] script '/domains/familyplayhouse2/classwithtostring.php' not found or unable to stat
[Tue Feb 24 00:05:22.583061 2026] [php:error] [pid 21407] [client 185.177.72.23:0] script '/domains/fayemoran/php_info.php' not found or unable to stat
[Tue Feb 24 00:05:22.685823 2026] [php:error] [pid 21403] [client 74.248.32.28:0] script '/domains/system_cancel/em.php' not found or unable to stat
[Tue Feb 24 00:05:22.739764 2026] [php:error] [pid 21396] [client 20.205.227.70:0] script '/domains/familyplayhouse2/cong.php' not found or unable to stat
[Tue Feb 24 00:05:22.991496 2026] [php:error] [pid 21396] [client 20.205.227.70:0] script '/domains/familyplayhouse2/file2.php' not found or unable to stat
[Tue Feb 24 00:05:23.218569 2026] [php:error] [pid 21396] [client 20.205.227.70:0] script '/domains/familyplayhouse2/moon.php' not found or unable to stat
[Tue Feb 24 00:05:23.289875 2026] [php:error] [pid 21407] [client 185.177.72.23:0] script '/domains/fayemoran/phpinfo1.php' not found or unable to stat
[Tue Feb 24 00:05:23.378031 2026] [php:error] [pid 21407] [client 185.177.72.23:0] script '/domains/fayemoran/phpinfo2.php' not found or unable to stat
[Tue Feb 24 00:05:23.445717 2026] [php:error] [pid 21396] [client 20.205.227.70:0] script '/domains/familyplayhouse2/X57.php' not found or unable to stat
[Tue Feb 24 00:05:23.461022 2026] [php:error] [pid 21403] [client 74.248.32.28:0] script '/domains/system_cancel/cz.php' not found or unable to stat
[Tue Feb 24 00:05:23.466225 2026] [php:error] [pid 21407] [client 185.177.72.23:0] script '/domains/fayemoran/phpinfo3.php' not found or unable to stat
[Tue Feb 24 00:05:23.554886 2026] [php:error] [pid 21407] [client 185.177.72.23:0] script '/domains/fayemoran/phpinfo4.php' not found or unable to stat
[Tue Feb 24 00:05:23.643417 2026] [php:error] [pid 21407] [client 185.177.72.23:0] script '/domains/fayemoran/phpinfodev.php' not found or unable to stat
[Tue Feb 24 00:05:23.731977 2026] [php:error] [pid 21407] [client 185.177.72.23:0] script '/domains/fayemoran/phpinfos.php' not found or unable to stat
[Tue Feb 24 00:05:23.780945 2026] [php:error] [pid 21403] [client 74.248.32.28:0] script '/domains/system_cancel/ik.php' not found or unable to stat
[Tue Feb 24 00:05:24.085174 2026] [php:error] [pid 21407] [client 185.177.72.23:0] script '/domains/fayemoran/phpsysinfo.php' not found or unable to stat
[Tue Feb 24 00:05:24.093857 2026] [php:error] [pid 21390] [client 74.248.32.28:0] script '/domains/system_cancel/iu.php' not found or unable to stat
[Tue Feb 24 00:05:24.406415 2026] [php:error] [pid 21390] [client 74.248.32.28:0] script '/domains/system_cancel/mx.php' not found or unable to stat
[Tue Feb 24 00:05:24.437160 2026] [php:error] [pid 21407] [client 185.177.72.23:0] script '/domains/fayemoran/phptest.php' not found or unable to stat
[Tue Feb 24 00:05:24.508659 2026] [php:error] [pid 21390] [client 74.248.32.28:0] script '/domains/system_cancel/mq.php' not found or unable to stat
[Tue Feb 24 00:05:24.525253 2026] [php:error] [pid 21407] [client 185.177.72.23:0] script '/domains/fayemoran/phpversion.php' not found or unable to stat
[Tue Feb 24 00:05:24.808790 2026] [php:error] [pid 21396] [client 20.205.227.70:0] script '/domains/familyplayhouse2/wp-cron.php' not found or unable to stat
[Tue Feb 24 00:05:24.818825 2026] [php:error] [pid 21390] [client 74.248.32.28:0] script '/domains/system_cancel/en.php' not found or unable to stat
[Tue Feb 24 00:05:25.129456 2026] [php:error] [pid 21390] [client 74.248.32.28:0] script '/domains/system_cancel/re.php' not found or unable to stat
[Tue Feb 24 00:05:25.444148 2026] [php:error] [pid 21390] [client 74.248.32.28:0] script '/domains/system_cancel/df.php' not found or unable to stat
[Tue Feb 24 00:05:26.385023 2026] [php:error] [pid 21390] [client 74.248.32.28:0] script '/domains/system_cancel/ch.php' not found or unable to stat
[Tue Feb 24 00:05:26.698929 2026] [php:error] [pid 21403] [client 74.248.32.28:0] script '/domains/system_cancel/lj.php' not found or unable to stat
[Tue Feb 24 00:05:27.008548 2026] [php:error] [pid 21390] [client 74.248.32.28:0] script '/domains/system_cancel/lg.php' not found or unable to stat
[Tue Feb 24 00:05:27.113048 2026] [php:error] [pid 21390] [client 74.248.32.28:0] script '/domains/system_cancel/dj.php' not found or unable to stat
[Tue Feb 24 00:05:27.277631 2026] [php:error] [pid 21382] [client 185.177.72.23:0] script '/domains/fayemoran/q.php' not found or unable to stat
[Tue Feb 24 00:05:27.367694 2026] [php:error] [pid 21382] [client 185.177.72.23:0] script '/domains/fayemoran/qq.php' not found or unable to stat
[Tue Feb 24 00:05:27.630969 2026] [php:error] [pid 21403] [client 74.248.32.28:0] script '/domains/system_cancel/lp.php' not found or unable to stat
[Tue Feb 24 00:05:27.965157 2026] [php:error] [pid 21390] [client 74.248.32.28:0] script '/domains/system_cancel/mo.php' not found or unable to stat
[Tue Feb 24 00:05:28.684051 2026] [php:error] [pid 21390] [client 74.248.32.28:0] script '/domains/system_cancel/hg.php' not found or unable to stat
[Tue Feb 24 00:05:28.789044 2026] [php:error] [pid 21390] [client 74.248.32.28:0] script '/domains/system_cancel/rb.php' not found or unable to stat
[Tue Feb 24 00:05:29.098614 2026] [php:error] [pid 21390] [client 74.248.32.28:0] script '/domains/system_cancel/cs.php' not found or unable to stat
[Tue Feb 24 00:05:29.166543 2026] [php:error] [pid 21382] [client 185.177.72.23:0] script '/domains/fayemoran/rest.php' not found or unable to stat
[Tue Feb 24 00:05:29.211115 2026] [php:error] [pid 21390] [client 74.248.32.28:0] script '/domains/system_cancel/dm.php' not found or unable to stat
[Tue Feb 24 00:05:29.313801 2026] [php:error] [pid 21390] [client 74.248.32.28:0] script '/domains/system_cancel/lb.php' not found or unable to stat
