[Tue Feb 24 01:12:24.563213 2026] [php:error] [pid 22279] [client 20.203.129.217:0] script '/domains/system_default/bootstrap.php' not found or unable to stat
[Tue Feb 24 01:12:24.658473 2026] [php:error] [pid 22279] [client 20.203.129.217:0] script '/domains/system_default/num.php' not found or unable to stat
[Tue Feb 24 01:12:24.753883 2026] [php:error] [pid 22279] [client 20.203.129.217:0] script '/domains/system_default/ff.php' not found or unable to stat
[Tue Feb 24 01:12:24.787658 2026] [php:error] [pid 22284] [client 185.177.72.13:0] script '/domains/markrose/xdebug.php' not found or unable to stat
[Tue Feb 24 01:12:24.849677 2026] [php:error] [pid 22279] [client 20.203.129.217:0] script '/domains/system_default/t.php' not found or unable to stat
[Tue Feb 24 01:12:24.877691 2026] [php:error] [pid 22284] [client 185.177.72.13:0] script '/domains/markrose/xdebug_info.php' not found or unable to stat
[Tue Feb 24 01:12:24.950962 2026] [php:error] [pid 22279] [client 20.203.129.217:0] script '/domains/system_default/shlo.php' not found or unable to stat
[Tue Feb 24 01:12:25.050248 2026] [php:error] [pid 22279] [client 20.203.129.217:0] script '/domains/system_default/init.php' not found or unable to stat
[Tue Feb 24 01:12:25.145510 2026] [php:error] [pid 22279] [client 20.203.129.217:0] script '/domains/system_default/x.php' not found or unable to stat
[Tue Feb 24 01:12:25.242537 2026] [php:error] [pid 22279] [client 20.203.129.217:0] script '/domains/system_default/ws66.php' not found or unable to stat
[Tue Feb 24 01:12:25.337760 2026] [php:error] [pid 22279] [client 20.203.129.217:0] script '/domains/system_default/s.php' not found or unable to stat
[Tue Feb 24 01:12:25.432811 2026] [php:error] [pid 22279] [client 20.203.129.217:0] script '/domains/system_default/h02ugyh.php' not found or unable to stat
[Tue Feb 24 01:12:25.508924 2026] [php:error] [pid 22284] [client 185.177.72.13:0] script '/domains/markrose/test_socket.php' not found or unable to stat
[Tue Feb 24 01:12:25.527819 2026] [php:error] [pid 22279] [client 20.203.129.217:0] script '/domains/system_default/f35.php' not found or unable to stat
[Tue Feb 24 01:12:25.599190 2026] [php:error] [pid 22284] [client 185.177.72.13:0] script '/domains/markrose/testdb.php' not found or unable to stat
[Tue Feb 24 01:12:25.623252 2026] [php:error] [pid 22279] [client 20.203.129.217:0] script '/domains/system_default/a332.php' not found or unable to stat
[Tue Feb 24 01:12:25.718947 2026] [php:error] [pid 22279] [client 20.203.129.217:0] script '/domains/system_default/knmt.php' not found or unable to stat
[Tue Feb 24 01:12:25.814331 2026] [php:error] [pid 22279] [client 20.203.129.217:0] script '/domains/system_default/all.php' not found or unable to stat
[Tue Feb 24 01:12:25.909725 2026] [php:error] [pid 22279] [client 20.203.129.217:0] script '/domains/system_default/admin-footer.php' not found or unable to stat
[Tue Feb 24 01:12:25.959391 2026] [php:error] [pid 22284] [client 185.177.72.13:0] script '/domains/markrose/adminer-4.2.5-mysql-en.php' not found or unable to stat
[Tue Feb 24 01:12:26.011044 2026] [php:error] [pid 22279] [client 20.203.129.217:0] script '/domains/system_default/thui.php' not found or unable to stat
[Tue Feb 24 01:12:26.049416 2026] [php:error] [pid 22284] [client 185.177.72.13:0] script '/domains/markrose/phpmyadmin.php' not found or unable to stat
[Tue Feb 24 01:12:26.106403 2026] [php:error] [pid 22279] [client 20.203.129.217:0] script '/domains/system_default/inputs.php' not found or unable to stat
[Tue Feb 24 01:12:26.201768 2026] [php:error] [pid 22279] [client 20.203.129.217:0] script '/domains/system_default/tx64.php' not found or unable to stat
[Tue Feb 24 01:12:26.297835 2026] [php:error] [pid 22279] [client 20.203.129.217:0] script '/domains/system_default/zu.php' not found or unable to stat
[Tue Feb 24 01:12:26.320678 2026] [php:error] [pid 22284] [client 185.177.72.13:0] script '/domains/markrose/sql.php' not found or unable to stat
[Tue Feb 24 01:12:26.410392 2026] [php:error] [pid 22284] [client 185.177.72.13:0] script '/domains/markrose/sqladmin.php' not found or unable to stat
[Tue Feb 24 01:12:26.489450 2026] [php:error] [pid 22279] [client 20.203.129.217:0] script '/domains/system_default/ioxi-o.php' not found or unable to stat
[Tue Feb 24 01:12:26.500158 2026] [php:error] [pid 22284] [client 185.177.72.13:0] script '/domains/markrose/dbadmin.php' not found or unable to stat
[Tue Feb 24 01:12:26.590288 2026] [php:error] [pid 22284] [client 185.177.72.13:0] script '/domains/markrose/phpminiadmin.php' not found or unable to stat
[Tue Feb 24 01:12:26.592258 2026] [php:error] [pid 22279] [client 20.203.129.217:0] script '/domains/system_default/0x.php' not found or unable to stat
[Tue Feb 24 01:12:26.680507 2026] [php:error] [pid 22284] [client 185.177.72.13:0] script '/domains/markrose/mysqladmin.php' not found or unable to stat
[Tue Feb 24 01:12:26.687422 2026] [php:error] [pid 22279] [client 20.203.129.217:0] script '/domains/system_default/x3x.php' not found or unable to stat
[Tue Feb 24 01:12:26.798456 2026] [php:error] [pid 22279] [client 20.203.129.217:0] script '/domains/system_default/cytyr.php' not found or unable to stat
[Tue Feb 24 01:12:26.901558 2026] [php:error] [pid 22279] [client 20.203.129.217:0] script '/domains/system_default/666.php' not found or unable to stat
[Tue Feb 24 01:12:27.002194 2026] [php:error] [pid 22279] [client 20.203.129.217:0] script '/domains/system_default/gettest.php' not found or unable to stat
[Tue Feb 24 01:12:27.105132 2026] [php:error] [pid 22279] [client 20.203.129.217:0] script '/domains/system_default/black.php' not found or unable to stat
[Tue Feb 24 01:12:27.200244 2026] [php:error] [pid 22279] [client 20.203.129.217:0] script '/domains/system_default/users.php' not found or unable to stat
[Tue Feb 24 01:12:27.297614 2026] [php:error] [pid 22279] [client 20.203.129.217:0] script '/domains/system_default/ak.php' not found or unable to stat
[Tue Feb 24 01:12:27.406894 2026] [php:error] [pid 22279] [client 20.203.129.217:0] script '/domains/system_default/ioxi.php' not found or unable to stat
[Tue Feb 24 01:12:27.501953 2026] [php:error] [pid 22279] [client 20.203.129.217:0] script '/domains/system_default/wp-blogs.php' not found or unable to stat
[Tue Feb 24 01:12:27.597427 2026] [php:error] [pid 22279] [client 20.203.129.217:0] script '/domains/system_default/wen.php' not found or unable to stat
[Tue Feb 24 01:12:27.692393 2026] [php:error] [pid 22279] [client 20.203.129.217:0] script '/domains/system_default/gfd.php' not found or unable to stat
[Tue Feb 24 01:12:27.799771 2026] [php:error] [pid 22279] [client 20.203.129.217:0] script '/domains/system_default/a4.php' not found or unable to stat
[Tue Feb 24 01:12:27.895217 2026] [php:error] [pid 22279] [client 20.203.129.217:0] script '/domains/system_default/h2a2ck.php' not found or unable to stat
[Tue Feb 24 01:12:28.085857 2026] [php:error] [pid 22279] [client 20.203.129.217:0] script '/domains/system_default/35.php' not found or unable to stat
[Tue Feb 24 01:12:28.180943 2026] [php:error] [pid 22279] [client 20.203.129.217:0] script '/domains/system_default/maraz.php' not found or unable to stat
[Tue Feb 24 01:12:28.279818 2026] [php:error] [pid 22279] [client 20.203.129.217:0] script '/domains/system_default/vx.php' not found or unable to stat
[Tue Feb 24 01:12:28.378179 2026] [php:error] [pid 22279] [client 20.203.129.217:0] script '/domains/system_default/bnm.php' not found or unable to stat
[Tue Feb 24 01:12:28.460238 2026] [php:error] [pid 22280] [client 185.177.72.13:0] script '/domains/markrose/wp-config-sample.php' not found or unable to stat
[Tue Feb 24 01:12:28.473309 2026] [php:error] [pid 22279] [client 20.203.129.217:0] script '/domains/system_default/222.php' not found or unable to stat
[Tue Feb 24 01:12:28.574045 2026] [php:error] [pid 22279] [client 20.203.129.217:0] script '/domains/system_default/core.php' not found or unable to stat
[Tue Feb 24 01:12:28.670543 2026] [php:error] [pid 22279] [client 20.203.129.217:0] script '/domains/system_default/06.php' not found or unable to stat
[Tue Feb 24 01:12:28.770494 2026] [php:error] [pid 22279] [client 20.203.129.217:0] script '/domains/system_default/xs.php' not found or unable to stat
[Tue Feb 24 01:12:28.866178 2026] [php:error] [pid 22279] [client 20.203.129.217:0] script '/domains/system_default/ws67.php' not found or unable to stat
[Tue Feb 24 01:12:28.962284 2026] [php:error] [pid 22279] [client 20.203.129.217:0] script '/domains/system_default/ww.php' not found or unable to stat
[Tue Feb 24 01:12:29.065398 2026] [php:error] [pid 22279] [client 20.203.129.217:0] script '/domains/system_default/securepassword.php' not found or unable to stat
[Tue Feb 24 01:12:29.080196 2026] [authz_core:error] [pid 22280] [client 185.177.72.13:0] AH01630: client denied by server configuration: /domains/markrose/.htpasswd
[Tue Feb 24 01:12:29.160843 2026] [php:error] [pid 22279] [client 20.203.129.217:0] script '/domains/system_default/aaa.php' not found or unable to stat
[Tue Feb 24 01:12:29.255999 2026] [php:error] [pid 22279] [client 20.203.129.217:0] script '/domains/system_default/bolt.php' not found or unable to stat
[Tue Feb 24 01:12:29.355887 2026] [php:error] [pid 22279] [client 20.203.129.217:0] script '/domains/system_default/wp-style.php' not found or unable to stat
[Tue Feb 24 01:12:29.451165 2026] [php:error] [pid 22279] [client 20.203.129.217:0] script '/domains/system_default/lanka.php' not found or unable to stat
[Tue Feb 24 01:12:29.554474 2026] [php:error] [pid 22279] [client 20.203.129.217:0] script '/domains/system_default/admin.php' not found or unable to stat
[Tue Feb 24 01:12:29.745143 2026] [php:error] [pid 22279] [client 20.203.129.217:0] script '/domains/system_default/ws69.php' not found or unable to stat
[Tue Feb 24 01:12:29.840553 2026] [php:error] [pid 22279] [client 20.203.129.217:0] script '/domains/system_default/w1px.php' not found or unable to stat
[Tue Feb 24 01:12:29.935794 2026] [php:error] [pid 22279] [client 20.203.129.217:0] script '/domains/system_default/rtx.php' not found or unable to stat
[Tue Feb 24 01:12:30.034886 2026] [php:error] [pid 22279] [client 20.203.129.217:0] script '/domains/system_default/elp.php' not found or unable to stat
[Tue Feb 24 01:12:30.130507 2026] [php:error] [pid 22279] [client 20.203.129.217:0] script '/domains/system_default/24.php' not found or unable to stat
[Tue Feb 24 01:12:30.226431 2026] [php:error] [pid 22279] [client 20.203.129.217:0] script '/domains/system_default/akhvg.php' not found or unable to stat
[Tue Feb 24 01:12:30.323832 2026] [php:error] [pid 22279] [client 20.203.129.217:0] script '/domains/system_default/jga.php' not found or unable to stat
[Tue Feb 24 01:12:30.419144 2026] [php:error] [pid 22279] [client 20.203.129.217:0] script '/domains/system_default/8xyz.php' not found or unable to stat
[Tue Feb 24 01:12:30.514187 2026] [php:error] [pid 22279] [client 20.203.129.217:0] script '/domains/system_default/zxekqlxb.php' not found or unable to stat
[Tue Feb 24 01:12:30.609559 2026] [php:error] [pid 22279] [client 20.203.129.217:0] script '/domains/system_default/lib.php' not found or unable to stat
[Tue Feb 24 01:12:30.704949 2026] [php:error] [pid 22279] [client 20.203.129.217:0] script '/domains/system_default/xsox.php' not found or unable to stat
[Tue Feb 24 01:12:30.800956 2026] [php:error] [pid 22279] [client 20.203.129.217:0] script '/domains/system_default/jnhddqyz.php' not found or unable to stat
[Tue Feb 24 01:12:30.896113 2026] [php:error] [pid 22279] [client 20.203.129.217:0] script '/domains/system_default/asax.php' not found or unable to stat
[Tue Feb 24 01:12:30.992407 2026] [php:error] [pid 22279] [client 20.203.129.217:0] script '/domains/system_default/fresh3.php' not found or unable to stat
[Tue Feb 24 01:12:31.092346 2026] [php:error] [pid 22279] [client 20.203.129.217:0] script '/domains/system_default/13ede.php' not found or unable to stat
[Tue Feb 24 01:12:31.187601 2026] [php:error] [pid 22279] [client 20.203.129.217:0] script '/domains/system_default/wp-p2r3q9c8k4.php' not found or unable to stat
[Tue Feb 24 01:12:31.282650 2026] [php:error] [pid 22279] [client 20.203.129.217:0] script '/domains/system_default/mar.php' not found or unable to stat
[Tue Feb 24 01:12:31.380274 2026] [php:error] [pid 22279] [client 20.203.129.217:0] script '/domains/system_default/Geforce.php' not found or unable to stat
[Tue Feb 24 01:12:31.475569 2026] [php:error] [pid 22279] [client 20.203.129.217:0] script '/domains/system_default/file.php' not found or unable to stat
[Tue Feb 24 01:12:31.570775 2026] [php:error] [pid 22279] [client 20.203.129.217:0] script '/domains/system_default/403.php' not found or unable to stat
[Tue Feb 24 01:12:31.666107 2026] [php:error] [pid 22279] [client 20.203.129.217:0] script '/domains/system_default/0byte.php' not found or unable to stat
[Tue Feb 24 01:12:31.761180 2026] [php:error] [pid 22279] [client 20.203.129.217:0] script '/domains/system_default/to.php' not found or unable to stat
[Tue Feb 24 01:12:31.861847 2026] [php:error] [pid 22279] [client 20.203.129.217:0] script '/domains/system_default/wefile.php' not found or unable to stat
[Tue Feb 24 01:12:31.957639 2026] [php:error] [pid 22279] [client 20.203.129.217:0] script '/domains/system_default/cgi-bin_bkp.php' not found or unable to stat
[Tue Feb 24 01:12:32.148473 2026] [php:error] [pid 22279] [client 20.203.129.217:0] script '/domains/system_default/click.php' not found or unable to stat
[Tue Feb 24 01:12:32.244297 2026] [php:error] [pid 22279] [client 20.203.129.217:0] script '/domains/system_default/assacc.php' not found or unable to stat
[Tue Feb 24 01:12:32.340632 2026] [php:error] [pid 22279] [client 20.203.129.217:0] script '/domains/system_default/xy.php' not found or unable to stat
[Tue Feb 24 01:12:32.436098 2026] [php:error] [pid 22279] [client 20.203.129.217:0] script '/domains/system_default/0x0x.php' not found or unable to stat
[Tue Feb 24 01:12:32.531251 2026] [php:error] [pid 22279] [client 20.203.129.217:0] script '/domains/system_default/gdn.php' not found or unable to stat
[Tue Feb 24 01:12:32.626331 2026] [php:error] [pid 22279] [client 20.203.129.217:0] script '/domains/system_default/f2.php' not found or unable to stat
[Tue Feb 24 01:12:32.721458 2026] [php:error] [pid 22279] [client 20.203.129.217:0] script '/domains/system_default/RIP.php' not found or unable to stat
[Tue Feb 24 01:12:32.792148 2026] [php:error] [pid 22280] [client 185.177.72.13:0] script '/domains/markrose/install.php' not found or unable to stat
[Tue Feb 24 01:12:32.817019 2026] [php:error] [pid 22279] [client 20.203.129.217:0] script '/domains/system_default/logs.php' not found or unable to stat
[Tue Feb 24 01:12:32.880511 2026] [php:error] [pid 22280] [client 185.177.72.13:0] script '/domains/markrose/setup.php' not found or unable to stat
[Tue Feb 24 01:12:32.912660 2026] [php:error] [pid 22279] [client 20.203.129.217:0] script '/domains/system_default/R57.php' not found or unable to stat
[Tue Feb 24 01:12:32.969517 2026] [php:error] [pid 22280] [client 185.177.72.13:0] script '/domains/markrose/setup-config.php' not found or unable to stat
[Tue Feb 24 01:12:33.007917 2026] [php:error] [pid 22279] [client 20.203.129.217:0] script '/domains/system_default/amp.php' not found or unable to stat
[Tue Feb 24 01:12:33.103212 2026] [php:error] [pid 22279] [client 20.203.129.217:0] script '/domains/system_default/mini.php' not found or unable to stat
[Tue Feb 24 01:12:33.145643 2026] [php:error] [pid 22280] [client 185.177.72.13:0] script '/domains/markrose/app_dev.php' not found or unable to stat
[Tue Feb 24 01:12:33.198348 2026] [php:error] [pid 22279] [client 20.203.129.217:0] script '/domains/system_default/browse.php' not found or unable to stat
[Tue Feb 24 01:12:33.233751 2026] [php:error] [pid 22280] [client 185.177.72.13:0] script '/domains/markrose/config_dev.php' not found or unable to stat
[Tue Feb 24 01:12:33.294495 2026] [php:error] [pid 22279] [client 20.203.129.217:0] script '/domains/system_default/ms.php' not found or unable to stat
[Tue Feb 24 01:12:33.321923 2026] [php:error] [pid 22280] [client 185.177.72.13:0] script '/domains/markrose/index-dev.php' not found or unable to stat
[Tue Feb 24 01:12:33.390178 2026] [php:error] [pid 22279] [client 20.203.129.217:0] script '/domains/system_default/wp-scr1pts.php' not found or unable to stat
[Tue Feb 24 01:12:33.411167 2026] [php:error] [pid 22280] [client 185.177.72.13:0] script '/domains/markrose/index-test.php' not found or unable to stat
[Tue Feb 24 01:12:33.485571 2026] [php:error] [pid 22279] [client 20.203.129.217:0] script '/domains/system_default/inc.php' not found or unable to stat
[Tue Feb 24 01:12:33.580546 2026] [php:error] [pid 22279] [client 20.203.129.217:0] script '/domains/system_default/aboutc.php' not found or unable to stat
[Tue Feb 24 01:12:33.675882 2026] [php:error] [pid 22279] [client 20.203.129.217:0] script '/domains/system_default/inege.php' not found or unable to stat
[Tue Feb 24 01:12:33.764746 2026] [php:error] [pid 22280] [client 185.177.72.13:0] script '/domains/markrose/maintenance.php' not found or unable to stat
[Tue Feb 24 01:12:33.771822 2026] [php:error] [pid 22279] [client 20.203.129.217:0] script '/domains/system_default/error_log.php' not found or unable to stat
[Tue Feb 24 01:12:33.867296 2026] [php:error] [pid 22279] [client 20.203.129.217:0] script '/domains/system_default/ff1.php' not found or unable to stat
[Tue Feb 24 01:12:34.073187 2026] [php:error] [pid 22284] [client 20.203.129.217:0] script '/domains/system_default/sid3.php' not found or unable to stat
[Tue Feb 24 01:12:34.175087 2026] [php:error] [pid 22284] [client 20.203.129.217:0] script '/domains/system_default/ccs.php' not found or unable to stat
[Tue Feb 24 01:12:34.276757 2026] [php:error] [pid 22284] [client 20.203.129.217:0] script '/domains/system_default/fs.php' not found or unable to stat
[Tue Feb 24 01:12:34.378452 2026] [php:error] [pid 22284] [client 20.203.129.217:0] script '/domains/system_default/bgymj.php' not found or unable to stat
[Tue Feb 24 01:12:34.473066 2026] [php:error] [pid 22280] [client 185.177.72.13:0] script '/domains/markrose/upgrade.php' not found or unable to stat
[Tue Feb 24 01:12:34.480163 2026] [php:error] [pid 22284] [client 20.203.129.217:0] script '/domains/system_default/class.php' not found or unable to stat
[Tue Feb 24 01:12:34.581672 2026] [php:error] [pid 22284] [client 20.203.129.217:0] script '/domains/system_default/ckk.php' not found or unable to stat
[Tue Feb 24 01:12:34.650512 2026] [php:error] [pid 22280] [client 185.177.72.13:0] script '/domains/markrose/upgrader.php' not found or unable to stat
[Tue Feb 24 01:12:34.692733 2026] [php:error] [pid 22284] [client 20.203.129.217:0] script '/domains/system_default/global.php' not found or unable to stat
[Tue Feb 24 01:12:34.738781 2026] [php:error] [pid 22280] [client 185.177.72.13:0] script '/domains/markrose/migrate.php' not found or unable to stat
[Tue Feb 24 01:12:34.794028 2026] [php:error] [pid 22284] [client 20.203.129.217:0] script '/domains/system_default/ioxi.php' not found or unable to stat
[Tue Feb 24 01:12:34.826886 2026] [php:error] [pid 22280] [client 185.177.72.13:0] script '/domains/markrose/migration.php' not found or unable to stat
[Tue Feb 24 01:12:34.899138 2026] [php:error] [pid 22284] [client 20.203.129.217:0] script '/domains/system_default/logs1.php' not found or unable to stat
[Tue Feb 24 01:12:34.915116 2026] [php:error] [pid 22280] [client 185.177.72.13:0] script '/domains/markrose/console.php' not found or unable to stat
[Tue Feb 24 01:12:35.006771 2026] [php:error] [pid 22284] [client 20.203.129.217:0] script '/domains/system_default/erty.php' not found or unable to stat
[Tue Feb 24 01:12:35.112708 2026] [php:error] [pid 22284] [client 20.203.129.217:0] script '/domains/system_default/inputs.php' not found or unable to stat
[Tue Feb 24 01:12:35.216469 2026] [php:error] [pid 22284] [client 20.203.129.217:0] script '/domains/system_default/Jcrop.php' not found or unable to stat
[Tue Feb 24 01:12:35.318136 2026] [php:error] [pid 22284] [client 20.203.129.217:0] script '/domains/system_default/balin.php' not found or unable to stat
[Tue Feb 24 01:12:35.420154 2026] [php:error] [pid 22284] [client 20.203.129.217:0] script '/domains/system_default/atomlib.php' not found or unable to stat
[Tue Feb 24 01:12:35.522806 2026] [php:error] [pid 22284] [client 20.203.129.217:0] script '/domains/system_default/gk.php' not found or unable to stat
[Tue Feb 24 01:12:35.624401 2026] [php:error] [pid 22284] [client 20.203.129.217:0] script '/domains/system_default/wp-act.php' not found or unable to stat
[Tue Feb 24 01:12:35.728666 2026] [php:error] [pid 22284] [client 20.203.129.217:0] script '/domains/system_default/tool.php' not found or unable to stat
[Tue Feb 24 01:12:35.830387 2026] [php:error] [pid 22284] [client 20.203.129.217:0] script '/domains/system_default/mcs.php' not found or unable to stat
[Tue Feb 24 01:12:35.934820 2026] [php:error] [pid 22284] [client 20.203.129.217:0] script '/domains/system_default/motu.php' not found or unable to stat
[Tue Feb 24 01:12:36.036673 2026] [php:error] [pid 22284] [client 20.203.129.217:0] script '/domains/system_default/easy.php' not found or unable to stat
[Tue Feb 24 01:12:36.138061 2026] [php:error] [pid 22284] [client 20.203.129.217:0] script '/domains/system_default/ava.php' not found or unable to stat
[Tue Feb 24 01:12:36.247003 2026] [php:error] [pid 22284] [client 20.203.129.217:0] script '/domains/system_default/s1.php' not found or unable to stat
[Tue Feb 24 01:12:36.350716 2026] [php:error] [pid 22284] [client 20.203.129.217:0] script '/domains/system_default/baixy.php' not found or unable to stat
[Tue Feb 24 01:12:36.452260 2026] [php:error] [pid 22284] [client 20.203.129.217:0] script '/domains/system_default/kbfr.php' not found or unable to stat
[Tue Feb 24 01:12:36.554530 2026] [php:error] [pid 22284] [client 20.203.129.217:0] script '/domains/system_default/Ov-Simple1.php' not found or unable to stat
[Tue Feb 24 01:12:36.656091 2026] [php:error] [pid 22284] [client 20.203.129.217:0] script '/domains/system_default/ws58.php' not found or unable to stat
[Tue Feb 24 01:12:36.758517 2026] [php:error] [pid 22284] [client 20.203.129.217:0] script '/domains/system_default/edit.php' not found or unable to stat
[Tue Feb 24 01:12:36.770771 2026] [php:error] [pid 22289] [client 185.177.72.13:0] script '/domains/markrose/example-config.php' not found or unable to stat
[Tue Feb 24 01:12:36.859121 2026] [php:error] [pid 22289] [client 185.177.72.13:0] script '/domains/markrose/sample-config.php' not found or unable to stat
[Tue Feb 24 01:12:36.860251 2026] [php:error] [pid 22284] [client 20.203.129.217:0] script '/domains/system_default/xxw.php' not found or unable to stat
[Tue Feb 24 01:12:36.962128 2026] [php:error] [pid 22284] [client 20.203.129.217:0] script '/domains/system_default/ws68.php' not found or unable to stat
[Tue Feb 24 01:12:37.063583 2026] [php:error] [pid 22284] [client 20.203.129.217:0] script '/domains/system_default/xr.php' not found or unable to stat
[Tue Feb 24 01:12:37.165624 2026] [php:error] [pid 22284] [client 20.203.129.217:0] script '/domains/system_default/tfm.php' not found or unable to stat
[Tue Feb 24 01:12:37.270340 2026] [php:error] [pid 22284] [client 20.203.129.217:0] script '/domains/system_default/wp-link10.php' not found or unable to stat
[Tue Feb 24 01:12:37.372314 2026] [php:error] [pid 22284] [client 20.203.129.217:0] script '/domains/system_default/galer.php' not found or unable to stat
[Tue Feb 24 01:12:37.477207 2026] [php:error] [pid 22284] [client 20.203.129.217:0] script '/domains/system_default/export.php' not found or unable to stat
[Tue Feb 24 01:12:37.578912 2026] [php:error] [pid 22284] [client 20.203.129.217:0] script '/domains/system_default/abc.php' not found or unable to stat
[Tue Feb 24 01:12:37.697138 2026] [php:error] [pid 22284] [client 20.203.129.217:0] script '/domains/system_default/eursi.php' not found or unable to stat
[Tue Feb 24 01:12:37.799478 2026] [php:error] [pid 22284] [client 20.203.129.217:0] script '/domains/system_default/t00l.php' not found or unable to stat
[Tue Feb 24 01:12:37.900962 2026] [php:error] [pid 22284] [client 20.203.129.217:0] script '/domains/system_default/ccu.php' not found or unable to stat
[Tue Feb 24 01:12:38.002827 2026] [php:error] [pid 22284] [client 20.203.129.217:0] script '/domains/system_default/lkui.php' not found or unable to stat
[Tue Feb 24 01:12:38.104386 2026] [php:error] [pid 22284] [client 20.203.129.217:0] script '/domains/system_default/zoo.php' not found or unable to stat
[Tue Feb 24 01:12:38.206110 2026] [php:error] [pid 22284] [client 20.203.129.217:0] script '/domains/system_default/fetch.php' not found or unable to stat
[Tue Feb 24 01:12:38.308812 2026] [php:error] [pid 22284] [client 20.203.129.217:0] script '/domains/system_default/bzjdlofz.php' not found or unable to stat
[Tue Feb 24 01:12:38.410901 2026] [php:error] [pid 22284] [client 20.203.129.217:0] script '/domains/system_default/sbhu.php' not found or unable to stat
[Tue Feb 24 01:12:38.513174 2026] [php:error] [pid 22284] [client 20.203.129.217:0] script '/domains/system_default/8.php' not found or unable to stat
[Tue Feb 24 01:12:38.716377 2026] [php:error] [pid 22284] [client 20.203.129.217:0] script '/domains/system_default/66.php' not found or unable to stat
[Tue Feb 24 01:12:38.818600 2026] [php:error] [pid 22284] [client 20.203.129.217:0] script '/domains/system_default/term.php' not found or unable to stat
[Tue Feb 24 01:12:38.920632 2026] [php:error] [pid 22284] [client 20.203.129.217:0] script '/domains/system_default/155.php' not found or unable to stat
[Tue Feb 24 01:12:39.024171 2026] [php:error] [pid 22284] [client 20.203.129.217:0] script '/domains/system_default/6bcwiqwj.php' not found or unable to stat
[Tue Feb 24 01:12:39.126990 2026] [php:error] [pid 22284] [client 20.203.129.217:0] script '/domains/system_default/166.php' not found or unable to stat
[Tue Feb 24 01:12:39.228522 2026] [php:error] [pid 22284] [client 20.203.129.217:0] script '/domains/system_default/0x19493QU8ZQ.php' not found or unable to stat
[Tue Feb 24 01:12:39.329916 2026] [php:error] [pid 22284] [client 20.203.129.217:0] script '/domains/system_default/ws65.php' not found or unable to stat
[Tue Feb 24 01:12:39.431234 2026] [php:error] [pid 22284] [client 20.203.129.217:0] script '/domains/system_default/nZILpby53HV.php' not found or unable to stat
[Tue Feb 24 01:12:39.532850 2026] [php:error] [pid 22284] [client 20.203.129.217:0] script '/domains/system_default/wy2WOGSBPzj.php' not found or unable to stat
[Tue Feb 24 01:12:39.634972 2026] [php:error] [pid 22284] [client 20.203.129.217:0] script '/domains/system_default/VKcrnlSpuC2.php' not found or unable to stat
[Tue Feb 24 01:12:45.041782 2026] [php:error] [pid 22283] [client 20.100.198.130:0] script '/domains/nmksgroupweb/166.php' not found or unable to stat
[Tue Feb 24 01:12:45.136281 2026] [php:error] [pid 22283] [client 20.100.198.130:0] script '/domains/nmksgroupweb/2026.php' not found or unable to stat
[Tue Feb 24 01:12:45.230298 2026] [php:error] [pid 22283] [client 20.100.198.130:0] script '/domains/nmksgroupweb/muzu.php' not found or unable to stat
[Tue Feb 24 01:12:45.324595 2026] [php:error] [pid 22283] [client 20.100.198.130:0] script '/domains/nmksgroupweb/reze.php' not found or unable to stat
[Tue Feb 24 01:12:45.419349 2026] [php:error] [pid 22283] [client 20.100.198.130:0] script '/domains/nmksgroupweb/jsond.php' not found or unable to stat
[Tue Feb 24 01:12:45.513754 2026] [php:error] [pid 22283] [client 20.100.198.130:0] script '/domains/nmksgroupweb/x7.php' not found or unable to stat
[Tue Feb 24 01:12:45.607862 2026] [php:error] [pid 22283] [client 20.100.198.130:0] script '/domains/nmksgroupweb/bgymj.php' not found or unable to stat
[Tue Feb 24 01:12:45.702007 2026] [php:error] [pid 22283] [client 20.100.198.130:0] script '/domains/nmksgroupweb/lala.php' not found or unable to stat
[Tue Feb 24 01:12:45.796390 2026] [php:error] [pid 22283] [client 20.100.198.130:0] script '/domains/nmksgroupweb/8xyz.php' not found or unable to stat
[Tue Feb 24 01:12:45.890984 2026] [php:error] [pid 22283] [client 20.100.198.130:0] script '/domains/nmksgroupweb/wsd.php' not found or unable to stat
[Tue Feb 24 01:12:46.079632 2026] [php:error] [pid 22283] [client 20.100.198.130:0] script '/domains/nmksgroupweb/la.php' not found or unable to stat
[Tue Feb 24 01:12:46.173774 2026] [php:error] [pid 22283] [client 20.100.198.130:0] script '/domains/nmksgroupweb/Wp-good.php' not found or unable to stat
[Tue Feb 24 01:12:46.267899 2026] [php:error] [pid 22283] [client 20.100.198.130:0] script '/domains/nmksgroupweb/tphp.php' not found or unable to stat
[Tue Feb 24 01:12:46.362043 2026] [php:error] [pid 22283] [client 20.100.198.130:0] script '/domains/nmksgroupweb/a1.php' not found or unable to stat
[Tue Feb 24 01:12:46.377420 2026] [php:error] [pid 22279] [client 20.104.114.39:0] script '/domains/bels/class-t.api.php' not found or unable to stat
[Tue Feb 24 01:12:46.456218 2026] [php:error] [pid 22283] [client 20.100.198.130:0] script '/domains/nmksgroupweb/nyan.php' not found or unable to stat
[Tue Feb 24 01:12:46.550316 2026] [php:error] [pid 22283] [client 20.100.198.130:0] script '/domains/nmksgroupweb/autoload_classmap.php' not found or unable to stat
[Tue Feb 24 01:12:46.644599 2026] [php:error] [pid 22283] [client 20.100.198.130:0] script '/domains/nmksgroupweb/alfa.php' not found or unable to stat
[Tue Feb 24 01:12:46.692658 2026] [php:error] [pid 22279] [client 20.104.114.39:0] script '/domains/bels/zwso.php' not found or unable to stat
[Tue Feb 24 01:12:46.739600 2026] [php:error] [pid 22279] [client 20.104.114.39:0] script '/domains/bels/class19.php' not found or unable to stat
[Tue Feb 24 01:12:46.763965 2026] [php:error] [pid 22279] [client 20.104.114.39:0] script '/domains/bels/class20.php' not found or unable to stat
[Tue Feb 24 01:12:46.787418 2026] [php:error] [pid 22279] [client 20.104.114.39:0] script '/domains/bels/admin.php' not found or unable to stat
[Tue Feb 24 01:12:46.810918 2026] [php:error] [pid 22279] [client 20.104.114.39:0] script '/domains/bels/randkeyword.php' not found or unable to stat
[Tue Feb 24 01:12:46.832946 2026] [php:error] [pid 22283] [client 20.100.198.130:0] script '/domains/nmksgroupweb/luxe.php' not found or unable to stat
[Tue Feb 24 01:12:46.836840 2026] [php:error] [pid 22279] [client 20.104.114.39:0] script '/domains/bels/fwe.php' not found or unable to stat
[Tue Feb 24 01:12:46.904696 2026] [php:error] [pid 22279] [client 20.104.114.39:0] script '/domains/bels/g.php' not found or unable to stat
[Tue Feb 24 01:12:46.930416 2026] [php:error] [pid 22279] [client 20.104.114.39:0] script '/domains/bels/tx1.php' not found or unable to stat
[Tue Feb 24 01:12:46.953625 2026] [php:error] [pid 22279] [client 20.104.114.39:0] script '/domains/bels/xv.php' not found or unable to stat
[Tue Feb 24 01:12:46.996342 2026] [php:error] [pid 22279] [client 20.104.114.39:0] script '/domains/bels/x56.php' not found or unable to stat
[Tue Feb 24 01:12:47.021449 2026] [php:error] [pid 22283] [client 20.100.198.130:0] script '/domains/nmksgroupweb/rezor.php' not found or unable to stat
[Tue Feb 24 01:12:47.021478 2026] [php:error] [pid 22279] [client 20.104.114.39:0] script '/domains/bels/htaccess.php' not found or unable to stat
[Tue Feb 24 01:12:47.053724 2026] [php:error] [pid 22279] [client 20.104.114.39:0] script '/domains/bels/readme.php' not found or unable to stat
[Tue Feb 24 01:12:47.082339 2026] [php:error] [pid 22279] [client 20.104.114.39:0] script '/domains/bels/x50.php' not found or unable to stat
[Tue Feb 24 01:12:47.105923 2026] [php:error] [pid 22279] [client 20.104.114.39:0] script '/domains/bels/fv.php' not found or unable to stat
[Tue Feb 24 01:12:47.115676 2026] [php:error] [pid 22283] [client 20.100.198.130:0] script '/domains/nmksgroupweb/doc.php' not found or unable to stat
[Tue Feb 24 01:12:47.129167 2026] [php:error] [pid 22279] [client 20.104.114.39:0] script '/domains/bels/file.php' not found or unable to stat
[Tue Feb 24 01:12:47.152369 2026] [php:error] [pid 22279] [client 20.104.114.39:0] script '/domains/bels/lsd.php' not found or unable to stat
[Tue Feb 24 01:12:47.175509 2026] [php:error] [pid 22279] [client 20.104.114.39:0] script '/domains/bels/as.php' not found or unable to stat
[Tue Feb 24 01:12:47.202588 2026] [php:error] [pid 22279] [client 20.104.114.39:0] script '/domains/bels/wsd.php' not found or unable to stat
[Tue Feb 24 01:12:47.252730 2026] [php:error] [pid 22279] [client 20.104.114.39:0] script '/domains/bels/gtc.php' not found or unable to stat
[Tue Feb 24 01:12:47.282346 2026] [php:error] [pid 22279] [client 20.104.114.39:0] script '/domains/bels/atx.php' not found or unable to stat
[Tue Feb 24 01:12:47.315622 2026] [php:error] [pid 22279] [client 20.104.114.39:0] script '/domains/bels/z60.php' not found or unable to stat
[Tue Feb 24 01:12:47.339994 2026] [php:error] [pid 22279] [client 20.104.114.39:0] script '/domains/bels/403.php' not found or unable to stat
[Tue Feb 24 01:12:47.363373 2026] [php:error] [pid 22279] [client 20.104.114.39:0] script '/domains/bels/m.php' not found or unable to stat
[Tue Feb 24 01:12:47.395278 2026] [php:error] [pid 22279] [client 20.104.114.39:0] script '/domains/bels/themes.php' not found or unable to stat
[Tue Feb 24 01:12:47.400116 2026] [php:error] [pid 22283] [client 20.100.198.130:0] script '/domains/nmksgroupweb/install.php' not found or unable to stat
[Tue Feb 24 01:12:47.535804 2026] [php:error] [pid 22279] [client 20.104.114.39:0] script '/domains/bels/click.php' not found or unable to stat
[Tue Feb 24 01:12:47.559288 2026] [php:error] [pid 22279] [client 20.104.114.39:0] script '/domains/bels/install.php' not found or unable to stat
[Tue Feb 24 01:12:47.583388 2026] [php:error] [pid 22279] [client 20.104.114.39:0] script '/domains/bels/lv.php' not found or unable to stat
[Tue Feb 24 01:12:47.588797 2026] [php:error] [pid 22283] [client 20.100.198.130:0] script '/domains/nmksgroupweb/sto.php' not found or unable to stat
[Tue Feb 24 01:12:47.630446 2026] [php:error] [pid 22279] [client 20.104.114.39:0] script '/domains/bels/simple.php' not found or unable to stat
[Tue Feb 24 01:12:47.664116 2026] [php:error] [pid 22279] [client 20.104.114.39:0] script '/domains/bels/css.php' not found or unable to stat
[Tue Feb 24 01:12:47.683136 2026] [php:error] [pid 22283] [client 20.100.198.130:0] script '/domains/nmksgroupweb/x.php' not found or unable to stat
[Tue Feb 24 01:12:47.687296 2026] [php:error] [pid 22279] [client 20.104.114.39:0] script '/domains/bels/cong.php' not found or unable to stat
[Tue Feb 24 01:12:47.778379 2026] [php:error] [pid 22283] [client 20.100.198.130:0] script '/domains/nmksgroupweb/test.php' not found or unable to stat
[Tue Feb 24 01:12:47.966885 2026] [php:error] [pid 22283] [client 20.100.198.130:0] script '/domains/nmksgroupweb/n3.php' not found or unable to stat
[Tue Feb 24 01:12:48.155649 2026] [php:error] [pid 22283] [client 20.100.198.130:0] script '/domains/nmksgroupweb/o.php' not found or unable to stat
[Tue Feb 24 01:12:48.228870 2026] [php:error] [pid 22279] [client 20.104.114.39:0] script '/domains/bels/cong.php' not found or unable to stat
[Tue Feb 24 01:12:48.279148 2026] [php:error] [pid 22279] [client 20.104.114.39:0] script '/domains/bels/w.php' not found or unable to stat
[Tue Feb 24 01:12:48.314018 2026] [php:error] [pid 22279] [client 20.104.114.39:0] script '/domains/bels/404.php' not found or unable to stat
[Tue Feb 24 01:12:48.337373 2026] [php:error] [pid 22279] [client 20.104.114.39:0] script '/domains/bels/ioxi-o.php' not found or unable to stat
[Tue Feb 24 01:12:48.343453 2026] [php:error] [pid 22283] [client 20.100.198.130:0] script '/domains/nmksgroupweb/class-t.api.php' not found or unable to stat
[Tue Feb 24 01:12:48.532025 2026] [php:error] [pid 22283] [client 20.100.198.130:0] script '/domains/nmksgroupweb/wp.php' not found or unable to stat
[Tue Feb 24 01:12:48.816256 2026] [php:error] [pid 22283] [client 20.100.198.130:0] script '/domains/nmksgroupweb/h.php' not found or unable to stat
[Tue Feb 24 01:12:49.004652 2026] [php:error] [pid 22283] [client 20.100.198.130:0] script '/domains/nmksgroupweb/wrt.php' not found or unable to stat
[Tue Feb 24 01:12:49.382716 2026] [php:error] [pid 22283] [client 20.100.198.130:0] script '/domains/nmksgroupweb/png.php' not found or unable to stat
[Tue Feb 24 01:12:49.572421 2026] [php:error] [pid 22283] [client 20.100.198.130:0] script '/domains/nmksgroupweb/zwso.php' not found or unable to stat
[Tue Feb 24 01:12:49.802076 2026] [php:error] [pid 22279] [client 20.104.114.39:0] script '/domains/bels/0x.php' not found or unable to stat
[Tue Feb 24 01:12:49.949376 2026] [php:error] [pid 22283] [client 20.100.198.130:0] script '/domains/nmksgroupweb/ton.php' not found or unable to stat
[Tue Feb 24 01:12:50.047366 2026] [php:error] [pid 22283] [client 20.100.198.130:0] script '/domains/nmksgroupweb/wso.php' not found or unable to stat
[Tue Feb 24 01:12:50.243241 2026] [php:error] [pid 22283] [client 20.100.198.130:0] script '/domains/nmksgroupweb/a2.php' not found or unable to stat
[Tue Feb 24 01:12:50.296665 2026] [php:error] [pid 22279] [client 20.104.114.39:0] script '/domains/bels/css.php' not found or unable to stat
[Tue Feb 24 01:12:50.319812 2026] [php:error] [pid 22279] [client 20.104.114.39:0] script '/domains/bels/222.php' not found or unable to stat
[Tue Feb 24 01:12:50.337201 2026] [php:error] [pid 22283] [client 20.100.198.130:0] script '/domains/nmksgroupweb/shell.php' not found or unable to stat
[Tue Feb 24 01:12:50.525661 2026] [php:error] [pid 22283] [client 20.100.198.130:0] script '/domains/nmksgroupweb/sxo.php' not found or unable to stat
[Tue Feb 24 01:12:50.809572 2026] [php:error] [pid 22283] [client 20.100.198.130:0] script '/domains/nmksgroupweb/mans.php' not found or unable to stat
[Tue Feb 24 01:12:50.903704 2026] [php:error] [pid 22283] [client 20.100.198.130:0] script '/domains/nmksgroupweb/dropdown.php' not found or unable to stat
[Tue Feb 24 01:12:51.018619 2026] [php:error] [pid 22279] [client 20.104.114.39:0] script '/domains/bels/admin.php' not found or unable to stat
[Tue Feb 24 01:12:51.071366 2026] [php:error] [pid 22279] [client 20.104.114.39:0] script '/domains/bels/classwithtostring.php' not found or unable to stat
[Tue Feb 24 01:12:51.093880 2026] [php:error] [pid 22283] [client 20.100.198.130:0] script '/domains/nmksgroupweb/ze.php' not found or unable to stat
[Tue Feb 24 01:12:51.098934 2026] [php:error] [pid 22279] [client 20.104.114.39:0] script '/domains/bels/abcd.php' not found or unable to stat
[Tue Feb 24 01:12:51.131809 2026] [php:error] [pid 22279] [client 20.104.114.39:0] script '/domains/bels/autoload_classmap.php' not found or unable to stat
[Tue Feb 24 01:12:51.162066 2026] [php:error] [pid 22279] [client 20.104.114.39:0] script '/domains/bels/inputs.php' not found or unable to stat
[Tue Feb 24 01:12:51.188153 2026] [php:error] [pid 22283] [client 20.100.198.130:0] script '/domains/nmksgroupweb/geck.php' not found or unable to stat
[Tue Feb 24 01:12:51.224253 2026] [php:error] [pid 22279] [client 20.104.114.39:0] script '/domains/bels/about.php' not found or unable to stat
[Tue Feb 24 01:12:51.282261 2026] [php:error] [pid 22283] [client 20.100.198.130:0] script '/domains/nmksgroupweb/menu.php' not found or unable to stat
[Tue Feb 24 01:12:51.567205 2026] [php:error] [pid 22283] [client 20.100.198.130:0] script '/domains/nmksgroupweb/flower.php' not found or unable to stat
[Tue Feb 24 01:12:51.661593 2026] [php:error] [pid 22283] [client 20.100.198.130:0] script '/domains/nmksgroupweb/ftp.php' not found or unable to stat
[Tue Feb 24 01:12:51.766678 2026] [php:error] [pid 22283] [client 20.100.198.130:0] script '/domains/nmksgroupweb/mds.php' not found or unable to stat
[Tue Feb 24 01:12:51.861111 2026] [php:error] [pid 22283] [client 20.100.198.130:0] script '/domains/nmksgroupweb/ahax.php' not found or unable to stat
[Tue Feb 24 01:12:52.049360 2026] [php:error] [pid 22283] [client 20.100.198.130:0] script '/domains/nmksgroupweb/cool.php' not found or unable to stat
[Tue Feb 24 01:12:52.143975 2026] [php:error] [pid 22283] [client 20.100.198.130:0] script '/domains/nmksgroupweb/gm.php' not found or unable to stat
[Tue Feb 24 01:12:52.238906 2026] [php:error] [pid 22283] [client 20.100.198.130:0] script '/domains/nmksgroupweb/simple.php' not found or unable to stat
[Tue Feb 24 01:12:52.333392 2026] [php:error] [pid 22283] [client 20.100.198.130:0] script '/domains/nmksgroupweb/elp.php' not found or unable to stat
[Tue Feb 24 01:12:52.427789 2026] [php:error] [pid 22283] [client 20.100.198.130:0] script '/domains/nmksgroupweb/bolt.php' not found or unable to stat
[Tue Feb 24 01:12:52.619262 2026] [php:error] [pid 22283] [client 20.100.198.130:0] script '/domains/nmksgroupweb/inputs.php' not found or unable to stat
[Tue Feb 24 01:12:52.809004 2026] [php:error] [pid 22283] [client 20.100.198.130:0] script '/domains/nmksgroupweb/system.php' not found or unable to stat
[Tue Feb 24 01:12:52.812721 2026] [php:error] [pid 22279] [client 20.104.114.39:0] script '/domains/bels/alfa.php' not found or unable to stat
[Tue Feb 24 01:12:53.185929 2026] [php:error] [pid 22283] [client 20.100.198.130:0] script '/domains/nmksgroupweb/an.php' not found or unable to stat
[Tue Feb 24 01:12:53.280113 2026] [php:error] [pid 22283] [client 20.100.198.130:0] script '/domains/nmksgroupweb/w.php' not found or unable to stat
[Tue Feb 24 01:12:53.374455 2026] [php:error] [pid 22283] [client 20.100.198.130:0] script '/domains/nmksgroupweb/gmo.php' not found or unable to stat
[Tue Feb 24 01:12:53.468621 2026] [php:error] [pid 22283] [client 20.100.198.130:0] script '/domains/nmksgroupweb/gib.php' not found or unable to stat
[Tue Feb 24 01:12:53.563382 2026] [php:error] [pid 22283] [client 20.100.198.130:0] script '/domains/nmksgroupweb/wp-miiss.php.php' not found or unable to stat
[Tue Feb 24 01:12:53.755724 2026] [php:error] [pid 22283] [client 20.100.198.130:0] script '/domains/nmksgroupweb/moon.php' not found or unable to stat
[Tue Feb 24 01:12:53.850302 2026] [php:error] [pid 22283] [client 20.100.198.130:0] script '/domains/nmksgroupweb/filesss.php' not found or unable to stat
[Tue Feb 24 01:12:53.944474 2026] [php:error] [pid 22283] [client 20.100.198.130:0] script '/domains/nmksgroupweb/hey.php' not found or unable to stat
[Tue Feb 24 01:12:54.134163 2026] [php:error] [pid 22283] [client 20.100.198.130:0] script '/domains/nmksgroupweb/1337.php' not found or unable to stat
[Tue Feb 24 01:12:54.228252 2026] [php:error] [pid 22283] [client 20.100.198.130:0] script '/domains/nmksgroupweb/buy.php' not found or unable to stat
[Tue Feb 24 01:12:54.416855 2026] [php:error] [pid 22283] [client 20.100.198.130:0] script '/domains/nmksgroupweb/m.php' not found or unable to stat
[Tue Feb 24 01:12:54.528373 2026] [php:error] [pid 22279] [client 20.104.114.39:0] script '/domains/bels/manager.php' not found or unable to stat
[Tue Feb 24 01:12:54.566378 2026] [php:error] [pid 22279] [client 20.104.114.39:0] script '/domains/bels/item.php' not found or unable to stat
[Tue Feb 24 01:12:54.607288 2026] [php:error] [pid 22293] [client 20.100.198.130:0] script '/domains/nmksgroupweb/wp-is.php' not found or unable to stat
[Tue Feb 24 01:12:54.629026 2026] [php:error] [pid 22279] [client 20.104.114.39:0] script '/domains/bels/404.php' not found or unable to stat
[Tue Feb 24 01:12:54.702567 2026] [php:error] [pid 22293] [client 20.100.198.130:0] script '/domains/nmksgroupweb/jmfi2.php' not found or unable to stat
[Tue Feb 24 01:12:54.893070 2026] [php:error] [pid 22293] [client 20.100.198.130:0] script '/domains/nmksgroupweb/bnn_.php' not found or unable to stat
[Tue Feb 24 01:12:55.082547 2026] [php:error] [pid 22293] [client 20.100.198.130:0] script '/domains/nmksgroupweb/hzz.php' not found or unable to stat
[Tue Feb 24 01:12:55.105650 2026] [php:error] [pid 22279] [client 20.104.114.39:0] script '/domains/bels/mail.php' not found or unable to stat
[Tue Feb 24 01:12:55.153013 2026] [php:error] [pid 22279] [client 20.104.114.39:0] script '/domains/bels/sx.php' not found or unable to stat
[Tue Feb 24 01:12:55.177599 2026] [php:error] [pid 22293] [client 20.100.198.130:0] script '/domains/nmksgroupweb/shell20211028.php' not found or unable to stat
[Tue Feb 24 01:12:55.205430 2026] [php:error] [pid 22279] [client 20.104.114.39:0] script '/domains/bels/alfa.php' not found or unable to stat
[Tue Feb 24 01:12:55.228818 2026] [php:error] [pid 22279] [client 20.104.114.39:0] script '/domains/bels/1.php' not found or unable to stat
[Tue Feb 24 01:12:55.252115 2026] [php:error] [pid 22279] [client 20.104.114.39:0] script '/domains/bels/byp.php' not found or unable to stat
[Tue Feb 24 01:12:55.272297 2026] [php:error] [pid 22293] [client 20.100.198.130:0] script '/domains/nmksgroupweb/content.php' not found or unable to stat
[Tue Feb 24 01:12:55.462452 2026] [php:error] [pid 22293] [client 20.100.198.130:0] script '/domains/nmksgroupweb/ps.php' not found or unable to stat
[Tue Feb 24 01:12:55.748151 2026] [php:error] [pid 22293] [client 20.100.198.130:0] script '/domains/nmksgroupweb/cache.php' not found or unable to stat
[Tue Feb 24 01:12:55.843012 2026] [php:error] [pid 22293] [client 20.100.198.130:0] script '/domains/nmksgroupweb/ss.php' not found or unable to stat
[Tue Feb 24 01:12:55.937944 2026] [php:error] [pid 22293] [client 20.100.198.130:0] script '/domains/nmksgroupweb/p.php' not found or unable to stat
[Tue Feb 24 01:12:56.127269 2026] [php:error] [pid 22293] [client 20.100.198.130:0] script '/domains/nmksgroupweb/user.php' not found or unable to stat
[Tue Feb 24 01:12:56.159251 2026] [php:error] [pid 22279] [client 20.104.114.39:0] script '/domains/bels/wp-trackback.php' not found or unable to stat
[Tue Feb 24 01:12:56.411262 2026] [php:error] [pid 22293] [client 20.100.198.130:0] script '/domains/nmksgroupweb/wp.php' not found or unable to stat
[Tue Feb 24 01:12:56.506320 2026] [php:error] [pid 22293] [client 20.100.198.130:0] script '/domains/nmksgroupweb/rip.php' not found or unable to stat
[Tue Feb 24 01:12:56.601500 2026] [php:error] [pid 22293] [client 20.100.198.130:0] script '/domains/nmksgroupweb/wp4.php' not found or unable to stat
[Tue Feb 24 01:12:56.696653 2026] [php:error] [pid 22293] [client 20.100.198.130:0] script '/domains/nmksgroupweb/403.php' not found or unable to stat
[Tue Feb 24 01:12:56.886595 2026] [php:error] [pid 22293] [client 20.100.198.130:0] script '/domains/nmksgroupweb/asd67.php' not found or unable to stat
[Tue Feb 24 01:12:57.076662 2026] [php:error] [pid 22293] [client 20.100.198.130:0] script '/domains/nmksgroupweb/oivcl.php' not found or unable to stat
[Tue Feb 24 01:12:57.172004 2026] [php:error] [pid 22293] [client 20.100.198.130:0] script '/domains/nmksgroupweb/about.php' not found or unable to stat
[Tue Feb 24 01:12:57.362005 2026] [php:error] [pid 22293] [client 20.100.198.130:0] script '/domains/nmksgroupweb/v2.php' not found or unable to stat
[Tue Feb 24 01:12:57.456125 2026] [php:error] [pid 22279] [client 20.104.114.39:0] script '/domains/bels/gmo.php' not found or unable to stat
[Tue Feb 24 01:12:57.741208 2026] [php:error] [pid 22293] [client 20.100.198.130:0] script '/domains/nmksgroupweb/dr.php' not found or unable to stat
[Tue Feb 24 01:12:57.828848 2026] [php:error] [pid 22279] [client 20.104.114.39:0] script '/domains/bels/ww1.php' not found or unable to stat
[Tue Feb 24 01:12:57.836575 2026] [php:error] [pid 22293] [client 20.100.198.130:0] script '/domains/nmksgroupweb/raw.php' not found or unable to stat
[Tue Feb 24 01:12:58.121118 2026] [php:error] [pid 22293] [client 20.100.198.130:0] script '/domains/nmksgroupweb/ioxi-o2.php' not found or unable to stat
[Tue Feb 24 01:12:58.215618 2026] [php:error] [pid 22293] [client 20.100.198.130:0] script '/domains/nmksgroupweb/dropdown.php' not found or unable to stat
[Tue Feb 24 01:12:58.311153 2026] [php:error] [pid 22293] [client 20.100.198.130:0] script '/domains/nmksgroupweb/dlu.php' not found or unable to stat
[Tue Feb 24 01:12:58.501503 2026] [php:error] [pid 22293] [client 20.100.198.130:0] script '/domains/nmksgroupweb/db.php' not found or unable to stat
[Tue Feb 24 01:12:58.596796 2026] [php:error] [pid 22293] [client 20.100.198.130:0] script '/domains/nmksgroupweb/packed.php' not found or unable to stat
[Tue Feb 24 01:12:58.692049 2026] [php:error] [pid 22293] [client 20.100.198.130:0] script '/domains/nmksgroupweb/wp-configs.php' not found or unable to stat
[Tue Feb 24 01:12:58.786929 2026] [php:error] [pid 22293] [client 20.100.198.130:0] script '/domains/nmksgroupweb/404.php' not found or unable to stat
[Tue Feb 24 01:12:58.881995 2026] [php:error] [pid 22293] [client 20.100.198.130:0] script '/domains/nmksgroupweb/des.php' not found or unable to stat
[Tue Feb 24 01:12:59.071917 2026] [php:error] [pid 22293] [client 20.100.198.130:0] script '/domains/nmksgroupweb/lufix.php' not found or unable to stat
[Tue Feb 24 01:13:03.913640 2026] [php:error] [pid 22295] [client 20.104.114.39:0] script '/domains/bels/security.php' not found or unable to stat
[Tue Feb 24 01:13:05.380946 2026] [php:error] [pid 22286] [client 20.89.40.149:0] script '/domains/nmksgroupweb/wp-trackback.php' not found or unable to stat
[Tue Feb 24 01:13:05.546359 2026] [php:error] [pid 22286] [client 20.89.40.149:0] script '/domains/nmksgroupweb/about.php' not found or unable to stat
[Tue Feb 24 01:13:05.736256 2026] [php:error] [pid 22286] [client 20.89.40.149:0] script '/domains/nmksgroupweb/file.php' not found or unable to stat
