[Tue Feb 24 00:05:30.036509 2026] [php:error] [pid 21403] [client 74.248.32.28:0] script '/domains/system_cancel/nw.php' not found or unable to stat
[Tue Feb 24 00:05:30.140159 2026] [php:error] [pid 21403] [client 74.248.32.28:0] script '/domains/system_cancel/ap.php' not found or unable to stat
[Tue Feb 24 00:05:30.459704 2026] [php:error] [pid 21403] [client 74.248.32.28:0] script '/domains/system_cancel/mn.php' not found or unable to stat
[Tue Feb 24 00:05:30.563563 2026] [php:error] [pid 21403] [client 74.248.32.28:0] script '/domains/system_cancel/xn.php' not found or unable to stat
[Tue Feb 24 00:05:31.085914 2026] [php:error] [pid 21403] [client 74.248.32.28:0] script '/domains/system_cancel/tu.php' not found or unable to stat
[Tue Feb 24 00:05:31.403086 2026] [php:error] [pid 21390] [client 74.248.32.28:0] script '/domains/system_cancel/xc.php' not found or unable to stat
[Tue Feb 24 00:05:31.496327 2026] [php:error] [pid 21400] [client 4.193.204.169:0] script '/domains/biehlweb/new4.php' not found or unable to stat
[Tue Feb 24 00:05:31.739881 2026] [php:error] [pid 21400] [client 4.193.204.169:0] script '/domains/biehlweb/shell20211028.php' not found or unable to stat
[Tue Feb 24 00:05:31.922147 2026] [php:error] [pid 21403] [client 74.248.32.28:0] script '/domains/system_cancel/lm.php' not found or unable to stat
[Tue Feb 24 00:05:31.958561 2026] [access_compat:error] [pid 21382] [client 185.177.72.23:0] AH01797: client denied by server configuration: /domains/fayemoran/server-status
[Tue Feb 24 00:05:32.192557 2026] [php:error] [pid 21400] [client 4.193.204.169:0] script '/domains/biehlweb/db.php' not found or unable to stat
[Tue Feb 24 00:05:32.446308 2026] [php:error] [pid 21403] [client 74.248.32.28:0] script '/domains/system_cancel/ny.php' not found or unable to stat
[Tue Feb 24 00:05:32.551680 2026] [php:error] [pid 21403] [client 74.248.32.28:0] script '/domains/system_cancel/dq.php' not found or unable to stat
[Tue Feb 24 00:05:32.863361 2026] [php:error] [pid 21403] [client 74.248.32.28:0] script '/domains/system_cancel/ry.php' not found or unable to stat
[Tue Feb 24 00:05:32.891338 2026] [php:error] [pid 21400] [client 4.193.204.169:0] script '/domains/biehlweb/bs1.php' not found or unable to stat
[Tue Feb 24 00:05:33.121421 2026] [php:error] [pid 21400] [client 4.193.204.169:0] script '/domains/biehlweb/BDKR28WP.php' not found or unable to stat
[Tue Feb 24 00:05:33.348470 2026] [php:error] [pid 21400] [client 4.193.204.169:0] script '/domains/biehlweb/zu.php' not found or unable to stat
[Tue Feb 24 00:05:33.594196 2026] [php:error] [pid 21403] [client 74.248.32.28:0] script '/domains/system_cancel/ll.php' not found or unable to stat
[Tue Feb 24 00:05:33.625137 2026] [php:error] [pid 21400] [client 4.193.204.169:0] script '/domains/biehlweb/alpha.php' not found or unable to stat
[Tue Feb 24 00:05:33.851654 2026] [php:error] [pid 21400] [client 4.193.204.169:0] script '/domains/biehlweb/sty.php' not found or unable to stat
[Tue Feb 24 00:05:34.097299 2026] [php:error] [pid 21400] [client 4.193.204.169:0] script '/domains/biehlweb/htaccess.php' not found or unable to stat
[Tue Feb 24 00:05:34.332601 2026] [php:error] [pid 21403] [client 74.248.32.28:0] script '/domains/system_cancel/ed.php' not found or unable to stat
[Tue Feb 24 00:05:34.436339 2026] [php:error] [pid 21403] [client 74.248.32.28:0] script '/domains/system_cancel/aq.php' not found or unable to stat
[Tue Feb 24 00:05:34.540543 2026] [php:error] [pid 21403] [client 74.248.32.28:0] script '/domains/system_cancel/ma.php' not found or unable to stat
[Tue Feb 24 00:05:34.792815 2026] [php:error] [pid 21400] [client 4.193.204.169:0] script '/domains/biehlweb/opts.php' not found or unable to stat
[Tue Feb 24 00:05:35.038022 2026] [php:error] [pid 21400] [client 4.193.204.169:0] script '/domains/biehlweb/wp-act.php' not found or unable to stat
[Tue Feb 24 00:05:35.077001 2026] [php:error] [pid 21403] [client 74.248.32.28:0] script '/domains/system_cancel/io.php' not found or unable to stat
[Tue Feb 24 00:05:35.278013 2026] [php:error] [pid 21400] [client 4.193.204.169:0] script '/domains/biehlweb/ze.php' not found or unable to stat
[Tue Feb 24 00:05:35.507072 2026] [php:error] [pid 21400] [client 4.193.204.169:0] script '/domains/biehlweb/seetox.php' not found or unable to stat
[Tue Feb 24 00:05:35.821985 2026] [php:error] [pid 21403] [client 74.248.32.28:0] script '/domains/system_cancel/rm.php' not found or unable to stat
[Tue Feb 24 00:05:35.959814 2026] [php:error] [pid 21400] [client 4.193.204.169:0] script '/domains/biehlweb/plugins.php' not found or unable to stat
[Tue Feb 24 00:05:36.186315 2026] [php:error] [pid 21400] [client 4.193.204.169:0] script '/domains/biehlweb/xoot.php' not found or unable to stat
[Tue Feb 24 00:05:36.412726 2026] [php:error] [pid 21400] [client 4.193.204.169:0] script '/domains/biehlweb/X57.php' not found or unable to stat
[Tue Feb 24 00:05:36.670613 2026] [php:error] [pid 21400] [client 4.193.204.169:0] script '/domains/biehlweb/file59.php' not found or unable to stat
[Tue Feb 24 00:05:36.998480 2026] [php:error] [pid 21397] [client 74.248.32.28:0] script '/domains/system_cancel/dy.php' not found or unable to stat
[Tue Feb 24 00:05:37.150579 2026] [php:error] [pid 21400] [client 4.193.204.169:0] script '/domains/biehlweb/xa.php' not found or unable to stat
[Tue Feb 24 00:05:37.380033 2026] [php:error] [pid 21400] [client 4.193.204.169:0] script '/domains/biehlweb/er.php' not found or unable to stat
[Tue Feb 24 00:05:37.607141 2026] [php:error] [pid 21400] [client 4.193.204.169:0] script '/domains/biehlweb/fault.php' not found or unable to stat
[Tue Feb 24 00:05:37.880298 2026] [php:error] [pid 21400] [client 4.193.204.169:0] script '/domains/biehlweb/motu.php' not found or unable to stat
[Tue Feb 24 00:05:38.107022 2026] [php:error] [pid 21400] [client 4.193.204.169:0] script '/domains/biehlweb/66.php' not found or unable to stat
[Tue Feb 24 00:05:38.385263 2026] [php:error] [pid 21400] [client 4.193.204.169:0] script '/domains/biehlweb/leuk.php' not found or unable to stat
[Tue Feb 24 00:05:38.612343 2026] [php:error] [pid 21400] [client 4.193.204.169:0] script '/domains/biehlweb/xqq.php' not found or unable to stat
[Tue Feb 24 00:05:38.840111 2026] [php:error] [pid 21400] [client 4.193.204.169:0] script '/domains/biehlweb/kolda.php' not found or unable to stat
[Tue Feb 24 00:05:39.066611 2026] [php:error] [pid 21400] [client 4.193.204.169:0] script '/domains/biehlweb/nw.php' not found or unable to stat
[Tue Feb 24 00:05:39.295491 2026] [php:error] [pid 21400] [client 4.193.204.169:0] script '/domains/biehlweb/666.php' not found or unable to stat
[Tue Feb 24 00:05:39.531458 2026] [php:error] [pid 21400] [client 4.193.204.169:0] script '/domains/biehlweb/kj.php' not found or unable to stat
[Tue Feb 24 00:05:39.871507 2026] [php:error] [pid 21400] [client 4.193.204.169:0] script '/domains/biehlweb/un.php' not found or unable to stat
[Tue Feb 24 00:05:40.099348 2026] [php:error] [pid 21400] [client 4.193.204.169:0] script '/domains/biehlweb/fs.php' not found or unable to stat
[Tue Feb 24 00:05:40.335446 2026] [php:error] [pid 21400] [client 4.193.204.169:0] script '/domains/biehlweb/ms.php' not found or unable to stat
[Tue Feb 24 00:05:40.688250 2026] [php:error] [pid 21400] [client 4.193.204.169:0] script '/domains/biehlweb/tews.php' not found or unable to stat
[Tue Feb 24 00:05:40.915255 2026] [php:error] [pid 21400] [client 4.193.204.169:0] script '/domains/biehlweb/wpp.php' not found or unable to stat
[Tue Feb 24 00:05:41.114680 2026] [php:error] [pid 21396] [client 45.149.173.203:0] script '/domains/drsuper/xmlrpc.php' not found or unable to stat
[Tue Feb 24 00:05:41.211867 2026] [php:error] [pid 21400] [client 4.193.204.169:0] script '/domains/biehlweb/cu.php' not found or unable to stat
[Tue Feb 24 00:05:41.438487 2026] [php:error] [pid 21400] [client 4.193.204.169:0] script '/domains/biehlweb/lul.php' not found or unable to stat
[Tue Feb 24 00:05:41.469181 2026] [php:error] [pid 21402] [client 185.177.72.23:0] script '/domains/fayemoran/temp.php' not found or unable to stat
[Tue Feb 24 00:05:41.664885 2026] [php:error] [pid 21400] [client 4.193.204.169:0] script '/domains/biehlweb/0.php' not found or unable to stat
[Tue Feb 24 00:05:41.898969 2026] [php:error] [pid 21400] [client 4.193.204.169:0] script '/domains/biehlweb/ms-edit.php' not found or unable to stat
[Tue Feb 24 00:05:42.205378 2026] [php:error] [pid 21400] [client 4.193.204.169:0] script '/domains/biehlweb/grsiuk.php' not found or unable to stat
[Tue Feb 24 00:05:42.479647 2026] [php:error] [pid 21400] [client 4.193.204.169:0] script '/domains/biehlweb/wp-blog.php' not found or unable to stat
[Tue Feb 24 00:05:43.147811 2026] [php:error] [pid 21400] [client 4.193.204.169:0] script '/domains/biehlweb/wp-access.php' not found or unable to stat
[Tue Feb 24 00:05:43.375399 2026] [php:error] [pid 21400] [client 4.193.204.169:0] script '/domains/biehlweb/a1vx.php' not found or unable to stat
[Tue Feb 24 00:05:43.625947 2026] [php:error] [pid 21400] [client 4.193.204.169:0] script '/domains/biehlweb/sbhu.php' not found or unable to stat
[Tue Feb 24 00:05:43.856361 2026] [php:error] [pid 21400] [client 4.193.204.169:0] script '/domains/biehlweb/wp-the.php' not found or unable to stat
[Tue Feb 24 00:05:43.920284 2026] [php:error] [pid 21402] [client 185.177.72.23:0] script '/domains/fayemoran/test0.php' not found or unable to stat
[Tue Feb 24 00:05:44.102762 2026] [php:error] [pid 21402] [client 185.177.72.23:0] script '/domains/fayemoran/test1.php' not found or unable to stat
[Tue Feb 24 00:05:44.194678 2026] [php:error] [pid 21402] [client 185.177.72.23:0] script '/domains/fayemoran/test123.php' not found or unable to stat
[Tue Feb 24 00:05:44.205213 2026] [php:error] [pid 21400] [client 4.193.204.169:0] script '/domains/biehlweb/06.php' not found or unable to stat
[Tue Feb 24 00:05:44.285898 2026] [php:error] [pid 21402] [client 185.177.72.23:0] script '/domains/fayemoran/test2.php' not found or unable to stat
[Tue Feb 24 00:05:44.378472 2026] [php:error] [pid 21402] [client 185.177.72.23:0] script '/domains/fayemoran/test3.php' not found or unable to stat
[Tue Feb 24 00:05:44.438272 2026] [php:error] [pid 21400] [client 4.193.204.169:0] script '/domains/biehlweb/classwithtostring.php' not found or unable to stat
[Tue Feb 24 00:05:44.469689 2026] [php:error] [pid 21402] [client 185.177.72.23:0] script '/domains/fayemoran/test4.php' not found or unable to stat
[Tue Feb 24 00:05:44.560718 2026] [php:error] [pid 21402] [client 185.177.72.23:0] script '/domains/fayemoran/test5.php' not found or unable to stat
[Tue Feb 24 00:05:44.652652 2026] [php:error] [pid 21402] [client 185.177.72.23:0] script '/domains/fayemoran/test6.php' not found or unable to stat
[Tue Feb 24 00:05:44.681752 2026] [php:error] [pid 21400] [client 4.193.204.169:0] script '/domains/biehlweb/fot.php' not found or unable to stat
[Tue Feb 24 00:05:44.743817 2026] [php:error] [pid 21402] [client 185.177.72.23:0] script '/domains/fayemoran/test7.php' not found or unable to stat
[Tue Feb 24 00:05:44.834578 2026] [php:error] [pid 21402] [client 185.177.72.23:0] script '/domains/fayemoran/test8.php' not found or unable to stat
[Tue Feb 24 00:05:44.925570 2026] [php:error] [pid 21402] [client 185.177.72.23:0] script '/domains/fayemoran/test9.php' not found or unable to stat
[Tue Feb 24 00:05:44.925570 2026] [php:error] [pid 21400] [client 4.193.204.169:0] script '/domains/biehlweb/ff1.php' not found or unable to stat
[Tue Feb 24 00:05:45.111717 2026] [php:error] [pid 21387] [client 185.177.72.23:0] script '/domains/fayemoran/test_info.php' not found or unable to stat
[Tue Feb 24 00:05:45.154206 2026] [php:error] [pid 21400] [client 4.193.204.169:0] script '/domains/biehlweb/forbidals.php' not found or unable to stat
[Tue Feb 24 00:05:45.206193 2026] [php:error] [pid 21387] [client 185.177.72.23:0] script '/domains/fayemoran/test_info1.php' not found or unable to stat
[Tue Feb 24 00:05:45.303933 2026] [php:error] [pid 21387] [client 185.177.72.23:0] script '/domains/fayemoran/test_info2.php' not found or unable to stat
[Tue Feb 24 00:05:45.399163 2026] [php:error] [pid 21387] [client 185.177.72.23:0] script '/domains/fayemoran/test_info3.php' not found or unable to stat
[Tue Feb 24 00:05:45.493512 2026] [php:error] [pid 21387] [client 185.177.72.23:0] script '/domains/fayemoran/test_info4.php' not found or unable to stat
[Tue Feb 24 00:05:45.587869 2026] [php:error] [pid 21387] [client 185.177.72.23:0] script '/domains/fayemoran/test_info5.php' not found or unable to stat
[Tue Feb 24 00:05:45.682252 2026] [php:error] [pid 21387] [client 185.177.72.23:0] script '/domains/fayemoran/test_phpinfo.php' not found or unable to stat
[Tue Feb 24 00:05:45.694473 2026] [php:error] [pid 21400] [client 4.193.204.169:0] script '/domains/biehlweb/erty.php' not found or unable to stat
[Tue Feb 24 00:05:45.776573 2026] [php:error] [pid 21387] [client 185.177.72.23:0] script '/domains/fayemoran/test_phpinfo1.php' not found or unable to stat
[Tue Feb 24 00:05:45.870990 2026] [php:error] [pid 21387] [client 185.177.72.23:0] script '/domains/fayemoran/test_phpinfo2.php' not found or unable to stat
[Tue Feb 24 00:05:45.922232 2026] [php:error] [pid 21400] [client 4.193.204.169:0] script '/domains/biehlweb/dev1s.php' not found or unable to stat
[Tue Feb 24 00:05:45.965583 2026] [php:error] [pid 21387] [client 185.177.72.23:0] script '/domains/fayemoran/test_phpinfo3.php' not found or unable to stat
[Tue Feb 24 00:05:46.060066 2026] [php:error] [pid 21387] [client 185.177.72.23:0] script '/domains/fayemoran/test_phpinfo4.php' not found or unable to stat
[Tue Feb 24 00:05:46.148922 2026] [php:error] [pid 21400] [client 4.193.204.169:0] script '/domains/biehlweb/ffd.php' not found or unable to stat
[Tue Feb 24 00:05:46.154445 2026] [php:error] [pid 21387] [client 185.177.72.23:0] script '/domains/fayemoran/test_phpinfo5.php' not found or unable to stat
[Tue Feb 24 00:05:46.248730 2026] [php:error] [pid 21387] [client 185.177.72.23:0] script '/domains/fayemoran/tester.php' not found or unable to stat
[Tue Feb 24 00:05:46.404305 2026] [php:error] [pid 21400] [client 4.193.204.169:0] script '/domains/biehlweb/admiin.php' not found or unable to stat
[Tue Feb 24 00:05:46.437768 2026] [php:error] [pid 21387] [client 185.177.72.23:0] script '/domains/fayemoran/testing.php' not found or unable to stat
[Tue Feb 24 00:05:46.632471 2026] [php:error] [pid 21400] [client 4.193.204.169:0] script '/domains/biehlweb/ol.php' not found or unable to stat
[Tue Feb 24 00:05:46.870136 2026] [php:error] [pid 21400] [client 4.193.204.169:0] script '/domains/biehlweb/Sanskrit.php' not found or unable to stat
[Tue Feb 24 00:05:47.103979 2026] [php:error] [pid 21400] [client 4.193.204.169:0] script '/domains/biehlweb/vxrl.php' not found or unable to stat
[Tue Feb 24 00:05:47.330992 2026] [php:error] [pid 21400] [client 4.193.204.169:0] script '/domains/biehlweb/re.php' not found or unable to stat
[Tue Feb 24 00:05:47.557437 2026] [php:error] [pid 21400] [client 4.193.204.169:0] script '/domains/biehlweb/num.php' not found or unable to stat
[Tue Feb 24 00:05:47.784196 2026] [php:error] [pid 21400] [client 4.193.204.169:0] script '/domains/biehlweb/makeasmtp.php' not found or unable to stat
[Tue Feb 24 00:05:48.010412 2026] [php:error] [pid 21400] [client 4.193.204.169:0] script '/domains/biehlweb/vxrl.php' not found or unable to stat
[Tue Feb 24 00:05:48.044594 2026] [php:error] [pid 21386] [client 104.215.189.248:0] script '/domains/proinc/myfile.php' not found or unable to stat
[Tue Feb 24 00:05:48.236904 2026] [php:error] [pid 21400] [client 4.193.204.169:0] script '/domains/biehlweb/in.php' not found or unable to stat
[Tue Feb 24 00:05:48.270513 2026] [php:error] [pid 21386] [client 104.215.189.248:0] script '/domains/proinc/work.php' not found or unable to stat
[Tue Feb 24 00:05:48.475240 2026] [php:error] [pid 21400] [client 4.193.204.169:0] script '/domains/biehlweb/style.php' not found or unable to stat
[Tue Feb 24 00:05:48.496470 2026] [php:error] [pid 21386] [client 104.215.189.248:0] script '/domains/proinc/C.php' not found or unable to stat
[Tue Feb 24 00:05:48.515558 2026] [php:error] [pid 21387] [client 185.177.72.23:0] script '/domains/fayemoran/time.php' not found or unable to stat
[Tue Feb 24 00:05:48.715210 2026] [php:error] [pid 21400] [client 4.193.204.169:0] script '/domains/biehlweb/we.php' not found or unable to stat
[Tue Feb 24 00:05:48.722466 2026] [php:error] [pid 21386] [client 104.215.189.248:0] script '/domains/proinc/ze.php' not found or unable to stat
[Tue Feb 24 00:05:48.894972 2026] [php:error] [pid 21387] [client 185.177.72.23:0] script '/domains/fayemoran/token.php' not found or unable to stat
[Tue Feb 24 00:05:48.948486 2026] [php:error] [pid 21386] [client 104.215.189.248:0] script '/domains/proinc/new4.php' not found or unable to stat
[Tue Feb 24 00:05:48.956784 2026] [php:error] [pid 21400] [client 4.193.204.169:0] script '/domains/biehlweb/zwso.php' not found or unable to stat
[Tue Feb 24 00:05:49.174525 2026] [php:error] [pid 21386] [client 104.215.189.248:0] script '/domains/proinc/sc.php' not found or unable to stat
[Tue Feb 24 00:05:49.183248 2026] [php:error] [pid 21400] [client 4.193.204.169:0] script '/domains/biehlweb/karak.php' not found or unable to stat
[Tue Feb 24 00:05:49.367652 2026] [php:error] [pid 21387] [client 185.177.72.23:0] script '/domains/fayemoran/tz.php' not found or unable to stat
[Tue Feb 24 00:05:49.400988 2026] [php:error] [pid 21386] [client 104.215.189.248:0] script '/domains/proinc/pouhg.php' not found or unable to stat
[Tue Feb 24 00:05:49.409702 2026] [php:error] [pid 21400] [client 4.193.204.169:0] script '/domains/biehlweb/prv8.php' not found or unable to stat
[Tue Feb 24 00:05:49.463212 2026] [php:error] [pid 21387] [client 185.177.72.23:0] script '/domains/fayemoran/u.php' not found or unable to stat
[Tue Feb 24 00:05:49.627538 2026] [php:error] [pid 21386] [client 104.215.189.248:0] script '/domains/proinc/vgtyu.php' not found or unable to stat
[Tue Feb 24 00:05:49.853406 2026] [php:error] [pid 21386] [client 104.215.189.248:0] script '/domains/proinc/aq.php' not found or unable to stat
[Tue Feb 24 00:05:49.865402 2026] [php:error] [pid 21400] [client 4.193.204.169:0] script '/domains/biehlweb/a.php' not found or unable to stat
[Tue Feb 24 00:05:49.937936 2026] [php:error] [pid 21387] [client 185.177.72.23:0] script '/domains/fayemoran/up.php' not found or unable to stat
[Tue Feb 24 00:05:50.079696 2026] [php:error] [pid 21386] [client 104.215.189.248:0] script '/domains/proinc/opts.php' not found or unable to stat
[Tue Feb 24 00:05:50.104722 2026] [php:error] [pid 21400] [client 4.193.204.169:0] script '/domains/biehlweb/xmlrpc.php' not found or unable to stat
[Tue Feb 24 00:05:50.314195 2026] [php:error] [pid 21386] [client 104.215.189.248:0] script '/domains/proinc/x123.php' not found or unable to stat
[Tue Feb 24 00:05:50.467882 2026] [php:error] [pid 21400] [client 4.193.204.169:0] script '/domains/biehlweb/aw.php' not found or unable to stat
[Tue Feb 24 00:05:50.540441 2026] [php:error] [pid 21386] [client 104.215.189.248:0] script '/domains/proinc/wp-act.php' not found or unable to stat
[Tue Feb 24 00:05:50.735065 2026] [php:error] [pid 21400] [client 4.193.204.169:0] script '/domains/biehlweb/dev.php' not found or unable to stat
[Tue Feb 24 00:05:50.766720 2026] [php:error] [pid 21386] [client 104.215.189.248:0] script '/domains/proinc/moshou.php' not found or unable to stat
[Tue Feb 24 00:05:50.961622 2026] [php:error] [pid 21400] [client 4.193.204.169:0] script '/domains/biehlweb/lock360.php' not found or unable to stat
[Tue Feb 24 00:05:50.993400 2026] [php:error] [pid 21386] [client 104.215.189.248:0] script '/domains/proinc/seetox.php' not found or unable to stat
[Tue Feb 24 00:05:51.188134 2026] [php:error] [pid 21400] [client 4.193.204.169:0] script '/domains/biehlweb/155.php' not found or unable to stat
[Tue Feb 24 00:05:51.221086 2026] [php:error] [pid 21386] [client 104.215.189.248:0] script '/domains/proinc/dom.php' not found or unable to stat
[Tue Feb 24 00:05:51.415217 2026] [php:error] [pid 21400] [client 4.193.204.169:0] script '/domains/biehlweb/goat.php' not found or unable to stat
[Tue Feb 24 00:05:51.447292 2026] [php:error] [pid 21386] [client 104.215.189.248:0] script '/domains/proinc/ws60.php' not found or unable to stat
[Tue Feb 24 00:05:51.641858 2026] [php:error] [pid 21400] [client 4.193.204.169:0] script '/domains/biehlweb/tcp.php' not found or unable to stat
[Tue Feb 24 00:05:51.673382 2026] [php:error] [pid 21386] [client 104.215.189.248:0] script '/domains/proinc/samiri.php' not found or unable to stat
[Tue Feb 24 00:05:51.899333 2026] [php:error] [pid 21386] [client 104.215.189.248:0] script '/domains/proinc/plugins.php' not found or unable to stat
[Tue Feb 24 00:05:51.925232 2026] [php:error] [pid 21400] [client 4.193.204.169:0] script '/domains/biehlweb/ext.php' not found or unable to stat
[Tue Feb 24 00:05:52.125608 2026] [php:error] [pid 21386] [client 104.215.189.248:0] script '/domains/proinc/xoot.php' not found or unable to stat
[Tue Feb 24 00:05:52.162826 2026] [php:error] [pid 21400] [client 4.193.204.169:0] script '/domains/biehlweb/inputs.php' not found or unable to stat
[Tue Feb 24 00:05:52.351829 2026] [php:error] [pid 21386] [client 104.215.189.248:0] script '/domains/proinc/X57.php' not found or unable to stat
[Tue Feb 24 00:05:52.458116 2026] [php:error] [pid 21400] [client 4.193.204.169:0] script '/domains/biehlweb/ioxi.php' not found or unable to stat
[Tue Feb 24 00:05:52.490384 2026] [php:error] [pid 21387] [client 185.177.72.23:0] script '/domains/fayemoran/w.php' not found or unable to stat
[Tue Feb 24 00:05:52.582467 2026] [php:error] [pid 21386] [client 104.215.189.248:0] script '/domains/proinc/vx.php' not found or unable to stat
[Tue Feb 24 00:05:52.684736 2026] [php:error] [pid 21400] [client 4.193.204.169:0] script '/domains/biehlweb/fe5.php' not found or unable to stat
[Tue Feb 24 00:05:52.773377 2026] [php:error] [pid 21387] [client 185.177.72.23:0] script '/domains/fayemoran/web.php' not found or unable to stat
[Tue Feb 24 00:05:52.808777 2026] [php:error] [pid 21386] [client 104.215.189.248:0] script '/domains/proinc/file59.php' not found or unable to stat
[Tue Feb 24 00:05:52.942503 2026] [php:error] [pid 21400] [client 4.193.204.169:0] script '/domains/biehlweb/ov.php' not found or unable to stat
[Tue Feb 24 00:05:53.260949 2026] [php:error] [pid 21386] [client 104.215.189.248:0] script '/domains/proinc/shas.php' not found or unable to stat
[Tue Feb 24 00:05:53.397780 2026] [php:error] [pid 21400] [client 4.193.204.169:0] script '/domains/biehlweb/default.php' not found or unable to stat
[Tue Feb 24 00:05:53.486857 2026] [php:error] [pid 21386] [client 104.215.189.248:0] script '/domains/proinc/xa.php' not found or unable to stat
[Tue Feb 24 00:05:53.624244 2026] [php:error] [pid 21400] [client 4.193.204.169:0] script '/domains/biehlweb/goods.php' not found or unable to stat
[Tue Feb 24 00:05:53.713097 2026] [php:error] [pid 21386] [client 104.215.189.248:0] script '/domains/proinc/xda.php' not found or unable to stat
[Tue Feb 24 00:05:53.867872 2026] [php:error] [pid 21400] [client 4.193.204.169:0] script '/domains/biehlweb/abcd.php' not found or unable to stat
[Tue Feb 24 00:05:53.939252 2026] [php:error] [pid 21386] [client 104.215.189.248:0] script '/domains/proinc/er.php' not found or unable to stat
[Tue Feb 24 00:05:54.107374 2026] [php:error] [pid 21400] [client 4.193.204.169:0] script '/domains/biehlweb/class.1.php' not found or unable to stat
[Tue Feb 24 00:05:54.165192 2026] [php:error] [pid 21386] [client 104.215.189.248:0] script '/domains/proinc/fault.php' not found or unable to stat
[Tue Feb 24 00:05:54.334769 2026] [php:error] [pid 21400] [client 4.193.204.169:0] script '/domains/biehlweb/async.php' not found or unable to stat
[Tue Feb 24 00:05:54.391421 2026] [php:error] [pid 21386] [client 104.215.189.248:0] script '/domains/proinc/motu.php' not found or unable to stat
[Tue Feb 24 00:05:54.585937 2026] [php:error] [pid 21400] [client 4.193.204.169:0] script '/domains/biehlweb/ff.php' not found or unable to stat
[Tue Feb 24 00:05:54.618362 2026] [php:error] [pid 21386] [client 104.215.189.248:0] script '/domains/proinc/66.php' not found or unable to stat
[Tue Feb 24 00:05:54.830751 2026] [php:error] [pid 21400] [client 4.193.204.169:0] script '/domains/biehlweb/ioxi-o.php' not found or unable to stat
[Tue Feb 24 00:05:54.844253 2026] [php:error] [pid 21386] [client 104.215.189.248:0] script '/domains/proinc/leuk.php' not found or unable to stat
[Tue Feb 24 00:05:54.908010 2026] [php:error] [pid 21402] [client 185.177.72.23:0] script '/domains/fayemoran/wp-login.php' not found or unable to stat
[Tue Feb 24 00:05:55.070693 2026] [php:error] [pid 21386] [client 104.215.189.248:0] script '/domains/proinc/xqq.php' not found or unable to stat
[Tue Feb 24 00:05:55.076037 2026] [php:error] [pid 21402] [client 185.177.72.23:0] script '/domains/fayemoran/wp.php' not found or unable to stat
[Tue Feb 24 00:05:55.283755 2026] [php:error] [pid 21400] [client 4.193.204.169:0] script '/domains/biehlweb/manager.php' not found or unable to stat
[Tue Feb 24 00:05:55.296779 2026] [php:error] [pid 21386] [client 104.215.189.248:0] script '/domains/proinc/kolda.php' not found or unable to stat
[Tue Feb 24 00:05:55.413737 2026] [php:error] [pid 21402] [client 185.177.72.23:0] script '/domains/fayemoran/x.php' not found or unable to stat
[Tue Feb 24 00:05:55.519570 2026] [php:error] [pid 21400] [client 4.193.204.169:0] script '/domains/biehlweb/wp-update.php' not found or unable to stat
[Tue Feb 24 00:05:55.522720 2026] [php:error] [pid 21386] [client 104.215.189.248:0] script '/domains/proinc/nw.php' not found or unable to stat
[Tue Feb 24 00:05:55.746005 2026] [php:error] [pid 21400] [client 4.193.204.169:0] script '/domains/biehlweb/file.php' not found or unable to stat
[Tue Feb 24 00:05:55.748612 2026] [php:error] [pid 21386] [client 104.215.189.248:0] script '/domains/proinc/god.php' not found or unable to stat
[Tue Feb 24 00:05:55.972634 2026] [php:error] [pid 21400] [client 4.193.204.169:0] script '/domains/biehlweb/lc.php' not found or unable to stat
[Tue Feb 24 00:05:55.974804 2026] [php:error] [pid 21386] [client 104.215.189.248:0] script '/domains/proinc/666.php' not found or unable to stat
[Tue Feb 24 00:05:56.200880 2026] [php:error] [pid 21386] [client 104.215.189.248:0] script '/domains/proinc/kj.php' not found or unable to stat
[Tue Feb 24 00:05:56.227537 2026] [php:error] [pid 21400] [client 4.193.204.169:0] script '/domains/biehlweb/cbrfo.php' not found or unable to stat
[Tue Feb 24 00:05:56.426852 2026] [php:error] [pid 21386] [client 104.215.189.248:0] script '/domains/proinc/un.php' not found or unable to stat
[Tue Feb 24 00:05:56.554618 2026] [php:error] [pid 21400] [client 4.193.204.169:0] script '/domains/biehlweb/inc.php' not found or unable to stat
[Tue Feb 24 00:05:56.653193 2026] [php:error] [pid 21386] [client 104.215.189.248:0] script '/domains/proinc/fs.php' not found or unable to stat
[Tue Feb 24 00:05:56.879616 2026] [php:error] [pid 21386] [client 104.215.189.248:0] script '/domains/proinc/ms.php' not found or unable to stat
[Tue Feb 24 00:05:57.105678 2026] [php:error] [pid 21386] [client 104.215.189.248:0] script '/domains/proinc/login8.php' not found or unable to stat
[Tue Feb 24 00:05:57.331823 2026] [php:error] [pid 21386] [client 104.215.189.248:0] script '/domains/proinc/nnyvn.php' not found or unable to stat
[Tue Feb 24 00:05:57.353771 2026] [php:error] [pid 21397] [client 4.193.204.169:0] script '/domains/biehlweb/gifclass.php' not found or unable to stat
[Tue Feb 24 00:05:57.557883 2026] [php:error] [pid 21386] [client 104.215.189.248:0] script '/domains/proinc/cu.php' not found or unable to stat
[Tue Feb 24 00:05:57.583798 2026] [php:error] [pid 21397] [client 4.193.204.169:0] script '/domains/biehlweb/miansha.php' not found or unable to stat
[Tue Feb 24 00:05:57.794808 2026] [php:error] [pid 21386] [client 104.215.189.248:0] script '/domains/proinc/lul.php' not found or unable to stat
[Tue Feb 24 00:05:57.925907 2026] [php:error] [pid 21397] [client 4.193.204.169:0] script '/domains/biehlweb/tinyfilemanager.php' not found or unable to stat
[Tue Feb 24 00:05:58.021231 2026] [php:error] [pid 21386] [client 104.215.189.248:0] script '/domains/proinc/0.php' not found or unable to stat
[Tue Feb 24 00:05:58.156348 2026] [php:error] [pid 21397] [client 4.193.204.169:0] script '/domains/biehlweb/admin.php' not found or unable to stat
[Tue Feb 24 00:05:58.247490 2026] [php:error] [pid 21386] [client 104.215.189.248:0] script '/domains/proinc/ms-edit.php' not found or unable to stat
[Tue Feb 24 00:05:58.394248 2026] [php:error] [pid 21397] [client 4.193.204.169:0] script '/domains/biehlweb/ok.php' not found or unable to stat
[Tue Feb 24 00:05:58.474083 2026] [php:error] [pid 21386] [client 104.215.189.248:0] script '/domains/proinc/ya.php' not found or unable to stat
[Tue Feb 24 00:05:58.634713 2026] [php:error] [pid 21397] [client 4.193.204.169:0] script '/domains/biehlweb/fi.php' not found or unable to stat
[Tue Feb 24 00:05:58.700227 2026] [php:error] [pid 21386] [client 104.215.189.248:0] script '/domains/proinc/grsiuk.php' not found or unable to stat
[Tue Feb 24 00:05:58.866142 2026] [php:error] [pid 21397] [client 4.193.204.169:0] script '/domains/biehlweb/muzu.php' not found or unable to stat
[Tue Feb 24 00:05:58.926247 2026] [php:error] [pid 21386] [client 104.215.189.248:0] script '/domains/proinc/wp-blog.php' not found or unable to stat
[Tue Feb 24 00:05:59.097126 2026] [php:error] [pid 21397] [client 4.193.204.169:0] script '/domains/biehlweb/reze.php' not found or unable to stat
[Tue Feb 24 00:05:59.153254 2026] [php:error] [pid 21386] [client 104.215.189.248:0] script '/domains/proinc/wp-access.php' not found or unable to stat
[Tue Feb 24 00:05:59.354806 2026] [php:error] [pid 21397] [client 4.193.204.169:0] script '/domains/biehlweb/styll.php' not found or unable to stat
[Tue Feb 24 00:05:59.385179 2026] [php:error] [pid 21386] [client 104.215.189.248:0] script '/domains/proinc/a1vx.php' not found or unable to stat
[Tue Feb 24 00:05:59.584960 2026] [php:error] [pid 21397] [client 4.193.204.169:0] script '/domains/biehlweb/x7.php' not found or unable to stat
[Tue Feb 24 00:05:59.612115 2026] [php:error] [pid 21386] [client 104.215.189.248:0] script '/domains/proinc/sbhu.php' not found or unable to stat
[Tue Feb 24 00:05:59.838740 2026] [php:error] [pid 21386] [client 104.215.189.248:0] script '/domains/proinc/wp-the.php' not found or unable to stat
[Tue Feb 24 00:05:59.867098 2026] [php:error] [pid 21397] [client 4.193.204.169:0] script '/domains/biehlweb/thebe.php' not found or unable to stat
[Tue Feb 24 00:06:00.064873 2026] [php:error] [pid 21386] [client 104.215.189.248:0] script '/domains/proinc/06.php' not found or unable to stat
[Tue Feb 24 00:06:00.231999 2026] [php:error] [pid 21397] [client 4.193.204.169:0] script '/domains/biehlweb/ddd.php' not found or unable to stat
[Tue Feb 24 00:06:00.290937 2026] [php:error] [pid 21386] [client 104.215.189.248:0] script '/domains/proinc/wp5.php' not found or unable to stat
[Tue Feb 24 00:06:00.461849 2026] [php:error] [pid 21397] [client 4.193.204.169:0] script '/domains/biehlweb/bgymj.php' not found or unable to stat
[Tue Feb 24 00:06:00.517744 2026] [php:error] [pid 21386] [client 104.215.189.248:0] script '/domains/proinc/fot.php' not found or unable to stat
[Tue Feb 24 00:06:00.612293 2026] [php:error] [pid 21402] [client 185.177.72.23:0] script '/domains/fayemoran/wp-config.php.orig' not found or unable to stat
[Tue Feb 24 00:06:00.743623 2026] [php:error] [pid 21386] [client 104.215.189.248:0] script '/domains/proinc/ff1.php' not found or unable to stat
[Tue Feb 24 00:06:00.931746 2026] [php:error] [pid 21397] [client 4.193.204.169:0] script '/domains/biehlweb/ioxi.php' not found or unable to stat
[Tue Feb 24 00:06:00.969356 2026] [php:error] [pid 21386] [client 104.215.189.248:0] script '/domains/proinc/forbidals.php' not found or unable to stat
[Tue Feb 24 00:06:01.162096 2026] [php:error] [pid 21397] [client 4.193.204.169:0] script '/domains/biehlweb/xpwer1.php' not found or unable to stat
[Tue Feb 24 00:06:01.195124 2026] [php:error] [pid 21386] [client 104.215.189.248:0] script '/domains/proinc/erty.php' not found or unable to stat
[Tue Feb 24 00:06:01.392980 2026] [php:error] [pid 21397] [client 4.193.204.169:0] script '/domains/biehlweb/lala.php' not found or unable to stat
[Tue Feb 24 00:06:01.421909 2026] [php:error] [pid 21386] [client 104.215.189.248:0] script '/domains/proinc/dev1s.php' not found or unable to stat
[Tue Feb 24 00:06:01.642919 2026] [php:error] [pid 21397] [client 4.193.204.169:0] script '/domains/biehlweb/about.php' not found or unable to stat
[Tue Feb 24 00:06:01.647934 2026] [php:error] [pid 21386] [client 104.215.189.248:0] script '/domains/proinc/ffd.php' not found or unable to stat
[Tue Feb 24 00:06:01.873979 2026] [php:error] [pid 21386] [client 104.215.189.248:0] script '/domains/proinc/admiin.php' not found or unable to stat
[Tue Feb 24 00:06:02.100828 2026] [php:error] [pid 21386] [client 104.215.189.248:0] script '/domains/proinc/ol.php' not found or unable to stat
[Tue Feb 24 00:06:02.305818 2026] [php:error] [pid 21397] [client 4.193.204.169:0] script '/domains/biehlweb/cgi-bin/index.php' not found or unable to stat
[Tue Feb 24 00:06:02.326871 2026] [php:error] [pid 21386] [client 104.215.189.248:0] script '/domains/proinc/Sanskrit.php' not found or unable to stat
[Tue Feb 24 00:06:02.555731 2026] [php:error] [pid 21386] [client 104.215.189.248:0] script '/domains/proinc/vxrl.php' not found or unable to stat
[Tue Feb 24 00:06:02.783345 2026] [php:error] [pid 21386] [client 104.215.189.248:0] script '/domains/proinc/re.php' not found or unable to stat
[Tue Feb 24 00:06:03.009495 2026] [php:error] [pid 21386] [client 104.215.189.248:0] script '/domains/proinc/num.php' not found or unable to stat
[Tue Feb 24 00:06:03.149243 2026] [php:error] [pid 21397] [client 4.193.204.169:0] script '/domains/biehlweb/info.php' not found or unable to stat
[Tue Feb 24 00:06:03.235592 2026] [php:error] [pid 21386] [client 104.215.189.248:0] script '/domains/proinc/axx.php' not found or unable to stat
[Tue Feb 24 00:06:03.428421 2026] [php:error] [pid 21397] [client 4.193.204.169:0] script '/domains/biehlweb/about.php' not found or unable to stat
[Tue Feb 24 00:06:03.461165 2026] [php:error] [pid 21386] [client 104.215.189.248:0] script '/domains/proinc/vxrl.php' not found or unable to stat
[Tue Feb 24 00:06:03.687053 2026] [php:error] [pid 21386] [client 104.215.189.248:0] script '/domains/proinc/in.php' not found or unable to stat
[Tue Feb 24 00:06:03.905088 2026] [php:error] [pid 21397] [client 4.193.204.169:0] script '/domains/biehlweb/222.php' not found or unable to stat
[Tue Feb 24 00:06:03.912929 2026] [php:error] [pid 21386] [client 104.215.189.248:0] script '/domains/proinc/style.php' not found or unable to stat
[Tue Feb 24 00:06:04.136650 2026] [php:error] [pid 21397] [client 4.193.204.169:0] script '/domains/biehlweb/adminfuns.php' not found or unable to stat
[Tue Feb 24 00:06:04.138830 2026] [php:error] [pid 21386] [client 104.215.189.248:0] script '/domains/proinc/we.php' not found or unable to stat
[Tue Feb 24 00:06:04.367970 2026] [php:error] [pid 21386] [client 104.215.189.248:0] script '/domains/proinc/zwso.php' not found or unable to stat
[Tue Feb 24 00:06:04.596376 2026] [php:error] [pid 21386] [client 104.215.189.248:0] script '/domains/proinc/karak.php' not found or unable to stat
[Tue Feb 24 00:06:04.609123 2026] [php:error] [pid 21397] [client 4.193.204.169:0] script '/domains/biehlweb/xx.php' not found or unable to stat
[Tue Feb 24 00:06:04.822224 2026] [php:error] [pid 21386] [client 104.215.189.248:0] script '/domains/proinc/prv8.php' not found or unable to stat
[Tue Feb 24 00:06:05.048541 2026] [php:error] [pid 21386] [client 104.215.189.248:0] script '/domains/proinc/i.php' not found or unable to stat
[Tue Feb 24 00:06:05.122714 2026] [php:error] [pid 21397] [client 4.193.204.169:0] script '/domains/biehlweb/f5.php' not found or unable to stat
[Tue Feb 24 00:06:05.274942 2026] [php:error] [pid 21386] [client 104.215.189.248:0] script '/domains/proinc/a.php' not found or unable to stat
[Tue Feb 24 00:06:05.355124 2026] [php:error] [pid 21397] [client 4.193.204.169:0] script '/domains/biehlweb/flower.php' not found or unable to stat
[Tue Feb 24 00:06:05.509692 2026] [php:error] [pid 21386] [client 104.215.189.248:0] script '/domains/proinc/xmlrpc.php' not found or unable to stat
[Tue Feb 24 00:06:05.605473 2026] [php:error] [pid 21397] [client 4.193.204.169:0] script '/domains/biehlweb/f6.php' not found or unable to stat
[Tue Feb 24 00:06:05.736141 2026] [php:error] [pid 21386] [client 104.215.189.248:0] script '/domains/proinc/aw.php' not found or unable to stat
[Tue Feb 24 00:06:05.836218 2026] [php:error] [pid 21397] [client 4.193.204.169:0] script '/domains/biehlweb/edit.php' not found or unable to stat
[Tue Feb 24 00:06:05.843810 2026] [php:error] [pid 21387] [client 185.177.72.23:0] script '/domains/fayemoran/phpinfo-server.php' not found or unable to stat
[Tue Feb 24 00:06:05.962089 2026] [php:error] [pid 21386] [client 104.215.189.248:0] script '/domains/proinc/dev.php' not found or unable to stat
[Tue Feb 24 00:06:06.187823 2026] [php:error] [pid 21386] [client 104.215.189.248:0] script '/domains/proinc/lock360.php' not found or unable to stat
[Tue Feb 24 00:06:06.196612 2026] [php:error] [pid 21387] [client 185.177.72.23:0] script '/domains/fayemoran/phpinfo_details.php' not found or unable to stat
[Tue Feb 24 00:06:06.372525 2026] [php:error] [pid 21387] [client 185.177.72.23:0] script '/domains/fayemoran/phpinfomolten.php' not found or unable to stat
[Tue Feb 24 00:06:06.413693 2026] [php:error] [pid 21386] [client 104.215.189.248:0] script '/domains/proinc/155.php' not found or unable to stat
[Tue Feb 24 00:06:06.526009 2026] [php:error] [pid 21397] [client 4.193.204.169:0] script '/domains/biehlweb/av.php' not found or unable to stat
[Tue Feb 24 00:06:06.641684 2026] [php:error] [pid 21386] [client 104.215.189.248:0] script '/domains/proinc/goat.php' not found or unable to stat
[Tue Feb 24 00:06:06.867951 2026] [php:error] [pid 21386] [client 104.215.189.248:0] script '/domains/proinc/tcp.php' not found or unable to stat
[Tue Feb 24 00:06:07.038949 2026] [php:error] [pid 21397] [client 4.193.204.169:0] script '/domains/biehlweb/wsd.php' not found or unable to stat
[Tue Feb 24 00:06:07.093977 2026] [php:error] [pid 21386] [client 104.215.189.248:0] script '/domains/proinc/ext.php' not found or unable to stat
[Tue Feb 24 00:06:07.300277 2026] [php:error] [pid 21397] [client 4.193.204.169:0] script '/domains/biehlweb/jane.php' not found or unable to stat
[Tue Feb 24 00:06:07.320433 2026] [php:error] [pid 21386] [client 104.215.189.248:0] script '/domains/proinc/inputs.php' not found or unable to stat
[Tue Feb 24 00:06:07.530837 2026] [php:error] [pid 21397] [client 4.193.204.169:0] script '/domains/biehlweb/css.php' not found or unable to stat
[Tue Feb 24 00:06:07.546251 2026] [php:error] [pid 21386] [client 104.215.189.248:0] script '/domains/proinc/ioxi.php' not found or unable to stat
[Tue Feb 24 00:06:07.761397 2026] [php:error] [pid 21397] [client 4.193.204.169:0] script '/domains/biehlweb/alfa.php' not found or unable to stat
[Tue Feb 24 00:06:07.778626 2026] [php:error] [pid 21386] [client 104.215.189.248:0] script '/domains/proinc/fe5.php' not found or unable to stat
[Tue Feb 24 00:06:08.008826 2026] [php:error] [pid 21386] [client 104.215.189.248:0] script '/domains/proinc/ov.php' not found or unable to stat
[Tue Feb 24 00:06:08.014876 2026] [php:error] [pid 21397] [client 4.193.204.169:0] script '/domains/biehlweb/abe.php' not found or unable to stat
[Tue Feb 24 00:06:08.320505 2026] [php:error] [pid 21397] [client 4.193.204.169:0] script '/domains/biehlweb/x.php' not found or unable to stat
[Tue Feb 24 00:06:08.460458 2026] [php:error] [pid 21386] [client 104.215.189.248:0] script '/domains/proinc/default.php' not found or unable to stat
[Tue Feb 24 00:06:08.551026 2026] [php:error] [pid 21397] [client 4.193.204.169:0] script '/domains/biehlweb/xxxx.php' not found or unable to stat
[Tue Feb 24 00:06:08.687116 2026] [php:error] [pid 21386] [client 104.215.189.248:0] script '/domains/proinc/abcd.php' not found or unable to stat
[Tue Feb 24 00:06:08.790849 2026] [php:error] [pid 21397] [client 4.193.204.169:0] script '/domains/biehlweb/class.php' not found or unable to stat
[Tue Feb 24 00:06:08.913629 2026] [php:error] [pid 21386] [client 104.215.189.248:0] script '/domains/proinc/class.1.php' not found or unable to stat
[Tue Feb 24 00:06:09.020975 2026] [php:error] [pid 21397] [client 4.193.204.169:0] script '/domains/biehlweb/f35.php' not found or unable to stat
[Tue Feb 24 00:06:09.139612 2026] [php:error] [pid 21386] [client 104.215.189.248:0] script '/domains/proinc/async.php' not found or unable to stat
[Tue Feb 24 00:06:09.365742 2026] [php:error] [pid 21386] [client 104.215.189.248:0] script '/domains/proinc/ff.php' not found or unable to stat
[Tue Feb 24 00:06:09.538629 2026] [php:error] [pid 21387] [client 185.177.72.23:0] script '/domains/fayemoran/wp-config-sample.php.bak' not found or unable to stat
[Tue Feb 24 00:06:09.591860 2026] [php:error] [pid 21386] [client 104.215.189.248:0] script '/domains/proinc/ioxi-o.php' not found or unable to stat
[Tue Feb 24 00:06:09.626672 2026] [php:error] [pid 21387] [client 185.177.72.23:0] script '/domains/fayemoran/wp-config.php.bak1' not found or unable to stat
[Tue Feb 24 00:06:09.802732 2026] [php:error] [pid 21387] [client 185.177.72.23:0] script '/domains/fayemoran/config.inc.php.bak' not found or unable to stat
[Tue Feb 24 00:06:09.817666 2026] [php:error] [pid 21386] [client 104.215.189.248:0] script '/domains/proinc/manager.php' not found or unable to stat
[Tue Feb 24 00:06:09.890714 2026] [php:error] [pid 21387] [client 185.177.72.23:0] script '/domains/fayemoran/connect.php.bak' not found or unable to stat
[Tue Feb 24 00:06:09.956895 2026] [php:error] [pid 21397] [client 4.193.204.169:0] script '/domains/biehlweb/class-t.api.php' not found or unable to stat
[Tue Feb 24 00:06:09.978904 2026] [php:error] [pid 21387] [client 185.177.72.23:0] script '/domains/fayemoran/connection.php.bak' not found or unable to stat
[Tue Feb 24 00:06:10.043614 2026] [php:error] [pid 21386] [client 104.215.189.248:0] script '/domains/proinc/wp-update.php' not found or unable to stat
[Tue Feb 24 00:06:10.066987 2026] [php:error] [pid 21387] [client 185.177.72.23:0] script '/domains/fayemoran/conn.php.bak' not found or unable to stat
[Tue Feb 24 00:06:10.196173 2026] [php:error] [pid 21397] [client 4.193.204.169:0] script '/domains/biehlweb/blurbs18.php' not found or unable to stat
[Tue Feb 24 00:06:10.272005 2026] [php:error] [pid 21386] [client 104.215.189.248:0] script '/domains/proinc/file.php' not found or unable to stat
[Tue Feb 24 00:06:10.986685 2026] [php:error] [pid 21417] [client 104.215.189.248:0] script '/domains/proinc/lc.php' not found or unable to stat
[Tue Feb 24 00:06:11.213628 2026] [php:error] [pid 21417] [client 104.215.189.248:0] script '/domains/proinc/cbrfo.php' not found or unable to stat
[Tue Feb 24 00:06:11.440613 2026] [php:error] [pid 21417] [client 104.215.189.248:0] script '/domains/proinc/inc.php' not found or unable to stat
[Tue Feb 24 00:06:11.667524 2026] [php:error] [pid 21417] [client 104.215.189.248:0] script '/domains/proinc/gifclass.php' not found or unable to stat
[Tue Feb 24 00:06:11.896783 2026] [php:error] [pid 21417] [client 104.215.189.248:0] script '/domains/proinc/miansha.php' not found or unable to stat
[Tue Feb 24 00:06:11.902825 2026] [php:error] [pid 21397] [client 4.193.204.169:0] script '/domains/biehlweb/bless11.php' not found or unable to stat
[Tue Feb 24 00:06:12.124173 2026] [php:error] [pid 21417] [client 104.215.189.248:0] script '/domains/proinc/tinyfilemanager.php' not found or unable to stat
[Tue Feb 24 00:06:12.133078 2026] [php:error] [pid 21397] [client 4.193.204.169:0] script '/domains/biehlweb/init.php' not found or unable to stat
[Tue Feb 24 00:06:12.351142 2026] [php:error] [pid 21417] [client 104.215.189.248:0] script '/domains/proinc/admin.php' not found or unable to stat
[Tue Feb 24 00:06:12.577659 2026] [php:error] [pid 21417] [client 104.215.189.248:0] script '/domains/proinc/ok.php' not found or unable to stat
[Tue Feb 24 00:06:12.646818 2026] [php:error] [pid 21397] [client 4.193.204.169:0] script '/domains/biehlweb/k.php' not found or unable to stat
[Tue Feb 24 00:06:12.804074 2026] [php:error] [pid 21417] [client 104.215.189.248:0] script '/domains/proinc/fi.php' not found or unable to stat
[Tue Feb 24 00:06:12.830707 2026] [php:error] [pid 21414] [client 185.177.72.23:0] script '/domains/fayemoran/config.php.old' not found or unable to stat
[Tue Feb 24 00:06:12.880909 2026] [php:error] [pid 21397] [client 4.193.204.169:0] script '/domains/biehlweb/bless.php' not found or unable to stat
[Tue Feb 24 00:06:12.921642 2026] [php:error] [pid 21414] [client 185.177.72.23:0] script '/domains/fayemoran/config.inc.php' not found or unable to stat
[Tue Feb 24 00:06:13.030890 2026] [php:error] [pid 21417] [client 104.215.189.248:0] script '/domains/proinc/muzu.php' not found or unable to stat
[Tue Feb 24 00:06:13.127164 2026] [php:error] [pid 21397] [client 4.193.204.169:0] script '/domains/biehlweb/X7x.php' not found or unable to stat
[Tue Feb 24 00:06:13.257493 2026] [php:error] [pid 21417] [client 104.215.189.248:0] script '/domains/proinc/reze.php' not found or unable to stat
[Tue Feb 24 00:06:13.357502 2026] [php:error] [pid 21397] [client 4.193.204.169:0] script '/domains/biehlweb/166.php' not found or unable to stat
[Tue Feb 24 00:06:13.483856 2026] [php:error] [pid 21417] [client 104.215.189.248:0] script '/domains/proinc/styll.php' not found or unable to stat
[Tue Feb 24 00:06:13.676476 2026] [php:error] [pid 21397] [client 4.193.204.169:0] script '/domains/biehlweb/plss3.php' not found or unable to stat
[Tue Feb 24 00:06:13.710334 2026] [php:error] [pid 21417] [client 104.215.189.248:0] script '/domains/proinc/x7.php' not found or unable to stat
[Tue Feb 24 00:06:13.927905 2026] [php:error] [pid 21414] [client 185.177.72.23:0] script '/domains/fayemoran/settings.php.bak' not found or unable to stat
[Tue Feb 24 00:06:13.939431 2026] [php:error] [pid 21417] [client 104.215.189.248:0] script '/domains/proinc/thebe.php' not found or unable to stat
[Tue Feb 24 00:06:14.018812 2026] [php:error] [pid 21414] [client 185.177.72.23:0] script '/domains/fayemoran/settings.php.old' not found or unable to stat
[Tue Feb 24 00:06:14.109840 2026] [php:error] [pid 21414] [client 185.177.72.23:0] script '/domains/fayemoran/settings.php.save' not found or unable to stat
[Tue Feb 24 00:06:14.144711 2026] [php:error] [pid 21397] [client 4.193.204.169:0] script '/domains/biehlweb/admins.php' not found or unable to stat
[Tue Feb 24 00:06:14.165988 2026] [php:error] [pid 21417] [client 104.215.189.248:0] script '/domains/proinc/ddd.php' not found or unable to stat
[Tue Feb 24 00:06:14.392510 2026] [php:error] [pid 21417] [client 104.215.189.248:0] script '/domains/proinc/bgymj.php' not found or unable to stat
[Tue Feb 24 00:06:14.448947 2026] [php:error] [pid 21397] [client 4.193.204.169:0] script '/domains/biehlweb/wp.php' not found or unable to stat
[Tue Feb 24 00:06:14.619323 2026] [php:error] [pid 21417] [client 104.215.189.248:0] script '/domains/proinc/8xyz.php' not found or unable to stat
[Tue Feb 24 00:06:14.680668 2026] [php:error] [pid 21397] [client 4.193.204.169:0] script '/domains/biehlweb/main.php' not found or unable to stat
[Tue Feb 24 00:06:14.845860 2026] [php:error] [pid 21417] [client 104.215.189.248:0] script '/domains/proinc/ioxi.php' not found or unable to stat
[Tue Feb 24 00:06:14.912295 2026] [php:error] [pid 21397] [client 4.193.204.169:0] script '/domains/biehlweb/a1.php' not found or unable to stat
[Tue Feb 24 00:06:15.074085 2026] [php:error] [pid 21417] [client 104.215.189.248:0] script '/domains/proinc/xpwer1.php' not found or unable to stat
[Tue Feb 24 00:06:15.148843 2026] [php:error] [pid 21397] [client 4.193.204.169:0] script '/domains/biehlweb/lala.php' not found or unable to stat
[Tue Feb 24 00:06:15.300708 2026] [php:error] [pid 21417] [client 104.215.189.248:0] script '/domains/proinc/lala.php' not found or unable to stat
[Tue Feb 24 00:06:15.378923 2026] [php:error] [pid 21397] [client 4.193.204.169:0] script '/domains/biehlweb/aaa.php' not found or unable to stat
[Tue Feb 24 00:06:15.527352 2026] [php:error] [pid 21417] [client 104.215.189.248:0] script '/domains/proinc/about.php' not found or unable to stat
[Tue Feb 24 00:06:15.843985 2026] [php:error] [pid 21397] [client 4.193.204.169:0] script '/domains/biehlweb/a2.php' not found or unable to stat
[Tue Feb 24 00:06:16.298687 2026] [php:error] [pid 21414] [client 185.177.72.23:0] script '/domains/fayemoran/configuration.php.bak' not found or unable to stat
[Tue Feb 24 00:06:16.457717 2026] [php:error] [pid 21397] [client 4.193.204.169:0] script '/domains/biehlweb/jsond.php' not found or unable to stat
[Tue Feb 24 00:06:16.660451 2026] [php:error] [pid 21417] [client 104.215.189.248:0] script '/domains/proinc/info.php' not found or unable to stat
[Tue Feb 24 00:06:16.887307 2026] [php:error] [pid 21417] [client 104.215.189.248:0] script '/domains/proinc/about.php' not found or unable to stat
