[Tue Feb 24 00:39:50.400047 2026] [php:error] [pid 21883] [client 20.151.220.171:0] script '/domains/mjbradley/ioxi.php' not found or unable to stat
[Tue Feb 24 00:39:50.424834 2026] [php:error] [pid 21883] [client 20.151.220.171:0] script '/domains/mjbradley/xpwer1.php' not found or unable to stat
[Tue Feb 24 00:39:50.447579 2026] [php:error] [pid 21883] [client 20.151.220.171:0] script '/domains/mjbradley/lala.php' not found or unable to stat
[Tue Feb 24 00:39:50.470375 2026] [php:error] [pid 21883] [client 20.151.220.171:0] script '/domains/mjbradley/about.php' not found or unable to stat
[Tue Feb 24 00:39:50.584796 2026] [php:error] [pid 21883] [client 20.151.220.171:0] script '/domains/mjbradley/info.php' not found or unable to stat
[Tue Feb 24 00:39:50.607647 2026] [php:error] [pid 21883] [client 20.151.220.171:0] script '/domains/mjbradley/about.php' not found or unable to stat
[Tue Feb 24 00:39:50.655589 2026] [php:error] [pid 21883] [client 20.151.220.171:0] script '/domains/mjbradley/222.php' not found or unable to stat
[Tue Feb 24 00:39:50.680924 2026] [php:error] [pid 21883] [client 20.151.220.171:0] script '/domains/mjbradley/adminfuns.php' not found or unable to stat
[Tue Feb 24 00:39:50.704228 2026] [php:error] [pid 21888] [client 98.159.226.88:0] script '/domains/larrysr/xx.php' not found or unable to stat
[Tue Feb 24 00:39:50.730996 2026] [php:error] [pid 21883] [client 20.151.220.171:0] script '/domains/mjbradley/xx.php' not found or unable to stat
[Tue Feb 24 00:39:50.776277 2026] [php:error] [pid 21883] [client 20.151.220.171:0] script '/domains/mjbradley/f5.php' not found or unable to stat
[Tue Feb 24 00:39:50.799040 2026] [php:error] [pid 21883] [client 20.151.220.171:0] script '/domains/mjbradley/flower.php' not found or unable to stat
[Tue Feb 24 00:39:50.821802 2026] [php:error] [pid 21883] [client 20.151.220.171:0] script '/domains/mjbradley/f6.php' not found or unable to stat
[Tue Feb 24 00:39:50.844747 2026] [php:error] [pid 21883] [client 20.151.220.171:0] script '/domains/mjbradley/edit.php' not found or unable to stat
[Tue Feb 24 00:39:50.867945 2026] [php:error] [pid 21888] [client 98.159.226.88:0] script '/domains/larrysr/autoload_classmap.php' not found or unable to stat
[Tue Feb 24 00:39:50.913101 2026] [php:error] [pid 21883] [client 20.151.220.171:0] script '/domains/mjbradley/av.php' not found or unable to stat
[Tue Feb 24 00:39:50.958272 2026] [php:error] [pid 21883] [client 20.151.220.171:0] script '/domains/mjbradley/wsd.php' not found or unable to stat
[Tue Feb 24 00:39:50.981093 2026] [php:error] [pid 21883] [client 20.151.220.171:0] script '/domains/mjbradley/jane.php' not found or unable to stat
[Tue Feb 24 00:39:51.003925 2026] [php:error] [pid 21883] [client 20.151.220.171:0] script '/domains/mjbradley/css.php' not found or unable to stat
[Tue Feb 24 00:39:51.027160 2026] [php:error] [pid 21883] [client 20.151.220.171:0] script '/domains/mjbradley/alfa.php' not found or unable to stat
[Tue Feb 24 00:39:51.049971 2026] [php:error] [pid 21883] [client 20.151.220.171:0] script '/domains/mjbradley/abe.php' not found or unable to stat
[Tue Feb 24 00:39:51.072917 2026] [php:error] [pid 21883] [client 20.151.220.171:0] script '/domains/mjbradley/x.php' not found or unable to stat
[Tue Feb 24 00:39:51.095830 2026] [php:error] [pid 21883] [client 20.151.220.171:0] script '/domains/mjbradley/xxxx.php' not found or unable to stat
[Tue Feb 24 00:39:51.119102 2026] [php:error] [pid 21883] [client 20.151.220.171:0] script '/domains/mjbradley/class.php' not found or unable to stat
[Tue Feb 24 00:39:51.141941 2026] [php:error] [pid 21883] [client 20.151.220.171:0] script '/domains/mjbradley/f35.php' not found or unable to stat
[Tue Feb 24 00:39:51.233272 2026] [php:error] [pid 21883] [client 20.151.220.171:0] script '/domains/mjbradley/class-t.api.php' not found or unable to stat
[Tue Feb 24 00:39:51.257107 2026] [php:error] [pid 21883] [client 20.151.220.171:0] script '/domains/mjbradley/blurbs18.php' not found or unable to stat
[Tue Feb 24 00:39:51.364406 2026] [php:error] [pid 21888] [client 98.159.226.88:0] script '/domains/larrysr/content.php' not found or unable to stat
[Tue Feb 24 00:39:51.416268 2026] [php:error] [pid 21883] [client 20.151.220.171:0] script '/domains/mjbradley/bless11.php' not found or unable to stat
[Tue Feb 24 00:39:51.439374 2026] [php:error] [pid 21883] [client 20.151.220.171:0] script '/domains/mjbradley/init.php' not found or unable to stat
[Tue Feb 24 00:39:51.484567 2026] [php:error] [pid 21883] [client 20.151.220.171:0] script '/domains/mjbradley/k.php' not found or unable to stat
[Tue Feb 24 00:39:51.507437 2026] [php:error] [pid 21883] [client 20.151.220.171:0] script '/domains/mjbradley/bless.php' not found or unable to stat
[Tue Feb 24 00:39:51.530396 2026] [php:error] [pid 21883] [client 20.151.220.171:0] script '/domains/mjbradley/X7x.php' not found or unable to stat
[Tue Feb 24 00:39:51.553274 2026] [php:error] [pid 21883] [client 20.151.220.171:0] script '/domains/mjbradley/166.php' not found or unable to stat
[Tue Feb 24 00:39:51.576069 2026] [php:error] [pid 21883] [client 20.151.220.171:0] script '/domains/mjbradley/plss3.php' not found or unable to stat
[Tue Feb 24 00:39:51.621659 2026] [php:error] [pid 21883] [client 20.151.220.171:0] script '/domains/mjbradley/admins.php' not found or unable to stat
[Tue Feb 24 00:39:51.644775 2026] [php:error] [pid 21883] [client 20.151.220.171:0] script '/domains/mjbradley/wp.php' not found or unable to stat
[Tue Feb 24 00:39:51.667496 2026] [php:error] [pid 21883] [client 20.151.220.171:0] script '/domains/mjbradley/main.php' not found or unable to stat
[Tue Feb 24 00:39:51.691007 2026] [php:error] [pid 21883] [client 20.151.220.171:0] script '/domains/mjbradley/a1.php' not found or unable to stat
[Tue Feb 24 00:39:51.716439 2026] [php:error] [pid 21883] [client 20.151.220.171:0] script '/domains/mjbradley/lala.php' not found or unable to stat
[Tue Feb 24 00:39:51.739217 2026] [php:error] [pid 21883] [client 20.151.220.171:0] script '/domains/mjbradley/aaa.php' not found or unable to stat
[Tue Feb 24 00:39:51.774949 2026] [php:error] [pid 21883] [client 20.151.220.171:0] script '/domains/mjbradley/a2.php' not found or unable to stat
[Tue Feb 24 00:39:51.823469 2026] [php:error] [pid 21883] [client 20.151.220.171:0] script '/domains/mjbradley/jsond.php' not found or unable to stat
[Tue Feb 24 00:39:53.456522 2026] [php:error] [pid 21888] [client 98.159.226.88:0] script '/domains/larrysr/images/class.php' not found or unable to stat
[Tue Feb 24 00:39:53.800083 2026] [php:error] [pid 21888] [client 98.159.226.88:0] script '/domains/larrysr/web.php' not found or unable to stat
[Tue Feb 24 00:39:54.147134 2026] [php:error] [pid 21888] [client 98.159.226.88:0] script '/domains/larrysr/images/index.php' not found or unable to stat
[Tue Feb 24 00:39:54.827493 2026] [php:error] [pid 21888] [client 98.159.226.88:0] script '/domains/larrysr/wp-trackback.php' not found or unable to stat
[Tue Feb 24 00:39:55.173953 2026] [php:error] [pid 21888] [client 98.159.226.88:0] script '/domains/larrysr/radio.php' not found or unable to stat
[Tue Feb 24 00:39:55.849998 2026] [php:error] [pid 21888] [client 98.159.226.88:0] script '/domains/larrysr/wp-conflg.php' not found or unable to stat
[Tue Feb 24 00:39:56.013742 2026] [php:error] [pid 21888] [client 98.159.226.88:0] script '/domains/larrysr/wp-setup.php' not found or unable to stat
[Tue Feb 24 00:39:56.188595 2026] [php:error] [pid 21888] [client 98.159.226.88:0] script '/domains/larrysr/ms-themes.php' not found or unable to stat
[Tue Feb 24 00:39:56.566050 2026] [php:error] [pid 21888] [client 98.159.226.88:0] script '/domains/larrysr/style.php' not found or unable to stat
[Tue Feb 24 00:39:57.057369 2026] [php:error] [pid 21888] [client 98.159.226.88:0] script '/domains/larrysr/x.php' not found or unable to stat
[Tue Feb 24 00:39:57.547449 2026] [php:error] [pid 21888] [client 98.159.226.88:0] script '/domains/larrysr/images/index22.php' not found or unable to stat
[Tue Feb 24 00:39:57.740213 2026] [php:error] [pid 21888] [client 98.159.226.88:0] script '/domains/larrysr/wp-user.php' not found or unable to stat
[Tue Feb 24 00:39:58.248278 2026] [php:error] [pid 21888] [client 98.159.226.88:0] script '/domains/larrysr/config.php' not found or unable to stat
[Tue Feb 24 00:39:58.457511 2026] [php:error] [pid 21888] [client 98.159.226.88:0] script '/domains/larrysr/special.php' not found or unable to stat
[Tue Feb 24 00:40:00.531336 2026] [php:error] [pid 21882] [client 98.159.226.89:0] script '/domains/larrysr/webdb.php' not found or unable to stat
[Tue Feb 24 00:40:00.907949 2026] [php:error] [pid 21882] [client 98.159.226.89:0] script '/domains/larrysr/file2.php' not found or unable to stat
[Tue Feb 24 00:40:01.367482 2026] [php:error] [pid 21882] [client 98.159.226.89:0] script '/domains/larrysr/alfa.php' not found or unable to stat
[Tue Feb 24 00:40:02.739113 2026] [php:error] [pid 21882] [client 98.159.226.89:0] script '/domains/larrysr/edit.php' not found or unable to stat
[Tue Feb 24 00:40:03.255900 2026] [php:error] [pid 21882] [client 98.159.226.89:0] script '/domains/larrysr/wp-links-opml.php' not found or unable to stat
[Tue Feb 24 00:40:03.592495 2026] [php:error] [pid 21882] [client 98.159.226.89:0] script '/domains/larrysr/atomlib.php' not found or unable to stat
[Tue Feb 24 00:40:04.506727 2026] [php:error] [pid 21882] [client 98.159.226.89:0] script '/domains/larrysr/xp.php' not found or unable to stat
[Tue Feb 24 00:40:05.010328 2026] [php:error] [pid 21882] [client 98.159.226.89:0] script '/domains/larrysr/wp-links.php' not found or unable to stat
[Tue Feb 24 00:40:06.868336 2026] [php:error] [pid 21882] [client 98.159.226.89:0] script '/domains/larrysr/moon.php' not found or unable to stat
[Tue Feb 24 00:40:07.418929 2026] [php:error] [pid 21882] [client 98.159.226.89:0] script '/domains/larrysr/webadmin.php' not found or unable to stat
[Tue Feb 24 00:40:07.973858 2026] [php:error] [pid 21882] [client 98.159.226.89:0] script '/domains/larrysr/xl2023.php' not found or unable to stat
[Tue Feb 24 00:40:08.149639 2026] [php:error] [pid 21882] [client 98.159.226.89:0] script '/domains/larrysr/go.php' not found or unable to stat
[Tue Feb 24 00:40:11.615140 2026] [php:error] [pid 21882] [client 98.159.226.89:0] script '/domains/larrysr/hehehehe.php' not found or unable to stat
[Tue Feb 24 00:40:16.289281 2026] [php:error] [pid 21867] [client 98.159.226.90:0] script '/domains/larrysr/byp.php' not found or unable to stat
[Tue Feb 24 00:40:17.780223 2026] [php:error] [pid 21867] [client 98.159.226.90:0] script '/domains/larrysr/class.api.php' not found or unable to stat
[Tue Feb 24 00:40:18.291102 2026] [php:error] [pid 21867] [client 98.159.226.90:0] script '/domains/larrysr/system_log.php' not found or unable to stat
[Tue Feb 24 00:40:18.455574 2026] [php:error] [pid 21867] [client 98.159.226.90:0] script '/domains/larrysr/.alf.php' not found or unable to stat
[Tue Feb 24 00:40:18.650845 2026] [php:error] [pid 21867] [client 98.159.226.90:0] script '/domains/larrysr/wso.php' not found or unable to stat
[Tue Feb 24 00:40:18.992645 2026] [php:error] [pid 21867] [client 98.159.226.90:0] script '/domains/larrysr/flower.php' not found or unable to stat
[Tue Feb 24 00:40:19.743623 2026] [php:error] [pid 21867] [client 98.159.226.90:0] script '/domains/larrysr/ioxi-o.php' not found or unable to stat
[Tue Feb 24 00:40:19.912351 2026] [php:error] [pid 21867] [client 98.159.226.90:0] script '/domains/larrysr/info.php' not found or unable to stat
[Tue Feb 24 00:40:20.076707 2026] [php:error] [pid 21867] [client 98.159.226.90:0] script '/domains/larrysr/setup.php' not found or unable to stat
[Tue Feb 24 00:40:20.923107 2026] [php:error] [pid 21867] [client 98.159.226.90:0] script '/domains/larrysr/as.php' not found or unable to stat
[Tue Feb 24 00:40:21.087300 2026] [php:error] [pid 21867] [client 98.159.226.90:0] script '/domains/larrysr/cc.php' not found or unable to stat
[Tue Feb 24 00:40:21.416162 2026] [php:error] [pid 21867] [client 98.159.226.90:0] script '/domains/larrysr/ab.php' not found or unable to stat
[Tue Feb 24 00:40:21.978474 2026] [php:error] [pid 21867] [client 98.159.226.90:0] script '/domains/larrysr/doc.php' not found or unable to stat
[Tue Feb 24 00:40:22.515194 2026] [php:error] [pid 21867] [client 98.159.226.90:0] script '/domains/larrysr/wp-login.php' not found or unable to stat
[Tue Feb 24 00:40:22.712184 2026] [php:error] [pid 21867] [client 98.159.226.90:0] script '/domains/larrysr/mar.php' not found or unable to stat
[Tue Feb 24 00:40:23.213650 2026] [php:error] [pid 21867] [client 98.159.226.90:0] script '/domains/larrysr/1.php' not found or unable to stat
[Tue Feb 24 00:40:24.893450 2026] [php:error] [pid 21867] [client 98.159.226.90:0] script '/domains/larrysr/fm.php' not found or unable to stat
[Tue Feb 24 00:40:25.586987 2026] [php:error] [pid 21867] [client 98.159.226.90:0] script '/domains/larrysr/ini.php' not found or unable to stat
[Tue Feb 24 00:40:27.534890 2026] [php:error] [pid 21898] [client 98.159.226.88:0] script '/domains/larrysr/wp-content.php' not found or unable to stat
[Tue Feb 24 00:40:28.461431 2026] [php:error] [pid 21898] [client 98.159.226.88:0] script '/domains/larrysr/customize.php' not found or unable to stat
[Tue Feb 24 00:40:28.638686 2026] [php:error] [pid 21898] [client 98.159.226.88:0] script '/domains/larrysr/license.php' not found or unable to stat
[Tue Feb 24 00:40:28.982200 2026] [php:error] [pid 21898] [client 98.159.226.88:0] script '/domains/larrysr/lock.php' not found or unable to stat
[Tue Feb 24 00:40:30.301689 2026] [php:error] [pid 21898] [client 98.159.226.88:0] script '/domains/larrysr/wp-good.php' not found or unable to stat
[Tue Feb 24 00:40:31.839607 2026] [php:error] [pid 21898] [client 98.159.226.88:0] script '/domains/larrysr/ff2.php' not found or unable to stat
[Tue Feb 24 00:40:32.554639 2026] [php:error] [pid 21898] [client 98.159.226.88:0] script '/domains/larrysr/jp.php' not found or unable to stat
[Tue Feb 24 00:40:32.698346 2026] [php:error] [pid 21900] [client 4.193.204.169:0] script '/domains/nealis/new4.php' not found or unable to stat
[Tue Feb 24 00:40:32.754633 2026] [php:error] [pid 21898] [client 98.159.226.88:0] script '/domains/larrysr/wp-atom.php' not found or unable to stat
[Tue Feb 24 00:40:32.929090 2026] [php:error] [pid 21900] [client 4.193.204.169:0] script '/domains/nealis/shell20211028.php' not found or unable to stat
[Tue Feb 24 00:40:33.133619 2026] [php:error] [pid 21898] [client 98.159.226.88:0] script '/domains/larrysr/up.php' not found or unable to stat
[Tue Feb 24 00:40:33.404304 2026] [php:error] [pid 21900] [client 4.193.204.169:0] script '/domains/nealis/db.php' not found or unable to stat
[Tue Feb 24 00:40:34.022045 2026] [php:error] [pid 21900] [client 4.193.204.169:0] script '/domains/nealis/wc49.php' not found or unable to stat
[Tue Feb 24 00:40:34.237459 2026] [php:error] [pid 21898] [client 98.159.226.88:0] script '/domains/larrysr/worm.PhP' not found or unable to stat
[Tue Feb 24 00:40:34.284351 2026] [php:error] [pid 21900] [client 4.193.204.169:0] script '/domains/nealis/TL.php' not found or unable to stat
[Tue Feb 24 00:40:34.413649 2026] [php:error] [pid 21898] [client 98.159.226.88:0] script '/domains/larrysr/ext.php' not found or unable to stat
[Tue Feb 24 00:40:34.577795 2026] [php:error] [pid 21898] [client 98.159.226.88:0] script '/domains/larrysr/delpaths.php' not found or unable to stat
[Tue Feb 24 00:40:34.617466 2026] [php:error] [pid 21900] [client 4.193.204.169:0] script '/domains/nealis/sys.php' not found or unable to stat
[Tue Feb 24 00:40:34.869173 2026] [php:error] [pid 21900] [client 4.193.204.169:0] script '/domains/nealis/fck.php' not found or unable to stat
[Tue Feb 24 00:40:35.112471 2026] [php:error] [pid 21900] [client 4.193.204.169:0] script '/domains/nealis/x123x.php' not found or unable to stat
[Tue Feb 24 00:40:35.377005 2026] [php:error] [pid 21900] [client 4.193.204.169:0] script '/domains/nealis/wp-michan.php' not found or unable to stat
[Tue Feb 24 00:40:35.609727 2026] [php:error] [pid 21900] [client 4.193.204.169:0] script '/domains/nealis/nw2.php' not found or unable to stat
[Tue Feb 24 00:40:35.674881 2026] [php:error] [pid 21898] [client 98.159.226.88:0] script '/domains/larrysr/gifclass.php' not found or unable to stat
[Tue Feb 24 00:40:35.840308 2026] [php:error] [pid 21900] [client 4.193.204.169:0] script '/domains/nealis/blackmini.php' not found or unable to stat
[Tue Feb 24 00:40:35.842654 2026] [php:error] [pid 21898] [client 98.159.226.88:0] script '/domains/larrysr/plugin.php' not found or unable to stat
[Tue Feb 24 00:40:36.078927 2026] [php:error] [pid 21900] [client 4.193.204.169:0] script '/domains/nealis/gssdd.php' not found or unable to stat
[Tue Feb 24 00:40:36.205877 2026] [php:error] [pid 21898] [client 98.159.226.88:0] script '/domains/larrysr/update-core.php' not found or unable to stat
[Tue Feb 24 00:40:36.309229 2026] [php:error] [pid 21900] [client 4.193.204.169:0] script '/domains/nealis/F19.php' not found or unable to stat
[Tue Feb 24 00:40:36.580407 2026] [php:error] [pid 21898] [client 98.159.226.88:0] script '/domains/larrysr/wp-mail.php' not found or unable to stat
[Tue Feb 24 00:40:36.604072 2026] [php:error] [pid 21900] [client 4.193.204.169:0] script '/domains/nealis/F1.php' not found or unable to stat
[Tue Feb 24 00:40:36.856079 2026] [php:error] [pid 21900] [client 4.193.204.169:0] script '/domains/nealis/fff.php' not found or unable to stat
[Tue Feb 24 00:40:37.110860 2026] [php:error] [pid 21900] [client 4.193.204.169:0] script '/domains/nealis/R57.php' not found or unable to stat
[Tue Feb 24 00:40:37.341860 2026] [php:error] [pid 21900] [client 4.193.204.169:0] script '/domains/nealis/4h.php' not found or unable to stat
[Tue Feb 24 00:40:37.572687 2026] [php:error] [pid 21900] [client 4.193.204.169:0] script '/domains/nealis/yussef.php' not found or unable to stat
[Tue Feb 24 00:40:37.803612 2026] [php:error] [pid 21900] [client 4.193.204.169:0] script '/domains/nealis/bs1.php' not found or unable to stat
[Tue Feb 24 00:40:38.049610 2026] [php:error] [pid 21900] [client 4.193.204.169:0] script '/domains/nealis/BDKR28WP.php' not found or unable to stat
[Tue Feb 24 00:40:38.294383 2026] [php:error] [pid 21900] [client 4.193.204.169:0] script '/domains/nealis/zu.php' not found or unable to stat
[Tue Feb 24 00:40:38.525567 2026] [php:error] [pid 21900] [client 4.193.204.169:0] script '/domains/nealis/alpha.php' not found or unable to stat
[Tue Feb 24 00:40:38.526684 2026] [php:error] [pid 21895] [client 98.159.226.90:0] script '/domains/larrysr/aa.php' not found or unable to stat
[Tue Feb 24 00:40:38.691015 2026] [php:error] [pid 21895] [client 98.159.226.90:0] script '/domains/larrysr/index2.php' not found or unable to stat
[Tue Feb 24 00:40:38.758801 2026] [php:error] [pid 21900] [client 4.193.204.169:0] script '/domains/nealis/opts.php' not found or unable to stat
[Tue Feb 24 00:40:38.998732 2026] [php:error] [pid 21900] [client 4.193.204.169:0] script '/domains/nealis/wp-act.php' not found or unable to stat
[Tue Feb 24 00:40:39.249722 2026] [php:error] [pid 21900] [client 4.193.204.169:0] script '/domains/nealis/ze.php' not found or unable to stat
[Tue Feb 24 00:40:39.480113 2026] [php:error] [pid 21900] [client 4.193.204.169:0] script '/domains/nealis/seetox.php' not found or unable to stat
[Tue Feb 24 00:40:39.619577 2026] [php:error] [pid 21895] [client 98.159.226.90:0] script '/domains/larrysr/shell.php' not found or unable to stat
[Tue Feb 24 00:40:39.952853 2026] [php:error] [pid 21900] [client 4.193.204.169:0] script '/domains/nealis/plugins.php' not found or unable to stat
[Tue Feb 24 00:40:40.190796 2026] [php:error] [pid 21900] [client 4.193.204.169:0] script '/domains/nealis/xoot.php' not found or unable to stat
[Tue Feb 24 00:40:40.445499 2026] [php:error] [pid 21900] [client 4.193.204.169:0] script '/domains/nealis/X57.php' not found or unable to stat
[Tue Feb 24 00:40:40.458381 2026] [php:error] [pid 21895] [client 98.159.226.90:0] script '/domains/larrysr/hehe.php' not found or unable to stat
[Tue Feb 24 00:40:40.717939 2026] [php:error] [pid 21900] [client 4.193.204.169:0] script '/domains/nealis/file59.php' not found or unable to stat
[Tue Feb 24 00:40:41.018872 2026] [php:error] [pid 21895] [client 98.159.226.90:0] script '/domains/larrysr/dir.php' not found or unable to stat
[Tue Feb 24 00:40:41.181512 2026] [php:error] [pid 21900] [client 4.193.204.169:0] script '/domains/nealis/xa.php' not found or unable to stat
[Tue Feb 24 00:40:41.412160 2026] [php:error] [pid 21900] [client 4.193.204.169:0] script '/domains/nealis/er.php' not found or unable to stat
[Tue Feb 24 00:40:41.645015 2026] [php:error] [pid 21900] [client 4.193.204.169:0] script '/domains/nealis/fault.php' not found or unable to stat
[Tue Feb 24 00:40:41.699684 2026] [php:error] [pid 21895] [client 98.159.226.90:0] script '/domains/larrysr/nf_tracking.php' not found or unable to stat
[Tue Feb 24 00:40:41.875280 2026] [php:error] [pid 21900] [client 4.193.204.169:0] script '/domains/nealis/motu.php' not found or unable to stat
[Tue Feb 24 00:40:42.037136 2026] [php:error] [pid 21895] [client 98.159.226.90:0] script '/domains/larrysr/filefuns.php' not found or unable to stat
[Tue Feb 24 00:40:42.105741 2026] [php:error] [pid 21900] [client 4.193.204.169:0] script '/domains/nealis/66.php' not found or unable to stat
[Tue Feb 24 00:40:42.346727 2026] [php:error] [pid 21900] [client 4.193.204.169:0] script '/domains/nealis/leuk.php' not found or unable to stat
[Tue Feb 24 00:40:42.393466 2026] [php:error] [pid 21895] [client 98.159.226.90:0] script '/domains/larrysr/l.php' not found or unable to stat
[Tue Feb 24 00:40:42.557798 2026] [php:error] [pid 21895] [client 98.159.226.90:0] script '/domains/larrysr/repeater.php' not found or unable to stat
[Tue Feb 24 00:40:42.724369 2026] [php:error] [pid 21900] [client 4.193.204.169:0] script '/domains/nealis/xqq.php' not found or unable to stat
[Tue Feb 24 00:40:42.954958 2026] [php:error] [pid 21900] [client 4.193.204.169:0] script '/domains/nealis/kolda.php' not found or unable to stat
[Tue Feb 24 00:40:43.097018 2026] [php:error] [pid 21895] [client 98.159.226.90:0] script '/domains/larrysr/contacts.php' not found or unable to stat
[Tue Feb 24 00:40:43.185782 2026] [php:error] [pid 21900] [client 4.193.204.169:0] script '/domains/nealis/nw.php' not found or unable to stat
[Tue Feb 24 00:40:43.348684 2026] [php:error] [pid 21895] [client 98.159.226.90:0] script '/domains/larrysr/wsa.php' not found or unable to stat
[Tue Feb 24 00:40:43.437951 2026] [php:error] [pid 21900] [client 4.193.204.169:0] script '/domains/nealis/666.php' not found or unable to stat
[Tue Feb 24 00:40:43.668604 2026] [php:error] [pid 21900] [client 4.193.204.169:0] script '/domains/nealis/kj.php' not found or unable to stat
[Tue Feb 24 00:40:43.913673 2026] [php:error] [pid 21900] [client 4.193.204.169:0] script '/domains/nealis/un.php' not found or unable to stat
[Tue Feb 24 00:40:44.144548 2026] [php:error] [pid 21900] [client 4.193.204.169:0] script '/domains/nealis/fs.php' not found or unable to stat
[Tue Feb 24 00:40:44.246417 2026] [php:error] [pid 21895] [client 98.159.226.90:0] script '/domains/larrysr/lv.php' not found or unable to stat
[Tue Feb 24 00:40:44.443170 2026] [php:error] [pid 21895] [client 98.159.226.90:0] script '/domains/larrysr/images/js1.php' not found or unable to stat
[Tue Feb 24 00:40:44.539519 2026] [php:error] [pid 21900] [client 4.193.204.169:0] script '/domains/nealis/ms.php' not found or unable to stat
[Tue Feb 24 00:40:44.797763 2026] [php:error] [pid 21900] [client 4.193.204.169:0] script '/domains/nealis/cu.php' not found or unable to stat
[Tue Feb 24 00:40:45.070020 2026] [php:error] [pid 21900] [client 4.193.204.169:0] script '/domains/nealis/0.php' not found or unable to stat
[Tue Feb 24 00:40:45.300613 2026] [php:error] [pid 21900] [client 4.193.204.169:0] script '/domains/nealis/ms-edit.php' not found or unable to stat
[Tue Feb 24 00:40:45.531108 2026] [php:error] [pid 21900] [client 4.193.204.169:0] script '/domains/nealis/grsiuk.php' not found or unable to stat
[Tue Feb 24 00:40:45.761500 2026] [php:error] [pid 21900] [client 4.193.204.169:0] script '/domains/nealis/wp-blog.php' not found or unable to stat
[Tue Feb 24 00:40:46.051196 2026] [php:error] [pid 21900] [client 4.193.204.169:0] script '/domains/nealis/wp-access.php' not found or unable to stat
[Tue Feb 24 00:40:46.281820 2026] [php:error] [pid 21900] [client 4.193.204.169:0] script '/domains/nealis/a1vx.php' not found or unable to stat
[Tue Feb 24 00:40:46.516808 2026] [php:error] [pid 21900] [client 4.193.204.169:0] script '/domains/nealis/sbhu.php' not found or unable to stat
[Tue Feb 24 00:40:46.747701 2026] [php:error] [pid 21900] [client 4.193.204.169:0] script '/domains/nealis/wp-the.php' not found or unable to stat
[Tue Feb 24 00:40:47.037192 2026] [php:error] [pid 21900] [client 4.193.204.169:0] script '/domains/nealis/06.php' not found or unable to stat
[Tue Feb 24 00:40:47.268740 2026] [php:error] [pid 21900] [client 4.193.204.169:0] script '/domains/nealis/classwithtostring.php' not found or unable to stat
[Tue Feb 24 00:40:47.510416 2026] [php:error] [pid 21900] [client 4.193.204.169:0] script '/domains/nealis/fot.php' not found or unable to stat
[Tue Feb 24 00:40:47.794793 2026] [php:error] [pid 21884] [client 98.159.226.89:0] script '/domains/larrysr/tox.php' not found or unable to stat
[Tue Feb 24 00:40:47.869503 2026] [php:error] [pid 21900] [client 4.193.204.169:0] script '/domains/nealis/ff1.php' not found or unable to stat
[Tue Feb 24 00:40:48.105681 2026] [php:error] [pid 21900] [client 4.193.204.169:0] script '/domains/nealis/forbidals.php' not found or unable to stat
[Tue Feb 24 00:40:48.347816 2026] [php:error] [pid 21900] [client 4.193.204.169:0] script '/domains/nealis/erty.php' not found or unable to stat
[Tue Feb 24 00:40:48.611755 2026] [php:error] [pid 21900] [client 4.193.204.169:0] script '/domains/nealis/dev1s.php' not found or unable to stat
[Tue Feb 24 00:40:48.822424 2026] [php:error] [pid 21884] [client 98.159.226.89:0] script '/domains/larrysr/tiny.php' not found or unable to stat
[Tue Feb 24 00:40:48.842149 2026] [php:error] [pid 21900] [client 4.193.204.169:0] script '/domains/nealis/ffd.php' not found or unable to stat
[Tue Feb 24 00:40:49.087785 2026] [php:error] [pid 21900] [client 4.193.204.169:0] script '/domains/nealis/admiin.php' not found or unable to stat
[Tue Feb 24 00:40:49.166399 2026] [php:error] [pid 21884] [client 98.159.226.89:0] script '/domains/larrysr/themes.php' not found or unable to stat
[Tue Feb 24 00:40:49.318180 2026] [php:error] [pid 21900] [client 4.193.204.169:0] script '/domains/nealis/ol.php' not found or unable to stat
[Tue Feb 24 00:40:49.331091 2026] [php:error] [pid 21884] [client 98.159.226.89:0] script '/domains/larrysr/wp-themes.php' not found or unable to stat
[Tue Feb 24 00:40:49.596864 2026] [php:error] [pid 21900] [client 4.193.204.169:0] script '/domains/nealis/Sanskrit.php' not found or unable to stat
[Tue Feb 24 00:40:49.874867 2026] [php:error] [pid 21900] [client 4.193.204.169:0] script '/domains/nealis/vxrl.php' not found or unable to stat
[Tue Feb 24 00:40:50.105499 2026] [php:error] [pid 21900] [client 4.193.204.169:0] script '/domains/nealis/re.php' not found or unable to stat
[Tue Feb 24 00:40:50.336134 2026] [php:error] [pid 21900] [client 4.193.204.169:0] script '/domains/nealis/num.php' not found or unable to stat
[Tue Feb 24 00:40:50.403819 2026] [php:error] [pid 21901] [client 51.120.79.113:0] script '/domains/agribiz/selesai.php' not found or unable to stat
[Tue Feb 24 00:40:50.405321 2026] [php:error] [pid 21884] [client 98.159.226.89:0] script '/domains/larrysr/mariju.php' not found or unable to stat
[Tue Feb 24 00:40:50.500624 2026] [php:error] [pid 21901] [client 51.120.79.113:0] script '/domains/agribiz/cc13.php' not found or unable to stat
[Tue Feb 24 00:40:50.566781 2026] [php:error] [pid 21900] [client 4.193.204.169:0] script '/domains/nealis/makeasmtp.php' not found or unable to stat
[Tue Feb 24 00:40:50.594576 2026] [php:error] [pid 21884] [client 98.159.226.89:0] script '/domains/larrysr/waf_defender.php' not found or unable to stat
[Tue Feb 24 00:40:50.596500 2026] [php:error] [pid 21901] [client 51.120.79.113:0] script '/domains/agribiz/grsiuk.php' not found or unable to stat
[Tue Feb 24 00:40:50.692635 2026] [php:error] [pid 21901] [client 51.120.79.113:0] script '/domains/agribiz/bootstrap.php' not found or unable to stat
[Tue Feb 24 00:40:50.788703 2026] [php:error] [pid 21901] [client 51.120.79.113:0] script '/domains/agribiz/num.php' not found or unable to stat
[Tue Feb 24 00:40:50.806150 2026] [php:error] [pid 21900] [client 4.193.204.169:0] script '/domains/nealis/vxrl.php' not found or unable to stat
[Tue Feb 24 00:40:50.884669 2026] [php:error] [pid 21901] [client 51.120.79.113:0] script '/domains/agribiz/ff.php' not found or unable to stat
[Tue Feb 24 00:40:50.954978 2026] [php:error] [pid 21884] [client 98.159.226.89:0] script '/domains/larrysr/av.php' not found or unable to stat
[Tue Feb 24 00:40:50.981755 2026] [php:error] [pid 21901] [client 51.120.79.113:0] script '/domains/agribiz/t.php' not found or unable to stat
[Tue Feb 24 00:40:51.037420 2026] [php:error] [pid 21900] [client 4.193.204.169:0] script '/domains/nealis/in.php' not found or unable to stat
[Tue Feb 24 00:40:51.078255 2026] [php:error] [pid 21901] [client 51.120.79.113:0] script '/domains/agribiz/shlo.php' not found or unable to stat
[Tue Feb 24 00:40:51.174521 2026] [php:error] [pid 21901] [client 51.120.79.113:0] script '/domains/agribiz/init.php' not found or unable to stat
[Tue Feb 24 00:40:51.271031 2026] [php:error] [pid 21901] [client 51.120.79.113:0] script '/domains/agribiz/x.php' not found or unable to stat
[Tue Feb 24 00:40:51.382631 2026] [php:error] [pid 21901] [client 51.120.79.113:0] script '/domains/agribiz/ws66.php' not found or unable to stat
[Tue Feb 24 00:40:51.400980 2026] [php:error] [pid 21900] [client 4.193.204.169:0] script '/domains/nealis/style.php' not found or unable to stat
[Tue Feb 24 00:40:51.478673 2026] [php:error] [pid 21901] [client 51.120.79.113:0] script '/domains/agribiz/s.php' not found or unable to stat
[Tue Feb 24 00:40:51.574726 2026] [php:error] [pid 21901] [client 51.120.79.113:0] script '/domains/agribiz/h02ugyh.php' not found or unable to stat
[Tue Feb 24 00:40:51.670696 2026] [php:error] [pid 21901] [client 51.120.79.113:0] script '/domains/agribiz/f35.php' not found or unable to stat
[Tue Feb 24 00:40:51.698129 2026] [php:error] [pid 21900] [client 4.193.204.169:0] script '/domains/nealis/we.php' not found or unable to stat
[Tue Feb 24 00:40:51.766759 2026] [php:error] [pid 21901] [client 51.120.79.113:0] script '/domains/agribiz/a332.php' not found or unable to stat
[Tue Feb 24 00:40:51.862710 2026] [php:error] [pid 21901] [client 51.120.79.113:0] script '/domains/agribiz/knmt.php' not found or unable to stat
[Tue Feb 24 00:40:51.959306 2026] [php:error] [pid 21901] [client 51.120.79.113:0] script '/domains/agribiz/all.php' not found or unable to stat
[Tue Feb 24 00:40:52.029714 2026] [php:error] [pid 21900] [client 4.193.204.169:0] script '/domains/nealis/zwso.php' not found or unable to stat
[Tue Feb 24 00:40:52.055305 2026] [php:error] [pid 21901] [client 51.120.79.113:0] script '/domains/agribiz/admin-footer.php' not found or unable to stat
[Tue Feb 24 00:40:52.151234 2026] [php:error] [pid 21901] [client 51.120.79.113:0] script '/domains/agribiz/thui.php' not found or unable to stat
[Tue Feb 24 00:40:52.260492 2026] [php:error] [pid 21901] [client 51.120.79.113:0] script '/domains/agribiz/inputs.php' not found or unable to stat
[Tue Feb 24 00:40:52.284449 2026] [php:error] [pid 21900] [client 4.193.204.169:0] script '/domains/nealis/karak.php' not found or unable to stat
[Tue Feb 24 00:40:52.356523 2026] [php:error] [pid 21901] [client 51.120.79.113:0] script '/domains/agribiz/tx64.php' not found or unable to stat
[Tue Feb 24 00:40:52.453338 2026] [php:error] [pid 21901] [client 51.120.79.113:0] script '/domains/agribiz/zu.php' not found or unable to stat
[Tue Feb 24 00:40:52.539882 2026] [php:error] [pid 21900] [client 4.193.204.169:0] script '/domains/nealis/prv8.php' not found or unable to stat
[Tue Feb 24 00:40:52.642544 2026] [php:error] [pid 21895] [client 98.159.226.88:0] script '/domains/larrysr/theme.php' not found or unable to stat
[Tue Feb 24 00:40:52.645805 2026] [php:error] [pid 21901] [client 51.120.79.113:0] script '/domains/agribiz/ioxi-o.php' not found or unable to stat
[Tue Feb 24 00:40:52.742094 2026] [php:error] [pid 21901] [client 51.120.79.113:0] script '/domains/agribiz/0x.php' not found or unable to stat
[Tue Feb 24 00:40:52.800001 2026] [php:error] [pid 21900] [client 4.193.204.169:0] script '/domains/nealis/a.php' not found or unable to stat
[Tue Feb 24 00:40:52.838241 2026] [php:error] [pid 21901] [client 51.120.79.113:0] script '/domains/agribiz/x3x.php' not found or unable to stat
[Tue Feb 24 00:40:52.935201 2026] [php:error] [pid 21901] [client 51.120.79.113:0] script '/domains/agribiz/cytyr.php' not found or unable to stat
[Tue Feb 24 00:40:53.030464 2026] [php:error] [pid 21900] [client 4.193.204.169:0] script '/domains/nealis/xmlrpc.php' not found or unable to stat
[Tue Feb 24 00:40:53.031534 2026] [php:error] [pid 21901] [client 51.120.79.113:0] script '/domains/agribiz/666.php' not found or unable to stat
[Tue Feb 24 00:40:53.127561 2026] [php:error] [pid 21901] [client 51.120.79.113:0] script '/domains/agribiz/gettest.php' not found or unable to stat
[Tue Feb 24 00:40:53.163329 2026] [php:error] [pid 21895] [client 98.159.226.88:0] script '/domains/larrysr/Simple.php' not found or unable to stat
[Tue Feb 24 00:40:53.223824 2026] [php:error] [pid 21901] [client 51.120.79.113:0] script '/domains/agribiz/black.php' not found or unable to stat
[Tue Feb 24 00:40:53.283048 2026] [php:error] [pid 21900] [client 4.193.204.169:0] script '/domains/nealis/dev.php' not found or unable to stat
[Tue Feb 24 00:40:53.320250 2026] [php:error] [pid 21901] [client 51.120.79.113:0] script '/domains/agribiz/users.php' not found or unable to stat
[Tue Feb 24 00:40:53.416236 2026] [php:error] [pid 21901] [client 51.120.79.113:0] script '/domains/agribiz/ak.php' not found or unable to stat
[Tue Feb 24 00:40:53.512415 2026] [php:error] [pid 21901] [client 51.120.79.113:0] script '/domains/agribiz/ioxi.php' not found or unable to stat
[Tue Feb 24 00:40:53.526436 2026] [php:error] [pid 21900] [client 4.193.204.169:0] script '/domains/nealis/lock360.php' not found or unable to stat
[Tue Feb 24 00:40:53.608435 2026] [php:error] [pid 21901] [client 51.120.79.113:0] script '/domains/agribiz/wp-blogs.php' not found or unable to stat
[Tue Feb 24 00:40:53.704370 2026] [php:error] [pid 21901] [client 51.120.79.113:0] script '/domains/agribiz/wen.php' not found or unable to stat
[Tue Feb 24 00:40:53.800387 2026] [php:error] [pid 21901] [client 51.120.79.113:0] script '/domains/agribiz/gfd.php' not found or unable to stat
[Tue Feb 24 00:40:53.885435 2026] [php:error] [pid 21900] [client 4.193.204.169:0] script '/domains/nealis/155.php' not found or unable to stat
[Tue Feb 24 00:40:53.896706 2026] [php:error] [pid 21901] [client 51.120.79.113:0] script '/domains/agribiz/a4.php' not found or unable to stat
[Tue Feb 24 00:40:53.997341 2026] [php:error] [pid 21901] [client 51.120.79.113:0] script '/domains/agribiz/h2a2ck.php' not found or unable to stat
[Tue Feb 24 00:40:54.115853 2026] [php:error] [pid 21900] [client 4.193.204.169:0] script '/domains/nealis/goat.php' not found or unable to stat
[Tue Feb 24 00:40:54.189344 2026] [php:error] [pid 21901] [client 51.120.79.113:0] script '/domains/agribiz/35.php' not found or unable to stat
[Tue Feb 24 00:40:54.285443 2026] [php:error] [pid 21901] [client 51.120.79.113:0] script '/domains/agribiz/maraz.php' not found or unable to stat
[Tue Feb 24 00:40:54.346558 2026] [php:error] [pid 21900] [client 4.193.204.169:0] script '/domains/nealis/ext.php' not found or unable to stat
[Tue Feb 24 00:40:54.382577 2026] [php:error] [pid 21901] [client 51.120.79.113:0] script '/domains/agribiz/vx.php' not found or unable to stat
[Tue Feb 24 00:40:54.478798 2026] [php:error] [pid 21901] [client 51.120.79.113:0] script '/domains/agribiz/bnm.php' not found or unable to stat
[Tue Feb 24 00:40:54.575447 2026] [php:error] [pid 21901] [client 51.120.79.113:0] script '/domains/agribiz/222.php' not found or unable to stat
[Tue Feb 24 00:40:54.624913 2026] [php:error] [pid 21898] [client 98.159.226.87:0] script '/domains/larrysr/images/waf_defender.php' not found or unable to stat
[Tue Feb 24 00:40:54.671553 2026] [php:error] [pid 21901] [client 51.120.79.113:0] script '/domains/agribiz/core.php' not found or unable to stat
[Tue Feb 24 00:40:54.709205 2026] [php:error] [pid 21900] [client 4.193.204.169:0] script '/domains/nealis/inputs.php' not found or unable to stat
[Tue Feb 24 00:40:54.767669 2026] [php:error] [pid 21901] [client 51.120.79.113:0] script '/domains/agribiz/06.php' not found or unable to stat
[Tue Feb 24 00:40:54.863578 2026] [php:error] [pid 21901] [client 51.120.79.113:0] script '/domains/agribiz/xs.php' not found or unable to stat
[Tue Feb 24 00:40:54.959443 2026] [php:error] [pid 21901] [client 51.120.79.113:0] script '/domains/agribiz/ws67.php' not found or unable to stat
[Tue Feb 24 00:40:54.961721 2026] [php:error] [pid 21900] [client 4.193.204.169:0] script '/domains/nealis/ioxi.php' not found or unable to stat
[Tue Feb 24 00:40:54.976310 2026] [php:error] [pid 21898] [client 98.159.226.87:0] script '/domains/larrysr/small.php' not found or unable to stat
[Tue Feb 24 00:40:55.055243 2026] [php:error] [pid 21901] [client 51.120.79.113:0] script '/domains/agribiz/ww.php' not found or unable to stat
[Tue Feb 24 00:40:55.151423 2026] [php:error] [pid 21901] [client 51.120.79.113:0] script '/domains/agribiz/securepassword.php' not found or unable to stat
[Tue Feb 24 00:40:55.231824 2026] [php:error] [pid 21900] [client 4.193.204.169:0] script '/domains/nealis/fe5.php' not found or unable to stat
[Tue Feb 24 00:40:55.247537 2026] [php:error] [pid 21901] [client 51.120.79.113:0] script '/domains/agribiz/aaa.php' not found or unable to stat
[Tue Feb 24 00:40:55.340207 2026] [php:error] [pid 21898] [client 98.159.226.87:0] script '/domains/larrysr/NewFile.php' not found or unable to stat
[Tue Feb 24 00:40:55.343796 2026] [php:error] [pid 21901] [client 51.120.79.113:0] script '/domains/agribiz/bolt.php' not found or unable to stat
[Tue Feb 24 00:40:55.440138 2026] [php:error] [pid 21901] [client 51.120.79.113:0] script '/domains/agribiz/wp-style.php' not found or unable to stat
[Tue Feb 24 00:40:55.462376 2026] [php:error] [pid 21900] [client 4.193.204.169:0] script '/domains/nealis/ov.php' not found or unable to stat
[Tue Feb 24 00:40:55.536397 2026] [php:error] [pid 21901] [client 51.120.79.113:0] script '/domains/agribiz/lanka.php' not found or unable to stat
[Tue Feb 24 00:40:55.632651 2026] [php:error] [pid 21901] [client 51.120.79.113:0] script '/domains/agribiz/admin.php' not found or unable to stat
[Tue Feb 24 00:40:55.708129 2026] [php:error] [pid 21898] [client 98.159.226.87:0] script '/domains/larrysr/error.php' not found or unable to stat
[Tue Feb 24 00:40:55.824956 2026] [php:error] [pid 21901] [client 51.120.79.113:0] script '/domains/agribiz/ws69.php' not found or unable to stat
[Tue Feb 24 00:40:55.920752 2026] [php:error] [pid 21901] [client 51.120.79.113:0] script '/domains/agribiz/w1px.php' not found or unable to stat
[Tue Feb 24 00:40:55.938197 2026] [php:error] [pid 21900] [client 4.193.204.169:0] script '/domains/nealis/default.php' not found or unable to stat
[Tue Feb 24 00:40:56.028267 2026] [php:error] [pid 21901] [client 51.120.79.113:0] script '/domains/agribiz/rtx.php' not found or unable to stat
[Tue Feb 24 00:40:56.124888 2026] [php:error] [pid 21901] [client 51.120.79.113:0] script '/domains/agribiz/elp.php' not found or unable to stat
[Tue Feb 24 00:40:56.188367 2026] [php:error] [pid 21900] [client 4.193.204.169:0] script '/domains/nealis/goods.php' not found or unable to stat
[Tue Feb 24 00:40:56.220810 2026] [php:error] [pid 21901] [client 51.120.79.113:0] script '/domains/agribiz/24.php' not found or unable to stat
[Tue Feb 24 00:40:56.317499 2026] [php:error] [pid 21901] [client 51.120.79.113:0] script '/domains/agribiz/akhvg.php' not found or unable to stat
[Tue Feb 24 00:40:56.413720 2026] [php:error] [pid 21901] [client 51.120.79.113:0] script '/domains/agribiz/jga.php' not found or unable to stat
[Tue Feb 24 00:40:56.419947 2026] [php:error] [pid 21898] [client 98.159.226.87:0] script '/domains/larrysr/wp-files.php' not found or unable to stat
[Tue Feb 24 00:40:56.438648 2026] [php:error] [pid 21900] [client 4.193.204.169:0] script '/domains/nealis/abcd.php' not found or unable to stat
[Tue Feb 24 00:40:56.509731 2026] [php:error] [pid 21901] [client 51.120.79.113:0] script '/domains/agribiz/8xyz.php' not found or unable to stat
[Tue Feb 24 00:40:56.606143 2026] [php:error] [pid 21901] [client 51.120.79.113:0] script '/domains/agribiz/zxekqlxb.php' not found or unable to stat
[Tue Feb 24 00:40:56.631776 2026] [php:error] [pid 21898] [client 98.159.226.87:0] script '/domains/larrysr/functions.php' not found or unable to stat
[Tue Feb 24 00:40:56.679207 2026] [php:error] [pid 21900] [client 4.193.204.169:0] script '/domains/nealis/class.1.php' not found or unable to stat
[Tue Feb 24 00:40:56.702969 2026] [php:error] [pid 21901] [client 51.120.79.113:0] script '/domains/agribiz/lib.php' not found or unable to stat
[Tue Feb 24 00:40:56.798855 2026] [php:error] [pid 21901] [client 51.120.79.113:0] script '/domains/agribiz/xsox.php' not found or unable to stat
[Tue Feb 24 00:40:56.894906 2026] [php:error] [pid 21901] [client 51.120.79.113:0] script '/domains/agribiz/jnhddqyz.php' not found or unable to stat
[Tue Feb 24 00:40:56.925500 2026] [php:error] [pid 21900] [client 4.193.204.169:0] script '/domains/nealis/async.php' not found or unable to stat
[Tue Feb 24 00:40:56.990724 2026] [php:error] [pid 21901] [client 51.120.79.113:0] script '/domains/agribiz/asax.php' not found or unable to stat
[Tue Feb 24 00:40:57.086747 2026] [php:error] [pid 21901] [client 51.120.79.113:0] script '/domains/agribiz/fresh3.php' not found or unable to stat
[Tue Feb 24 00:40:57.182793 2026] [php:error] [pid 21901] [client 51.120.79.113:0] script '/domains/agribiz/13ede.php' not found or unable to stat
[Tue Feb 24 00:40:57.279062 2026] [php:error] [pid 21901] [client 51.120.79.113:0] script '/domains/agribiz/wp-p2r3q9c8k4.php' not found or unable to stat
[Tue Feb 24 00:40:57.326260 2026] [php:error] [pid 21900] [client 4.193.204.169:0] script '/domains/nealis/ff.php' not found or unable to stat
[Tue Feb 24 00:40:57.375081 2026] [php:error] [pid 21901] [client 51.120.79.113:0] script '/domains/agribiz/mar.php' not found or unable to stat
[Tue Feb 24 00:40:57.473098 2026] [php:error] [pid 21901] [client 51.120.79.113:0] script '/domains/agribiz/Geforce.php' not found or unable to stat
[Tue Feb 24 00:40:57.515336 2026] [php:error] [pid 21898] [client 98.159.226.87:0] script '/domains/larrysr/aks.php' not found or unable to stat
[Tue Feb 24 00:40:57.569308 2026] [php:error] [pid 21901] [client 51.120.79.113:0] script '/domains/agribiz/file.php' not found or unable to stat
[Tue Feb 24 00:40:57.633031 2026] [php:error] [pid 21900] [client 4.193.204.169:0] script '/domains/nealis/ioxi-o.php' not found or unable to stat
[Tue Feb 24 00:40:57.665139 2026] [php:error] [pid 21901] [client 51.120.79.113:0] script '/domains/agribiz/403.php' not found or unable to stat
[Tue Feb 24 00:40:57.683019 2026] [php:error] [pid 21898] [client 98.159.226.87:0] script '/domains/larrysr/litespeed.php' not found or unable to stat
[Tue Feb 24 00:40:57.761274 2026] [php:error] [pid 21901] [client 51.120.79.113:0] script '/domains/agribiz/0byte.php' not found or unable to stat
[Tue Feb 24 00:40:57.857214 2026] [php:error] [pid 21901] [client 51.120.79.113:0] script '/domains/agribiz/to.php' not found or unable to stat
[Tue Feb 24 00:40:57.875103 2026] [php:error] [pid 21900] [client 4.193.204.169:0] script '/domains/nealis/manager.php' not found or unable to stat
[Tue Feb 24 00:40:57.953340 2026] [php:error] [pid 21901] [client 51.120.79.113:0] script '/domains/agribiz/wefile.php' not found or unable to stat
[Tue Feb 24 00:40:58.050506 2026] [php:error] [pid 21901] [client 51.120.79.113:0] script '/domains/agribiz/cgi-bin_bkp.php' not found or unable to stat
[Tue Feb 24 00:40:58.105786 2026] [php:error] [pid 21900] [client 4.193.204.169:0] script '/domains/nealis/wp-update.php' not found or unable to stat
[Tue Feb 24 00:40:58.212569 2026] [php:error] [pid 21898] [client 98.159.226.87:0] script '/domains/larrysr/wpn.php' not found or unable to stat
[Tue Feb 24 00:40:58.247864 2026] [php:error] [pid 21901] [client 51.120.79.113:0] script '/domains/agribiz/click.php' not found or unable to stat
[Tue Feb 24 00:40:58.344044 2026] [php:error] [pid 21901] [client 51.120.79.113:0] script '/domains/agribiz/assacc.php' not found or unable to stat
[Tue Feb 24 00:40:58.439999 2026] [php:error] [pid 21901] [client 51.120.79.113:0] script '/domains/agribiz/xy.php' not found or unable to stat
[Tue Feb 24 00:40:58.536282 2026] [php:error] [pid 21901] [client 51.120.79.113:0] script '/domains/agribiz/0x0x.php' not found or unable to stat
[Tue Feb 24 00:40:58.632873 2026] [php:error] [pid 21901] [client 51.120.79.113:0] script '/domains/agribiz/gdn.php' not found or unable to stat
[Tue Feb 24 00:40:58.729010 2026] [php:error] [pid 21901] [client 51.120.79.113:0] script '/domains/agribiz/f2.php' not found or unable to stat
[Tue Feb 24 00:40:58.743535 2026] [php:error] [pid 21895] [client 4.193.204.169:0] script '/domains/nealis/file.php' not found or unable to stat
[Tue Feb 24 00:40:58.825534 2026] [php:error] [pid 21901] [client 51.120.79.113:0] script '/domains/agribiz/RIP.php' not found or unable to stat
[Tue Feb 24 00:40:58.927698 2026] [php:error] [pid 21901] [client 51.120.79.113:0] script '/domains/agribiz/logs.php' not found or unable to stat
[Tue Feb 24 00:40:58.990848 2026] [php:error] [pid 21895] [client 4.193.204.169:0] script '/domains/nealis/lc.php' not found or unable to stat
[Tue Feb 24 00:40:59.023992 2026] [php:error] [pid 21901] [client 51.120.79.113:0] script '/domains/agribiz/R57.php' not found or unable to stat
[Tue Feb 24 00:40:59.119876 2026] [php:error] [pid 21901] [client 51.120.79.113:0] script '/domains/agribiz/amp.php' not found or unable to stat
[Tue Feb 24 00:40:59.215949 2026] [php:error] [pid 21901] [client 51.120.79.113:0] script '/domains/agribiz/mini.php' not found or unable to stat
[Tue Feb 24 00:40:59.245256 2026] [php:error] [pid 21895] [client 4.193.204.169:0] script '/domains/nealis/cbrfo.php' not found or unable to stat
[Tue Feb 24 00:40:59.312872 2026] [php:error] [pid 21901] [client 51.120.79.113:0] script '/domains/agribiz/browse.php' not found or unable to stat
[Tue Feb 24 00:40:59.409387 2026] [php:error] [pid 21901] [client 51.120.79.113:0] script '/domains/agribiz/ms.php' not found or unable to stat
[Tue Feb 24 00:40:59.475640 2026] [php:error] [pid 21895] [client 4.193.204.169:0] script '/domains/nealis/inc.php' not found or unable to stat
[Tue Feb 24 00:40:59.505296 2026] [php:error] [pid 21901] [client 51.120.79.113:0] script '/domains/agribiz/wp-scr1pts.php' not found or unable to stat
[Tue Feb 24 00:40:59.601302 2026] [php:error] [pid 21901] [client 51.120.79.113:0] script '/domains/agribiz/inc.php' not found or unable to stat
[Tue Feb 24 00:40:59.697867 2026] [php:error] [pid 21901] [client 51.120.79.113:0] script '/domains/agribiz/aboutc.php' not found or unable to stat
[Tue Feb 24 00:40:59.707489 2026] [php:error] [pid 21895] [client 4.193.204.169:0] script '/domains/nealis/gifclass.php' not found or unable to stat
[Tue Feb 24 00:40:59.794122 2026] [php:error] [pid 21901] [client 51.120.79.113:0] script '/domains/agribiz/inege.php' not found or unable to stat
[Tue Feb 24 00:40:59.890108 2026] [php:error] [pid 21901] [client 51.120.79.113:0] script '/domains/agribiz/error_log.php' not found or unable to stat
[Tue Feb 24 00:40:59.937897 2026] [php:error] [pid 21895] [client 4.193.204.169:0] script '/domains/nealis/miansha.php' not found or unable to stat
[Tue Feb 24 00:40:59.985983 2026] [php:error] [pid 21901] [client 51.120.79.113:0] script '/domains/agribiz/ff1.php' not found or unable to stat
[Tue Feb 24 00:41:00.173974 2026] [php:error] [pid 21884] [client 51.120.79.113:0] script '/domains/agribiz/sid3.php' not found or unable to stat
[Tue Feb 24 00:41:00.254061 2026] [php:error] [pid 21895] [client 4.193.204.169:0] script '/domains/nealis/tinyfilemanager.php' not found or unable to stat
[Tue Feb 24 00:41:00.267997 2026] [php:error] [pid 21884] [client 51.120.79.113:0] script '/domains/agribiz/ccs.php' not found or unable to stat
[Tue Feb 24 00:41:00.362015 2026] [php:error] [pid 21884] [client 51.120.79.113:0] script '/domains/agribiz/fs.php' not found or unable to stat
[Tue Feb 24 00:41:00.455830 2026] [php:error] [pid 21884] [client 51.120.79.113:0] script '/domains/agribiz/bgymj.php' not found or unable to stat
[Tue Feb 24 00:41:00.484763 2026] [php:error] [pid 21895] [client 4.193.204.169:0] script '/domains/nealis/ok.php' not found or unable to stat
[Tue Feb 24 00:41:00.551179 2026] [php:error] [pid 21884] [client 51.120.79.113:0] script '/domains/agribiz/class.php' not found or unable to stat
[Tue Feb 24 00:41:00.644979 2026] [php:error] [pid 21884] [client 51.120.79.113:0] script '/domains/agribiz/ckk.php' not found or unable to stat
