[Tue Feb 24 01:09:12.726676 2026] [php:error] [pid 22234] [client 20.212.104.201:0] script '/domains/system_default/rsnu.php' not found or unable to stat
[Tue Feb 24 01:09:12.953765 2026] [php:error] [pid 22234] [client 20.212.104.201:0] script '/domains/system_default/trd.php' not found or unable to stat
[Tue Feb 24 01:09:13.181814 2026] [php:error] [pid 22234] [client 20.212.104.201:0] script '/domains/system_default/asd67.php' not found or unable to stat
[Tue Feb 24 01:09:13.410066 2026] [php:error] [pid 22234] [client 20.212.104.201:0] script '/domains/system_default/mo.php' not found or unable to stat
[Tue Feb 24 01:09:13.644486 2026] [php:error] [pid 22234] [client 20.212.104.201:0] script '/domains/system_default/x.php' not found or unable to stat
[Tue Feb 24 01:09:15.253576 2026] [php:error] [pid 22234] [client 20.212.104.201:0] script '/domains/system_default/nxx.php' not found or unable to stat
[Tue Feb 24 01:09:15.481694 2026] [php:error] [pid 22234] [client 20.212.104.201:0] script '/domains/system_default/w3llstore.php' not found or unable to stat
[Tue Feb 24 01:09:15.720083 2026] [php:error] [pid 22234] [client 20.212.104.201:0] script '/domains/system_default/reyna.php' not found or unable to stat
[Tue Feb 24 01:09:15.947296 2026] [php:error] [pid 22234] [client 20.212.104.201:0] script '/domains/system_default/yee.php' not found or unable to stat
[Tue Feb 24 01:09:16.174586 2026] [php:error] [pid 22234] [client 20.212.104.201:0] script '/domains/system_default/dev.php' not found or unable to stat
[Tue Feb 24 01:09:16.404067 2026] [php:error] [pid 22234] [client 20.212.104.201:0] script '/domains/system_default/sh.php' not found or unable to stat
[Tue Feb 24 01:09:16.634374 2026] [php:error] [pid 22234] [client 20.212.104.201:0] script '/domains/system_default/ef.php' not found or unable to stat
[Tue Feb 24 01:09:38.322369 2026] [php:error] [pid 22231] [client 20.24.197.43:0] script '/domains/pauljbrock/wp-trackback.php' not found or unable to stat
[Tue Feb 24 01:09:38.534053 2026] [php:error] [pid 22231] [client 20.24.197.43:0] script '/domains/pauljbrock/about.php' not found or unable to stat
[Tue Feb 24 01:09:38.745760 2026] [php:error] [pid 22231] [client 20.24.197.43:0] script '/domains/pauljbrock/file.php' not found or unable to stat
[Tue Feb 24 01:09:38.958344 2026] [php:error] [pid 22231] [client 20.24.197.43:0] script '/domains/pauljbrock/wp-good.php' not found or unable to stat
[Tue Feb 24 01:09:39.171015 2026] [php:error] [pid 22231] [client 20.24.197.43:0] script '/domains/pauljbrock/xmlrpc.php' not found or unable to stat
[Tue Feb 24 01:09:39.383828 2026] [php:error] [pid 22231] [client 20.24.197.43:0] script '/domains/pauljbrock/ioxi-o.php' not found or unable to stat
[Tue Feb 24 01:09:39.595203 2026] [php:error] [pid 22231] [client 20.24.197.43:0] script '/domains/pauljbrock/class-t.api.php' not found or unable to stat
[Tue Feb 24 01:09:39.806483 2026] [php:error] [pid 22231] [client 20.24.197.43:0] script '/domains/pauljbrock/admin.php' not found or unable to stat
[Tue Feb 24 01:09:40.018762 2026] [php:error] [pid 22231] [client 20.24.197.43:0] script '/domains/pauljbrock/sf.php' not found or unable to stat
[Tue Feb 24 01:09:40.230351 2026] [php:error] [pid 22231] [client 20.24.197.43:0] script '/domains/pauljbrock/rip.php' not found or unable to stat
[Tue Feb 24 01:09:40.442027 2026] [php:error] [pid 22231] [client 20.24.197.43:0] script '/domains/pauljbrock/autoload_classmap.php' not found or unable to stat
[Tue Feb 24 01:09:40.674590 2026] [php:error] [pid 22231] [client 20.24.197.43:0] script '/domains/pauljbrock/chosen.php' not found or unable to stat
[Tue Feb 24 01:09:40.890031 2026] [php:error] [pid 22231] [client 20.24.197.43:0] script '/domains/pauljbrock/classwithtostring.php' not found or unable to stat
[Tue Feb 24 01:09:41.105681 2026] [php:error] [pid 22231] [client 20.24.197.43:0] script '/domains/pauljbrock/defaults.php' not found or unable to stat
[Tue Feb 24 01:09:42.213262 2026] [php:error] [pid 22231] [client 20.24.197.43:0] script '/domains/pauljbrock/info.php' not found or unable to stat
[Tue Feb 24 01:09:43.724449 2026] [php:error] [pid 22231] [client 20.24.197.43:0] script '/domains/pauljbrock/adminfuns.php' not found or unable to stat
[Tue Feb 24 01:09:45.796923 2026] [php:error] [pid 22231] [client 20.24.197.43:0] script '/domains/pauljbrock/WSO.php' not found or unable to stat
[Tue Feb 24 01:09:46.008279 2026] [php:error] [pid 22231] [client 20.24.197.43:0] script '/domains/pauljbrock/a.php' not found or unable to stat
[Tue Feb 24 01:09:46.219597 2026] [php:error] [pid 22231] [client 20.24.197.43:0] script '/domains/pauljbrock/aa.php' not found or unable to stat
[Tue Feb 24 01:09:46.431283 2026] [php:error] [pid 22231] [client 20.24.197.43:0] script '/domains/pauljbrock/aaa.php' not found or unable to stat
[Tue Feb 24 01:09:46.642670 2026] [php:error] [pid 22231] [client 20.24.197.43:0] script '/domains/pauljbrock/ab.php' not found or unable to stat
[Tue Feb 24 01:09:46.854181 2026] [php:error] [pid 22231] [client 20.24.197.43:0] script '/domains/pauljbrock/lock360.php' not found or unable to stat
[Tue Feb 24 01:09:47.286507 2026] [php:error] [pid 22231] [client 20.24.197.43:0] script '/domains/pauljbrock/file5.php' not found or unable to stat
[Tue Feb 24 01:09:47.497926 2026] [php:error] [pid 22231] [client 20.24.197.43:0] script '/domains/pauljbrock/sitemaps.php' not found or unable to stat
[Tue Feb 24 01:09:47.709578 2026] [php:error] [pid 22231] [client 20.24.197.43:0] script '/domains/pauljbrock/load.php' not found or unable to stat
[Tue Feb 24 01:09:47.920956 2026] [php:error] [pid 22231] [client 20.24.197.43:0] script '/domains/pauljbrock/k.php' not found or unable to stat
[Tue Feb 24 01:09:48.132531 2026] [php:error] [pid 22231] [client 20.24.197.43:0] script '/domains/pauljbrock/post.php' not found or unable to stat
[Tue Feb 24 01:09:48.349292 2026] [php:error] [pid 22231] [client 20.24.197.43:0] script '/domains/pauljbrock/1.php' not found or unable to stat
[Tue Feb 24 01:09:48.560943 2026] [php:error] [pid 22231] [client 20.24.197.43:0] script '/domains/pauljbrock/flower.php' not found or unable to stat
[Tue Feb 24 01:09:48.772492 2026] [php:error] [pid 22231] [client 20.24.197.43:0] script '/domains/pauljbrock/default.php' not found or unable to stat
[Tue Feb 24 01:09:48.983952 2026] [php:error] [pid 22231] [client 20.24.197.43:0] script '/domains/pauljbrock/meta.php' not found or unable to stat
[Tue Feb 24 01:09:49.196396 2026] [php:error] [pid 22231] [client 20.24.197.43:0] script '/domains/pauljbrock/index.php' not found or unable to stat
[Tue Feb 24 01:09:49.408081 2026] [php:error] [pid 22231] [client 20.24.197.43:0] script '/domains/pauljbrock/yindu.php' not found or unable to stat
[Tue Feb 24 01:09:49.619546 2026] [php:error] [pid 22231] [client 20.24.197.43:0] script '/domains/pauljbrock/randkeyword.php' not found or unable to stat
[Tue Feb 24 01:09:49.855560 2026] [php:error] [pid 22231] [client 20.24.197.43:0] script '/domains/pauljbrock/goods.php' not found or unable to stat
[Tue Feb 24 01:09:50.074988 2026] [php:error] [pid 22231] [client 20.24.197.43:0] script '/domains/pauljbrock/hehe.php' not found or unable to stat
[Tue Feb 24 01:09:50.287850 2026] [php:error] [pid 22231] [client 20.24.197.43:0] script '/domains/pauljbrock/user.php' not found or unable to stat
[Tue Feb 24 01:09:50.499838 2026] [php:error] [pid 22231] [client 20.24.197.43:0] script '/domains/pauljbrock/wp-2019.php' not found or unable to stat
[Tue Feb 24 01:09:50.710898 2026] [php:error] [pid 22231] [client 20.24.197.43:0] script '/domains/pauljbrock/chosen.php' not found or unable to stat
[Tue Feb 24 01:09:50.922134 2026] [php:error] [pid 22231] [client 20.24.197.43:0] script '/domains/pauljbrock/functions.php' not found or unable to stat
[Tue Feb 24 01:09:51.133599 2026] [php:error] [pid 22231] [client 20.24.197.43:0] script '/domains/pauljbrock/cron.php' not found or unable to stat
[Tue Feb 24 01:09:51.345555 2026] [php:error] [pid 22231] [client 20.24.197.43:0] script '/domains/pauljbrock/edit.php' not found or unable to stat
[Tue Feb 24 01:09:51.557100 2026] [php:error] [pid 22231] [client 20.24.197.43:0] script '/domains/pauljbrock/gecko-new.php' not found or unable to stat
[Tue Feb 24 01:09:51.768430 2026] [php:error] [pid 22231] [client 20.24.197.43:0] script '/domains/pauljbrock/cookie.php' not found or unable to stat
[Tue Feb 24 01:09:51.979748 2026] [php:error] [pid 22231] [client 20.24.197.43:0] script '/domains/pauljbrock/xleet.php' not found or unable to stat
[Tue Feb 24 01:09:52.192772 2026] [php:error] [pid 22231] [client 20.24.197.43:0] script '/domains/pauljbrock/spip.php' not found or unable to stat
[Tue Feb 24 01:09:52.404714 2026] [php:error] [pid 22231] [client 20.24.197.43:0] script '/domains/pauljbrock/22.php' not found or unable to stat
[Tue Feb 24 01:09:52.644861 2026] [php:error] [pid 22231] [client 20.24.197.43:0] script '/domains/pauljbrock/room.php' not found or unable to stat
[Tue Feb 24 01:09:52.856687 2026] [php:error] [pid 22231] [client 20.24.197.43:0] script '/domains/pauljbrock/disagreed.php' not found or unable to stat
[Tue Feb 24 01:09:53.068919 2026] [php:error] [pid 22231] [client 20.24.197.43:0] script '/domains/pauljbrock/text.php' not found or unable to stat
[Tue Feb 24 01:09:53.315335 2026] [php:error] [pid 22231] [client 20.24.197.43:0] script '/domains/pauljbrock/alfa-rex.php' not found or unable to stat
[Tue Feb 24 01:09:53.709356 2026] [php:error] [pid 22251] [client 20.89.40.149:0] script '/domains/nsmd2/wp-trackback.php' not found or unable to stat
[Tue Feb 24 01:09:53.739437 2026] [php:error] [pid 22231] [client 20.24.197.43:0] script '/domains/pauljbrock/feeds.php' not found or unable to stat
[Tue Feb 24 01:09:53.911468 2026] [php:error] [pid 22251] [client 20.89.40.149:0] script '/domains/nsmd2/about.php' not found or unable to stat
[Tue Feb 24 01:09:53.950613 2026] [php:error] [pid 22231] [client 20.24.197.43:0] script '/domains/pauljbrock/radio.php' not found or unable to stat
[Tue Feb 24 01:09:54.110113 2026] [php:error] [pid 22251] [client 20.89.40.149:0] script '/domains/nsmd2/file.php' not found or unable to stat
[Tue Feb 24 01:09:54.161696 2026] [php:error] [pid 22231] [client 20.24.197.43:0] script '/domains/pauljbrock/dropdown.php' not found or unable to stat
[Tue Feb 24 01:09:54.321140 2026] [php:error] [pid 22251] [client 20.89.40.149:0] script '/domains/nsmd2/wp-good.php' not found or unable to stat
[Tue Feb 24 01:09:54.373285 2026] [php:error] [pid 22231] [client 20.24.197.43:0] script '/domains/pauljbrock/system.php' not found or unable to stat
[Tue Feb 24 01:09:54.485462 2026] [php:error] [pid 22251] [client 20.89.40.149:0] script '/domains/nsmd2/xmlrpc.php' not found or unable to stat
[Tue Feb 24 01:09:54.683890 2026] [php:error] [pid 22251] [client 20.89.40.149:0] script '/domains/nsmd2/ioxi-o.php' not found or unable to stat
[Tue Feb 24 01:09:54.811834 2026] [php:error] [pid 22231] [client 20.24.197.43:0] script '/domains/pauljbrock/colors.php' not found or unable to stat
[Tue Feb 24 01:09:54.848332 2026] [php:error] [pid 22251] [client 20.89.40.149:0] script '/domains/nsmd2/class-t.api.php' not found or unable to stat
[Tue Feb 24 01:09:55.023230 2026] [php:error] [pid 22231] [client 20.24.197.43:0] script '/domains/pauljbrock/updates.php' not found or unable to stat
[Tue Feb 24 01:09:55.045994 2026] [php:error] [pid 22251] [client 20.89.40.149:0] script '/domains/nsmd2/admin.php' not found or unable to stat
[Tue Feb 24 01:09:55.211383 2026] [php:error] [pid 22251] [client 20.89.40.149:0] script '/domains/nsmd2/sf.php' not found or unable to stat
[Tue Feb 24 01:09:55.234119 2026] [php:error] [pid 22231] [client 20.24.197.43:0] script '/domains/pauljbrock/alfa-rex1.php' not found or unable to stat
[Tue Feb 24 01:09:55.403884 2026] [php:error] [pid 22251] [client 20.89.40.149:0] script '/domains/nsmd2/rip.php' not found or unable to stat
[Tue Feb 24 01:09:55.446056 2026] [php:error] [pid 22231] [client 20.24.197.43:0] script '/domains/pauljbrock/wp-index.php' not found or unable to stat
[Tue Feb 24 01:09:55.583977 2026] [php:error] [pid 22251] [client 20.89.40.149:0] script '/domains/nsmd2/autoload_classmap.php' not found or unable to stat
[Tue Feb 24 01:09:55.658595 2026] [php:error] [pid 22231] [client 20.24.197.43:0] script '/domains/pauljbrock/wp-admin.php' not found or unable to stat
[Tue Feb 24 01:09:55.776874 2026] [php:error] [pid 22251] [client 20.89.40.149:0] script '/domains/nsmd2/chosen.php' not found or unable to stat
[Tue Feb 24 01:09:55.870127 2026] [php:error] [pid 22231] [client 20.24.197.43:0] script '/domains/pauljbrock/alfa.php' not found or unable to stat
[Tue Feb 24 01:09:55.971824 2026] [php:error] [pid 22251] [client 20.89.40.149:0] script '/domains/nsmd2/classwithtostring.php' not found or unable to stat
[Tue Feb 24 01:09:56.137451 2026] [php:error] [pid 22251] [client 20.89.40.149:0] script '/domains/nsmd2/defaults.php' not found or unable to stat
[Tue Feb 24 01:09:56.293508 2026] [php:error] [pid 22231] [client 20.24.197.43:0] script '/domains/pauljbrock/locale.php' not found or unable to stat
[Tue Feb 24 01:09:56.504727 2026] [php:error] [pid 22231] [client 20.24.197.43:0] script '/domains/pauljbrock/wxo.php' not found or unable to stat
[Tue Feb 24 01:09:56.715905 2026] [php:error] [pid 22231] [client 20.24.197.43:0] script '/domains/pauljbrock/colour.php' not found or unable to stat
[Tue Feb 24 01:09:56.927427 2026] [php:error] [pid 22231] [client 20.24.197.43:0] script '/domains/pauljbrock/files.php' not found or unable to stat
[Tue Feb 24 01:09:56.977822 2026] [php:error] [pid 22251] [client 20.89.40.149:0] script '/domains/nsmd2/info.php' not found or unable to stat
[Tue Feb 24 01:09:57.140249 2026] [php:error] [pid 22231] [client 20.24.197.43:0] script '/domains/pauljbrock/install.php' not found or unable to stat
[Tue Feb 24 01:09:57.351957 2026] [php:error] [pid 22231] [client 20.24.197.43:0] script '/domains/pauljbrock/wp-contentt.php' not found or unable to stat
[Tue Feb 24 01:09:57.774567 2026] [php:error] [pid 22231] [client 20.24.197.43:0] script '/domains/pauljbrock/config.php' not found or unable to stat
[Tue Feb 24 01:09:58.008030 2026] [php:error] [pid 22231] [client 20.24.197.43:0] script '/domains/pauljbrock/theme.php' not found or unable to stat
[Tue Feb 24 01:09:58.241717 2026] [php:error] [pid 22251] [client 20.89.40.149:0] script '/domains/nsmd2/adminfuns.php' not found or unable to stat
[Tue Feb 24 01:09:58.263217 2026] [php:error] [pid 22231] [client 20.24.197.43:0] script '/domains/pauljbrock/block-bindings.php' not found or unable to stat
[Tue Feb 24 01:09:58.474273 2026] [php:error] [pid 22231] [client 20.24.197.43:0] script '/domains/pauljbrock/class_api.php' not found or unable to stat
[Tue Feb 24 01:09:58.685498 2026] [php:error] [pid 22231] [client 20.24.197.43:0] script '/domains/pauljbrock/inputs.php' not found or unable to stat
[Tue Feb 24 01:09:58.896830 2026] [php:error] [pid 22231] [client 20.24.197.43:0] script '/domains/pauljbrock/root.php' not found or unable to stat
[Tue Feb 24 01:09:59.130277 2026] [php:error] [pid 22231] [client 20.24.197.43:0] script '/domains/pauljbrock/menu.php' not found or unable to stat
[Tue Feb 24 01:09:59.358865 2026] [php:error] [pid 22231] [client 20.24.197.43:0] script '/domains/pauljbrock/plugin.php' not found or unable to stat
[Tue Feb 24 01:09:59.570365 2026] [php:error] [pid 22231] [client 20.24.197.43:0] script '/domains/pauljbrock/cloud.php' not found or unable to stat
[Tue Feb 24 01:09:59.781860 2026] [php:error] [pid 22231] [client 20.24.197.43:0] script '/domains/pauljbrock/configs.php' not found or unable to stat
[Tue Feb 24 01:09:59.812597 2026] [php:error] [pid 22251] [client 20.89.40.149:0] script '/domains/nsmd2/WSO.php' not found or unable to stat
[Tue Feb 24 01:09:59.976842 2026] [php:error] [pid 22251] [client 20.89.40.149:0] script '/domains/nsmd2/a.php' not found or unable to stat
[Tue Feb 24 01:09:59.992781 2026] [php:error] [pid 22231] [client 20.24.197.43:0] script '/domains/pauljbrock/wp-configs.php' not found or unable to stat
[Tue Feb 24 01:10:00.140891 2026] [php:error] [pid 22251] [client 20.89.40.149:0] script '/domains/nsmd2/aa.php' not found or unable to stat
[Tue Feb 24 01:10:00.304852 2026] [php:error] [pid 22251] [client 20.89.40.149:0] script '/domains/nsmd2/aaa.php' not found or unable to stat
[Tue Feb 24 01:10:00.469021 2026] [php:error] [pid 22251] [client 20.89.40.149:0] script '/domains/nsmd2/ab.php' not found or unable to stat
[Tue Feb 24 01:10:00.671188 2026] [php:error] [pid 22251] [client 20.89.40.149:0] script '/domains/nsmd2/lock360.php' not found or unable to stat
[Tue Feb 24 01:10:00.929282 2026] [php:error] [pid 22248] [client 20.24.197.43:0] script '/domains/pauljbrock/update.php' not found or unable to stat
[Tue Feb 24 01:10:01.068882 2026] [php:error] [pid 22251] [client 20.89.40.149:0] script '/domains/nsmd2/file5.php' not found or unable to stat
[Tue Feb 24 01:10:01.146649 2026] [php:error] [pid 22248] [client 20.24.197.43:0] script '/domains/pauljbrock/2.php' not found or unable to stat
[Tue Feb 24 01:10:01.269785 2026] [php:error] [pid 22251] [client 20.89.40.149:0] script '/domains/nsmd2/sitemaps.php' not found or unable to stat
[Tue Feb 24 01:10:01.381028 2026] [php:error] [pid 22248] [client 20.24.197.43:0] script '/domains/pauljbrock/input.php' not found or unable to stat
[Tue Feb 24 01:10:01.466363 2026] [php:error] [pid 22251] [client 20.89.40.149:0] script '/domains/nsmd2/load.php' not found or unable to stat
[Tue Feb 24 01:10:01.661603 2026] [php:error] [pid 22251] [client 20.89.40.149:0] script '/domains/nsmd2/k.php' not found or unable to stat
[Tue Feb 24 01:10:01.798706 2026] [php:error] [pid 22238] [client 85.11.167.108:0] script '/domains/trodine/wp-login.php' not found or unable to stat
[Tue Feb 24 01:10:01.826929 2026] [php:error] [pid 22251] [client 20.89.40.149:0] script '/domains/nsmd2/post.php' not found or unable to stat
[Tue Feb 24 01:10:01.991447 2026] [php:error] [pid 22251] [client 20.89.40.149:0] script '/domains/nsmd2/1.php' not found or unable to stat
[Tue Feb 24 01:10:02.155281 2026] [php:error] [pid 22251] [client 20.89.40.149:0] script '/domains/nsmd2/flower.php' not found or unable to stat
[Tue Feb 24 01:10:02.159348 2026] [php:error] [pid 22231] [client 85.11.167.108:0] script '/domains/trodine/wp-login.php' not found or unable to stat, referer: https://duckduckgo.com/
[Tue Feb 24 01:10:02.319063 2026] [php:error] [pid 22251] [client 20.89.40.149:0] script '/domains/nsmd2/default.php' not found or unable to stat
[Tue Feb 24 01:10:02.509560 2026] [php:error] [pid 22251] [client 20.89.40.149:0] script '/domains/nsmd2/meta.php' not found or unable to stat
[Tue Feb 24 01:10:02.711043 2026] [php:error] [pid 22251] [client 20.89.40.149:0] script '/domains/nsmd2/index.php' not found or unable to stat
[Tue Feb 24 01:10:02.875424 2026] [php:error] [pid 22251] [client 20.89.40.149:0] script '/domains/nsmd2/yindu.php' not found or unable to stat
[Tue Feb 24 01:10:03.059511 2026] [php:error] [pid 22251] [client 20.89.40.149:0] script '/domains/nsmd2/randkeyword.php' not found or unable to stat
[Tue Feb 24 01:10:03.238330 2026] [php:error] [pid 22251] [client 20.89.40.149:0] script '/domains/nsmd2/goods.php' not found or unable to stat
[Tue Feb 24 01:10:03.402348 2026] [php:error] [pid 22251] [client 20.89.40.149:0] script '/domains/nsmd2/hehe.php' not found or unable to stat
[Tue Feb 24 01:10:03.566144 2026] [php:error] [pid 22251] [client 20.89.40.149:0] script '/domains/nsmd2/user.php' not found or unable to stat
[Tue Feb 24 01:10:03.730596 2026] [php:error] [pid 22251] [client 20.89.40.149:0] script '/domains/nsmd2/wp-2019.php' not found or unable to stat
[Tue Feb 24 01:10:03.896527 2026] [php:error] [pid 22251] [client 20.89.40.149:0] script '/domains/nsmd2/chosen.php' not found or unable to stat
[Tue Feb 24 01:10:04.060395 2026] [php:error] [pid 22251] [client 20.89.40.149:0] script '/domains/nsmd2/functions.php' not found or unable to stat
[Tue Feb 24 01:10:04.240081 2026] [php:error] [pid 22251] [client 20.89.40.149:0] script '/domains/nsmd2/cron.php' not found or unable to stat
[Tue Feb 24 01:10:04.437144 2026] [php:error] [pid 22251] [client 20.89.40.149:0] script '/domains/nsmd2/edit.php' not found or unable to stat
[Tue Feb 24 01:10:04.633206 2026] [php:error] [pid 22251] [client 20.89.40.149:0] script '/domains/nsmd2/gecko-new.php' not found or unable to stat
[Tue Feb 24 01:10:04.827610 2026] [php:error] [pid 22251] [client 20.89.40.149:0] script '/domains/nsmd2/cookie.php' not found or unable to stat
[Tue Feb 24 01:10:05.029918 2026] [php:error] [pid 22251] [client 20.89.40.149:0] script '/domains/nsmd2/xleet.php' not found or unable to stat
[Tue Feb 24 01:10:05.194929 2026] [php:error] [pid 22251] [client 20.89.40.149:0] script '/domains/nsmd2/spip.php' not found or unable to stat
[Tue Feb 24 01:10:05.359014 2026] [php:error] [pid 22251] [client 20.89.40.149:0] script '/domains/nsmd2/22.php' not found or unable to stat
[Tue Feb 24 01:10:05.543021 2026] [php:error] [pid 22251] [client 20.89.40.149:0] script '/domains/nsmd2/room.php' not found or unable to stat
[Tue Feb 24 01:10:05.729994 2026] [php:error] [pid 22251] [client 20.89.40.149:0] script '/domains/nsmd2/disagreed.php' not found or unable to stat
[Tue Feb 24 01:10:05.912313 2026] [php:error] [pid 22251] [client 20.89.40.149:0] script '/domains/nsmd2/text.php' not found or unable to stat
[Tue Feb 24 01:10:06.113138 2026] [php:error] [pid 22251] [client 20.89.40.149:0] script '/domains/nsmd2/alfa-rex.php' not found or unable to stat
[Tue Feb 24 01:10:06.471198 2026] [php:error] [pid 22251] [client 20.89.40.149:0] script '/domains/nsmd2/feeds.php' not found or unable to stat
[Tue Feb 24 01:10:06.636033 2026] [php:error] [pid 22251] [client 20.89.40.149:0] script '/domains/nsmd2/radio.php' not found or unable to stat
[Tue Feb 24 01:10:06.805522 2026] [php:error] [pid 22251] [client 20.89.40.149:0] script '/domains/nsmd2/dropdown.php' not found or unable to stat
[Tue Feb 24 01:10:06.818656 2026] [php:error] [pid 22238] [client 185.177.72.13:0] script '/domains/markrose/info.php.bak' not found or unable to stat
[Tue Feb 24 01:10:06.912705 2026] [php:error] [pid 22238] [client 185.177.72.13:0] script '/domains/markrose/php-info.php' not found or unable to stat
[Tue Feb 24 01:10:06.969467 2026] [php:error] [pid 22251] [client 20.89.40.149:0] script '/domains/nsmd2/system.php' not found or unable to stat
[Tue Feb 24 01:10:07.007200 2026] [php:error] [pid 22238] [client 185.177.72.13:0] script '/domains/markrose/newinfo.php' not found or unable to stat
[Tue Feb 24 01:10:07.101450 2026] [php:error] [pid 22238] [client 185.177.72.13:0] script '/domains/markrose/siteinfo.php' not found or unable to stat
[Tue Feb 24 01:10:07.196426 2026] [php:error] [pid 22238] [client 185.177.72.13:0] script '/domains/markrose/info.php.1' not found or unable to stat
[Tue Feb 24 01:10:07.338015 2026] [php:error] [pid 22251] [client 20.89.40.149:0] script '/domains/nsmd2/colors.php' not found or unable to stat
[Tue Feb 24 01:10:07.385854 2026] [php:error] [pid 22238] [client 185.177.72.13:0] script '/domains/markrose/pageinfo.php' not found or unable to stat
[Tue Feb 24 01:10:07.480393 2026] [php:error] [pid 22238] [client 185.177.72.13:0] script '/domains/markrose/info.php.back' not found or unable to stat
[Tue Feb 24 01:10:07.520402 2026] [php:error] [pid 22251] [client 20.89.40.149:0] script '/domains/nsmd2/updates.php' not found or unable to stat
[Tue Feb 24 01:10:07.670269 2026] [php:error] [pid 22238] [client 185.177.72.13:0] script '/domains/markrose/release_info.php' not found or unable to stat
[Tue Feb 24 01:10:07.712321 2026] [php:error] [pid 22251] [client 20.89.40.149:0] script '/domains/nsmd2/alfa-rex1.php' not found or unable to stat
[Tue Feb 24 01:10:07.896983 2026] [php:error] [pid 22251] [client 20.89.40.149:0] script '/domains/nsmd2/wp-index.php' not found or unable to stat
[Tue Feb 24 01:10:07.952545 2026] [php:error] [pid 22238] [client 185.177.72.13:0] script '/domains/markrose/info.php' not found or unable to stat
[Tue Feb 24 01:10:08.079350 2026] [php:error] [pid 22251] [client 20.89.40.149:0] script '/domains/nsmd2/wp-admin.php' not found or unable to stat
[Tue Feb 24 01:10:08.237067 2026] [php:error] [pid 22238] [client 185.177.72.13:0] script '/domains/markrose/info.php.save.1' not found or unable to stat
[Tue Feb 24 01:10:08.259072 2026] [php:error] [pid 22251] [client 20.89.40.149:0] script '/domains/nsmd2/alfa.php' not found or unable to stat
[Tue Feb 24 01:10:08.427826 2026] [php:error] [pid 22238] [client 185.177.72.13:0] script '/domains/markrose/_info.php' not found or unable to stat
[Tue Feb 24 01:10:08.522362 2026] [php:error] [pid 22238] [client 185.177.72.13:0] script '/domains/markrose/admin_phpinfo.php' not found or unable to stat
[Tue Feb 24 01:10:08.571851 2026] [php:error] [pid 22256] [client 20.238.121.35:0] script '/domains/nealis/cwclass.php' not found or unable to stat
[Tue Feb 24 01:10:08.617679 2026] [php:error] [pid 22238] [client 185.177.72.13:0] script '/domains/markrose/dbinfo.php' not found or unable to stat
[Tue Feb 24 01:10:08.631262 2026] [php:error] [pid 22251] [client 20.89.40.149:0] script '/domains/nsmd2/locale.php' not found or unable to stat
[Tue Feb 24 01:10:08.644087 2026] [php:error] [pid 22256] [client 20.238.121.35:0] script '/domains/nealis/class-cc.php' not found or unable to stat
[Tue Feb 24 01:10:08.712894 2026] [php:error] [pid 22238] [client 185.177.72.13:0] script '/domains/markrose/admin_info.php' not found or unable to stat
[Tue Feb 24 01:10:08.828220 2026] [php:error] [pid 22251] [client 20.89.40.149:0] script '/domains/nsmd2/wxo.php' not found or unable to stat
[Tue Feb 24 01:10:08.846116 2026] [php:error] [pid 22256] [client 20.238.121.35:0] script '/domains/nealis/lite.php' not found or unable to stat
[Tue Feb 24 01:10:08.903054 2026] [php:error] [pid 22238] [client 185.177.72.13:0] script '/domains/markrose/config.php' not found or unable to stat
[Tue Feb 24 01:10:08.937389 2026] [php:error] [pid 22256] [client 20.238.121.35:0] script '/domains/nealis/rrb.php' not found or unable to stat
[Tue Feb 24 01:10:08.998553 2026] [php:error] [pid 22238] [client 185.177.72.13:0] script '/domains/markrose/phpinfo.php' not found or unable to stat
[Tue Feb 24 01:10:09.022011 2026] [php:error] [pid 22251] [client 20.89.40.149:0] script '/domains/nsmd2/colour.php' not found or unable to stat
[Tue Feb 24 01:10:09.022533 2026] [php:error] [pid 22256] [client 20.238.121.35:0] script '/domains/nealis/mariju.php' not found or unable to stat
[Tue Feb 24 01:10:09.093290 2026] [php:error] [pid 22238] [client 185.177.72.13:0] script '/domains/markrose/phpinfo.php.bak' not found or unable to stat
[Tue Feb 24 01:10:09.104766 2026] [php:error] [pid 22256] [client 20.238.121.35:0] script '/domains/nealis/xenium4.php' not found or unable to stat
[Tue Feb 24 01:10:09.178826 2026] [php:error] [pid 22256] [client 20.238.121.35:0] script '/domains/nealis/jsonq.php' not found or unable to stat
[Tue Feb 24 01:10:09.227458 2026] [php:error] [pid 22251] [client 20.89.40.149:0] script '/domains/nsmd2/files.php' not found or unable to stat
[Tue Feb 24 01:10:09.282647 2026] [php:error] [pid 22238] [client 185.177.72.13:0] script '/domains/markrose/pinfo.php' not found or unable to stat
[Tue Feb 24 01:10:09.323286 2026] [php:error] [pid 22256] [client 20.238.121.35:0] script '/domains/nealis/wp-fast.php' not found or unable to stat
[Tue Feb 24 01:10:09.395332 2026] [php:error] [pid 22256] [client 20.238.121.35:0] script '/domains/nealis/yas.php' not found or unable to stat
[Tue Feb 24 01:10:09.419027 2026] [php:error] [pid 22251] [client 20.89.40.149:0] script '/domains/nsmd2/install.php' not found or unable to stat
[Tue Feb 24 01:10:09.602120 2026] [php:error] [pid 22251] [client 20.89.40.149:0] script '/domains/nsmd2/wp-contentt.php' not found or unable to stat
[Tue Feb 24 01:10:09.929468 2026] [php:error] [pid 22251] [client 20.89.40.149:0] script '/domains/nsmd2/config.php' not found or unable to stat
[Tue Feb 24 01:10:10.093291 2026] [php:error] [pid 22251] [client 20.89.40.149:0] script '/domains/nsmd2/theme.php' not found or unable to stat
[Tue Feb 24 01:10:10.257937 2026] [php:error] [pid 22251] [client 20.89.40.149:0] script '/domains/nsmd2/block-bindings.php' not found or unable to stat
[Tue Feb 24 01:10:10.445489 2026] [php:error] [pid 22251] [client 20.89.40.149:0] script '/domains/nsmd2/class_api.php' not found or unable to stat
[Tue Feb 24 01:10:10.630679 2026] [php:error] [pid 22251] [client 20.89.40.149:0] script '/domains/nsmd2/inputs.php' not found or unable to stat
[Tue Feb 24 01:10:10.794365 2026] [php:error] [pid 22251] [client 20.89.40.149:0] script '/domains/nsmd2/root.php' not found or unable to stat
[Tue Feb 24 01:10:10.958482 2026] [php:error] [pid 22251] [client 20.89.40.149:0] script '/domains/nsmd2/menu.php' not found or unable to stat
[Tue Feb 24 01:10:11.122373 2026] [php:error] [pid 22251] [client 20.89.40.149:0] script '/domains/nsmd2/plugin.php' not found or unable to stat
[Tue Feb 24 01:10:11.318589 2026] [php:error] [pid 22251] [client 20.89.40.149:0] script '/domains/nsmd2/cloud.php' not found or unable to stat
[Tue Feb 24 01:10:11.527503 2026] [php:error] [pid 22251] [client 20.89.40.149:0] script '/domains/nsmd2/configs.php' not found or unable to stat
[Tue Feb 24 01:10:11.568084 2026] [php:error] [pid 22238] [client 185.177.72.13:0] script '/domains/markrose/.env.php' not found or unable to stat
[Tue Feb 24 01:10:11.725694 2026] [php:error] [pid 22251] [client 20.89.40.149:0] script '/domains/nsmd2/wp-configs.php' not found or unable to stat
[Tue Feb 24 01:10:12.313809 2026] [php:error] [pid 22242] [client 20.89.40.149:0] script '/domains/nsmd2/update.php' not found or unable to stat
[Tue Feb 24 01:10:12.506144 2026] [php:error] [pid 22242] [client 20.89.40.149:0] script '/domains/nsmd2/2.php' not found or unable to stat
[Tue Feb 24 01:10:12.701635 2026] [php:error] [pid 22242] [client 20.89.40.149:0] script '/domains/nsmd2/input.php' not found or unable to stat
[Tue Feb 24 01:10:14.402035 2026] [php:error] [pid 22258] [client 20.214.159.60:0] script '/domains/markrose/wp-trackback.php' not found or unable to stat
[Tue Feb 24 01:10:14.601389 2026] [php:error] [pid 22258] [client 20.214.159.60:0] script '/domains/markrose/about.php' not found or unable to stat
[Tue Feb 24 01:10:14.812490 2026] [php:error] [pid 22258] [client 20.214.159.60:0] script '/domains/markrose/file.php' not found or unable to stat
[Tue Feb 24 01:10:15.009282 2026] [php:error] [pid 22238] [client 185.177.72.13:0] script '/domains/markrose/.env.sample.php' not found or unable to stat
[Tue Feb 24 01:10:15.026723 2026] [php:error] [pid 22258] [client 20.214.159.60:0] script '/domains/markrose/wp-good.php' not found or unable to stat
[Tue Feb 24 01:10:15.233461 2026] [php:error] [pid 22258] [client 20.214.159.60:0] script '/domains/markrose/xmlrpc.php' not found or unable to stat
[Tue Feb 24 01:10:15.439494 2026] [php:error] [pid 22258] [client 20.214.159.60:0] script '/domains/markrose/ioxi-o.php' not found or unable to stat
[Tue Feb 24 01:10:15.580934 2026] [php:error] [pid 22238] [client 185.177.72.13:0] script '/domains/markrose/env.php' not found or unable to stat
[Tue Feb 24 01:10:15.645792 2026] [php:error] [pid 22258] [client 20.214.159.60:0] script '/domains/markrose/class-t.api.php' not found or unable to stat
[Tue Feb 24 01:10:15.845927 2026] [php:error] [pid 22258] [client 20.214.159.60:0] script '/domains/markrose/admin.php' not found or unable to stat
[Tue Feb 24 01:10:16.050130 2026] [php:error] [pid 22258] [client 20.214.159.60:0] script '/domains/markrose/sf.php' not found or unable to stat
[Tue Feb 24 01:10:16.259534 2026] [php:error] [pid 22258] [client 20.214.159.60:0] script '/domains/markrose/rip.php' not found or unable to stat
[Tue Feb 24 01:10:16.478300 2026] [php:error] [pid 22258] [client 20.214.159.60:0] script '/domains/markrose/autoload_classmap.php' not found or unable to stat
[Tue Feb 24 01:10:16.706071 2026] [php:error] [pid 22258] [client 20.214.159.60:0] script '/domains/markrose/chosen.php' not found or unable to stat
[Tue Feb 24 01:10:16.917178 2026] [php:error] [pid 22258] [client 20.214.159.60:0] script '/domains/markrose/classwithtostring.php' not found or unable to stat
[Tue Feb 24 01:10:17.117817 2026] [php:error] [pid 22258] [client 20.214.159.60:0] script '/domains/markrose/defaults.php' not found or unable to stat
[Tue Feb 24 01:10:18.119118 2026] [php:error] [pid 22258] [client 20.214.159.60:0] script '/domains/markrose/info.php' not found or unable to stat
[Tue Feb 24 01:10:18.480155 2026] [php:error] [pid 22259] [client 185.177.72.13:0] script '/domains/markrose/wp-config.php' not found or unable to stat
[Tue Feb 24 01:10:18.578781 2026] [php:error] [pid 22259] [client 185.177.72.13:0] script '/domains/markrose/configuration.php' not found or unable to stat
[Tue Feb 24 01:10:19.532446 2026] [php:error] [pid 22258] [client 20.214.159.60:0] script '/domains/markrose/adminfuns.php' not found or unable to stat
[Tue Feb 24 01:10:20.816511 2026] [php:error] [pid 22259] [client 185.177.72.13:0] script '/domains/markrose/settings.php' not found or unable to stat
[Tue Feb 24 01:10:21.212226 2026] [php:error] [pid 22258] [client 20.214.159.60:0] script '/domains/markrose/WSO.php' not found or unable to stat
[Tue Feb 24 01:10:21.411464 2026] [php:error] [pid 22258] [client 20.214.159.60:0] script '/domains/markrose/a.php' not found or unable to stat
[Tue Feb 24 01:10:21.611312 2026] [php:error] [pid 22258] [client 20.214.159.60:0] script '/domains/markrose/aa.php' not found or unable to stat
[Tue Feb 24 01:10:21.794144 2026] [php:error] [pid 22258] [client 20.214.159.60:0] script '/domains/markrose/aaa.php' not found or unable to stat
[Tue Feb 24 01:10:21.999634 2026] [php:error] [pid 22258] [client 20.214.159.60:0] script '/domains/markrose/ab.php' not found or unable to stat
[Tue Feb 24 01:10:22.191094 2026] [php:error] [pid 22258] [client 20.214.159.60:0] script '/domains/markrose/lock360.php' not found or unable to stat
[Tue Feb 24 01:10:22.557077 2026] [php:error] [pid 22258] [client 20.214.159.60:0] script '/domains/markrose/file5.php' not found or unable to stat
[Tue Feb 24 01:10:22.740061 2026] [php:error] [pid 22258] [client 20.214.159.60:0] script '/domains/markrose/sitemaps.php' not found or unable to stat
[Tue Feb 24 01:10:22.924008 2026] [php:error] [pid 22258] [client 20.214.159.60:0] script '/domains/markrose/load.php' not found or unable to stat
[Tue Feb 24 01:10:23.132274 2026] [php:error] [pid 22258] [client 20.214.159.60:0] script '/domains/markrose/k.php' not found or unable to stat
[Tue Feb 24 01:10:23.348589 2026] [php:error] [pid 22258] [client 20.214.159.60:0] script '/domains/markrose/post.php' not found or unable to stat
[Tue Feb 24 01:10:23.558121 2026] [php:error] [pid 22258] [client 20.214.159.60:0] script '/domains/markrose/1.php' not found or unable to stat
[Tue Feb 24 01:10:23.767859 2026] [php:error] [pid 22258] [client 20.214.159.60:0] script '/domains/markrose/flower.php' not found or unable to stat
[Tue Feb 24 01:10:23.950403 2026] [php:error] [pid 22258] [client 20.214.159.60:0] script '/domains/markrose/default.php' not found or unable to stat
[Tue Feb 24 01:10:24.145072 2026] [php:error] [pid 22258] [client 20.214.159.60:0] script '/domains/markrose/meta.php' not found or unable to stat
[Tue Feb 24 01:10:24.310589 2026] [php:error] [pid 22259] [client 185.177.72.13:0] script '/domains/markrose/_phpinfo.php' not found or unable to stat
/bin/sh: /usr/public/bin/counter.cgi: not found
[Tue Feb 24 01:10:24.548191 2026] [php:error] [pid 22258] [client 20.214.159.60:0] script '/domains/markrose/yindu.php' not found or unable to stat
[Tue Feb 24 01:10:24.731641 2026] [php:error] [pid 22258] [client 20.214.159.60:0] script '/domains/markrose/randkeyword.php' not found or unable to stat
[Tue Feb 24 01:10:24.934984 2026] [php:error] [pid 22258] [client 20.214.159.60:0] script '/domains/markrose/goods.php' not found or unable to stat
[Tue Feb 24 01:10:25.137085 2026] [php:error] [pid 22258] [client 20.214.159.60:0] script '/domains/markrose/hehe.php' not found or unable to stat
[Tue Feb 24 01:10:25.333631 2026] [php:error] [pid 22258] [client 20.214.159.60:0] script '/domains/markrose/user.php' not found or unable to stat
[Tue Feb 24 01:10:25.543454 2026] [php:error] [pid 22258] [client 20.214.159.60:0] script '/domains/markrose/wp-2019.php' not found or unable to stat
[Tue Feb 24 01:10:25.737715 2026] [php:error] [pid 22258] [client 20.214.159.60:0] script '/domains/markrose/chosen.php' not found or unable to stat
[Tue Feb 24 01:10:25.954343 2026] [php:error] [pid 22258] [client 20.214.159.60:0] script '/domains/markrose/functions.php' not found or unable to stat
[Tue Feb 24 01:10:26.156507 2026] [php:error] [pid 22258] [client 20.214.159.60:0] script '/domains/markrose/cron.php' not found or unable to stat
[Tue Feb 24 01:10:26.356775 2026] [php:error] [pid 22258] [client 20.214.159.60:0] script '/domains/markrose/edit.php' not found or unable to stat
[Tue Feb 24 01:10:26.564073 2026] [php:error] [pid 22258] [client 20.214.159.60:0] script '/domains/markrose/gecko-new.php' not found or unable to stat
[Tue Feb 24 01:10:26.778625 2026] [php:error] [pid 22258] [client 20.214.159.60:0] script '/domains/markrose/cookie.php' not found or unable to stat
[Tue Feb 24 01:10:26.983837 2026] [php:error] [pid 22258] [client 20.214.159.60:0] script '/domains/markrose/xleet.php' not found or unable to stat
[Tue Feb 24 01:10:27.183573 2026] [php:error] [pid 22258] [client 20.214.159.60:0] script '/domains/markrose/spip.php' not found or unable to stat
[Tue Feb 24 01:10:27.378659 2026] [php:error] [pid 22258] [client 20.214.159.60:0] script '/domains/markrose/22.php' not found or unable to stat
[Tue Feb 24 01:10:27.585567 2026] [php:error] [pid 22258] [client 20.214.159.60:0] script '/domains/markrose/room.php' not found or unable to stat
[Tue Feb 24 01:10:27.716401 2026] [php:error] [pid 22248] [client 185.177.72.13:0] script '/domains/markrose/config.php.bak' not found or unable to stat
[Tue Feb 24 01:10:27.768094 2026] [php:error] [pid 22258] [client 20.214.159.60:0] script '/domains/markrose/disagreed.php' not found or unable to stat
[Tue Feb 24 01:10:27.899917 2026] [access_compat:error] [pid 22248] [client 185.177.72.13:0] AH01797: client denied by server configuration: /domains/markrose/server-info
[Tue Feb 24 01:10:27.976077 2026] [php:error] [pid 22258] [client 20.214.159.60:0] script '/domains/markrose/text.php' not found or unable to stat
[Tue Feb 24 01:10:28.085352 2026] [php:error] [pid 22248] [client 185.177.72.13:0] script '/domains/markrose/config.php.save' not found or unable to stat
[Tue Feb 24 01:10:28.176343 2026] [php:error] [pid 22258] [client 20.214.159.60:0] script '/domains/markrose/alfa-rex.php' not found or unable to stat
[Tue Feb 24 01:10:28.178033 2026] [php:error] [pid 22248] [client 185.177.72.13:0] script '/domains/markrose/pi.php' not found or unable to stat
[Tue Feb 24 01:10:28.270202 2026] [php:error] [pid 22248] [client 185.177.72.13:0] script '/domains/markrose/wp-config.php.bak' not found or unable to stat
[Tue Feb 24 01:10:28.362431 2026] [php:error] [pid 22248] [client 185.177.72.13:0] script '/domains/markrose/test.php' not found or unable to stat
[Tue Feb 24 01:10:28.454670 2026] [php:error] [pid 22248] [client 185.177.72.13:0] script '/domains/markrose/wp-config.php.backup' not found or unable to stat
[Tue Feb 24 01:10:28.561567 2026] [php:error] [pid 22258] [client 20.214.159.60:0] script '/domains/markrose/feeds.php' not found or unable to stat
[Tue Feb 24 01:10:28.762570 2026] [php:error] [pid 22258] [client 20.214.159.60:0] script '/domains/markrose/radio.php' not found or unable to stat
[Tue Feb 24 01:10:28.967543 2026] [php:error] [pid 22258] [client 20.214.159.60:0] script '/domains/markrose/dropdown.php' not found or unable to stat
[Tue Feb 24 01:10:29.150414 2026] [php:error] [pid 22258] [client 20.214.159.60:0] script '/domains/markrose/system.php' not found or unable to stat
[Tue Feb 24 01:10:29.555272 2026] [php:error] [pid 22258] [client 20.214.159.60:0] script '/domains/markrose/colors.php' not found or unable to stat
[Tue Feb 24 01:10:29.760019 2026] [php:error] [pid 22258] [client 20.214.159.60:0] script '/domains/markrose/updates.php' not found or unable to stat
[Tue Feb 24 01:10:29.958980 2026] [php:error] [pid 22258] [client 20.214.159.60:0] script '/domains/markrose/alfa-rex1.php' not found or unable to stat
[Tue Feb 24 01:10:30.155738 2026] [php:error] [pid 22258] [client 20.214.159.60:0] script '/domains/markrose/wp-index.php' not found or unable to stat
[Tue Feb 24 01:10:30.360012 2026] [php:error] [pid 22258] [client 20.214.159.60:0] script '/domains/markrose/wp-admin.php' not found or unable to stat
[Tue Feb 24 01:10:30.553034 2026] [php:error] [pid 22258] [client 20.214.159.60:0] script '/domains/markrose/alfa.php' not found or unable to stat
[Tue Feb 24 01:10:30.936348 2026] [php:error] [pid 22258] [client 20.214.159.60:0] script '/domains/markrose/locale.php' not found or unable to stat
[Tue Feb 24 01:10:31.136223 2026] [php:error] [pid 22258] [client 20.214.159.60:0] script '/domains/markrose/wxo.php' not found or unable to stat
[Tue Feb 24 01:10:31.335454 2026] [php:error] [pid 22258] [client 20.214.159.60:0] script '/domains/markrose/colour.php' not found or unable to stat
[Tue Feb 24 01:10:31.540300 2026] [php:error] [pid 22258] [client 20.214.159.60:0] script '/domains/markrose/files.php' not found or unable to stat
[Tue Feb 24 01:10:31.748049 2026] [php:error] [pid 22258] [client 20.214.159.60:0] script '/domains/markrose/install.php' not found or unable to stat
[Tue Feb 24 01:10:31.958937 2026] [php:error] [pid 22258] [client 20.214.159.60:0] script '/domains/markrose/wp-contentt.php' not found or unable to stat
[Tue Feb 24 01:10:32.369458 2026] [php:error] [pid 22258] [client 20.214.159.60:0] script '/domains/markrose/config.php' not found or unable to stat
[Tue Feb 24 01:10:32.582853 2026] [php:error] [pid 22258] [client 20.214.159.60:0] script '/domains/markrose/theme.php' not found or unable to stat
[Tue Feb 24 01:10:32.700937 2026] [authz_core:error] [pid 22248] [client 185.177.72.13:0] AH01630: client denied by server configuration: /domains/markrose/.htaccess
[Tue Feb 24 01:10:32.805347 2026] [php:error] [pid 22258] [client 20.214.159.60:0] script '/domains/markrose/block-bindings.php' not found or unable to stat
[Tue Feb 24 01:10:33.008725 2026] [php:error] [pid 22258] [client 20.214.159.60:0] script '/domains/markrose/class_api.php' not found or unable to stat
[Tue Feb 24 01:10:33.216313 2026] [php:error] [pid 22258] [client 20.214.159.60:0] script '/domains/markrose/inputs.php' not found or unable to stat
[Tue Feb 24 01:10:33.413447 2026] [php:error] [pid 22258] [client 20.214.159.60:0] script '/domains/markrose/root.php' not found or unable to stat
[Tue Feb 24 01:10:33.623796 2026] [php:error] [pid 22258] [client 20.214.159.60:0] script '/domains/markrose/menu.php' not found or unable to stat
[Tue Feb 24 01:10:33.810476 2026] [php:error] [pid 22258] [client 20.214.159.60:0] script '/domains/markrose/plugin.php' not found or unable to stat
[Tue Feb 24 01:10:33.993513 2026] [php:error] [pid 22258] [client 20.214.159.60:0] script '/domains/markrose/cloud.php' not found or unable to stat
[Tue Feb 24 01:10:34.176800 2026] [php:error] [pid 22258] [client 20.214.159.60:0] script '/domains/markrose/configs.php' not found or unable to stat
[Tue Feb 24 01:10:34.360001 2026] [php:error] [pid 22258] [client 20.214.159.60:0] script '/domains/markrose/wp-configs.php' not found or unable to stat
[Tue Feb 24 01:10:34.955209 2026] [php:error] [pid 22249] [client 20.214.159.60:0] script '/domains/markrose/update.php' not found or unable to stat
[Tue Feb 24 01:10:35.006793 2026] [php:error] [pid 22248] [client 185.177.72.13:0] script '/domains/markrose/123.php' not found or unable to stat
[Tue Feb 24 01:10:35.141616 2026] [php:error] [pid 22249] [client 20.214.159.60:0] script '/domains/markrose/2.php' not found or unable to stat
[Tue Feb 24 01:10:35.375239 2026] [php:error] [pid 22249] [client 20.214.159.60:0] script '/domains/markrose/input.php' not found or unable to stat
[Tue Feb 24 01:10:35.655045 2026] [php:error] [pid 22242] [client 20.24.197.43:0] script '/domains/system_suspended/wp-trackback.php' not found or unable to stat
[Tue Feb 24 01:10:35.866403 2026] [php:error] [pid 22242] [client 20.24.197.43:0] script '/domains/system_suspended/about.php' not found or unable to stat
[Tue Feb 24 01:10:36.079077 2026] [php:error] [pid 22242] [client 20.24.197.43:0] script '/domains/system_suspended/file.php' not found or unable to stat
[Tue Feb 24 01:10:36.290129 2026] [php:error] [pid 22242] [client 20.24.197.43:0] script '/domains/system_suspended/wp-good.php' not found or unable to stat
[Tue Feb 24 01:10:36.501808 2026] [php:error] [pid 22242] [client 20.24.197.43:0] script '/domains/system_suspended/xmlrpc.php' not found or unable to stat
[Tue Feb 24 01:10:36.712903 2026] [php:error] [pid 22242] [client 20.24.197.43:0] script '/domains/system_suspended/ioxi-o.php' not found or unable to stat
[Tue Feb 24 01:10:36.924315 2026] [php:error] [pid 22242] [client 20.24.197.43:0] script '/domains/system_suspended/class-t.api.php' not found or unable to stat
[Tue Feb 24 01:10:37.135493 2026] [php:error] [pid 22242] [client 20.24.197.43:0] script '/domains/system_suspended/admin.php' not found or unable to stat
[Tue Feb 24 01:10:37.346574 2026] [php:error] [pid 22242] [client 20.24.197.43:0] script '/domains/system_suspended/sf.php' not found or unable to stat
[Tue Feb 24 01:10:37.561602 2026] [php:error] [pid 22242] [client 20.24.197.43:0] script '/domains/system_suspended/rip.php' not found or unable to stat
[Tue Feb 24 01:10:37.773688 2026] [php:error] [pid 22242] [client 20.24.197.43:0] script '/domains/system_suspended/autoload_classmap.php' not found or unable to stat
[Tue Feb 24 01:10:37.879978 2026] [php:error] [pid 22259] [client 185.177.72.13:0] script '/domains/markrose/a.php' not found or unable to stat
[Tue Feb 24 01:10:37.985858 2026] [php:error] [pid 22242] [client 20.24.197.43:0] script '/domains/system_suspended/chosen.php' not found or unable to stat
[Tue Feb 24 01:10:38.198066 2026] [php:error] [pid 22242] [client 20.24.197.43:0] script '/domains/system_suspended/classwithtostring.php' not found or unable to stat
[Tue Feb 24 01:10:38.411039 2026] [php:error] [pid 22242] [client 20.24.197.43:0] script '/domains/system_suspended/defaults.php' not found or unable to stat
[Tue Feb 24 01:10:38.681295 2026] [php:error] [pid 22259] [client 185.177.72.13:0] script '/domains/markrose/admin.php' not found or unable to stat
[Tue Feb 24 01:10:39.037371 2026] [php:error] [pid 22259] [client 185.177.72.13:0] script '/domains/markrose/adminer.php' not found or unable to stat
[Tue Feb 24 01:10:39.469876 2026] [php:error] [pid 22242] [client 20.24.197.43:0] script '/domains/system_suspended/info.php' not found or unable to stat
[Tue Feb 24 01:10:39.659416 2026] [php:error] [pid 22259] [client 185.177.72.13:0] script '/domains/markrose/apache.php' not found or unable to stat
[Tue Feb 24 01:10:40.014407 2026] [php:error] [pid 22259] [client 185.177.72.13:0] script '/domains/markrose/apache2.php' not found or unable to stat
[Tue Feb 24 01:10:40.102970 2026] [php:error] [pid 22259] [client 185.177.72.13:0] script '/domains/markrose/apc.php' not found or unable to stat
[Tue Feb 24 01:10:40.962479 2026] [php:error] [pid 22242] [client 20.24.197.43:0] script '/domains/system_suspended/adminfuns.php' not found or unable to stat
[Tue Feb 24 01:10:43.076771 2026] [php:error] [pid 22242] [client 20.24.197.43:0] script '/domains/system_suspended/WSO.php' not found or unable to stat
[Tue Feb 24 01:10:43.779473 2026] [php:error] [pid 22259] [client 185.177.72.13:0] script '/domains/markrose/asdf.php' not found or unable to stat
[Tue Feb 24 01:10:43.966255 2026] [php:error] [pid 22242] [client 20.24.197.43:0] script '/domains/system_suspended/aa.php' not found or unable to stat
[Tue Feb 24 01:10:44.177743 2026] [php:error] [pid 22242] [client 20.24.197.43:0] script '/domains/system_suspended/aaa.php' not found or unable to stat
[Tue Feb 24 01:10:44.389947 2026] [php:error] [pid 22242] [client 20.24.197.43:0] script '/domains/system_suspended/ab.php' not found or unable to stat
[Tue Feb 24 01:10:44.601471 2026] [php:error] [pid 22242] [client 20.24.197.43:0] script '/domains/system_suspended/lock360.php' not found or unable to stat
[Tue Feb 24 01:10:45.023983 2026] [php:error] [pid 22242] [client 20.24.197.43:0] script '/domains/system_suspended/file5.php' not found or unable to stat
[Tue Feb 24 01:10:45.235347 2026] [php:error] [pid 22242] [client 20.24.197.43:0] script '/domains/system_suspended/sitemaps.php' not found or unable to stat
[Tue Feb 24 01:10:45.446725 2026] [php:error] [pid 22242] [client 20.24.197.43:0] script '/domains/system_suspended/load.php' not found or unable to stat
[Tue Feb 24 01:10:45.657965 2026] [php:error] [pid 22242] [client 20.24.197.43:0] script '/domains/system_suspended/k.php' not found or unable to stat
[Tue Feb 24 01:10:45.870282 2026] [php:error] [pid 22242] [client 20.24.197.43:0] script '/domains/system_suspended/post.php' not found or unable to stat
[Tue Feb 24 01:10:46.101412 2026] [php:error] [pid 22242] [client 20.24.197.43:0] script '/domains/system_suspended/1.php' not found or unable to stat
[Tue Feb 24 01:10:46.312977 2026] [php:error] [pid 22242] [client 20.24.197.43:0] script '/domains/system_suspended/flower.php' not found or unable to stat
