[Tue Feb 24 00:20:59.311413 2026] [php:error] [pid 21613] [client 20.78.129.228:0] script '/domains/wsmith.enteract/rip.php' not found or unable to stat
[Tue Feb 24 00:20:59.478872 2026] [php:error] [pid 21613] [client 20.78.129.228:0] script '/domains/wsmith.enteract/admin.php' not found or unable to stat
[Tue Feb 24 00:20:59.815826 2026] [php:error] [pid 21613] [client 20.78.129.228:0] script '/domains/wsmith.enteract/cache.php' not found or unable to stat
[Tue Feb 24 00:20:59.985627 2026] [php:error] [pid 21613] [client 20.78.129.228:0] script '/domains/wsmith.enteract/themes.php' not found or unable to stat
[Tue Feb 24 00:21:00.153485 2026] [php:error] [pid 21613] [client 20.78.129.228:0] script '/domains/wsmith.enteract/an.php' not found or unable to stat
[Tue Feb 24 00:21:00.655834 2026] [php:error] [pid 21613] [client 20.78.129.228:0] script '/domains/wsmith.enteract/ws.php' not found or unable to stat
[Tue Feb 24 00:21:00.823646 2026] [php:error] [pid 21613] [client 20.78.129.228:0] script '/domains/wsmith.enteract/404.php' not found or unable to stat
[Tue Feb 24 00:21:01.160017 2026] [php:error] [pid 21613] [client 20.78.129.228:0] script '/domains/wsmith.enteract/wp-conf.php' not found or unable to stat
[Tue Feb 24 00:21:01.496419 2026] [php:error] [pid 21613] [client 20.78.129.228:0] script '/domains/wsmith.enteract/wp-login.php' not found or unable to stat
[Tue Feb 24 00:21:01.665093 2026] [php:error] [pid 21613] [client 20.78.129.228:0] script '/domains/wsmith.enteract/abc.php' not found or unable to stat
[Tue Feb 24 00:21:01.837029 2026] [php:error] [pid 21613] [client 20.78.129.228:0] script '/domains/wsmith.enteract/abcd.php' not found or unable to stat
[Tue Feb 24 00:21:02.004745 2026] [php:error] [pid 21613] [client 20.78.129.228:0] script '/domains/wsmith.enteract/as.php' not found or unable to stat
[Tue Feb 24 00:21:02.172816 2026] [php:error] [pid 21613] [client 20.78.129.228:0] script '/domains/wsmith.enteract/wp-trackback.php' not found or unable to stat
[Tue Feb 24 00:21:02.340364 2026] [php:error] [pid 21613] [client 20.78.129.228:0] script '/domains/wsmith.enteract/about.php' not found or unable to stat
[Tue Feb 24 00:21:02.507961 2026] [php:error] [pid 21613] [client 20.78.129.228:0] script '/domains/wsmith.enteract/file.php' not found or unable to stat
[Tue Feb 24 00:21:02.676224 2026] [php:error] [pid 21613] [client 20.78.129.228:0] script '/domains/wsmith.enteract/adminfuns.php' not found or unable to stat
[Tue Feb 24 00:21:02.843683 2026] [php:error] [pid 21613] [client 20.78.129.228:0] script '/domains/wsmith.enteract/wp-good.php' not found or unable to stat
[Tue Feb 24 00:21:03.011420 2026] [php:error] [pid 21613] [client 20.78.129.228:0] script '/domains/wsmith.enteract/xmlrpc.php' not found or unable to stat
[Tue Feb 24 00:21:03.180167 2026] [php:error] [pid 21613] [client 20.78.129.228:0] script '/domains/wsmith.enteract/goods.php' not found or unable to stat
[Tue Feb 24 00:21:03.363723 2026] [php:error] [pid 21613] [client 20.78.129.228:0] script '/domains/wsmith.enteract/class-t.api.php' not found or unable to stat
[Tue Feb 24 00:21:03.531237 2026] [php:error] [pid 21613] [client 20.78.129.228:0] script '/domains/wsmith.enteract/sf.php' not found or unable to stat
[Tue Feb 24 00:21:03.698843 2026] [php:error] [pid 21613] [client 20.78.129.228:0] script '/domains/wsmith.enteract/kbfr.php' not found or unable to stat
[Tue Feb 24 00:21:03.866276 2026] [php:error] [pid 21613] [client 20.78.129.228:0] script '/domains/wsmith.enteract/autoload_classmap.php' not found or unable to stat
[Tue Feb 24 00:21:04.033837 2026] [php:error] [pid 21613] [client 20.78.129.228:0] script '/domains/wsmith.enteract/chosen.php' not found or unable to stat
[Tue Feb 24 00:21:04.222073 2026] [php:error] [pid 21613] [client 20.78.129.228:0] script '/domains/wsmith.enteract/classwithtostring.php' not found or unable to stat
[Tue Feb 24 00:21:04.389566 2026] [php:error] [pid 21613] [client 20.78.129.228:0] script '/domains/wsmith.enteract/defaults.php' not found or unable to stat
[Tue Feb 24 00:21:04.897680 2026] [php:error] [pid 21613] [client 20.78.129.228:0] script '/domains/wsmith.enteract/info.php' not found or unable to stat
[Tue Feb 24 00:21:06.116244 2026] [php:error] [pid 21618] [client 45.67.97.194:0] script '/domains/pmglobal/media-new.php' not found or unable to stat
[Tue Feb 24 00:21:08.695912 2026] [php:error] [pid 21618] [client 45.67.97.194:0] script '/domains/pmglobal/pages.php' not found or unable to stat
[Tue Feb 24 00:21:11.652927 2026] [php:error] [pid 21618] [client 45.67.97.194:0] script '/domains/pmglobal/adminfus.php' not found or unable to stat
[Tue Feb 24 00:21:12.390353 2026] [php:error] [pid 21618] [client 45.67.97.194:0] script '/domains/pmglobal/images/as.php' not found or unable to stat
[Tue Feb 24 00:21:13.497824 2026] [php:error] [pid 21618] [client 45.67.97.194:0] script '/domains/pmglobal/cong.php' not found or unable to stat
[Tue Feb 24 00:21:16.084829 2026] [php:error] [pid 21618] [client 45.67.97.194:0] script '/domains/pmglobal/wp-configs.php' not found or unable to stat
[Tue Feb 24 00:21:20.800475 2026] [php:error] [pid 21616] [client 45.67.97.45:0] script '/domains/pmglobal/ms-users.php' not found or unable to stat
[Tue Feb 24 00:21:29.726180 2026] [php:error] [pid 21616] [client 45.67.97.45:0] script '/domains/pmglobal/top.php' not found or unable to stat
[Tue Feb 24 00:21:39.357492 2026] [php:error] [pid 21616] [client 45.67.97.45:0] script '/domains/pmglobal/images/c99.php' not found or unable to stat
[Tue Feb 24 00:21:40.845939 2026] [php:error] [pid 21616] [client 45.67.97.45:0] script '/domains/pmglobal/setup-config.php' not found or unable to stat
[Tue Feb 24 00:21:42.335278 2026] [php:error] [pid 21616] [client 45.67.97.45:0] script '/domains/pmglobal/type.php' not found or unable to stat
[Tue Feb 24 00:21:46.066039 2026] [php:error] [pid 21616] [client 45.67.97.45:0] script '/domains/pmglobal/goat.php' not found or unable to stat
[Tue Feb 24 00:21:48.679732 2026] [php:error] [pid 21616] [client 45.67.97.45:0] script '/domains/pmglobal/images/file.php' not found or unable to stat
[Tue Feb 24 00:21:56.441111 2026] [php:error] [pid 21606] [client 40.115.138.121:0] script '/domains/thewalshgroup/wp-trackback.php' not found or unable to stat
[Tue Feb 24 00:21:56.628165 2026] [php:error] [pid 21606] [client 40.115.138.121:0] script '/domains/thewalshgroup/about.php' not found or unable to stat
[Tue Feb 24 00:21:56.827962 2026] [php:error] [pid 21606] [client 40.115.138.121:0] script '/domains/thewalshgroup/file.php' not found or unable to stat
[Tue Feb 24 00:21:56.992211 2026] [php:error] [pid 21606] [client 40.115.138.121:0] script '/domains/thewalshgroup/wp-good.php' not found or unable to stat
[Tue Feb 24 00:21:57.157510 2026] [php:error] [pid 21606] [client 40.115.138.121:0] script '/domains/thewalshgroup/xmlrpc.php' not found or unable to stat
[Tue Feb 24 00:21:57.321908 2026] [php:error] [pid 21606] [client 40.115.138.121:0] script '/domains/thewalshgroup/ioxi-o.php' not found or unable to stat
[Tue Feb 24 00:21:57.487097 2026] [php:error] [pid 21606] [client 40.115.138.121:0] script '/domains/thewalshgroup/class-t.api.php' not found or unable to stat
[Tue Feb 24 00:21:57.663263 2026] [php:error] [pid 21606] [client 40.115.138.121:0] script '/domains/thewalshgroup/admin.php' not found or unable to stat
[Tue Feb 24 00:21:57.876814 2026] [php:error] [pid 21606] [client 40.115.138.121:0] script '/domains/thewalshgroup/sf.php' not found or unable to stat
[Tue Feb 24 00:21:58.040967 2026] [php:error] [pid 21606] [client 40.115.138.121:0] script '/domains/thewalshgroup/rip.php' not found or unable to stat
[Tue Feb 24 00:21:58.205815 2026] [php:error] [pid 21606] [client 40.115.138.121:0] script '/domains/thewalshgroup/autoload_classmap.php' not found or unable to stat
[Tue Feb 24 00:21:58.369684 2026] [php:error] [pid 21606] [client 40.115.138.121:0] script '/domains/thewalshgroup/chosen.php' not found or unable to stat
[Tue Feb 24 00:21:58.534921 2026] [php:error] [pid 21606] [client 40.115.138.121:0] script '/domains/thewalshgroup/classwithtostring.php' not found or unable to stat
[Tue Feb 24 00:21:58.748106 2026] [php:error] [pid 21606] [client 40.115.138.121:0] script '/domains/thewalshgroup/defaults.php' not found or unable to stat
[Tue Feb 24 00:22:00.068404 2026] [php:error] [pid 21606] [client 40.115.138.121:0] script '/domains/thewalshgroup/info.php' not found or unable to stat
[Tue Feb 24 00:22:01.314447 2026] [php:error] [pid 21606] [client 40.115.138.121:0] script '/domains/thewalshgroup/adminfuns.php' not found or unable to stat
[Tue Feb 24 00:22:02.892159 2026] [php:error] [pid 21606] [client 40.115.138.121:0] script '/domains/thewalshgroup/WSO.php' not found or unable to stat
[Tue Feb 24 00:22:03.056300 2026] [php:error] [pid 21606] [client 40.115.138.121:0] script '/domains/thewalshgroup/a.php' not found or unable to stat
[Tue Feb 24 00:22:03.220785 2026] [php:error] [pid 21606] [client 40.115.138.121:0] script '/domains/thewalshgroup/aa.php' not found or unable to stat
[Tue Feb 24 00:22:03.385133 2026] [php:error] [pid 21606] [client 40.115.138.121:0] script '/domains/thewalshgroup/aaa.php' not found or unable to stat
[Tue Feb 24 00:22:03.558556 2026] [php:error] [pid 21606] [client 40.115.138.121:0] script '/domains/thewalshgroup/ab.php' not found or unable to stat
[Tue Feb 24 00:22:03.723619 2026] [php:error] [pid 21606] [client 40.115.138.121:0] script '/domains/thewalshgroup/lock360.php' not found or unable to stat
[Tue Feb 24 00:22:04.052326 2026] [php:error] [pid 21606] [client 40.115.138.121:0] script '/domains/thewalshgroup/file5.php' not found or unable to stat
[Tue Feb 24 00:22:04.217001 2026] [php:error] [pid 21606] [client 40.115.138.121:0] script '/domains/thewalshgroup/sitemaps.php' not found or unable to stat
[Tue Feb 24 00:22:04.381439 2026] [php:error] [pid 21606] [client 40.115.138.121:0] script '/domains/thewalshgroup/load.php' not found or unable to stat
[Tue Feb 24 00:22:04.575041 2026] [php:error] [pid 21606] [client 40.115.138.121:0] script '/domains/thewalshgroup/k.php' not found or unable to stat
[Tue Feb 24 00:22:04.700928 2026] [php:error] [pid 21622] [client 20.100.198.130:0] script '/domains/king1969/166.php' not found or unable to stat
[Tue Feb 24 00:22:04.760870 2026] [php:error] [pid 21606] [client 40.115.138.121:0] script '/domains/thewalshgroup/post.php' not found or unable to stat
[Tue Feb 24 00:22:04.798082 2026] [php:error] [pid 21622] [client 20.100.198.130:0] script '/domains/king1969/2026.php' not found or unable to stat
[Tue Feb 24 00:22:04.894646 2026] [php:error] [pid 21622] [client 20.100.198.130:0] script '/domains/king1969/muzu.php' not found or unable to stat
[Tue Feb 24 00:22:04.957117 2026] [php:error] [pid 21606] [client 40.115.138.121:0] script '/domains/thewalshgroup/1.php' not found or unable to stat
[Tue Feb 24 00:22:04.990783 2026] [php:error] [pid 21622] [client 20.100.198.130:0] script '/domains/king1969/reze.php' not found or unable to stat
[Tue Feb 24 00:22:05.086961 2026] [php:error] [pid 21622] [client 20.100.198.130:0] script '/domains/king1969/jsond.php' not found or unable to stat
[Tue Feb 24 00:22:05.145869 2026] [php:error] [pid 21606] [client 40.115.138.121:0] script '/domains/thewalshgroup/flower.php' not found or unable to stat
[Tue Feb 24 00:22:05.183394 2026] [php:error] [pid 21622] [client 20.100.198.130:0] script '/domains/king1969/x7.php' not found or unable to stat
[Tue Feb 24 00:22:05.279504 2026] [php:error] [pid 21622] [client 20.100.198.130:0] script '/domains/king1969/bgymj.php' not found or unable to stat
[Tue Feb 24 00:22:05.337772 2026] [php:error] [pid 21606] [client 40.115.138.121:0] script '/domains/thewalshgroup/default.php' not found or unable to stat
[Tue Feb 24 00:22:05.375529 2026] [php:error] [pid 21622] [client 20.100.198.130:0] script '/domains/king1969/lala.php' not found or unable to stat
[Tue Feb 24 00:22:05.474344 2026] [php:error] [pid 21622] [client 20.100.198.130:0] script '/domains/king1969/8xyz.php' not found or unable to stat
[Tue Feb 24 00:22:05.530382 2026] [php:error] [pid 21606] [client 40.115.138.121:0] script '/domains/thewalshgroup/meta.php' not found or unable to stat
[Tue Feb 24 00:22:05.577381 2026] [php:error] [pid 21622] [client 20.100.198.130:0] script '/domains/king1969/wsd.php' not found or unable to stat
[Tue Feb 24 00:22:05.721736 2026] [php:error] [pid 21606] [client 40.115.138.121:0] script '/domains/thewalshgroup/index.php' not found or unable to stat
[Tue Feb 24 00:22:05.771541 2026] [php:error] [pid 21622] [client 20.100.198.130:0] script '/domains/king1969/la.php' not found or unable to stat
[Tue Feb 24 00:22:05.867966 2026] [php:error] [pid 21622] [client 20.100.198.130:0] script '/domains/king1969/Wp-good.php' not found or unable to stat
[Tue Feb 24 00:22:05.906664 2026] [php:error] [pid 21606] [client 40.115.138.121:0] script '/domains/thewalshgroup/yindu.php' not found or unable to stat
[Tue Feb 24 00:22:05.971315 2026] [php:error] [pid 21622] [client 20.100.198.130:0] script '/domains/king1969/tphp.php' not found or unable to stat
[Tue Feb 24 00:22:06.067158 2026] [php:error] [pid 21622] [client 20.100.198.130:0] script '/domains/king1969/a1.php' not found or unable to stat
[Tue Feb 24 00:22:06.090905 2026] [php:error] [pid 21606] [client 40.115.138.121:0] script '/domains/thewalshgroup/randkeyword.php' not found or unable to stat
[Tue Feb 24 00:22:06.162989 2026] [php:error] [pid 21622] [client 20.100.198.130:0] script '/domains/king1969/nyan.php' not found or unable to stat
[Tue Feb 24 00:22:06.259216 2026] [php:error] [pid 21622] [client 20.100.198.130:0] script '/domains/king1969/autoload_classmap.php' not found or unable to stat
[Tue Feb 24 00:22:06.281118 2026] [php:error] [pid 21606] [client 40.115.138.121:0] script '/domains/thewalshgroup/goods.php' not found or unable to stat
[Tue Feb 24 00:22:06.355046 2026] [php:error] [pid 21622] [client 20.100.198.130:0] script '/domains/king1969/alfa.php' not found or unable to stat
[Tue Feb 24 00:22:06.474193 2026] [php:error] [pid 21606] [client 40.115.138.121:0] script '/domains/thewalshgroup/hehe.php' not found or unable to stat
[Tue Feb 24 00:22:06.546730 2026] [php:error] [pid 21622] [client 20.100.198.130:0] script '/domains/king1969/luxe.php' not found or unable to stat
[Tue Feb 24 00:22:06.667421 2026] [php:error] [pid 21606] [client 40.115.138.121:0] script '/domains/thewalshgroup/user.php' not found or unable to stat
[Tue Feb 24 00:22:06.738276 2026] [php:error] [pid 21622] [client 20.100.198.130:0] script '/domains/king1969/rezor.php' not found or unable to stat
[Tue Feb 24 00:22:06.834171 2026] [php:error] [pid 21622] [client 20.100.198.130:0] script '/domains/king1969/doc.php' not found or unable to stat
[Tue Feb 24 00:22:06.844747 2026] [php:error] [pid 21606] [client 40.115.138.121:0] script '/domains/thewalshgroup/wp-2019.php' not found or unable to stat
[Tue Feb 24 00:22:07.050746 2026] [php:error] [pid 21606] [client 40.115.138.121:0] script '/domains/thewalshgroup/chosen.php' not found or unable to stat
[Tue Feb 24 00:22:07.122554 2026] [php:error] [pid 21622] [client 20.100.198.130:0] script '/domains/king1969/install.php' not found or unable to stat
[Tue Feb 24 00:22:07.244498 2026] [php:error] [pid 21606] [client 40.115.138.121:0] script '/domains/thewalshgroup/functions.php' not found or unable to stat
[Tue Feb 24 00:22:07.316848 2026] [php:error] [pid 21622] [client 20.100.198.130:0] script '/domains/king1969/sto.php' not found or unable to stat
[Tue Feb 24 00:22:07.413420 2026] [php:error] [pid 21622] [client 20.100.198.130:0] script '/domains/king1969/x.php' not found or unable to stat
[Tue Feb 24 00:22:07.441427 2026] [php:error] [pid 21606] [client 40.115.138.121:0] script '/domains/thewalshgroup/cron.php' not found or unable to stat
[Tue Feb 24 00:22:07.509454 2026] [php:error] [pid 21622] [client 20.100.198.130:0] script '/domains/king1969/test.php' not found or unable to stat
[Tue Feb 24 00:22:07.628623 2026] [php:error] [pid 21606] [client 40.115.138.121:0] script '/domains/thewalshgroup/edit.php' not found or unable to stat
[Tue Feb 24 00:22:07.701923 2026] [php:error] [pid 21622] [client 20.100.198.130:0] script '/domains/king1969/n3.php' not found or unable to stat
[Tue Feb 24 00:22:07.823599 2026] [php:error] [pid 21606] [client 40.115.138.121:0] script '/domains/thewalshgroup/gecko-new.php' not found or unable to stat
[Tue Feb 24 00:22:07.893510 2026] [php:error] [pid 21622] [client 20.100.198.130:0] script '/domains/king1969/o.php' not found or unable to stat
[Tue Feb 24 00:22:08.015171 2026] [php:error] [pid 21606] [client 40.115.138.121:0] script '/domains/thewalshgroup/cookie.php' not found or unable to stat
[Tue Feb 24 00:22:08.085082 2026] [php:error] [pid 21622] [client 20.100.198.130:0] script '/domains/king1969/class-t.api.php' not found or unable to stat
[Tue Feb 24 00:22:08.211916 2026] [php:error] [pid 21606] [client 40.115.138.121:0] script '/domains/thewalshgroup/xleet.php' not found or unable to stat
[Tue Feb 24 00:22:08.281235 2026] [php:error] [pid 21622] [client 20.100.198.130:0] script '/domains/king1969/wp.php' not found or unable to stat
[Tue Feb 24 00:22:08.409410 2026] [php:error] [pid 21606] [client 40.115.138.121:0] script '/domains/thewalshgroup/spip.php' not found or unable to stat
[Tue Feb 24 00:22:08.583340 2026] [php:error] [pid 21622] [client 20.100.198.130:0] script '/domains/king1969/h.php' not found or unable to stat
[Tue Feb 24 00:22:08.606587 2026] [php:error] [pid 21606] [client 40.115.138.121:0] script '/domains/thewalshgroup/22.php' not found or unable to stat
[Tue Feb 24 00:22:08.775949 2026] [php:error] [pid 21622] [client 20.100.198.130:0] script '/domains/king1969/wrt.php' not found or unable to stat
[Tue Feb 24 00:22:08.803351 2026] [php:error] [pid 21606] [client 40.115.138.121:0] script '/domains/thewalshgroup/room.php' not found or unable to stat
[Tue Feb 24 00:22:08.967719 2026] [php:error] [pid 21606] [client 40.115.138.121:0] script '/domains/thewalshgroup/disagreed.php' not found or unable to stat
[Tue Feb 24 00:22:09.131640 2026] [php:error] [pid 21606] [client 40.115.138.121:0] script '/domains/thewalshgroup/text.php' not found or unable to stat
[Tue Feb 24 00:22:09.159104 2026] [php:error] [pid 21622] [client 20.100.198.130:0] script '/domains/king1969/png.php' not found or unable to stat
[Tue Feb 24 00:22:09.295653 2026] [php:error] [pid 21606] [client 40.115.138.121:0] script '/domains/thewalshgroup/alfa-rex.php' not found or unable to stat
[Tue Feb 24 00:22:09.352683 2026] [php:error] [pid 21622] [client 20.100.198.130:0] script '/domains/king1969/zwso.php' not found or unable to stat
[Tue Feb 24 00:22:09.651542 2026] [php:error] [pid 21606] [client 40.115.138.121:0] script '/domains/thewalshgroup/feeds.php' not found or unable to stat
[Tue Feb 24 00:22:09.748649 2026] [php:error] [pid 21622] [client 20.100.198.130:0] script '/domains/king1969/ton.php' not found or unable to stat
[Tue Feb 24 00:22:09.844368 2026] [php:error] [pid 21622] [client 20.100.198.130:0] script '/domains/king1969/wso.php' not found or unable to stat
[Tue Feb 24 00:22:09.859519 2026] [php:error] [pid 21606] [client 40.115.138.121:0] script '/domains/thewalshgroup/radio.php' not found or unable to stat
[Tue Feb 24 00:22:10.024202 2026] [php:error] [pid 21606] [client 40.115.138.121:0] script '/domains/thewalshgroup/dropdown.php' not found or unable to stat
[Tue Feb 24 00:22:10.035970 2026] [php:error] [pid 21622] [client 20.100.198.130:0] script '/domains/king1969/a2.php' not found or unable to stat
[Tue Feb 24 00:22:10.132231 2026] [php:error] [pid 21622] [client 20.100.198.130:0] script '/domains/king1969/shell.php' not found or unable to stat
[Tue Feb 24 00:22:10.190923 2026] [php:error] [pid 21606] [client 40.115.138.121:0] script '/domains/thewalshgroup/system.php' not found or unable to stat
[Tue Feb 24 00:22:10.324534 2026] [php:error] [pid 21622] [client 20.100.198.130:0] script '/domains/king1969/sxo.php' not found or unable to stat
[Tue Feb 24 00:22:10.553774 2026] [php:error] [pid 21606] [client 40.115.138.121:0] script '/domains/thewalshgroup/colors.php' not found or unable to stat
[Tue Feb 24 00:22:10.612321 2026] [php:error] [pid 21622] [client 20.100.198.130:0] script '/domains/king1969/mans.php' not found or unable to stat
[Tue Feb 24 00:22:10.708520 2026] [php:error] [pid 21622] [client 20.100.198.130:0] script '/domains/king1969/dropdown.php' not found or unable to stat
[Tue Feb 24 00:22:10.722122 2026] [php:error] [pid 21606] [client 40.115.138.121:0] script '/domains/thewalshgroup/updates.php' not found or unable to stat
[Tue Feb 24 00:22:10.886570 2026] [php:error] [pid 21606] [client 40.115.138.121:0] script '/domains/thewalshgroup/alfa-rex1.php' not found or unable to stat
[Tue Feb 24 00:22:10.906772 2026] [php:error] [pid 21622] [client 20.100.198.130:0] script '/domains/king1969/ze.php' not found or unable to stat
[Tue Feb 24 00:22:11.002504 2026] [php:error] [pid 21622] [client 20.100.198.130:0] script '/domains/king1969/geck.php' not found or unable to stat
[Tue Feb 24 00:22:11.052098 2026] [php:error] [pid 21606] [client 40.115.138.121:0] script '/domains/thewalshgroup/wp-index.php' not found or unable to stat
[Tue Feb 24 00:22:11.098248 2026] [php:error] [pid 21622] [client 20.100.198.130:0] script '/domains/king1969/menu.php' not found or unable to stat
[Tue Feb 24 00:22:11.216108 2026] [php:error] [pid 21606] [client 40.115.138.121:0] script '/domains/thewalshgroup/wp-admin.php' not found or unable to stat
[Tue Feb 24 00:22:11.401151 2026] [php:error] [pid 21606] [client 40.115.138.121:0] script '/domains/thewalshgroup/alfa.php' not found or unable to stat
[Tue Feb 24 00:22:11.411068 2026] [php:error] [pid 21622] [client 20.100.198.130:0] script '/domains/king1969/flower.php' not found or unable to stat
[Tue Feb 24 00:22:11.507003 2026] [php:error] [pid 21622] [client 20.100.198.130:0] script '/domains/king1969/ftp.php' not found or unable to stat
[Tue Feb 24 00:22:11.602770 2026] [php:error] [pid 21622] [client 20.100.198.130:0] script '/domains/king1969/mds.php' not found or unable to stat
[Tue Feb 24 00:22:11.699239 2026] [php:error] [pid 21622] [client 20.100.198.130:0] script '/domains/king1969/ahax.php' not found or unable to stat
[Tue Feb 24 00:22:11.740982 2026] [php:error] [pid 21606] [client 40.115.138.121:0] script '/domains/thewalshgroup/locale.php' not found or unable to stat
[Tue Feb 24 00:22:11.891260 2026] [php:error] [pid 21622] [client 20.100.198.130:0] script '/domains/king1969/cool.php' not found or unable to stat
[Tue Feb 24 00:22:11.947661 2026] [php:error] [pid 21606] [client 40.115.138.121:0] script '/domains/thewalshgroup/wxo.php' not found or unable to stat
[Tue Feb 24 00:22:11.987497 2026] [php:error] [pid 21622] [client 20.100.198.130:0] script '/domains/king1969/gm.php' not found or unable to stat
[Tue Feb 24 00:22:12.091153 2026] [php:error] [pid 21622] [client 20.100.198.130:0] script '/domains/king1969/simple.php' not found or unable to stat
[Tue Feb 24 00:22:12.130482 2026] [php:error] [pid 21606] [client 40.115.138.121:0] script '/domains/thewalshgroup/colour.php' not found or unable to stat
[Tue Feb 24 00:22:12.188093 2026] [php:error] [pid 21622] [client 20.100.198.130:0] script '/domains/king1969/elp.php' not found or unable to stat
[Tue Feb 24 00:22:12.284366 2026] [php:error] [pid 21622] [client 20.100.198.130:0] script '/domains/king1969/bolt.php' not found or unable to stat
[Tue Feb 24 00:22:12.295611 2026] [php:error] [pid 21606] [client 40.115.138.121:0] script '/domains/thewalshgroup/files.php' not found or unable to stat
[Tue Feb 24 00:22:12.459981 2026] [php:error] [pid 21606] [client 40.115.138.121:0] script '/domains/thewalshgroup/install.php' not found or unable to stat
[Tue Feb 24 00:22:12.477001 2026] [php:error] [pid 21622] [client 20.100.198.130:0] script '/domains/king1969/inputs.php' not found or unable to stat
[Tue Feb 24 00:22:12.624608 2026] [php:error] [pid 21606] [client 40.115.138.121:0] script '/domains/thewalshgroup/wp-contentt.php' not found or unable to stat
[Tue Feb 24 00:22:12.673206 2026] [php:error] [pid 21622] [client 20.100.198.130:0] script '/domains/king1969/system.php' not found or unable to stat
[Tue Feb 24 00:22:12.985692 2026] [php:error] [pid 21606] [client 40.115.138.121:0] script '/domains/thewalshgroup/config.php' not found or unable to stat
[Tue Feb 24 00:22:13.056862 2026] [php:error] [pid 21622] [client 20.100.198.130:0] script '/domains/king1969/an.php' not found or unable to stat
[Tue Feb 24 00:22:13.153096 2026] [php:error] [pid 21622] [client 20.100.198.130:0] script '/domains/king1969/w.php' not found or unable to stat
[Tue Feb 24 00:22:13.178723 2026] [php:error] [pid 21606] [client 40.115.138.121:0] script '/domains/thewalshgroup/theme.php' not found or unable to stat
[Tue Feb 24 00:22:13.249174 2026] [php:error] [pid 21622] [client 20.100.198.130:0] script '/domains/king1969/gmo.php' not found or unable to stat
[Tue Feb 24 00:22:13.345515 2026] [php:error] [pid 21622] [client 20.100.198.130:0] script '/domains/king1969/gib.php' not found or unable to stat
[Tue Feb 24 00:22:13.380724 2026] [php:error] [pid 21606] [client 40.115.138.121:0] script '/domains/thewalshgroup/block-bindings.php' not found or unable to stat
[Tue Feb 24 00:22:13.452414 2026] [php:error] [pid 21622] [client 20.100.198.130:0] script '/domains/king1969/wp-miiss.php.php' not found or unable to stat
[Tue Feb 24 00:22:13.553577 2026] [php:error] [pid 21606] [client 40.115.138.121:0] script '/domains/thewalshgroup/class_api.php' not found or unable to stat
[Tue Feb 24 00:22:13.645159 2026] [php:error] [pid 21622] [client 20.100.198.130:0] script '/domains/king1969/moon.php' not found or unable to stat
[Tue Feb 24 00:22:13.718021 2026] [php:error] [pid 21606] [client 40.115.138.121:0] script '/domains/thewalshgroup/inputs.php' not found or unable to stat
[Tue Feb 24 00:22:13.740887 2026] [php:error] [pid 21622] [client 20.100.198.130:0] script '/domains/king1969/filesss.php' not found or unable to stat
[Tue Feb 24 00:22:13.837910 2026] [php:error] [pid 21622] [client 20.100.198.130:0] script '/domains/king1969/hey.php' not found or unable to stat
[Tue Feb 24 00:22:13.883114 2026] [php:error] [pid 21606] [client 40.115.138.121:0] script '/domains/thewalshgroup/root.php' not found or unable to stat
[Tue Feb 24 00:22:14.030118 2026] [php:error] [pid 21622] [client 20.100.198.130:0] script '/domains/king1969/1337.php' not found or unable to stat
[Tue Feb 24 00:22:14.056008 2026] [php:error] [pid 21606] [client 40.115.138.121:0] script '/domains/thewalshgroup/menu.php' not found or unable to stat
[Tue Feb 24 00:22:14.126352 2026] [php:error] [pid 21622] [client 20.100.198.130:0] script '/domains/king1969/buy.php' not found or unable to stat
[Tue Feb 24 00:22:14.220621 2026] [php:error] [pid 21606] [client 40.115.138.121:0] script '/domains/thewalshgroup/plugin.php' not found or unable to stat
[Tue Feb 24 00:22:14.318534 2026] [php:error] [pid 21622] [client 20.100.198.130:0] script '/domains/king1969/m.php' not found or unable to stat
[Tue Feb 24 00:22:14.411146 2026] [php:error] [pid 21606] [client 40.115.138.121:0] script '/domains/thewalshgroup/cloud.php' not found or unable to stat
[Tue Feb 24 00:22:14.518612 2026] [php:error] [pid 21634] [client 20.100.198.130:0] script '/domains/king1969/wp-is.php' not found or unable to stat
[Tue Feb 24 00:22:14.597767 2026] [php:error] [pid 21606] [client 40.115.138.121:0] script '/domains/thewalshgroup/configs.php' not found or unable to stat
[Tue Feb 24 00:22:14.612754 2026] [php:error] [pid 21634] [client 20.100.198.130:0] script '/domains/king1969/jmfi2.php' not found or unable to stat
[Tue Feb 24 00:22:14.799402 2026] [php:error] [pid 21634] [client 20.100.198.130:0] script '/domains/king1969/bnn_.php' not found or unable to stat
[Tue Feb 24 00:22:14.801948 2026] [php:error] [pid 21606] [client 40.115.138.121:0] script '/domains/thewalshgroup/wp-configs.php' not found or unable to stat
[Tue Feb 24 00:22:14.986360 2026] [php:error] [pid 21634] [client 20.100.198.130:0] script '/domains/king1969/hzz.php' not found or unable to stat
[Tue Feb 24 00:22:15.080161 2026] [php:error] [pid 21634] [client 20.100.198.130:0] script '/domains/king1969/shell20211028.php' not found or unable to stat
[Tue Feb 24 00:22:15.173873 2026] [php:error] [pid 21634] [client 20.100.198.130:0] script '/domains/king1969/content.php' not found or unable to stat
[Tue Feb 24 00:22:15.361093 2026] [php:error] [pid 21634] [client 20.100.198.130:0] script '/domains/king1969/ps.php' not found or unable to stat
[Tue Feb 24 00:22:15.525732 2026] [php:error] [pid 21636] [client 40.115.138.121:0] script '/domains/thewalshgroup/update.php' not found or unable to stat
[Tue Feb 24 00:22:15.641249 2026] [php:error] [pid 21634] [client 20.100.198.130:0] script '/domains/king1969/cache.php' not found or unable to stat
[Tue Feb 24 00:22:15.690806 2026] [php:error] [pid 21636] [client 40.115.138.121:0] script '/domains/thewalshgroup/2.php' not found or unable to stat
[Tue Feb 24 00:22:15.734801 2026] [php:error] [pid 21634] [client 20.100.198.130:0] script '/domains/king1969/ss.php' not found or unable to stat
[Tue Feb 24 00:22:15.828696 2026] [php:error] [pid 21634] [client 20.100.198.130:0] script '/domains/king1969/p.php' not found or unable to stat
[Tue Feb 24 00:22:15.855946 2026] [php:error] [pid 21636] [client 40.115.138.121:0] script '/domains/thewalshgroup/input.php' not found or unable to stat
[Tue Feb 24 00:22:16.018580 2026] [php:error] [pid 21634] [client 20.100.198.130:0] script '/domains/king1969/user.php' not found or unable to stat
[Tue Feb 24 00:22:16.304727 2026] [php:error] [pid 21634] [client 20.100.198.130:0] script '/domains/king1969/wp.php' not found or unable to stat
[Tue Feb 24 00:22:16.400846 2026] [php:error] [pid 21634] [client 20.100.198.130:0] script '/domains/king1969/rip.php' not found or unable to stat
[Tue Feb 24 00:22:16.494493 2026] [php:error] [pid 21634] [client 20.100.198.130:0] script '/domains/king1969/wp4.php' not found or unable to stat
[Tue Feb 24 00:22:16.587951 2026] [php:error] [pid 21634] [client 20.100.198.130:0] script '/domains/king1969/403.php' not found or unable to stat
[Tue Feb 24 00:22:16.781778 2026] [php:error] [pid 21634] [client 20.100.198.130:0] script '/domains/king1969/asd67.php' not found or unable to stat
[Tue Feb 24 00:22:16.977155 2026] [php:error] [pid 21634] [client 20.100.198.130:0] script '/domains/king1969/oivcl.php' not found or unable to stat
[Tue Feb 24 00:22:17.077532 2026] [php:error] [pid 21634] [client 20.100.198.130:0] script '/domains/king1969/about.php' not found or unable to stat
[Tue Feb 24 00:22:17.266761 2026] [php:error] [pid 21634] [client 20.100.198.130:0] script '/domains/king1969/v2.php' not found or unable to stat
[Tue Feb 24 00:22:17.652937 2026] [php:error] [pid 21634] [client 20.100.198.130:0] script '/domains/king1969/dr.php' not found or unable to stat
[Tue Feb 24 00:22:17.746582 2026] [php:error] [pid 21634] [client 20.100.198.130:0] script '/domains/king1969/raw.php' not found or unable to stat
[Tue Feb 24 00:22:18.026169 2026] [php:error] [pid 21634] [client 20.100.198.130:0] script '/domains/king1969/ioxi-o2.php' not found or unable to stat
[Tue Feb 24 00:22:18.119352 2026] [php:error] [pid 21634] [client 20.100.198.130:0] script '/domains/king1969/dropdown.php' not found or unable to stat
[Tue Feb 24 00:22:18.212888 2026] [php:error] [pid 21634] [client 20.100.198.130:0] script '/domains/king1969/dlu.php' not found or unable to stat
[Tue Feb 24 00:22:18.407523 2026] [php:error] [pid 21634] [client 20.100.198.130:0] script '/domains/king1969/db.php' not found or unable to stat
[Tue Feb 24 00:22:18.501011 2026] [php:error] [pid 21634] [client 20.100.198.130:0] script '/domains/king1969/packed.php' not found or unable to stat
[Tue Feb 24 00:22:18.594736 2026] [php:error] [pid 21634] [client 20.100.198.130:0] script '/domains/king1969/wp-configs.php' not found or unable to stat
[Tue Feb 24 00:22:18.688133 2026] [php:error] [pid 21634] [client 20.100.198.130:0] script '/domains/king1969/404.php' not found or unable to stat
[Tue Feb 24 00:22:18.782151 2026] [php:error] [pid 21634] [client 20.100.198.130:0] script '/domains/king1969/des.php' not found or unable to stat
[Tue Feb 24 00:22:18.968942 2026] [php:error] [pid 21634] [client 20.100.198.130:0] script '/domains/king1969/lufix.php' not found or unable to stat
[Tue Feb 24 00:22:21.564180 2026] [php:error] [pid 21635] [client 137.184.175.136:0] script '/domains/perless2web/wp-login.php' not found or unable to stat
[Tue Feb 24 00:22:45.124618 2026] [authz_core:error] [pid 21634] [client 93.174.93.12:0] AH01630: client denied by server configuration: /
[Tue Feb 24 00:22:58.298065 2026] [php:error] [pid 21640] [client 20.223.240.16:0] script '/domains/hand-hammerweb/am.php' not found or unable to stat
[Tue Feb 24 00:22:58.373275 2026] [php:error] [pid 21640] [client 20.223.240.16:0] script '/domains/hand-hammerweb/uy.php' not found or unable to stat
[Tue Feb 24 00:22:58.448372 2026] [php:error] [pid 21640] [client 20.223.240.16:0] script '/domains/hand-hammerweb/hc.php' not found or unable to stat
[Tue Feb 24 00:22:58.522625 2026] [php:error] [pid 21640] [client 20.223.240.16:0] script '/domains/hand-hammerweb/fa.php' not found or unable to stat
[Tue Feb 24 00:22:58.597965 2026] [php:error] [pid 21640] [client 20.223.240.16:0] script '/domains/hand-hammerweb/vt.php' not found or unable to stat
[Tue Feb 24 00:22:58.670786 2026] [php:error] [pid 21640] [client 20.223.240.16:0] script '/domains/hand-hammerweb/hu.php' not found or unable to stat
[Tue Feb 24 00:22:58.745411 2026] [php:error] [pid 21640] [client 20.223.240.16:0] script '/domains/hand-hammerweb/cm.php' not found or unable to stat
[Tue Feb 24 00:22:58.818154 2026] [php:error] [pid 21640] [client 20.223.240.16:0] script '/domains/hand-hammerweb/rv.php' not found or unable to stat
[Tue Feb 24 00:22:58.890348 2026] [php:error] [pid 21640] [client 20.223.240.16:0] script '/domains/hand-hammerweb/oo.php' not found or unable to stat
[Tue Feb 24 00:22:58.962285 2026] [php:error] [pid 21640] [client 20.223.240.16:0] script '/domains/hand-hammerweb/vc.php' not found or unable to stat
[Tue Feb 24 00:22:59.034103 2026] [php:error] [pid 21640] [client 20.223.240.16:0] script '/domains/hand-hammerweb/qn.php' not found or unable to stat
[Tue Feb 24 00:22:59.106305 2026] [php:error] [pid 21640] [client 20.223.240.16:0] script '/domains/hand-hammerweb/em.php' not found or unable to stat
[Tue Feb 24 00:22:59.178742 2026] [php:error] [pid 21640] [client 20.223.240.16:0] script '/domains/hand-hammerweb/ss.php' not found or unable to stat
[Tue Feb 24 00:22:59.252108 2026] [php:error] [pid 21640] [client 20.223.240.16:0] script '/domains/hand-hammerweb/fu.php' not found or unable to stat
[Tue Feb 24 00:22:59.324341 2026] [php:error] [pid 21640] [client 20.223.240.16:0] script '/domains/hand-hammerweb/ku.php' not found or unable to stat
[Tue Feb 24 00:22:59.399814 2026] [php:error] [pid 21640] [client 20.223.240.16:0] script '/domains/hand-hammerweb/cz.php' not found or unable to stat
[Tue Feb 24 00:22:59.472070 2026] [php:error] [pid 21640] [client 20.223.240.16:0] script '/domains/hand-hammerweb/fn.php' not found or unable to stat
[Tue Feb 24 00:22:59.544118 2026] [php:error] [pid 21640] [client 20.223.240.16:0] script '/domains/hand-hammerweb/ik.php' not found or unable to stat
[Tue Feb 24 00:22:59.616442 2026] [php:error] [pid 21640] [client 20.223.240.16:0] script '/domains/hand-hammerweb/qp.php' not found or unable to stat
[Tue Feb 24 00:22:59.688484 2026] [php:error] [pid 21640] [client 20.223.240.16:0] script '/domains/hand-hammerweb/iu.php' not found or unable to stat
[Tue Feb 24 00:22:59.760541 2026] [php:error] [pid 21640] [client 20.223.240.16:0] script '/domains/hand-hammerweb/fx.php' not found or unable to stat
[Tue Feb 24 00:22:59.832923 2026] [php:error] [pid 21640] [client 20.223.240.16:0] script '/domains/hand-hammerweb/mx.php' not found or unable to stat
[Tue Feb 24 00:22:59.905102 2026] [php:error] [pid 21640] [client 20.223.240.16:0] script '/domains/hand-hammerweb/mq.php' not found or unable to stat
[Tue Feb 24 00:22:59.977592 2026] [php:error] [pid 21640] [client 20.223.240.16:0] script '/domains/hand-hammerweb/vg.php' not found or unable to stat
[Tue Feb 24 00:23:00.049606 2026] [php:error] [pid 21640] [client 20.223.240.16:0] script '/domains/hand-hammerweb/en.php' not found or unable to stat
[Tue Feb 24 00:23:00.140043 2026] [php:error] [pid 21640] [client 20.223.240.16:0] script '/domains/hand-hammerweb/zb.php' not found or unable to stat
[Tue Feb 24 00:23:00.211996 2026] [php:error] [pid 21640] [client 20.223.240.16:0] script '/domains/hand-hammerweb/re.php' not found or unable to stat
[Tue Feb 24 00:23:00.284034 2026] [php:error] [pid 21640] [client 20.223.240.16:0] script '/domains/hand-hammerweb/jp.php' not found or unable to stat
[Tue Feb 24 00:23:00.364839 2026] [php:error] [pid 21640] [client 20.223.240.16:0] script '/domains/hand-hammerweb/df.php' not found or unable to stat
[Tue Feb 24 00:23:00.437470 2026] [php:error] [pid 21640] [client 20.223.240.16:0] script '/domains/hand-hammerweb/wm.php' not found or unable to stat
[Tue Feb 24 00:23:00.510813 2026] [php:error] [pid 21640] [client 20.223.240.16:0] script '/domains/hand-hammerweb/uu.php' not found or unable to stat
[Tue Feb 24 00:23:00.582884 2026] [php:error] [pid 21640] [client 20.223.240.16:0] script '/domains/hand-hammerweb/wh.php' not found or unable to stat
[Tue Feb 24 00:23:00.655019 2026] [php:error] [pid 21640] [client 20.223.240.16:0] script '/domains/hand-hammerweb/ka.php' not found or unable to stat
[Tue Feb 24 00:23:00.727797 2026] [php:error] [pid 21640] [client 20.223.240.16:0] script '/domains/hand-hammerweb/ch.php' not found or unable to stat
[Tue Feb 24 00:23:00.799786 2026] [php:error] [pid 21640] [client 20.223.240.16:0] script '/domains/hand-hammerweb/bq.php' not found or unable to stat
[Tue Feb 24 00:23:00.871848 2026] [php:error] [pid 21640] [client 20.223.240.16:0] script '/domains/hand-hammerweb/lj.php' not found or unable to stat
[Tue Feb 24 00:23:00.944039 2026] [php:error] [pid 21640] [client 20.223.240.16:0] script '/domains/hand-hammerweb/zz.php' not found or unable to stat
[Tue Feb 24 00:23:01.016496 2026] [php:error] [pid 21640] [client 20.223.240.16:0] script '/domains/hand-hammerweb/lg.php' not found or unable to stat
[Tue Feb 24 00:23:01.088722 2026] [php:error] [pid 21640] [client 20.223.240.16:0] script '/domains/hand-hammerweb/dj.php' not found or unable to stat
[Tue Feb 24 00:23:01.161721 2026] [php:error] [pid 21640] [client 20.223.240.16:0] script '/domains/hand-hammerweb/bn.php' not found or unable to stat
[Tue Feb 24 00:23:01.233994 2026] [php:error] [pid 21640] [client 20.223.240.16:0] script '/domains/hand-hammerweb/su.php' not found or unable to stat
[Tue Feb 24 00:23:01.261448 2026] [php:error] [pid 21634] [client 20.197.25.32:0] script '/domains/kandg-pc/gaigu.php' not found or unable to stat
[Tue Feb 24 00:23:01.305887 2026] [php:error] [pid 21640] [client 20.223.240.16:0] script '/domains/hand-hammerweb/lp.php' not found or unable to stat
[Tue Feb 24 00:23:01.379117 2026] [php:error] [pid 21640] [client 20.223.240.16:0] script '/domains/hand-hammerweb/yh.php' not found or unable to stat
[Tue Feb 24 00:23:01.451171 2026] [php:error] [pid 21640] [client 20.223.240.16:0] script '/domains/hand-hammerweb/mo.php' not found or unable to stat
[Tue Feb 24 00:23:01.523116 2026] [php:error] [pid 21640] [client 20.223.240.16:0] script '/domains/hand-hammerweb/zf.php' not found or unable to stat
[Tue Feb 24 00:23:01.594888 2026] [php:error] [pid 21640] [client 20.223.240.16:0] script '/domains/hand-hammerweb/yo.php' not found or unable to stat
[Tue Feb 24 00:23:01.604305 2026] [php:error] [pid 21634] [client 20.197.25.32:0] script '/domains/kandg-pc/c99.php' not found or unable to stat
[Tue Feb 24 00:23:01.670067 2026] [php:error] [pid 21640] [client 20.223.240.16:0] script '/domains/hand-hammerweb/fh.php' not found or unable to stat
[Tue Feb 24 00:23:01.742571 2026] [php:error] [pid 21640] [client 20.223.240.16:0] script '/domains/hand-hammerweb/hg.php' not found or unable to stat
[Tue Feb 24 00:23:01.814841 2026] [php:error] [pid 21640] [client 20.223.240.16:0] script '/domains/hand-hammerweb/rb.php' not found or unable to stat
[Tue Feb 24 00:23:01.829774 2026] [php:error] [pid 21634] [client 20.197.25.32:0] script '/domains/kandg-pc/2.php' not found or unable to stat
[Tue Feb 24 00:23:01.888062 2026] [php:error] [pid 21640] [client 20.223.240.16:0] script '/domains/hand-hammerweb/ja.php' not found or unable to stat
[Tue Feb 24 00:23:01.959977 2026] [php:error] [pid 21640] [client 20.223.240.16:0] script '/domains/hand-hammerweb/cs.php' not found or unable to stat
[Tue Feb 24 00:23:02.032203 2026] [php:error] [pid 21640] [client 20.223.240.16:0] script '/domains/hand-hammerweb/dm.php' not found or unable to stat
[Tue Feb 24 00:23:02.039928 2026] [php:error] [pid 21634] [client 20.197.25.32:0] script '/domains/kandg-pc/0x.php' not found or unable to stat
[Tue Feb 24 00:23:02.104417 2026] [php:error] [pid 21640] [client 20.223.240.16:0] script '/domains/hand-hammerweb/lb.php' not found or unable to stat
[Tue Feb 24 00:23:02.176645 2026] [php:error] [pid 21640] [client 20.223.240.16:0] script '/domains/hand-hammerweb/ww.php' not found or unable to stat
[Tue Feb 24 00:23:02.248640 2026] [php:error] [pid 21640] [client 20.223.240.16:0] script '/domains/hand-hammerweb/oy.php' not found or unable to stat
[Tue Feb 24 00:23:02.249946 2026] [php:error] [pid 21634] [client 20.197.25.32:0] script '/domains/kandg-pc/abcd.php' not found or unable to stat
[Tue Feb 24 00:23:02.320940 2026] [php:error] [pid 21640] [client 20.223.240.16:0] script '/domains/hand-hammerweb/zn.php' not found or unable to stat
[Tue Feb 24 00:23:02.393291 2026] [php:error] [pid 21640] [client 20.223.240.16:0] script '/domains/hand-hammerweb/nw.php' not found or unable to stat
[Tue Feb 24 00:23:02.465276 2026] [php:error] [pid 21640] [client 20.223.240.16:0] script '/domains/hand-hammerweb/ap.php' not found or unable to stat
[Tue Feb 24 00:23:02.478319 2026] [php:error] [pid 21634] [client 20.197.25.32:0] script '/domains/kandg-pc/i.php' not found or unable to stat
[Tue Feb 24 00:23:02.538530 2026] [php:error] [pid 21640] [client 20.223.240.16:0] script '/domains/hand-hammerweb/ym.php' not found or unable to stat
[Tue Feb 24 00:23:02.610702 2026] [php:error] [pid 21640] [client 20.223.240.16:0] script '/domains/hand-hammerweb/mn.php' not found or unable to stat
[Tue Feb 24 00:23:02.683403 2026] [php:error] [pid 21640] [client 20.223.240.16:0] script '/domains/hand-hammerweb/xn.php' not found or unable to stat
[Tue Feb 24 00:23:02.688209 2026] [php:error] [pid 21634] [client 20.197.25.32:0] script '/domains/kandg-pc/goat.php' not found or unable to stat
[Tue Feb 24 00:23:02.755536 2026] [php:error] [pid 21640] [client 20.223.240.16:0] script '/domains/hand-hammerweb/gj.php' not found or unable to stat
[Tue Feb 24 00:23:02.827717 2026] [php:error] [pid 21640] [client 20.223.240.16:0] script '/domains/hand-hammerweb/bs.php' not found or unable to stat
[Tue Feb 24 00:23:02.898327 2026] [php:error] [pid 21634] [client 20.197.25.32:0] script '/domains/kandg-pc/asd67.php' not found or unable to stat
[Tue Feb 24 00:23:02.899892 2026] [php:error] [pid 21640] [client 20.223.240.16:0] script '/domains/hand-hammerweb/tu.php' not found or unable to stat
[Tue Feb 24 00:23:02.972002 2026] [php:error] [pid 21640] [client 20.223.240.16:0] script '/domains/hand-hammerweb/vq.php' not found or unable to stat
[Tue Feb 24 00:23:03.044134 2026] [php:error] [pid 21640] [client 20.223.240.16:0] script '/domains/hand-hammerweb/xc.php' not found or unable to stat
[Tue Feb 24 00:23:03.116449 2026] [php:error] [pid 21640] [client 20.223.240.16:0] script '/domains/hand-hammerweb/wr.php' not found or unable to stat
[Tue Feb 24 00:23:03.126617 2026] [php:error] [pid 21634] [client 20.197.25.32:0] script '/domains/kandg-pc/x12.php' not found or unable to stat
[Tue Feb 24 00:23:03.189576 2026] [php:error] [pid 21640] [client 20.223.240.16:0] script '/domains/hand-hammerweb/gz.php' not found or unable to stat
[Tue Feb 24 00:23:03.262701 2026] [php:error] [pid 21640] [client 20.223.240.16:0] script '/domains/hand-hammerweb/lm.php' not found or unable to stat
[Tue Feb 24 00:23:03.334709 2026] [php:error] [pid 21640] [client 20.223.240.16:0] script '/domains/hand-hammerweb/zt.php' not found or unable to stat
[Tue Feb 24 00:23:03.350386 2026] [php:error] [pid 21634] [client 20.197.25.32:0] script '/domains/kandg-pc/41.php' not found or unable to stat
[Tue Feb 24 00:23:03.406910 2026] [php:error] [pid 21640] [client 20.223.240.16:0] script '/domains/hand-hammerweb/gy.php' not found or unable to stat
[Tue Feb 24 00:23:03.478981 2026] [php:error] [pid 21640] [client 20.223.240.16:0] script '/domains/hand-hammerweb/ny.php' not found or unable to stat
[Tue Feb 24 00:23:03.551254 2026] [php:error] [pid 21640] [client 20.223.240.16:0] script '/domains/hand-hammerweb/dq.php' not found or unable to stat
[Tue Feb 24 00:23:03.560862 2026] [php:error] [pid 21634] [client 20.197.25.32:0] script '/domains/kandg-pc/ad2.php' not found or unable to stat
[Tue Feb 24 00:23:03.623105 2026] [php:error] [pid 21640] [client 20.223.240.16:0] script '/domains/hand-hammerweb/gn.php' not found or unable to stat
[Tue Feb 24 00:23:03.695235 2026] [php:error] [pid 21640] [client 20.223.240.16:0] script '/domains/hand-hammerweb/ry.php' not found or unable to stat
[Tue Feb 24 00:23:03.767269 2026] [php:error] [pid 21640] [client 20.223.240.16:0] script '/domains/hand-hammerweb/qu.php' not found or unable to stat
[Tue Feb 24 00:23:03.839154 2026] [php:error] [pid 21640] [client 20.223.240.16:0] script '/domains/hand-hammerweb/fg.php' not found or unable to stat
[Tue Feb 24 00:23:03.850177 2026] [php:error] [pid 21634] [client 20.197.25.32:0] script '/domains/kandg-pc/sad8rd1.php' not found or unable to stat
[Tue Feb 24 00:23:03.918005 2026] [php:error] [pid 21640] [client 20.223.240.16:0] script '/domains/hand-hammerweb/wy.php' not found or unable to stat
[Tue Feb 24 00:23:04.001369 2026] [php:error] [pid 21640] [client 20.223.240.16:0] script '/domains/hand-hammerweb/ll.php' not found or unable to stat
[Tue Feb 24 00:23:04.060282 2026] [php:error] [pid 21634] [client 20.197.25.32:0] script '/domains/kandg-pc/000.php' not found or unable to stat
[Tue Feb 24 00:23:04.073515 2026] [php:error] [pid 21640] [client 20.223.240.16:0] script '/domains/hand-hammerweb/jh.php' not found or unable to stat
[Tue Feb 24 00:23:04.145803 2026] [php:error] [pid 21640] [client 20.223.240.16:0] script '/domains/hand-hammerweb/bh.php' not found or unable to stat
[Tue Feb 24 00:23:04.217920 2026] [php:error] [pid 21640] [client 20.223.240.16:0] script '/domains/hand-hammerweb/vk.php' not found or unable to stat
[Tue Feb 24 00:23:04.290411 2026] [php:error] [pid 21640] [client 20.223.240.16:0] script '/domains/hand-hammerweb/ed.php' not found or unable to stat
[Tue Feb 24 00:23:04.293618 2026] [php:error] [pid 21634] [client 20.197.25.32:0] script '/domains/kandg-pc/a6s2.php' not found or unable to stat
[Tue Feb 24 00:23:04.363115 2026] [php:error] [pid 21640] [client 20.223.240.16:0] script '/domains/hand-hammerweb/aq.php' not found or unable to stat
[Tue Feb 24 00:23:04.435139 2026] [php:error] [pid 21640] [client 20.223.240.16:0] script '/domains/hand-hammerweb/ma.php' not found or unable to stat
[Tue Feb 24 00:23:04.504608 2026] [php:error] [pid 21634] [client 20.197.25.32:0] script '/domains/kandg-pc/pepe.php' not found or unable to stat
[Tue Feb 24 00:23:04.512020 2026] [php:error] [pid 21640] [client 20.223.240.16:0] script '/domains/hand-hammerweb/bk.php' not found or unable to stat
[Tue Feb 24 00:23:04.584075 2026] [php:error] [pid 21640] [client 20.223.240.16:0] script '/domains/hand-hammerweb/jv.php' not found or unable to stat
[Tue Feb 24 00:23:04.661412 2026] [php:error] [pid 21640] [client 20.223.240.16:0] script '/domains/hand-hammerweb/io.php' not found or unable to stat
[Tue Feb 24 00:23:04.742317 2026] [php:error] [pid 21640] [client 20.223.240.16:0] script '/domains/hand-hammerweb/vo.php' not found or unable to stat
[Tue Feb 24 00:23:04.815382 2026] [php:error] [pid 21640] [client 20.223.240.16:0] script '/domains/hand-hammerweb/pt.php' not found or unable to stat
[Tue Feb 24 00:23:04.887407 2026] [php:error] [pid 21640] [client 20.223.240.16:0] script '/domains/hand-hammerweb/pl.php' not found or unable to stat
[Tue Feb 24 00:23:04.959779 2026] [php:error] [pid 21640] [client 20.223.240.16:0] script '/domains/hand-hammerweb/rm.php' not found or unable to stat
[Tue Feb 24 00:23:04.959889 2026] [php:error] [pid 21634] [client 20.197.25.32:0] script '/domains/kandg-pc/new4.php' not found or unable to stat
[Tue Feb 24 00:23:05.031867 2026] [php:error] [pid 21640] [client 20.223.240.16:0] script '/domains/hand-hammerweb/zl.php' not found or unable to stat
[Tue Feb 24 00:23:05.106664 2026] [php:error] [pid 21640] [client 20.223.240.16:0] script '/domains/hand-hammerweb/yi.php' not found or unable to stat
[Tue Feb 24 00:23:05.178825 2026] [php:error] [pid 21640] [client 20.223.240.16:0] script '/domains/hand-hammerweb/ub.php' not found or unable to stat
[Tue Feb 24 00:23:05.252007 2026] [php:error] [pid 21640] [client 20.223.240.16:0] script '/domains/hand-hammerweb/ba.php' not found or unable to stat
[Tue Feb 24 00:23:05.327706 2026] [php:error] [pid 21640] [client 20.223.240.16:0] script '/domains/hand-hammerweb/pj.php' not found or unable to stat
