[Tue Feb 24 00:12:47.104249 2026] [php:error] [pid 21477] [client 20.223.240.16:0] script '/domains/system_suspended/dq.php' not found or unable to stat
[Tue Feb 24 00:12:47.179550 2026] [php:error] [pid 21477] [client 20.223.240.16:0] script '/domains/system_suspended/gn.php' not found or unable to stat
[Tue Feb 24 00:12:47.254277 2026] [php:error] [pid 21477] [client 20.223.240.16:0] script '/domains/system_suspended/ry.php' not found or unable to stat
[Tue Feb 24 00:12:47.330817 2026] [php:error] [pid 21477] [client 20.223.240.16:0] script '/domains/system_suspended/qu.php' not found or unable to stat
[Tue Feb 24 00:12:47.405778 2026] [php:error] [pid 21477] [client 20.223.240.16:0] script '/domains/system_suspended/fg.php' not found or unable to stat
[Tue Feb 24 00:12:47.480671 2026] [php:error] [pid 21477] [client 20.223.240.16:0] script '/domains/system_suspended/wy.php' not found or unable to stat
[Tue Feb 24 00:12:47.555623 2026] [php:error] [pid 21477] [client 20.223.240.16:0] script '/domains/system_suspended/ll.php' not found or unable to stat
[Tue Feb 24 00:12:47.630423 2026] [php:error] [pid 21477] [client 20.223.240.16:0] script '/domains/system_suspended/jh.php' not found or unable to stat
[Tue Feb 24 00:12:47.705464 2026] [php:error] [pid 21477] [client 20.223.240.16:0] script '/domains/system_suspended/bh.php' not found or unable to stat
[Tue Feb 24 00:12:47.780295 2026] [php:error] [pid 21477] [client 20.223.240.16:0] script '/domains/system_suspended/vk.php' not found or unable to stat
[Tue Feb 24 00:12:47.854917 2026] [php:error] [pid 21477] [client 20.223.240.16:0] script '/domains/system_suspended/ed.php' not found or unable to stat
[Tue Feb 24 00:12:47.930272 2026] [php:error] [pid 21477] [client 20.223.240.16:0] script '/domains/system_suspended/aq.php' not found or unable to stat
[Tue Feb 24 00:12:48.004979 2026] [php:error] [pid 21477] [client 20.223.240.16:0] script '/domains/system_suspended/ma.php' not found or unable to stat
[Tue Feb 24 00:12:48.079636 2026] [php:error] [pid 21477] [client 20.223.240.16:0] script '/domains/system_suspended/bk.php' not found or unable to stat
[Tue Feb 24 00:12:48.174411 2026] [php:error] [pid 21477] [client 20.223.240.16:0] script '/domains/system_suspended/jv.php' not found or unable to stat
[Tue Feb 24 00:12:48.250590 2026] [php:error] [pid 21477] [client 20.223.240.16:0] script '/domains/system_suspended/io.php' not found or unable to stat
[Tue Feb 24 00:12:48.325421 2026] [php:error] [pid 21477] [client 20.223.240.16:0] script '/domains/system_suspended/vo.php' not found or unable to stat
[Tue Feb 24 00:12:48.400839 2026] [php:error] [pid 21477] [client 20.223.240.16:0] script '/domains/system_suspended/pt.php' not found or unable to stat
[Tue Feb 24 00:12:48.478102 2026] [php:error] [pid 21477] [client 20.223.240.16:0] script '/domains/system_suspended/pl.php' not found or unable to stat
[Tue Feb 24 00:12:48.552796 2026] [php:error] [pid 21477] [client 20.223.240.16:0] script '/domains/system_suspended/rm.php' not found or unable to stat
[Tue Feb 24 00:12:48.627491 2026] [php:error] [pid 21477] [client 20.223.240.16:0] script '/domains/system_suspended/zl.php' not found or unable to stat
[Tue Feb 24 00:12:48.702144 2026] [php:error] [pid 21477] [client 20.223.240.16:0] script '/domains/system_suspended/yi.php' not found or unable to stat
[Tue Feb 24 00:12:48.777076 2026] [php:error] [pid 21477] [client 20.223.240.16:0] script '/domains/system_suspended/ub.php' not found or unable to stat
[Tue Feb 24 00:12:48.851849 2026] [php:error] [pid 21477] [client 20.223.240.16:0] script '/domains/system_suspended/ba.php' not found or unable to stat
[Tue Feb 24 00:12:48.926627 2026] [php:error] [pid 21477] [client 20.223.240.16:0] script '/domains/system_suspended/pj.php' not found or unable to stat
[Tue Feb 24 00:12:49.001114 2026] [php:error] [pid 21477] [client 20.223.240.16:0] script '/domains/system_suspended/dy.php' not found or unable to stat
[Tue Feb 24 00:12:49.075915 2026] [php:error] [pid 21477] [client 20.223.240.16:0] script '/domains/system_suspended/qa.php' not found or unable to stat
sendmail: can not create spools: Bad address
sendmail: can not create spools: Bad address
sendmail: can not create spools: Bad address
[Tue Feb 24 00:14:23.504973 2026] [php:error] [pid 21522] [client 20.197.58.121:0] script '/domains/egmaweb/inputs.php' not found or unable to stat
[Tue Feb 24 00:14:23.732625 2026] [php:error] [pid 21522] [client 20.197.58.121:0] script '/domains/egmaweb/ioxi-o.php' not found or unable to stat
[Tue Feb 24 00:14:24.210005 2026] [php:error] [pid 21522] [client 20.197.58.121:0] script '/domains/egmaweb/rip.php' not found or unable to stat
[Tue Feb 24 00:14:24.451818 2026] [php:error] [pid 21522] [client 20.197.58.121:0] script '/domains/egmaweb/admin.php' not found or unable to stat
[Tue Feb 24 00:14:24.918575 2026] [php:error] [pid 21522] [client 20.197.58.121:0] script '/domains/egmaweb/cache.php' not found or unable to stat
[Tue Feb 24 00:14:25.154145 2026] [php:error] [pid 21522] [client 20.197.58.121:0] script '/domains/egmaweb/themes.php' not found or unable to stat
[Tue Feb 24 00:14:25.372453 2026] [php:error] [pid 21522] [client 20.197.58.121:0] script '/domains/egmaweb/an.php' not found or unable to stat
[Tue Feb 24 00:14:26.038951 2026] [php:error] [pid 21522] [client 20.197.58.121:0] script '/domains/egmaweb/ws.php' not found or unable to stat
[Tue Feb 24 00:14:26.277445 2026] [php:error] [pid 21522] [client 20.197.58.121:0] script '/domains/egmaweb/404.php' not found or unable to stat
[Tue Feb 24 00:14:26.708464 2026] [php:error] [pid 21522] [client 20.197.58.121:0] script '/domains/egmaweb/wp-conf.php' not found or unable to stat
[Tue Feb 24 00:14:27.127230 2026] [php:error] [pid 21522] [client 20.197.58.121:0] script '/domains/egmaweb/wp-login.php' not found or unable to stat
[Tue Feb 24 00:14:27.335861 2026] [php:error] [pid 21522] [client 20.197.58.121:0] script '/domains/egmaweb/abc.php' not found or unable to stat
[Tue Feb 24 00:14:27.550437 2026] [php:error] [pid 21522] [client 20.197.58.121:0] script '/domains/egmaweb/abcd.php' not found or unable to stat
[Tue Feb 24 00:14:27.759185 2026] [php:error] [pid 21522] [client 20.197.58.121:0] script '/domains/egmaweb/as.php' not found or unable to stat
[Tue Feb 24 00:14:27.973582 2026] [php:error] [pid 21522] [client 20.197.58.121:0] script '/domains/egmaweb/wp-trackback.php' not found or unable to stat
[Tue Feb 24 00:14:28.206176 2026] [php:error] [pid 21522] [client 20.197.58.121:0] script '/domains/egmaweb/about.php' not found or unable to stat
[Tue Feb 24 00:14:28.414709 2026] [php:error] [pid 21522] [client 20.197.58.121:0] script '/domains/egmaweb/file.php' not found or unable to stat
[Tue Feb 24 00:14:28.623406 2026] [php:error] [pid 21522] [client 20.197.58.121:0] script '/domains/egmaweb/adminfuns.php' not found or unable to stat
[Tue Feb 24 00:14:28.831991 2026] [php:error] [pid 21522] [client 20.197.58.121:0] script '/domains/egmaweb/wp-good.php' not found or unable to stat
[Tue Feb 24 00:14:29.040746 2026] [php:error] [pid 21522] [client 20.197.58.121:0] script '/domains/egmaweb/xmlrpc.php' not found or unable to stat
[Tue Feb 24 00:14:29.250353 2026] [php:error] [pid 21522] [client 20.197.58.121:0] script '/domains/egmaweb/goods.php' not found or unable to stat
[Tue Feb 24 00:14:29.459641 2026] [php:error] [pid 21522] [client 20.197.58.121:0] script '/domains/egmaweb/class-t.api.php' not found or unable to stat
[Tue Feb 24 00:14:29.670808 2026] [php:error] [pid 21522] [client 20.197.58.121:0] script '/domains/egmaweb/sf.php' not found or unable to stat
[Tue Feb 24 00:14:29.879558 2026] [php:error] [pid 21522] [client 20.197.58.121:0] script '/domains/egmaweb/kbfr.php' not found or unable to stat
[Tue Feb 24 00:14:30.088187 2026] [php:error] [pid 21522] [client 20.197.58.121:0] script '/domains/egmaweb/autoload_classmap.php' not found or unable to stat
[Tue Feb 24 00:14:30.297167 2026] [php:error] [pid 21522] [client 20.197.58.121:0] script '/domains/egmaweb/chosen.php' not found or unable to stat
[Tue Feb 24 00:14:30.534851 2026] [php:error] [pid 21522] [client 20.197.58.121:0] script '/domains/egmaweb/classwithtostring.php' not found or unable to stat
[Tue Feb 24 00:14:30.743280 2026] [php:error] [pid 21522] [client 20.197.58.121:0] script '/domains/egmaweb/defaults.php' not found or unable to stat
[Tue Feb 24 00:14:31.373001 2026] [php:error] [pid 21522] [client 20.197.58.121:0] script '/domains/egmaweb/info.php' not found or unable to stat
[Tue Feb 24 00:14:37.747834 2026] [php:error] [pid 21520] [client 145.239.10.137:0] script '/domains/acagolf1/o.php' not found or unable to stat, referer: http://acagolf.com/o.php
[Tue Feb 24 00:14:37.754514 2026] [php:error] [pid 21527] [client 145.239.10.137:0] script '/domains/acagolf1/op.php' not found or unable to stat, referer: http://acagolf.com/op.php
[Tue Feb 24 00:15:28.225959 2026] [php:error] [pid 21542] [client 45.67.97.44:0] script '/domains/pmglobal/manager.php' not found or unable to stat
[Tue Feb 24 00:15:28.603622 2026] [php:error] [pid 21542] [client 45.67.97.44:0] script '/domains/pmglobal/bless.php' not found or unable to stat
[Tue Feb 24 00:15:28.979200 2026] [php:error] [pid 21542] [client 45.67.97.44:0] script '/domains/pmglobal/O-Simple.php' not found or unable to stat
[Tue Feb 24 00:15:29.386551 2026] [php:error] [pid 21542] [client 45.67.97.44:0] script '/domains/pmglobal/lock360.php' not found or unable to stat
[Tue Feb 24 00:15:29.763003 2026] [php:error] [pid 21542] [client 45.67.97.44:0] script '/domains/pmglobal/zwso.php' not found or unable to stat
[Tue Feb 24 00:15:30.140845 2026] [php:error] [pid 21542] [client 45.67.97.44:0] script '/domains/pmglobal/chosen.php' not found or unable to stat
[Tue Feb 24 00:15:30.522283 2026] [php:error] [pid 21542] [client 45.67.97.44:0] script '/domains/pmglobal/about.php' not found or unable to stat
[Tue Feb 24 00:15:30.909102 2026] [php:error] [pid 21542] [client 45.67.97.44:0] script '/domains/pmglobal/admin.php' not found or unable to stat
[Tue Feb 24 00:15:31.707928 2026] [php:error] [pid 21542] [client 45.67.97.44:0] script '/domains/pmglobal/mah.php' not found or unable to stat
[Tue Feb 24 00:15:32.463537 2026] [php:error] [pid 21542] [client 45.67.97.44:0] script '/domains/pmglobal/core.php' not found or unable to stat
[Tue Feb 24 00:15:32.841150 2026] [php:error] [pid 21542] [client 45.67.97.44:0] script '/domains/pmglobal/robots.php' not found or unable to stat
[Tue Feb 24 00:15:33.216559 2026] [php:error] [pid 21542] [client 45.67.97.44:0] script '/domains/pmglobal/inputs.php' not found or unable to stat
[Tue Feb 24 00:15:33.592087 2026] [php:error] [pid 21542] [client 45.67.97.44:0] script '/domains/pmglobal/mini.php' not found or unable to stat
[Tue Feb 24 00:15:33.968060 2026] [php:error] [pid 21542] [client 45.67.97.44:0] script '/domains/pmglobal/goods.php' not found or unable to stat
[Tue Feb 24 00:15:34.344019 2026] [php:error] [pid 21542] [client 45.67.97.44:0] script '/domains/pmglobal/file5.php' not found or unable to stat
[Tue Feb 24 00:15:34.719127 2026] [php:error] [pid 21542] [client 45.67.97.44:0] script '/domains/pmglobal/ahax.php' not found or unable to stat
[Tue Feb 24 00:15:35.094163 2026] [php:error] [pid 21542] [client 45.67.97.44:0] script '/domains/pmglobal/f35.php' not found or unable to stat
[Tue Feb 24 00:15:35.469361 2026] [php:error] [pid 21542] [client 45.67.97.44:0] script '/domains/pmglobal/simple.php' not found or unable to stat
[Tue Feb 24 00:15:38.476007 2026] [php:error] [pid 21542] [client 45.67.97.44:0] script '/domains/pmglobal/images/upload.php' not found or unable to stat
[Tue Feb 24 00:15:43.727540 2026] [php:error] [pid 21542] [client 45.67.97.44:0] script '/domains/pmglobal/classwithtostring.php' not found or unable to stat
[Tue Feb 24 00:15:44.852744 2026] [php:error] [pid 21542] [client 45.67.97.44:0] script '/domains/pmglobal/tinyfilemanager.php' not found or unable to stat
[Tue Feb 24 00:15:46.397198 2026] [php:error] [pid 21542] [client 45.67.97.44:0] script '/domains/pmglobal/file.php' not found or unable to stat
[Tue Feb 24 00:15:47.530184 2026] [php:error] [pid 21542] [client 45.67.97.44:0] script '/domains/pmglobal/buy.php' not found or unable to stat
[Tue Feb 24 00:15:52.789465 2026] [php:error] [pid 21542] [client 45.67.97.44:0] script '/domains/pmglobal/inc.php' not found or unable to stat
[Tue Feb 24 00:15:53.543716 2026] [php:error] [pid 21542] [client 45.67.97.44:0] script '/domains/pmglobal/filemanager.php' not found or unable to stat
[Tue Feb 24 00:15:55.794992 2026] [php:error] [pid 21542] [client 45.67.97.44:0] script '/domains/pmglobal/function.php' not found or unable to stat
[Tue Feb 24 00:15:56.544509 2026] [php:error] [pid 21542] [client 45.67.97.44:0] script '/domains/pmglobal/wp-signup.php' not found or unable to stat
[Tue Feb 24 00:15:57.675717 2026] [php:error] [pid 21542] [client 45.67.97.44:0] script '/domains/pmglobal/wp-blog.php' not found or unable to stat
[Tue Feb 24 00:15:59.183259 2026] [php:error] [pid 21542] [client 45.67.97.44:0] script '/domains/pmglobal/wp-l0gin.php' not found or unable to stat
[Tue Feb 24 00:15:59.935246 2026] [php:error] [pid 21542] [client 45.67.97.44:0] script '/domains/pmglobal/new.php' not found or unable to stat
[Tue Feb 24 00:16:01.225368 2026] [php:error] [pid 21546] [client 40.69.66.178:0] script '/domains/schellin/cwclass.php' not found or unable to stat
[Tue Feb 24 00:16:01.302147 2026] [php:error] [pid 21546] [client 40.69.66.178:0] script '/domains/schellin/class-cc.php' not found or unable to stat
[Tue Feb 24 00:16:01.376246 2026] [php:error] [pid 21542] [client 45.67.97.44:0] script '/domains/pmglobal/images/DJP9.php' not found or unable to stat
[Tue Feb 24 00:16:01.376903 2026] [php:error] [pid 21546] [client 40.69.66.178:0] script '/domains/schellin/lite.php' not found or unable to stat
[Tue Feb 24 00:16:01.451557 2026] [php:error] [pid 21546] [client 40.69.66.178:0] script '/domains/schellin/rrb.php' not found or unable to stat
[Tue Feb 24 00:16:01.526512 2026] [php:error] [pid 21546] [client 40.69.66.178:0] script '/domains/schellin/mariju.php' not found or unable to stat
[Tue Feb 24 00:16:01.601584 2026] [php:error] [pid 21546] [client 40.69.66.178:0] script '/domains/schellin/xenium4.php' not found or unable to stat
[Tue Feb 24 00:16:01.676570 2026] [php:error] [pid 21546] [client 40.69.66.178:0] script '/domains/schellin/jsonq.php' not found or unable to stat
[Tue Feb 24 00:16:01.826372 2026] [php:error] [pid 21546] [client 40.69.66.178:0] script '/domains/schellin/wp-fast.php' not found or unable to stat
[Tue Feb 24 00:16:01.903568 2026] [php:error] [pid 21546] [client 40.69.66.178:0] script '/domains/schellin/yas.php' not found or unable to stat
[Tue Feb 24 00:16:02.608881 2026] [php:error] [pid 21542] [client 45.67.97.44:0] script '/domains/pmglobal/natural.php' not found or unable to stat
[Tue Feb 24 00:16:02.749940 2026] [php:error] [pid 21549] [client 52.237.113.170:0] script '/domains/brigadeweb/wp-trackback.php' not found or unable to stat
[Tue Feb 24 00:16:02.981217 2026] [php:error] [pid 21549] [client 52.237.113.170:0] script '/domains/brigadeweb/about.php' not found or unable to stat
[Tue Feb 24 00:16:02.984675 2026] [php:error] [pid 21542] [client 45.67.97.44:0] script '/domains/pmglobal/item.php' not found or unable to stat
[Tue Feb 24 00:16:03.224150 2026] [php:error] [pid 21549] [client 52.237.113.170:0] script '/domains/brigadeweb/file.php' not found or unable to stat
[Tue Feb 24 00:16:03.229291 2026] [php:error] [pid 21548] [client 216.244.66.232:0] script '/domains/hdickens.enteract/kmnj.php' not found or unable to stat
[Tue Feb 24 00:16:03.455801 2026] [php:error] [pid 21549] [client 52.237.113.170:0] script '/domains/brigadeweb/wp-good.php' not found or unable to stat
[Tue Feb 24 00:16:03.686801 2026] [php:error] [pid 21549] [client 52.237.113.170:0] script '/domains/brigadeweb/xmlrpc.php' not found or unable to stat
[Tue Feb 24 00:16:03.918011 2026] [php:error] [pid 21549] [client 52.237.113.170:0] script '/domains/brigadeweb/goods.php' not found or unable to stat
[Tue Feb 24 00:16:04.148667 2026] [php:error] [pid 21549] [client 52.237.113.170:0] script '/domains/brigadeweb/ioxi-o.php' not found or unable to stat
[Tue Feb 24 00:16:04.380277 2026] [php:error] [pid 21549] [client 52.237.113.170:0] script '/domains/brigadeweb/class-t.api.php' not found or unable to stat
[Tue Feb 24 00:16:04.611489 2026] [php:error] [pid 21549] [client 52.237.113.170:0] script '/domains/brigadeweb/admin.php' not found or unable to stat
[Tue Feb 24 00:16:04.842368 2026] [php:error] [pid 21549] [client 52.237.113.170:0] script '/domains/brigadeweb/sf.php' not found or unable to stat
[Tue Feb 24 00:16:05.073763 2026] [php:error] [pid 21549] [client 52.237.113.170:0] script '/domains/brigadeweb/rip.php' not found or unable to stat
[Tue Feb 24 00:16:05.304660 2026] [php:error] [pid 21549] [client 52.237.113.170:0] script '/domains/brigadeweb/autoload_classmap.php' not found or unable to stat
[Tue Feb 24 00:16:05.536498 2026] [php:error] [pid 21549] [client 52.237.113.170:0] script '/domains/brigadeweb/chosen.php' not found or unable to stat
[Tue Feb 24 00:16:05.767133 2026] [php:error] [pid 21549] [client 52.237.113.170:0] script '/domains/brigadeweb/classwithtostring.php' not found or unable to stat
[Tue Feb 24 00:16:05.998108 2026] [php:error] [pid 21549] [client 52.237.113.170:0] script '/domains/brigadeweb/defaults.php' not found or unable to stat
[Tue Feb 24 00:16:07.166730 2026] [php:error] [pid 21549] [client 52.237.113.170:0] script '/domains/brigadeweb/info.php' not found or unable to stat
[Tue Feb 24 00:16:07.494348 2026] [php:error] [pid 21522] [client 45.67.97.44:0] script '/domains/pmglobal/default.php' not found or unable to stat
[Tue Feb 24 00:16:08.793717 2026] [php:error] [pid 21549] [client 52.237.113.170:0] script '/domains/brigadeweb/adminfuns.php' not found or unable to stat
[Tue Feb 24 00:16:09.018526 2026] [php:error] [pid 21523] [client 20.214.159.60:0] script '/domains/bruceweb/wp-trackback.php' not found or unable to stat
[Tue Feb 24 00:16:09.204883 2026] [php:error] [pid 21523] [client 20.214.159.60:0] script '/domains/bruceweb/about.php' not found or unable to stat
[Tue Feb 24 00:16:09.392137 2026] [php:error] [pid 21523] [client 20.214.159.60:0] script '/domains/bruceweb/file.php' not found or unable to stat
[Tue Feb 24 00:16:09.582444 2026] [php:error] [pid 21523] [client 20.214.159.60:0] script '/domains/bruceweb/wp-good.php' not found or unable to stat
[Tue Feb 24 00:16:09.786388 2026] [php:error] [pid 21523] [client 20.214.159.60:0] script '/domains/bruceweb/xmlrpc.php' not found or unable to stat
[Tue Feb 24 00:16:09.972353 2026] [php:error] [pid 21523] [client 20.214.159.60:0] script '/domains/bruceweb/ioxi-o.php' not found or unable to stat
[Tue Feb 24 00:16:10.027101 2026] [php:error] [pid 21522] [client 45.67.97.44:0] script '/domains/pmglobal/dropdown.php' not found or unable to stat
[Tue Feb 24 00:16:10.159524 2026] [php:error] [pid 21523] [client 20.214.159.60:0] script '/domains/bruceweb/class-t.api.php' not found or unable to stat
[Tue Feb 24 00:16:10.345088 2026] [php:error] [pid 21523] [client 20.214.159.60:0] script '/domains/bruceweb/admin.php' not found or unable to stat
[Tue Feb 24 00:16:10.400222 2026] [php:error] [pid 21522] [client 45.67.97.44:0] script '/domains/pmglobal/images/admin.php' not found or unable to stat
[Tue Feb 24 00:16:10.530810 2026] [php:error] [pid 21523] [client 20.214.159.60:0] script '/domains/bruceweb/sf.php' not found or unable to stat
[Tue Feb 24 00:16:10.717180 2026] [php:error] [pid 21523] [client 20.214.159.60:0] script '/domains/bruceweb/rip.php' not found or unable to stat
[Tue Feb 24 00:16:10.772449 2026] [php:error] [pid 21522] [client 45.67.97.44:0] script '/domains/pmglobal/db.php' not found or unable to stat
[Tue Feb 24 00:16:10.923121 2026] [php:error] [pid 21523] [client 20.214.159.60:0] script '/domains/bruceweb/autoload_classmap.php' not found or unable to stat
[Tue Feb 24 00:16:11.134878 2026] [php:error] [pid 21523] [client 20.214.159.60:0] script '/domains/bruceweb/chosen.php' not found or unable to stat
[Tue Feb 24 00:16:11.350452 2026] [php:error] [pid 21523] [client 20.214.159.60:0] script '/domains/bruceweb/classwithtostring.php' not found or unable to stat
[Tue Feb 24 00:16:11.577509 2026] [php:error] [pid 21523] [client 20.214.159.60:0] script '/domains/bruceweb/defaults.php' not found or unable to stat
[Tue Feb 24 00:16:12.549189 2026] [php:error] [pid 21523] [client 20.214.159.60:0] script '/domains/bruceweb/info.php' not found or unable to stat
[Tue Feb 24 00:16:13.872929 2026] [php:error] [pid 21523] [client 20.214.159.60:0] script '/domains/bruceweb/adminfuns.php' not found or unable to stat
[Tue Feb 24 00:16:14.123077 2026] [php:error] [pid 21522] [client 45.67.97.44:0] script '/domains/pmglobal/install.php' not found or unable to stat
[Tue Feb 24 00:16:14.866468 2026] [php:error] [pid 21522] [client 45.67.97.44:0] script '/domains/pmglobal/images/class-config.php' not found or unable to stat
[Tue Feb 24 00:16:15.634690 2026] [php:error] [pid 21523] [client 20.214.159.60:0] script '/domains/bruceweb/WSO.php' not found or unable to stat
[Tue Feb 24 00:16:15.852214 2026] [php:error] [pid 21523] [client 20.214.159.60:0] script '/domains/bruceweb/a.php' not found or unable to stat
[Tue Feb 24 00:16:15.985197 2026] [php:error] [pid 21522] [client 45.67.97.44:0] script '/domains/pmglobal/bypass.php' not found or unable to stat
[Tue Feb 24 00:16:16.068925 2026] [php:error] [pid 21523] [client 20.214.159.60:0] script '/domains/bruceweb/aa.php' not found or unable to stat
[Tue Feb 24 00:16:16.283497 2026] [php:error] [pid 21523] [client 20.214.159.60:0] script '/domains/bruceweb/aaa.php' not found or unable to stat
[Tue Feb 24 00:16:16.357166 2026] [php:error] [pid 21522] [client 45.67.97.44:0] script '/domains/pmglobal/class.php' not found or unable to stat
[Tue Feb 24 00:16:16.511867 2026] [php:error] [pid 21523] [client 20.214.159.60:0] script '/domains/bruceweb/ab.php' not found or unable to stat
[Tue Feb 24 00:16:16.721394 2026] [php:error] [pid 21523] [client 20.214.159.60:0] script '/domains/bruceweb/lock360.php' not found or unable to stat
[Tue Feb 24 00:16:17.146806 2026] [php:error] [pid 21523] [client 20.214.159.60:0] script '/domains/bruceweb/file5.php' not found or unable to stat
[Tue Feb 24 00:16:17.335549 2026] [php:error] [pid 21523] [client 20.214.159.60:0] script '/domains/bruceweb/sitemaps.php' not found or unable to stat
[Tue Feb 24 00:16:17.522697 2026] [php:error] [pid 21523] [client 20.214.159.60:0] script '/domains/bruceweb/load.php' not found or unable to stat
[Tue Feb 24 00:16:17.708919 2026] [php:error] [pid 21523] [client 20.214.159.60:0] script '/domains/bruceweb/k.php' not found or unable to stat
[Tue Feb 24 00:16:17.895948 2026] [php:error] [pid 21523] [client 20.214.159.60:0] script '/domains/bruceweb/post.php' not found or unable to stat
[Tue Feb 24 00:16:18.081712 2026] [php:error] [pid 21523] [client 20.214.159.60:0] script '/domains/bruceweb/1.php' not found or unable to stat
[Tue Feb 24 00:16:18.304837 2026] [php:error] [pid 21523] [client 20.214.159.60:0] script '/domains/bruceweb/flower.php' not found or unable to stat
[Tue Feb 24 00:16:18.526554 2026] [php:error] [pid 21523] [client 20.214.159.60:0] script '/domains/bruceweb/default.php' not found or unable to stat
[Tue Feb 24 00:16:18.740794 2026] [php:error] [pid 21523] [client 20.214.159.60:0] script '/domains/bruceweb/meta.php' not found or unable to stat
[Tue Feb 24 00:16:18.949487 2026] [php:error] [pid 21523] [client 20.214.159.60:0] script '/domains/bruceweb/index.php' not found or unable to stat
[Tue Feb 24 00:16:18.960325 2026] [php:error] [pid 21522] [client 45.67.97.44:0] script '/domains/pmglobal/init.php' not found or unable to stat
[Tue Feb 24 00:16:19.147634 2026] [php:error] [pid 21523] [client 20.214.159.60:0] script '/domains/bruceweb/yindu.php' not found or unable to stat
[Tue Feb 24 00:16:19.333643 2026] [php:error] [pid 21523] [client 20.214.159.60:0] script '/domains/bruceweb/randkeyword.php' not found or unable to stat
[Tue Feb 24 00:16:19.519493 2026] [php:error] [pid 21523] [client 20.214.159.60:0] script '/domains/bruceweb/goods.php' not found or unable to stat
[Tue Feb 24 00:16:19.707947 2026] [php:error] [pid 21523] [client 20.214.159.60:0] script '/domains/bruceweb/hehe.php' not found or unable to stat
[Tue Feb 24 00:16:19.894268 2026] [php:error] [pid 21523] [client 20.214.159.60:0] script '/domains/bruceweb/user.php' not found or unable to stat
[Tue Feb 24 00:16:20.113259 2026] [php:error] [pid 21523] [client 20.214.159.60:0] script '/domains/bruceweb/wp-2019.php' not found or unable to stat
[Tue Feb 24 00:16:20.298676 2026] [php:error] [pid 21523] [client 20.214.159.60:0] script '/domains/bruceweb/chosen.php' not found or unable to stat
[Tue Feb 24 00:16:20.507722 2026] [php:error] [pid 21523] [client 20.214.159.60:0] script '/domains/bruceweb/functions.php' not found or unable to stat
[Tue Feb 24 00:16:20.704968 2026] [php:error] [pid 21523] [client 20.214.159.60:0] script '/domains/bruceweb/cron.php' not found or unable to stat
[Tue Feb 24 00:16:20.907131 2026] [php:error] [pid 21523] [client 20.214.159.60:0] script '/domains/bruceweb/edit.php' not found or unable to stat
[Tue Feb 24 00:16:21.114010 2026] [php:error] [pid 21523] [client 20.214.159.60:0] script '/domains/bruceweb/gecko-new.php' not found or unable to stat
[Tue Feb 24 00:16:21.305855 2026] [php:error] [pid 21523] [client 20.214.159.60:0] script '/domains/bruceweb/cookie.php' not found or unable to stat
[Tue Feb 24 00:16:21.508209 2026] [php:error] [pid 21523] [client 20.214.159.60:0] script '/domains/bruceweb/xleet.php' not found or unable to stat
[Tue Feb 24 00:16:21.693637 2026] [php:error] [pid 21523] [client 20.214.159.60:0] script '/domains/bruceweb/spip.php' not found or unable to stat
[Tue Feb 24 00:16:21.892575 2026] [php:error] [pid 21523] [client 20.214.159.60:0] script '/domains/bruceweb/22.php' not found or unable to stat
[Tue Feb 24 00:16:21.942898 2026] [php:error] [pid 21522] [client 45.67.97.44:0] script '/domains/pmglobal/adminfuns.php' not found or unable to stat
[Tue Feb 24 00:16:22.106761 2026] [php:error] [pid 21523] [client 20.214.159.60:0] script '/domains/bruceweb/room.php' not found or unable to stat
[Tue Feb 24 00:16:22.492035 2026] [php:error] [pid 21523] [client 20.214.159.60:0] script '/domains/bruceweb/disagreed.php' not found or unable to stat
[Tue Feb 24 00:16:22.684629 2026] [php:error] [pid 21522] [client 45.67.97.44:0] script '/domains/pmglobal/wp_wlx.php' not found or unable to stat
[Tue Feb 24 00:16:22.861559 2026] [php:error] [pid 21523] [client 20.214.159.60:0] script '/domains/bruceweb/text.php' not found or unable to stat
[Tue Feb 24 00:16:23.047691 2026] [php:error] [pid 21523] [client 20.214.159.60:0] script '/domains/bruceweb/alfa-rex.php' not found or unable to stat
[Tue Feb 24 00:16:23.438938 2026] [php:error] [pid 21523] [client 20.214.159.60:0] script '/domains/bruceweb/feeds.php' not found or unable to stat
[Tue Feb 24 00:16:23.626237 2026] [php:error] [pid 21523] [client 20.214.159.60:0] script '/domains/bruceweb/radio.php' not found or unable to stat
[Tue Feb 24 00:16:23.804319 2026] [php:error] [pid 21522] [client 45.67.97.44:0] script '/domains/pmglobal/wp.php' not found or unable to stat
[Tue Feb 24 00:16:23.811877 2026] [php:error] [pid 21523] [client 20.214.159.60:0] script '/domains/bruceweb/dropdown.php' not found or unable to stat
[Tue Feb 24 00:16:24.016795 2026] [php:error] [pid 21523] [client 20.214.159.60:0] script '/domains/bruceweb/system.php' not found or unable to stat
[Tue Feb 24 00:16:24.420424 2026] [php:error] [pid 21523] [client 20.214.159.60:0] script '/domains/bruceweb/colors.php' not found or unable to stat
[Tue Feb 24 00:16:24.624581 2026] [php:error] [pid 21523] [client 20.214.159.60:0] script '/domains/bruceweb/updates.php' not found or unable to stat
[Tue Feb 24 00:16:24.829446 2026] [php:error] [pid 21523] [client 20.214.159.60:0] script '/domains/bruceweb/alfa-rex1.php' not found or unable to stat
[Tue Feb 24 00:16:24.918998 2026] [php:error] [pid 21522] [client 45.67.97.44:0] script '/domains/pmglobal/wp-header.php' not found or unable to stat
[Tue Feb 24 00:16:25.023202 2026] [php:error] [pid 21523] [client 20.214.159.60:0] script '/domains/bruceweb/wp-index.php' not found or unable to stat
[Tue Feb 24 00:16:25.236991 2026] [php:error] [pid 21523] [client 20.214.159.60:0] script '/domains/bruceweb/wp-admin.php' not found or unable to stat
[Tue Feb 24 00:16:25.448086 2026] [php:error] [pid 21523] [client 20.214.159.60:0] script '/domains/bruceweb/alfa.php' not found or unable to stat
[Tue Feb 24 00:16:25.662771 2026] [php:error] [pid 21522] [client 45.67.97.44:0] script '/domains/pmglobal/Marvins.php' not found or unable to stat
[Tue Feb 24 00:16:25.835556 2026] [php:error] [pid 21523] [client 20.214.159.60:0] script '/domains/bruceweb/locale.php' not found or unable to stat
[Tue Feb 24 00:16:26.040865 2026] [php:error] [pid 21523] [client 20.214.159.60:0] script '/domains/bruceweb/wxo.php' not found or unable to stat
[Tue Feb 24 00:16:26.228156 2026] [php:error] [pid 21523] [client 20.214.159.60:0] script '/domains/bruceweb/colour.php' not found or unable to stat
[Tue Feb 24 00:16:26.405714 2026] [php:error] [pid 21522] [client 45.67.97.44:0] script '/domains/pmglobal/wp-class.php' not found or unable to stat
[Tue Feb 24 00:16:26.419855 2026] [php:error] [pid 21523] [client 20.214.159.60:0] script '/domains/bruceweb/files.php' not found or unable to stat
[Tue Feb 24 00:16:26.575301 2026] [php:error] [pid 21546] [client 20.212.80.137:0] script '/domains/smartny/shell.php' not found or unable to stat
[Tue Feb 24 00:16:26.625682 2026] [php:error] [pid 21523] [client 20.214.159.60:0] script '/domains/bruceweb/install.php' not found or unable to stat
[Tue Feb 24 00:16:26.840703 2026] [php:error] [pid 21523] [client 20.214.159.60:0] script '/domains/bruceweb/wp-contentt.php' not found or unable to stat
[Tue Feb 24 00:16:27.148354 2026] [php:error] [pid 21522] [client 45.67.97.44:0] script '/domains/pmglobal/xx.php' not found or unable to stat
[Tue Feb 24 00:16:27.228218 2026] [php:error] [pid 21523] [client 20.214.159.60:0] script '/domains/bruceweb/config.php' not found or unable to stat
[Tue Feb 24 00:16:27.434540 2026] [php:error] [pid 21523] [client 20.214.159.60:0] script '/domains/bruceweb/theme.php' not found or unable to stat
[Tue Feb 24 00:16:27.521667 2026] [php:error] [pid 21522] [client 45.67.97.44:0] script '/domains/pmglobal/autoload_classmap.php' not found or unable to stat
[Tue Feb 24 00:16:27.646950 2026] [php:error] [pid 21523] [client 20.214.159.60:0] script '/domains/bruceweb/block-bindings.php' not found or unable to stat
[Tue Feb 24 00:16:27.848566 2026] [php:error] [pid 21523] [client 20.214.159.60:0] script '/domains/bruceweb/class_api.php' not found or unable to stat
[Tue Feb 24 00:16:28.053017 2026] [php:error] [pid 21546] [client 20.212.80.137:0] script '/domains/smartny/favicon.php' not found or unable to stat
[Tue Feb 24 00:16:28.054715 2026] [php:error] [pid 21523] [client 20.214.159.60:0] script '/domains/bruceweb/inputs.php' not found or unable to stat
[Tue Feb 24 00:16:28.240798 2026] [php:error] [pid 21523] [client 20.214.159.60:0] script '/domains/bruceweb/root.php' not found or unable to stat
[Tue Feb 24 00:16:28.427725 2026] [php:error] [pid 21523] [client 20.214.159.60:0] script '/domains/bruceweb/menu.php' not found or unable to stat
[Tue Feb 24 00:16:28.614411 2026] [php:error] [pid 21523] [client 20.214.159.60:0] script '/domains/bruceweb/plugin.php' not found or unable to stat
[Tue Feb 24 00:16:28.639285 2026] [php:error] [pid 21522] [client 45.67.97.44:0] script '/domains/pmglobal/content.php' not found or unable to stat
[Tue Feb 24 00:16:28.756043 2026] [php:error] [pid 21546] [client 20.212.80.137:0] script '/domains/smartny/8xyz.php' not found or unable to stat
[Tue Feb 24 00:16:28.801216 2026] [php:error] [pid 21523] [client 20.214.159.60:0] script '/domains/bruceweb/cloud.php' not found or unable to stat
[Tue Feb 24 00:16:29.013958 2026] [php:error] [pid 21523] [client 20.214.159.60:0] script '/domains/bruceweb/configs.php' not found or unable to stat
[Tue Feb 24 00:16:29.200396 2026] [php:error] [pid 21523] [client 20.214.159.60:0] script '/domains/bruceweb/wp-configs.php' not found or unable to stat
[Tue Feb 24 00:16:29.874535 2026] [php:error] [pid 21548] [client 20.214.159.60:0] script '/domains/bruceweb/update.php' not found or unable to stat
[Tue Feb 24 00:16:30.099882 2026] [php:error] [pid 21548] [client 20.214.159.60:0] script '/domains/bruceweb/2.php' not found or unable to stat
[Tue Feb 24 00:16:30.166456 2026] [php:error] [pid 21546] [client 20.212.80.137:0] script '/domains/smartny/install.php' not found or unable to stat
[Tue Feb 24 00:16:30.292883 2026] [php:error] [pid 21548] [client 20.214.159.60:0] script '/domains/bruceweb/input.php' not found or unable to stat
[Tue Feb 24 00:16:31.550407 2026] [php:error] [pid 21546] [client 20.212.80.137:0] script '/domains/smartny/dropdown.php' not found or unable to stat
[Tue Feb 24 00:16:32.241613 2026] [php:error] [pid 21546] [client 20.212.80.137:0] script '/domains/smartny/gdn.php' not found or unable to stat
[Tue Feb 24 00:16:32.935095 2026] [php:error] [pid 21546] [client 20.212.80.137:0] script '/domains/smartny/system_log.php' not found or unable to stat
[Tue Feb 24 00:16:33.157478 2026] [php:error] [pid 21522] [client 45.67.97.44:0] script '/domains/pmglobal/images/class.php' not found or unable to stat
[Tue Feb 24 00:16:33.652085 2026] [php:error] [pid 21546] [client 20.212.80.137:0] script '/domains/smartny/gettest.php' not found or unable to stat
[Tue Feb 24 00:16:33.905969 2026] [php:error] [pid 21522] [client 45.67.97.44:0] script '/domains/pmglobal/web.php' not found or unable to stat
[Tue Feb 24 00:16:34.340059 2026] [php:error] [pid 21546] [client 20.212.80.137:0] script '/domains/smartny/shell20211028.php' not found or unable to stat
[Tue Feb 24 00:16:34.649916 2026] [php:error] [pid 21522] [client 45.67.97.44:0] script '/domains/pmglobal/images/index.php' not found or unable to stat
[Tue Feb 24 00:16:35.025256 2026] [php:error] [pid 21546] [client 20.212.80.137:0] script '/domains/smartny/byp.php' not found or unable to stat
[Tue Feb 24 00:16:35.737379 2026] [php:error] [pid 21546] [client 20.212.80.137:0] script '/domains/smartny/an.php' not found or unable to stat
[Tue Feb 24 00:16:36.138584 2026] [php:error] [pid 21522] [client 45.67.97.44:0] script '/domains/pmglobal/wp-trackback.php' not found or unable to stat
[Tue Feb 24 00:16:36.470656 2026] [php:error] [pid 21546] [client 20.212.80.137:0] script '/domains/smartny/b.php' not found or unable to stat
[Tue Feb 24 00:16:36.880489 2026] [php:error] [pid 21522] [client 45.67.97.44:0] script '/domains/pmglobal/radio.php' not found or unable to stat
[Tue Feb 24 00:16:37.178661 2026] [php:error] [pid 21546] [client 20.212.80.137:0] script '/domains/smartny/404.php' not found or unable to stat
[Tue Feb 24 00:16:38.370608 2026] [php:error] [pid 21522] [client 45.67.97.44:0] script '/domains/pmglobal/wp-conflg.php' not found or unable to stat
[Tue Feb 24 00:16:38.593189 2026] [php:error] [pid 21546] [client 20.212.80.137:0] script '/domains/smartny/fetch.php' not found or unable to stat
[Tue Feb 24 00:16:38.741927 2026] [php:error] [pid 21522] [client 45.67.97.44:0] script '/domains/pmglobal/wp-setup.php' not found or unable to stat
[Tue Feb 24 00:16:39.113339 2026] [php:error] [pid 21522] [client 45.67.97.44:0] script '/domains/pmglobal/ms-themes.php' not found or unable to stat
[Tue Feb 24 00:16:39.856241 2026] [php:error] [pid 21522] [client 45.67.97.44:0] script '/domains/pmglobal/style.php' not found or unable to stat
[Tue Feb 24 00:16:39.986067 2026] [php:error] [pid 21546] [client 20.212.80.137:0] script '/domains/smartny/wp-config-sample.php' not found or unable to stat
[Tue Feb 24 00:16:40.728898 2026] [php:error] [pid 21546] [client 20.212.80.137:0] script '/domains/smartny/a2.php' not found or unable to stat
[Tue Feb 24 00:16:40.969987 2026] [php:error] [pid 21522] [client 45.67.97.44:0] script '/domains/pmglobal/x.php' not found or unable to stat
[Tue Feb 24 00:16:41.704804 2026] [php:error] [pid 21546] [client 20.212.80.137:0] script '/domains/smartny/rip.php' not found or unable to stat
[Tue Feb 24 00:16:42.090044 2026] [php:error] [pid 21522] [client 45.67.97.44:0] script '/domains/pmglobal/images/index22.php' not found or unable to stat
[Tue Feb 24 00:16:42.413386 2026] [php:error] [pid 21546] [client 20.212.80.137:0] script '/domains/smartny/doc.php' not found or unable to stat
[Tue Feb 24 00:16:42.462349 2026] [php:error] [pid 21522] [client 45.67.97.44:0] script '/domains/pmglobal/wp-user.php' not found or unable to stat
[Tue Feb 24 00:16:43.092790 2026] [php:error] [pid 21546] [client 20.212.80.137:0] script '/domains/smartny/o.php' not found or unable to stat
[Tue Feb 24 00:16:43.578515 2026] [php:error] [pid 21522] [client 45.67.97.44:0] script '/domains/pmglobal/config.php' not found or unable to stat
[Tue Feb 24 00:16:43.950257 2026] [php:error] [pid 21522] [client 45.67.97.44:0] script '/domains/pmglobal/special.php' not found or unable to stat
[Tue Feb 24 00:16:44.462061 2026] [php:error] [pid 21546] [client 20.212.80.137:0] script '/domains/smartny/bgymj.php' not found or unable to stat
[Tue Feb 24 00:16:45.144051 2026] [php:error] [pid 21546] [client 20.212.80.137:0] script '/domains/smartny/f.php' not found or unable to stat
[Tue Feb 24 00:16:45.826660 2026] [php:error] [pid 21546] [client 20.212.80.137:0] script '/domains/smartny/ws.php' not found or unable to stat
[Tue Feb 24 00:16:47.193074 2026] [php:error] [pid 21546] [client 20.212.80.137:0] script '/domains/smartny/system.php' not found or unable to stat
[Tue Feb 24 00:16:47.880124 2026] [php:error] [pid 21546] [client 20.212.80.137:0] script '/domains/smartny/chosen.php' not found or unable to stat
[Tue Feb 24 00:16:48.612443 2026] [php:error] [pid 21548] [client 45.67.97.44:0] script '/domains/pmglobal/webdb.php' not found or unable to stat
[Tue Feb 24 00:16:49.255699 2026] [php:error] [pid 21546] [client 20.212.80.137:0] script '/domains/smartny/an.php' not found or unable to stat
[Tue Feb 24 00:16:49.363726 2026] [php:error] [pid 21548] [client 45.67.97.44:0] script '/domains/pmglobal/file2.php' not found or unable to stat
[Tue Feb 24 00:16:49.946758 2026] [php:error] [pid 21546] [client 20.212.80.137:0] script '/domains/smartny/ma.php' not found or unable to stat
[Tue Feb 24 00:16:50.114246 2026] [php:error] [pid 21548] [client 45.67.97.44:0] script '/domains/pmglobal/alfa.php' not found or unable to stat
[Tue Feb 24 00:16:50.649299 2026] [php:error] [pid 21546] [client 20.212.80.137:0] script '/domains/smartny/h.php' not found or unable to stat
[Tue Feb 24 00:16:53.156589 2026] [php:error] [pid 21548] [client 45.67.97.44:0] script '/domains/pmglobal/edit.php' not found or unable to stat
[Tue Feb 24 00:16:54.149584 2026] [php:error] [pid 21546] [client 20.212.80.137:0] script '/domains/smartny/system.php' not found or unable to stat
[Tue Feb 24 00:16:54.712881 2026] [php:error] [pid 21548] [client 45.67.97.44:0] script '/domains/pmglobal/wp-links-opml.php' not found or unable to stat
[Tue Feb 24 00:16:55.462609 2026] [php:error] [pid 21548] [client 45.67.97.44:0] script '/domains/pmglobal/atomlib.php' not found or unable to stat
[Tue Feb 24 00:16:55.520437 2026] [php:error] [pid 21546] [client 20.212.80.137:0] script '/domains/smartny/class-t.api.php' not found or unable to stat
[Tue Feb 24 00:16:56.209171 2026] [php:error] [pid 21546] [client 20.212.80.137:0] script '/domains/smartny/asd.php' not found or unable to stat
[Tue Feb 24 00:16:57.341242 2026] [php:error] [pid 21548] [client 45.67.97.44:0] script '/domains/pmglobal/xp.php' not found or unable to stat
[Tue Feb 24 00:16:58.289083 2026] [php:error] [pid 21546] [client 20.212.80.137:0] script '/domains/smartny/k.php' not found or unable to stat
[Tue Feb 24 00:16:58.467858 2026] [php:error] [pid 21548] [client 45.67.97.44:0] script '/domains/pmglobal/wp-links.php' not found or unable to stat
[Tue Feb 24 00:16:58.988437 2026] [php:error] [pid 21546] [client 20.212.80.137:0] script '/domains/smartny/geck.php' not found or unable to stat
[Tue Feb 24 00:16:59.672084 2026] [php:error] [pid 21546] [client 20.212.80.137:0] script '/domains/smartny/lala.php' not found or unable to stat
[Tue Feb 24 00:17:00.361625 2026] [php:error] [pid 21546] [client 20.212.80.137:0] script '/domains/smartny/menu.php' not found or unable to stat
[Tue Feb 24 00:17:01.040972 2026] [php:error] [pid 21546] [client 20.212.80.137:0] script '/domains/smartny/alfa.php' not found or unable to stat
[Tue Feb 24 00:17:01.732271 2026] [php:error] [pid 21546] [client 20.212.80.137:0] script '/domains/smartny/dropdown.php' not found or unable to stat
[Tue Feb 24 00:17:02.425537 2026] [php:error] [pid 21546] [client 20.212.80.137:0] script '/domains/smartny/v2.php' not found or unable to stat
[Tue Feb 24 00:17:02.767539 2026] [php:error] [pid 21548] [client 45.67.97.44:0] script '/domains/pmglobal/moon.php' not found or unable to stat
[Tue Feb 24 00:17:03.109362 2026] [php:error] [pid 21546] [client 20.212.80.137:0] script '/domains/smartny/jmfi2.php' not found or unable to stat
[Tue Feb 24 00:17:03.901213 2026] [php:error] [pid 21548] [client 45.67.97.44:0] script '/domains/pmglobal/webadmin.php' not found or unable to stat
[Tue Feb 24 00:17:04.365127 2026] [php:error] [pid 21553] [client 20.219.8.72:0] script '/domains/conceptlabs1/myfile.php' not found or unable to stat
[Tue Feb 24 00:17:04.480746 2026] [php:error] [pid 21546] [client 20.212.80.137:0] script '/domains/smartny/w.php' not found or unable to stat
[Tue Feb 24 00:17:04.575604 2026] [php:error] [pid 21553] [client 20.219.8.72:0] script '/domains/conceptlabs1/work.php' not found or unable to stat
[Tue Feb 24 00:17:04.786255 2026] [php:error] [pid 21553] [client 20.219.8.72:0] script '/domains/conceptlabs1/C.php' not found or unable to stat
[Tue Feb 24 00:17:04.996523 2026] [php:error] [pid 21553] [client 20.219.8.72:0] script '/domains/conceptlabs1/ze.php' not found or unable to stat
[Tue Feb 24 00:17:05.028920 2026] [php:error] [pid 21548] [client 45.67.97.44:0] script '/domains/pmglobal/xl2023.php' not found or unable to stat
[Tue Feb 24 00:17:05.207030 2026] [php:error] [pid 21553] [client 20.219.8.72:0] script '/domains/conceptlabs1/new4.php' not found or unable to stat
[Tue Feb 24 00:17:05.407390 2026] [php:error] [pid 21548] [client 45.67.97.44:0] script '/domains/pmglobal/go.php' not found or unable to stat
[Tue Feb 24 00:17:05.419198 2026] [php:error] [pid 21553] [client 20.219.8.72:0] script '/domains/conceptlabs1/sc.php' not found or unable to stat
[Tue Feb 24 00:17:05.629733 2026] [php:error] [pid 21553] [client 20.219.8.72:0] script '/domains/conceptlabs1/pouhg.php' not found or unable to stat
[Tue Feb 24 00:17:05.840635 2026] [php:error] [pid 21553] [client 20.219.8.72:0] script '/domains/conceptlabs1/vgtyu.php' not found or unable to stat
[Tue Feb 24 00:17:05.841698 2026] [php:error] [pid 21546] [client 20.212.80.137:0] script '/domains/smartny/flower2.php' not found or unable to stat
[Tue Feb 24 00:17:06.051154 2026] [php:error] [pid 21553] [client 20.219.8.72:0] script '/domains/conceptlabs1/aq.php' not found or unable to stat
[Tue Feb 24 00:17:06.261769 2026] [php:error] [pid 21553] [client 20.219.8.72:0] script '/domains/conceptlabs1/opts.php' not found or unable to stat
[Tue Feb 24 00:17:06.472795 2026] [php:error] [pid 21553] [client 20.219.8.72:0] script '/domains/conceptlabs1/x123.php' not found or unable to stat
[Tue Feb 24 00:17:06.683443 2026] [php:error] [pid 21553] [client 20.219.8.72:0] script '/domains/conceptlabs1/wp-act.php' not found or unable to stat
[Tue Feb 24 00:17:06.895178 2026] [php:error] [pid 21553] [client 20.219.8.72:0] script '/domains/conceptlabs1/moshou.php' not found or unable to stat
[Tue Feb 24 00:17:07.106219 2026] [php:error] [pid 21553] [client 20.219.8.72:0] script '/domains/conceptlabs1/seetox.php' not found or unable to stat
[Tue Feb 24 00:17:07.211411 2026] [php:error] [pid 21546] [client 20.212.80.137:0] script '/domains/smartny/wp-login.php' not found or unable to stat
[Tue Feb 24 00:17:07.316534 2026] [php:error] [pid 21553] [client 20.219.8.72:0] script '/domains/conceptlabs1/dom.php' not found or unable to stat
[Tue Feb 24 00:17:07.527024 2026] [php:error] [pid 21553] [client 20.219.8.72:0] script '/domains/conceptlabs1/ws60.php' not found or unable to stat
[Tue Feb 24 00:17:07.737588 2026] [php:error] [pid 21553] [client 20.219.8.72:0] script '/domains/conceptlabs1/samiri.php' not found or unable to stat
[Tue Feb 24 00:17:07.948241 2026] [php:error] [pid 21553] [client 20.219.8.72:0] script '/domains/conceptlabs1/plugins.php' not found or unable to stat
[Tue Feb 24 00:17:08.159098 2026] [php:error] [pid 21553] [client 20.219.8.72:0] script '/domains/conceptlabs1/xoot.php' not found or unable to stat
[Tue Feb 24 00:17:08.369623 2026] [php:error] [pid 21553] [client 20.219.8.72:0] script '/domains/conceptlabs1/X57.php' not found or unable to stat
[Tue Feb 24 00:17:08.579958 2026] [php:error] [pid 21553] [client 20.219.8.72:0] script '/domains/conceptlabs1/vx.php' not found or unable to stat
[Tue Feb 24 00:17:08.793407 2026] [php:error] [pid 21553] [client 20.219.8.72:0] script '/domains/conceptlabs1/file59.php' not found or unable to stat
[Tue Feb 24 00:17:09.214459 2026] [php:error] [pid 21553] [client 20.219.8.72:0] script '/domains/conceptlabs1/shas.php' not found or unable to stat
[Tue Feb 24 00:17:09.259567 2026] [php:error] [pid 21546] [client 20.212.80.137:0] script '/domains/smartny/ze.php' not found or unable to stat
[Tue Feb 24 00:17:09.429710 2026] [php:error] [pid 21553] [client 20.219.8.72:0] script '/domains/conceptlabs1/xa.php' not found or unable to stat
[Tue Feb 24 00:17:09.640434 2026] [php:error] [pid 21553] [client 20.219.8.72:0] script '/domains/conceptlabs1/xda.php' not found or unable to stat
[Tue Feb 24 00:17:09.851167 2026] [php:error] [pid 21553] [client 20.219.8.72:0] script '/domains/conceptlabs1/er.php' not found or unable to stat
[Tue Feb 24 00:17:09.948624 2026] [php:error] [pid 21546] [client 20.212.80.137:0] script '/domains/smartny/elp.php' not found or unable to stat
[Tue Feb 24 00:17:10.062128 2026] [php:error] [pid 21553] [client 20.219.8.72:0] script '/domains/conceptlabs1/fault.php' not found or unable to stat
[Tue Feb 24 00:17:10.273074 2026] [php:error] [pid 21553] [client 20.219.8.72:0] script '/domains/conceptlabs1/motu.php' not found or unable to stat
[Tue Feb 24 00:17:10.484083 2026] [php:error] [pid 21553] [client 20.219.8.72:0] script '/domains/conceptlabs1/66.php' not found or unable to stat
[Tue Feb 24 00:17:10.694432 2026] [php:error] [pid 21553] [client 20.219.8.72:0] script '/domains/conceptlabs1/leuk.php' not found or unable to stat
[Tue Feb 24 00:17:10.910335 2026] [php:error] [pid 21553] [client 20.219.8.72:0] script '/domains/conceptlabs1/xqq.php' not found or unable to stat
[Tue Feb 24 00:17:11.122148 2026] [php:error] [pid 21553] [client 20.219.8.72:0] script '/domains/conceptlabs1/kolda.php' not found or unable to stat
[Tue Feb 24 00:17:11.314710 2026] [php:error] [pid 21546] [client 20.212.80.137:0] script '/domains/smartny/ph33w.php' not found or unable to stat
[Tue Feb 24 00:17:11.333412 2026] [php:error] [pid 21553] [client 20.219.8.72:0] script '/domains/conceptlabs1/nw.php' not found or unable to stat
[Tue Feb 24 00:17:11.543859 2026] [php:error] [pid 21553] [client 20.219.8.72:0] script '/domains/conceptlabs1/god.php' not found or unable to stat
[Tue Feb 24 00:17:11.754400 2026] [php:error] [pid 21553] [client 20.219.8.72:0] script '/domains/conceptlabs1/666.php' not found or unable to stat
[Tue Feb 24 00:17:11.964799 2026] [php:error] [pid 21553] [client 20.219.8.72:0] script '/domains/conceptlabs1/kj.php' not found or unable to stat
[Tue Feb 24 00:17:11.997953 2026] [php:error] [pid 21546] [client 20.212.80.137:0] script '/domains/smartny/x.php' not found or unable to stat
[Tue Feb 24 00:17:12.091294 2026] [php:error] [pid 21543] [client 20.210.89.170:0] script '/domains/hungariantasteweb/wp-trackback.php' not found or unable to stat
[Tue Feb 24 00:17:12.176321 2026] [php:error] [pid 21553] [client 20.219.8.72:0] script '/domains/conceptlabs1/un.php' not found or unable to stat
[Tue Feb 24 00:17:12.255751 2026] [php:error] [pid 21543] [client 20.210.89.170:0] script '/domains/hungariantasteweb/about.php' not found or unable to stat
[Tue Feb 24 00:17:12.262922 2026] [php:error] [pid 21548] [client 45.67.97.44:0] script '/domains/pmglobal/hehehehe.php' not found or unable to stat
[Tue Feb 24 00:17:12.398544 2026] [php:error] [pid 21553] [client 20.219.8.72:0] script '/domains/conceptlabs1/fs.php' not found or unable to stat
[Tue Feb 24 00:17:12.419735 2026] [php:error] [pid 21543] [client 20.210.89.170:0] script '/domains/hungariantasteweb/file.php' not found or unable to stat
[Tue Feb 24 00:17:12.584282 2026] [php:error] [pid 21543] [client 20.210.89.170:0] script '/domains/hungariantasteweb/wp-good.php' not found or unable to stat
[Tue Feb 24 00:17:12.619011 2026] [php:error] [pid 21553] [client 20.219.8.72:0] script '/domains/conceptlabs1/ms.php' not found or unable to stat
[Tue Feb 24 00:17:12.748341 2026] [php:error] [pid 21543] [client 20.210.89.170:0] script '/domains/hungariantasteweb/xmlrpc.php' not found or unable to stat
[Tue Feb 24 00:17:12.830764 2026] [php:error] [pid 21553] [client 20.219.8.72:0] script '/domains/conceptlabs1/login8.php' not found or unable to stat
