[Tue Feb 24 00:17:12.912591 2026] [php:error] [pid 21543] [client 20.210.89.170:0] script '/domains/hungariantasteweb/goods.php' not found or unable to stat
[Tue Feb 24 00:17:13.041898 2026] [php:error] [pid 21553] [client 20.219.8.72:0] script '/domains/conceptlabs1/nnyvn.php' not found or unable to stat
[Tue Feb 24 00:17:13.077130 2026] [php:error] [pid 21543] [client 20.210.89.170:0] script '/domains/hungariantasteweb/ioxi-o.php' not found or unable to stat
[Tue Feb 24 00:17:13.242451 2026] [php:error] [pid 21543] [client 20.210.89.170:0] script '/domains/hungariantasteweb/class-t.api.php' not found or unable to stat
[Tue Feb 24 00:17:13.253033 2026] [php:error] [pid 21553] [client 20.219.8.72:0] script '/domains/conceptlabs1/cu.php' not found or unable to stat
[Tue Feb 24 00:17:13.382087 2026] [php:error] [pid 21546] [client 20.212.80.137:0] script '/domains/smartny/lp6.php' not found or unable to stat
[Tue Feb 24 00:17:13.433114 2026] [php:error] [pid 21543] [client 20.210.89.170:0] script '/domains/hungariantasteweb/admin.php' not found or unable to stat
[Tue Feb 24 00:17:13.463495 2026] [php:error] [pid 21553] [client 20.219.8.72:0] script '/domains/conceptlabs1/lul.php' not found or unable to stat
[Tue Feb 24 00:17:13.596980 2026] [php:error] [pid 21543] [client 20.210.89.170:0] script '/domains/hungariantasteweb/sf.php' not found or unable to stat
[Tue Feb 24 00:17:13.674356 2026] [php:error] [pid 21553] [client 20.219.8.72:0] script '/domains/conceptlabs1/0.php' not found or unable to stat
[Tue Feb 24 00:17:13.761839 2026] [php:error] [pid 21543] [client 20.210.89.170:0] script '/domains/hungariantasteweb/rip.php' not found or unable to stat
[Tue Feb 24 00:17:13.884861 2026] [php:error] [pid 21553] [client 20.219.8.72:0] script '/domains/conceptlabs1/ms-edit.php' not found or unable to stat
[Tue Feb 24 00:17:13.952053 2026] [php:error] [pid 21543] [client 20.210.89.170:0] script '/domains/hungariantasteweb/autoload_classmap.php' not found or unable to stat
[Tue Feb 24 00:17:14.095792 2026] [php:error] [pid 21553] [client 20.219.8.72:0] script '/domains/conceptlabs1/ya.php' not found or unable to stat
[Tue Feb 24 00:17:14.116165 2026] [php:error] [pid 21543] [client 20.210.89.170:0] script '/domains/hungariantasteweb/chosen.php' not found or unable to stat
[Tue Feb 24 00:17:14.280013 2026] [php:error] [pid 21543] [client 20.210.89.170:0] script '/domains/hungariantasteweb/classwithtostring.php' not found or unable to stat
[Tue Feb 24 00:17:14.306512 2026] [php:error] [pid 21553] [client 20.219.8.72:0] script '/domains/conceptlabs1/grsiuk.php' not found or unable to stat
[Tue Feb 24 00:17:14.457278 2026] [php:error] [pid 21543] [client 20.210.89.170:0] script '/domains/hungariantasteweb/defaults.php' not found or unable to stat
[Tue Feb 24 00:17:14.517042 2026] [php:error] [pid 21553] [client 20.219.8.72:0] script '/domains/conceptlabs1/wp-blog.php' not found or unable to stat
[Tue Feb 24 00:17:14.727384 2026] [php:error] [pid 21553] [client 20.219.8.72:0] script '/domains/conceptlabs1/wp-access.php' not found or unable to stat
[Tue Feb 24 00:17:14.765906 2026] [php:error] [pid 21546] [client 20.212.80.137:0] script '/domains/smartny/d12.php' not found or unable to stat
[Tue Feb 24 00:17:14.940454 2026] [php:error] [pid 21553] [client 20.219.8.72:0] script '/domains/conceptlabs1/a1vx.php' not found or unable to stat
[Tue Feb 24 00:17:15.153380 2026] [php:error] [pid 21553] [client 20.219.8.72:0] script '/domains/conceptlabs1/sbhu.php' not found or unable to stat
[Tue Feb 24 00:17:15.285358 2026] [php:error] [pid 21543] [client 20.210.89.170:0] script '/domains/hungariantasteweb/info.php' not found or unable to stat
[Tue Feb 24 00:17:15.369165 2026] [php:error] [pid 21553] [client 20.219.8.72:0] script '/domains/conceptlabs1/wp-the.php' not found or unable to stat
[Tue Feb 24 00:17:15.454389 2026] [php:error] [pid 21546] [client 20.212.80.137:0] script '/domains/smartny/x.php' not found or unable to stat
[Tue Feb 24 00:17:15.585449 2026] [php:error] [pid 21553] [client 20.219.8.72:0] script '/domains/conceptlabs1/06.php' not found or unable to stat
[Tue Feb 24 00:17:15.796253 2026] [php:error] [pid 21553] [client 20.219.8.72:0] script '/domains/conceptlabs1/wp5.php' not found or unable to stat
[Tue Feb 24 00:17:16.006647 2026] [php:error] [pid 21553] [client 20.219.8.72:0] script '/domains/conceptlabs1/fot.php' not found or unable to stat
[Tue Feb 24 00:17:16.147485 2026] [php:error] [pid 21546] [client 20.212.80.137:0] script '/domains/smartny/bk.php' not found or unable to stat
[Tue Feb 24 00:17:16.219968 2026] [php:error] [pid 21553] [client 20.219.8.72:0] script '/domains/conceptlabs1/ff1.php' not found or unable to stat
[Tue Feb 24 00:17:16.430882 2026] [php:error] [pid 21553] [client 20.219.8.72:0] script '/domains/conceptlabs1/forbidals.php' not found or unable to stat
[Tue Feb 24 00:17:16.454795 2026] [php:error] [pid 21543] [client 20.210.89.170:0] script '/domains/hungariantasteweb/adminfuns.php' not found or unable to stat
[Tue Feb 24 00:17:16.641544 2026] [php:error] [pid 21553] [client 20.219.8.72:0] script '/domains/conceptlabs1/erty.php' not found or unable to stat
[Tue Feb 24 00:17:16.828528 2026] [php:error] [pid 21546] [client 20.212.80.137:0] script '/domains/smartny/phpinfo.php' not found or unable to stat
[Tue Feb 24 00:17:16.851805 2026] [php:error] [pid 21553] [client 20.219.8.72:0] script '/domains/conceptlabs1/dev1s.php' not found or unable to stat
[Tue Feb 24 00:17:17.062206 2026] [php:error] [pid 21553] [client 20.219.8.72:0] script '/domains/conceptlabs1/ffd.php' not found or unable to stat
[Tue Feb 24 00:17:17.273306 2026] [php:error] [pid 21553] [client 20.219.8.72:0] script '/domains/conceptlabs1/admiin.php' not found or unable to stat
[Tue Feb 24 00:17:17.483737 2026] [php:error] [pid 21553] [client 20.219.8.72:0] script '/domains/conceptlabs1/ol.php' not found or unable to stat
[Tue Feb 24 00:17:17.694347 2026] [php:error] [pid 21553] [client 20.219.8.72:0] script '/domains/conceptlabs1/Sanskrit.php' not found or unable to stat
[Tue Feb 24 00:17:17.905185 2026] [php:error] [pid 21553] [client 20.219.8.72:0] script '/domains/conceptlabs1/vxrl.php' not found or unable to stat
[Tue Feb 24 00:17:18.116653 2026] [php:error] [pid 21553] [client 20.219.8.72:0] script '/domains/conceptlabs1/re.php' not found or unable to stat
[Tue Feb 24 00:17:18.193824 2026] [php:error] [pid 21546] [client 20.212.80.137:0] script '/domains/smartny/f.php' not found or unable to stat
[Tue Feb 24 00:17:18.327765 2026] [php:error] [pid 21553] [client 20.219.8.72:0] script '/domains/conceptlabs1/num.php' not found or unable to stat
[Tue Feb 24 00:17:18.538320 2026] [php:error] [pid 21553] [client 20.219.8.72:0] script '/domains/conceptlabs1/axx.php' not found or unable to stat
[Tue Feb 24 00:17:18.748968 2026] [php:error] [pid 21553] [client 20.219.8.72:0] script '/domains/conceptlabs1/vxrl.php' not found or unable to stat
[Tue Feb 24 00:17:18.959523 2026] [php:error] [pid 21553] [client 20.219.8.72:0] script '/domains/conceptlabs1/in.php' not found or unable to stat
[Tue Feb 24 00:17:19.170136 2026] [php:error] [pid 21553] [client 20.219.8.72:0] script '/domains/conceptlabs1/style.php' not found or unable to stat
[Tue Feb 24 00:17:19.380663 2026] [php:error] [pid 21553] [client 20.219.8.72:0] script '/domains/conceptlabs1/we.php' not found or unable to stat
[Tue Feb 24 00:17:19.591106 2026] [php:error] [pid 21553] [client 20.219.8.72:0] script '/domains/conceptlabs1/zwso.php' not found or unable to stat
[Tue Feb 24 00:17:19.802135 2026] [php:error] [pid 21553] [client 20.219.8.72:0] script '/domains/conceptlabs1/karak.php' not found or unable to stat
[Tue Feb 24 00:17:20.013172 2026] [php:error] [pid 21553] [client 20.219.8.72:0] script '/domains/conceptlabs1/prv8.php' not found or unable to stat
[Tue Feb 24 00:17:20.223930 2026] [php:error] [pid 21553] [client 20.219.8.72:0] script '/domains/conceptlabs1/i.php' not found or unable to stat
[Tue Feb 24 00:17:20.260325 2026] [php:error] [pid 21546] [client 20.212.80.137:0] script '/domains/smartny/z.php' not found or unable to stat
[Tue Feb 24 00:17:20.435531 2026] [php:error] [pid 21553] [client 20.219.8.72:0] script '/domains/conceptlabs1/a.php' not found or unable to stat
[Tue Feb 24 00:17:20.650104 2026] [php:error] [pid 21553] [client 20.219.8.72:0] script '/domains/conceptlabs1/xmlrpc.php' not found or unable to stat
[Tue Feb 24 00:17:20.860925 2026] [php:error] [pid 21553] [client 20.219.8.72:0] script '/domains/conceptlabs1/aw.php' not found or unable to stat
[Tue Feb 24 00:17:20.949431 2026] [php:error] [pid 21546] [client 20.212.80.137:0] script '/domains/smartny/z.php' not found or unable to stat
[Tue Feb 24 00:17:21.071336 2026] [php:error] [pid 21553] [client 20.219.8.72:0] script '/domains/conceptlabs1/dev.php' not found or unable to stat
[Tue Feb 24 00:17:21.281810 2026] [php:error] [pid 21553] [client 20.219.8.72:0] script '/domains/conceptlabs1/lock360.php' not found or unable to stat
[Tue Feb 24 00:17:21.493143 2026] [php:error] [pid 21553] [client 20.219.8.72:0] script '/domains/conceptlabs1/155.php' not found or unable to stat
[Tue Feb 24 00:17:21.703598 2026] [php:error] [pid 21553] [client 20.219.8.72:0] script '/domains/conceptlabs1/goat.php' not found or unable to stat
[Tue Feb 24 00:17:21.913836 2026] [php:error] [pid 21553] [client 20.219.8.72:0] script '/domains/conceptlabs1/tcp.php' not found or unable to stat
[Tue Feb 24 00:17:22.125059 2026] [php:error] [pid 21553] [client 20.219.8.72:0] script '/domains/conceptlabs1/ext.php' not found or unable to stat
[Tue Feb 24 00:17:22.239968 2026] [php:error] [pid 21557] [client 45.67.97.44:0] script '/domains/pmglobal/byp.php' not found or unable to stat
[Tue Feb 24 00:17:22.335342 2026] [php:error] [pid 21553] [client 20.219.8.72:0] script '/domains/conceptlabs1/inputs.php' not found or unable to stat
[Tue Feb 24 00:17:22.546018 2026] [php:error] [pid 21553] [client 20.219.8.72:0] script '/domains/conceptlabs1/ioxi.php' not found or unable to stat
[Tue Feb 24 00:17:22.756628 2026] [php:error] [pid 21553] [client 20.219.8.72:0] script '/domains/conceptlabs1/fe5.php' not found or unable to stat
[Tue Feb 24 00:17:22.967791 2026] [php:error] [pid 21553] [client 20.219.8.72:0] script '/domains/conceptlabs1/ov.php' not found or unable to stat
[Tue Feb 24 00:17:23.017700 2026] [php:error] [pid 21546] [client 20.212.80.137:0] script '/domains/smartny/file.php' not found or unable to stat
[Tue Feb 24 00:17:23.390374 2026] [php:error] [pid 21553] [client 20.219.8.72:0] script '/domains/conceptlabs1/default.php' not found or unable to stat
[Tue Feb 24 00:17:23.600929 2026] [php:error] [pid 21553] [client 20.219.8.72:0] script '/domains/conceptlabs1/abcd.php' not found or unable to stat
[Tue Feb 24 00:17:23.811180 2026] [php:error] [pid 21553] [client 20.219.8.72:0] script '/domains/conceptlabs1/class.1.php' not found or unable to stat
[Tue Feb 24 00:17:24.021451 2026] [php:error] [pid 21553] [client 20.219.8.72:0] script '/domains/conceptlabs1/async.php' not found or unable to stat
[Tue Feb 24 00:17:24.231759 2026] [php:error] [pid 21553] [client 20.219.8.72:0] script '/domains/conceptlabs1/ff.php' not found or unable to stat
[Tue Feb 24 00:17:24.442183 2026] [php:error] [pid 21553] [client 20.219.8.72:0] script '/domains/conceptlabs1/ioxi-o.php' not found or unable to stat
[Tue Feb 24 00:17:24.653954 2026] [php:error] [pid 21553] [client 20.219.8.72:0] script '/domains/conceptlabs1/manager.php' not found or unable to stat
[Tue Feb 24 00:17:24.864152 2026] [php:error] [pid 21553] [client 20.219.8.72:0] script '/domains/conceptlabs1/wp-update.php' not found or unable to stat
[Tue Feb 24 00:17:25.074496 2026] [php:error] [pid 21546] [client 20.212.80.137:0] script '/domains/smartny/elp.php' not found or unable to stat
[Tue Feb 24 00:17:25.074647 2026] [php:error] [pid 21553] [client 20.219.8.72:0] script '/domains/conceptlabs1/file.php' not found or unable to stat
[Tue Feb 24 00:17:25.223796 2026] [php:error] [pid 21557] [client 45.67.97.44:0] script '/domains/pmglobal/class.api.php' not found or unable to stat
[Tue Feb 24 00:17:25.754897 2026] [php:error] [pid 21559] [client 20.219.8.72:0] script '/domains/conceptlabs1/lc.php' not found or unable to stat
[Tue Feb 24 00:17:25.759769 2026] [php:error] [pid 21546] [client 20.212.80.137:0] script '/domains/smartny/p.php' not found or unable to stat
[Tue Feb 24 00:17:25.965803 2026] [php:error] [pid 21559] [client 20.219.8.72:0] script '/domains/conceptlabs1/cbrfo.php' not found or unable to stat
[Tue Feb 24 00:17:26.176545 2026] [php:error] [pid 21559] [client 20.219.8.72:0] script '/domains/conceptlabs1/inc.php' not found or unable to stat
[Tue Feb 24 00:17:26.337081 2026] [php:error] [pid 21557] [client 45.67.97.44:0] script '/domains/pmglobal/system_log.php' not found or unable to stat
[Tue Feb 24 00:17:26.386878 2026] [php:error] [pid 21559] [client 20.219.8.72:0] script '/domains/conceptlabs1/gifclass.php' not found or unable to stat
[Tue Feb 24 00:17:26.597410 2026] [php:error] [pid 21559] [client 20.219.8.72:0] script '/domains/conceptlabs1/miansha.php' not found or unable to stat
[Tue Feb 24 00:17:26.708459 2026] [php:error] [pid 21557] [client 45.67.97.44:0] script '/domains/pmglobal/.alf.php' not found or unable to stat
[Tue Feb 24 00:17:26.824877 2026] [php:error] [pid 21559] [client 20.219.8.72:0] script '/domains/conceptlabs1/tinyfilemanager.php' not found or unable to stat
[Tue Feb 24 00:17:27.038245 2026] [php:error] [pid 21559] [client 20.219.8.72:0] script '/domains/conceptlabs1/admin.php' not found or unable to stat
[Tue Feb 24 00:17:27.084173 2026] [php:error] [pid 21557] [client 45.67.97.44:0] script '/domains/pmglobal/wso.php' not found or unable to stat
[Tue Feb 24 00:17:27.128977 2026] [php:error] [pid 21546] [client 20.212.80.137:0] script '/domains/smartny/config.php' not found or unable to stat
[Tue Feb 24 00:17:27.248961 2026] [php:error] [pid 21559] [client 20.219.8.72:0] script '/domains/conceptlabs1/ok.php' not found or unable to stat
[Tue Feb 24 00:17:27.459682 2026] [php:error] [pid 21559] [client 20.219.8.72:0] script '/domains/conceptlabs1/fi.php' not found or unable to stat
[Tue Feb 24 00:17:27.670772 2026] [php:error] [pid 21559] [client 20.219.8.72:0] script '/domains/conceptlabs1/muzu.php' not found or unable to stat
[Tue Feb 24 00:17:27.820567 2026] [php:error] [pid 21546] [client 20.212.80.137:0] script '/domains/smartny/rip.php' not found or unable to stat
[Tue Feb 24 00:17:27.824289 2026] [php:error] [pid 21557] [client 45.67.97.44:0] script '/domains/pmglobal/flower.php' not found or unable to stat
[Tue Feb 24 00:17:27.882830 2026] [php:error] [pid 21559] [client 20.219.8.72:0] script '/domains/conceptlabs1/reze.php' not found or unable to stat
[Tue Feb 24 00:17:28.095183 2026] [php:error] [pid 21559] [client 20.219.8.72:0] script '/domains/conceptlabs1/styll.php' not found or unable to stat
[Tue Feb 24 00:17:28.305874 2026] [php:error] [pid 21559] [client 20.219.8.72:0] script '/domains/conceptlabs1/x7.php' not found or unable to stat
[Tue Feb 24 00:17:28.500974 2026] [php:error] [pid 21546] [client 20.212.80.137:0] script '/domains/smartny/cache.php' not found or unable to stat
[Tue Feb 24 00:17:28.516312 2026] [php:error] [pid 21559] [client 20.219.8.72:0] script '/domains/conceptlabs1/thebe.php' not found or unable to stat
[Tue Feb 24 00:17:28.727003 2026] [php:error] [pid 21559] [client 20.219.8.72:0] script '/domains/conceptlabs1/ddd.php' not found or unable to stat
[Tue Feb 24 00:17:28.937779 2026] [php:error] [pid 21559] [client 20.219.8.72:0] script '/domains/conceptlabs1/bgymj.php' not found or unable to stat
[Tue Feb 24 00:17:29.148458 2026] [php:error] [pid 21559] [client 20.219.8.72:0] script '/domains/conceptlabs1/8xyz.php' not found or unable to stat
[Tue Feb 24 00:17:29.196382 2026] [php:error] [pid 21546] [client 20.212.80.137:0] script '/domains/smartny/ahax.php' not found or unable to stat
[Tue Feb 24 00:17:29.306750 2026] [php:error] [pid 21557] [client 45.67.97.44:0] script '/domains/pmglobal/ioxi-o.php' not found or unable to stat
[Tue Feb 24 00:17:29.360849 2026] [php:error] [pid 21559] [client 20.219.8.72:0] script '/domains/conceptlabs1/ioxi.php' not found or unable to stat
[Tue Feb 24 00:17:29.573186 2026] [php:error] [pid 21559] [client 20.219.8.72:0] script '/domains/conceptlabs1/xpwer1.php' not found or unable to stat
[Tue Feb 24 00:17:29.676146 2026] [php:error] [pid 21557] [client 45.67.97.44:0] script '/domains/pmglobal/info.php' not found or unable to stat
[Tue Feb 24 00:17:29.783782 2026] [php:error] [pid 21559] [client 20.219.8.72:0] script '/domains/conceptlabs1/lala.php' not found or unable to stat
[Tue Feb 24 00:17:29.994347 2026] [php:error] [pid 21559] [client 20.219.8.72:0] script '/domains/conceptlabs1/about.php' not found or unable to stat
[Tue Feb 24 00:17:30.045583 2026] [php:error] [pid 21557] [client 45.67.97.44:0] script '/domains/pmglobal/setup.php' not found or unable to stat
[Tue Feb 24 00:17:30.416142 2026] [php:error] [pid 21559] [client 20.219.8.72:0] script '/domains/conceptlabs1/cgi-bin/index.php' not found or unable to stat
[Tue Feb 24 00:17:30.584990 2026] [php:error] [pid 21546] [client 20.212.80.137:0] script '/domains/smartny/tt.php' not found or unable to stat
[Tue Feb 24 00:17:31.048470 2026] [php:error] [pid 21559] [client 20.219.8.72:0] script '/domains/conceptlabs1/info.php' not found or unable to stat
[Tue Feb 24 00:17:31.258593 2026] [php:error] [pid 21559] [client 20.219.8.72:0] script '/domains/conceptlabs1/about.php' not found or unable to stat
[Tue Feb 24 00:17:31.682011 2026] [php:error] [pid 21559] [client 20.219.8.72:0] script '/domains/conceptlabs1/222.php' not found or unable to stat
[Tue Feb 24 00:17:31.896294 2026] [php:error] [pid 21559] [client 20.219.8.72:0] script '/domains/conceptlabs1/adminfuns.php' not found or unable to stat
[Tue Feb 24 00:17:31.955056 2026] [php:error] [pid 21546] [client 20.212.80.137:0] script '/domains/smartny/css/index.php' not found or unable to stat
[Tue Feb 24 00:17:31.958742 2026] [php:error] [pid 21557] [client 45.67.97.44:0] script '/domains/pmglobal/as.php' not found or unable to stat
[Tue Feb 24 00:17:32.318655 2026] [php:error] [pid 21559] [client 20.219.8.72:0] script '/domains/conceptlabs1/xx.php' not found or unable to stat
[Tue Feb 24 00:17:32.327933 2026] [php:error] [pid 21557] [client 45.67.97.44:0] script '/domains/pmglobal/cc.php' not found or unable to stat
[Tue Feb 24 00:17:32.634680 2026] [php:error] [pid 21546] [client 20.212.80.137:0] script '/domains/smartny/wp-conf.php' not found or unable to stat
[Tue Feb 24 00:17:32.740711 2026] [php:error] [pid 21559] [client 20.219.8.72:0] script '/domains/conceptlabs1/f5.php' not found or unable to stat
[Tue Feb 24 00:17:32.964980 2026] [php:error] [pid 21559] [client 20.219.8.72:0] script '/domains/conceptlabs1/flower.php' not found or unable to stat
[Tue Feb 24 00:17:33.080331 2026] [php:error] [pid 21557] [client 45.67.97.44:0] script '/domains/pmglobal/ab.php' not found or unable to stat
[Tue Feb 24 00:17:33.176226 2026] [php:error] [pid 21559] [client 20.219.8.72:0] script '/domains/conceptlabs1/f6.php' not found or unable to stat
[Tue Feb 24 00:17:33.387151 2026] [php:error] [pid 21559] [client 20.219.8.72:0] script '/domains/conceptlabs1/edit.php' not found or unable to stat
[Tue Feb 24 00:17:34.029126 2026] [php:error] [pid 21559] [client 20.219.8.72:0] script '/domains/conceptlabs1/av.php' not found or unable to stat
[Tue Feb 24 00:17:34.189344 2026] [php:error] [pid 21557] [client 45.67.97.44:0] script '/domains/pmglobal/doc.php' not found or unable to stat
[Tue Feb 24 00:17:34.450323 2026] [php:error] [pid 21559] [client 20.219.8.72:0] script '/domains/conceptlabs1/wsd.php' not found or unable to stat
[Tue Feb 24 00:17:34.663719 2026] [php:error] [pid 21559] [client 20.219.8.72:0] script '/domains/conceptlabs1/jane.php' not found or unable to stat
[Tue Feb 24 00:17:34.874778 2026] [php:error] [pid 21559] [client 20.219.8.72:0] script '/domains/conceptlabs1/css.php' not found or unable to stat
[Tue Feb 24 00:17:35.085720 2026] [php:error] [pid 21559] [client 20.219.8.72:0] script '/domains/conceptlabs1/alfa.php' not found or unable to stat
[Tue Feb 24 00:17:35.169154 2026] [php:error] [pid 21546] [client 20.212.80.137:0] script '/domains/smartny/hey.php' not found or unable to stat
[Tue Feb 24 00:17:35.296816 2026] [php:error] [pid 21559] [client 20.219.8.72:0] script '/domains/conceptlabs1/wen.php' not found or unable to stat
[Tue Feb 24 00:17:35.299660 2026] [php:error] [pid 21557] [client 45.67.97.44:0] script '/domains/pmglobal/wp-login.php' not found or unable to stat
[Tue Feb 24 00:17:35.508656 2026] [php:error] [pid 21559] [client 20.219.8.72:0] script '/domains/conceptlabs1/x.php' not found or unable to stat
[Tue Feb 24 00:17:35.669404 2026] [php:error] [pid 21557] [client 45.67.97.44:0] script '/domains/pmglobal/mar.php' not found or unable to stat
[Tue Feb 24 00:17:35.719042 2026] [php:error] [pid 21559] [client 20.219.8.72:0] script '/domains/conceptlabs1/xxxx.php' not found or unable to stat
[Tue Feb 24 00:17:35.926576 2026] [php:error] [pid 21546] [client 20.212.80.137:0] script '/domains/smartny/m.php' not found or unable to stat
[Tue Feb 24 00:17:35.930309 2026] [php:error] [pid 21559] [client 20.219.8.72:0] script '/domains/conceptlabs1/class.php' not found or unable to stat
[Tue Feb 24 00:17:36.141979 2026] [php:error] [pid 21559] [client 20.219.8.72:0] script '/domains/conceptlabs1/f35.php' not found or unable to stat
[Tue Feb 24 00:17:36.619145 2026] [php:error] [pid 21546] [client 20.212.80.137:0] script '/domains/smartny/install.php' not found or unable to stat
[Tue Feb 24 00:17:36.786647 2026] [php:error] [pid 21557] [client 45.67.97.44:0] script '/domains/pmglobal/1.php' not found or unable to stat
[Tue Feb 24 00:17:36.990227 2026] [php:error] [pid 21559] [client 20.219.8.72:0] script '/domains/conceptlabs1/class-t.api.php' not found or unable to stat
[Tue Feb 24 00:17:37.201205 2026] [php:error] [pid 21559] [client 20.219.8.72:0] script '/domains/conceptlabs1/blurbs18.php' not found or unable to stat
[Tue Feb 24 00:17:37.301261 2026] [php:error] [pid 21546] [client 20.212.80.137:0] script '/domains/smartny/web.php' not found or unable to stat
[Tue Feb 24 00:17:38.675755 2026] [php:error] [pid 21546] [client 20.212.80.137:0] script '/domains/smartny/content.php' not found or unable to stat
[Tue Feb 24 00:17:38.683357 2026] [php:error] [pid 21559] [client 20.219.8.72:0] script '/domains/conceptlabs1/bless11.php' not found or unable to stat
[Tue Feb 24 00:17:38.893767 2026] [php:error] [pid 21559] [client 20.219.8.72:0] script '/domains/conceptlabs1/init.php' not found or unable to stat
[Tue Feb 24 00:17:39.316255 2026] [php:error] [pid 21559] [client 20.219.8.72:0] script '/domains/conceptlabs1/k.php' not found or unable to stat
[Tue Feb 24 00:17:39.354527 2026] [php:error] [pid 21546] [client 20.212.80.137:0] script '/domains/smartny/adminfuns.php' not found or unable to stat
[Tue Feb 24 00:17:39.526960 2026] [php:error] [pid 21559] [client 20.219.8.72:0] script '/domains/conceptlabs1/bless.php' not found or unable to stat
[Tue Feb 24 00:17:39.737604 2026] [php:error] [pid 21559] [client 20.219.8.72:0] script '/domains/conceptlabs1/X7x.php' not found or unable to stat
[Tue Feb 24 00:17:39.743393 2026] [php:error] [pid 21557] [client 45.67.97.44:0] script '/domains/pmglobal/fm.php' not found or unable to stat
[Tue Feb 24 00:17:39.948136 2026] [php:error] [pid 21559] [client 20.219.8.72:0] script '/domains/conceptlabs1/166.php' not found or unable to stat
[Tue Feb 24 00:17:40.160218 2026] [php:error] [pid 21559] [client 20.219.8.72:0] script '/domains/conceptlabs1/plss3.php' not found or unable to stat
[Tue Feb 24 00:17:40.581346 2026] [php:error] [pid 21559] [client 20.219.8.72:0] script '/domains/conceptlabs1/admins.php' not found or unable to stat
[Tue Feb 24 00:17:40.791820 2026] [php:error] [pid 21559] [client 20.219.8.72:0] script '/domains/conceptlabs1/wp.php' not found or unable to stat
[Tue Feb 24 00:17:41.003367 2026] [php:error] [pid 21559] [client 20.219.8.72:0] script '/domains/conceptlabs1/main.php' not found or unable to stat
[Tue Feb 24 00:17:41.214273 2026] [php:error] [pid 21559] [client 20.219.8.72:0] script '/domains/conceptlabs1/a1.php' not found or unable to stat
[Tue Feb 24 00:17:41.222198 2026] [php:error] [pid 21557] [client 45.67.97.44:0] script '/domains/pmglobal/ini.php' not found or unable to stat
[Tue Feb 24 00:17:41.396001 2026] [php:error] [pid 21546] [client 20.212.80.137:0] script '/domains/smartny/la.php' not found or unable to stat
[Tue Feb 24 00:17:41.424343 2026] [php:error] [pid 21559] [client 20.219.8.72:0] script '/domains/conceptlabs1/lala.php' not found or unable to stat
[Tue Feb 24 00:17:41.655703 2026] [php:error] [pid 21559] [client 20.219.8.72:0] script '/domains/conceptlabs1/aaa.php' not found or unable to stat
[Tue Feb 24 00:17:41.866380 2026] [php:error] [pid 21559] [client 20.219.8.72:0] script '/domains/conceptlabs1/a2.php' not found or unable to stat
[Tue Feb 24 00:17:42.075034 2026] [php:error] [pid 21546] [client 20.212.80.137:0] script '/domains/smartny/a1.php' not found or unable to stat
[Tue Feb 24 00:17:42.293690 2026] [php:error] [pid 21559] [client 20.219.8.72:0] script '/domains/conceptlabs1/jsond.php' not found or unable to stat
[Tue Feb 24 00:17:42.758328 2026] [php:error] [pid 21546] [client 20.212.80.137:0] script '/domains/smartny/403.php' not found or unable to stat
[Tue Feb 24 00:17:44.800635 2026] [php:error] [pid 21546] [client 20.212.80.137:0] script '/domains/smartny/errw.php' not found or unable to stat
[Tue Feb 24 00:17:45.295873 2026] [php:error] [pid 21561] [client 45.67.97.43:0] script '/domains/pmglobal/wp-content.php' not found or unable to stat
[Tue Feb 24 00:17:45.484110 2026] [php:error] [pid 21546] [client 20.212.80.137:0] script '/domains/smartny/css/index.php' not found or unable to stat
[Tue Feb 24 00:17:46.171728 2026] [php:error] [pid 21546] [client 20.212.80.137:0] script '/domains/smartny/wp.php' not found or unable to stat
[Tue Feb 24 00:17:46.856569 2026] [php:error] [pid 21546] [client 20.212.80.137:0] script '/domains/smartny/themes.php' not found or unable to stat
[Tue Feb 24 00:17:47.150304 2026] [php:error] [pid 21561] [client 45.67.97.43:0] script '/domains/pmglobal/customize.php' not found or unable to stat
[Tue Feb 24 00:17:47.519224 2026] [php:error] [pid 21561] [client 45.67.97.43:0] script '/domains/pmglobal/license.php' not found or unable to stat
[Tue Feb 24 00:17:47.534869 2026] [php:error] [pid 21546] [client 20.212.80.137:0] script '/domains/smartny/environment.php' not found or unable to stat
[Tue Feb 24 00:17:48.218567 2026] [php:error] [pid 21546] [client 20.212.80.137:0] script '/domains/smartny/404.php' not found or unable to stat
[Tue Feb 24 00:17:48.259413 2026] [php:error] [pid 21561] [client 45.67.97.43:0] script '/domains/pmglobal/lock.php' not found or unable to stat
[Tue Feb 24 00:17:49.581852 2026] [php:error] [pid 21546] [client 20.212.80.137:0] script '/domains/smartny/cs.php' not found or unable to stat
[Tue Feb 24 00:17:50.017442 2026] [php:error] [pid 21560] [client 174.91.229.149:0] script '/domains/quintet/wp-login.php' not found or unable to stat
[Tue Feb 24 00:17:50.129715 2026] [php:error] [pid 21553] [client 174.91.229.149:0] script '/domains/quintet/wp-login.php' not found or unable to stat
[Tue Feb 24 00:17:50.856052 2026] [php:error] [pid 21561] [client 45.67.97.43:0] script '/domains/pmglobal/wp-good.php' not found or unable to stat
[Tue Feb 24 00:17:51.639729 2026] [php:error] [pid 21546] [client 20.212.80.137:0] script '/domains/smartny/domains.php' not found or unable to stat
[Tue Feb 24 00:17:53.702995 2026] [php:error] [pid 21546] [client 20.212.80.137:0] script '/domains/smartny/radio.php' not found or unable to stat
[Tue Feb 24 00:17:54.140539 2026] [php:error] [pid 21561] [client 45.67.97.43:0] script '/domains/pmglobal/ff2.php' not found or unable to stat
[Tue Feb 24 00:17:55.067235 2026] [php:error] [pid 21546] [client 20.212.80.137:0] script '/domains/smartny/wp-blog.php' not found or unable to stat
[Tue Feb 24 00:17:55.642942 2026] [php:error] [pid 21561] [client 45.67.97.43:0] script '/domains/pmglobal/jp.php' not found or unable to stat
[Tue Feb 24 00:17:55.753906 2026] [php:error] [pid 21546] [client 20.212.80.137:0] script '/domains/smartny/ak.php' not found or unable to stat
[Tue Feb 24 00:17:56.031558 2026] [php:error] [pid 21561] [client 45.67.97.43:0] script '/domains/pmglobal/wp-atom.php' not found or unable to stat
[Tue Feb 24 00:17:56.771925 2026] [php:error] [pid 21561] [client 45.67.97.43:0] script '/domains/pmglobal/up.php' not found or unable to stat
[Tue Feb 24 00:17:57.836463 2026] [php:error] [pid 21546] [client 20.212.80.137:0] script '/domains/smartny/403.php' not found or unable to stat
[Tue Feb 24 00:17:58.987769 2026] [php:error] [pid 21561] [client 45.67.97.43:0] script '/domains/pmglobal/worm.PhP' not found or unable to stat
[Tue Feb 24 00:17:59.261426 2026] [php:error] [pid 21546] [client 20.212.80.137:0] script '/domains/smartny/wso.php' not found or unable to stat
[Tue Feb 24 00:17:59.358064 2026] [php:error] [pid 21561] [client 45.67.97.43:0] script '/domains/pmglobal/ext.php' not found or unable to stat
[Tue Feb 24 00:17:59.729380 2026] [php:error] [pid 21561] [client 45.67.97.43:0] script '/domains/pmglobal/delpaths.php' not found or unable to stat
[Tue Feb 24 00:17:59.948567 2026] [php:error] [pid 21546] [client 20.212.80.137:0] script '/domains/smartny/wp-cron.php' not found or unable to stat
[Tue Feb 24 00:18:00.642374 2026] [php:error] [pid 21546] [client 20.212.80.137:0] script '/domains/smartny/autoload_classmap.php' not found or unable to stat
[Tue Feb 24 00:18:01.330844 2026] [php:error] [pid 21546] [client 20.212.80.137:0] script '/domains/smartny/inputs.php' not found or unable to stat
[Tue Feb 24 00:18:02.031407 2026] [php:error] [pid 21561] [client 45.67.97.43:0] script '/domains/pmglobal/gifclass.php' not found or unable to stat
[Tue Feb 24 00:18:02.581411 2026] [php:error] [pid 21561] [client 45.67.97.43:0] script '/domains/pmglobal/plugin.php' not found or unable to stat
[Tue Feb 24 00:18:03.327883 2026] [php:error] [pid 21561] [client 45.67.97.43:0] script '/domains/pmglobal/update-core.php' not found or unable to stat
[Tue Feb 24 00:18:03.402802 2026] [php:error] [pid 21546] [client 20.212.80.137:0] script '/domains/smartny/zwso.php' not found or unable to stat
[Tue Feb 24 00:18:04.065009 2026] [php:error] [pid 21561] [client 45.67.97.43:0] script '/domains/pmglobal/wp-mail.php' not found or unable to stat
[Tue Feb 24 00:18:04.088933 2026] [php:error] [pid 21546] [client 20.212.80.137:0] script '/domains/smartny/bolt.php' not found or unable to stat
[Tue Feb 24 00:18:05.508737 2026] [php:error] [pid 21546] [client 20.212.80.137:0] script '/domains/smartny/autoload_classmap.php' not found or unable to stat
[Tue Feb 24 00:18:06.188516 2026] [php:error] [pid 21546] [client 20.212.80.137:0] script '/domains/smartny/gdn.php' not found or unable to stat
[Tue Feb 24 00:18:07.549257 2026] [php:error] [pid 21546] [client 20.212.80.137:0] script '/domains/smartny/lala.php' not found or unable to stat
[Tue Feb 24 00:18:08.217043 2026] [php:error] [pid 21572] [client 45.67.97.43:0] script '/domains/pmglobal/aa.php' not found or unable to stat
[Tue Feb 24 00:18:08.228440 2026] [php:error] [pid 21546] [client 20.212.80.137:0] script '/domains/smartny/bnn_.php' not found or unable to stat
[Tue Feb 24 00:18:08.590217 2026] [php:error] [pid 21572] [client 45.67.97.43:0] script '/domains/pmglobal/index2.php' not found or unable to stat
[Tue Feb 24 00:18:10.448509 2026] [php:error] [pid 21572] [client 45.67.97.43:0] script '/domains/pmglobal/shell.php' not found or unable to stat
[Tue Feb 24 00:18:12.319572 2026] [php:error] [pid 21572] [client 45.67.97.43:0] script '/domains/pmglobal/hehe.php' not found or unable to stat
[Tue Feb 24 00:18:13.435260 2026] [php:error] [pid 21572] [client 45.67.97.43:0] script '/domains/pmglobal/dir.php' not found or unable to stat
[Tue Feb 24 00:18:14.928149 2026] [php:error] [pid 21572] [client 45.67.97.43:0] script '/domains/pmglobal/nf_tracking.php' not found or unable to stat
[Tue Feb 24 00:18:15.675784 2026] [php:error] [pid 21572] [client 45.67.97.43:0] script '/domains/pmglobal/filefuns.php' not found or unable to stat
[Tue Feb 24 00:18:16.417923 2026] [php:error] [pid 21572] [client 45.67.97.43:0] script '/domains/pmglobal/l.php' not found or unable to stat
[Tue Feb 24 00:18:16.790590 2026] [php:error] [pid 21572] [client 45.67.97.43:0] script '/domains/pmglobal/repeater.php' not found or unable to stat
[Tue Feb 24 00:18:17.908130 2026] [php:error] [pid 21572] [client 45.67.97.43:0] script '/domains/pmglobal/contacts.php' not found or unable to stat
[Tue Feb 24 00:18:18.279894 2026] [php:error] [pid 21572] [client 45.67.97.43:0] script '/domains/pmglobal/wsa.php' not found or unable to stat
[Tue Feb 24 00:18:20.148390 2026] [php:error] [pid 21572] [client 45.67.97.43:0] script '/domains/pmglobal/lv.php' not found or unable to stat
[Tue Feb 24 00:18:20.521151 2026] [php:error] [pid 21572] [client 45.67.97.43:0] script '/domains/pmglobal/images/js1.php' not found or unable to stat
[Tue Feb 24 00:18:25.355208 2026] [php:error] [pid 21546] [client 45.67.97.44:0] script '/domains/pmglobal/tox.php' not found or unable to stat
[Tue Feb 24 00:18:26.839721 2026] [php:error] [pid 21546] [client 45.67.97.44:0] script '/domains/pmglobal/tiny.php' not found or unable to stat
[Tue Feb 24 00:18:27.582345 2026] [php:error] [pid 21546] [client 45.67.97.44:0] script '/domains/pmglobal/themes.php' not found or unable to stat
[Tue Feb 24 00:18:27.953287 2026] [php:error] [pid 21546] [client 45.67.97.44:0] script '/domains/pmglobal/wp-themes.php' not found or unable to stat
[Tue Feb 24 00:18:29.072407 2026] [php:error] [pid 21546] [client 45.67.97.44:0] script '/domains/pmglobal/mariju.php' not found or unable to stat
[Tue Feb 24 00:18:29.444758 2026] [php:error] [pid 21546] [client 45.67.97.44:0] script '/domains/pmglobal/waf_defender.php' not found or unable to stat
[Tue Feb 24 00:18:30.188278 2026] [php:error] [pid 21546] [client 45.67.97.44:0] script '/domains/pmglobal/av.php' not found or unable to stat
[Tue Feb 24 00:18:34.232768 2026] [php:error] [pid 21569] [client 45.67.97.44:0] script '/domains/pmglobal/theme.php' not found or unable to stat
[Tue Feb 24 00:18:35.349393 2026] [php:error] [pid 21569] [client 45.67.97.44:0] script '/domains/pmglobal/Simple.php' not found or unable to stat
[Tue Feb 24 00:18:38.328193 2026] [php:error] [pid 21580] [client 45.67.97.44:0] script '/domains/pmglobal/images/waf_defender.php' not found or unable to stat
[Tue Feb 24 00:18:39.071827 2026] [php:error] [pid 21580] [client 45.67.97.44:0] script '/domains/pmglobal/small.php' not found or unable to stat
[Tue Feb 24 00:18:39.815156 2026] [php:error] [pid 21580] [client 45.67.97.44:0] script '/domains/pmglobal/NewFile.php' not found or unable to stat
[Tue Feb 24 00:18:40.559467 2026] [php:error] [pid 21580] [client 45.67.97.44:0] script '/domains/pmglobal/error.php' not found or unable to stat
[Tue Feb 24 00:18:42.046733 2026] [php:error] [pid 21580] [client 45.67.97.44:0] script '/domains/pmglobal/wp-files.php' not found or unable to stat
[Tue Feb 24 00:18:42.418489 2026] [php:error] [pid 21580] [client 45.67.97.44:0] script '/domains/pmglobal/functions.php' not found or unable to stat
[Tue Feb 24 00:18:44.277895 2026] [php:error] [pid 21580] [client 45.67.97.44:0] script '/domains/pmglobal/aks.php' not found or unable to stat
[Tue Feb 24 00:18:44.649446 2026] [php:error] [pid 21580] [client 45.67.97.44:0] script '/domains/pmglobal/litespeed.php' not found or unable to stat
[Tue Feb 24 00:18:45.763885 2026] [php:error] [pid 21580] [client 45.67.97.44:0] script '/domains/pmglobal/wpn.php' not found or unable to stat
[Tue Feb 24 00:18:53.265189 2026] [php:error] [pid 21567] [client 45.67.97.45:0] script '/domains/pmglobal/images/wp-aespa.php' not found or unable to stat
[Tue Feb 24 00:19:00.012116 2026] [php:error] [pid 21582] [client 45.67.97.45:0] script '/domains/pmglobal/Sanskrit.php' not found or unable to stat
[Tue Feb 24 00:19:00.387996 2026] [php:error] [pid 21582] [client 45.67.97.45:0] script '/domains/pmglobal/wp-fmfile.php' not found or unable to stat
[Tue Feb 24 00:19:02.018727 2026] [php:error] [pid 21582] [client 45.67.97.45:0] script '/domains/pmglobal/memberfuns.php' not found or unable to stat
[Tue Feb 24 00:19:02.404903 2026] [php:error] [pid 21582] [client 45.67.97.45:0] script '/domains/pmglobal/infos.php' not found or unable to stat
[Tue Feb 24 00:19:03.909890 2026] [php:error] [pid 21582] [client 45.67.97.45:0] script '/domains/pmglobal/options-writing.php' not found or unable to stat
[Tue Feb 24 00:19:04.284336 2026] [php:error] [pid 21582] [client 45.67.97.45:0] script '/domains/pmglobal/options-reading.php' not found or unable to stat
[Tue Feb 24 00:19:04.660985 2026] [php:error] [pid 21582] [client 45.67.97.45:0] script '/domains/pmglobal/wsad.php' not found or unable to stat
[Tue Feb 24 00:19:05.034676 2026] [php:error] [pid 21582] [client 45.67.97.45:0] script '/domains/pmglobal/nation.php' not found or unable to stat
[Tue Feb 24 00:19:06.910087 2026] [php:error] [pid 21582] [client 45.67.97.45:0] script '/domains/pmglobal/wp-atomx.php' not found or unable to stat
[Tue Feb 24 00:19:07.285321 2026] [php:error] [pid 21582] [client 45.67.97.45:0] script '/domains/pmglobal/admin-footer.php' not found or unable to stat
[Tue Feb 24 00:19:08.036849 2026] [php:error] [pid 21582] [client 45.67.97.45:0] script '/domains/pmglobal/XxX.php' not found or unable to stat
[Tue Feb 24 00:19:08.467519 2026] [php:error] [pid 21580] [client 20.210.89.170:0] script '/domains/tinatina/wp-trackback.php' not found or unable to stat
[Tue Feb 24 00:19:08.631457 2026] [php:error] [pid 21580] [client 20.210.89.170:0] script '/domains/tinatina/about.php' not found or unable to stat
[Tue Feb 24 00:19:08.795253 2026] [php:error] [pid 21580] [client 20.210.89.170:0] script '/domains/tinatina/file.php' not found or unable to stat
[Tue Feb 24 00:19:08.960307 2026] [php:error] [pid 21580] [client 20.210.89.170:0] script '/domains/tinatina/wp-good.php' not found or unable to stat
[Tue Feb 24 00:19:09.140071 2026] [php:error] [pid 21580] [client 20.210.89.170:0] script '/domains/tinatina/xmlrpc.php' not found or unable to stat
[Tue Feb 24 00:19:09.304044 2026] [php:error] [pid 21580] [client 20.210.89.170:0] script '/domains/tinatina/goods.php' not found or unable to stat
[Tue Feb 24 00:19:09.468788 2026] [php:error] [pid 21580] [client 20.210.89.170:0] script '/domains/tinatina/ioxi-o.php' not found or unable to stat
[Tue Feb 24 00:19:09.632783 2026] [php:error] [pid 21580] [client 20.210.89.170:0] script '/domains/tinatina/class-t.api.php' not found or unable to stat
[Tue Feb 24 00:19:09.797206 2026] [php:error] [pid 21580] [client 20.210.89.170:0] script '/domains/tinatina/admin.php' not found or unable to stat
[Tue Feb 24 00:19:09.961040 2026] [php:error] [pid 21580] [client 20.210.89.170:0] script '/domains/tinatina/sf.php' not found or unable to stat
[Tue Feb 24 00:19:10.125682 2026] [php:error] [pid 21580] [client 20.210.89.170:0] script '/domains/tinatina/rip.php' not found or unable to stat
[Tue Feb 24 00:19:10.289616 2026] [php:error] [pid 21580] [client 20.210.89.170:0] script '/domains/tinatina/autoload_classmap.php' not found or unable to stat
[Tue Feb 24 00:19:10.468437 2026] [php:error] [pid 21580] [client 20.210.89.170:0] script '/domains/tinatina/chosen.php' not found or unable to stat
[Tue Feb 24 00:19:10.632410 2026] [php:error] [pid 21580] [client 20.210.89.170:0] script '/domains/tinatina/classwithtostring.php' not found or unable to stat
[Tue Feb 24 00:19:10.796371 2026] [php:error] [pid 21580] [client 20.210.89.170:0] script '/domains/tinatina/defaults.php' not found or unable to stat
[Tue Feb 24 00:19:11.633070 2026] [php:error] [pid 21580] [client 20.210.89.170:0] script '/domains/tinatina/info.php' not found or unable to stat
[Tue Feb 24 00:19:12.548382 2026] [php:error] [pid 21582] [client 45.67.97.45:0] script '/domains/pmglobal/images/buy.php' not found or unable to stat
[Tue Feb 24 00:19:12.823581 2026] [php:error] [pid 21580] [client 20.210.89.170:0] script '/domains/tinatina/adminfuns.php' not found or unable to stat
[Tue Feb 24 00:19:18.811898 2026] [php:error] [pid 21582] [client 45.67.97.45:0] script '/domains/pmglobal/xex.php' not found or unable to stat
[Tue Feb 24 00:19:20.687016 2026] [php:error] [pid 21582] [client 45.67.97.45:0] script '/domains/pmglobal/wp-head.php' not found or unable to stat
[Tue Feb 24 00:19:21.809370 2026] [php:error] [pid 21582] [client 45.67.97.45:0] script '/domains/pmglobal/makeasmtp.php' not found or unable to stat
[Tue Feb 24 00:19:22.933793 2026] [php:error] [pid 21582] [client 45.67.97.45:0] script '/domains/pmglobal/images/bypass.php' not found or unable to stat
[Tue Feb 24 00:19:28.177768 2026] [php:error] [pid 21582] [client 45.67.97.45:0] script '/domains/pmglobal/click.php' not found or unable to stat
[Tue Feb 24 00:19:31.606036 2026] [php:error] [pid 21582] [client 45.67.97.45:0] script '/domains/pmglobal/wp-admin.php' not found or unable to stat
[Tue Feb 24 00:19:32.736213 2026] [php:error] [pid 21588] [client 74.248.144.152:0] script '/domains/drsuper/cwclass.php' not found or unable to stat
[Tue Feb 24 00:19:32.850132 2026] [php:error] [pid 21588] [client 74.248.144.152:0] script '/domains/drsuper/class-cc.php' not found or unable to stat
[Tue Feb 24 00:19:32.955950 2026] [php:error] [pid 21588] [client 74.248.144.152:0] script '/domains/drsuper/lite.php' not found or unable to stat
[Tue Feb 24 00:19:33.057131 2026] [php:error] [pid 21588] [client 74.248.144.152:0] script '/domains/drsuper/rrb.php' not found or unable to stat
[Tue Feb 24 00:19:33.114014 2026] [php:error] [pid 21582] [client 45.67.97.45:0] script '/domains/pmglobal/wp-editor.php' not found or unable to stat
[Tue Feb 24 00:19:33.158736 2026] [php:error] [pid 21588] [client 74.248.144.152:0] script '/domains/drsuper/mariju.php' not found or unable to stat
[Tue Feb 24 00:19:33.260053 2026] [php:error] [pid 21588] [client 74.248.144.152:0] script '/domains/drsuper/xenium4.php' not found or unable to stat
[Tue Feb 24 00:19:33.361250 2026] [php:error] [pid 21588] [client 74.248.144.152:0] script '/domains/drsuper/jsonq.php' not found or unable to stat
[Tue Feb 24 00:19:33.571938 2026] [php:error] [pid 21588] [client 74.248.144.152:0] script '/domains/drsuper/wp-fast.php' not found or unable to stat
[Tue Feb 24 00:19:33.673040 2026] [php:error] [pid 21588] [client 74.248.144.152:0] script '/domains/drsuper/yas.php' not found or unable to stat
[Tue Feb 24 00:19:34.239195 2026] [php:error] [pid 21589] [client 45.67.97.44:0] script '/domains/pmglobal/images/install.php' not found or unable to stat
[Tue Feb 24 00:19:34.990950 2026] [php:error] [pid 21589] [client 45.67.97.44:0] script '/domains/pmglobal/adminfusm.php' not found or unable to stat
[Tue Feb 24 00:19:36.493300 2026] [php:error] [pid 21589] [client 45.67.97.44:0] script '/domains/pmglobal/images/habhan.php' not found or unable to stat
[Tue Feb 24 00:19:39.876858 2026] [php:error] [pid 21589] [client 45.67.97.44:0] script '/domains/pmglobal/f35_SpaceTn.php' not found or unable to stat
[Tue Feb 24 00:19:44.006910 2026] [php:error] [pid 21589] [client 45.67.97.44:0] script '/domains/pmglobal/gm.php' not found or unable to stat
[Tue Feb 24 00:19:48.143684 2026] [php:error] [pid 21589] [client 45.67.97.44:0] script '/domains/pmglobal/plugin-install.php' not found or unable to stat
[Tue Feb 24 00:19:50.181145 2026] [php:error] [pid 21599] [client 141.98.11.23:0] script '/domains/agribiz/wp-login.php' not found or unable to stat
[Tue Feb 24 00:19:53.028609 2026] [php:error] [pid 21589] [client 45.67.97.44:0] script '/domains/pmglobal/images/mah.php' not found or unable to stat
[Tue Feb 24 00:19:57.156295 2026] [php:error] [pid 21589] [client 45.67.97.44:0] script '/domains/pmglobal/b.php' not found or unable to stat
[Tue Feb 24 00:19:59.405026 2026] [php:error] [pid 21589] [client 45.67.97.44:0] script '/domains/pmglobal/wsax.php' not found or unable to stat
[Tue Feb 24 00:19:59.743445 2026] [php:error] [pid 21608] [client 4.196.161.14:0] script '/domains/fbardin/wp-trackback.php' not found or unable to stat
[Tue Feb 24 00:19:59.945972 2026] [php:error] [pid 21608] [client 4.196.161.14:0] script '/domains/fbardin/about.php' not found or unable to stat
[Tue Feb 24 00:20:00.148949 2026] [php:error] [pid 21608] [client 4.196.161.14:0] script '/domains/fbardin/file.php' not found or unable to stat
[Tue Feb 24 00:20:00.352470 2026] [php:error] [pid 21608] [client 4.196.161.14:0] script '/domains/fbardin/wp-good.php' not found or unable to stat
[Tue Feb 24 00:20:00.554741 2026] [php:error] [pid 21608] [client 4.196.161.14:0] script '/domains/fbardin/xmlrpc.php' not found or unable to stat
[Tue Feb 24 00:20:00.757478 2026] [php:error] [pid 21608] [client 4.196.161.14:0] script '/domains/fbardin/goods.php' not found or unable to stat
[Tue Feb 24 00:20:00.987712 2026] [php:error] [pid 21608] [client 4.196.161.14:0] script '/domains/fbardin/ioxi-o.php' not found or unable to stat
[Tue Feb 24 00:20:01.201029 2026] [php:error] [pid 21608] [client 4.196.161.14:0] script '/domains/fbardin/class-t.api.php' not found or unable to stat
[Tue Feb 24 00:20:01.403330 2026] [php:error] [pid 21608] [client 4.196.161.14:0] script '/domains/fbardin/admin.php' not found or unable to stat
[Tue Feb 24 00:20:01.606263 2026] [php:error] [pid 21608] [client 4.196.161.14:0] script '/domains/fbardin/sf.php' not found or unable to stat
[Tue Feb 24 00:20:01.809172 2026] [php:error] [pid 21608] [client 4.196.161.14:0] script '/domains/fbardin/rip.php' not found or unable to stat
[Tue Feb 24 00:20:02.011601 2026] [php:error] [pid 21608] [client 4.196.161.14:0] script '/domains/fbardin/autoload_classmap.php' not found or unable to stat
[Tue Feb 24 00:20:02.214013 2026] [php:error] [pid 21608] [client 4.196.161.14:0] script '/domains/fbardin/chosen.php' not found or unable to stat
[Tue Feb 24 00:20:02.417103 2026] [php:error] [pid 21608] [client 4.196.161.14:0] script '/domains/fbardin/classwithtostring.php' not found or unable to stat
[Tue Feb 24 00:20:02.619670 2026] [php:error] [pid 21608] [client 4.196.161.14:0] script '/domains/fbardin/defaults.php' not found or unable to stat
[Tue Feb 24 00:20:03.632648 2026] [php:error] [pid 21608] [client 4.196.161.14:0] script '/domains/fbardin/info.php' not found or unable to stat
[Tue Feb 24 00:20:05.089245 2026] [php:error] [pid 21608] [client 4.196.161.14:0] script '/domains/fbardin/adminfuns.php' not found or unable to stat
[Tue Feb 24 00:20:06.045021 2026] [php:error] [pid 21589] [client 45.67.97.44:0] script '/domains/pmglobal/images/Marvins.php' not found or unable to stat
[Tue Feb 24 00:20:14.306335 2026] [php:error] [pid 21589] [client 45.67.97.44:0] script '/domains/pmglobal/bs1.php' not found or unable to stat
[Tue Feb 24 00:20:15.429639 2026] [php:error] [pid 21589] [client 45.67.97.44:0] script '/domains/pmglobal/page.php' not found or unable to stat
[Tue Feb 24 00:20:21.419022 2026] [php:error] [pid 21604] [client 45.67.97.44:0] script '/domains/pmglobal/images/autoload_classmap.php' not found or unable to stat
[Tue Feb 24 00:20:24.011071 2026] [php:error] [pid 21604] [client 45.67.97.44:0] script '/domains/pmglobal/ws.php' not found or unable to stat
[Tue Feb 24 00:20:25.123160 2026] [php:error] [pid 21604] [client 45.67.97.44:0] script '/domains/pmglobal/shop.php' not found or unable to stat
[Tue Feb 24 00:20:27.722898 2026] [php:error] [pid 21604] [client 45.67.97.44:0] script '/domains/pmglobal/wp-api.php' not found or unable to stat
[Tue Feb 24 00:20:28.464475 2026] [php:error] [pid 21604] [client 45.67.97.44:0] script '/domains/pmglobal/css.php' not found or unable to stat
[Tue Feb 24 00:20:30.683708 2026] [php:error] [pid 21604] [client 45.67.97.44:0] script '/domains/pmglobal/wp-error_log.php' not found or unable to stat
[Tue Feb 24 00:20:37.175820 2026] [php:error] [pid 21604] [client 45.67.97.44:0] script '/domains/pmglobal/files.php' not found or unable to stat
[Tue Feb 24 00:20:40.874464 2026] [php:error] [pid 21604] [client 45.67.97.44:0] script '/domains/pmglobal/blog.php' not found or unable to stat
[Tue Feb 24 00:20:42.351347 2026] [php:error] [pid 21604] [client 45.67.97.44:0] script '/domains/pmglobal/images/av.php' not found or unable to stat
[Tue Feb 24 00:20:43.828111 2026] [php:error] [pid 21604] [client 45.67.97.44:0] script '/domains/pmglobal/elp.php' not found or unable to stat
[Tue Feb 24 00:20:47.153942 2026] [php:error] [pid 21604] [client 45.67.97.44:0] script '/domains/pmglobal/entrepreneuse.php' not found or unable to stat
[Tue Feb 24 00:20:51.984411 2026] [php:error] [pid 21604] [client 45.67.97.44:0] script '/domains/pmglobal/testt.php' not found or unable to stat
[Tue Feb 24 00:20:54.568580 2026] [php:error] [pid 21604] [client 45.67.97.44:0] script '/domains/pmglobal/network.php' not found or unable to stat
[Tue Feb 24 00:20:55.674535 2026] [php:error] [pid 21604] [client 45.67.97.44:0] script '/domains/pmglobal/wikindex.php' not found or unable to stat
[Tue Feb 24 00:20:58.807525 2026] [php:error] [pid 21613] [client 20.78.129.228:0] script '/domains/wsmith.enteract/inputs.php' not found or unable to stat
[Tue Feb 24 00:20:58.976052 2026] [php:error] [pid 21613] [client 20.78.129.228:0] script '/domains/wsmith.enteract/ioxi-o.php' not found or unable to stat
