[Tue Feb 24 01:29:44.289891 2026] [php:error] [pid 22573] [client 20.92.234.66:0] script '/domains/fbardin/class-t.api.php' not found or unable to stat
[Tue Feb 24 01:29:44.489374 2026] [php:error] [pid 22573] [client 20.92.234.66:0] script '/domains/fbardin/sf.php' not found or unable to stat
[Tue Feb 24 01:29:44.688908 2026] [php:error] [pid 22573] [client 20.92.234.66:0] script '/domains/fbardin/kbfr.php' not found or unable to stat
[Tue Feb 24 01:29:44.834510 2026] [php:error] [pid 22594] [client 20.205.3.49:0] script '/domains/system_default/403.php' not found or unable to stat
[Tue Feb 24 01:29:44.888669 2026] [php:error] [pid 22573] [client 20.92.234.66:0] script '/domains/fbardin/autoload_classmap.php' not found or unable to stat
[Tue Feb 24 01:29:45.096774 2026] [php:error] [pid 22573] [client 20.92.234.66:0] script '/domains/fbardin/chosen.php' not found or unable to stat
[Tue Feb 24 01:29:45.240532 2026] [php:error] [pid 22594] [client 20.205.3.49:0] script '/domains/system_default/wso.php' not found or unable to stat
[Tue Feb 24 01:29:45.296170 2026] [php:error] [pid 22573] [client 20.92.234.66:0] script '/domains/fbardin/classwithtostring.php' not found or unable to stat
[Tue Feb 24 01:29:45.446686 2026] [php:error] [pid 22594] [client 20.205.3.49:0] script '/domains/system_default/wp-cron.php' not found or unable to stat
[Tue Feb 24 01:29:45.495807 2026] [php:error] [pid 22573] [client 20.92.234.66:0] script '/domains/fbardin/defaults.php' not found or unable to stat
[Tue Feb 24 01:29:45.650199 2026] [php:error] [pid 22594] [client 20.205.3.49:0] script '/domains/system_default/autoload_classmap.php' not found or unable to stat
[Tue Feb 24 01:29:45.853714 2026] [php:error] [pid 22594] [client 20.205.3.49:0] script '/domains/system_default/inputs.php' not found or unable to stat
[Tue Feb 24 01:29:46.095350 2026] [php:error] [pid 22573] [client 20.92.234.66:0] script '/domains/fbardin/info.php' not found or unable to stat
[Tue Feb 24 01:29:46.464582 2026] [php:error] [pid 22594] [client 20.205.3.49:0] script '/domains/system_default/zwso.php' not found or unable to stat
[Tue Feb 24 01:29:46.669771 2026] [php:error] [pid 22594] [client 20.205.3.49:0] script '/domains/system_default/bolt.php' not found or unable to stat
[Tue Feb 24 01:29:47.079056 2026] [php:error] [pid 22594] [client 20.205.3.49:0] script '/domains/system_default/autoload_classmap.php' not found or unable to stat
[Tue Feb 24 01:29:47.282677 2026] [php:error] [pid 22594] [client 20.205.3.49:0] script '/domains/system_default/gdn.php' not found or unable to stat
[Tue Feb 24 01:29:47.696804 2026] [php:error] [pid 22594] [client 20.205.3.49:0] script '/domains/system_default/lala.php' not found or unable to stat
[Tue Feb 24 01:29:47.913040 2026] [php:error] [pid 22594] [client 20.205.3.49:0] script '/domains/system_default/bnn_.php' not found or unable to stat
[Tue Feb 24 01:29:52.519649 2026] [php:error] [pid 22588] [client 20.238.121.35:0] script '/domains/system_suspended/cwclass.php' not found or unable to stat
[Tue Feb 24 01:29:52.594626 2026] [php:error] [pid 22588] [client 20.238.121.35:0] script '/domains/system_suspended/class-cc.php' not found or unable to stat
[Tue Feb 24 01:29:52.672186 2026] [php:error] [pid 22588] [client 20.238.121.35:0] script '/domains/system_suspended/lite.php' not found or unable to stat
[Tue Feb 24 01:29:52.746604 2026] [php:error] [pid 22588] [client 20.238.121.35:0] script '/domains/system_suspended/rrb.php' not found or unable to stat
[Tue Feb 24 01:29:52.821266 2026] [php:error] [pid 22588] [client 20.238.121.35:0] script '/domains/system_suspended/mariju.php' not found or unable to stat
[Tue Feb 24 01:29:52.895653 2026] [php:error] [pid 22588] [client 20.238.121.35:0] script '/domains/system_suspended/xenium4.php' not found or unable to stat
[Tue Feb 24 01:29:52.980550 2026] [php:error] [pid 22588] [client 20.238.121.35:0] script '/domains/system_suspended/jsonq.php' not found or unable to stat
[Tue Feb 24 01:29:53.386116 2026] [php:error] [pid 22588] [client 20.238.121.35:0] script '/domains/system_suspended/wp-fast.php' not found or unable to stat
[Tue Feb 24 01:29:53.465526 2026] [php:error] [pid 22588] [client 20.238.121.35:0] script '/domains/system_suspended/yas.php' not found or unable to stat
[Tue Feb 24 01:30:23.828295 2026] [php:error] [pid 22590] [client 34.14.58.241:0] script '/domains/conservation1/install.php' not found or unable to stat
[Tue Feb 24 01:30:35.430930 2026] [php:error] [pid 22609] [client 52.237.113.170:0] script '/domains/rnachum/wp-trackback.php' not found or unable to stat
[Tue Feb 24 01:30:35.659730 2026] [php:error] [pid 22609] [client 52.237.113.170:0] script '/domains/rnachum/about.php' not found or unable to stat
[Tue Feb 24 01:30:35.887515 2026] [php:error] [pid 22609] [client 52.237.113.170:0] script '/domains/rnachum/file.php' not found or unable to stat
[Tue Feb 24 01:30:36.114647 2026] [php:error] [pid 22609] [client 52.237.113.170:0] script '/domains/rnachum/wp-good.php' not found or unable to stat
[Tue Feb 24 01:30:36.342109 2026] [php:error] [pid 22609] [client 52.237.113.170:0] script '/domains/rnachum/xmlrpc.php' not found or unable to stat
[Tue Feb 24 01:30:36.587724 2026] [php:error] [pid 22609] [client 52.237.113.170:0] script '/domains/rnachum/goods.php' not found or unable to stat
[Tue Feb 24 01:30:36.825489 2026] [php:error] [pid 22609] [client 52.237.113.170:0] script '/domains/rnachum/ioxi-o.php' not found or unable to stat
[Tue Feb 24 01:30:37.053616 2026] [php:error] [pid 22609] [client 52.237.113.170:0] script '/domains/rnachum/class-t.api.php' not found or unable to stat
[Tue Feb 24 01:30:37.281329 2026] [php:error] [pid 22609] [client 52.237.113.170:0] script '/domains/rnachum/admin.php' not found or unable to stat
[Tue Feb 24 01:30:37.509318 2026] [php:error] [pid 22609] [client 52.237.113.170:0] script '/domains/rnachum/sf.php' not found or unable to stat
[Tue Feb 24 01:30:37.764300 2026] [php:error] [pid 22609] [client 52.237.113.170:0] script '/domains/rnachum/rip.php' not found or unable to stat
[Tue Feb 24 01:30:37.993306 2026] [php:error] [pid 22609] [client 52.237.113.170:0] script '/domains/rnachum/autoload_classmap.php' not found or unable to stat
[Tue Feb 24 01:30:38.220680 2026] [php:error] [pid 22609] [client 52.237.113.170:0] script '/domains/rnachum/chosen.php' not found or unable to stat
[Tue Feb 24 01:30:38.452439 2026] [php:error] [pid 22609] [client 52.237.113.170:0] script '/domains/rnachum/classwithtostring.php' not found or unable to stat
[Tue Feb 24 01:30:38.679961 2026] [php:error] [pid 22609] [client 52.237.113.170:0] script '/domains/rnachum/defaults.php' not found or unable to stat
[Tue Feb 24 01:30:39.847035 2026] [php:error] [pid 22609] [client 52.237.113.170:0] script '/domains/rnachum/info.php' not found or unable to stat
[Tue Feb 24 01:30:41.440132 2026] [php:error] [pid 22609] [client 52.237.113.170:0] script '/domains/rnachum/adminfuns.php' not found or unable to stat
[Tue Feb 24 01:30:57.619106 2026] [php:error] [pid 22612] [client 20.189.202.58:0] script '/domains/fairlane1/wp-trackback.php' not found or unable to stat
[Tue Feb 24 01:30:57.787698 2026] [php:error] [pid 22612] [client 20.189.202.58:0] script '/domains/fairlane1/about.php' not found or unable to stat
[Tue Feb 24 01:30:57.956019 2026] [php:error] [pid 22612] [client 20.189.202.58:0] script '/domains/fairlane1/file.php' not found or unable to stat
[Tue Feb 24 01:30:58.139225 2026] [php:error] [pid 22612] [client 20.189.202.58:0] script '/domains/fairlane1/wp-good.php' not found or unable to stat
[Tue Feb 24 01:30:58.307600 2026] [php:error] [pid 22612] [client 20.189.202.58:0] script '/domains/fairlane1/xmlrpc.php' not found or unable to stat
[Tue Feb 24 01:30:58.475804 2026] [php:error] [pid 22612] [client 20.189.202.58:0] script '/domains/fairlane1/goods.php' not found or unable to stat
[Tue Feb 24 01:30:58.644177 2026] [php:error] [pid 22612] [client 20.189.202.58:0] script '/domains/fairlane1/ioxi-o.php' not found or unable to stat
[Tue Feb 24 01:30:58.813833 2026] [php:error] [pid 22612] [client 20.189.202.58:0] script '/domains/fairlane1/class-t.api.php' not found or unable to stat
[Tue Feb 24 01:30:59.003648 2026] [php:error] [pid 22612] [client 20.189.202.58:0] script '/domains/fairlane1/admin.php' not found or unable to stat
[Tue Feb 24 01:30:59.187837 2026] [php:error] [pid 22612] [client 20.189.202.58:0] script '/domains/fairlane1/sf.php' not found or unable to stat
[Tue Feb 24 01:30:59.359587 2026] [php:error] [pid 22612] [client 20.189.202.58:0] script '/domains/fairlane1/rip.php' not found or unable to stat
[Tue Feb 24 01:30:59.528215 2026] [php:error] [pid 22612] [client 20.189.202.58:0] script '/domains/fairlane1/autoload_classmap.php' not found or unable to stat
[Tue Feb 24 01:30:59.696609 2026] [php:error] [pid 22612] [client 20.189.202.58:0] script '/domains/fairlane1/chosen.php' not found or unable to stat
[Tue Feb 24 01:30:59.883992 2026] [php:error] [pid 22612] [client 20.189.202.58:0] script '/domains/fairlane1/classwithtostring.php' not found or unable to stat
[Tue Feb 24 01:31:00.053767 2026] [php:error] [pid 22612] [client 20.189.202.58:0] script '/domains/fairlane1/defaults.php' not found or unable to stat
[Tue Feb 24 01:31:00.914646 2026] [php:error] [pid 22612] [client 20.189.202.58:0] script '/domains/fairlane1/info.php' not found or unable to stat
[Tue Feb 24 01:31:02.132236 2026] [php:error] [pid 22612] [client 20.189.202.58:0] script '/domains/fairlane1/adminfuns.php' not found or unable to stat
[Tue Feb 24 01:31:18.656988 2026] [php:error] [pid 22617] [client 40.69.66.178:0] script '/domains/tmandel/cwclass.php' not found or unable to stat
[Tue Feb 24 01:31:18.731479 2026] [php:error] [pid 22617] [client 40.69.66.178:0] script '/domains/tmandel/class-cc.php' not found or unable to stat
[Tue Feb 24 01:31:18.805929 2026] [php:error] [pid 22617] [client 40.69.66.178:0] script '/domains/tmandel/lite.php' not found or unable to stat
[Tue Feb 24 01:31:18.880190 2026] [php:error] [pid 22617] [client 40.69.66.178:0] script '/domains/tmandel/rrb.php' not found or unable to stat
[Tue Feb 24 01:31:18.954471 2026] [php:error] [pid 22617] [client 40.69.66.178:0] script '/domains/tmandel/mariju.php' not found or unable to stat
[Tue Feb 24 01:31:19.029098 2026] [php:error] [pid 22617] [client 40.69.66.178:0] script '/domains/tmandel/xenium4.php' not found or unable to stat
[Tue Feb 24 01:31:19.103433 2026] [php:error] [pid 22617] [client 40.69.66.178:0] script '/domains/tmandel/jsonq.php' not found or unable to stat
[Tue Feb 24 01:31:19.252659 2026] [php:error] [pid 22617] [client 40.69.66.178:0] script '/domains/tmandel/wp-fast.php' not found or unable to stat
[Tue Feb 24 01:31:19.327144 2026] [php:error] [pid 22617] [client 40.69.66.178:0] script '/domains/tmandel/yas.php' not found or unable to stat
[Tue Feb 24 01:31:42.617267 2026] [php:error] [pid 22613] [client 159.89.160.121:0] script '/domains/proinc/wp-login.php' not found or unable to stat
[Tue Feb 24 01:33:12.945779 2026] [php:error] [pid 22643] [client 123.20.148.142:0] script '/domains/wsmith.enteract/etc.php' not found or unable to stat
[Tue Feb 24 01:33:32.901741 2026] [php:error] [pid 22652] [client 52.172.248.2:0] script '/domains/highlandlabs/166.php' not found or unable to stat
[Tue Feb 24 01:33:33.176817 2026] [php:error] [pid 22652] [client 52.172.248.2:0] script '/domains/highlandlabs/2026.php' not found or unable to stat
[Tue Feb 24 01:33:33.384321 2026] [php:error] [pid 22652] [client 52.172.248.2:0] script '/domains/highlandlabs/muzu.php' not found or unable to stat
[Tue Feb 24 01:33:33.835128 2026] [php:error] [pid 22652] [client 52.172.248.2:0] script '/domains/highlandlabs/reze.php' not found or unable to stat
[Tue Feb 24 01:33:34.043246 2026] [php:error] [pid 22652] [client 52.172.248.2:0] script '/domains/highlandlabs/jsond.php' not found or unable to stat
[Tue Feb 24 01:33:34.250527 2026] [php:error] [pid 22652] [client 52.172.248.2:0] script '/domains/highlandlabs/x7.php' not found or unable to stat
[Tue Feb 24 01:33:34.461096 2026] [php:error] [pid 22652] [client 52.172.248.2:0] script '/domains/highlandlabs/bgymj.php' not found or unable to stat
[Tue Feb 24 01:33:34.671943 2026] [php:error] [pid 22652] [client 52.172.248.2:0] script '/domains/highlandlabs/lala.php' not found or unable to stat
[Tue Feb 24 01:33:34.891897 2026] [php:error] [pid 22652] [client 52.172.248.2:0] script '/domains/highlandlabs/8xyz.php' not found or unable to stat
[Tue Feb 24 01:33:35.099286 2026] [php:error] [pid 22652] [client 52.172.248.2:0] script '/domains/highlandlabs/wsd.php' not found or unable to stat
[Tue Feb 24 01:33:35.545873 2026] [php:error] [pid 22652] [client 52.172.248.2:0] script '/domains/highlandlabs/la.php' not found or unable to stat
[Tue Feb 24 01:33:35.763941 2026] [php:error] [pid 22652] [client 52.172.248.2:0] script '/domains/highlandlabs/Wp-good.php' not found or unable to stat
[Tue Feb 24 01:33:35.989872 2026] [php:error] [pid 22652] [client 52.172.248.2:0] script '/domains/highlandlabs/tphp.php' not found or unable to stat
[Tue Feb 24 01:33:36.197884 2026] [php:error] [pid 22652] [client 52.172.248.2:0] script '/domains/highlandlabs/a1.php' not found or unable to stat
[Tue Feb 24 01:33:36.426351 2026] [php:error] [pid 22652] [client 52.172.248.2:0] script '/domains/highlandlabs/nyan.php' not found or unable to stat
[Tue Feb 24 01:33:36.638984 2026] [php:error] [pid 22652] [client 52.172.248.2:0] script '/domains/highlandlabs/autoload_classmap.php' not found or unable to stat
[Tue Feb 24 01:33:36.847788 2026] [php:error] [pid 22652] [client 52.172.248.2:0] script '/domains/highlandlabs/alfa.php' not found or unable to stat
[Tue Feb 24 01:33:37.297697 2026] [php:error] [pid 22652] [client 52.172.248.2:0] script '/domains/highlandlabs/luxe.php' not found or unable to stat
[Tue Feb 24 01:33:37.714698 2026] [php:error] [pid 22652] [client 52.172.248.2:0] script '/domains/highlandlabs/rezor.php' not found or unable to stat
[Tue Feb 24 01:33:37.922346 2026] [php:error] [pid 22652] [client 52.172.248.2:0] script '/domains/highlandlabs/doc.php' not found or unable to stat
[Tue Feb 24 01:33:38.602763 2026] [php:error] [pid 22652] [client 52.172.248.2:0] script '/domains/highlandlabs/install.php' not found or unable to stat
[Tue Feb 24 01:33:39.032040 2026] [php:error] [pid 22652] [client 52.172.248.2:0] script '/domains/highlandlabs/sto.php' not found or unable to stat
[Tue Feb 24 01:33:39.239994 2026] [php:error] [pid 22652] [client 52.172.248.2:0] script '/domains/highlandlabs/x.php' not found or unable to stat
[Tue Feb 24 01:33:39.447373 2026] [php:error] [pid 22652] [client 52.172.248.2:0] script '/domains/highlandlabs/test.php' not found or unable to stat
[Tue Feb 24 01:33:39.885152 2026] [php:error] [pid 22652] [client 52.172.248.2:0] script '/domains/highlandlabs/n3.php' not found or unable to stat
[Tue Feb 24 01:33:40.300235 2026] [php:error] [pid 22652] [client 52.172.248.2:0] script '/domains/highlandlabs/o.php' not found or unable to stat
[Tue Feb 24 01:33:40.809025 2026] [php:error] [pid 22652] [client 52.172.248.2:0] script '/domains/highlandlabs/class-t.api.php' not found or unable to stat
[Tue Feb 24 01:33:41.251811 2026] [php:error] [pid 22652] [client 52.172.248.2:0] script '/domains/highlandlabs/wp.php' not found or unable to stat
[Tue Feb 24 01:33:41.896003 2026] [php:error] [pid 22652] [client 52.172.248.2:0] script '/domains/highlandlabs/h.php' not found or unable to stat
[Tue Feb 24 01:33:42.313418 2026] [php:error] [pid 22652] [client 52.172.248.2:0] script '/domains/highlandlabs/wrt.php' not found or unable to stat
[Tue Feb 24 01:33:42.940270 2026] [php:error] [pid 22652] [client 52.172.248.2:0] script '/domains/highlandlabs/images/c99.php' not found or unable to stat
[Tue Feb 24 01:33:43.148447 2026] [php:error] [pid 22652] [client 52.172.248.2:0] script '/domains/highlandlabs/png.php' not found or unable to stat
[Tue Feb 24 01:33:43.574959 2026] [php:error] [pid 22652] [client 52.172.248.2:0] script '/domains/highlandlabs/zwso.php' not found or unable to stat
[Tue Feb 24 01:33:44.440493 2026] [php:error] [pid 22652] [client 52.172.248.2:0] script '/domains/highlandlabs/ton.php' not found or unable to stat
[Tue Feb 24 01:33:44.658385 2026] [php:error] [pid 22652] [client 52.172.248.2:0] script '/domains/highlandlabs/wso.php' not found or unable to stat
[Tue Feb 24 01:33:44.709121 2026] [php:error] [pid 22641] [client 13.74.146.113:0] script '/domains/nostrada/cwclass.php' not found or unable to stat
[Tue Feb 24 01:33:44.781704 2026] [php:error] [pid 22641] [client 13.74.146.113:0] script '/domains/nostrada/class-cc.php' not found or unable to stat
[Tue Feb 24 01:33:44.854500 2026] [php:error] [pid 22641] [client 13.74.146.113:0] script '/domains/nostrada/lite.php' not found or unable to stat
[Tue Feb 24 01:33:44.926960 2026] [php:error] [pid 22641] [client 13.74.146.113:0] script '/domains/nostrada/rrb.php' not found or unable to stat
[Tue Feb 24 01:33:44.999470 2026] [php:error] [pid 22641] [client 13.74.146.113:0] script '/domains/nostrada/mariju.php' not found or unable to stat
[Tue Feb 24 01:33:45.072120 2026] [php:error] [pid 22641] [client 13.74.146.113:0] script '/domains/nostrada/xenium4.php' not found or unable to stat
[Tue Feb 24 01:33:45.123443 2026] [php:error] [pid 22652] [client 52.172.248.2:0] script '/domains/highlandlabs/a2.php' not found or unable to stat
[Tue Feb 24 01:33:45.144622 2026] [php:error] [pid 22641] [client 13.74.146.113:0] script '/domains/nostrada/jsonq.php' not found or unable to stat
[Tue Feb 24 01:33:45.289665 2026] [php:error] [pid 22641] [client 13.74.146.113:0] script '/domains/nostrada/wp-fast.php' not found or unable to stat
[Tue Feb 24 01:33:45.330638 2026] [php:error] [pid 22652] [client 52.172.248.2:0] script '/domains/highlandlabs/shell.php' not found or unable to stat
[Tue Feb 24 01:33:45.361997 2026] [php:error] [pid 22641] [client 13.74.146.113:0] script '/domains/nostrada/yas.php' not found or unable to stat
[Tue Feb 24 01:33:45.744969 2026] [php:error] [pid 22652] [client 52.172.248.2:0] script '/domains/highlandlabs/sxo.php' not found or unable to stat
[Tue Feb 24 01:33:46.416422 2026] [php:error] [pid 22652] [client 52.172.248.2:0] script '/domains/highlandlabs/mans.php' not found or unable to stat
[Tue Feb 24 01:33:46.637379 2026] [php:error] [pid 22652] [client 52.172.248.2:0] script '/domains/highlandlabs/dropdown.php' not found or unable to stat
[Tue Feb 24 01:33:47.052104 2026] [php:error] [pid 22652] [client 52.172.248.2:0] script '/domains/highlandlabs/ze.php' not found or unable to stat
[Tue Feb 24 01:33:47.260714 2026] [php:error] [pid 22652] [client 52.172.248.2:0] script '/domains/highlandlabs/geck.php' not found or unable to stat
[Tue Feb 24 01:33:47.468052 2026] [php:error] [pid 22652] [client 52.172.248.2:0] script '/domains/highlandlabs/menu.php' not found or unable to stat
[Tue Feb 24 01:33:48.099284 2026] [php:error] [pid 22652] [client 52.172.248.2:0] script '/domains/highlandlabs/flower.php' not found or unable to stat
[Tue Feb 24 01:33:48.323123 2026] [php:error] [pid 22652] [client 52.172.248.2:0] script '/domains/highlandlabs/ftp.php' not found or unable to stat
[Tue Feb 24 01:33:48.544956 2026] [php:error] [pid 22652] [client 52.172.248.2:0] script '/domains/highlandlabs/mds.php' not found or unable to stat
[Tue Feb 24 01:33:48.774149 2026] [php:error] [pid 22652] [client 52.172.248.2:0] script '/domains/highlandlabs/ahax.php' not found or unable to stat
[Tue Feb 24 01:33:49.201277 2026] [php:error] [pid 22652] [client 52.172.248.2:0] script '/domains/highlandlabs/cool.php' not found or unable to stat
[Tue Feb 24 01:33:49.409213 2026] [php:error] [pid 22652] [client 52.172.248.2:0] script '/domains/highlandlabs/gm.php' not found or unable to stat
[Tue Feb 24 01:33:49.619694 2026] [php:error] [pid 22652] [client 52.172.248.2:0] script '/domains/highlandlabs/simple.php' not found or unable to stat
[Tue Feb 24 01:33:49.855360 2026] [php:error] [pid 22652] [client 52.172.248.2:0] script '/domains/highlandlabs/elp.php' not found or unable to stat
[Tue Feb 24 01:33:50.063130 2026] [php:error] [pid 22652] [client 52.172.248.2:0] script '/domains/highlandlabs/bolt.php' not found or unable to stat
[Tue Feb 24 01:33:50.478361 2026] [php:error] [pid 22652] [client 52.172.248.2:0] script '/domains/highlandlabs/inputs.php' not found or unable to stat
[Tue Feb 24 01:33:50.898708 2026] [php:error] [pid 22652] [client 52.172.248.2:0] script '/domains/highlandlabs/system.php' not found or unable to stat
[Tue Feb 24 01:33:51.736938 2026] [php:error] [pid 22652] [client 52.172.248.2:0] script '/domains/highlandlabs/an.php' not found or unable to stat
[Tue Feb 24 01:33:51.950573 2026] [php:error] [pid 22652] [client 52.172.248.2:0] script '/domains/highlandlabs/w.php' not found or unable to stat
[Tue Feb 24 01:33:52.165018 2026] [php:error] [pid 22652] [client 52.172.248.2:0] script '/domains/highlandlabs/gmo.php' not found or unable to stat
[Tue Feb 24 01:33:52.383199 2026] [php:error] [pid 22652] [client 52.172.248.2:0] script '/domains/highlandlabs/gib.php' not found or unable to stat
[Tue Feb 24 01:33:52.603023 2026] [php:error] [pid 22652] [client 52.172.248.2:0] script '/domains/highlandlabs/wp-miiss.php.php' not found or unable to stat
[Tue Feb 24 01:33:53.022404 2026] [php:error] [pid 22652] [client 52.172.248.2:0] script '/domains/highlandlabs/moon.php' not found or unable to stat
[Tue Feb 24 01:33:53.230199 2026] [php:error] [pid 22652] [client 52.172.248.2:0] script '/domains/highlandlabs/filesss.php' not found or unable to stat
[Tue Feb 24 01:33:53.437867 2026] [php:error] [pid 22652] [client 52.172.248.2:0] script '/domains/highlandlabs/hey.php' not found or unable to stat
[Tue Feb 24 01:33:53.854249 2026] [php:error] [pid 22652] [client 52.172.248.2:0] script '/domains/highlandlabs/1337.php' not found or unable to stat
[Tue Feb 24 01:33:54.062064 2026] [php:error] [pid 22652] [client 52.172.248.2:0] script '/domains/highlandlabs/buy.php' not found or unable to stat
[Tue Feb 24 01:33:54.477058 2026] [php:error] [pid 22652] [client 52.172.248.2:0] script '/domains/highlandlabs/m.php' not found or unable to stat
[Tue Feb 24 01:33:54.917314 2026] [php:error] [pid 22658] [client 52.172.248.2:0] script '/domains/highlandlabs/wp-is.php' not found or unable to stat
[Tue Feb 24 01:33:55.114769 2026] [php:error] [pid 22658] [client 52.172.248.2:0] script '/domains/highlandlabs/jmfi2.php' not found or unable to stat
[Tue Feb 24 01:33:55.512360 2026] [php:error] [pid 22658] [client 52.172.248.2:0] script '/domains/highlandlabs/bnn_.php' not found or unable to stat
[Tue Feb 24 01:33:55.908506 2026] [php:error] [pid 22658] [client 52.172.248.2:0] script '/domains/highlandlabs/hzz.php' not found or unable to stat
[Tue Feb 24 01:33:56.106089 2026] [php:error] [pid 22658] [client 52.172.248.2:0] script '/domains/highlandlabs/shell20211028.php' not found or unable to stat
[Tue Feb 24 01:33:56.304279 2026] [php:error] [pid 22658] [client 52.172.248.2:0] script '/domains/highlandlabs/content.php' not found or unable to stat
[Tue Feb 24 01:33:56.699380 2026] [php:error] [pid 22658] [client 52.172.248.2:0] script '/domains/highlandlabs/ps.php' not found or unable to stat
[Tue Feb 24 01:33:57.293229 2026] [php:error] [pid 22658] [client 52.172.248.2:0] script '/domains/highlandlabs/cache.php' not found or unable to stat
[Tue Feb 24 01:33:57.495855 2026] [php:error] [pid 22658] [client 52.172.248.2:0] script '/domains/highlandlabs/ss.php' not found or unable to stat
[Tue Feb 24 01:33:57.693411 2026] [php:error] [pid 22658] [client 52.172.248.2:0] script '/domains/highlandlabs/p.php' not found or unable to stat
[Tue Feb 24 01:33:58.100504 2026] [php:error] [pid 22658] [client 52.172.248.2:0] script '/domains/highlandlabs/user.php' not found or unable to stat
[Tue Feb 24 01:33:58.691077 2026] [php:error] [pid 22658] [client 52.172.248.2:0] script '/domains/highlandlabs/wp.php' not found or unable to stat
[Tue Feb 24 01:33:58.889221 2026] [php:error] [pid 22658] [client 52.172.248.2:0] script '/domains/highlandlabs/rip.php' not found or unable to stat
[Tue Feb 24 01:33:59.087434 2026] [php:error] [pid 22658] [client 52.172.248.2:0] script '/domains/highlandlabs/wp4.php' not found or unable to stat
[Tue Feb 24 01:33:59.284621 2026] [php:error] [pid 22658] [client 52.172.248.2:0] script '/domains/highlandlabs/403.php' not found or unable to stat
[Tue Feb 24 01:33:59.679945 2026] [php:error] [pid 22658] [client 52.172.248.2:0] script '/domains/highlandlabs/asd67.php' not found or unable to stat
[Tue Feb 24 01:34:00.093706 2026] [php:error] [pid 22658] [client 52.172.248.2:0] script '/domains/highlandlabs/oivcl.php' not found or unable to stat
[Tue Feb 24 01:34:00.294182 2026] [php:error] [pid 22658] [client 52.172.248.2:0] script '/domains/highlandlabs/about.php' not found or unable to stat
[Tue Feb 24 01:34:00.690177 2026] [php:error] [pid 22658] [client 52.172.248.2:0] script '/domains/highlandlabs/v2.php' not found or unable to stat
[Tue Feb 24 01:34:01.479066 2026] [php:error] [pid 22658] [client 52.172.248.2:0] script '/domains/highlandlabs/dr.php' not found or unable to stat
[Tue Feb 24 01:34:01.702405 2026] [php:error] [pid 22658] [client 52.172.248.2:0] script '/domains/highlandlabs/raw.php' not found or unable to stat
[Tue Feb 24 01:34:02.300584 2026] [php:error] [pid 22658] [client 52.172.248.2:0] script '/domains/highlandlabs/ioxi-o2.php' not found or unable to stat
[Tue Feb 24 01:34:02.512706 2026] [php:error] [pid 22658] [client 52.172.248.2:0] script '/domains/highlandlabs/dropdown.php' not found or unable to stat
[Tue Feb 24 01:34:02.713774 2026] [php:error] [pid 22658] [client 52.172.248.2:0] script '/domains/highlandlabs/dlu.php' not found or unable to stat
[Tue Feb 24 01:34:03.148102 2026] [php:error] [pid 22658] [client 52.172.248.2:0] script '/domains/highlandlabs/db.php' not found or unable to stat
[Tue Feb 24 01:34:03.345691 2026] [php:error] [pid 22658] [client 52.172.248.2:0] script '/domains/highlandlabs/packed.php' not found or unable to stat
[Tue Feb 24 01:34:03.555460 2026] [php:error] [pid 22658] [client 52.172.248.2:0] script '/domains/highlandlabs/wp-configs.php' not found or unable to stat
[Tue Feb 24 01:34:03.753262 2026] [php:error] [pid 22658] [client 52.172.248.2:0] script '/domains/highlandlabs/404.php' not found or unable to stat
[Tue Feb 24 01:34:03.951078 2026] [php:error] [pid 22658] [client 52.172.248.2:0] script '/domains/highlandlabs/des.php' not found or unable to stat
[Tue Feb 24 01:34:04.350902 2026] [php:error] [pid 22658] [client 52.172.248.2:0] script '/domains/highlandlabs/lufix.php' not found or unable to stat
[Tue Feb 24 01:34:22.526214 2026] [php:error] [pid 22658] [client 4.232.89.175:0] script '/domains/koenig.interport/cwclass.php' not found or unable to stat
[Tue Feb 24 01:34:22.616649 2026] [php:error] [pid 22658] [client 4.232.89.175:0] script '/domains/koenig.interport/class-cc.php' not found or unable to stat
[Tue Feb 24 01:34:22.712060 2026] [php:error] [pid 22658] [client 4.232.89.175:0] script '/domains/koenig.interport/lite.php' not found or unable to stat
[Tue Feb 24 01:34:22.802859 2026] [php:error] [pid 22658] [client 4.232.89.175:0] script '/domains/koenig.interport/rrb.php' not found or unable to stat
[Tue Feb 24 01:34:22.898653 2026] [php:error] [pid 22658] [client 4.232.89.175:0] script '/domains/koenig.interport/mariju.php' not found or unable to stat
[Tue Feb 24 01:34:22.989264 2026] [php:error] [pid 22658] [client 4.232.89.175:0] script '/domains/koenig.interport/xenium4.php' not found or unable to stat
[Tue Feb 24 01:34:23.082835 2026] [php:error] [pid 22658] [client 4.232.89.175:0] script '/domains/koenig.interport/jsonq.php' not found or unable to stat
[Tue Feb 24 01:34:23.268415 2026] [php:error] [pid 22658] [client 4.232.89.175:0] script '/domains/koenig.interport/wp-fast.php' not found or unable to stat
[Tue Feb 24 01:34:23.359102 2026] [php:error] [pid 22658] [client 4.232.89.175:0] script '/domains/koenig.interport/yas.php' not found or unable to stat
[Tue Feb 24 01:34:39.408920 2026] [php:error] [pid 22665] [client 20.107.198.51:0] script '/domains/ecernstelectric/bypltspd.php' not found or unable to stat
[Tue Feb 24 01:34:39.505461 2026] [php:error] [pid 22665] [client 20.107.198.51:0] script '/domains/ecernstelectric/1wx.php' not found or unable to stat
[Tue Feb 24 01:34:39.601924 2026] [php:error] [pid 22665] [client 20.107.198.51:0] script '/domains/ecernstelectric/x123.php' not found or unable to stat
[Tue Feb 24 01:34:41.598200 2026] [php:error] [pid 22668] [client 45.66.211.168:0] script '/domains/wsmith.enteract/wp-login.php' not found or unable to stat
[Tue Feb 24 01:34:51.608051 2026] [php:error] [pid 22665] [client 20.107.198.51:0] script '/domains/ecernstelectric/CQJxSx.php' not found or unable to stat
[Tue Feb 24 01:34:51.704444 2026] [php:error] [pid 22665] [client 20.107.198.51:0] script '/domains/ecernstelectric/confq.php' not found or unable to stat
[Tue Feb 24 01:34:51.803754 2026] [php:error] [pid 22665] [client 20.107.198.51:0] script '/domains/ecernstelectric/fakp.php' not found or unable to stat
[Tue Feb 24 01:34:51.901412 2026] [php:error] [pid 22665] [client 20.107.198.51:0] script '/domains/ecernstelectric/ay.php' not found or unable to stat
[Tue Feb 24 01:34:51.998093 2026] [php:error] [pid 22665] [client 20.107.198.51:0] script '/domains/ecernstelectric/cu.php' not found or unable to stat
[Tue Feb 24 01:34:52.094365 2026] [php:error] [pid 22665] [client 20.107.198.51:0] script '/domains/ecernstelectric/wsomn.php' not found or unable to stat
[Tue Feb 24 01:34:52.191481 2026] [php:error] [pid 22665] [client 20.107.198.51:0] script '/domains/ecernstelectric/yas.php' not found or unable to stat
[Tue Feb 24 01:34:52.383979 2026] [php:error] [pid 22665] [client 20.107.198.51:0] script '/domains/ecernstelectric/vpw.php' not found or unable to stat
[Tue Feb 24 01:34:52.480107 2026] [php:error] [pid 22665] [client 20.107.198.51:0] script '/domains/ecernstelectric/xex.php' not found or unable to stat
/bin/sh: /usr/public/bin/counter.cgi: not found
[Tue Feb 24 01:35:04.357025 2026] [php:error] [pid 22668] [client 20.107.198.51:0] script '/domains/ecernstelectric/sfcl.php' not found or unable to stat
[Tue Feb 24 01:35:05.014265 2026] [php:error] [pid 22669] [client 45.66.211.168:0] script '/domains/wsmith.enteract/wp-login.php' not found or unable to stat
[Tue Feb 24 01:35:05.436223 2026] [php:error] [pid 22675] [client 20.24.197.43:0] script '/domains/trodine/wp-trackback.php' not found or unable to stat
[Tue Feb 24 01:35:05.654570 2026] [php:error] [pid 22675] [client 20.24.197.43:0] script '/domains/trodine/about.php' not found or unable to stat
[Tue Feb 24 01:35:05.861164 2026] [php:error] [pid 22675] [client 20.24.197.43:0] script '/domains/trodine/file.php' not found or unable to stat
[Tue Feb 24 01:35:06.074786 2026] [php:error] [pid 22675] [client 20.24.197.43:0] script '/domains/trodine/wp-good.php' not found or unable to stat
[Tue Feb 24 01:35:06.145920 2026] [php:error] [pid 22652] [client 213.130.78.109:0] script '/domains/schellin/xmlrpc.php' not found or unable to stat
[Tue Feb 24 01:35:06.304819 2026] [php:error] [pid 22675] [client 20.24.197.43:0] script '/domains/trodine/xmlrpc.php' not found or unable to stat
[Tue Feb 24 01:35:06.547853 2026] [php:error] [pid 22675] [client 20.24.197.43:0] script '/domains/trodine/ioxi-o.php' not found or unable to stat
[Tue Feb 24 01:35:06.786700 2026] [php:error] [pid 22675] [client 20.24.197.43:0] script '/domains/trodine/class-t.api.php' not found or unable to stat
[Tue Feb 24 01:35:06.997593 2026] [php:error] [pid 22675] [client 20.24.197.43:0] script '/domains/trodine/admin.php' not found or unable to stat
[Tue Feb 24 01:35:07.231695 2026] [php:error] [pid 22675] [client 20.24.197.43:0] script '/domains/trodine/sf.php' not found or unable to stat
[Tue Feb 24 01:35:07.437709 2026] [php:error] [pid 22675] [client 20.24.197.43:0] script '/domains/trodine/rip.php' not found or unable to stat
[Tue Feb 24 01:35:07.666516 2026] [php:error] [pid 22675] [client 20.24.197.43:0] script '/domains/trodine/autoload_classmap.php' not found or unable to stat
[Tue Feb 24 01:35:07.872635 2026] [php:error] [pid 22675] [client 20.24.197.43:0] script '/domains/trodine/chosen.php' not found or unable to stat
[Tue Feb 24 01:35:08.079315 2026] [php:error] [pid 22675] [client 20.24.197.43:0] script '/domains/trodine/classwithtostring.php' not found or unable to stat
[Tue Feb 24 01:35:08.285441 2026] [php:error] [pid 22675] [client 20.24.197.43:0] script '/domains/trodine/defaults.php' not found or unable to stat
[Tue Feb 24 01:35:09.408554 2026] [php:error] [pid 22675] [client 20.24.197.43:0] script '/domains/trodine/info.php' not found or unable to stat
[Tue Feb 24 01:35:10.961945 2026] [php:error] [pid 22675] [client 20.24.197.43:0] script '/domains/trodine/adminfuns.php' not found or unable to stat
[Tue Feb 24 01:35:12.955852 2026] [php:error] [pid 22675] [client 20.24.197.43:0] script '/domains/trodine/WSO.php' not found or unable to stat
[Tue Feb 24 01:35:13.161891 2026] [php:error] [pid 22675] [client 20.24.197.43:0] script '/domains/trodine/a.php' not found or unable to stat
[Tue Feb 24 01:35:13.367901 2026] [php:error] [pid 22675] [client 20.24.197.43:0] script '/domains/trodine/aa.php' not found or unable to stat
[Tue Feb 24 01:35:13.575362 2026] [php:error] [pid 22675] [client 20.24.197.43:0] script '/domains/trodine/aaa.php' not found or unable to stat
[Tue Feb 24 01:35:13.781449 2026] [php:error] [pid 22675] [client 20.24.197.43:0] script '/domains/trodine/ab.php' not found or unable to stat
[Tue Feb 24 01:35:13.987551 2026] [php:error] [pid 22675] [client 20.24.197.43:0] script '/domains/trodine/lock360.php' not found or unable to stat
[Tue Feb 24 01:35:14.401755 2026] [php:error] [pid 22675] [client 20.24.197.43:0] script '/domains/trodine/file5.php' not found or unable to stat
[Tue Feb 24 01:35:14.607778 2026] [php:error] [pid 22675] [client 20.24.197.43:0] script '/domains/trodine/sitemaps.php' not found or unable to stat
[Tue Feb 24 01:35:14.813742 2026] [php:error] [pid 22675] [client 20.24.197.43:0] script '/domains/trodine/load.php' not found or unable to stat
[Tue Feb 24 01:35:15.019851 2026] [php:error] [pid 22675] [client 20.24.197.43:0] script '/domains/trodine/k.php' not found or unable to stat
[Tue Feb 24 01:35:15.225964 2026] [php:error] [pid 22675] [client 20.24.197.43:0] script '/domains/trodine/post.php' not found or unable to stat
[Tue Feb 24 01:35:15.431999 2026] [php:error] [pid 22675] [client 20.24.197.43:0] script '/domains/trodine/1.php' not found or unable to stat
[Tue Feb 24 01:35:15.638945 2026] [php:error] [pid 22675] [client 20.24.197.43:0] script '/domains/trodine/flower.php' not found or unable to stat
[Tue Feb 24 01:35:15.845051 2026] [php:error] [pid 22675] [client 20.24.197.43:0] script '/domains/trodine/default.php' not found or unable to stat
[Tue Feb 24 01:35:16.051365 2026] [php:error] [pid 22675] [client 20.24.197.43:0] script '/domains/trodine/meta.php' not found or unable to stat
[Tue Feb 24 01:35:16.257306 2026] [php:error] [pid 22675] [client 20.24.197.43:0] script '/domains/trodine/index.php' not found or unable to stat
[Tue Feb 24 01:35:16.367631 2026] [php:error] [pid 22672] [client 20.107.198.51:0] script '/domains/ecernstelectric/xy.php' not found or unable to stat
[Tue Feb 24 01:35:16.462211 2026] [php:error] [pid 22672] [client 20.107.198.51:0] script '/domains/ecernstelectric/yklsy.php' not found or unable to stat
[Tue Feb 24 01:35:16.479653 2026] [php:error] [pid 22675] [client 20.24.197.43:0] script '/domains/trodine/yindu.php' not found or unable to stat
[Tue Feb 24 01:35:16.556269 2026] [php:error] [pid 22672] [client 20.107.198.51:0] script '/domains/ecernstelectric/zz.php' not found or unable to stat
[Tue Feb 24 01:35:16.650510 2026] [php:error] [pid 22672] [client 20.107.198.51:0] script '/domains/ecernstelectric/rx.php' not found or unable to stat
[Tue Feb 24 01:35:16.685462 2026] [php:error] [pid 22675] [client 20.24.197.43:0] script '/domains/trodine/randkeyword.php' not found or unable to stat
[Tue Feb 24 01:35:16.745706 2026] [php:error] [pid 22672] [client 20.107.198.51:0] script '/domains/ecernstelectric/sup.php' not found or unable to stat
[Tue Feb 24 01:35:16.840174 2026] [php:error] [pid 22672] [client 20.107.198.51:0] script '/domains/ecernstelectric/asc.php' not found or unable to stat
[Tue Feb 24 01:35:16.891730 2026] [php:error] [pid 22675] [client 20.24.197.43:0] script '/domains/trodine/goods.php' not found or unable to stat
[Tue Feb 24 01:35:16.934813 2026] [php:error] [pid 22672] [client 20.107.198.51:0] script '/domains/ecernstelectric/00xx.php' not found or unable to stat
[Tue Feb 24 01:35:17.032821 2026] [php:error] [pid 22672] [client 20.107.198.51:0] script '/domains/ecernstelectric/logs1.php' not found or unable to stat
[Tue Feb 24 01:35:17.110937 2026] [php:error] [pid 22675] [client 20.24.197.43:0] script '/domains/trodine/hehe.php' not found or unable to stat
[Tue Feb 24 01:35:17.127478 2026] [php:error] [pid 22672] [client 20.107.198.51:0] script '/domains/ecernstelectric/are.php' not found or unable to stat
[Tue Feb 24 01:35:17.223169 2026] [php:error] [pid 22672] [client 20.107.198.51:0] script '/domains/ecernstelectric/muzu.php' not found or unable to stat
[Tue Feb 24 01:35:17.317280 2026] [php:error] [pid 22675] [client 20.24.197.43:0] script '/domains/trodine/user.php' not found or unable to stat
[Tue Feb 24 01:35:17.317724 2026] [php:error] [pid 22672] [client 20.107.198.51:0] script '/domains/ecernstelectric/class3.php' not found or unable to stat
[Tue Feb 24 01:35:17.412802 2026] [php:error] [pid 22672] [client 20.107.198.51:0] script '/domains/ecernstelectric/n3.php' not found or unable to stat
[Tue Feb 24 01:35:17.524540 2026] [php:error] [pid 22675] [client 20.24.197.43:0] script '/domains/trodine/wp-2019.php' not found or unable to stat
[Tue Feb 24 01:35:17.752695 2026] [php:error] [pid 22675] [client 20.24.197.43:0] script '/domains/trodine/chosen.php' not found or unable to stat
[Tue Feb 24 01:35:17.959087 2026] [php:error] [pid 22675] [client 20.24.197.43:0] script '/domains/trodine/functions.php' not found or unable to stat
[Tue Feb 24 01:35:18.165214 2026] [php:error] [pid 22675] [client 20.24.197.43:0] script '/domains/trodine/cron.php' not found or unable to stat
[Tue Feb 24 01:35:18.372683 2026] [php:error] [pid 22675] [client 20.24.197.43:0] script '/domains/trodine/edit.php' not found or unable to stat
[Tue Feb 24 01:35:18.583704 2026] [php:error] [pid 22675] [client 20.24.197.43:0] script '/domains/trodine/gecko-new.php' not found or unable to stat
[Tue Feb 24 01:35:18.818444 2026] [php:error] [pid 22675] [client 20.24.197.43:0] script '/domains/trodine/cookie.php' not found or unable to stat
[Tue Feb 24 01:35:19.025443 2026] [php:error] [pid 22675] [client 20.24.197.43:0] script '/domains/trodine/xleet.php' not found or unable to stat
[Tue Feb 24 01:35:19.232458 2026] [php:error] [pid 22675] [client 20.24.197.43:0] script '/domains/trodine/spip.php' not found or unable to stat
[Tue Feb 24 01:35:19.455423 2026] [php:error] [pid 22675] [client 20.24.197.43:0] script '/domains/trodine/22.php' not found or unable to stat
[Tue Feb 24 01:35:19.661611 2026] [php:error] [pid 22675] [client 20.24.197.43:0] script '/domains/trodine/room.php' not found or unable to stat
[Tue Feb 24 01:35:19.871120 2026] [php:error] [pid 22675] [client 20.24.197.43:0] script '/domains/trodine/disagreed.php' not found or unable to stat
[Tue Feb 24 01:35:20.077572 2026] [php:error] [pid 22675] [client 20.24.197.43:0] script '/domains/trodine/text.php' not found or unable to stat
[Tue Feb 24 01:35:20.283882 2026] [php:error] [pid 22675] [client 20.24.197.43:0] script '/domains/trodine/alfa-rex.php' not found or unable to stat
[Tue Feb 24 01:35:20.696208 2026] [php:error] [pid 22675] [client 20.24.197.43:0] script '/domains/trodine/feeds.php' not found or unable to stat
[Tue Feb 24 01:35:20.903906 2026] [php:error] [pid 22675] [client 20.24.197.43:0] script '/domains/trodine/radio.php' not found or unable to stat
[Tue Feb 24 01:35:21.111262 2026] [php:error] [pid 22675] [client 20.24.197.43:0] script '/domains/trodine/dropdown.php' not found or unable to stat
[Tue Feb 24 01:35:21.334192 2026] [php:error] [pid 22675] [client 20.24.197.43:0] script '/domains/trodine/system.php' not found or unable to stat
[Tue Feb 24 01:35:21.768145 2026] [php:error] [pid 22675] [client 20.24.197.43:0] script '/domains/trodine/colors.php' not found or unable to stat
[Tue Feb 24 01:35:21.987500 2026] [php:error] [pid 22675] [client 20.24.197.43:0] script '/domains/trodine/updates.php' not found or unable to stat
[Tue Feb 24 01:35:22.193549 2026] [php:error] [pid 22675] [client 20.24.197.43:0] script '/domains/trodine/alfa-rex1.php' not found or unable to stat
[Tue Feb 24 01:35:22.408323 2026] [php:error] [pid 22675] [client 20.24.197.43:0] script '/domains/trodine/wp-index.php' not found or unable to stat
[Tue Feb 24 01:35:22.640942 2026] [php:error] [pid 22675] [client 20.24.197.43:0] script '/domains/trodine/wp-admin.php' not found or unable to stat
[Tue Feb 24 01:35:22.767168 2026] [php:error] [pid 22684] [client 20.92.234.66:0] script '/domains/amisol/inputs.php' not found or unable to stat
[Tue Feb 24 01:35:22.872688 2026] [php:error] [pid 22675] [client 20.24.197.43:0] script '/domains/trodine/alfa.php' not found or unable to stat
[Tue Feb 24 01:35:22.970226 2026] [php:error] [pid 22684] [client 20.92.234.66:0] script '/domains/amisol/ioxi-o.php' not found or unable to stat
[Tue Feb 24 01:35:23.325522 2026] [php:error] [pid 22675] [client 20.24.197.43:0] script '/domains/trodine/locale.php' not found or unable to stat
[Tue Feb 24 01:35:23.377773 2026] [php:error] [pid 22684] [client 20.92.234.66:0] script '/domains/amisol/rip.php' not found or unable to stat
[Tue Feb 24 01:35:23.567374 2026] [php:error] [pid 22675] [client 20.24.197.43:0] script '/domains/trodine/wxo.php' not found or unable to stat
[Tue Feb 24 01:35:23.596651 2026] [php:error] [pid 22684] [client 20.92.234.66:0] script '/domains/amisol/admin.php' not found or unable to stat
[Tue Feb 24 01:35:23.773704 2026] [php:error] [pid 22675] [client 20.24.197.43:0] script '/domains/trodine/colour.php' not found or unable to stat
[Tue Feb 24 01:35:23.979606 2026] [php:error] [pid 22675] [client 20.24.197.43:0] script '/domains/trodine/files.php' not found or unable to stat
[Tue Feb 24 01:35:24.002587 2026] [php:error] [pid 22684] [client 20.92.234.66:0] script '/domains/amisol/cache.php' not found or unable to stat
[Tue Feb 24 01:35:24.205791 2026] [php:error] [pid 22684] [client 20.92.234.66:0] script '/domains/amisol/themes.php' not found or unable to stat
[Tue Feb 24 01:35:24.208195 2026] [php:error] [pid 22675] [client 20.24.197.43:0] script '/domains/trodine/install.php' not found or unable to stat
[Tue Feb 24 01:35:24.409308 2026] [php:error] [pid 22684] [client 20.92.234.66:0] script '/domains/amisol/an.php' not found or unable to stat
[Tue Feb 24 01:35:24.414079 2026] [php:error] [pid 22675] [client 20.24.197.43:0] script '/domains/trodine/wp-contentt.php' not found or unable to stat
[Tue Feb 24 01:35:24.826651 2026] [php:error] [pid 22675] [client 20.24.197.43:0] script '/domains/trodine/config.php' not found or unable to stat
[Tue Feb 24 01:35:25.033764 2026] [php:error] [pid 22675] [client 20.24.197.43:0] script '/domains/trodine/theme.php' not found or unable to stat
[Tue Feb 24 01:35:25.047108 2026] [php:error] [pid 22684] [client 20.92.234.66:0] script '/domains/amisol/ws.php' not found or unable to stat
[Tue Feb 24 01:35:25.239484 2026] [php:error] [pid 22675] [client 20.24.197.43:0] script '/domains/trodine/block-bindings.php' not found or unable to stat
[Tue Feb 24 01:35:25.250370 2026] [php:error] [pid 22684] [client 20.92.234.66:0] script '/domains/amisol/404.php' not found or unable to stat
[Tue Feb 24 01:35:25.445927 2026] [php:error] [pid 22675] [client 20.24.197.43:0] script '/domains/trodine/class_api.php' not found or unable to stat
[Tue Feb 24 01:35:25.651793 2026] [php:error] [pid 22675] [client 20.24.197.43:0] script '/domains/trodine/inputs.php' not found or unable to stat
[Tue Feb 24 01:35:25.656364 2026] [php:error] [pid 22684] [client 20.92.234.66:0] script '/domains/amisol/wp-conf.php' not found or unable to stat
[Tue Feb 24 01:35:25.859279 2026] [php:error] [pid 22675] [client 20.24.197.43:0] script '/domains/trodine/root.php' not found or unable to stat
[Tue Feb 24 01:35:26.066750 2026] [php:error] [pid 22675] [client 20.24.197.43:0] script '/domains/trodine/menu.php' not found or unable to stat
[Tue Feb 24 01:35:26.076637 2026] [php:error] [pid 22684] [client 20.92.234.66:0] script '/domains/amisol/wp-login.php' not found or unable to stat
[Tue Feb 24 01:35:26.280951 2026] [php:error] [pid 22684] [client 20.92.234.66:0] script '/domains/amisol/abc.php' not found or unable to stat
[Tue Feb 24 01:35:26.321133 2026] [php:error] [pid 22675] [client 20.24.197.43:0] script '/domains/trodine/plugin.php' not found or unable to stat
[Tue Feb 24 01:35:26.484970 2026] [php:error] [pid 22684] [client 20.92.234.66:0] script '/domains/amisol/abcd.php' not found or unable to stat
[Tue Feb 24 01:35:26.668095 2026] [php:error] [pid 22675] [client 20.24.197.43:0] script '/domains/trodine/cloud.php' not found or unable to stat
[Tue Feb 24 01:35:26.750501 2026] [php:error] [pid 22684] [client 20.92.234.66:0] script '/domains/amisol/as.php' not found or unable to stat
[Tue Feb 24 01:35:26.875596 2026] [php:error] [pid 22675] [client 20.24.197.43:0] script '/domains/trodine/configs.php' not found or unable to stat
[Tue Feb 24 01:35:26.953592 2026] [php:error] [pid 22684] [client 20.92.234.66:0] script '/domains/amisol/wp-trackback.php' not found or unable to stat
[Tue Feb 24 01:35:27.082137 2026] [php:error] [pid 22675] [client 20.24.197.43:0] script '/domains/trodine/wp-configs.php' not found or unable to stat
[Tue Feb 24 01:35:27.191748 2026] [php:error] [pid 22684] [client 20.92.234.66:0] script '/domains/amisol/about.php' not found or unable to stat
[Tue Feb 24 01:35:27.395365 2026] [php:error] [pid 22684] [client 20.92.234.66:0] script '/domains/amisol/file.php' not found or unable to stat
[Tue Feb 24 01:35:27.600529 2026] [php:error] [pid 22684] [client 20.92.234.66:0] script '/domains/amisol/adminfuns.php' not found or unable to stat
[Tue Feb 24 01:35:27.708737 2026] [php:error] [pid 22672] [client 20.24.197.43:0] script '/domains/trodine/update.php' not found or unable to stat
[Tue Feb 24 01:35:27.805450 2026] [php:error] [pid 22684] [client 20.92.234.66:0] script '/domains/amisol/wp-good.php' not found or unable to stat
[Tue Feb 24 01:35:27.920060 2026] [php:error] [pid 22672] [client 20.24.197.43:0] script '/domains/trodine/2.php' not found or unable to stat
[Tue Feb 24 01:35:28.009854 2026] [php:error] [pid 22684] [client 20.92.234.66:0] script '/domains/amisol/xmlrpc.php' not found or unable to stat
[Tue Feb 24 01:35:28.130418 2026] [php:error] [pid 22672] [client 20.24.197.43:0] script '/domains/trodine/input.php' not found or unable to stat
[Tue Feb 24 01:35:28.214143 2026] [php:error] [pid 22684] [client 20.92.234.66:0] script '/domains/amisol/goods.php' not found or unable to stat
[Tue Feb 24 01:35:28.417904 2026] [php:error] [pid 22684] [client 20.92.234.66:0] script '/domains/amisol/class-t.api.php' not found or unable to stat
[Tue Feb 24 01:35:28.621601 2026] [php:error] [pid 22684] [client 20.92.234.66:0] script '/domains/amisol/sf.php' not found or unable to stat
[Tue Feb 24 01:35:28.829257 2026] [php:error] [pid 22684] [client 20.92.234.66:0] script '/domains/amisol/kbfr.php' not found or unable to stat
[Tue Feb 24 01:35:29.033852 2026] [php:error] [pid 22684] [client 20.92.234.66:0] script '/domains/amisol/autoload_classmap.php' not found or unable to stat
[Tue Feb 24 01:35:29.237276 2026] [php:error] [pid 22684] [client 20.92.234.66:0] script '/domains/amisol/chosen.php' not found or unable to stat
[Tue Feb 24 01:35:29.455687 2026] [php:error] [pid 22684] [client 20.92.234.66:0] script '/domains/amisol/classwithtostring.php' not found or unable to stat
[Tue Feb 24 01:35:29.660042 2026] [php:error] [pid 22684] [client 20.92.234.66:0] script '/domains/amisol/defaults.php' not found or unable to stat
[Tue Feb 24 01:35:30.270426 2026] [php:error] [pid 22684] [client 20.92.234.66:0] script '/domains/amisol/info.php' not found or unable to stat
[Tue Feb 24 01:35:35.053793 2026] [php:error] [pid 22681] [client 20.197.25.32:0] script '/domains/acagolf1/1.php' not found or unable to stat
[Tue Feb 24 01:35:35.264311 2026] [php:error] [pid 22681] [client 20.197.25.32:0] script '/domains/acagolf1/404.php' not found or unable to stat
[Tue Feb 24 01:35:35.576471 2026] [php:error] [pid 22681] [client 20.197.25.32:0] script '/domains/acagolf1/inputs.php' not found or unable to stat
[Tue Feb 24 01:35:35.787190 2026] [php:error] [pid 22681] [client 20.197.25.32:0] script '/domains/acagolf1/admin.php' not found or unable to stat
[Tue Feb 24 01:35:35.997522 2026] [php:error] [pid 22681] [client 20.197.25.32:0] script '/domains/acagolf1/0x.php' not found or unable to stat
[Tue Feb 24 01:35:36.426308 2026] [php:error] [pid 22681] [client 20.197.25.32:0] script '/domains/acagolf1/autoload_classmap.php' not found or unable to stat
[Tue Feb 24 01:35:36.845634 2026] [php:error] [pid 22681] [client 20.197.25.32:0] script '/domains/acagolf1/simple.php' not found or unable to stat
[Tue Feb 24 01:35:37.066530 2026] [php:error] [pid 22681] [client 20.197.25.32:0] script '/domains/acagolf1/info.php' not found or unable to stat
