[Tue Feb 24 00:41:00.724413 2026] [php:error] [pid 21895] [client 4.193.204.169:0] script '/domains/nealis/fi.php' not found or unable to stat
[Tue Feb 24 00:41:00.738947 2026] [php:error] [pid 21884] [client 51.120.79.113:0] script '/domains/agribiz/global.php' not found or unable to stat
[Tue Feb 24 00:41:00.832639 2026] [php:error] [pid 21884] [client 51.120.79.113:0] script '/domains/agribiz/ioxi.php' not found or unable to stat
[Tue Feb 24 00:41:00.926555 2026] [php:error] [pid 21884] [client 51.120.79.113:0] script '/domains/agribiz/logs1.php' not found or unable to stat
[Tue Feb 24 00:41:00.959241 2026] [php:error] [pid 21895] [client 4.193.204.169:0] script '/domains/nealis/muzu.php' not found or unable to stat
[Tue Feb 24 00:41:01.020597 2026] [php:error] [pid 21884] [client 51.120.79.113:0] script '/domains/agribiz/erty.php' not found or unable to stat
[Tue Feb 24 00:41:01.114061 2026] [php:error] [pid 21884] [client 51.120.79.113:0] script '/domains/agribiz/inputs.php' not found or unable to stat
[Tue Feb 24 00:41:01.189739 2026] [php:error] [pid 21895] [client 4.193.204.169:0] script '/domains/nealis/reze.php' not found or unable to stat
[Tue Feb 24 00:41:01.207618 2026] [php:error] [pid 21884] [client 51.120.79.113:0] script '/domains/agribiz/Jcrop.php' not found or unable to stat
[Tue Feb 24 00:41:01.301693 2026] [php:error] [pid 21884] [client 51.120.79.113:0] script '/domains/agribiz/balin.php' not found or unable to stat
[Tue Feb 24 00:41:01.395770 2026] [php:error] [pid 21884] [client 51.120.79.113:0] script '/domains/agribiz/atomlib.php' not found or unable to stat
[Tue Feb 24 00:41:01.420266 2026] [php:error] [pid 21895] [client 4.193.204.169:0] script '/domains/nealis/styll.php' not found or unable to stat
[Tue Feb 24 00:41:01.490337 2026] [php:error] [pid 21884] [client 51.120.79.113:0] script '/domains/agribiz/gk.php' not found or unable to stat
[Tue Feb 24 00:41:01.584829 2026] [php:error] [pid 21884] [client 51.120.79.113:0] script '/domains/agribiz/wp-act.php' not found or unable to stat
[Tue Feb 24 00:41:01.650604 2026] [php:error] [pid 21895] [client 4.193.204.169:0] script '/domains/nealis/x7.php' not found or unable to stat
[Tue Feb 24 00:41:01.678993 2026] [php:error] [pid 21884] [client 51.120.79.113:0] script '/domains/agribiz/tool.php' not found or unable to stat
[Tue Feb 24 00:41:01.772856 2026] [php:error] [pid 21884] [client 51.120.79.113:0] script '/domains/agribiz/mcs.php' not found or unable to stat
[Tue Feb 24 00:41:01.799952 2026] [php:error] [pid 21886] [client 98.159.226.86:0] script '/domains/larrysr/images/wp-aespa.php' not found or unable to stat
[Tue Feb 24 00:41:01.867269 2026] [php:error] [pid 21884] [client 51.120.79.113:0] script '/domains/agribiz/motu.php' not found or unable to stat
[Tue Feb 24 00:41:01.882198 2026] [php:error] [pid 21895] [client 4.193.204.169:0] script '/domains/nealis/thebe.php' not found or unable to stat
[Tue Feb 24 00:41:01.961346 2026] [php:error] [pid 21884] [client 51.120.79.113:0] script '/domains/agribiz/easy.php' not found or unable to stat
[Tue Feb 24 00:41:02.055710 2026] [php:error] [pid 21884] [client 51.120.79.113:0] script '/domains/agribiz/ava.php' not found or unable to stat
[Tue Feb 24 00:41:02.122981 2026] [php:error] [pid 21895] [client 4.193.204.169:0] script '/domains/nealis/ddd.php' not found or unable to stat
[Tue Feb 24 00:41:02.149501 2026] [php:error] [pid 21884] [client 51.120.79.113:0] script '/domains/agribiz/s1.php' not found or unable to stat
[Tue Feb 24 00:41:02.244415 2026] [php:error] [pid 21884] [client 51.120.79.113:0] script '/domains/agribiz/baixy.php' not found or unable to stat
[Tue Feb 24 00:41:02.338358 2026] [php:error] [pid 21884] [client 51.120.79.113:0] script '/domains/agribiz/kbfr.php' not found or unable to stat
[Tue Feb 24 00:41:02.353488 2026] [php:error] [pid 21895] [client 4.193.204.169:0] script '/domains/nealis/bgymj.php' not found or unable to stat
[Tue Feb 24 00:41:02.432835 2026] [php:error] [pid 21884] [client 51.120.79.113:0] script '/domains/agribiz/Ov-Simple1.php' not found or unable to stat
[Tue Feb 24 00:41:02.526522 2026] [php:error] [pid 21884] [client 51.120.79.113:0] script '/domains/agribiz/ws58.php' not found or unable to stat
[Tue Feb 24 00:41:02.602168 2026] [php:error] [pid 21895] [client 4.193.204.169:0] script '/domains/nealis/ioxi.php' not found or unable to stat
[Tue Feb 24 00:41:02.620594 2026] [php:error] [pid 21884] [client 51.120.79.113:0] script '/domains/agribiz/edit.php' not found or unable to stat
[Tue Feb 24 00:41:02.714612 2026] [php:error] [pid 21884] [client 51.120.79.113:0] script '/domains/agribiz/xxw.php' not found or unable to stat
[Tue Feb 24 00:41:02.809722 2026] [php:error] [pid 21884] [client 51.120.79.113:0] script '/domains/agribiz/ws68.php' not found or unable to stat
[Tue Feb 24 00:41:02.832656 2026] [php:error] [pid 21895] [client 4.193.204.169:0] script '/domains/nealis/xpwer1.php' not found or unable to stat
[Tue Feb 24 00:41:02.903854 2026] [php:error] [pid 21884] [client 51.120.79.113:0] script '/domains/agribiz/xr.php' not found or unable to stat
[Tue Feb 24 00:41:02.997766 2026] [php:error] [pid 21884] [client 51.120.79.113:0] script '/domains/agribiz/tfm.php' not found or unable to stat
[Tue Feb 24 00:41:03.063781 2026] [php:error] [pid 21895] [client 4.193.204.169:0] script '/domains/nealis/lala.php' not found or unable to stat
[Tue Feb 24 00:41:03.092384 2026] [php:error] [pid 21884] [client 51.120.79.113:0] script '/domains/agribiz/wp-link10.php' not found or unable to stat
[Tue Feb 24 00:41:03.190213 2026] [php:error] [pid 21884] [client 51.120.79.113:0] script '/domains/agribiz/galer.php' not found or unable to stat
[Tue Feb 24 00:41:03.284518 2026] [php:error] [pid 21884] [client 51.120.79.113:0] script '/domains/agribiz/export.php' not found or unable to stat
[Tue Feb 24 00:41:03.298080 2026] [php:error] [pid 21895] [client 4.193.204.169:0] script '/domains/nealis/about.php' not found or unable to stat
[Tue Feb 24 00:41:03.378165 2026] [php:error] [pid 21884] [client 51.120.79.113:0] script '/domains/agribiz/abc.php' not found or unable to stat
[Tue Feb 24 00:41:03.472184 2026] [php:error] [pid 21884] [client 51.120.79.113:0] script '/domains/agribiz/eursi.php' not found or unable to stat
[Tue Feb 24 00:41:03.576651 2026] [php:error] [pid 21884] [client 51.120.79.113:0] script '/domains/agribiz/t00l.php' not found or unable to stat
[Tue Feb 24 00:41:03.670344 2026] [php:error] [pid 21884] [client 51.120.79.113:0] script '/domains/agribiz/ccu.php' not found or unable to stat
[Tue Feb 24 00:41:03.764006 2026] [php:error] [pid 21884] [client 51.120.79.113:0] script '/domains/agribiz/lkui.php' not found or unable to stat
[Tue Feb 24 00:41:03.857677 2026] [php:error] [pid 21884] [client 51.120.79.113:0] script '/domains/agribiz/zoo.php' not found or unable to stat
[Tue Feb 24 00:41:03.951960 2026] [php:error] [pid 21884] [client 51.120.79.113:0] script '/domains/agribiz/fetch.php' not found or unable to stat
[Tue Feb 24 00:41:04.046718 2026] [php:error] [pid 21884] [client 51.120.79.113:0] script '/domains/agribiz/bzjdlofz.php' not found or unable to stat
[Tue Feb 24 00:41:04.140537 2026] [php:error] [pid 21884] [client 51.120.79.113:0] script '/domains/agribiz/sbhu.php' not found or unable to stat
[Tue Feb 24 00:41:04.234448 2026] [php:error] [pid 21884] [client 51.120.79.113:0] script '/domains/agribiz/8.php' not found or unable to stat
[Tue Feb 24 00:41:04.422756 2026] [php:error] [pid 21884] [client 51.120.79.113:0] script '/domains/agribiz/66.php' not found or unable to stat
[Tue Feb 24 00:41:04.517144 2026] [php:error] [pid 21884] [client 51.120.79.113:0] script '/domains/agribiz/term.php' not found or unable to stat
[Tue Feb 24 00:41:04.521492 2026] [php:error] [pid 21895] [client 4.193.204.169:0] script '/domains/nealis/info.php' not found or unable to stat
[Tue Feb 24 00:41:04.611026 2026] [php:error] [pid 21884] [client 51.120.79.113:0] script '/domains/agribiz/155.php' not found or unable to stat
[Tue Feb 24 00:41:04.705029 2026] [php:error] [pid 21884] [client 51.120.79.113:0] script '/domains/agribiz/6bcwiqwj.php' not found or unable to stat
[Tue Feb 24 00:41:04.751757 2026] [php:error] [pid 21895] [client 4.193.204.169:0] script '/domains/nealis/about.php' not found or unable to stat
[Tue Feb 24 00:41:04.798899 2026] [php:error] [pid 21884] [client 51.120.79.113:0] script '/domains/agribiz/166.php' not found or unable to stat
[Tue Feb 24 00:41:04.893169 2026] [php:error] [pid 21884] [client 51.120.79.113:0] script '/domains/agribiz/0x19493QU8ZQ.php' not found or unable to stat
[Tue Feb 24 00:41:04.940961 2026] [php:error] [pid 21900] [client 98.159.226.88:0] script '/domains/larrysr/Sanskrit.php' not found or unable to stat
[Tue Feb 24 00:41:04.986840 2026] [php:error] [pid 21884] [client 51.120.79.113:0] script '/domains/agribiz/ws65.php' not found or unable to stat
[Tue Feb 24 00:41:05.081059 2026] [php:error] [pid 21884] [client 51.120.79.113:0] script '/domains/agribiz/nZILpby53HV.php' not found or unable to stat
[Tue Feb 24 00:41:05.108099 2026] [php:error] [pid 21900] [client 98.159.226.88:0] script '/domains/larrysr/wp-fmfile.php' not found or unable to stat
[Tue Feb 24 00:41:05.175431 2026] [php:error] [pid 21884] [client 51.120.79.113:0] script '/domains/agribiz/wy2WOGSBPzj.php' not found or unable to stat
[Tue Feb 24 00:41:05.239286 2026] [php:error] [pid 21895] [client 4.193.204.169:0] script '/domains/nealis/222.php' not found or unable to stat
[Tue Feb 24 00:41:05.269791 2026] [php:error] [pid 21884] [client 51.120.79.113:0] script '/domains/agribiz/VKcrnlSpuC2.php' not found or unable to stat
[Tue Feb 24 00:41:05.469931 2026] [php:error] [pid 21895] [client 4.193.204.169:0] script '/domains/nealis/adminfuns.php' not found or unable to stat
[Tue Feb 24 00:41:05.823058 2026] [php:error] [pid 21900] [client 98.159.226.88:0] script '/domains/larrysr/memberfuns.php' not found or unable to stat
[Tue Feb 24 00:41:05.943371 2026] [php:error] [pid 21895] [client 4.193.204.169:0] script '/domains/nealis/xx.php' not found or unable to stat
[Tue Feb 24 00:41:05.986641 2026] [php:error] [pid 21900] [client 98.159.226.88:0] script '/domains/larrysr/infos.php' not found or unable to stat
[Tue Feb 24 00:41:06.412639 2026] [php:error] [pid 21895] [client 4.193.204.169:0] script '/domains/nealis/f5.php' not found or unable to stat
[Tue Feb 24 00:41:06.643903 2026] [php:error] [pid 21895] [client 4.193.204.169:0] script '/domains/nealis/flower.php' not found or unable to stat
[Tue Feb 24 00:41:06.707605 2026] [php:error] [pid 21900] [client 98.159.226.88:0] script '/domains/larrysr/options-writing.php' not found or unable to stat
[Tue Feb 24 00:41:06.871980 2026] [php:error] [pid 21900] [client 98.159.226.88:0] script '/domains/larrysr/options-reading.php' not found or unable to stat
[Tue Feb 24 00:41:06.920615 2026] [php:error] [pid 21895] [client 4.193.204.169:0] script '/domains/nealis/f6.php' not found or unable to stat
[Tue Feb 24 00:41:07.048965 2026] [php:error] [pid 21900] [client 98.159.226.88:0] script '/domains/larrysr/wsad.php' not found or unable to stat
[Tue Feb 24 00:41:07.152626 2026] [php:error] [pid 21895] [client 4.193.204.169:0] script '/domains/nealis/edit.php' not found or unable to stat
[Tue Feb 24 00:41:07.214329 2026] [php:error] [pid 21900] [client 98.159.226.88:0] script '/domains/larrysr/nation.php' not found or unable to stat
[Tue Feb 24 00:41:08.136075 2026] [php:error] [pid 21900] [client 98.159.226.88:0] script '/domains/larrysr/wp-atomx.php' not found or unable to stat
[Tue Feb 24 00:41:08.265843 2026] [php:error] [pid 21895] [client 4.193.204.169:0] script '/domains/nealis/wsd.php' not found or unable to stat
[Tue Feb 24 00:41:08.363736 2026] [php:error] [pid 21900] [client 98.159.226.88:0] script '/domains/larrysr/admin-footer.php' not found or unable to stat
[Tue Feb 24 00:41:08.504438 2026] [php:error] [pid 21895] [client 4.193.204.169:0] script '/domains/nealis/jane.php' not found or unable to stat
[Tue Feb 24 00:41:08.700630 2026] [php:error] [pid 21900] [client 98.159.226.88:0] script '/domains/larrysr/XxX.php' not found or unable to stat
[Tue Feb 24 00:41:08.736634 2026] [php:error] [pid 21895] [client 4.193.204.169:0] script '/domains/nealis/css.php' not found or unable to stat
[Tue Feb 24 00:41:09.047706 2026] [php:error] [pid 21895] [client 4.193.204.169:0] script '/domains/nealis/alfa.php' not found or unable to stat
[Tue Feb 24 00:41:09.283824 2026] [php:error] [pid 21895] [client 4.193.204.169:0] script '/domains/nealis/x.php' not found or unable to stat
[Tue Feb 24 00:41:09.524957 2026] [php:error] [pid 21895] [client 4.193.204.169:0] script '/domains/nealis/xxxx.php' not found or unable to stat
[Tue Feb 24 00:41:09.755564 2026] [php:error] [pid 21895] [client 4.193.204.169:0] script '/domains/nealis/class.php' not found or unable to stat
[Tue Feb 24 00:41:09.986303 2026] [php:error] [pid 21895] [client 4.193.204.169:0] script '/domains/nealis/f35.php' not found or unable to stat
[Tue Feb 24 00:41:10.944063 2026] [php:error] [pid 21900] [client 98.159.226.88:0] script '/domains/larrysr/images/buy.php' not found or unable to stat
[Tue Feb 24 00:41:10.987571 2026] [php:error] [pid 21895] [client 4.193.204.169:0] script '/domains/nealis/av.php' not found or unable to stat
[Tue Feb 24 00:41:12.858938 2026] [php:error] [pid 21895] [client 4.193.204.169:0] script '/domains/nealis/init.php' not found or unable to stat
[Tue Feb 24 00:41:13.319998 2026] [php:error] [pid 21895] [client 4.193.204.169:0] script '/domains/nealis/k.php' not found or unable to stat
[Tue Feb 24 00:41:13.619325 2026] [php:error] [pid 21900] [client 98.159.226.88:0] script '/domains/larrysr/xex.php' not found or unable to stat
[Tue Feb 24 00:41:13.624073 2026] [php:error] [pid 21895] [client 4.193.204.169:0] script '/domains/nealis/bless.php' not found or unable to stat
[Tue Feb 24 00:41:13.873509 2026] [php:error] [pid 21895] [client 4.193.204.169:0] script '/domains/nealis/X7x.php' not found or unable to stat
[Tue Feb 24 00:41:14.300138 2026] [php:error] [pid 21895] [client 4.193.204.169:0] script '/domains/nealis/166.php' not found or unable to stat
[Tue Feb 24 00:41:14.482647 2026] [php:error] [pid 21900] [client 98.159.226.88:0] script '/domains/larrysr/wp-head.php' not found or unable to stat
[Tue Feb 24 00:41:14.545146 2026] [php:error] [pid 21895] [client 4.193.204.169:0] script '/domains/nealis/plss3.php' not found or unable to stat
[Tue Feb 24 00:41:15.006162 2026] [php:error] [pid 21895] [client 4.193.204.169:0] script '/domains/nealis/admins.php' not found or unable to stat
[Tue Feb 24 00:41:15.012205 2026] [php:error] [pid 21900] [client 98.159.226.88:0] script '/domains/larrysr/makeasmtp.php' not found or unable to stat
[Tue Feb 24 00:41:15.236760 2026] [php:error] [pid 21895] [client 4.193.204.169:0] script '/domains/nealis/wp.php' not found or unable to stat
[Tue Feb 24 00:41:15.480747 2026] [php:error] [pid 21895] [client 4.193.204.169:0] script '/domains/nealis/main.php' not found or unable to stat
[Tue Feb 24 00:41:15.534409 2026] [php:error] [pid 21900] [client 98.159.226.88:0] script '/domains/larrysr/images/bypass.php' not found or unable to stat
[Tue Feb 24 00:41:15.774228 2026] [php:error] [pid 21895] [client 4.193.204.169:0] script '/domains/nealis/a1.php' not found or unable to stat
[Tue Feb 24 00:41:16.006529 2026] [php:error] [pid 21895] [client 4.193.204.169:0] script '/domains/nealis/lala.php' not found or unable to stat
[Tue Feb 24 00:41:16.237689 2026] [php:error] [pid 21895] [client 4.193.204.169:0] script '/domains/nealis/aaa.php' not found or unable to stat
[Tue Feb 24 00:41:16.468182 2026] [php:error] [pid 21895] [client 4.193.204.169:0] script '/domains/nealis/a2.php' not found or unable to stat
[Tue Feb 24 00:41:17.013850 2026] [php:error] [pid 21895] [client 4.193.204.169:0] script '/domains/nealis/jsond.php' not found or unable to stat
[Tue Feb 24 00:41:17.244452 2026] [php:error] [pid 21895] [client 4.193.204.169:0] script '/domains/nealis/09.php' not found or unable to stat
[Tue Feb 24 00:41:17.981494 2026] [php:error] [pid 21900] [client 98.159.226.88:0] script '/domains/larrysr/click.php' not found or unable to stat
[Tue Feb 24 00:41:19.624595 2026] [php:error] [pid 21900] [client 98.159.226.88:0] script '/domains/larrysr/wp-admin.php' not found or unable to stat
[Tue Feb 24 00:41:20.351453 2026] [php:error] [pid 21900] [client 98.159.226.88:0] script '/domains/larrysr/wp-editor.php' not found or unable to stat
[Tue Feb 24 00:41:20.894181 2026] [php:error] [pid 21902] [client 98.159.226.88:0] script '/domains/larrysr/images/install.php' not found or unable to stat
[Tue Feb 24 00:41:21.284289 2026] [php:error] [pid 21902] [client 98.159.226.88:0] script '/domains/larrysr/adminfusm.php' not found or unable to stat
[Tue Feb 24 00:41:21.962210 2026] [php:error] [pid 21902] [client 98.159.226.88:0] script '/domains/larrysr/images/habhan.php' not found or unable to stat
[Tue Feb 24 00:41:23.516075 2026] [php:error] [pid 21902] [client 98.159.226.88:0] script '/domains/larrysr/f35_SpaceTn.php' not found or unable to stat
[Tue Feb 24 00:41:25.461305 2026] [php:error] [pid 21902] [client 98.159.226.88:0] script '/domains/larrysr/gm.php' not found or unable to stat
[Tue Feb 24 00:41:27.489701 2026] [php:error] [pid 21902] [client 98.159.226.88:0] script '/domains/larrysr/plugin-install.php' not found or unable to stat
[Tue Feb 24 00:41:29.780988 2026] [php:error] [pid 21902] [client 98.159.226.88:0] script '/domains/larrysr/images/mah.php' not found or unable to stat
[Tue Feb 24 00:41:31.764828 2026] [php:error] [pid 21902] [client 98.159.226.88:0] script '/domains/larrysr/b.php' not found or unable to stat
[Tue Feb 24 00:41:32.806928 2026] [php:error] [pid 21902] [client 98.159.226.88:0] script '/domains/larrysr/wsax.php' not found or unable to stat
[Tue Feb 24 00:41:35.870328 2026] [php:error] [pid 21902] [client 98.159.226.88:0] script '/domains/larrysr/images/Marvins.php' not found or unable to stat
[Tue Feb 24 00:41:39.643964 2026] [php:error] [pid 21884] [client 98.159.226.86:0] script '/domains/larrysr/bs1.php' not found or unable to stat
[Tue Feb 24 00:41:40.171035 2026] [php:error] [pid 21884] [client 98.159.226.86:0] script '/domains/larrysr/page.php' not found or unable to stat
[Tue Feb 24 00:41:43.036404 2026] [php:error] [pid 21902] [client 98.159.226.91:0] script '/domains/larrysr/images/autoload_classmap.php' not found or unable to stat
[Tue Feb 24 00:41:44.293906 2026] [php:error] [pid 21902] [client 98.159.226.91:0] script '/domains/larrysr/ws.php' not found or unable to stat
[Tue Feb 24 00:41:44.799507 2026] [php:error] [pid 21902] [client 98.159.226.91:0] script '/domains/larrysr/shop.php' not found or unable to stat
[Tue Feb 24 00:41:46.283629 2026] [php:error] [pid 21902] [client 98.159.226.91:0] script '/domains/larrysr/wp-api.php' not found or unable to stat
[Tue Feb 24 00:41:46.672845 2026] [php:error] [pid 21902] [client 98.159.226.91:0] script '/domains/larrysr/css.php' not found or unable to stat
[Tue Feb 24 00:41:47.689269 2026] [php:error] [pid 21902] [client 98.159.226.91:0] script '/domains/larrysr/wp-error_log.php' not found or unable to stat
[Tue Feb 24 00:41:50.670099 2026] [authz_core:error] [pid 21909] [client 162.216.16.109:0] AH01630: client denied by server configuration: /
[Tue Feb 24 00:41:50.771971 2026] [php:error] [pid 21902] [client 98.159.226.91:0] script '/domains/larrysr/files.php' not found or unable to stat
[Tue Feb 24 00:41:52.548870 2026] [php:error] [pid 21902] [client 98.159.226.91:0] script '/domains/larrysr/blog.php' not found or unable to stat
[Tue Feb 24 00:41:53.235770 2026] [php:error] [pid 21902] [client 98.159.226.91:0] script '/domains/larrysr/images/av.php' not found or unable to stat
[Tue Feb 24 00:41:53.925062 2026] [php:error] [pid 21902] [client 98.159.226.91:0] script '/domains/larrysr/elp.php' not found or unable to stat
[Tue Feb 24 00:41:55.511022 2026] [php:error] [pid 21902] [client 98.159.226.91:0] script '/domains/larrysr/entrepreneuse.php' not found or unable to stat
[Tue Feb 24 00:41:56.706591 2026] [authz_core:error] [pid 21910] [client 162.216.16.109:0] AH01630: client denied by server configuration: /
[Tue Feb 24 00:41:57.640882 2026] [php:error] [pid 21902] [client 98.159.226.91:0] script '/domains/larrysr/testt.php' not found or unable to stat
[Tue Feb 24 00:41:57.987144 2026] [php:error] [pid 21907] [client 162.216.16.109:0] script '/domains/smartny/login.php' not found or unable to stat
[Tue Feb 24 00:41:58.933498 2026] [php:error] [pid 21902] [client 98.159.226.91:0] script '/domains/larrysr/network.php' not found or unable to stat
[Tue Feb 24 00:41:59.205467 2026] [cgi:error] [pid 21909] [client 162.216.16.109:0] AH02811: stderr from /domains/smartny/webportal.cgi: script not found or unable to stat
[Tue Feb 24 00:41:59.472941 2026] [php:error] [pid 21902] [client 98.159.226.91:0] script '/domains/larrysr/wikindex.php' not found or unable to stat
[Tue Feb 24 00:42:01.447960 2026] [authz_core:error] [pid 21909] [client 162.216.16.109:0] AH01630: client denied by server configuration: /
[Tue Feb 24 00:42:01.449139 2026] [authz_core:error] [pid 21907] [client 162.216.16.109:0] AH01630: client denied by server configuration: /
[Tue Feb 24 00:42:04.621701 2026] [php:error] [pid 21902] [client 98.159.226.87:0] script '/domains/larrysr/media-new.php' not found or unable to stat
[Tue Feb 24 00:42:05.864665 2026] [php:error] [pid 21902] [client 98.159.226.87:0] script '/domains/larrysr/pages.php' not found or unable to stat
[Tue Feb 24 00:42:07.262503 2026] [php:error] [pid 21902] [client 98.159.226.87:0] script '/domains/larrysr/adminfus.php' not found or unable to stat
[Tue Feb 24 00:42:07.596137 2026] [php:error] [pid 21902] [client 98.159.226.87:0] script '/domains/larrysr/images/as.php' not found or unable to stat
[Tue Feb 24 00:42:08.143147 2026] [php:error] [pid 21902] [client 98.159.226.87:0] script '/domains/larrysr/cong.php' not found or unable to stat
[Tue Feb 24 00:42:09.366068 2026] [php:error] [pid 21902] [client 98.159.226.87:0] script '/domains/larrysr/wp-configs.php' not found or unable to stat
[Tue Feb 24 00:42:11.099582 2026] [php:error] [pid 21904] [client 98.159.226.90:0] script '/domains/larrysr/ms-users.php' not found or unable to stat
[Tue Feb 24 00:42:15.438327 2026] [php:error] [pid 21904] [client 98.159.226.90:0] script '/domains/larrysr/top.php' not found or unable to stat
[Tue Feb 24 00:42:19.714713 2026] [php:error] [pid 21904] [client 98.159.226.90:0] script '/domains/larrysr/images/c99.php' not found or unable to stat
[Tue Feb 24 00:42:20.430578 2026] [php:error] [pid 21904] [client 98.159.226.90:0] script '/domains/larrysr/setup-config.php' not found or unable to stat
[Tue Feb 24 00:42:21.115706 2026] [php:error] [pid 21904] [client 98.159.226.90:0] script '/domains/larrysr/type.php' not found or unable to stat
[Tue Feb 24 00:42:22.880420 2026] [php:error] [pid 21904] [client 98.159.226.90:0] script '/domains/larrysr/goat.php' not found or unable to stat
[Tue Feb 24 00:42:24.222861 2026] [php:error] [pid 21904] [client 98.159.226.90:0] script '/domains/larrysr/images/file.php' not found or unable to stat
[Tue Feb 24 00:42:25.671143 2026] [php:error] [pid 21922] [client 187.73.24.206:0] script '/domains/fryer/wp-login.php' not found or unable to stat
[Tue Feb 24 00:42:27.687738 2026] [php:error] [pid 21909] [client 20.14.131.24:0] script '/domains/frog.interport1/class-t.api.php' not found or unable to stat
[Tue Feb 24 00:42:27.696770 2026] [php:error] [pid 21909] [client 20.14.131.24:0] script '/domains/frog.interport1/zwso.php' not found or unable to stat
[Tue Feb 24 00:42:27.980172 2026] [php:error] [pid 21909] [client 20.14.131.24:0] script '/domains/frog.interport1/class19.php' not found or unable to stat
[Tue Feb 24 00:42:27.989287 2026] [php:error] [pid 21909] [client 20.14.131.24:0] script '/domains/frog.interport1/class20.php' not found or unable to stat
[Tue Feb 24 00:42:28.032989 2026] [php:error] [pid 21909] [client 20.14.131.24:0] script '/domains/frog.interport1/admin.php' not found or unable to stat
[Tue Feb 24 00:42:28.128416 2026] [php:error] [pid 21909] [client 20.14.131.24:0] script '/domains/frog.interport1/randkeyword.php' not found or unable to stat
[Tue Feb 24 00:42:28.136826 2026] [php:error] [pid 21909] [client 20.14.131.24:0] script '/domains/frog.interport1/fwe.php' not found or unable to stat
[Tue Feb 24 00:42:28.516565 2026] [php:error] [pid 21909] [client 20.14.131.24:0] script '/domains/frog.interport1/images/m.php' not found or unable to stat
[Tue Feb 24 00:42:29.006392 2026] [php:error] [pid 21909] [client 20.14.131.24:0] script '/domains/frog.interport1/g.php' not found or unable to stat
[Tue Feb 24 00:42:29.014640 2026] [php:error] [pid 21909] [client 20.14.131.24:0] script '/domains/frog.interport1/tx1.php' not found or unable to stat
[Tue Feb 24 00:42:29.352924 2026] [php:error] [pid 21909] [client 20.14.131.24:0] script '/domains/frog.interport1/xv.php' not found or unable to stat
[Tue Feb 24 00:42:29.361014 2026] [php:error] [pid 21909] [client 20.14.131.24:0] script '/domains/frog.interport1/x56.php' not found or unable to stat
[Tue Feb 24 00:42:29.368510 2026] [php:error] [pid 21909] [client 20.14.131.24:0] script '/domains/frog.interport1/htaccess.php' not found or unable to stat
[Tue Feb 24 00:42:29.379567 2026] [php:error] [pid 21909] [client 20.14.131.24:0] script '/domains/frog.interport1/readme.php' not found or unable to stat
[Tue Feb 24 00:42:29.597646 2026] [php:error] [pid 21909] [client 20.14.131.24:0] script '/domains/frog.interport1/x50.php' not found or unable to stat
[Tue Feb 24 00:42:29.607629 2026] [php:error] [pid 21909] [client 20.14.131.24:0] script '/domains/frog.interport1/fv.php' not found or unable to stat
[Tue Feb 24 00:42:29.995730 2026] [php:error] [pid 21909] [client 20.14.131.24:0] script '/domains/frog.interport1/file.php' not found or unable to stat
[Tue Feb 24 00:42:30.004089 2026] [php:error] [pid 21909] [client 20.14.131.24:0] script '/domains/frog.interport1/lsd.php' not found or unable to stat
[Tue Feb 24 00:42:30.012913 2026] [php:error] [pid 21909] [client 20.14.131.24:0] script '/domains/frog.interport1/as.php' not found or unable to stat
[Tue Feb 24 00:42:30.023360 2026] [php:error] [pid 21909] [client 20.14.131.24:0] script '/domains/frog.interport1/wsd.php' not found or unable to stat
[Tue Feb 24 00:42:30.031817 2026] [php:error] [pid 21909] [client 20.14.131.24:0] script '/domains/frog.interport1/gtc.php' not found or unable to stat
[Tue Feb 24 00:42:30.040182 2026] [php:error] [pid 21909] [client 20.14.131.24:0] script '/domains/frog.interport1/atx.php' not found or unable to stat
[Tue Feb 24 00:42:30.051530 2026] [php:error] [pid 21909] [client 20.14.131.24:0] script '/domains/frog.interport1/z60.php' not found or unable to stat
[Tue Feb 24 00:42:30.075977 2026] [php:error] [pid 21909] [client 20.14.131.24:0] script '/domains/frog.interport1/403.php' not found or unable to stat
[Tue Feb 24 00:42:30.120098 2026] [php:error] [pid 21909] [client 20.14.131.24:0] script '/domains/frog.interport1/m.php' not found or unable to stat
[Tue Feb 24 00:42:30.147271 2026] [php:error] [pid 21909] [client 20.14.131.24:0] script '/domains/frog.interport1/themes.php' not found or unable to stat
[Tue Feb 24 00:42:30.174941 2026] [php:error] [pid 21909] [client 20.14.131.24:0] script '/domains/frog.interport1/click.php' not found or unable to stat
[Tue Feb 24 00:42:30.182619 2026] [php:error] [pid 21909] [client 20.14.131.24:0] script '/domains/frog.interport1/install.php' not found or unable to stat
[Tue Feb 24 00:42:30.189949 2026] [php:error] [pid 21909] [client 20.14.131.24:0] script '/domains/frog.interport1/lv.php' not found or unable to stat
[Tue Feb 24 00:42:30.199562 2026] [php:error] [pid 21909] [client 20.14.131.24:0] script '/domains/frog.interport1/simple.php' not found or unable to stat
[Tue Feb 24 00:42:30.207131 2026] [php:error] [pid 21909] [client 20.14.131.24:0] script '/domains/frog.interport1/css.php' not found or unable to stat
[Tue Feb 24 00:42:30.214726 2026] [php:error] [pid 21909] [client 20.14.131.24:0] script '/domains/frog.interport1/cong.php' not found or unable to stat
[Tue Feb 24 00:42:30.229013 2026] [php:error] [pid 21909] [client 20.14.131.24:0] script '/domains/frog.interport1/cong.php' not found or unable to stat
[Tue Feb 24 00:42:30.987792 2026] [php:error] [pid 21909] [client 20.14.131.24:0] script '/domains/frog.interport1/w.php' not found or unable to stat
[Tue Feb 24 00:42:31.789503 2026] [php:error] [pid 21909] [client 20.14.131.24:0] script '/domains/frog.interport1/404.php' not found or unable to stat
[Tue Feb 24 00:42:31.798575 2026] [php:error] [pid 21909] [client 20.14.131.24:0] script '/domains/frog.interport1/ioxi-o.php' not found or unable to stat
[Tue Feb 24 00:42:31.807459 2026] [php:error] [pid 21909] [client 20.14.131.24:0] script '/domains/frog.interport1/0x.php' not found or unable to stat
[Tue Feb 24 00:42:31.840587 2026] [php:error] [pid 21909] [client 20.14.131.24:0] script '/domains/frog.interport1/css.php' not found or unable to stat
[Tue Feb 24 00:42:31.849398 2026] [php:error] [pid 21909] [client 20.14.131.24:0] script '/domains/frog.interport1/222.php' not found or unable to stat
[Tue Feb 24 00:42:32.020357 2026] [php:error] [pid 21909] [client 20.14.131.24:0] script '/domains/frog.interport1/admin.php' not found or unable to stat
[Tue Feb 24 00:42:32.167019 2026] [php:error] [pid 21909] [client 20.14.131.24:0] script '/domains/frog.interport1/classwithtostring.php' not found or unable to stat
[Tue Feb 24 00:42:32.174864 2026] [php:error] [pid 21909] [client 20.14.131.24:0] script '/domains/frog.interport1/abcd.php' not found or unable to stat
[Tue Feb 24 00:42:32.398742 2026] [php:error] [pid 21909] [client 20.14.131.24:0] script '/domains/frog.interport1/autoload_classmap.php' not found or unable to stat
[Tue Feb 24 00:42:32.847737 2026] [php:error] [pid 21909] [client 20.14.131.24:0] script '/domains/frog.interport1/inputs.php' not found or unable to stat
[Tue Feb 24 00:42:32.877510 2026] [php:error] [pid 21909] [client 20.14.131.24:0] script '/domains/frog.interport1/about.php' not found or unable to stat
[Tue Feb 24 00:42:33.640013 2026] [php:error] [pid 21909] [client 20.14.131.24:0] script '/domains/frog.interport1/alfa.php' not found or unable to stat
[Tue Feb 24 00:42:34.161133 2026] [php:error] [pid 21909] [client 20.14.131.24:0] script '/domains/frog.interport1/manager.php' not found or unable to stat
[Tue Feb 24 00:42:34.471569 2026] [php:error] [pid 21909] [client 20.14.131.24:0] script '/domains/frog.interport1/item.php' not found or unable to stat
[Tue Feb 24 00:42:34.493904 2026] [php:error] [pid 21909] [client 20.14.131.24:0] script '/domains/frog.interport1/404.php' not found or unable to stat
[Tue Feb 24 00:42:34.502287 2026] [php:error] [pid 21909] [client 20.14.131.24:0] script '/domains/frog.interport1/mail.php' not found or unable to stat
[Tue Feb 24 00:42:35.146043 2026] [php:error] [pid 21909] [client 20.14.131.24:0] script '/domains/frog.interport1/sx.php' not found or unable to stat
[Tue Feb 24 00:42:35.178274 2026] [php:error] [pid 21909] [client 20.14.131.24:0] script '/domains/frog.interport1/alfa.php' not found or unable to stat
[Tue Feb 24 00:42:35.203464 2026] [php:error] [pid 21909] [client 20.14.131.24:0] script '/domains/frog.interport1/1.php' not found or unable to stat
[Tue Feb 24 00:42:35.211025 2026] [php:error] [pid 21909] [client 20.14.131.24:0] script '/domains/frog.interport1/byp.php' not found or unable to stat
[Tue Feb 24 00:42:35.218393 2026] [php:error] [pid 21909] [client 20.14.131.24:0] script '/domains/frog.interport1/wp-trackback.php' not found or unable to stat
[Tue Feb 24 00:42:35.248612 2026] [php:error] [pid 21909] [client 20.14.131.24:0] script '/domains/frog.interport1/gmo.php' not found or unable to stat
[Tue Feb 24 00:42:36.055672 2026] [php:error] [pid 21909] [client 20.14.131.24:0] script '/domains/frog.interport1/ww1.php' not found or unable to stat
[Tue Feb 24 00:42:37.867120 2026] [php:error] [pid 21928] [client 20.14.131.24:0] script '/domains/frog.interport1/security.php' not found or unable to stat
[Tue Feb 24 00:42:38.834163 2026] [php:error] [pid 21928] [client 20.14.131.24:0] script '/domains/frog.interport1/class.php' not found or unable to stat
[Tue Feb 24 00:42:38.843158 2026] [php:error] [pid 21928] [client 20.14.131.24:0] script '/domains/frog.interport1/bless5.php' not found or unable to stat
[Tue Feb 24 00:42:38.867551 2026] [php:error] [pid 21928] [client 20.14.131.24:0] script '/domains/frog.interport1/lock360.php' not found or unable to stat
[Tue Feb 24 00:42:38.993901 2026] [php:error] [pid 21928] [client 20.14.131.24:0] script '/domains/frog.interport1/f35.php' not found or unable to stat
[Tue Feb 24 00:42:39.475489 2026] [php:error] [pid 21928] [client 20.14.131.24:0] script '/domains/frog.interport1/ioxi-o1.php' not found or unable to stat
[Tue Feb 24 00:42:39.809189 2026] [php:error] [pid 21928] [client 20.14.131.24:0] script '/domains/frog.interport1/juuuu.php' not found or unable to stat
[Tue Feb 24 00:42:39.817243 2026] [php:error] [pid 21928] [client 20.14.131.24:0] script '/domains/frog.interport1/ha.php' not found or unable to stat
[Tue Feb 24 00:42:39.828162 2026] [php:error] [pid 21928] [client 20.14.131.24:0] script '/domains/frog.interport1/gg.php' not found or unable to stat
[Tue Feb 24 00:42:39.836110 2026] [php:error] [pid 21928] [client 20.14.131.24:0] script '/domains/frog.interport1/we2.php' not found or unable to stat
[Tue Feb 24 00:42:39.848243 2026] [php:error] [pid 21928] [client 20.14.131.24:0] script '/domains/frog.interport1/04.php' not found or unable to stat
[Tue Feb 24 00:42:39.855787 2026] [php:error] [pid 21928] [client 20.14.131.24:0] script '/domains/frog.interport1/333.php' not found or unable to stat
[Tue Feb 24 00:42:39.864288 2026] [php:error] [pid 21928] [client 20.14.131.24:0] script '/domains/frog.interport1/520.php' not found or unable to stat
[Tue Feb 24 00:42:39.871738 2026] [php:error] [pid 21928] [client 20.14.131.24:0] script '/domains/frog.interport1/ar.php' not found or unable to stat
[Tue Feb 24 00:42:40.278168 2026] [php:error] [pid 21928] [client 20.14.131.24:0] script '/domains/frog.interport1/x.php' not found or unable to stat
[Tue Feb 24 00:42:40.654754 2026] [php:error] [pid 21928] [client 20.14.131.24:0] script '/domains/frog.interport1/xx.php' not found or unable to stat
[Tue Feb 24 00:42:40.668225 2026] [php:error] [pid 21928] [client 20.14.131.24:0] script '/domains/frog.interport1/gifclass4.php' not found or unable to stat
[Tue Feb 24 00:42:40.677422 2026] [php:error] [pid 21928] [client 20.14.131.24:0] script '/domains/frog.interport1/2clas.php' not found or unable to stat
[Tue Feb 24 00:42:40.920568 2026] [php:error] [pid 21928] [client 20.14.131.24:0] script '/domains/frog.interport1/ave.php' not found or unable to stat
[Tue Feb 24 00:42:41.108307 2026] [php:error] [pid 21928] [client 20.14.131.24:0] script '/domains/frog.interport1/wrt.php' not found or unable to stat
[Tue Feb 24 00:42:41.115966 2026] [php:error] [pid 21928] [client 20.14.131.24:0] script '/domains/frog.interport1/bibil.php' not found or unable to stat
[Tue Feb 24 00:42:41.123436 2026] [php:error] [pid 21928] [client 20.14.131.24:0] script '/domains/frog.interport1/radio.php' not found or unable to stat
[Tue Feb 24 00:42:41.726343 2026] [php:error] [pid 21928] [client 20.14.131.24:0] script '/domains/frog.interport1/files.php' not found or unable to stat
[Tue Feb 24 00:42:41.734056 2026] [php:error] [pid 21928] [client 20.14.131.24:0] script '/domains/frog.interport1/file7.php' not found or unable to stat
[Tue Feb 24 00:42:42.108469 2026] [php:error] [pid 21928] [client 20.14.131.24:0] script '/domains/frog.interport1/gifclass.php' not found or unable to stat
[Tue Feb 24 00:42:42.278244 2026] [php:error] [pid 21924] [client 20.78.146.86:0] script '/domains/hpveweb/wp-trackback.php' not found or unable to stat
[Tue Feb 24 00:42:42.446226 2026] [php:error] [pid 21924] [client 20.78.146.86:0] script '/domains/hpveweb/about.php' not found or unable to stat
[Tue Feb 24 00:42:42.622661 2026] [php:error] [pid 21924] [client 20.78.146.86:0] script '/domains/hpveweb/file.php' not found or unable to stat
[Tue Feb 24 00:42:42.795074 2026] [php:error] [pid 21928] [client 20.14.131.24:0] script '/domains/frog.interport1/nox.php' not found or unable to stat
[Tue Feb 24 00:42:42.810049 2026] [php:error] [pid 21928] [client 20.14.131.24:0] script '/domains/frog.interport1/file48.php' not found or unable to stat
[Tue Feb 24 00:42:42.812067 2026] [php:error] [pid 21924] [client 20.78.146.86:0] script '/domains/hpveweb/wp-good.php' not found or unable to stat
[Tue Feb 24 00:42:42.817669 2026] [php:error] [pid 21928] [client 20.14.131.24:0] script '/domains/frog.interport1/info.php' not found or unable to stat
[Tue Feb 24 00:42:42.827223 2026] [php:error] [pid 21928] [client 20.14.131.24:0] script '/domains/frog.interport1/class9.php' not found or unable to stat
[Tue Feb 24 00:42:42.877062 2026] [php:error] [pid 21928] [client 20.14.131.24:0] script '/domains/frog.interport1/la.php' not found or unable to stat
[Tue Feb 24 00:42:43.003231 2026] [php:error] [pid 21924] [client 20.78.146.86:0] script '/domains/hpveweb/xmlrpc.php' not found or unable to stat
[Tue Feb 24 00:42:43.035115 2026] [php:error] [pid 21928] [client 20.14.131.24:0] script '/domains/frog.interport1/bless11.php' not found or unable to stat
[Tue Feb 24 00:42:43.141009 2026] [php:error] [pid 21928] [client 20.14.131.24:0] script '/domains/frog.interport1/ccou.php' not found or unable to stat
[Tue Feb 24 00:42:43.148517 2026] [php:error] [pid 21928] [client 20.14.131.24:0] script '/domains/frog.interport1/ton.php' not found or unable to stat
[Tue Feb 24 00:42:43.171086 2026] [php:error] [pid 21924] [client 20.78.146.86:0] script '/domains/hpveweb/ioxi-o.php' not found or unable to stat
[Tue Feb 24 00:42:43.268923 2026] [php:error] [pid 21928] [client 20.14.131.24:0] script '/domains/frog.interport1/403.php' not found or unable to stat
[Tue Feb 24 00:42:43.276480 2026] [php:error] [pid 21928] [client 20.14.131.24:0] script '/domains/frog.interport1/file9.php' not found or unable to stat
[Tue Feb 24 00:42:43.284054 2026] [php:error] [pid 21928] [client 20.14.131.24:0] script '/domains/frog.interport1/ac.php' not found or unable to stat
[Tue Feb 24 00:42:43.291911 2026] [php:error] [pid 21928] [client 20.14.131.24:0] script '/domains/frog.interport1/new4.php' not found or unable to stat
[Tue Feb 24 00:42:43.299963 2026] [php:error] [pid 21928] [client 20.14.131.24:0] script '/domains/frog.interport1/pop.php' not found or unable to stat
[Tue Feb 24 00:42:43.308111 2026] [php:error] [pid 21928] [client 20.14.131.24:0] script '/domains/frog.interport1/az.php' not found or unable to stat
[Tue Feb 24 00:42:43.315948 2026] [php:error] [pid 21928] [client 20.14.131.24:0] script '/domains/frog.interport1/xaz.php' not found or unable to stat
[Tue Feb 24 00:42:43.323911 2026] [php:error] [pid 21928] [client 20.14.131.24:0] script '/domains/frog.interport1/up4.php' not found or unable to stat
[Tue Feb 24 00:42:43.337458 2026] [php:error] [pid 21928] [client 20.14.131.24:0] script '/domains/frog.interport1/1aa.php' not found or unable to stat
[Tue Feb 24 00:42:43.374816 2026] [php:error] [pid 21924] [client 20.78.146.86:0] script '/domains/hpveweb/class-t.api.php' not found or unable to stat
[Tue Feb 24 00:42:43.393718 2026] [php:error] [pid 21928] [client 20.14.131.24:0] script '/domains/frog.interport1/elp.php' not found or unable to stat
[Tue Feb 24 00:42:43.543465 2026] [php:error] [pid 21924] [client 20.78.146.86:0] script '/domains/hpveweb/admin.php' not found or unable to stat
[Tue Feb 24 00:42:43.733942 2026] [php:error] [pid 21924] [client 20.78.146.86:0] script '/domains/hpveweb/sf.php' not found or unable to stat
[Tue Feb 24 00:42:43.927145 2026] [php:error] [pid 21924] [client 20.78.146.86:0] script '/domains/hpveweb/rip.php' not found or unable to stat
[Tue Feb 24 00:42:44.088828 2026] [php:error] [pid 21928] [client 20.14.131.24:0] script '/domains/frog.interport1/wtz.php' not found or unable to stat
[Tue Feb 24 00:42:44.096141 2026] [php:error] [pid 21924] [client 20.78.146.86:0] script '/domains/hpveweb/autoload_classmap.php' not found or unable to stat
[Tue Feb 24 00:42:44.106676 2026] [php:error] [pid 21928] [client 20.14.131.24:0] script '/domains/frog.interport1/galex.php' not found or unable to stat
[Tue Feb 24 00:42:44.158578 2026] [php:error] [pid 21928] [client 20.14.131.24:0] script '/domains/frog.interport1/xb.php' not found or unable to stat
[Tue Feb 24 00:42:44.271955 2026] [php:error] [pid 21924] [client 20.78.146.86:0] script '/domains/hpveweb/chosen.php' not found or unable to stat
[Tue Feb 24 00:42:44.292179 2026] [php:error] [pid 21928] [client 20.14.131.24:0] script '/domains/frog.interport1/ova.php' not found or unable to stat
[Tue Feb 24 00:42:44.311365 2026] [php:error] [pid 21928] [client 20.14.131.24:0] script '/domains/frog.interport1/vx.php' not found or unable to stat
[Tue Feb 24 00:42:44.321333 2026] [php:error] [pid 21928] [client 20.14.131.24:0] script '/domains/frog.interport1/rh.php' not found or unable to stat
[Tue Feb 24 00:42:44.474157 2026] [php:error] [pid 21924] [client 20.78.146.86:0] script '/domains/hpveweb/classwithtostring.php' not found or unable to stat
[Tue Feb 24 00:42:44.665139 2026] [php:error] [pid 21924] [client 20.78.146.86:0] script '/domains/hpveweb/defaults.php' not found or unable to stat
[Tue Feb 24 00:42:45.684814 2026] [php:error] [pid 21924] [client 20.78.146.86:0] script '/domains/hpveweb/info.php' not found or unable to stat
[Tue Feb 24 00:42:46.647481 2026] [php:error] [pid 21904] [client 20.223.240.16:0] script '/domains/mjbradley/cwclass.php' not found or unable to stat
[Tue Feb 24 00:42:46.721223 2026] [php:error] [pid 21904] [client 20.223.240.16:0] script '/domains/mjbradley/class-cc.php' not found or unable to stat
[Tue Feb 24 00:42:46.795661 2026] [php:error] [pid 21904] [client 20.223.240.16:0] script '/domains/mjbradley/lite.php' not found or unable to stat
[Tue Feb 24 00:42:46.869618 2026] [php:error] [pid 21904] [client 20.223.240.16:0] script '/domains/mjbradley/rrb.php' not found or unable to stat
[Tue Feb 24 00:42:46.943522 2026] [php:error] [pid 21904] [client 20.223.240.16:0] script '/domains/mjbradley/mariju.php' not found or unable to stat
[Tue Feb 24 00:42:46.946776 2026] [php:error] [pid 21924] [client 20.78.146.86:0] script '/domains/hpveweb/adminfuns.php' not found or unable to stat
[Tue Feb 24 00:42:47.017929 2026] [php:error] [pid 21904] [client 20.223.240.16:0] script '/domains/mjbradley/xenium4.php' not found or unable to stat
[Tue Feb 24 00:42:47.092402 2026] [php:error] [pid 21904] [client 20.223.240.16:0] script '/domains/mjbradley/jsonq.php' not found or unable to stat
[Tue Feb 24 00:42:47.241935 2026] [php:error] [pid 21904] [client 20.223.240.16:0] script '/domains/mjbradley/wp-fast.php' not found or unable to stat
[Tue Feb 24 00:42:47.315588 2026] [php:error] [pid 21904] [client 20.223.240.16:0] script '/domains/mjbradley/yas.php' not found or unable to stat
[Tue Feb 24 00:42:48.533216 2026] [php:error] [pid 21924] [client 20.78.146.86:0] script '/domains/hpveweb/WSO.php' not found or unable to stat
[Tue Feb 24 00:42:48.701695 2026] [php:error] [pid 21924] [client 20.78.146.86:0] script '/domains/hpveweb/a.php' not found or unable to stat
[Tue Feb 24 00:42:48.873039 2026] [php:error] [pid 21924] [client 20.78.146.86:0] script '/domains/hpveweb/aa.php' not found or unable to stat
[Tue Feb 24 00:42:49.047728 2026] [php:error] [pid 21924] [client 20.78.146.86:0] script '/domains/hpveweb/aaa.php' not found or unable to stat
[Tue Feb 24 00:42:49.239905 2026] [php:error] [pid 21924] [client 20.78.146.86:0] script '/domains/hpveweb/ab.php' not found or unable to stat
[Tue Feb 24 00:42:49.433932 2026] [php:error] [pid 21924] [client 20.78.146.86:0] script '/domains/hpveweb/lock360.php' not found or unable to stat
[Tue Feb 24 00:42:49.771638 2026] [php:error] [pid 21924] [client 20.78.146.86:0] script '/domains/hpveweb/file5.php' not found or unable to stat
[Tue Feb 24 00:42:49.940383 2026] [php:error] [pid 21924] [client 20.78.146.86:0] script '/domains/hpveweb/sitemaps.php' not found or unable to stat
[Tue Feb 24 00:42:50.109365 2026] [php:error] [pid 21924] [client 20.78.146.86:0] script '/domains/hpveweb/load.php' not found or unable to stat
[Tue Feb 24 00:42:50.277657 2026] [php:error] [pid 21924] [client 20.78.146.86:0] script '/domains/hpveweb/k.php' not found or unable to stat
[Tue Feb 24 00:42:50.449861 2026] [php:error] [pid 21924] [client 20.78.146.86:0] script '/domains/hpveweb/post.php' not found or unable to stat
[Tue Feb 24 00:42:50.649085 2026] [php:error] [pid 21924] [client 20.78.146.86:0] script '/domains/hpveweb/1.php' not found or unable to stat
[Tue Feb 24 00:42:50.835779 2026] [php:error] [pid 21924] [client 20.78.146.86:0] script '/domains/hpveweb/flower.php' not found or unable to stat
[Tue Feb 24 00:42:51.040157 2026] [php:error] [pid 21924] [client 20.78.146.86:0] script '/domains/hpveweb/default.php' not found or unable to stat
[Tue Feb 24 00:42:51.208969 2026] [php:error] [pid 21924] [client 20.78.146.86:0] script '/domains/hpveweb/meta.php' not found or unable to stat
[Tue Feb 24 00:42:51.377483 2026] [php:error] [pid 21924] [client 20.78.146.86:0] script '/domains/hpveweb/index.php' not found or unable to stat
[Tue Feb 24 00:42:51.545600 2026] [php:error] [pid 21924] [client 20.78.146.86:0] script '/domains/hpveweb/yindu.php' not found or unable to stat
[Tue Feb 24 00:42:51.744104 2026] [php:error] [pid 21924] [client 20.78.146.86:0] script '/domains/hpveweb/randkeyword.php' not found or unable to stat
[Tue Feb 24 00:42:51.913429 2026] [php:error] [pid 21924] [client 20.78.146.86:0] script '/domains/hpveweb/goods.php' not found or unable to stat
[Tue Feb 24 00:42:52.094989 2026] [php:error] [pid 21929] [client 20.210.89.170:0] script '/domains/system_suspended/inputs.php' not found or unable to stat
[Tue Feb 24 00:42:52.101218 2026] [php:error] [pid 21924] [client 20.78.146.86:0] script '/domains/hpveweb/hehe.php' not found or unable to stat
[Tue Feb 24 00:42:52.258825 2026] [php:error] [pid 21929] [client 20.210.89.170:0] script '/domains/system_suspended/ioxi-o.php' not found or unable to stat
[Tue Feb 24 00:42:52.312393 2026] [php:error] [pid 21924] [client 20.78.146.86:0] script '/domains/hpveweb/user.php' not found or unable to stat
[Tue Feb 24 00:42:52.525318 2026] [php:error] [pid 21924] [client 20.78.146.86:0] script '/domains/hpveweb/wp-2019.php' not found or unable to stat
[Tue Feb 24 00:42:52.586235 2026] [php:error] [pid 21929] [client 20.210.89.170:0] script '/domains/system_suspended/rip.php' not found or unable to stat
[Tue Feb 24 00:42:52.730526 2026] [php:error] [pid 21924] [client 20.78.146.86:0] script '/domains/hpveweb/chosen.php' not found or unable to stat
[Tue Feb 24 00:42:52.749925 2026] [php:error] [pid 21929] [client 20.210.89.170:0] script '/domains/system_suspended/admin.php' not found or unable to stat
[Tue Feb 24 00:42:52.921437 2026] [php:error] [pid 21924] [client 20.78.146.86:0] script '/domains/hpveweb/functions.php' not found or unable to stat
[Tue Feb 24 00:42:53.079133 2026] [php:error] [pid 21929] [client 20.210.89.170:0] script '/domains/system_suspended/cache.php' not found or unable to stat
[Tue Feb 24 00:42:53.092231 2026] [php:error] [pid 21924] [client 20.78.146.86:0] script '/domains/hpveweb/cron.php' not found or unable to stat
[Tue Feb 24 00:42:53.242853 2026] [php:error] [pid 21929] [client 20.210.89.170:0] script '/domains/system_suspended/themes.php' not found or unable to stat
[Tue Feb 24 00:42:53.260225 2026] [php:error] [pid 21924] [client 20.78.146.86:0] script '/domains/hpveweb/edit.php' not found or unable to stat
[Tue Feb 24 00:42:53.406584 2026] [php:error] [pid 21929] [client 20.210.89.170:0] script '/domains/system_suspended/an.php' not found or unable to stat
[Tue Feb 24 00:42:53.428127 2026] [php:error] [pid 21924] [client 20.78.146.86:0] script '/domains/hpveweb/gecko-new.php' not found or unable to stat
[Tue Feb 24 00:42:53.629391 2026] [php:error] [pid 21924] [client 20.78.146.86:0] script '/domains/hpveweb/cookie.php' not found or unable to stat
[Tue Feb 24 00:42:53.835511 2026] [php:error] [pid 21924] [client 20.78.146.86:0] script '/domains/hpveweb/xleet.php' not found or unable to stat
[Tue Feb 24 00:42:53.898317 2026] [php:error] [pid 21929] [client 20.210.89.170:0] script '/domains/system_suspended/ws.php' not found or unable to stat
[Tue Feb 24 00:42:54.034112 2026] [php:error] [pid 21924] [client 20.78.146.86:0] script '/domains/hpveweb/spip.php' not found or unable to stat
[Tue Feb 24 00:42:54.062109 2026] [php:error] [pid 21929] [client 20.210.89.170:0] script '/domains/system_suspended/404.php' not found or unable to stat
[Tue Feb 24 00:42:54.236310 2026] [php:error] [pid 21924] [client 20.78.146.86:0] script '/domains/hpveweb/22.php' not found or unable to stat
[Tue Feb 24 00:42:54.389565 2026] [php:error] [pid 21929] [client 20.210.89.170:0] script '/domains/system_suspended/wp-conf.php' not found or unable to stat
[Tue Feb 24 00:42:54.431860 2026] [php:error] [pid 21924] [client 20.78.146.86:0] script '/domains/hpveweb/room.php' not found or unable to stat
[Tue Feb 24 00:42:54.599845 2026] [php:error] [pid 21924] [client 20.78.146.86:0] script '/domains/hpveweb/disagreed.php' not found or unable to stat
[Tue Feb 24 00:42:54.739548 2026] [php:error] [pid 21929] [client 20.210.89.170:0] script '/domains/system_suspended/wp-login.php' not found or unable to stat
