[Tue Feb 24 01:22:00.128665 2026] [php:error] [pid 22465] [client 20.212.6.161:0] script '/domains/testregisgroup/8.php' not found or unable to stat
[Tue Feb 24 01:22:00.151216 2026] [php:error] [pid 22365] [client 20.91.197.150:0] script '/domains/antiqueweb1/x12.php' not found or unable to stat
[Tue Feb 24 01:22:00.248921 2026] [php:error] [pid 22365] [client 20.91.197.150:0] script '/domains/antiqueweb1/41.php' not found or unable to stat
[Tue Feb 24 01:22:00.346923 2026] [php:error] [pid 22365] [client 20.91.197.150:0] script '/domains/antiqueweb1/ad2.php' not found or unable to stat
[Tue Feb 24 01:22:00.360421 2026] [php:error] [pid 22465] [client 20.212.6.161:0] script '/domains/testregisgroup/mass.php' not found or unable to stat
[Tue Feb 24 01:22:00.445565 2026] [php:error] [pid 22365] [client 20.91.197.150:0] script '/domains/antiqueweb1/sad8rd1.php' not found or unable to stat
[Tue Feb 24 01:22:00.544579 2026] [php:error] [pid 22365] [client 20.91.197.150:0] script '/domains/antiqueweb1/000.php' not found or unable to stat
[Tue Feb 24 01:22:00.591384 2026] [php:error] [pid 22465] [client 20.212.6.161:0] script '/domains/testregisgroup/rindex.php' not found or unable to stat
[Tue Feb 24 01:22:00.642557 2026] [php:error] [pid 22365] [client 20.91.197.150:0] script '/domains/antiqueweb1/a6s2.php' not found or unable to stat
[Tue Feb 24 01:22:00.740661 2026] [php:error] [pid 22365] [client 20.91.197.150:0] script '/domains/antiqueweb1/pepe.php' not found or unable to stat
[Tue Feb 24 01:22:00.821672 2026] [php:error] [pid 22465] [client 20.212.6.161:0] script '/domains/testregisgroup/hplfuns.php' not found or unable to stat
[Tue Feb 24 01:22:00.838625 2026] [php:error] [pid 22365] [client 20.91.197.150:0] script '/domains/antiqueweb1/new4.php' not found or unable to stat
[Tue Feb 24 01:22:01.034213 2026] [php:error] [pid 22365] [client 20.91.197.150:0] script '/domains/antiqueweb1/erty.php' not found or unable to stat
[Tue Feb 24 01:22:01.052457 2026] [php:error] [pid 22465] [client 20.212.6.161:0] script '/domains/testregisgroup/wp-plugins.php' not found or unable to stat
[Tue Feb 24 01:22:01.131912 2026] [php:error] [pid 22365] [client 20.91.197.150:0] script '/domains/antiqueweb1/mon.php' not found or unable to stat
[Tue Feb 24 01:22:01.229802 2026] [php:error] [pid 22365] [client 20.91.197.150:0] script '/domains/antiqueweb1/include.php' not found or unable to stat
[Tue Feb 24 01:22:01.283209 2026] [php:error] [pid 22465] [client 20.212.6.161:0] script '/domains/testregisgroup/add.php' not found or unable to stat
[Tue Feb 24 01:22:01.327878 2026] [php:error] [pid 22365] [client 20.91.197.150:0] script '/domains/antiqueweb1/edit-tags.php' not found or unable to stat
[Tue Feb 24 01:22:01.437307 2026] [php:error] [pid 22365] [client 20.91.197.150:0] script '/domains/antiqueweb1/ioxi-o.php' not found or unable to stat
[Tue Feb 24 01:22:01.731465 2026] [php:error] [pid 22365] [client 20.91.197.150:0] script '/domains/antiqueweb1/motu.php' not found or unable to stat
[Tue Feb 24 01:22:01.829344 2026] [php:error] [pid 22365] [client 20.91.197.150:0] script '/domains/antiqueweb1/wp-setting.php' not found or unable to stat
[Tue Feb 24 01:22:01.928919 2026] [php:error] [pid 22365] [client 20.91.197.150:0] script '/domains/antiqueweb1/zeal.php' not found or unable to stat
[Tue Feb 24 01:22:01.996147 2026] [php:error] [pid 22465] [client 20.212.6.161:0] script '/domains/testregisgroup/install.php' not found or unable to stat
[Tue Feb 24 01:22:02.027264 2026] [php:error] [pid 22365] [client 20.91.197.150:0] script '/domains/antiqueweb1/wp-config-sample.php' not found or unable to stat
[Tue Feb 24 01:22:02.126552 2026] [php:error] [pid 22365] [client 20.91.197.150:0] script '/domains/antiqueweb1/logs.php' not found or unable to stat
[Tue Feb 24 01:22:02.224318 2026] [php:error] [pid 22365] [client 20.91.197.150:0] script '/domains/antiqueweb1/s.php' not found or unable to stat
[Tue Feb 24 01:22:02.236171 2026] [php:error] [pid 22465] [client 20.212.6.161:0] script '/domains/testregisgroup/wp-22.php' not found or unable to stat
[Tue Feb 24 01:22:02.419905 2026] [php:error] [pid 22365] [client 20.91.197.150:0] script '/domains/antiqueweb1/b.php' not found or unable to stat
[Tue Feb 24 01:22:02.517725 2026] [php:error] [pid 22365] [client 20.91.197.150:0] script '/domains/antiqueweb1/webdb.php' not found or unable to stat
[Tue Feb 24 01:22:02.616119 2026] [php:error] [pid 22365] [client 20.91.197.150:0] script '/domains/antiqueweb1/lp6.php' not found or unable to stat
[Tue Feb 24 01:22:02.713837 2026] [php:error] [pid 22365] [client 20.91.197.150:0] script '/domains/antiqueweb1/666.php' not found or unable to stat
[Tue Feb 24 01:22:02.818011 2026] [php:error] [pid 22365] [client 20.91.197.150:0] script '/domains/antiqueweb1/8.php' not found or unable to stat
[Tue Feb 24 01:22:02.916131 2026] [php:error] [pid 22365] [client 20.91.197.150:0] script '/domains/antiqueweb1/mass.php' not found or unable to stat
[Tue Feb 24 01:22:03.014322 2026] [php:error] [pid 22365] [client 20.91.197.150:0] script '/domains/antiqueweb1/rindex.php' not found or unable to stat
[Tue Feb 24 01:22:03.112265 2026] [php:error] [pid 22365] [client 20.91.197.150:0] script '/domains/antiqueweb1/hplfuns.php' not found or unable to stat
[Tue Feb 24 01:22:03.210522 2026] [php:error] [pid 22365] [client 20.91.197.150:0] script '/domains/antiqueweb1/wp-plugins.php' not found or unable to stat
[Tue Feb 24 01:22:03.297518 2026] [php:error] [pid 22465] [client 20.212.6.161:0] script '/domains/testregisgroup/xa.php' not found or unable to stat
[Tue Feb 24 01:22:03.308337 2026] [php:error] [pid 22365] [client 20.91.197.150:0] script '/domains/antiqueweb1/add.php' not found or unable to stat
[Tue Feb 24 01:22:03.551287 2026] [php:error] [pid 22465] [client 20.212.6.161:0] script '/domains/testregisgroup/acp.php' not found or unable to stat
[Tue Feb 24 01:22:03.602089 2026] [php:error] [pid 22365] [client 20.91.197.150:0] script '/domains/antiqueweb1/install.php' not found or unable to stat
[Tue Feb 24 01:22:03.705658 2026] [php:error] [pid 22365] [client 20.91.197.150:0] script '/domains/antiqueweb1/wp-22.php' not found or unable to stat
[Tue Feb 24 01:22:04.103260 2026] [php:error] [pid 22365] [client 20.91.197.150:0] script '/domains/antiqueweb1/xa.php' not found or unable to stat
[Tue Feb 24 01:22:04.177101 2026] [cgi:error] [pid 22459] [client 72.57.99.75:0] AH01215: stderr from /domains/abtechsci/cgi-bin/CustomerSurvey.cgi: [Tue Feb 24 01:22:04 2026] CustomerSurvey.cgi: CGI::param called in list context from /domains/abtechsci/cgi-bin/CustomerSurvey.cgi line 42, this can lead to vulnerabilities. See the warning in "Fetching the value or values of a single named parameter" at /usr/local/lib/perl5/site_perl/CGI.pm line 416., referer: http://abtechsci.com/customserv.html
[Tue Feb 24 01:22:04.201565 2026] [php:error] [pid 22365] [client 20.91.197.150:0] script '/domains/antiqueweb1/acp.php' not found or unable to stat
[Tue Feb 24 01:22:04.300564 2026] [php:error] [pid 22365] [client 20.91.197.150:0] script '/domains/antiqueweb1/cgi-bin/upfile.php' not found or unable to stat
[Tue Feb 24 01:22:04.398720 2026] [php:error] [pid 22365] [client 20.91.197.150:0] script '/domains/antiqueweb1/payment.php' not found or unable to stat
[Tue Feb 24 01:22:04.496573 2026] [php:error] [pid 22365] [client 20.91.197.150:0] script '/domains/antiqueweb1/wp-info.php' not found or unable to stat
[Tue Feb 24 01:22:04.595563 2026] [php:error] [pid 22365] [client 20.91.197.150:0] script '/domains/antiqueweb1/alfa.php' not found or unable to stat
[Tue Feb 24 01:22:04.693551 2026] [php:error] [pid 22365] [client 20.91.197.150:0] script '/domains/antiqueweb1/kill.php' not found or unable to stat
[Tue Feb 24 01:22:04.889425 2026] [php:error] [pid 22365] [client 20.91.197.150:0] script '/domains/antiqueweb1/atomlib.php' not found or unable to stat
[Tue Feb 24 01:22:04.987649 2026] [php:error] [pid 22365] [client 20.91.197.150:0] script '/domains/antiqueweb1/cgi-bin/lsd.php' not found or unable to stat
[Tue Feb 24 01:22:05.022834 2026] [php:error] [pid 22465] [client 20.212.6.161:0] script '/domains/testregisgroup/payment.php' not found or unable to stat
[Tue Feb 24 01:22:05.092336 2026] [php:error] [pid 22365] [client 20.91.197.150:0] script '/domains/antiqueweb1/text.php' not found or unable to stat
[Tue Feb 24 01:22:05.190664 2026] [php:error] [pid 22365] [client 20.91.197.150:0] script '/domains/antiqueweb1/info.php' not found or unable to stat
[Tue Feb 24 01:22:05.253600 2026] [php:error] [pid 22465] [client 20.212.6.161:0] script '/domains/testregisgroup/wp-info.php' not found or unable to stat
[Tue Feb 24 01:22:05.288903 2026] [php:error] [pid 22365] [client 20.91.197.150:0] script '/domains/antiqueweb1/co.php' not found or unable to stat
[Tue Feb 24 01:22:05.386805 2026] [php:error] [pid 22365] [client 20.91.197.150:0] script '/domains/antiqueweb1/X57.php' not found or unable to stat
[Tue Feb 24 01:22:05.484681 2026] [php:error] [pid 22465] [client 20.212.6.161:0] script '/domains/testregisgroup/alfa.php' not found or unable to stat
[Tue Feb 24 01:22:05.484681 2026] [php:error] [pid 22365] [client 20.91.197.150:0] script '/domains/antiqueweb1/makeasmtp.php' not found or unable to stat
[Tue Feb 24 01:22:05.680275 2026] [php:error] [pid 22365] [client 20.91.197.150:0] script '/domains/antiqueweb1/123.php' not found or unable to stat
[Tue Feb 24 01:22:05.714991 2026] [php:error] [pid 22465] [client 20.212.6.161:0] script '/domains/testregisgroup/kill.php' not found or unable to stat
[Tue Feb 24 01:22:05.778119 2026] [php:error] [pid 22365] [client 20.91.197.150:0] script '/domains/antiqueweb1/options-discussion.php' not found or unable to stat
[Tue Feb 24 01:22:05.875828 2026] [php:error] [pid 22365] [client 20.91.197.150:0] script '/domains/antiqueweb1/a4.php' not found or unable to stat
[Tue Feb 24 01:22:05.973545 2026] [php:error] [pid 22365] [client 20.91.197.150:0] script '/domains/antiqueweb1/1.php' not found or unable to stat
[Tue Feb 24 01:22:06.071490 2026] [php:error] [pid 22365] [client 20.91.197.150:0] script '/domains/antiqueweb1/sys.php' not found or unable to stat
[Tue Feb 24 01:22:06.202063 2026] [php:error] [pid 22465] [client 20.212.6.161:0] script '/domains/testregisgroup/atomlib.php' not found or unable to stat
[Tue Feb 24 01:22:06.267387 2026] [php:error] [pid 22365] [client 20.91.197.150:0] script '/domains/antiqueweb1/credits.php' not found or unable to stat
[Tue Feb 24 01:22:06.558234 2026] [php:error] [pid 22462] [client 20.91.197.150:0] script '/domains/antiqueweb1/R57.php' not found or unable to stat
[Tue Feb 24 01:22:06.655698 2026] [php:error] [pid 22462] [client 20.91.197.150:0] script '/domains/antiqueweb1/txets.php' not found or unable to stat
[Tue Feb 24 01:22:06.753222 2026] [php:error] [pid 22462] [client 20.91.197.150:0] script '/domains/antiqueweb1/wp-blog.php' not found or unable to stat
[Tue Feb 24 01:22:06.851237 2026] [php:error] [pid 22462] [client 20.91.197.150:0] script '/domains/antiqueweb1/wp-blog-header.php' not found or unable to stat
[Tue Feb 24 01:22:06.948366 2026] [php:error] [pid 22462] [client 20.91.197.150:0] script '/domains/antiqueweb1/file2.php' not found or unable to stat
[Tue Feb 24 01:22:07.142603 2026] [php:error] [pid 22462] [client 20.91.197.150:0] script '/domains/antiqueweb1/inputs.php' not found or unable to stat
[Tue Feb 24 01:22:07.240090 2026] [php:error] [pid 22462] [client 20.91.197.150:0] script '/domains/antiqueweb1/gettest.php' not found or unable to stat
[Tue Feb 24 01:22:07.337689 2026] [php:error] [pid 22462] [client 20.91.197.150:0] script '/domains/antiqueweb1/term.php' not found or unable to stat
[Tue Feb 24 01:22:07.434936 2026] [php:error] [pid 22462] [client 20.91.197.150:0] script '/domains/antiqueweb1/koiy.php' not found or unable to stat
[Tue Feb 24 01:22:07.532139 2026] [php:error] [pid 22462] [client 20.91.197.150:0] script '/domains/antiqueweb1/plugins.php' not found or unable to stat
[Tue Feb 24 01:22:07.629932 2026] [php:error] [pid 22462] [client 20.91.197.150:0] script '/domains/antiqueweb1/cmdo.php' not found or unable to stat
[Tue Feb 24 01:22:07.732730 2026] [php:error] [pid 22462] [client 20.91.197.150:0] script '/domains/antiqueweb1/lkui.php' not found or unable to stat
[Tue Feb 24 01:22:07.830076 2026] [php:error] [pid 22465] [client 20.212.6.161:0] script '/domains/testregisgroup/text.php' not found or unable to stat
[Tue Feb 24 01:22:08.078726 2026] [php:error] [pid 22465] [client 20.212.6.161:0] script '/domains/testregisgroup/info.php' not found or unable to stat
[Tue Feb 24 01:22:08.121586 2026] [php:error] [pid 22462] [client 20.91.197.150:0] script '/domains/antiqueweb1/ws72.php' not found or unable to stat
[Tue Feb 24 01:22:08.315677 2026] [php:error] [pid 22462] [client 20.91.197.150:0] script '/domains/antiqueweb1/root.php' not found or unable to stat
[Tue Feb 24 01:22:08.333355 2026] [php:error] [pid 22465] [client 20.212.6.161:0] script '/domains/testregisgroup/co.php' not found or unable to stat
[Tue Feb 24 01:22:08.569864 2026] [php:error] [pid 22465] [client 20.212.6.161:0] script '/domains/testregisgroup/X57.php' not found or unable to stat
[Tue Feb 24 01:22:08.607617 2026] [php:error] [pid 22462] [client 20.91.197.150:0] script '/domains/antiqueweb1/options.php' not found or unable to stat
[Tue Feb 24 01:22:08.705811 2026] [php:error] [pid 22462] [client 20.91.197.150:0] script '/domains/antiqueweb1/wp-cache.php' not found or unable to stat
[Tue Feb 24 01:22:08.803420 2026] [php:error] [pid 22462] [client 20.91.197.150:0] script '/domains/antiqueweb1/admin-footer.php' not found or unable to stat
[Tue Feb 24 01:22:08.805837 2026] [php:error] [pid 22465] [client 20.212.6.161:0] script '/domains/testregisgroup/makeasmtp.php' not found or unable to stat
[Tue Feb 24 01:22:08.900334 2026] [php:error] [pid 22462] [client 20.91.197.150:0] script '/domains/antiqueweb1/db.php' not found or unable to stat
[Tue Feb 24 01:22:09.014673 2026] [php:error] [pid 22462] [client 20.91.197.150:0] script '/domains/antiqueweb1/media-upload.php' not found or unable to stat
[Tue Feb 24 01:22:09.111855 2026] [php:error] [pid 22462] [client 20.91.197.150:0] script '/domains/antiqueweb1/sc.php' not found or unable to stat
[Tue Feb 24 01:22:09.208951 2026] [php:error] [pid 22462] [client 20.91.197.150:0] script '/domains/antiqueweb1/166.php' not found or unable to stat
[Tue Feb 24 01:22:09.276472 2026] [php:error] [pid 22465] [client 20.212.6.161:0] script '/domains/testregisgroup/123.php' not found or unable to stat
[Tue Feb 24 01:22:09.305971 2026] [php:error] [pid 22462] [client 20.91.197.150:0] script '/domains/antiqueweb1/lib.php' not found or unable to stat
[Tue Feb 24 01:22:09.403010 2026] [php:error] [pid 22462] [client 20.91.197.150:0] script '/domains/antiqueweb1/ms.php' not found or unable to stat
[Tue Feb 24 01:22:09.469763 2026] [php:error] [pid 22466] [client 74.248.96.218:0] script '/domains/bfitpro2/cwclass.php' not found or unable to stat
[Tue Feb 24 01:22:09.500361 2026] [php:error] [pid 22462] [client 20.91.197.150:0] script '/domains/antiqueweb1/core.php' not found or unable to stat
[Tue Feb 24 01:22:09.506616 2026] [php:error] [pid 22465] [client 20.212.6.161:0] script '/domains/testregisgroup/options-discussion.php' not found or unable to stat
[Tue Feb 24 01:22:09.582213 2026] [php:error] [pid 22466] [client 74.248.96.218:0] script '/domains/bfitpro2/class-cc.php' not found or unable to stat
[Tue Feb 24 01:22:09.597779 2026] [php:error] [pid 22462] [client 20.91.197.150:0] script '/domains/antiqueweb1/widgets.php' not found or unable to stat
[Tue Feb 24 01:22:09.691933 2026] [php:error] [pid 22466] [client 74.248.96.218:0] script '/domains/bfitpro2/lite.php' not found or unable to stat
[Tue Feb 24 01:22:09.694932 2026] [php:error] [pid 22462] [client 20.91.197.150:0] script '/domains/antiqueweb1/berlin.php' not found or unable to stat
[Tue Feb 24 01:22:09.792004 2026] [php:error] [pid 22462] [client 20.91.197.150:0] script '/domains/antiqueweb1/freedoms.php' not found or unable to stat
[Tue Feb 24 01:22:09.802860 2026] [php:error] [pid 22466] [client 74.248.96.218:0] script '/domains/bfitpro2/rrb.php' not found or unable to stat
[Tue Feb 24 01:22:09.889284 2026] [php:error] [pid 22462] [client 20.91.197.150:0] script '/domains/antiqueweb1/simple.php' not found or unable to stat
[Tue Feb 24 01:22:09.952507 2026] [php:error] [pid 22466] [client 74.248.96.218:0] script '/domains/bfitpro2/mariju.php' not found or unable to stat
[Tue Feb 24 01:22:09.965424 2026] [php:error] [pid 22465] [client 20.212.6.161:0] script '/domains/testregisgroup/a4.php' not found or unable to stat
[Tue Feb 24 01:22:09.986465 2026] [php:error] [pid 22462] [client 20.91.197.150:0] script '/domains/antiqueweb1/aa.php' not found or unable to stat
[Tue Feb 24 01:22:10.058297 2026] [php:error] [pid 22466] [client 74.248.96.218:0] script '/domains/bfitpro2/xenium4.php' not found or unable to stat
[Tue Feb 24 01:22:10.167167 2026] [php:error] [pid 22466] [client 74.248.96.218:0] script '/domains/bfitpro2/jsonq.php' not found or unable to stat
[Tue Feb 24 01:22:10.180803 2026] [php:error] [pid 22462] [client 20.91.197.150:0] script '/domains/antiqueweb1/mjq.php' not found or unable to stat
[Tue Feb 24 01:22:10.220472 2026] [php:error] [pid 22465] [client 20.212.6.161:0] script '/domains/testregisgroup/1.php' not found or unable to stat
[Tue Feb 24 01:22:10.278236 2026] [php:error] [pid 22462] [client 20.91.197.150:0] script '/domains/antiqueweb1/71.php' not found or unable to stat
[Tue Feb 24 01:22:10.375595 2026] [php:error] [pid 22462] [client 20.91.197.150:0] script '/domains/antiqueweb1/lock.php' not found or unable to stat
[Tue Feb 24 01:22:10.375595 2026] [php:error] [pid 22466] [client 74.248.96.218:0] script '/domains/bfitpro2/wp-fast.php' not found or unable to stat
[Tue Feb 24 01:22:10.467128 2026] [php:error] [pid 22465] [client 20.212.6.161:0] script '/domains/testregisgroup/sys.php' not found or unable to stat
[Tue Feb 24 01:22:10.473690 2026] [php:error] [pid 22462] [client 20.91.197.150:0] script '/domains/antiqueweb1/database.php' not found or unable to stat
[Tue Feb 24 01:22:10.479573 2026] [php:error] [pid 22466] [client 74.248.96.218:0] script '/domains/bfitpro2/yas.php' not found or unable to stat
[Tue Feb 24 01:22:10.570713 2026] [php:error] [pid 22462] [client 20.91.197.150:0] script '/domains/antiqueweb1/wp-login.php' not found or unable to stat
[Tue Feb 24 01:22:10.669256 2026] [php:error] [pid 22462] [client 20.91.197.150:0] script '/domains/antiqueweb1/admin-header.php' not found or unable to stat
[Tue Feb 24 01:22:10.872200 2026] [php:error] [pid 22462] [client 20.91.197.150:0] script '/domains/antiqueweb1/edit.php' not found or unable to stat
[Tue Feb 24 01:22:10.937321 2026] [php:error] [pid 22465] [client 20.212.6.161:0] script '/domains/testregisgroup/credits.php' not found or unable to stat
[Tue Feb 24 01:22:10.972555 2026] [php:error] [pid 22462] [client 20.91.197.150:0] script '/domains/antiqueweb1/plugin.php' not found or unable to stat
[Tue Feb 24 01:22:11.069780 2026] [php:error] [pid 22462] [client 20.91.197.150:0] script '/domains/antiqueweb1/init.php' not found or unable to stat
[Tue Feb 24 01:22:11.167078 2026] [php:error] [pid 22462] [client 20.91.197.150:0] script '/domains/antiqueweb1/pop.php' not found or unable to stat
[Tue Feb 24 01:22:11.266474 2026] [php:error] [pid 22462] [client 20.91.197.150:0] script '/domains/antiqueweb1/zeng.php' not found or unable to stat
[Tue Feb 24 01:22:11.462021 2026] [php:error] [pid 22462] [client 20.91.197.150:0] script '/domains/antiqueweb1/checkbex.php' not found or unable to stat
[Tue Feb 24 01:22:11.754049 2026] [php:error] [pid 22462] [client 20.91.197.150:0] script '/domains/antiqueweb1/options-head.php' not found or unable to stat
[Tue Feb 24 01:22:11.851162 2026] [php:error] [pid 22462] [client 20.91.197.150:0] script '/domains/antiqueweb1/ty.php' not found or unable to stat
[Tue Feb 24 01:22:11.948952 2026] [php:error] [pid 22462] [client 20.91.197.150:0] script '/domains/antiqueweb1/we.php' not found or unable to stat
[Tue Feb 24 01:22:12.046355 2026] [php:error] [pid 22462] [client 20.91.197.150:0] script '/domains/antiqueweb1/themes.php' not found or unable to stat
[Tue Feb 24 01:22:12.144613 2026] [php:error] [pid 22462] [client 20.91.197.150:0] script '/domains/antiqueweb1/go.php' not found or unable to stat
[Tue Feb 24 01:22:12.338896 2026] [php:error] [pid 22462] [client 20.91.197.150:0] script '/domains/antiqueweb1/my.php' not found or unable to stat
[Tue Feb 24 01:22:12.437994 2026] [php:error] [pid 22462] [client 20.91.197.150:0] script '/domains/antiqueweb1/p.php' not found or unable to stat
[Tue Feb 24 01:22:12.536499 2026] [php:error] [pid 22462] [client 20.91.197.150:0] script '/domains/antiqueweb1/ws66.php' not found or unable to stat
[Tue Feb 24 01:22:12.731197 2026] [php:error] [pid 22462] [client 20.91.197.150:0] script '/domains/antiqueweb1/user-new.php' not found or unable to stat
[Tue Feb 24 01:22:15.078698 2026] [php:error] [pid 22452] [client 4.232.88.90:0] script '/domains/bfitpro2/cwclass.php' not found or unable to stat
[Tue Feb 24 01:22:15.169295 2026] [php:error] [pid 22452] [client 4.232.88.90:0] script '/domains/bfitpro2/class-cc.php' not found or unable to stat
[Tue Feb 24 01:22:15.261614 2026] [php:error] [pid 22452] [client 4.232.88.90:0] script '/domains/bfitpro2/lite.php' not found or unable to stat
[Tue Feb 24 01:22:15.357089 2026] [php:error] [pid 22452] [client 4.232.88.90:0] script '/domains/bfitpro2/rrb.php' not found or unable to stat
[Tue Feb 24 01:22:15.450785 2026] [php:error] [pid 22452] [client 4.232.88.90:0] script '/domains/bfitpro2/mariju.php' not found or unable to stat
[Tue Feb 24 01:22:15.547733 2026] [php:error] [pid 22452] [client 4.232.88.90:0] script '/domains/bfitpro2/xenium4.php' not found or unable to stat
[Tue Feb 24 01:22:15.644253 2026] [php:error] [pid 22452] [client 4.232.88.90:0] script '/domains/bfitpro2/jsonq.php' not found or unable to stat
[Tue Feb 24 01:22:15.825051 2026] [php:error] [pid 22452] [client 4.232.88.90:0] script '/domains/bfitpro2/wp-fast.php' not found or unable to stat
[Tue Feb 24 01:22:15.928960 2026] [php:error] [pid 22452] [client 4.232.88.90:0] script '/domains/bfitpro2/yas.php' not found or unable to stat
[Tue Feb 24 01:22:16.099335 2026] [php:error] [pid 22475] [client 20.212.6.161:0] script '/domains/testregisgroup/R57.php' not found or unable to stat
[Tue Feb 24 01:22:17.448199 2026] [php:error] [pid 22475] [client 20.212.6.161:0] script '/domains/testregisgroup/txets.php' not found or unable to stat
[Tue Feb 24 01:22:17.700631 2026] [php:error] [pid 22475] [client 20.212.6.161:0] script '/domains/testregisgroup/wp-blog.php' not found or unable to stat
[Tue Feb 24 01:22:17.937420 2026] [php:error] [pid 22475] [client 20.212.6.161:0] script '/domains/testregisgroup/wp-blog-header.php' not found or unable to stat
[Tue Feb 24 01:22:18.164319 2026] [php:error] [pid 22475] [client 20.212.6.161:0] script '/domains/testregisgroup/file2.php' not found or unable to stat
[Tue Feb 24 01:22:18.892669 2026] [php:error] [pid 22475] [client 20.212.6.161:0] script '/domains/testregisgroup/inputs.php' not found or unable to stat
[Tue Feb 24 01:22:19.130166 2026] [php:error] [pid 22475] [client 20.212.6.161:0] script '/domains/testregisgroup/gettest.php' not found or unable to stat
[Tue Feb 24 01:22:19.366788 2026] [php:error] [pid 22475] [client 20.212.6.161:0] script '/domains/testregisgroup/term.php' not found or unable to stat
[Tue Feb 24 01:22:19.631955 2026] [php:error] [pid 22475] [client 20.212.6.161:0] script '/domains/testregisgroup/koiy.php' not found or unable to stat
[Tue Feb 24 01:22:19.859363 2026] [php:error] [pid 22475] [client 20.212.6.161:0] script '/domains/testregisgroup/plugins.php' not found or unable to stat
[Tue Feb 24 01:22:20.086572 2026] [php:error] [pid 22475] [client 20.212.6.161:0] script '/domains/testregisgroup/cmdo.php' not found or unable to stat
[Tue Feb 24 01:22:20.313441 2026] [php:error] [pid 22475] [client 20.212.6.161:0] script '/domains/testregisgroup/lkui.php' not found or unable to stat
[Tue Feb 24 01:22:21.273991 2026] [php:error] [pid 22475] [client 20.212.6.161:0] script '/domains/testregisgroup/ws72.php' not found or unable to stat
[Tue Feb 24 01:22:21.749987 2026] [php:error] [pid 22475] [client 20.212.6.161:0] script '/domains/testregisgroup/root.php' not found or unable to stat
[Tue Feb 24 01:22:22.438199 2026] [php:error] [pid 22475] [client 20.212.6.161:0] script '/domains/testregisgroup/options.php' not found or unable to stat
[Tue Feb 24 01:22:22.666830 2026] [php:error] [pid 22475] [client 20.212.6.161:0] script '/domains/testregisgroup/wp-cache.php' not found or unable to stat
[Tue Feb 24 01:22:22.916000 2026] [php:error] [pid 22475] [client 20.212.6.161:0] script '/domains/testregisgroup/admin-footer.php' not found or unable to stat
[Tue Feb 24 01:22:23.153494 2026] [php:error] [pid 22475] [client 20.212.6.161:0] script '/domains/testregisgroup/db.php' not found or unable to stat
[Tue Feb 24 01:22:23.380724 2026] [php:error] [pid 22475] [client 20.212.6.161:0] script '/domains/testregisgroup/media-upload.php' not found or unable to stat
[Tue Feb 24 01:22:23.625601 2026] [php:error] [pid 22475] [client 20.212.6.161:0] script '/domains/testregisgroup/sc.php' not found or unable to stat
[Tue Feb 24 01:22:23.868552 2026] [php:error] [pid 22475] [client 20.212.6.161:0] script '/domains/testregisgroup/166.php' not found or unable to stat
[Tue Feb 24 01:22:24.097806 2026] [php:error] [pid 22475] [client 20.212.6.161:0] script '/domains/testregisgroup/lib.php' not found or unable to stat
[Tue Feb 24 01:22:24.324746 2026] [php:error] [pid 22475] [client 20.212.6.161:0] script '/domains/testregisgroup/ms.php' not found or unable to stat
[Tue Feb 24 01:22:24.551788 2026] [php:error] [pid 22475] [client 20.212.6.161:0] script '/domains/testregisgroup/core.php' not found or unable to stat
[Tue Feb 24 01:22:24.787947 2026] [php:error] [pid 22475] [client 20.212.6.161:0] script '/domains/testregisgroup/widgets.php' not found or unable to stat
[Tue Feb 24 01:22:26.459288 2026] [php:error] [pid 22475] [client 20.212.6.161:0] script '/domains/testregisgroup/berlin.php' not found or unable to stat
[Tue Feb 24 01:22:26.688796 2026] [php:error] [pid 22475] [client 20.212.6.161:0] script '/domains/testregisgroup/freedoms.php' not found or unable to stat
[Tue Feb 24 01:22:26.915826 2026] [php:error] [pid 22475] [client 20.212.6.161:0] script '/domains/testregisgroup/simple.php' not found or unable to stat
[Tue Feb 24 01:22:27.145890 2026] [php:error] [pid 22475] [client 20.212.6.161:0] script '/domains/testregisgroup/aa.php' not found or unable to stat
[Tue Feb 24 01:22:27.616756 2026] [php:error] [pid 22475] [client 20.212.6.161:0] script '/domains/testregisgroup/mjq.php' not found or unable to stat
[Tue Feb 24 01:22:27.866870 2026] [php:error] [pid 22475] [client 20.212.6.161:0] script '/domains/testregisgroup/71.php' not found or unable to stat
[Tue Feb 24 01:22:28.349757 2026] [php:error] [pid 22475] [client 20.212.6.161:0] script '/domains/testregisgroup/lock.php' not found or unable to stat
[Tue Feb 24 01:22:28.592942 2026] [php:error] [pid 22475] [client 20.212.6.161:0] script '/domains/testregisgroup/database.php' not found or unable to stat
[Tue Feb 24 01:22:28.830111 2026] [php:error] [pid 22475] [client 20.212.6.161:0] script '/domains/testregisgroup/wp-login.php' not found or unable to stat
[Tue Feb 24 01:22:29.065573 2026] [php:error] [pid 22475] [client 20.212.6.161:0] script '/domains/testregisgroup/admin-header.php' not found or unable to stat
[Tue Feb 24 01:22:29.416083 2026] [php:error] [pid 22480] [client 20.111.62.157:0] script '/domains/familyplayhouse2/cwclass.php' not found or unable to stat
[Tue Feb 24 01:22:29.503535 2026] [php:error] [pid 22480] [client 20.111.62.157:0] script '/domains/familyplayhouse2/class-cc.php' not found or unable to stat
[Tue Feb 24 01:22:29.531214 2026] [php:error] [pid 22475] [client 20.212.6.161:0] script '/domains/testregisgroup/edit.php' not found or unable to stat
[Tue Feb 24 01:22:29.591048 2026] [php:error] [pid 22480] [client 20.111.62.157:0] script '/domains/familyplayhouse2/lite.php' not found or unable to stat
[Tue Feb 24 01:22:29.677981 2026] [php:error] [pid 22480] [client 20.111.62.157:0] script '/domains/familyplayhouse2/rrb.php' not found or unable to stat
[Tue Feb 24 01:22:29.757735 2026] [php:error] [pid 22475] [client 20.212.6.161:0] script '/domains/testregisgroup/plugin.php' not found or unable to stat
[Tue Feb 24 01:22:29.764815 2026] [php:error] [pid 22480] [client 20.111.62.157:0] script '/domains/familyplayhouse2/mariju.php' not found or unable to stat
[Tue Feb 24 01:22:29.854842 2026] [php:error] [pid 22480] [client 20.111.62.157:0] script '/domains/familyplayhouse2/xenium4.php' not found or unable to stat
[Tue Feb 24 01:22:29.945135 2026] [php:error] [pid 22480] [client 20.111.62.157:0] script '/domains/familyplayhouse2/jsonq.php' not found or unable to stat
[Tue Feb 24 01:22:29.984864 2026] [php:error] [pid 22475] [client 20.212.6.161:0] script '/domains/testregisgroup/init.php' not found or unable to stat
[Tue Feb 24 01:22:30.132386 2026] [php:error] [pid 22480] [client 20.111.62.157:0] script '/domains/familyplayhouse2/wp-fast.php' not found or unable to stat
[Tue Feb 24 01:22:30.212185 2026] [php:error] [pid 22475] [client 20.212.6.161:0] script '/domains/testregisgroup/pop.php' not found or unable to stat
[Tue Feb 24 01:22:30.222714 2026] [php:error] [pid 22480] [client 20.111.62.157:0] script '/domains/familyplayhouse2/yas.php' not found or unable to stat
[Tue Feb 24 01:22:30.461019 2026] [php:error] [pid 22475] [client 20.212.6.161:0] script '/domains/testregisgroup/zeng.php' not found or unable to stat
[Tue Feb 24 01:22:30.914244 2026] [php:error] [pid 22475] [client 20.212.6.161:0] script '/domains/testregisgroup/checkbex.php' not found or unable to stat
[Tue Feb 24 01:22:31.617732 2026] [php:error] [pid 22475] [client 20.212.6.161:0] script '/domains/testregisgroup/options-head.php' not found or unable to stat
[Tue Feb 24 01:22:31.875671 2026] [php:error] [pid 22475] [client 20.212.6.161:0] script '/domains/testregisgroup/ty.php' not found or unable to stat
[Tue Feb 24 01:22:32.105049 2026] [php:error] [pid 22475] [client 20.212.6.161:0] script '/domains/testregisgroup/we.php' not found or unable to stat
[Tue Feb 24 01:22:32.339332 2026] [php:error] [pid 22475] [client 20.212.6.161:0] script '/domains/testregisgroup/themes.php' not found or unable to stat
[Tue Feb 24 01:22:32.594286 2026] [php:error] [pid 22475] [client 20.212.6.161:0] script '/domains/testregisgroup/go.php' not found or unable to stat
[Tue Feb 24 01:22:33.059783 2026] [php:error] [pid 22475] [client 20.212.6.161:0] script '/domains/testregisgroup/my.php' not found or unable to stat
[Tue Feb 24 01:22:33.315175 2026] [php:error] [pid 22475] [client 20.212.6.161:0] script '/domains/testregisgroup/p.php' not found or unable to stat
[Tue Feb 24 01:22:33.553153 2026] [php:error] [pid 22475] [client 20.212.6.161:0] script '/domains/testregisgroup/ws66.php' not found or unable to stat
[Tue Feb 24 01:22:34.006761 2026] [php:error] [pid 22475] [client 20.212.6.161:0] script '/domains/testregisgroup/user-new.php' not found or unable to stat
[Tue Feb 24 01:23:05.130843 2026] [php:error] [pid 22490] [client 218.67.82.170:0] script '/domains/ebon/1234.php' not found or unable to stat, referer: http://www.nervepool.net/1234.php
[Tue Feb 24 01:23:30.985744 2026] [php:error] [pid 22502] [client 20.111.44.121:0] script '/domains/brenties/cwclass.php' not found or unable to stat
[Tue Feb 24 01:23:31.072129 2026] [php:error] [pid 22502] [client 20.111.44.121:0] script '/domains/brenties/class-cc.php' not found or unable to stat
[Tue Feb 24 01:23:31.158007 2026] [php:error] [pid 22502] [client 20.111.44.121:0] script '/domains/brenties/lite.php' not found or unable to stat
[Tue Feb 24 01:23:31.244024 2026] [php:error] [pid 22502] [client 20.111.44.121:0] script '/domains/brenties/rrb.php' not found or unable to stat
[Tue Feb 24 01:23:31.337837 2026] [php:error] [pid 22502] [client 20.111.44.121:0] script '/domains/brenties/mariju.php' not found or unable to stat
[Tue Feb 24 01:23:31.424213 2026] [php:error] [pid 22502] [client 20.111.44.121:0] script '/domains/brenties/xenium4.php' not found or unable to stat
[Tue Feb 24 01:23:31.519190 2026] [php:error] [pid 22502] [client 20.111.44.121:0] script '/domains/brenties/jsonq.php' not found or unable to stat
[Tue Feb 24 01:23:31.725870 2026] [php:error] [pid 22502] [client 20.111.44.121:0] script '/domains/brenties/wp-fast.php' not found or unable to stat
[Tue Feb 24 01:23:31.812315 2026] [php:error] [pid 22502] [client 20.111.44.121:0] script '/domains/brenties/yas.php' not found or unable to stat
[Tue Feb 24 01:24:07.486285 2026] [php:error] [pid 22508] [client 4.196.161.14:0] script '/domains/quintet/wp-trackback.php' not found or unable to stat
[Tue Feb 24 01:24:07.685832 2026] [php:error] [pid 22508] [client 4.196.161.14:0] script '/domains/quintet/about.php' not found or unable to stat
[Tue Feb 24 01:24:07.885694 2026] [php:error] [pid 22508] [client 4.196.161.14:0] script '/domains/quintet/file.php' not found or unable to stat
[Tue Feb 24 01:24:08.085435 2026] [php:error] [pid 22508] [client 4.196.161.14:0] script '/domains/quintet/wp-good.php' not found or unable to stat
[Tue Feb 24 01:24:08.284797 2026] [php:error] [pid 22508] [client 4.196.161.14:0] script '/domains/quintet/xmlrpc.php' not found or unable to stat
[Tue Feb 24 01:24:08.484548 2026] [php:error] [pid 22508] [client 4.196.161.14:0] script '/domains/quintet/goods.php' not found or unable to stat
[Tue Feb 24 01:24:08.683940 2026] [php:error] [pid 22508] [client 4.196.161.14:0] script '/domains/quintet/ioxi-o.php' not found or unable to stat
[Tue Feb 24 01:24:08.883275 2026] [php:error] [pid 22508] [client 4.196.161.14:0] script '/domains/quintet/class-t.api.php' not found or unable to stat
[Tue Feb 24 01:24:09.083081 2026] [php:error] [pid 22508] [client 4.196.161.14:0] script '/domains/quintet/admin.php' not found or unable to stat
[Tue Feb 24 01:24:09.282426 2026] [php:error] [pid 22508] [client 4.196.161.14:0] script '/domains/quintet/sf.php' not found or unable to stat
[Tue Feb 24 01:24:09.507067 2026] [php:error] [pid 22508] [client 4.196.161.14:0] script '/domains/quintet/rip.php' not found or unable to stat
[Tue Feb 24 01:24:09.706586 2026] [php:error] [pid 22508] [client 4.196.161.14:0] script '/domains/quintet/autoload_classmap.php' not found or unable to stat
[Tue Feb 24 01:24:09.906076 2026] [php:error] [pid 22508] [client 4.196.161.14:0] script '/domains/quintet/chosen.php' not found or unable to stat
[Tue Feb 24 01:24:10.106739 2026] [php:error] [pid 22508] [client 4.196.161.14:0] script '/domains/quintet/classwithtostring.php' not found or unable to stat
[Tue Feb 24 01:24:10.306738 2026] [php:error] [pid 22508] [client 4.196.161.14:0] script '/domains/quintet/defaults.php' not found or unable to stat
[Tue Feb 24 01:24:11.348988 2026] [php:error] [pid 22508] [client 4.196.161.14:0] script '/domains/quintet/info.php' not found or unable to stat
[Tue Feb 24 01:24:12.749857 2026] [php:error] [pid 22508] [client 4.196.161.14:0] script '/domains/quintet/adminfuns.php' not found or unable to stat
[Tue Feb 24 01:25:01.805528 2026] [php:error] [pid 22523] [client 20.14.131.24:0] script '/domains/deltaele/class-t.api.php' not found or unable to stat
[Tue Feb 24 01:25:01.813766 2026] [php:error] [pid 22523] [client 20.14.131.24:0] script '/domains/deltaele/zwso.php' not found or unable to stat
[Tue Feb 24 01:25:01.854070 2026] [php:error] [pid 22523] [client 20.14.131.24:0] script '/domains/deltaele/class19.php' not found or unable to stat
[Tue Feb 24 01:25:01.887287 2026] [php:error] [pid 22523] [client 20.14.131.24:0] script '/domains/deltaele/class20.php' not found or unable to stat
[Tue Feb 24 01:25:01.895367 2026] [php:error] [pid 22523] [client 20.14.131.24:0] script '/domains/deltaele/admin.php' not found or unable to stat
[Tue Feb 24 01:25:01.903973 2026] [php:error] [pid 22523] [client 20.14.131.24:0] script '/domains/deltaele/randkeyword.php' not found or unable to stat
[Tue Feb 24 01:25:01.912432 2026] [php:error] [pid 22523] [client 20.14.131.24:0] script '/domains/deltaele/fwe.php' not found or unable to stat
[Tue Feb 24 01:25:02.023180 2026] [php:error] [pid 22523] [client 20.14.131.24:0] script '/domains/deltaele/g.php' not found or unable to stat
[Tue Feb 24 01:25:02.035142 2026] [php:error] [pid 22523] [client 20.14.131.24:0] script '/domains/deltaele/tx1.php' not found or unable to stat
[Tue Feb 24 01:25:02.043805 2026] [php:error] [pid 22523] [client 20.14.131.24:0] script '/domains/deltaele/xv.php' not found or unable to stat
[Tue Feb 24 01:25:02.051753 2026] [php:error] [pid 22523] [client 20.14.131.24:0] script '/domains/deltaele/x56.php' not found or unable to stat
[Tue Feb 24 01:25:02.065676 2026] [php:error] [pid 22523] [client 20.14.131.24:0] script '/domains/deltaele/htaccess.php' not found or unable to stat
[Tue Feb 24 01:25:02.073563 2026] [php:error] [pid 22523] [client 20.14.131.24:0] script '/domains/deltaele/readme.php' not found or unable to stat
[Tue Feb 24 01:25:02.081735 2026] [php:error] [pid 22523] [client 20.14.131.24:0] script '/domains/deltaele/x50.php' not found or unable to stat
[Tue Feb 24 01:25:02.090350 2026] [php:error] [pid 22523] [client 20.14.131.24:0] script '/domains/deltaele/fv.php' not found or unable to stat
[Tue Feb 24 01:25:02.098303 2026] [php:error] [pid 22523] [client 20.14.131.24:0] script '/domains/deltaele/file.php' not found or unable to stat
[Tue Feb 24 01:25:02.105990 2026] [php:error] [pid 22523] [client 20.14.131.24:0] script '/domains/deltaele/lsd.php' not found or unable to stat
[Tue Feb 24 01:25:02.131343 2026] [php:error] [pid 22523] [client 20.14.131.24:0] script '/domains/deltaele/as.php' not found or unable to stat
[Tue Feb 24 01:25:02.139206 2026] [php:error] [pid 22523] [client 20.14.131.24:0] script '/domains/deltaele/wsd.php' not found or unable to stat
[Tue Feb 24 01:25:02.161867 2026] [php:error] [pid 22523] [client 20.14.131.24:0] script '/domains/deltaele/gtc.php' not found or unable to stat
[Tue Feb 24 01:25:02.185791 2026] [php:error] [pid 22523] [client 20.14.131.24:0] script '/domains/deltaele/atx.php' not found or unable to stat
[Tue Feb 24 01:25:02.263615 2026] [php:error] [pid 22523] [client 20.14.131.24:0] script '/domains/deltaele/z60.php' not found or unable to stat
[Tue Feb 24 01:25:02.475745 2026] [php:error] [pid 22523] [client 20.14.131.24:0] script '/domains/deltaele/403.php' not found or unable to stat
[Tue Feb 24 01:25:02.484365 2026] [php:error] [pid 22523] [client 20.14.131.24:0] script '/domains/deltaele/m.php' not found or unable to stat
[Tue Feb 24 01:25:02.608346 2026] [php:error] [pid 22523] [client 20.14.131.24:0] script '/domains/deltaele/themes.php' not found or unable to stat
[Tue Feb 24 01:25:02.631182 2026] [php:error] [pid 22523] [client 20.14.131.24:0] script '/domains/deltaele/click.php' not found or unable to stat
[Tue Feb 24 01:25:02.639035 2026] [php:error] [pid 22523] [client 20.14.131.24:0] script '/domains/deltaele/install.php' not found or unable to stat
[Tue Feb 24 01:25:02.649441 2026] [php:error] [pid 22523] [client 20.14.131.24:0] script '/domains/deltaele/lv.php' not found or unable to stat
[Tue Feb 24 01:25:02.657723 2026] [php:error] [pid 22523] [client 20.14.131.24:0] script '/domains/deltaele/simple.php' not found or unable to stat
[Tue Feb 24 01:25:02.665861 2026] [php:error] [pid 22523] [client 20.14.131.24:0] script '/domains/deltaele/css.php' not found or unable to stat
[Tue Feb 24 01:25:02.674003 2026] [php:error] [pid 22523] [client 20.14.131.24:0] script '/domains/deltaele/cong.php' not found or unable to stat
[Tue Feb 24 01:25:02.690102 2026] [php:error] [pid 22523] [client 20.14.131.24:0] script '/domains/deltaele/cong.php' not found or unable to stat
[Tue Feb 24 01:25:02.732054 2026] [php:error] [pid 22523] [client 20.14.131.24:0] script '/domains/deltaele/w.php' not found or unable to stat
[Tue Feb 24 01:25:02.739985 2026] [php:error] [pid 22523] [client 20.14.131.24:0] script '/domains/deltaele/404.php' not found or unable to stat
[Tue Feb 24 01:25:02.748064 2026] [php:error] [pid 22523] [client 20.14.131.24:0] script '/domains/deltaele/ioxi-o.php' not found or unable to stat
[Tue Feb 24 01:25:02.756142 2026] [php:error] [pid 22523] [client 20.14.131.24:0] script '/domains/deltaele/0x.php' not found or unable to stat
[Tue Feb 24 01:25:02.763681 2026] [php:error] [pid 22523] [client 20.14.131.24:0] script '/domains/deltaele/css.php' not found or unable to stat
[Tue Feb 24 01:25:02.771519 2026] [php:error] [pid 22523] [client 20.14.131.24:0] script '/domains/deltaele/222.php' not found or unable to stat
[Tue Feb 24 01:25:02.787064 2026] [php:error] [pid 22523] [client 20.14.131.24:0] script '/domains/deltaele/admin.php' not found or unable to stat
[Tue Feb 24 01:25:02.852683 2026] [php:error] [pid 22523] [client 20.14.131.24:0] script '/domains/deltaele/classwithtostring.php' not found or unable to stat
[Tue Feb 24 01:25:02.910670 2026] [php:error] [pid 22523] [client 20.14.131.24:0] script '/domains/deltaele/abcd.php' not found or unable to stat
[Tue Feb 24 01:25:02.918793 2026] [php:error] [pid 22523] [client 20.14.131.24:0] script '/domains/deltaele/autoload_classmap.php' not found or unable to stat
[Tue Feb 24 01:25:02.926549 2026] [php:error] [pid 22523] [client 20.14.131.24:0] script '/domains/deltaele/inputs.php' not found or unable to stat
[Tue Feb 24 01:25:03.027000 2026] [php:error] [pid 22523] [client 20.14.131.24:0] script '/domains/deltaele/about.php' not found or unable to stat
[Tue Feb 24 01:25:03.035276 2026] [php:error] [pid 22523] [client 20.14.131.24:0] script '/domains/deltaele/alfa.php' not found or unable to stat
[Tue Feb 24 01:25:03.524382 2026] [php:error] [pid 22523] [client 20.14.131.24:0] script '/domains/deltaele/manager.php' not found or unable to stat
[Tue Feb 24 01:25:03.533328 2026] [php:error] [pid 22523] [client 20.14.131.24:0] script '/domains/deltaele/item.php' not found or unable to stat
[Tue Feb 24 01:25:03.548452 2026] [php:error] [pid 22523] [client 20.14.131.24:0] script '/domains/deltaele/404.php' not found or unable to stat
[Tue Feb 24 01:25:03.586826 2026] [php:error] [pid 22523] [client 20.14.131.24:0] script '/domains/deltaele/mail.php' not found or unable to stat
[Tue Feb 24 01:25:03.734446 2026] [php:error] [pid 22523] [client 20.14.131.24:0] script '/domains/deltaele/sx.php' not found or unable to stat
[Tue Feb 24 01:25:03.756793 2026] [php:error] [pid 22523] [client 20.14.131.24:0] script '/domains/deltaele/alfa.php' not found or unable to stat
[Tue Feb 24 01:25:03.768130 2026] [php:error] [pid 22523] [client 20.14.131.24:0] script '/domains/deltaele/1.php' not found or unable to stat
[Tue Feb 24 01:25:03.775846 2026] [php:error] [pid 22523] [client 20.14.131.24:0] script '/domains/deltaele/byp.php' not found or unable to stat
[Tue Feb 24 01:25:03.783591 2026] [php:error] [pid 22523] [client 20.14.131.24:0] script '/domains/deltaele/wp-trackback.php' not found or unable to stat
[Tue Feb 24 01:25:03.818722 2026] [php:error] [pid 22523] [client 20.14.131.24:0] script '/domains/deltaele/gmo.php' not found or unable to stat
[Tue Feb 24 01:25:04.362477 2026] [php:error] [pid 22523] [client 20.14.131.24:0] script '/domains/deltaele/ww1.php' not found or unable to stat
[Tue Feb 24 01:25:04.680549 2026] [php:error] [pid 22515] [client 20.14.131.24:0] script '/domains/deltaele/security.php' not found or unable to stat
[Tue Feb 24 01:25:04.842052 2026] [php:error] [pid 22515] [client 20.14.131.24:0] script '/domains/deltaele/class.php' not found or unable to stat
[Tue Feb 24 01:25:04.849567 2026] [php:error] [pid 22515] [client 20.14.131.24:0] script '/domains/deltaele/bless5.php' not found or unable to stat
[Tue Feb 24 01:25:04.876351 2026] [php:error] [pid 22515] [client 20.14.131.24:0] script '/domains/deltaele/lock360.php' not found or unable to stat
[Tue Feb 24 01:25:04.885434 2026] [php:error] [pid 22515] [client 20.14.131.24:0] script '/domains/deltaele/f35.php' not found or unable to stat
[Tue Feb 24 01:25:04.893668 2026] [php:error] [pid 22515] [client 20.14.131.24:0] script '/domains/deltaele/ioxi-o1.php' not found or unable to stat
[Tue Feb 24 01:25:04.913931 2026] [php:error] [pid 22515] [client 20.14.131.24:0] script '/domains/deltaele/juuuu.php' not found or unable to stat
[Tue Feb 24 01:25:04.921989 2026] [php:error] [pid 22515] [client 20.14.131.24:0] script '/domains/deltaele/ha.php' not found or unable to stat
[Tue Feb 24 01:25:04.929430 2026] [php:error] [pid 22515] [client 20.14.131.24:0] script '/domains/deltaele/gg.php' not found or unable to stat
[Tue Feb 24 01:25:04.936964 2026] [php:error] [pid 22515] [client 20.14.131.24:0] script '/domains/deltaele/we2.php' not found or unable to stat
[Tue Feb 24 01:25:04.945734 2026] [php:error] [pid 22515] [client 20.14.131.24:0] script '/domains/deltaele/04.php' not found or unable to stat
[Tue Feb 24 01:25:04.953417 2026] [php:error] [pid 22515] [client 20.14.131.24:0] script '/domains/deltaele/333.php' not found or unable to stat
[Tue Feb 24 01:25:04.962465 2026] [php:error] [pid 22515] [client 20.14.131.24:0] script '/domains/deltaele/520.php' not found or unable to stat
[Tue Feb 24 01:25:04.980649 2026] [php:error] [pid 22515] [client 20.14.131.24:0] script '/domains/deltaele/ar.php' not found or unable to stat
[Tue Feb 24 01:25:04.988467 2026] [php:error] [pid 22515] [client 20.14.131.24:0] script '/domains/deltaele/x.php' not found or unable to stat
[Tue Feb 24 01:25:04.996146 2026] [php:error] [pid 22515] [client 20.14.131.24:0] script '/domains/deltaele/xx.php' not found or unable to stat
[Tue Feb 24 01:25:05.003675 2026] [php:error] [pid 22515] [client 20.14.131.24:0] script '/domains/deltaele/gifclass4.php' not found or unable to stat
[Tue Feb 24 01:25:05.013001 2026] [php:error] [pid 22515] [client 20.14.131.24:0] script '/domains/deltaele/2clas.php' not found or unable to stat
[Tue Feb 24 01:25:05.032844 2026] [php:error] [pid 22515] [client 20.14.131.24:0] script '/domains/deltaele/ave.php' not found or unable to stat
[Tue Feb 24 01:25:05.040952 2026] [php:error] [pid 22515] [client 20.14.131.24:0] script '/domains/deltaele/wrt.php' not found or unable to stat
[Tue Feb 24 01:25:05.048776 2026] [php:error] [pid 22515] [client 20.14.131.24:0] script '/domains/deltaele/bibil.php' not found or unable to stat
[Tue Feb 24 01:25:05.056345 2026] [php:error] [pid 22515] [client 20.14.131.24:0] script '/domains/deltaele/radio.php' not found or unable to stat
[Tue Feb 24 01:25:05.067328 2026] [php:error] [pid 22515] [client 20.14.131.24:0] script '/domains/deltaele/files.php' not found or unable to stat
[Tue Feb 24 01:25:05.083403 2026] [php:error] [pid 22515] [client 20.14.131.24:0] script '/domains/deltaele/file7.php' not found or unable to stat
[Tue Feb 24 01:25:05.091065 2026] [php:error] [pid 22515] [client 20.14.131.24:0] script '/domains/deltaele/gifclass.php' not found or unable to stat
[Tue Feb 24 01:25:05.107793 2026] [php:error] [pid 22515] [client 20.14.131.24:0] script '/domains/deltaele/nox.php' not found or unable to stat
[Tue Feb 24 01:25:05.115428 2026] [php:error] [pid 22515] [client 20.14.131.24:0] script '/domains/deltaele/file48.php' not found or unable to stat
[Tue Feb 24 01:25:05.123210 2026] [php:error] [pid 22515] [client 20.14.131.24:0] script '/domains/deltaele/info.php' not found or unable to stat
[Tue Feb 24 01:25:05.130872 2026] [php:error] [pid 22515] [client 20.14.131.24:0] script '/domains/deltaele/class9.php' not found or unable to stat
[Tue Feb 24 01:25:05.302962 2026] [php:error] [pid 22515] [client 20.14.131.24:0] script '/domains/deltaele/la.php' not found or unable to stat
[Tue Feb 24 01:25:05.413553 2026] [php:error] [pid 22515] [client 20.14.131.24:0] script '/domains/deltaele/bless11.php' not found or unable to stat
[Tue Feb 24 01:25:05.761682 2026] [php:error] [pid 22515] [client 20.14.131.24:0] script '/domains/deltaele/ccou.php' not found or unable to stat
[Tue Feb 24 01:25:05.769780 2026] [php:error] [pid 22515] [client 20.14.131.24:0] script '/domains/deltaele/ton.php' not found or unable to stat
[Tue Feb 24 01:25:05.777159 2026] [php:error] [pid 22515] [client 20.14.131.24:0] script '/domains/deltaele/403.php' not found or unable to stat
[Tue Feb 24 01:25:05.785095 2026] [php:error] [pid 22515] [client 20.14.131.24:0] script '/domains/deltaele/file9.php' not found or unable to stat
[Tue Feb 24 01:25:05.978641 2026] [php:error] [pid 22515] [client 20.14.131.24:0] script '/domains/deltaele/ac.php' not found or unable to stat
[Tue Feb 24 01:25:05.987992 2026] [php:error] [pid 22515] [client 20.14.131.24:0] script '/domains/deltaele/new4.php' not found or unable to stat
[Tue Feb 24 01:25:06.046376 2026] [php:error] [pid 22515] [client 20.14.131.24:0] script '/domains/deltaele/pop.php' not found or unable to stat
[Tue Feb 24 01:25:06.056752 2026] [php:error] [pid 22515] [client 20.14.131.24:0] script '/domains/deltaele/az.php' not found or unable to stat
[Tue Feb 24 01:25:06.164148 2026] [php:error] [pid 22515] [client 20.14.131.24:0] script '/domains/deltaele/xaz.php' not found or unable to stat
[Tue Feb 24 01:25:06.175656 2026] [php:error] [pid 22515] [client 20.14.131.24:0] script '/domains/deltaele/up4.php' not found or unable to stat
[Tue Feb 24 01:25:06.183518 2026] [php:error] [pid 22515] [client 20.14.131.24:0] script '/domains/deltaele/1aa.php' not found or unable to stat
