[Tue Feb 24 00:42:54.903247 2026] [php:error] [pid 21929] [client 20.210.89.170:0] script '/domains/system_suspended/abc.php' not found or unable to stat
[Tue Feb 24 00:42:54.918413 2026] [php:error] [pid 21924] [client 20.78.146.86:0] script '/domains/hpveweb/text.php' not found or unable to stat
[Tue Feb 24 00:42:55.066914 2026] [php:error] [pid 21929] [client 20.210.89.170:0] script '/domains/system_suspended/abcd.php' not found or unable to stat
[Tue Feb 24 00:42:55.172499 2026] [php:error] [pid 21924] [client 20.78.146.86:0] script '/domains/hpveweb/alfa-rex.php' not found or unable to stat
[Tue Feb 24 00:42:55.231177 2026] [php:error] [pid 21929] [client 20.210.89.170:0] script '/domains/system_suspended/as.php' not found or unable to stat
[Tue Feb 24 00:42:55.394823 2026] [php:error] [pid 21929] [client 20.210.89.170:0] script '/domains/system_suspended/wp-trackback.php' not found or unable to stat
[Tue Feb 24 00:42:55.540173 2026] [php:error] [pid 21924] [client 20.78.146.86:0] script '/domains/hpveweb/feeds.php' not found or unable to stat
[Tue Feb 24 00:42:55.558466 2026] [php:error] [pid 21929] [client 20.210.89.170:0] script '/domains/system_suspended/about.php' not found or unable to stat
[Tue Feb 24 00:42:55.712627 2026] [php:error] [pid 21924] [client 20.78.146.86:0] script '/domains/hpveweb/radio.php' not found or unable to stat
[Tue Feb 24 00:42:55.722149 2026] [php:error] [pid 21929] [client 20.210.89.170:0] script '/domains/system_suspended/file.php' not found or unable to stat
[Tue Feb 24 00:42:55.885755 2026] [php:error] [pid 21929] [client 20.210.89.170:0] script '/domains/system_suspended/adminfuns.php' not found or unable to stat
[Tue Feb 24 00:42:55.909290 2026] [php:error] [pid 21924] [client 20.78.146.86:0] script '/domains/hpveweb/dropdown.php' not found or unable to stat
[Tue Feb 24 00:42:56.049368 2026] [php:error] [pid 21929] [client 20.210.89.170:0] script '/domains/system_suspended/wp-good.php' not found or unable to stat
[Tue Feb 24 00:42:56.112636 2026] [php:error] [pid 21924] [client 20.78.146.86:0] script '/domains/hpveweb/system.php' not found or unable to stat
[Tue Feb 24 00:42:56.213009 2026] [php:error] [pid 21929] [client 20.210.89.170:0] script '/domains/system_suspended/xmlrpc.php' not found or unable to stat
[Tue Feb 24 00:42:56.383691 2026] [php:error] [pid 21929] [client 20.210.89.170:0] script '/domains/system_suspended/goods.php' not found or unable to stat
[Tue Feb 24 00:42:56.514616 2026] [php:error] [pid 21924] [client 20.78.146.86:0] script '/domains/hpveweb/colors.php' not found or unable to stat
[Tue Feb 24 00:42:56.547218 2026] [php:error] [pid 21929] [client 20.210.89.170:0] script '/domains/system_suspended/class-t.api.php' not found or unable to stat
[Tue Feb 24 00:42:56.710800 2026] [php:error] [pid 21929] [client 20.210.89.170:0] script '/domains/system_suspended/sf.php' not found or unable to stat
[Tue Feb 24 00:42:56.722157 2026] [php:error] [pid 21924] [client 20.78.146.86:0] script '/domains/hpveweb/updates.php' not found or unable to stat
[Tue Feb 24 00:42:56.874445 2026] [php:error] [pid 21929] [client 20.210.89.170:0] script '/domains/system_suspended/kbfr.php' not found or unable to stat
[Tue Feb 24 00:42:56.919146 2026] [php:error] [pid 21924] [client 20.78.146.86:0] script '/domains/hpveweb/alfa-rex1.php' not found or unable to stat
[Tue Feb 24 00:42:57.038070 2026] [php:error] [pid 21929] [client 20.210.89.170:0] script '/domains/system_suspended/autoload_classmap.php' not found or unable to stat
[Tue Feb 24 00:42:57.115129 2026] [php:error] [pid 21924] [client 20.78.146.86:0] script '/domains/hpveweb/wp-index.php' not found or unable to stat
[Tue Feb 24 00:42:57.201776 2026] [php:error] [pid 21929] [client 20.210.89.170:0] script '/domains/system_suspended/chosen.php' not found or unable to stat
[Tue Feb 24 00:42:57.317154 2026] [php:error] [pid 21924] [client 20.78.146.86:0] script '/domains/hpveweb/wp-admin.php' not found or unable to stat
[Tue Feb 24 00:42:57.365668 2026] [php:error] [pid 21929] [client 20.210.89.170:0] script '/domains/system_suspended/classwithtostring.php' not found or unable to stat
[Tue Feb 24 00:42:57.485315 2026] [php:error] [pid 21924] [client 20.78.146.86:0] script '/domains/hpveweb/alfa.php' not found or unable to stat
[Tue Feb 24 00:42:57.529403 2026] [php:error] [pid 21929] [client 20.210.89.170:0] script '/domains/system_suspended/defaults.php' not found or unable to stat
[Tue Feb 24 00:42:57.822544 2026] [php:error] [pid 21924] [client 20.78.146.86:0] script '/domains/hpveweb/locale.php' not found or unable to stat
[Tue Feb 24 00:42:57.991276 2026] [php:error] [pid 21924] [client 20.78.146.86:0] script '/domains/hpveweb/wxo.php' not found or unable to stat
[Tue Feb 24 00:42:58.020808 2026] [php:error] [pid 21929] [client 20.210.89.170:0] script '/domains/system_suspended/info.php' not found or unable to stat
[Tue Feb 24 00:42:58.159353 2026] [php:error] [pid 21924] [client 20.78.146.86:0] script '/domains/hpveweb/colour.php' not found or unable to stat
[Tue Feb 24 00:42:58.364147 2026] [php:error] [pid 21924] [client 20.78.146.86:0] script '/domains/hpveweb/files.php' not found or unable to stat
[Tue Feb 24 00:42:58.532986 2026] [php:error] [pid 21924] [client 20.78.146.86:0] script '/domains/hpveweb/install.php' not found or unable to stat
[Tue Feb 24 00:42:58.706248 2026] [php:error] [pid 21924] [client 20.78.146.86:0] script '/domains/hpveweb/wp-contentt.php' not found or unable to stat
[Tue Feb 24 00:42:59.042762 2026] [php:error] [pid 21924] [client 20.78.146.86:0] script '/domains/hpveweb/config.php' not found or unable to stat
[Tue Feb 24 00:42:59.251899 2026] [php:error] [pid 21924] [client 20.78.146.86:0] script '/domains/hpveweb/theme.php' not found or unable to stat
[Tue Feb 24 00:42:59.457489 2026] [php:error] [pid 21924] [client 20.78.146.86:0] script '/domains/hpveweb/block-bindings.php' not found or unable to stat
[Tue Feb 24 00:42:59.625490 2026] [php:error] [pid 21924] [client 20.78.146.86:0] script '/domains/hpveweb/class_api.php' not found or unable to stat
[Tue Feb 24 00:42:59.834468 2026] [php:error] [pid 21924] [client 20.78.146.86:0] script '/domains/hpveweb/inputs.php' not found or unable to stat
[Tue Feb 24 00:43:00.005064 2026] [php:error] [pid 21924] [client 20.78.146.86:0] script '/domains/hpveweb/root.php' not found or unable to stat
[Tue Feb 24 00:43:00.172901 2026] [php:error] [pid 21924] [client 20.78.146.86:0] script '/domains/hpveweb/menu.php' not found or unable to stat
[Tue Feb 24 00:43:00.341074 2026] [php:error] [pid 21924] [client 20.78.146.86:0] script '/domains/hpveweb/plugin.php' not found or unable to stat
[Tue Feb 24 00:43:00.527381 2026] [php:error] [pid 21924] [client 20.78.146.86:0] script '/domains/hpveweb/cloud.php' not found or unable to stat
[Tue Feb 24 00:43:00.695796 2026] [php:error] [pid 21924] [client 20.78.146.86:0] script '/domains/hpveweb/configs.php' not found or unable to stat
[Tue Feb 24 00:43:00.866562 2026] [php:error] [pid 21924] [client 20.78.146.86:0] script '/domains/hpveweb/wp-configs.php' not found or unable to stat
[Tue Feb 24 00:43:01.467621 2026] [php:error] [pid 21928] [client 20.78.146.86:0] script '/domains/hpveweb/update.php' not found or unable to stat
[Tue Feb 24 00:43:01.638583 2026] [php:error] [pid 21928] [client 20.78.146.86:0] script '/domains/hpveweb/2.php' not found or unable to stat
[Tue Feb 24 00:43:01.840546 2026] [php:error] [pid 21928] [client 20.78.146.86:0] script '/domains/hpveweb/input.php' not found or unable to stat
[Tue Feb 24 00:43:21.816637 2026] [php:error] [pid 21930] [client 158.158.33.103:0] script '/domains/system_default/cwclass.php' not found or unable to stat
[Tue Feb 24 00:43:21.901944 2026] [php:error] [pid 21930] [client 158.158.33.103:0] script '/domains/system_default/class-cc.php' not found or unable to stat
[Tue Feb 24 00:43:21.987066 2026] [php:error] [pid 21930] [client 158.158.33.103:0] script '/domains/system_default/lite.php' not found or unable to stat
[Tue Feb 24 00:43:22.072453 2026] [php:error] [pid 21930] [client 158.158.33.103:0] script '/domains/system_default/rrb.php' not found or unable to stat
[Tue Feb 24 00:43:22.157837 2026] [php:error] [pid 21930] [client 158.158.33.103:0] script '/domains/system_default/mariju.php' not found or unable to stat
[Tue Feb 24 00:43:22.243367 2026] [php:error] [pid 21930] [client 158.158.33.103:0] script '/domains/system_default/xenium4.php' not found or unable to stat
[Tue Feb 24 00:43:22.329220 2026] [php:error] [pid 21930] [client 158.158.33.103:0] script '/domains/system_default/jsonq.php' not found or unable to stat
[Tue Feb 24 00:43:22.504650 2026] [php:error] [pid 21930] [client 158.158.33.103:0] script '/domains/system_default/wp-fast.php' not found or unable to stat
[Tue Feb 24 00:43:22.589743 2026] [php:error] [pid 21930] [client 158.158.33.103:0] script '/domains/system_default/yas.php' not found or unable to stat
[Tue Feb 24 00:43:45.896219 2026] [php:error] [pid 21918] [client 4.193.177.110:0] script '/domains/hofficer1/wp-trackback.php' not found or unable to stat
[Tue Feb 24 00:43:46.124282 2026] [php:error] [pid 21918] [client 4.193.177.110:0] script '/domains/hofficer1/about.php' not found or unable to stat
[Tue Feb 24 00:43:46.352062 2026] [php:error] [pid 21918] [client 4.193.177.110:0] script '/domains/hofficer1/file.php' not found or unable to stat
[Tue Feb 24 00:43:46.597482 2026] [php:error] [pid 21918] [client 4.193.177.110:0] script '/domains/hofficer1/wp-good.php' not found or unable to stat
[Tue Feb 24 00:43:46.825363 2026] [php:error] [pid 21918] [client 4.193.177.110:0] script '/domains/hofficer1/xmlrpc.php' not found or unable to stat
[Tue Feb 24 00:43:47.060333 2026] [php:error] [pid 21918] [client 4.193.177.110:0] script '/domains/hofficer1/ioxi-o.php' not found or unable to stat
[Tue Feb 24 00:43:47.289045 2026] [php:error] [pid 21918] [client 4.193.177.110:0] script '/domains/hofficer1/class-t.api.php' not found or unable to stat
[Tue Feb 24 00:43:47.531833 2026] [php:error] [pid 21918] [client 4.193.177.110:0] script '/domains/hofficer1/admin.php' not found or unable to stat
[Tue Feb 24 00:43:47.759801 2026] [php:error] [pid 21918] [client 4.193.177.110:0] script '/domains/hofficer1/sf.php' not found or unable to stat
[Tue Feb 24 00:43:47.987805 2026] [php:error] [pid 21918] [client 4.193.177.110:0] script '/domains/hofficer1/rip.php' not found or unable to stat
[Tue Feb 24 00:43:48.226424 2026] [php:error] [pid 21918] [client 4.193.177.110:0] script '/domains/hofficer1/autoload_classmap.php' not found or unable to stat
[Tue Feb 24 00:43:48.576581 2026] [php:error] [pid 21918] [client 4.193.177.110:0] script '/domains/hofficer1/chosen.php' not found or unable to stat
[Tue Feb 24 00:43:48.822272 2026] [php:error] [pid 21918] [client 4.193.177.110:0] script '/domains/hofficer1/classwithtostring.php' not found or unable to stat
[Tue Feb 24 00:43:49.064842 2026] [php:error] [pid 21918] [client 4.193.177.110:0] script '/domains/hofficer1/defaults.php' not found or unable to stat
[Tue Feb 24 00:43:50.229931 2026] [php:error] [pid 21918] [client 4.193.177.110:0] script '/domains/hofficer1/info.php' not found or unable to stat
[Tue Feb 24 00:43:51.846603 2026] [php:error] [pid 21918] [client 4.193.177.110:0] script '/domains/hofficer1/adminfuns.php' not found or unable to stat
[Tue Feb 24 00:43:53.675770 2026] [php:error] [pid 21930] [client 20.24.200.53:0] script '/domains/gk3c/inputs.php' not found or unable to stat
[Tue Feb 24 00:43:53.911366 2026] [php:error] [pid 21930] [client 20.24.200.53:0] script '/domains/gk3c/ioxi-o.php' not found or unable to stat
[Tue Feb 24 00:43:53.927855 2026] [php:error] [pid 21918] [client 4.193.177.110:0] script '/domains/hofficer1/WSO.php' not found or unable to stat
[Tue Feb 24 00:43:54.155722 2026] [php:error] [pid 21918] [client 4.193.177.110:0] script '/domains/hofficer1/a.php' not found or unable to stat
[Tue Feb 24 00:43:54.334771 2026] [php:error] [pid 21930] [client 20.24.200.53:0] script '/domains/gk3c/rip.php' not found or unable to stat
[Tue Feb 24 00:43:54.384181 2026] [php:error] [pid 21918] [client 4.193.177.110:0] script '/domains/hofficer1/aa.php' not found or unable to stat
[Tue Feb 24 00:43:54.546066 2026] [php:error] [pid 21930] [client 20.24.200.53:0] script '/domains/gk3c/admin.php' not found or unable to stat
[Tue Feb 24 00:43:54.612270 2026] [php:error] [pid 21918] [client 4.193.177.110:0] script '/domains/hofficer1/aaa.php' not found or unable to stat
[Tue Feb 24 00:43:54.841737 2026] [php:error] [pid 21918] [client 4.193.177.110:0] script '/domains/hofficer1/ab.php' not found or unable to stat
[Tue Feb 24 00:43:54.982206 2026] [php:error] [pid 21930] [client 20.24.200.53:0] script '/domains/gk3c/cache.php' not found or unable to stat
[Tue Feb 24 00:43:55.069764 2026] [php:error] [pid 21918] [client 4.193.177.110:0] script '/domains/hofficer1/lock360.php' not found or unable to stat
[Tue Feb 24 00:43:55.193315 2026] [php:error] [pid 21930] [client 20.24.200.53:0] script '/domains/gk3c/themes.php' not found or unable to stat
[Tue Feb 24 00:43:55.404341 2026] [php:error] [pid 21930] [client 20.24.200.53:0] script '/domains/gk3c/an.php' not found or unable to stat
[Tue Feb 24 00:43:55.525221 2026] [php:error] [pid 21918] [client 4.193.177.110:0] script '/domains/hofficer1/file5.php' not found or unable to stat
[Tue Feb 24 00:43:55.753052 2026] [php:error] [pid 21918] [client 4.193.177.110:0] script '/domains/hofficer1/sitemaps.php' not found or unable to stat
[Tue Feb 24 00:43:56.012255 2026] [php:error] [pid 21918] [client 4.193.177.110:0] script '/domains/hofficer1/load.php' not found or unable to stat
[Tue Feb 24 00:43:56.059436 2026] [php:error] [pid 21930] [client 20.24.200.53:0] script '/domains/gk3c/ws.php' not found or unable to stat
[Tue Feb 24 00:43:56.240460 2026] [php:error] [pid 21918] [client 4.193.177.110:0] script '/domains/hofficer1/k.php' not found or unable to stat
[Tue Feb 24 00:43:56.270777 2026] [php:error] [pid 21930] [client 20.24.200.53:0] script '/domains/gk3c/404.php' not found or unable to stat
[Tue Feb 24 00:43:56.468897 2026] [php:error] [pid 21918] [client 4.193.177.110:0] script '/domains/hofficer1/post.php' not found or unable to stat
[Tue Feb 24 00:43:56.693105 2026] [php:error] [pid 21930] [client 20.24.200.53:0] script '/domains/gk3c/wp-conf.php' not found or unable to stat
[Tue Feb 24 00:43:56.698097 2026] [php:error] [pid 21918] [client 4.193.177.110:0] script '/domains/hofficer1/1.php' not found or unable to stat
[Tue Feb 24 00:43:56.926017 2026] [php:error] [pid 21918] [client 4.193.177.110:0] script '/domains/hofficer1/flower.php' not found or unable to stat
[Tue Feb 24 00:43:57.116488 2026] [php:error] [pid 21930] [client 20.24.200.53:0] script '/domains/gk3c/wp-login.php' not found or unable to stat
[Tue Feb 24 00:43:57.153694 2026] [php:error] [pid 21918] [client 4.193.177.110:0] script '/domains/hofficer1/default.php' not found or unable to stat
[Tue Feb 24 00:43:57.347862 2026] [php:error] [pid 21930] [client 20.24.200.53:0] script '/domains/gk3c/abc.php' not found or unable to stat
[Tue Feb 24 00:43:57.382285 2026] [php:error] [pid 21918] [client 4.193.177.110:0] script '/domains/hofficer1/meta.php' not found or unable to stat
[Tue Feb 24 00:43:57.558711 2026] [php:error] [pid 21930] [client 20.24.200.53:0] script '/domains/gk3c/abcd.php' not found or unable to stat
[Tue Feb 24 00:43:57.611185 2026] [php:error] [pid 21918] [client 4.193.177.110:0] script '/domains/hofficer1/index.php' not found or unable to stat
[Tue Feb 24 00:43:57.769583 2026] [php:error] [pid 21930] [client 20.24.200.53:0] script '/domains/gk3c/as.php' not found or unable to stat
[Tue Feb 24 00:43:57.840608 2026] [php:error] [pid 21918] [client 4.193.177.110:0] script '/domains/hofficer1/yindu.php' not found or unable to stat
[Tue Feb 24 00:43:57.981248 2026] [php:error] [pid 21930] [client 20.24.200.53:0] script '/domains/gk3c/wp-trackback.php' not found or unable to stat
[Tue Feb 24 00:43:58.069089 2026] [php:error] [pid 21918] [client 4.193.177.110:0] script '/domains/hofficer1/randkeyword.php' not found or unable to stat
[Tue Feb 24 00:43:58.192392 2026] [php:error] [pid 21930] [client 20.24.200.53:0] script '/domains/gk3c/about.php' not found or unable to stat
[Tue Feb 24 00:43:58.297153 2026] [php:error] [pid 21918] [client 4.193.177.110:0] script '/domains/hofficer1/goods.php' not found or unable to stat
[Tue Feb 24 00:43:58.407742 2026] [php:error] [pid 21930] [client 20.24.200.53:0] script '/domains/gk3c/file.php' not found or unable to stat
[Tue Feb 24 00:43:58.525305 2026] [php:error] [pid 21918] [client 4.193.177.110:0] script '/domains/hofficer1/hehe.php' not found or unable to stat
[Tue Feb 24 00:43:58.618706 2026] [php:error] [pid 21930] [client 20.24.200.53:0] script '/domains/gk3c/adminfuns.php' not found or unable to stat
[Tue Feb 24 00:43:58.753126 2026] [php:error] [pid 21918] [client 4.193.177.110:0] script '/domains/hofficer1/user.php' not found or unable to stat
[Tue Feb 24 00:43:58.829963 2026] [php:error] [pid 21930] [client 20.24.200.53:0] script '/domains/gk3c/wp-good.php' not found or unable to stat
[Tue Feb 24 00:43:58.981224 2026] [php:error] [pid 21918] [client 4.193.177.110:0] script '/domains/hofficer1/wp-2019.php' not found or unable to stat
[Tue Feb 24 00:43:59.040959 2026] [php:error] [pid 21930] [client 20.24.200.53:0] script '/domains/gk3c/xmlrpc.php' not found or unable to stat
[Tue Feb 24 00:43:59.227410 2026] [php:error] [pid 21918] [client 4.193.177.110:0] script '/domains/hofficer1/chosen.php' not found or unable to stat
[Tue Feb 24 00:43:59.252011 2026] [php:error] [pid 21930] [client 20.24.200.53:0] script '/domains/gk3c/goods.php' not found or unable to stat
[Tue Feb 24 00:43:59.456444 2026] [php:error] [pid 21918] [client 4.193.177.110:0] script '/domains/hofficer1/functions.php' not found or unable to stat
[Tue Feb 24 00:43:59.462673 2026] [php:error] [pid 21930] [client 20.24.200.53:0] script '/domains/gk3c/class-t.api.php' not found or unable to stat
[Tue Feb 24 00:43:59.674029 2026] [php:error] [pid 21930] [client 20.24.200.53:0] script '/domains/gk3c/sf.php' not found or unable to stat
[Tue Feb 24 00:43:59.687890 2026] [php:error] [pid 21918] [client 4.193.177.110:0] script '/domains/hofficer1/cron.php' not found or unable to stat
[Tue Feb 24 00:43:59.885320 2026] [php:error] [pid 21930] [client 20.24.200.53:0] script '/domains/gk3c/kbfr.php' not found or unable to stat
[Tue Feb 24 00:43:59.915460 2026] [php:error] [pid 21918] [client 4.193.177.110:0] script '/domains/hofficer1/edit.php' not found or unable to stat
[Tue Feb 24 00:44:00.096602 2026] [php:error] [pid 21930] [client 20.24.200.53:0] script '/domains/gk3c/autoload_classmap.php' not found or unable to stat
[Tue Feb 24 00:44:00.143191 2026] [php:error] [pid 21918] [client 4.193.177.110:0] script '/domains/hofficer1/gecko-new.php' not found or unable to stat
[Tue Feb 24 00:44:00.307802 2026] [php:error] [pid 21930] [client 20.24.200.53:0] script '/domains/gk3c/chosen.php' not found or unable to stat
[Tue Feb 24 00:44:00.372027 2026] [php:error] [pid 21918] [client 4.193.177.110:0] script '/domains/hofficer1/cookie.php' not found or unable to stat
[Tue Feb 24 00:44:00.518930 2026] [php:error] [pid 21930] [client 20.24.200.53:0] script '/domains/gk3c/classwithtostring.php' not found or unable to stat
[Tue Feb 24 00:44:00.600332 2026] [php:error] [pid 21918] [client 4.193.177.110:0] script '/domains/hofficer1/xleet.php' not found or unable to stat
[Tue Feb 24 00:44:00.729763 2026] [php:error] [pid 21930] [client 20.24.200.53:0] script '/domains/gk3c/defaults.php' not found or unable to stat
[Tue Feb 24 00:44:00.828090 2026] [php:error] [pid 21918] [client 4.193.177.110:0] script '/domains/hofficer1/spip.php' not found or unable to stat
[Tue Feb 24 00:44:01.055863 2026] [php:error] [pid 21918] [client 4.193.177.110:0] script '/domains/hofficer1/22.php' not found or unable to stat
[Tue Feb 24 00:44:01.285433 2026] [php:error] [pid 21918] [client 4.193.177.110:0] script '/domains/hofficer1/room.php' not found or unable to stat
[Tue Feb 24 00:44:01.363214 2026] [php:error] [pid 21930] [client 20.24.200.53:0] script '/domains/gk3c/info.php' not found or unable to stat
[Tue Feb 24 00:44:01.514421 2026] [php:error] [pid 21918] [client 4.193.177.110:0] script '/domains/hofficer1/disagreed.php' not found or unable to stat
[Tue Feb 24 00:44:01.747703 2026] [php:error] [pid 21918] [client 4.193.177.110:0] script '/domains/hofficer1/text.php' not found or unable to stat
[Tue Feb 24 00:44:01.975665 2026] [php:error] [pid 21918] [client 4.193.177.110:0] script '/domains/hofficer1/alfa-rex.php' not found or unable to stat
[Tue Feb 24 00:44:02.431378 2026] [php:error] [pid 21918] [client 4.193.177.110:0] script '/domains/hofficer1/feeds.php' not found or unable to stat
[Tue Feb 24 00:44:02.660064 2026] [php:error] [pid 21918] [client 4.193.177.110:0] script '/domains/hofficer1/radio.php' not found or unable to stat
[Tue Feb 24 00:44:02.887932 2026] [php:error] [pid 21918] [client 4.193.177.110:0] script '/domains/hofficer1/dropdown.php' not found or unable to stat
[Tue Feb 24 00:44:03.136370 2026] [php:error] [pid 21918] [client 4.193.177.110:0] script '/domains/hofficer1/system.php' not found or unable to stat
[Tue Feb 24 00:44:03.595455 2026] [php:error] [pid 21918] [client 4.193.177.110:0] script '/domains/hofficer1/colors.php' not found or unable to stat
[Tue Feb 24 00:44:03.823254 2026] [php:error] [pid 21918] [client 4.193.177.110:0] script '/domains/hofficer1/updates.php' not found or unable to stat
[Tue Feb 24 00:44:04.051098 2026] [php:error] [pid 21918] [client 4.193.177.110:0] script '/domains/hofficer1/alfa-rex1.php' not found or unable to stat
[Tue Feb 24 00:44:04.279267 2026] [php:error] [pid 21918] [client 4.193.177.110:0] script '/domains/hofficer1/wp-index.php' not found or unable to stat
[Tue Feb 24 00:44:04.507231 2026] [php:error] [pid 21918] [client 4.193.177.110:0] script '/domains/hofficer1/wp-admin.php' not found or unable to stat
[Tue Feb 24 00:44:04.759944 2026] [php:error] [pid 21918] [client 4.193.177.110:0] script '/domains/hofficer1/alfa.php' not found or unable to stat
[Tue Feb 24 00:44:05.223004 2026] [php:error] [pid 21918] [client 4.193.177.110:0] script '/domains/hofficer1/locale.php' not found or unable to stat
[Tue Feb 24 00:44:05.451131 2026] [php:error] [pid 21918] [client 4.193.177.110:0] script '/domains/hofficer1/wxo.php' not found or unable to stat
[Tue Feb 24 00:44:05.680067 2026] [php:error] [pid 21918] [client 4.193.177.110:0] script '/domains/hofficer1/colour.php' not found or unable to stat
[Tue Feb 24 00:44:05.908406 2026] [php:error] [pid 21918] [client 4.193.177.110:0] script '/domains/hofficer1/files.php' not found or unable to stat
[Tue Feb 24 00:44:06.136340 2026] [php:error] [pid 21918] [client 4.193.177.110:0] script '/domains/hofficer1/install.php' not found or unable to stat
[Tue Feb 24 00:44:06.364307 2026] [php:error] [pid 21918] [client 4.193.177.110:0] script '/domains/hofficer1/wp-contentt.php' not found or unable to stat
[Tue Feb 24 00:44:06.851307 2026] [php:error] [pid 21918] [client 4.193.177.110:0] script '/domains/hofficer1/config.php' not found or unable to stat
[Tue Feb 24 00:44:07.079344 2026] [php:error] [pid 21918] [client 4.193.177.110:0] script '/domains/hofficer1/theme.php' not found or unable to stat
[Tue Feb 24 00:44:07.307156 2026] [php:error] [pid 21918] [client 4.193.177.110:0] script '/domains/hofficer1/block-bindings.php' not found or unable to stat
[Tue Feb 24 00:44:07.535275 2026] [php:error] [pid 21918] [client 4.193.177.110:0] script '/domains/hofficer1/class_api.php' not found or unable to stat
[Tue Feb 24 00:44:07.763315 2026] [php:error] [pid 21918] [client 4.193.177.110:0] script '/domains/hofficer1/inputs.php' not found or unable to stat
[Tue Feb 24 00:44:07.991323 2026] [php:error] [pid 21918] [client 4.193.177.110:0] script '/domains/hofficer1/root.php' not found or unable to stat
[Tue Feb 24 00:44:08.219265 2026] [php:error] [pid 21918] [client 4.193.177.110:0] script '/domains/hofficer1/menu.php' not found or unable to stat
[Tue Feb 24 00:44:08.447396 2026] [php:error] [pid 21918] [client 4.193.177.110:0] script '/domains/hofficer1/plugin.php' not found or unable to stat
[Tue Feb 24 00:44:08.675341 2026] [php:error] [pid 21918] [client 4.193.177.110:0] script '/domains/hofficer1/cloud.php' not found or unable to stat
[Tue Feb 24 00:44:08.903513 2026] [php:error] [pid 21918] [client 4.193.177.110:0] script '/domains/hofficer1/configs.php' not found or unable to stat
[Tue Feb 24 00:44:09.131604 2026] [php:error] [pid 21918] [client 4.193.177.110:0] script '/domains/hofficer1/wp-configs.php' not found or unable to stat
[Tue Feb 24 00:44:09.877652 2026] [php:error] [pid 21944] [client 4.193.177.110:0] script '/domains/hofficer1/update.php' not found or unable to stat
[Tue Feb 24 00:44:10.105694 2026] [php:error] [pid 21944] [client 4.193.177.110:0] script '/domains/hofficer1/2.php' not found or unable to stat
[Tue Feb 24 00:44:10.334500 2026] [php:error] [pid 21944] [client 4.193.177.110:0] script '/domains/hofficer1/input.php' not found or unable to stat
[Tue Feb 24 00:44:57.767136 2026] [php:error] [pid 21932] [client 104.209.148.10:0] script '/domains/system_default/new4.php' not found or unable to stat
[Tue Feb 24 00:44:57.774736 2026] [php:error] [pid 21932] [client 104.209.148.10:0] script '/domains/system_default/shell20211028.php' not found or unable to stat
[Tue Feb 24 00:44:57.789936 2026] [php:error] [pid 21932] [client 104.209.148.10:0] script '/domains/system_default/db.php' not found or unable to stat
[Tue Feb 24 00:44:57.805596 2026] [php:error] [pid 21932] [client 104.209.148.10:0] script '/domains/system_default/wc49.php' not found or unable to stat
[Tue Feb 24 00:44:57.813462 2026] [php:error] [pid 21932] [client 104.209.148.10:0] script '/domains/system_default/TL.php' not found or unable to stat
[Tue Feb 24 00:44:57.821367 2026] [php:error] [pid 21932] [client 104.209.148.10:0] script '/domains/system_default/sys.php' not found or unable to stat
[Tue Feb 24 00:44:57.831491 2026] [php:error] [pid 21932] [client 104.209.148.10:0] script '/domains/system_default/fck.php' not found or unable to stat
[Tue Feb 24 00:44:57.839988 2026] [php:error] [pid 21932] [client 104.209.148.10:0] script '/domains/system_default/x123x.php' not found or unable to stat
[Tue Feb 24 00:44:57.847814 2026] [php:error] [pid 21932] [client 104.209.148.10:0] script '/domains/system_default/wp-michan.php' not found or unable to stat
[Tue Feb 24 00:44:57.855548 2026] [php:error] [pid 21932] [client 104.209.148.10:0] script '/domains/system_default/nw2.php' not found or unable to stat
[Tue Feb 24 00:44:57.863184 2026] [php:error] [pid 21932] [client 104.209.148.10:0] script '/domains/system_default/blackmini.php' not found or unable to stat
[Tue Feb 24 00:44:57.871040 2026] [php:error] [pid 21932] [client 104.209.148.10:0] script '/domains/system_default/gssdd.php' not found or unable to stat
[Tue Feb 24 00:44:57.882205 2026] [php:error] [pid 21932] [client 104.209.148.10:0] script '/domains/system_default/F19.php' not found or unable to stat
[Tue Feb 24 00:44:57.890070 2026] [php:error] [pid 21932] [client 104.209.148.10:0] script '/domains/system_default/F1.php' not found or unable to stat
[Tue Feb 24 00:44:57.898155 2026] [php:error] [pid 21932] [client 104.209.148.10:0] script '/domains/system_default/fff.php' not found or unable to stat
[Tue Feb 24 00:44:57.906271 2026] [php:error] [pid 21932] [client 104.209.148.10:0] script '/domains/system_default/R57.php' not found or unable to stat
[Tue Feb 24 00:44:57.913903 2026] [php:error] [pid 21932] [client 104.209.148.10:0] script '/domains/system_default/4h.php' not found or unable to stat
[Tue Feb 24 00:44:57.921447 2026] [php:error] [pid 21932] [client 104.209.148.10:0] script '/domains/system_default/yussef.php' not found or unable to stat
[Tue Feb 24 00:44:57.929014 2026] [php:error] [pid 21932] [client 104.209.148.10:0] script '/domains/system_default/bs1.php' not found or unable to stat
[Tue Feb 24 00:44:57.936644 2026] [php:error] [pid 21932] [client 104.209.148.10:0] script '/domains/system_default/BDKR28WP.php' not found or unable to stat
[Tue Feb 24 00:44:57.944303 2026] [php:error] [pid 21932] [client 104.209.148.10:0] script '/domains/system_default/zu.php' not found or unable to stat
[Tue Feb 24 00:44:57.953464 2026] [php:error] [pid 21932] [client 104.209.148.10:0] script '/domains/system_default/alpha.php' not found or unable to stat
[Tue Feb 24 00:44:57.961493 2026] [php:error] [pid 21932] [client 104.209.148.10:0] script '/domains/system_default/opts.php' not found or unable to stat
[Tue Feb 24 00:44:57.969634 2026] [php:error] [pid 21932] [client 104.209.148.10:0] script '/domains/system_default/wp-act.php' not found or unable to stat
[Tue Feb 24 00:44:57.977371 2026] [php:error] [pid 21932] [client 104.209.148.10:0] script '/domains/system_default/ze.php' not found or unable to stat
[Tue Feb 24 00:44:57.985273 2026] [php:error] [pid 21932] [client 104.209.148.10:0] script '/domains/system_default/seetox.php' not found or unable to stat
[Tue Feb 24 00:44:58.000618 2026] [php:error] [pid 21932] [client 104.209.148.10:0] script '/domains/system_default/plugins.php' not found or unable to stat
[Tue Feb 24 00:44:58.008449 2026] [php:error] [pid 21932] [client 104.209.148.10:0] script '/domains/system_default/xoot.php' not found or unable to stat
[Tue Feb 24 00:44:58.015958 2026] [php:error] [pid 21932] [client 104.209.148.10:0] script '/domains/system_default/X57.php' not found or unable to stat
[Tue Feb 24 00:44:58.023555 2026] [php:error] [pid 21932] [client 104.209.148.10:0] script '/domains/system_default/file59.php' not found or unable to stat
[Tue Feb 24 00:44:58.039156 2026] [php:error] [pid 21932] [client 104.209.148.10:0] script '/domains/system_default/xa.php' not found or unable to stat
[Tue Feb 24 00:44:58.048435 2026] [php:error] [pid 21932] [client 104.209.148.10:0] script '/domains/system_default/er.php' not found or unable to stat
[Tue Feb 24 00:44:58.056465 2026] [php:error] [pid 21932] [client 104.209.148.10:0] script '/domains/system_default/fault.php' not found or unable to stat
[Tue Feb 24 00:44:58.064062 2026] [php:error] [pid 21932] [client 104.209.148.10:0] script '/domains/system_default/motu.php' not found or unable to stat
[Tue Feb 24 00:44:58.071648 2026] [php:error] [pid 21932] [client 104.209.148.10:0] script '/domains/system_default/66.php' not found or unable to stat
[Tue Feb 24 00:44:58.079054 2026] [php:error] [pid 21932] [client 104.209.148.10:0] script '/domains/system_default/leuk.php' not found or unable to stat
[Tue Feb 24 00:44:58.086685 2026] [php:error] [pid 21932] [client 104.209.148.10:0] script '/domains/system_default/xqq.php' not found or unable to stat
[Tue Feb 24 00:44:58.094689 2026] [php:error] [pid 21932] [client 104.209.148.10:0] script '/domains/system_default/kolda.php' not found or unable to stat
[Tue Feb 24 00:44:58.103107 2026] [php:error] [pid 21932] [client 104.209.148.10:0] script '/domains/system_default/nw.php' not found or unable to stat
[Tue Feb 24 00:44:58.110894 2026] [php:error] [pid 21932] [client 104.209.148.10:0] script '/domains/system_default/666.php' not found or unable to stat
[Tue Feb 24 00:44:58.118430 2026] [php:error] [pid 21932] [client 104.209.148.10:0] script '/domains/system_default/kj.php' not found or unable to stat
[Tue Feb 24 00:44:58.125973 2026] [php:error] [pid 21932] [client 104.209.148.10:0] script '/domains/system_default/un.php' not found or unable to stat
[Tue Feb 24 00:44:58.133567 2026] [php:error] [pid 21932] [client 104.209.148.10:0] script '/domains/system_default/fs.php' not found or unable to stat
[Tue Feb 24 00:44:58.141229 2026] [php:error] [pid 21932] [client 104.209.148.10:0] script '/domains/system_default/ms.php' not found or unable to stat
[Tue Feb 24 00:44:58.148817 2026] [php:error] [pid 21932] [client 104.209.148.10:0] script '/domains/system_default/cu.php' not found or unable to stat
[Tue Feb 24 00:44:58.156552 2026] [php:error] [pid 21932] [client 104.209.148.10:0] script '/domains/system_default/0.php' not found or unable to stat
[Tue Feb 24 00:44:58.164122 2026] [php:error] [pid 21932] [client 104.209.148.10:0] script '/domains/system_default/ms-edit.php' not found or unable to stat
[Tue Feb 24 00:44:58.175176 2026] [php:error] [pid 21932] [client 104.209.148.10:0] script '/domains/system_default/grsiuk.php' not found or unable to stat
[Tue Feb 24 00:44:58.183380 2026] [php:error] [pid 21932] [client 104.209.148.10:0] script '/domains/system_default/wp-blog.php' not found or unable to stat
[Tue Feb 24 00:44:58.191093 2026] [php:error] [pid 21932] [client 104.209.148.10:0] script '/domains/system_default/wp-access.php' not found or unable to stat
[Tue Feb 24 00:44:58.198916 2026] [php:error] [pid 21932] [client 104.209.148.10:0] script '/domains/system_default/a1vx.php' not found or unable to stat
[Tue Feb 24 00:44:58.206595 2026] [php:error] [pid 21932] [client 104.209.148.10:0] script '/domains/system_default/sbhu.php' not found or unable to stat
[Tue Feb 24 00:44:58.214229 2026] [php:error] [pid 21932] [client 104.209.148.10:0] script '/domains/system_default/wp-the.php' not found or unable to stat
[Tue Feb 24 00:44:58.221795 2026] [php:error] [pid 21932] [client 104.209.148.10:0] script '/domains/system_default/06.php' not found or unable to stat
[Tue Feb 24 00:44:58.229327 2026] [php:error] [pid 21932] [client 104.209.148.10:0] script '/domains/system_default/classwithtostring.php' not found or unable to stat
[Tue Feb 24 00:44:58.236849 2026] [php:error] [pid 21932] [client 104.209.148.10:0] script '/domains/system_default/fot.php' not found or unable to stat
[Tue Feb 24 00:44:58.244378 2026] [php:error] [pid 21932] [client 104.209.148.10:0] script '/domains/system_default/ff1.php' not found or unable to stat
[Tue Feb 24 00:44:58.251852 2026] [php:error] [pid 21932] [client 104.209.148.10:0] script '/domains/system_default/forbidals.php' not found or unable to stat
[Tue Feb 24 00:44:58.259523 2026] [php:error] [pid 21932] [client 104.209.148.10:0] script '/domains/system_default/erty.php' not found or unable to stat
[Tue Feb 24 00:44:58.267323 2026] [php:error] [pid 21932] [client 104.209.148.10:0] script '/domains/system_default/dev1s.php' not found or unable to stat
[Tue Feb 24 00:44:58.274876 2026] [php:error] [pid 21932] [client 104.209.148.10:0] script '/domains/system_default/ffd.php' not found or unable to stat
[Tue Feb 24 00:44:58.282488 2026] [php:error] [pid 21932] [client 104.209.148.10:0] script '/domains/system_default/admiin.php' not found or unable to stat
[Tue Feb 24 00:44:58.290055 2026] [php:error] [pid 21932] [client 104.209.148.10:0] script '/domains/system_default/ol.php' not found or unable to stat
[Tue Feb 24 00:44:58.297762 2026] [php:error] [pid 21932] [client 104.209.148.10:0] script '/domains/system_default/Sanskrit.php' not found or unable to stat
[Tue Feb 24 00:44:58.305637 2026] [php:error] [pid 21932] [client 104.209.148.10:0] script '/domains/system_default/vxrl.php' not found or unable to stat
[Tue Feb 24 00:44:58.313342 2026] [php:error] [pid 21932] [client 104.209.148.10:0] script '/domains/system_default/re.php' not found or unable to stat
[Tue Feb 24 00:44:58.320900 2026] [php:error] [pid 21932] [client 104.209.148.10:0] script '/domains/system_default/num.php' not found or unable to stat
[Tue Feb 24 00:44:58.328480 2026] [php:error] [pid 21932] [client 104.209.148.10:0] script '/domains/system_default/makeasmtp.php' not found or unable to stat
[Tue Feb 24 00:44:58.335822 2026] [php:error] [pid 21932] [client 104.209.148.10:0] script '/domains/system_default/vxrl.php' not found or unable to stat
[Tue Feb 24 00:44:58.343729 2026] [php:error] [pid 21932] [client 104.209.148.10:0] script '/domains/system_default/in.php' not found or unable to stat
[Tue Feb 24 00:44:58.351269 2026] [php:error] [pid 21932] [client 104.209.148.10:0] script '/domains/system_default/style.php' not found or unable to stat
[Tue Feb 24 00:44:58.359246 2026] [php:error] [pid 21932] [client 104.209.148.10:0] script '/domains/system_default/we.php' not found or unable to stat
[Tue Feb 24 00:44:58.366788 2026] [php:error] [pid 21932] [client 104.209.148.10:0] script '/domains/system_default/zwso.php' not found or unable to stat
[Tue Feb 24 00:44:58.374445 2026] [php:error] [pid 21932] [client 104.209.148.10:0] script '/domains/system_default/karak.php' not found or unable to stat
[Tue Feb 24 00:44:58.382335 2026] [php:error] [pid 21932] [client 104.209.148.10:0] script '/domains/system_default/prv8.php' not found or unable to stat
[Tue Feb 24 00:44:58.409807 2026] [php:error] [pid 21932] [client 104.209.148.10:0] script '/domains/system_default/xmlrpc.php' not found or unable to stat
[Tue Feb 24 00:44:58.417604 2026] [php:error] [pid 21932] [client 104.209.148.10:0] script '/domains/system_default/dev.php' not found or unable to stat
[Tue Feb 24 00:44:58.425513 2026] [php:error] [pid 21932] [client 104.209.148.10:0] script '/domains/system_default/lock360.php' not found or unable to stat
[Tue Feb 24 00:44:58.433323 2026] [php:error] [pid 21932] [client 104.209.148.10:0] script '/domains/system_default/155.php' not found or unable to stat
[Tue Feb 24 00:44:58.440867 2026] [php:error] [pid 21932] [client 104.209.148.10:0] script '/domains/system_default/goat.php' not found or unable to stat
[Tue Feb 24 00:44:58.448558 2026] [php:error] [pid 21932] [client 104.209.148.10:0] script '/domains/system_default/ext.php' not found or unable to stat
[Tue Feb 24 00:44:58.456203 2026] [php:error] [pid 21932] [client 104.209.148.10:0] script '/domains/system_default/inputs.php' not found or unable to stat
[Tue Feb 24 00:44:58.463805 2026] [php:error] [pid 21932] [client 104.209.148.10:0] script '/domains/system_default/ioxi.php' not found or unable to stat
[Tue Feb 24 00:44:58.471634 2026] [php:error] [pid 21932] [client 104.209.148.10:0] script '/domains/system_default/fe5.php' not found or unable to stat
[Tue Feb 24 00:44:58.479652 2026] [php:error] [pid 21932] [client 104.209.148.10:0] script '/domains/system_default/ov.php' not found or unable to stat
[Tue Feb 24 00:44:58.494765 2026] [php:error] [pid 21932] [client 104.209.148.10:0] script '/domains/system_default/default.php' not found or unable to stat
[Tue Feb 24 00:44:58.502967 2026] [php:error] [pid 21932] [client 104.209.148.10:0] script '/domains/system_default/goods.php' not found or unable to stat
[Tue Feb 24 00:44:58.510811 2026] [php:error] [pid 21932] [client 104.209.148.10:0] script '/domains/system_default/abcd.php' not found or unable to stat
[Tue Feb 24 00:44:58.518740 2026] [php:error] [pid 21932] [client 104.209.148.10:0] script '/domains/system_default/class.1.php' not found or unable to stat
[Tue Feb 24 00:44:58.532008 2026] [php:error] [pid 21932] [client 104.209.148.10:0] script '/domains/system_default/async.php' not found or unable to stat
[Tue Feb 24 00:44:58.539979 2026] [php:error] [pid 21932] [client 104.209.148.10:0] script '/domains/system_default/ff.php' not found or unable to stat
[Tue Feb 24 00:44:58.547879 2026] [php:error] [pid 21932] [client 104.209.148.10:0] script '/domains/system_default/ioxi-o.php' not found or unable to stat
[Tue Feb 24 00:44:58.584775 2026] [php:error] [pid 21932] [client 104.209.148.10:0] script '/domains/system_default/manager.php' not found or unable to stat
[Tue Feb 24 00:44:58.592419 2026] [php:error] [pid 21932] [client 104.209.148.10:0] script '/domains/system_default/wp-update.php' not found or unable to stat
[Tue Feb 24 00:44:58.607851 2026] [php:error] [pid 21930] [client 104.209.148.10:0] script '/domains/system_default/file.php' not found or unable to stat
[Tue Feb 24 00:44:58.615772 2026] [php:error] [pid 21930] [client 104.209.148.10:0] script '/domains/system_default/lc.php' not found or unable to stat
[Tue Feb 24 00:44:58.623167 2026] [php:error] [pid 21930] [client 104.209.148.10:0] script '/domains/system_default/cbrfo.php' not found or unable to stat
[Tue Feb 24 00:44:58.630664 2026] [php:error] [pid 21930] [client 104.209.148.10:0] script '/domains/system_default/inc.php' not found or unable to stat
[Tue Feb 24 00:44:58.638368 2026] [php:error] [pid 21930] [client 104.209.148.10:0] script '/domains/system_default/gifclass.php' not found or unable to stat
[Tue Feb 24 00:44:58.645798 2026] [php:error] [pid 21930] [client 104.209.148.10:0] script '/domains/system_default/miansha.php' not found or unable to stat
[Tue Feb 24 00:44:58.653330 2026] [php:error] [pid 21930] [client 104.209.148.10:0] script '/domains/system_default/tinyfilemanager.php' not found or unable to stat
[Tue Feb 24 00:44:58.660645 2026] [php:error] [pid 21930] [client 104.209.148.10:0] script '/domains/system_default/ok.php' not found or unable to stat
[Tue Feb 24 00:44:58.668040 2026] [php:error] [pid 21930] [client 104.209.148.10:0] script '/domains/system_default/fi.php' not found or unable to stat
[Tue Feb 24 00:44:58.675841 2026] [php:error] [pid 21930] [client 104.209.148.10:0] script '/domains/system_default/muzu.php' not found or unable to stat
[Tue Feb 24 00:44:58.683685 2026] [php:error] [pid 21930] [client 104.209.148.10:0] script '/domains/system_default/reze.php' not found or unable to stat
[Tue Feb 24 00:44:58.691236 2026] [php:error] [pid 21930] [client 104.209.148.10:0] script '/domains/system_default/styll.php' not found or unable to stat
[Tue Feb 24 00:44:58.699211 2026] [php:error] [pid 21930] [client 104.209.148.10:0] script '/domains/system_default/x7.php' not found or unable to stat
[Tue Feb 24 00:44:58.706753 2026] [php:error] [pid 21930] [client 104.209.148.10:0] script '/domains/system_default/thebe.php' not found or unable to stat
[Tue Feb 24 00:44:58.714512 2026] [php:error] [pid 21930] [client 104.209.148.10:0] script '/domains/system_default/ddd.php' not found or unable to stat
[Tue Feb 24 00:44:58.721912 2026] [php:error] [pid 21930] [client 104.209.148.10:0] script '/domains/system_default/bgymj.php' not found or unable to stat
[Tue Feb 24 00:44:58.729378 2026] [php:error] [pid 21930] [client 104.209.148.10:0] script '/domains/system_default/ioxi.php' not found or unable to stat
[Tue Feb 24 00:44:58.736782 2026] [php:error] [pid 21930] [client 104.209.148.10:0] script '/domains/system_default/xpwer1.php' not found or unable to stat
[Tue Feb 24 00:44:58.744180 2026] [php:error] [pid 21930] [client 104.209.148.10:0] script '/domains/system_default/lala.php' not found or unable to stat
[Tue Feb 24 00:44:58.751512 2026] [php:error] [pid 21930] [client 104.209.148.10:0] script '/domains/system_default/about.php' not found or unable to stat
[Tue Feb 24 00:44:58.788253 2026] [php:error] [pid 21930] [client 104.209.148.10:0] script '/domains/system_default/info.php' not found or unable to stat
[Tue Feb 24 00:44:58.795449 2026] [php:error] [pid 21930] [client 104.209.148.10:0] script '/domains/system_default/about.php' not found or unable to stat
[Tue Feb 24 00:44:58.810259 2026] [php:error] [pid 21930] [client 104.209.148.10:0] script '/domains/system_default/222.php' not found or unable to stat
[Tue Feb 24 00:44:58.817577 2026] [php:error] [pid 21930] [client 104.209.148.10:0] script '/domains/system_default/adminfuns.php' not found or unable to stat
[Tue Feb 24 00:44:58.832526 2026] [php:error] [pid 21930] [client 104.209.148.10:0] script '/domains/system_default/xx.php' not found or unable to stat
[Tue Feb 24 00:44:58.848241 2026] [php:error] [pid 21930] [client 104.209.148.10:0] script '/domains/system_default/f5.php' not found or unable to stat
[Tue Feb 24 00:44:58.855909 2026] [php:error] [pid 21930] [client 104.209.148.10:0] script '/domains/system_default/flower.php' not found or unable to stat
[Tue Feb 24 00:44:58.863448 2026] [php:error] [pid 21930] [client 104.209.148.10:0] script '/domains/system_default/f6.php' not found or unable to stat
[Tue Feb 24 00:44:58.870866 2026] [php:error] [pid 21930] [client 104.209.148.10:0] script '/domains/system_default/edit.php' not found or unable to stat
[Tue Feb 24 00:44:58.900257 2026] [php:error] [pid 21930] [client 104.209.148.10:0] script '/domains/system_default/wsd.php' not found or unable to stat
[Tue Feb 24 00:44:58.907867 2026] [php:error] [pid 21930] [client 104.209.148.10:0] script '/domains/system_default/jane.php' not found or unable to stat
[Tue Feb 24 00:44:58.915263 2026] [php:error] [pid 21930] [client 104.209.148.10:0] script '/domains/system_default/css.php' not found or unable to stat
[Tue Feb 24 00:44:58.925499 2026] [php:error] [pid 21930] [client 104.209.148.10:0] script '/domains/system_default/alfa.php' not found or unable to stat
[Tue Feb 24 00:44:58.933149 2026] [php:error] [pid 21930] [client 104.209.148.10:0] script '/domains/system_default/x.php' not found or unable to stat
[Tue Feb 24 00:44:58.940779 2026] [php:error] [pid 21930] [client 104.209.148.10:0] script '/domains/system_default/xxxx.php' not found or unable to stat
[Tue Feb 24 00:44:58.948234 2026] [php:error] [pid 21930] [client 104.209.148.10:0] script '/domains/system_default/class.php' not found or unable to stat
[Tue Feb 24 00:44:58.955667 2026] [php:error] [pid 21930] [client 104.209.148.10:0] script '/domains/system_default/f35.php' not found or unable to stat
[Tue Feb 24 00:44:58.985316 2026] [php:error] [pid 21930] [client 104.209.148.10:0] script '/domains/system_default/class-t.api.php' not found or unable to stat
[Tue Feb 24 00:44:59.043481 2026] [php:error] [pid 21930] [client 104.209.148.10:0] script '/domains/system_default/init.php' not found or unable to stat
[Tue Feb 24 00:44:59.058420 2026] [php:error] [pid 21930] [client 104.209.148.10:0] script '/domains/system_default/k.php' not found or unable to stat
[Tue Feb 24 00:44:59.066143 2026] [php:error] [pid 21930] [client 104.209.148.10:0] script '/domains/system_default/bless.php' not found or unable to stat
[Tue Feb 24 00:44:59.074253 2026] [php:error] [pid 21930] [client 104.209.148.10:0] script '/domains/system_default/X7x.php' not found or unable to stat
[Tue Feb 24 00:44:59.082091 2026] [php:error] [pid 21930] [client 104.209.148.10:0] script '/domains/system_default/166.php' not found or unable to stat
[Tue Feb 24 00:44:59.089465 2026] [php:error] [pid 21930] [client 104.209.148.10:0] script '/domains/system_default/plss3.php' not found or unable to stat
[Tue Feb 24 00:44:59.105159 2026] [php:error] [pid 21930] [client 104.209.148.10:0] script '/domains/system_default/admins.php' not found or unable to stat
[Tue Feb 24 00:44:59.114895 2026] [php:error] [pid 21930] [client 104.209.148.10:0] script '/domains/system_default/wp.php' not found or unable to stat
[Tue Feb 24 00:44:59.123488 2026] [php:error] [pid 21930] [client 104.209.148.10:0] script '/domains/system_default/main.php' not found or unable to stat
[Tue Feb 24 00:44:59.131261 2026] [php:error] [pid 21930] [client 104.209.148.10:0] script '/domains/system_default/a1.php' not found or unable to stat
[Tue Feb 24 00:44:59.138860 2026] [php:error] [pid 21930] [client 104.209.148.10:0] script '/domains/system_default/lala.php' not found or unable to stat
[Tue Feb 24 00:44:59.146545 2026] [php:error] [pid 21930] [client 104.209.148.10:0] script '/domains/system_default/aaa.php' not found or unable to stat
[Tue Feb 24 00:44:59.154275 2026] [php:error] [pid 21930] [client 104.209.148.10:0] script '/domains/system_default/a2.php' not found or unable to stat
[Tue Feb 24 00:44:59.169560 2026] [php:error] [pid 21930] [client 104.209.148.10:0] script '/domains/system_default/jsond.php' not found or unable to stat
[Tue Feb 24 00:44:59.192809 2026] [php:error] [pid 21930] [client 104.209.148.10:0] script '/domains/system_default/gmo.php' not found or unable to stat
[Tue Feb 24 00:45:40.996026 2026] [php:error] [pid 21953] [client 20.24.197.43:0] script '/domains/aatweb/wp-trackback.php' not found or unable to stat
[Tue Feb 24 00:45:41.207759 2026] [php:error] [pid 21953] [client 20.24.197.43:0] script '/domains/aatweb/about.php' not found or unable to stat
[Tue Feb 24 00:45:41.419275 2026] [php:error] [pid 21953] [client 20.24.197.43:0] script '/domains/aatweb/file.php' not found or unable to stat
[Tue Feb 24 00:45:41.631259 2026] [php:error] [pid 21953] [client 20.24.197.43:0] script '/domains/aatweb/wp-good.php' not found or unable to stat
[Tue Feb 24 00:45:41.843126 2026] [php:error] [pid 21953] [client 20.24.197.43:0] script '/domains/aatweb/xmlrpc.php' not found or unable to stat
[Tue Feb 24 00:45:42.062066 2026] [php:error] [pid 21953] [client 20.24.197.43:0] script '/domains/aatweb/ioxi-o.php' not found or unable to stat
[Tue Feb 24 00:45:42.273726 2026] [php:error] [pid 21953] [client 20.24.197.43:0] script '/domains/aatweb/class-t.api.php' not found or unable to stat
[Tue Feb 24 00:45:42.487720 2026] [php:error] [pid 21953] [client 20.24.197.43:0] script '/domains/aatweb/admin.php' not found or unable to stat
[Tue Feb 24 00:45:42.699914 2026] [php:error] [pid 21953] [client 20.24.197.43:0] script '/domains/aatweb/sf.php' not found or unable to stat
[Tue Feb 24 00:45:42.911863 2026] [php:error] [pid 21953] [client 20.24.197.43:0] script '/domains/aatweb/rip.php' not found or unable to stat
[Tue Feb 24 00:45:43.127246 2026] [php:error] [pid 21953] [client 20.24.197.43:0] script '/domains/aatweb/autoload_classmap.php' not found or unable to stat
[Tue Feb 24 00:45:43.339248 2026] [php:error] [pid 21953] [client 20.24.197.43:0] script '/domains/aatweb/chosen.php' not found or unable to stat
[Tue Feb 24 00:45:43.550841 2026] [php:error] [pid 21953] [client 20.24.197.43:0] script '/domains/aatweb/classwithtostring.php' not found or unable to stat
