[Tue Feb 24 01:06:33.964164 2026] [php:error] [pid 22206] [client 104.209.148.10:0] script '/domains/system_suspended/0.php' not found or unable to stat
[Tue Feb 24 01:06:33.978578 2026] [php:error] [pid 22206] [client 104.209.148.10:0] script '/domains/system_suspended/ms-edit.php' not found or unable to stat
[Tue Feb 24 01:06:33.980245 2026] [php:error] [pid 22193] [client 20.214.159.60:0] script '/domains/king1969/default.php' not found or unable to stat
[Tue Feb 24 01:06:33.988860 2026] [php:error] [pid 22206] [client 104.209.148.10:0] script '/domains/system_suspended/grsiuk.php' not found or unable to stat
[Tue Feb 24 01:06:33.999355 2026] [php:error] [pid 22206] [client 104.209.148.10:0] script '/domains/system_suspended/wp-blog.php' not found or unable to stat
[Tue Feb 24 01:06:34.007003 2026] [php:error] [pid 22206] [client 104.209.148.10:0] script '/domains/system_suspended/wp-access.php' not found or unable to stat
[Tue Feb 24 01:06:34.023720 2026] [php:error] [pid 22206] [client 104.209.148.10:0] script '/domains/system_suspended/a1vx.php' not found or unable to stat
[Tue Feb 24 01:06:34.032079 2026] [php:error] [pid 22206] [client 104.209.148.10:0] script '/domains/system_suspended/sbhu.php' not found or unable to stat
[Tue Feb 24 01:06:34.040197 2026] [php:error] [pid 22206] [client 104.209.148.10:0] script '/domains/system_suspended/wp-the.php' not found or unable to stat
[Tue Feb 24 01:06:34.054188 2026] [php:error] [pid 22206] [client 104.209.148.10:0] script '/domains/system_suspended/06.php' not found or unable to stat
[Tue Feb 24 01:06:34.073284 2026] [php:error] [pid 22206] [client 104.209.148.10:0] script '/domains/system_suspended/classwithtostring.php' not found or unable to stat
[Tue Feb 24 01:06:34.080903 2026] [php:error] [pid 22206] [client 104.209.148.10:0] script '/domains/system_suspended/fot.php' not found or unable to stat
[Tue Feb 24 01:06:34.088502 2026] [php:error] [pid 22206] [client 104.209.148.10:0] script '/domains/system_suspended/ff1.php' not found or unable to stat
[Tue Feb 24 01:06:34.096232 2026] [php:error] [pid 22206] [client 104.209.148.10:0] script '/domains/system_suspended/forbidals.php' not found or unable to stat
[Tue Feb 24 01:06:34.104709 2026] [php:error] [pid 22206] [client 104.209.148.10:0] script '/domains/system_suspended/erty.php' not found or unable to stat
[Tue Feb 24 01:06:34.112430 2026] [php:error] [pid 22206] [client 104.209.148.10:0] script '/domains/system_suspended/dev1s.php' not found or unable to stat
[Tue Feb 24 01:06:34.120731 2026] [php:error] [pid 22206] [client 104.209.148.10:0] script '/domains/system_suspended/ffd.php' not found or unable to stat
[Tue Feb 24 01:06:34.129006 2026] [php:error] [pid 22206] [client 104.209.148.10:0] script '/domains/system_suspended/admiin.php' not found or unable to stat
[Tue Feb 24 01:06:34.154595 2026] [php:error] [pid 22206] [client 104.209.148.10:0] script '/domains/system_suspended/ol.php' not found or unable to stat
[Tue Feb 24 01:06:34.169439 2026] [php:error] [pid 22193] [client 20.214.159.60:0] script '/domains/king1969/meta.php' not found or unable to stat
[Tue Feb 24 01:06:34.173468 2026] [php:error] [pid 22206] [client 104.209.148.10:0] script '/domains/system_suspended/Sanskrit.php' not found or unable to stat
[Tue Feb 24 01:06:34.181458 2026] [php:error] [pid 22206] [client 104.209.148.10:0] script '/domains/system_suspended/vxrl.php' not found or unable to stat
[Tue Feb 24 01:06:34.234696 2026] [php:error] [pid 22206] [client 104.209.148.10:0] script '/domains/system_suspended/re.php' not found or unable to stat
[Tue Feb 24 01:06:34.267015 2026] [php:error] [pid 22206] [client 104.209.148.10:0] script '/domains/system_suspended/num.php' not found or unable to stat
[Tue Feb 24 01:06:34.294208 2026] [php:error] [pid 22206] [client 104.209.148.10:0] script '/domains/system_suspended/makeasmtp.php' not found or unable to stat
[Tue Feb 24 01:06:34.301699 2026] [php:error] [pid 22206] [client 104.209.148.10:0] script '/domains/system_suspended/vxrl.php' not found or unable to stat
[Tue Feb 24 01:06:34.324168 2026] [php:error] [pid 22206] [client 104.209.148.10:0] script '/domains/system_suspended/in.php' not found or unable to stat
[Tue Feb 24 01:06:34.332015 2026] [php:error] [pid 22206] [client 104.209.148.10:0] script '/domains/system_suspended/style.php' not found or unable to stat
[Tue Feb 24 01:06:34.340011 2026] [php:error] [pid 22206] [client 104.209.148.10:0] script '/domains/system_suspended/we.php' not found or unable to stat
[Tue Feb 24 01:06:34.347548 2026] [php:error] [pid 22206] [client 104.209.148.10:0] script '/domains/system_suspended/zwso.php' not found or unable to stat
[Tue Feb 24 01:06:34.359196 2026] [php:error] [pid 22193] [client 20.214.159.60:0] script '/domains/king1969/index.php' not found or unable to stat
[Tue Feb 24 01:06:34.363003 2026] [php:error] [pid 22206] [client 104.209.148.10:0] script '/domains/system_suspended/karak.php' not found or unable to stat
[Tue Feb 24 01:06:34.378166 2026] [php:error] [pid 22206] [client 104.209.148.10:0] script '/domains/system_suspended/prv8.php' not found or unable to stat
[Tue Feb 24 01:06:34.429281 2026] [php:error] [pid 22206] [client 104.209.148.10:0] script '/domains/system_suspended/xmlrpc.php' not found or unable to stat
[Tue Feb 24 01:06:34.444219 2026] [php:error] [pid 22206] [client 104.209.148.10:0] script '/domains/system_suspended/dev.php' not found or unable to stat
[Tue Feb 24 01:06:34.451657 2026] [php:error] [pid 22206] [client 104.209.148.10:0] script '/domains/system_suspended/lock360.php' not found or unable to stat
[Tue Feb 24 01:06:34.462960 2026] [php:error] [pid 22206] [client 104.209.148.10:0] script '/domains/system_suspended/155.php' not found or unable to stat
[Tue Feb 24 01:06:34.474681 2026] [php:error] [pid 22206] [client 104.209.148.10:0] script '/domains/system_suspended/goat.php' not found or unable to stat
[Tue Feb 24 01:06:34.486301 2026] [php:error] [pid 22206] [client 104.209.148.10:0] script '/domains/system_suspended/ext.php' not found or unable to stat
[Tue Feb 24 01:06:34.500106 2026] [php:error] [pid 22206] [client 104.209.148.10:0] script '/domains/system_suspended/inputs.php' not found or unable to stat
[Tue Feb 24 01:06:34.509193 2026] [php:error] [pid 22206] [client 104.209.148.10:0] script '/domains/system_suspended/ioxi.php' not found or unable to stat
[Tue Feb 24 01:06:34.530493 2026] [php:error] [pid 22206] [client 104.209.148.10:0] script '/domains/system_suspended/fe5.php' not found or unable to stat
[Tue Feb 24 01:06:34.544519 2026] [php:error] [pid 22206] [client 104.209.148.10:0] script '/domains/system_suspended/ov.php' not found or unable to stat
[Tue Feb 24 01:06:34.548430 2026] [php:error] [pid 22193] [client 20.214.159.60:0] script '/domains/king1969/yindu.php' not found or unable to stat
[Tue Feb 24 01:06:34.574232 2026] [php:error] [pid 22206] [client 104.209.148.10:0] script '/domains/system_suspended/default.php' not found or unable to stat
[Tue Feb 24 01:06:34.581639 2026] [php:error] [pid 22206] [client 104.209.148.10:0] script '/domains/system_suspended/goods.php' not found or unable to stat
[Tue Feb 24 01:06:34.598857 2026] [php:error] [pid 22206] [client 104.209.148.10:0] script '/domains/system_suspended/abcd.php' not found or unable to stat
[Tue Feb 24 01:06:34.611869 2026] [php:error] [pid 22206] [client 104.209.148.10:0] script '/domains/system_suspended/class.1.php' not found or unable to stat
[Tue Feb 24 01:06:34.629084 2026] [php:error] [pid 22206] [client 104.209.148.10:0] script '/domains/system_suspended/async.php' not found or unable to stat
[Tue Feb 24 01:06:34.636890 2026] [php:error] [pid 22206] [client 104.209.148.10:0] script '/domains/system_suspended/ff.php' not found or unable to stat
[Tue Feb 24 01:06:34.644910 2026] [php:error] [pid 22206] [client 104.209.148.10:0] script '/domains/system_suspended/ioxi-o.php' not found or unable to stat
[Tue Feb 24 01:06:34.665332 2026] [php:error] [pid 22206] [client 104.209.148.10:0] script '/domains/system_suspended/manager.php' not found or unable to stat
[Tue Feb 24 01:06:34.694229 2026] [php:error] [pid 22206] [client 104.209.148.10:0] script '/domains/system_suspended/wp-update.php' not found or unable to stat
[Tue Feb 24 01:06:34.777185 2026] [php:error] [pid 22193] [client 20.214.159.60:0] script '/domains/king1969/randkeyword.php' not found or unable to stat
[Tue Feb 24 01:06:34.779845 2026] [php:error] [pid 22209] [client 104.209.148.10:0] script '/domains/system_suspended/file.php' not found or unable to stat
[Tue Feb 24 01:06:34.831127 2026] [php:error] [pid 22209] [client 104.209.148.10:0] script '/domains/system_suspended/lc.php' not found or unable to stat
[Tue Feb 24 01:06:34.872570 2026] [php:error] [pid 22209] [client 104.209.148.10:0] script '/domains/system_suspended/cbrfo.php' not found or unable to stat
[Tue Feb 24 01:06:34.933667 2026] [php:error] [pid 22209] [client 104.209.148.10:0] script '/domains/system_suspended/inc.php' not found or unable to stat
[Tue Feb 24 01:06:34.941473 2026] [php:error] [pid 22209] [client 104.209.148.10:0] script '/domains/system_suspended/gifclass.php' not found or unable to stat
[Tue Feb 24 01:06:34.949209 2026] [php:error] [pid 22209] [client 104.209.148.10:0] script '/domains/system_suspended/miansha.php' not found or unable to stat
[Tue Feb 24 01:06:34.963744 2026] [php:error] [pid 22209] [client 104.209.148.10:0] script '/domains/system_suspended/tinyfilemanager.php' not found or unable to stat
[Tue Feb 24 01:06:34.968017 2026] [php:error] [pid 22193] [client 20.214.159.60:0] script '/domains/king1969/goods.php' not found or unable to stat
[Tue Feb 24 01:06:34.975939 2026] [php:error] [pid 22209] [client 104.209.148.10:0] script '/domains/system_suspended/ok.php' not found or unable to stat
[Tue Feb 24 01:06:34.983650 2026] [php:error] [pid 22209] [client 104.209.148.10:0] script '/domains/system_suspended/fi.php' not found or unable to stat
[Tue Feb 24 01:06:34.991119 2026] [php:error] [pid 22209] [client 104.209.148.10:0] script '/domains/system_suspended/muzu.php' not found or unable to stat
[Tue Feb 24 01:06:34.998725 2026] [php:error] [pid 22209] [client 104.209.148.10:0] script '/domains/system_suspended/reze.php' not found or unable to stat
[Tue Feb 24 01:06:35.026360 2026] [php:error] [pid 22209] [client 104.209.148.10:0] script '/domains/system_suspended/styll.php' not found or unable to stat
[Tue Feb 24 01:06:35.042971 2026] [php:error] [pid 22209] [client 104.209.148.10:0] script '/domains/system_suspended/x7.php' not found or unable to stat
[Tue Feb 24 01:06:35.060894 2026] [php:error] [pid 22209] [client 104.209.148.10:0] script '/domains/system_suspended/thebe.php' not found or unable to stat
[Tue Feb 24 01:06:35.068710 2026] [php:error] [pid 22209] [client 104.209.148.10:0] script '/domains/system_suspended/ddd.php' not found or unable to stat
[Tue Feb 24 01:06:35.079516 2026] [php:error] [pid 22209] [client 104.209.148.10:0] script '/domains/system_suspended/bgymj.php' not found or unable to stat
[Tue Feb 24 01:06:35.086932 2026] [php:error] [pid 22209] [client 104.209.148.10:0] script '/domains/system_suspended/ioxi.php' not found or unable to stat
[Tue Feb 24 01:06:35.094572 2026] [php:error] [pid 22209] [client 104.209.148.10:0] script '/domains/system_suspended/xpwer1.php' not found or unable to stat
[Tue Feb 24 01:06:35.115865 2026] [php:error] [pid 22209] [client 104.209.148.10:0] script '/domains/system_suspended/lala.php' not found or unable to stat
[Tue Feb 24 01:06:35.133631 2026] [php:error] [pid 22209] [client 104.209.148.10:0] script '/domains/system_suspended/about.php' not found or unable to stat
[Tue Feb 24 01:06:35.158907 2026] [php:error] [pid 22193] [client 20.214.159.60:0] script '/domains/king1969/hehe.php' not found or unable to stat
[Tue Feb 24 01:06:35.200237 2026] [php:error] [pid 22209] [client 104.209.148.10:0] script '/domains/system_suspended/info.php' not found or unable to stat
[Tue Feb 24 01:06:35.263916 2026] [php:error] [pid 22209] [client 104.209.148.10:0] script '/domains/system_suspended/about.php' not found or unable to stat
[Tue Feb 24 01:06:35.280545 2026] [php:error] [pid 22209] [client 104.209.148.10:0] script '/domains/system_suspended/222.php' not found or unable to stat
[Tue Feb 24 01:06:35.288363 2026] [php:error] [pid 22209] [client 104.209.148.10:0] script '/domains/system_suspended/adminfuns.php' not found or unable to stat
[Tue Feb 24 01:06:35.303595 2026] [php:error] [pid 22209] [client 104.209.148.10:0] script '/domains/system_suspended/xx.php' not found or unable to stat
[Tue Feb 24 01:06:35.330915 2026] [php:error] [pid 22209] [client 104.209.148.10:0] script '/domains/system_suspended/f5.php' not found or unable to stat
[Tue Feb 24 01:06:35.338744 2026] [php:error] [pid 22209] [client 104.209.148.10:0] script '/domains/system_suspended/flower.php' not found or unable to stat
[Tue Feb 24 01:06:35.362040 2026] [php:error] [pid 22209] [client 104.209.148.10:0] script '/domains/system_suspended/f6.php' not found or unable to stat
[Tue Feb 24 01:06:35.371395 2026] [php:error] [pid 22193] [client 20.214.159.60:0] script '/domains/king1969/user.php' not found or unable to stat
[Tue Feb 24 01:06:35.380790 2026] [php:error] [pid 22209] [client 104.209.148.10:0] script '/domains/system_suspended/edit.php' not found or unable to stat
[Tue Feb 24 01:06:35.419111 2026] [php:error] [pid 22209] [client 104.209.148.10:0] script '/domains/system_suspended/wsd.php' not found or unable to stat
[Tue Feb 24 01:06:35.427365 2026] [php:error] [pid 22209] [client 104.209.148.10:0] script '/domains/system_suspended/jane.php' not found or unable to stat
[Tue Feb 24 01:06:35.436292 2026] [php:error] [pid 22209] [client 104.209.148.10:0] script '/domains/system_suspended/css.php' not found or unable to stat
[Tue Feb 24 01:06:35.457762 2026] [php:error] [pid 22209] [client 104.209.148.10:0] script '/domains/system_suspended/alfa.php' not found or unable to stat
[Tue Feb 24 01:06:35.471234 2026] [php:error] [pid 22209] [client 104.209.148.10:0] script '/domains/system_suspended/x.php' not found or unable to stat
[Tue Feb 24 01:06:35.481304 2026] [php:error] [pid 22209] [client 104.209.148.10:0] script '/domains/system_suspended/xxxx.php' not found or unable to stat
[Tue Feb 24 01:06:35.488707 2026] [php:error] [pid 22209] [client 104.209.148.10:0] script '/domains/system_suspended/class.php' not found or unable to stat
[Tue Feb 24 01:06:35.496813 2026] [php:error] [pid 22209] [client 104.209.148.10:0] script '/domains/system_suspended/f35.php' not found or unable to stat
[Tue Feb 24 01:06:35.538689 2026] [php:error] [pid 22209] [client 104.209.148.10:0] script '/domains/system_suspended/class-t.api.php' not found or unable to stat
[Tue Feb 24 01:06:35.584727 2026] [php:error] [pid 22193] [client 20.214.159.60:0] script '/domains/king1969/wp-2019.php' not found or unable to stat
[Tue Feb 24 01:06:35.614408 2026] [php:error] [pid 22209] [client 104.209.148.10:0] script '/domains/system_suspended/init.php' not found or unable to stat
[Tue Feb 24 01:06:35.643085 2026] [php:error] [pid 22209] [client 104.209.148.10:0] script '/domains/system_suspended/k.php' not found or unable to stat
[Tue Feb 24 01:06:35.667528 2026] [php:error] [pid 22209] [client 104.209.148.10:0] script '/domains/system_suspended/bless.php' not found or unable to stat
[Tue Feb 24 01:06:35.675907 2026] [php:error] [pid 22209] [client 104.209.148.10:0] script '/domains/system_suspended/X7x.php' not found or unable to stat
[Tue Feb 24 01:06:35.686904 2026] [php:error] [pid 22209] [client 104.209.148.10:0] script '/domains/system_suspended/166.php' not found or unable to stat
[Tue Feb 24 01:06:35.694624 2026] [php:error] [pid 22209] [client 104.209.148.10:0] script '/domains/system_suspended/plss3.php' not found or unable to stat
[Tue Feb 24 01:06:35.718132 2026] [php:error] [pid 22209] [client 104.209.148.10:0] script '/domains/system_suspended/admins.php' not found or unable to stat
[Tue Feb 24 01:06:35.734116 2026] [php:error] [pid 22209] [client 104.209.148.10:0] script '/domains/system_suspended/wp.php' not found or unable to stat
[Tue Feb 24 01:06:35.743875 2026] [php:error] [pid 22209] [client 104.209.148.10:0] script '/domains/system_suspended/main.php' not found or unable to stat
[Tue Feb 24 01:06:35.754355 2026] [php:error] [pid 22209] [client 104.209.148.10:0] script '/domains/system_suspended/a1.php' not found or unable to stat
[Tue Feb 24 01:06:35.773550 2026] [php:error] [pid 22209] [client 104.209.148.10:0] script '/domains/system_suspended/lala.php' not found or unable to stat
[Tue Feb 24 01:06:35.797695 2026] [php:error] [pid 22209] [client 104.209.148.10:0] script '/domains/system_suspended/aaa.php' not found or unable to stat
[Tue Feb 24 01:06:35.822486 2026] [php:error] [pid 22193] [client 20.214.159.60:0] script '/domains/king1969/chosen.php' not found or unable to stat
[Tue Feb 24 01:06:35.824115 2026] [php:error] [pid 22209] [client 104.209.148.10:0] script '/domains/system_suspended/a2.php' not found or unable to stat
[Tue Feb 24 01:06:35.838759 2026] [php:error] [pid 22209] [client 104.209.148.10:0] script '/domains/system_suspended/jsond.php' not found or unable to stat
[Tue Feb 24 01:06:35.860290 2026] [php:error] [pid 22209] [client 104.209.148.10:0] script '/domains/system_suspended/09.php' not found or unable to stat
[Tue Feb 24 01:06:36.050514 2026] [php:error] [pid 22193] [client 20.214.159.60:0] script '/domains/king1969/functions.php' not found or unable to stat
[Tue Feb 24 01:06:36.271397 2026] [php:error] [pid 22193] [client 20.214.159.60:0] script '/domains/king1969/cron.php' not found or unable to stat
[Tue Feb 24 01:06:36.499982 2026] [php:error] [pid 22193] [client 20.214.159.60:0] script '/domains/king1969/edit.php' not found or unable to stat
[Tue Feb 24 01:06:36.711845 2026] [php:error] [pid 22193] [client 20.214.159.60:0] script '/domains/king1969/gecko-new.php' not found or unable to stat
[Tue Feb 24 01:06:36.940857 2026] [php:error] [pid 22193] [client 20.214.159.60:0] script '/domains/king1969/cookie.php' not found or unable to stat
[Tue Feb 24 01:06:37.130833 2026] [php:error] [pid 22193] [client 20.214.159.60:0] script '/domains/king1969/xleet.php' not found or unable to stat
[Tue Feb 24 01:06:37.320784 2026] [php:error] [pid 22193] [client 20.214.159.60:0] script '/domains/king1969/spip.php' not found or unable to stat
[Tue Feb 24 01:06:37.557035 2026] [php:error] [pid 22193] [client 20.214.159.60:0] script '/domains/king1969/22.php' not found or unable to stat
[Tue Feb 24 01:06:37.747290 2026] [php:error] [pid 22193] [client 20.214.159.60:0] script '/domains/king1969/room.php' not found or unable to stat
[Tue Feb 24 01:06:37.937528 2026] [php:error] [pid 22193] [client 20.214.159.60:0] script '/domains/king1969/disagreed.php' not found or unable to stat
[Tue Feb 24 01:06:38.150764 2026] [php:error] [pid 22193] [client 20.214.159.60:0] script '/domains/king1969/text.php' not found or unable to stat
[Tue Feb 24 01:06:38.340253 2026] [php:error] [pid 22193] [client 20.214.159.60:0] script '/domains/king1969/alfa-rex.php' not found or unable to stat
[Tue Feb 24 01:06:38.732542 2026] [php:error] [pid 22193] [client 20.214.159.60:0] script '/domains/king1969/feeds.php' not found or unable to stat
[Tue Feb 24 01:06:38.965648 2026] [php:error] [pid 22193] [client 20.214.159.60:0] script '/domains/king1969/radio.php' not found or unable to stat
[Tue Feb 24 01:06:39.172497 2026] [php:error] [pid 22193] [client 20.214.159.60:0] script '/domains/king1969/dropdown.php' not found or unable to stat
[Tue Feb 24 01:06:39.390494 2026] [php:error] [pid 22193] [client 20.214.159.60:0] script '/domains/king1969/system.php' not found or unable to stat
[Tue Feb 24 01:06:39.807840 2026] [php:error] [pid 22193] [client 20.214.159.60:0] script '/domains/king1969/colors.php' not found or unable to stat
[Tue Feb 24 01:06:40.025349 2026] [php:error] [pid 22193] [client 20.214.159.60:0] script '/domains/king1969/updates.php' not found or unable to stat
[Tue Feb 24 01:06:40.257255 2026] [php:error] [pid 22193] [client 20.214.159.60:0] script '/domains/king1969/alfa-rex1.php' not found or unable to stat
[Tue Feb 24 01:06:40.479434 2026] [php:error] [pid 22193] [client 20.214.159.60:0] script '/domains/king1969/wp-index.php' not found or unable to stat
[Tue Feb 24 01:06:40.698770 2026] [php:error] [pid 22193] [client 20.214.159.60:0] script '/domains/king1969/wp-admin.php' not found or unable to stat
[Tue Feb 24 01:06:40.918056 2026] [php:error] [pid 22193] [client 20.214.159.60:0] script '/domains/king1969/alfa.php' not found or unable to stat
[Tue Feb 24 01:06:41.313551 2026] [php:error] [pid 22193] [client 20.214.159.60:0] script '/domains/king1969/locale.php' not found or unable to stat
[Tue Feb 24 01:06:41.504239 2026] [php:error] [pid 22193] [client 20.214.159.60:0] script '/domains/king1969/wxo.php' not found or unable to stat
[Tue Feb 24 01:06:41.693666 2026] [php:error] [pid 22193] [client 20.214.159.60:0] script '/domains/king1969/colour.php' not found or unable to stat
[Tue Feb 24 01:06:41.886213 2026] [php:error] [pid 22193] [client 20.214.159.60:0] script '/domains/king1969/files.php' not found or unable to stat
[Tue Feb 24 01:06:42.076864 2026] [php:error] [pid 22193] [client 20.214.159.60:0] script '/domains/king1969/install.php' not found or unable to stat
[Tue Feb 24 01:06:42.122841 2026] [php:error] [pid 22216] [client 20.100.191.215:0] script '/domains/abtechsci/cwclass.php' not found or unable to stat
[Tue Feb 24 01:06:42.217483 2026] [php:error] [pid 22216] [client 20.100.191.215:0] script '/domains/abtechsci/class-cc.php' not found or unable to stat
[Tue Feb 24 01:06:42.270006 2026] [php:error] [pid 22193] [client 20.214.159.60:0] script '/domains/king1969/wp-contentt.php' not found or unable to stat
[Tue Feb 24 01:06:42.311965 2026] [php:error] [pid 22216] [client 20.100.191.215:0] script '/domains/abtechsci/lite.php' not found or unable to stat
[Tue Feb 24 01:06:42.406830 2026] [php:error] [pid 22216] [client 20.100.191.215:0] script '/domains/abtechsci/rrb.php' not found or unable to stat
[Tue Feb 24 01:06:42.511865 2026] [php:error] [pid 22216] [client 20.100.191.215:0] script '/domains/abtechsci/mariju.php' not found or unable to stat
[Tue Feb 24 01:06:42.618787 2026] [php:error] [pid 22216] [client 20.100.191.215:0] script '/domains/abtechsci/xenium4.php' not found or unable to stat
[Tue Feb 24 01:06:42.712445 2026] [php:error] [pid 22193] [client 20.214.159.60:0] script '/domains/king1969/config.php' not found or unable to stat
[Tue Feb 24 01:06:42.713524 2026] [php:error] [pid 22216] [client 20.100.191.215:0] script '/domains/abtechsci/jsonq.php' not found or unable to stat
[Tue Feb 24 01:06:42.902993 2026] [php:error] [pid 22193] [client 20.214.159.60:0] script '/domains/king1969/theme.php' not found or unable to stat
[Tue Feb 24 01:06:42.976122 2026] [php:error] [pid 22216] [client 20.100.191.215:0] script '/domains/abtechsci/wp-fast.php' not found or unable to stat
[Tue Feb 24 01:06:43.070876 2026] [php:error] [pid 22216] [client 20.100.191.215:0] script '/domains/abtechsci/yas.php' not found or unable to stat
[Tue Feb 24 01:06:43.092000 2026] [php:error] [pid 22193] [client 20.214.159.60:0] script '/domains/king1969/block-bindings.php' not found or unable to stat
[Tue Feb 24 01:06:43.281269 2026] [php:error] [pid 22193] [client 20.214.159.60:0] script '/domains/king1969/class_api.php' not found or unable to stat
[Tue Feb 24 01:06:43.470505 2026] [php:error] [pid 22193] [client 20.214.159.60:0] script '/domains/king1969/inputs.php' not found or unable to stat
[Tue Feb 24 01:06:43.661329 2026] [php:error] [pid 22193] [client 20.214.159.60:0] script '/domains/king1969/root.php' not found or unable to stat
[Tue Feb 24 01:06:43.851028 2026] [php:error] [pid 22193] [client 20.214.159.60:0] script '/domains/king1969/menu.php' not found or unable to stat
[Tue Feb 24 01:06:44.045975 2026] [php:error] [pid 22193] [client 20.214.159.60:0] script '/domains/king1969/plugin.php' not found or unable to stat
[Tue Feb 24 01:06:44.273353 2026] [php:error] [pid 22193] [client 20.214.159.60:0] script '/domains/king1969/cloud.php' not found or unable to stat
[Tue Feb 24 01:06:44.462950 2026] [php:error] [pid 22193] [client 20.214.159.60:0] script '/domains/king1969/configs.php' not found or unable to stat
[Tue Feb 24 01:06:44.702748 2026] [php:error] [pid 22193] [client 20.214.159.60:0] script '/domains/king1969/wp-configs.php' not found or unable to stat
[Tue Feb 24 01:06:45.302693 2026] [php:error] [pid 22221] [client 20.214.159.60:0] script '/domains/king1969/update.php' not found or unable to stat
[Tue Feb 24 01:06:45.485605 2026] [php:error] [pid 22221] [client 20.214.159.60:0] script '/domains/king1969/2.php' not found or unable to stat
[Tue Feb 24 01:06:45.668135 2026] [php:error] [pid 22221] [client 20.214.159.60:0] script '/domains/king1969/input.php' not found or unable to stat
[Tue Feb 24 01:06:46.548731 2026] [php:error] [pid 22209] [client 20.214.157.214:0] script '/domains/larrysr/1.php' not found or unable to stat
[Tue Feb 24 01:06:46.726590 2026] [php:error] [pid 22209] [client 20.214.157.214:0] script '/domains/larrysr/404.php' not found or unable to stat
[Tue Feb 24 01:06:46.917274 2026] [php:error] [pid 22209] [client 20.214.157.214:0] script '/domains/larrysr/inputs.php' not found or unable to stat
[Tue Feb 24 01:06:47.110994 2026] [php:error] [pid 22209] [client 20.214.157.214:0] script '/domains/larrysr/admin.php' not found or unable to stat
[Tue Feb 24 01:06:47.302961 2026] [php:error] [pid 22209] [client 20.214.157.214:0] script '/domains/larrysr/0x.php' not found or unable to stat
[Tue Feb 24 01:06:47.676413 2026] [php:error] [pid 22209] [client 20.214.157.214:0] script '/domains/larrysr/autoload_classmap.php' not found or unable to stat
[Tue Feb 24 01:06:48.032379 2026] [php:error] [pid 22209] [client 20.214.157.214:0] script '/domains/larrysr/simple.php' not found or unable to stat
[Tue Feb 24 01:06:48.210329 2026] [php:error] [pid 22209] [client 20.214.157.214:0] script '/domains/larrysr/info.php' not found or unable to stat
[Tue Feb 24 01:06:48.798320 2026] [php:error] [pid 22209] [client 20.214.157.214:0] script '/domains/larrysr/wsd.php' not found or unable to stat
[Tue Feb 24 01:06:49.399836 2026] [php:error] [pid 22209] [client 20.214.157.214:0] script '/domains/larrysr/manager.php' not found or unable to stat
[Tue Feb 24 01:06:49.783837 2026] [php:error] [pid 22209] [client 20.214.157.214:0] script '/domains/larrysr/file.php' not found or unable to stat
[Tue Feb 24 01:06:50.141276 2026] [php:error] [pid 22209] [client 20.214.157.214:0] script '/domains/larrysr/item.php' not found or unable to stat
[Tue Feb 24 01:06:50.337197 2026] [php:error] [pid 22209] [client 20.214.157.214:0] script '/domains/larrysr/x.php' not found or unable to stat
[Tue Feb 24 01:06:50.692996 2026] [php:error] [pid 22209] [client 20.214.157.214:0] script '/domains/larrysr/htaccess.php' not found or unable to stat
[Tue Feb 24 01:06:50.883202 2026] [php:error] [pid 22209] [client 20.214.157.214:0] script '/domains/larrysr/classwithtostring.php' not found or unable to stat
[Tue Feb 24 01:06:51.256622 2026] [php:error] [pid 22209] [client 20.214.157.214:0] script '/domains/larrysr/abcd.php' not found or unable to stat
[Tue Feb 24 01:06:51.435756 2026] [php:error] [pid 22209] [client 20.214.157.214:0] script '/domains/larrysr/click.php' not found or unable to stat
[Tue Feb 24 01:06:51.613873 2026] [php:error] [pid 22209] [client 20.214.157.214:0] script '/domains/larrysr/zwso.php' not found or unable to stat
[Tue Feb 24 01:06:52.192928 2026] [php:error] [pid 22209] [client 20.214.157.214:0] script '/domains/larrysr/about.php' not found or unable to stat
[Tue Feb 24 01:06:52.301199 2026] [core:crit] [pid 22199] (13)Permission denied: [client 114.119.140.115:0] AH00529: /domains/dcarlone/test/web/.htaccess pcfg_openfile: unable to check htaccess file, ensure it is readable and that '/domains/dcarlone/test/web/' is executable, referer: http://www.carloneassociates.com/test/web/i.php/did-ziva-and-tony-ever-hook-up/
[Tue Feb 24 01:06:52.643574 2026] [php:error] [pid 22209] [client 20.214.157.214:0] script '/domains/larrysr/install.php' not found or unable to stat
[Tue Feb 24 01:06:53.077049 2026] [php:error] [pid 22209] [client 20.214.157.214:0] script '/domains/larrysr/elp.php' not found or unable to stat
[Tue Feb 24 01:06:53.492854 2026] [php:error] [pid 22209] [client 20.214.157.214:0] script '/domains/larrysr/vx.php' not found or unable to stat
[Tue Feb 24 01:06:53.695812 2026] [php:error] [pid 22209] [client 20.214.157.214:0] script '/domains/larrysr/04.php' not found or unable to stat
[Tue Feb 24 01:06:54.051255 2026] [php:error] [pid 22209] [client 20.214.157.214:0] script '/domains/larrysr/makeasmtp.php' not found or unable to stat
[Tue Feb 24 01:06:54.463257 2026] [php:error] [pid 22209] [client 20.214.157.214:0] script '/domains/larrysr/rin.php' not found or unable to stat
[Tue Feb 24 01:06:55.204709 2026] [php:error] [pid 22209] [client 20.214.157.214:0] script '/domains/larrysr/byp.php' not found or unable to stat
[Tue Feb 24 01:06:55.905854 2026] [php:error] [pid 22209] [client 20.214.157.214:0] script '/domains/larrysr/ioxi.php' not found or unable to stat
[Tue Feb 24 01:06:56.440245 2026] [php:error] [pid 22209] [client 20.214.157.214:0] script '/domains/larrysr/index.php' not found or unable to stat
[Tue Feb 24 01:07:00.445221 2026] [php:error] [pid 22214] [client 139.59.138.27:0] script '/domains/highlandlabs/wp-login.php' not found or unable to stat
[Tue Feb 24 01:07:51.602350 2026] [php:error] [pid 22214] [client 4.232.88.90:0] script '/domains/pmglobal/cwclass.php' not found or unable to stat
[Tue Feb 24 01:07:51.694411 2026] [php:error] [pid 22214] [client 4.232.88.90:0] script '/domains/pmglobal/class-cc.php' not found or unable to stat
[Tue Feb 24 01:07:51.800983 2026] [php:error] [pid 22214] [client 4.232.88.90:0] script '/domains/pmglobal/lite.php' not found or unable to stat
[Tue Feb 24 01:07:51.901677 2026] [php:error] [pid 22214] [client 4.232.88.90:0] script '/domains/pmglobal/rrb.php' not found or unable to stat
[Tue Feb 24 01:07:52.000887 2026] [php:error] [pid 22214] [client 4.232.88.90:0] script '/domains/pmglobal/mariju.php' not found or unable to stat
[Tue Feb 24 01:07:52.165849 2026] [php:error] [pid 22214] [client 4.232.88.90:0] script '/domains/pmglobal/xenium4.php' not found or unable to stat
[Tue Feb 24 01:07:52.266851 2026] [php:error] [pid 22214] [client 4.232.88.90:0] script '/domains/pmglobal/jsonq.php' not found or unable to stat
[Tue Feb 24 01:07:52.451288 2026] [php:error] [pid 22214] [client 4.232.88.90:0] script '/domains/pmglobal/wp-fast.php' not found or unable to stat
[Tue Feb 24 01:07:52.543676 2026] [php:error] [pid 22214] [client 4.232.88.90:0] script '/domains/pmglobal/yas.php' not found or unable to stat
[Tue Feb 24 01:08:46.556697 2026] [php:error] [pid 22214] [client 20.194.29.45:0] script '/domains/covertcomic/wp-trackback.php' not found or unable to stat
[Tue Feb 24 01:08:46.765335 2026] [php:error] [pid 22214] [client 20.194.29.45:0] script '/domains/covertcomic/about.php' not found or unable to stat
[Tue Feb 24 01:08:46.947804 2026] [php:error] [pid 22214] [client 20.194.29.45:0] script '/domains/covertcomic/file.php' not found or unable to stat
[Tue Feb 24 01:08:47.130352 2026] [php:error] [pid 22214] [client 20.194.29.45:0] script '/domains/covertcomic/wp-good.php' not found or unable to stat
[Tue Feb 24 01:08:47.313192 2026] [php:error] [pid 22214] [client 20.194.29.45:0] script '/domains/covertcomic/xmlrpc.php' not found or unable to stat
[Tue Feb 24 01:08:47.495947 2026] [php:error] [pid 22214] [client 20.194.29.45:0] script '/domains/covertcomic/ioxi-o.php' not found or unable to stat
[Tue Feb 24 01:08:47.682613 2026] [php:error] [pid 22214] [client 20.194.29.45:0] script '/domains/covertcomic/class-t.api.php' not found or unable to stat
[Tue Feb 24 01:08:47.865276 2026] [php:error] [pid 22214] [client 20.194.29.45:0] script '/domains/covertcomic/admin.php' not found or unable to stat
[Tue Feb 24 01:08:48.049205 2026] [php:error] [pid 22214] [client 20.194.29.45:0] script '/domains/covertcomic/sf.php' not found or unable to stat
[Tue Feb 24 01:08:48.234262 2026] [php:error] [pid 22214] [client 20.194.29.45:0] script '/domains/covertcomic/rip.php' not found or unable to stat
[Tue Feb 24 01:08:48.417992 2026] [php:error] [pid 22214] [client 20.194.29.45:0] script '/domains/covertcomic/autoload_classmap.php' not found or unable to stat
[Tue Feb 24 01:08:48.614132 2026] [php:error] [pid 22214] [client 20.194.29.45:0] script '/domains/covertcomic/chosen.php' not found or unable to stat
[Tue Feb 24 01:08:48.815489 2026] [php:error] [pid 22214] [client 20.194.29.45:0] script '/domains/covertcomic/classwithtostring.php' not found or unable to stat
[Tue Feb 24 01:08:48.998124 2026] [php:error] [pid 22214] [client 20.194.29.45:0] script '/domains/covertcomic/defaults.php' not found or unable to stat
[Tue Feb 24 01:08:49.944144 2026] [php:error] [pid 22214] [client 20.194.29.45:0] script '/domains/covertcomic/info.php' not found or unable to stat
[Tue Feb 24 01:08:51.309271 2026] [php:error] [pid 22214] [client 20.194.29.45:0] script '/domains/covertcomic/adminfuns.php' not found or unable to stat
[Tue Feb 24 01:08:53.003877 2026] [php:error] [pid 22214] [client 20.194.29.45:0] script '/domains/covertcomic/WSO.php' not found or unable to stat
[Tue Feb 24 01:08:53.187146 2026] [php:error] [pid 22214] [client 20.194.29.45:0] script '/domains/covertcomic/a.php' not found or unable to stat
[Tue Feb 24 01:08:53.381749 2026] [php:error] [pid 22214] [client 20.194.29.45:0] script '/domains/covertcomic/aa.php' not found or unable to stat
[Tue Feb 24 01:08:53.581673 2026] [php:error] [pid 22214] [client 20.194.29.45:0] script '/domains/covertcomic/aaa.php' not found or unable to stat
[Tue Feb 24 01:08:53.796798 2026] [php:error] [pid 22214] [client 20.194.29.45:0] script '/domains/covertcomic/ab.php' not found or unable to stat
[Tue Feb 24 01:08:54.005153 2026] [php:error] [pid 22214] [client 20.194.29.45:0] script '/domains/covertcomic/lock360.php' not found or unable to stat
[Tue Feb 24 01:08:54.413846 2026] [php:error] [pid 22214] [client 20.194.29.45:0] script '/domains/covertcomic/file5.php' not found or unable to stat
[Tue Feb 24 01:08:54.623959 2026] [php:error] [pid 22214] [client 20.194.29.45:0] script '/domains/covertcomic/sitemaps.php' not found or unable to stat
[Tue Feb 24 01:08:54.838541 2026] [php:error] [pid 22214] [client 20.194.29.45:0] script '/domains/covertcomic/load.php' not found or unable to stat
[Tue Feb 24 01:08:55.021005 2026] [php:error] [pid 22214] [client 20.194.29.45:0] script '/domains/covertcomic/k.php' not found or unable to stat
[Tue Feb 24 01:08:55.203245 2026] [php:error] [pid 22214] [client 20.194.29.45:0] script '/domains/covertcomic/post.php' not found or unable to stat
[Tue Feb 24 01:08:55.386670 2026] [php:error] [pid 22214] [client 20.194.29.45:0] script '/domains/covertcomic/1.php' not found or unable to stat
[Tue Feb 24 01:08:55.582705 2026] [php:error] [pid 22214] [client 20.194.29.45:0] script '/domains/covertcomic/flower.php' not found or unable to stat
[Tue Feb 24 01:08:55.764852 2026] [php:error] [pid 22214] [client 20.194.29.45:0] script '/domains/covertcomic/default.php' not found or unable to stat
[Tue Feb 24 01:08:55.947524 2026] [php:error] [pid 22214] [client 20.194.29.45:0] script '/domains/covertcomic/meta.php' not found or unable to stat
[Tue Feb 24 01:08:56.130148 2026] [php:error] [pid 22214] [client 20.194.29.45:0] script '/domains/covertcomic/index.php' not found or unable to stat
[Tue Feb 24 01:08:56.312802 2026] [php:error] [pid 22214] [client 20.194.29.45:0] script '/domains/covertcomic/yindu.php' not found or unable to stat
[Tue Feb 24 01:08:56.495755 2026] [php:error] [pid 22214] [client 20.194.29.45:0] script '/domains/covertcomic/randkeyword.php' not found or unable to stat
[Tue Feb 24 01:08:56.710901 2026] [php:error] [pid 22214] [client 20.194.29.45:0] script '/domains/covertcomic/goods.php' not found or unable to stat
[Tue Feb 24 01:08:56.893838 2026] [php:error] [pid 22214] [client 20.194.29.45:0] script '/domains/covertcomic/hehe.php' not found or unable to stat
[Tue Feb 24 01:08:57.076173 2026] [php:error] [pid 22214] [client 20.194.29.45:0] script '/domains/covertcomic/user.php' not found or unable to stat
[Tue Feb 24 01:08:57.258720 2026] [php:error] [pid 22214] [client 20.194.29.45:0] script '/domains/covertcomic/wp-2019.php' not found or unable to stat
[Tue Feb 24 01:08:57.441115 2026] [php:error] [pid 22214] [client 20.194.29.45:0] script '/domains/covertcomic/chosen.php' not found or unable to stat
[Tue Feb 24 01:08:57.651513 2026] [php:error] [pid 22214] [client 20.194.29.45:0] script '/domains/covertcomic/functions.php' not found or unable to stat
[Tue Feb 24 01:08:57.833991 2026] [php:error] [pid 22214] [client 20.194.29.45:0] script '/domains/covertcomic/cron.php' not found or unable to stat
[Tue Feb 24 01:08:58.016326 2026] [php:error] [pid 22214] [client 20.194.29.45:0] script '/domains/covertcomic/edit.php' not found or unable to stat
[Tue Feb 24 01:08:58.199231 2026] [php:error] [pid 22214] [client 20.194.29.45:0] script '/domains/covertcomic/gecko-new.php' not found or unable to stat
[Tue Feb 24 01:08:58.394953 2026] [php:error] [pid 22214] [client 20.194.29.45:0] script '/domains/covertcomic/cookie.php' not found or unable to stat
[Tue Feb 24 01:08:58.610960 2026] [php:error] [pid 22214] [client 20.194.29.45:0] script '/domains/covertcomic/xleet.php' not found or unable to stat
[Tue Feb 24 01:08:58.793530 2026] [php:error] [pid 22214] [client 20.194.29.45:0] script '/domains/covertcomic/spip.php' not found or unable to stat
[Tue Feb 24 01:08:58.977297 2026] [php:error] [pid 22214] [client 20.194.29.45:0] script '/domains/covertcomic/22.php' not found or unable to stat
[Tue Feb 24 01:08:59.159735 2026] [php:error] [pid 22214] [client 20.194.29.45:0] script '/domains/covertcomic/room.php' not found or unable to stat
[Tue Feb 24 01:08:59.343065 2026] [php:error] [pid 22214] [client 20.194.29.45:0] script '/domains/covertcomic/disagreed.php' not found or unable to stat
[Tue Feb 24 01:08:59.557784 2026] [php:error] [pid 22214] [client 20.194.29.45:0] script '/domains/covertcomic/text.php' not found or unable to stat
[Tue Feb 24 01:08:59.741265 2026] [php:error] [pid 22214] [client 20.194.29.45:0] script '/domains/covertcomic/alfa-rex.php' not found or unable to stat
[Tue Feb 24 01:09:00.108500 2026] [php:error] [pid 22214] [client 20.194.29.45:0] script '/domains/covertcomic/feeds.php' not found or unable to stat
[Tue Feb 24 01:09:00.308778 2026] [php:error] [pid 22214] [client 20.194.29.45:0] script '/domains/covertcomic/radio.php' not found or unable to stat
[Tue Feb 24 01:09:00.491302 2026] [php:error] [pid 22214] [client 20.194.29.45:0] script '/domains/covertcomic/dropdown.php' not found or unable to stat
[Tue Feb 24 01:09:00.651397 2026] [php:error] [pid 22234] [client 20.212.104.201:0] script '/domains/system_default/slo.php' not found or unable to stat
[Tue Feb 24 01:09:00.673689 2026] [php:error] [pid 22214] [client 20.194.29.45:0] script '/domains/covertcomic/system.php' not found or unable to stat
[Tue Feb 24 01:09:00.905655 2026] [php:error] [pid 22234] [client 20.212.104.201:0] script '/domains/system_default/aa8.php' not found or unable to stat
[Tue Feb 24 01:09:01.039092 2026] [php:error] [pid 22214] [client 20.194.29.45:0] script '/domains/covertcomic/colors.php' not found or unable to stat
[Tue Feb 24 01:09:01.133118 2026] [php:error] [pid 22234] [client 20.212.104.201:0] script '/domains/system_default/unity.php' not found or unable to stat
[Tue Feb 24 01:09:01.230532 2026] [php:error] [pid 22214] [client 20.194.29.45:0] script '/domains/covertcomic/updates.php' not found or unable to stat
[Tue Feb 24 01:09:01.362792 2026] [php:error] [pid 22234] [client 20.212.104.201:0] script '/domains/system_default/makeasmtp.php' not found or unable to stat
[Tue Feb 24 01:09:01.412924 2026] [php:error] [pid 22214] [client 20.194.29.45:0] script '/domains/covertcomic/alfa-rex1.php' not found or unable to stat
[Tue Feb 24 01:09:01.589995 2026] [php:error] [pid 22234] [client 20.212.104.201:0] script '/domains/system_default/bin.php' not found or unable to stat
[Tue Feb 24 01:09:01.595136 2026] [php:error] [pid 22214] [client 20.194.29.45:0] script '/domains/covertcomic/wp-index.php' not found or unable to stat
[Tue Feb 24 01:09:01.778216 2026] [php:error] [pid 22214] [client 20.194.29.45:0] script '/domains/covertcomic/wp-admin.php' not found or unable to stat
[Tue Feb 24 01:09:01.960938 2026] [php:error] [pid 22214] [client 20.194.29.45:0] script '/domains/covertcomic/alfa.php' not found or unable to stat
[Tue Feb 24 01:09:02.011288 2026] [php:error] [pid 22234] [client 20.212.104.201:0] script '/domains/system_default/jga.php' not found or unable to stat
[Tue Feb 24 01:09:02.325343 2026] [php:error] [pid 22214] [client 20.194.29.45:0] script '/domains/covertcomic/locale.php' not found or unable to stat
[Tue Feb 24 01:09:02.376699 2026] [php:error] [pid 22234] [client 20.212.104.201:0] script '/domains/system_default/mjq.php' not found or unable to stat
[Tue Feb 24 01:09:02.507913 2026] [php:error] [pid 22214] [client 20.194.29.45:0] script '/domains/covertcomic/wxo.php' not found or unable to stat
[Tue Feb 24 01:09:02.605201 2026] [php:error] [pid 22234] [client 20.212.104.201:0] script '/domains/system_default/akc.php' not found or unable to stat
[Tue Feb 24 01:09:02.701506 2026] [php:error] [pid 22214] [client 20.194.29.45:0] script '/domains/covertcomic/colour.php' not found or unable to stat
[Tue Feb 24 01:09:02.842095 2026] [php:error] [pid 22234] [client 20.212.104.201:0] script '/domains/system_default/gg.php' not found or unable to stat
[Tue Feb 24 01:09:02.885137 2026] [php:error] [pid 22214] [client 20.194.29.45:0] script '/domains/covertcomic/files.php' not found or unable to stat
[Tue Feb 24 01:09:03.068092 2026] [php:error] [pid 22214] [client 20.194.29.45:0] script '/domains/covertcomic/install.php' not found or unable to stat
[Tue Feb 24 01:09:03.069049 2026] [php:error] [pid 22234] [client 20.212.104.201:0] script '/domains/system_default/ggs.php' not found or unable to stat
[Tue Feb 24 01:09:03.254234 2026] [php:error] [pid 22214] [client 20.194.29.45:0] script '/domains/covertcomic/wp-contentt.php' not found or unable to stat
[Tue Feb 24 01:09:03.297135 2026] [php:error] [pid 22234] [client 20.212.104.201:0] script '/domains/system_default/pp.php' not found or unable to stat
[Tue Feb 24 01:09:03.530649 2026] [php:error] [pid 22234] [client 20.212.104.201:0] script '/domains/system_default/rak.php' not found or unable to stat
[Tue Feb 24 01:09:03.654366 2026] [php:error] [pid 22214] [client 20.194.29.45:0] script '/domains/covertcomic/config.php' not found or unable to stat
[Tue Feb 24 01:09:03.777594 2026] [php:error] [pid 22234] [client 20.212.104.201:0] script '/domains/system_default/rdfe.php' not found or unable to stat
[Tue Feb 24 01:09:03.838180 2026] [php:error] [pid 22214] [client 20.194.29.45:0] script '/domains/covertcomic/theme.php' not found or unable to stat
[Tue Feb 24 01:09:04.021229 2026] [php:error] [pid 22214] [client 20.194.29.45:0] script '/domains/covertcomic/block-bindings.php' not found or unable to stat
[Tue Feb 24 01:09:04.205348 2026] [php:error] [pid 22214] [client 20.194.29.45:0] script '/domains/covertcomic/class_api.php' not found or unable to stat
[Tue Feb 24 01:09:04.205655 2026] [php:error] [pid 22234] [client 20.212.104.201:0] script '/domains/system_default/sad.php' not found or unable to stat
[Tue Feb 24 01:09:04.396987 2026] [php:error] [pid 22214] [client 20.194.29.45:0] script '/domains/covertcomic/inputs.php' not found or unable to stat
[Tue Feb 24 01:09:04.443650 2026] [php:error] [pid 22234] [client 20.212.104.201:0] script '/domains/system_default/shlo.php' not found or unable to stat
[Tue Feb 24 01:09:04.579449 2026] [php:error] [pid 22214] [client 20.194.29.45:0] script '/domains/covertcomic/root.php' not found or unable to stat
[Tue Feb 24 01:09:04.670743 2026] [php:error] [pid 22234] [client 20.212.104.201:0] script '/domains/system_default/yzkvrell.php' not found or unable to stat
[Tue Feb 24 01:09:04.761629 2026] [php:error] [pid 22214] [client 20.194.29.45:0] script '/domains/covertcomic/menu.php' not found or unable to stat
[Tue Feb 24 01:09:04.898295 2026] [php:error] [pid 22234] [client 20.212.104.201:0] script '/domains/system_default/wpxadmin.php' not found or unable to stat
[Tue Feb 24 01:09:04.943806 2026] [php:error] [pid 22214] [client 20.194.29.45:0] script '/domains/covertcomic/plugin.php' not found or unable to stat
[Tue Feb 24 01:09:05.126122 2026] [php:error] [pid 22214] [client 20.194.29.45:0] script '/domains/covertcomic/cloud.php' not found or unable to stat
[Tue Feb 24 01:09:05.137846 2026] [php:error] [pid 22234] [client 20.212.104.201:0] script '/domains/system_default/atomlib.php' not found or unable to stat
[Tue Feb 24 01:09:05.344059 2026] [php:error] [pid 22214] [client 20.194.29.45:0] script '/domains/covertcomic/configs.php' not found or unable to stat
[Tue Feb 24 01:09:05.386794 2026] [php:error] [pid 22234] [client 20.212.104.201:0] script '/domains/system_default/sder52u.php' not found or unable to stat
[Tue Feb 24 01:09:05.528098 2026] [php:error] [pid 22214] [client 20.194.29.45:0] script '/domains/covertcomic/wp-configs.php' not found or unable to stat
[Tue Feb 24 01:09:05.637696 2026] [php:error] [pid 22234] [client 20.212.104.201:0] script '/domains/system_default/ioxi-o.php' not found or unable to stat
[Tue Feb 24 01:09:05.865432 2026] [php:error] [pid 22234] [client 20.212.104.201:0] script '/domains/system_default/ava.php' not found or unable to stat
[Tue Feb 24 01:09:06.106841 2026] [php:error] [pid 22221] [client 20.194.29.45:0] script '/domains/covertcomic/update.php' not found or unable to stat
[Tue Feb 24 01:09:06.290507 2026] [php:error] [pid 22221] [client 20.194.29.45:0] script '/domains/covertcomic/2.php' not found or unable to stat
[Tue Feb 24 01:09:06.379126 2026] [php:error] [pid 22234] [client 20.212.104.201:0] script '/domains/system_default/aa8.php' not found or unable to stat
[Tue Feb 24 01:09:06.473734 2026] [php:error] [pid 22221] [client 20.194.29.45:0] script '/domains/covertcomic/input.php' not found or unable to stat
[Tue Feb 24 01:09:07.568759 2026] [php:error] [pid 22234] [client 20.212.104.201:0] script '/domains/system_default/bqcheck.php' not found or unable to stat
[Tue Feb 24 01:09:07.796761 2026] [php:error] [pid 22234] [client 20.212.104.201:0] script '/domains/system_default/blurbs8.php' not found or unable to stat
[Tue Feb 24 01:09:08.025356 2026] [php:error] [pid 22234] [client 20.212.104.201:0] script '/domains/system_default/bless3.php' not found or unable to stat
[Tue Feb 24 01:09:08.274995 2026] [php:error] [pid 22234] [client 20.212.104.201:0] script '/domains/system_default/bless2.php' not found or unable to stat
[Tue Feb 24 01:09:08.511583 2026] [php:error] [pid 22234] [client 20.212.104.201:0] script '/domains/system_default/wander.php' not found or unable to stat
[Tue Feb 24 01:09:08.738558 2026] [php:error] [pid 22234] [client 20.212.104.201:0] script '/domains/system_default/v2.php' not found or unable to stat
[Tue Feb 24 01:09:08.965939 2026] [php:error] [pid 22234] [client 20.212.104.201:0] script '/domains/system_default/v3.php' not found or unable to stat
[Tue Feb 24 01:09:09.192900 2026] [php:error] [pid 22234] [client 20.212.104.201:0] script '/domains/system_default/filei.php' not found or unable to stat
[Tue Feb 24 01:09:09.439107 2026] [php:error] [pid 22234] [client 20.212.104.201:0] script '/domains/system_default/aw.php' not found or unable to stat
[Tue Feb 24 01:09:09.679091 2026] [php:error] [pid 22234] [client 20.212.104.201:0] script '/domains/system_default/xojryvch.php' not found or unable to stat
[Tue Feb 24 01:09:09.908932 2026] [php:error] [pid 22234] [client 20.212.104.201:0] script '/domains/system_default/new4.php' not found or unable to stat
[Tue Feb 24 01:09:10.136139 2026] [php:error] [pid 22234] [client 20.212.104.201:0] script '/domains/system_default/file2.php' not found or unable to stat
[Tue Feb 24 01:09:10.365606 2026] [php:error] [pid 22234] [client 20.212.104.201:0] script '/domains/system_default/oiepfuav.php' not found or unable to stat
[Tue Feb 24 01:09:10.592877 2026] [php:error] [pid 22234] [client 20.212.104.201:0] script '/domains/system_default/nqsa.php' not found or unable to stat
[Tue Feb 24 01:09:10.821653 2026] [php:error] [pid 22234] [client 20.212.104.201:0] script '/domains/system_default/fm.php' not found or unable to stat
[Tue Feb 24 01:09:11.048671 2026] [php:error] [pid 22234] [client 20.212.104.201:0] script '/domains/system_default/get.php' not found or unable to stat
[Tue Feb 24 01:09:11.288384 2026] [php:error] [pid 22234] [client 20.212.104.201:0] script '/domains/system_default/kill-9-1.php' not found or unable to stat
[Tue Feb 24 01:09:11.815474 2026] [php:error] [pid 22234] [client 20.212.104.201:0] script '/domains/system_default/tcp.php' not found or unable to stat
[Tue Feb 24 01:09:12.043453 2026] [php:error] [pid 22234] [client 20.212.104.201:0] script '/domains/system_default/zt2.php' not found or unable to stat
[Tue Feb 24 01:09:12.271812 2026] [php:error] [pid 22234] [client 20.212.104.201:0] script '/domains/system_default/zc.php' not found or unable to stat
[Tue Feb 24 01:09:12.499032 2026] [php:error] [pid 22234] [client 20.212.104.201:0] script '/domains/system_default/an.php' not found or unable to stat
