[Tue Feb 24 01:17:52.994923 2026] [php:error] [pid 22395] [client 185.207.251.39:0] script '/domains/pmglobal/info.php' not found or unable to stat
[Tue Feb 24 01:17:53.496986 2026] [php:error] [pid 22329] [client 185.207.251.39:0] script '/domains/telacomp/phpinfo.php' not found or unable to stat
[Tue Feb 24 01:17:53.504585 2026] [php:error] [pid 22373] [client 185.207.251.39:0] script '/domains/ceonlinenews/info.php' not found or unable to stat
[Tue Feb 24 01:17:53.526810 2026] [php:error] [pid 22423] [client 185.207.251.39:0] script '/domains/lover/phpinfo.php' not found or unable to stat
[Tue Feb 24 01:17:53.796401 2026] [php:error] [pid 22384] [client 185.207.251.39:0] script '/domains/ecernstelectric/info.php' not found or unable to stat
[Tue Feb 24 01:17:54.184259 2026] [php:error] [pid 22405] [client 185.207.251.39:0] script '/domains/telacomp/info.php' not found or unable to stat
[Tue Feb 24 01:17:54.209082 2026] [php:error] [pid 22425] [client 185.207.251.39:0] script '/domains/lover/info.php' not found or unable to stat
[Tue Feb 24 01:17:54.212082 2026] [php:error] [pid 22362] [client 185.207.251.39:0] script '/domains/lover/phpinfo.php' not found or unable to stat
[Tue Feb 24 01:17:54.292429 2026] [php:error] [pid 22338] [client 185.207.251.39:0] script '/domains/ferguson.interport/phpinfo.php' not found or unable to stat
[Tue Feb 24 01:17:54.299768 2026] [php:error] [pid 22383] [client 185.207.251.39:0] script '/domains/perless2web/phpinfo.php' not found or unable to stat
[Tue Feb 24 01:17:54.700598 2026] [php:error] [pid 22373] [client 185.207.251.39:0] script '/domains/covertcomic/phpinfo.php' not found or unable to stat
[Tue Feb 24 01:17:54.911835 2026] [php:error] [pid 22338] [client 185.207.251.39:0] script '/domains/lover/info.php' not found or unable to stat
[Tue Feb 24 01:17:54.913971 2026] [php:error] [pid 22428] [client 185.207.251.39:0] script '/domains/micra/phpinfo.php' not found or unable to stat
[Tue Feb 24 01:17:55.017705 2026] [php:error] [pid 22395] [client 185.207.251.39:0] script '/domains/ferguson.interport/info.php' not found or unable to stat
[Tue Feb 24 01:17:55.019012 2026] [php:error] [pid 22425] [client 185.207.251.39:0] script '/domains/micra/phpinfo.php' not found or unable to stat
[Tue Feb 24 01:17:55.050475 2026] [php:error] [pid 22344] [client 185.207.251.39:0] script '/domains/perless2web/info.php' not found or unable to stat
[Tue Feb 24 01:17:55.287533 2026] [php:error] [pid 22414] [client 185.207.251.39:0] script '/domains/tamara1/phpinfo.php' not found or unable to stat
[Tue Feb 24 01:17:55.386507 2026] [php:error] [pid 22359] [client 185.207.251.39:0] script '/domains/covertcomic/info.php' not found or unable to stat
[Tue Feb 24 01:17:55.610647 2026] [php:error] [pid 22357] [client 185.207.251.39:0] script '/domains/davidbacker/phpinfo.php' not found or unable to stat
[Tue Feb 24 01:17:55.638634 2026] [php:error] [pid 22399] [client 185.207.251.39:0] script '/domains/micra/info.php' not found or unable to stat
[Tue Feb 24 01:17:55.719552 2026] [php:error] [pid 22344] [client 185.207.251.39:0] script '/domains/micra/info.php' not found or unable to stat
[Tue Feb 24 01:17:55.914296 2026] [php:error] [pid 22376] [client 185.207.251.39:0] script '/domains/windsorweb/phpinfo.php' not found or unable to stat
[Tue Feb 24 01:17:55.932731 2026] [php:error] [pid 22344] [client 185.207.251.39:0] script '/domains/pauljbrock/phpinfo.php' not found or unable to stat
[Tue Feb 24 01:17:55.932980 2026] [php:error] [pid 22366] [client 185.207.251.39:0] script '/domains/tennex/phpinfo.php' not found or unable to stat
[Tue Feb 24 01:17:56.553225 2026] [php:error] [pid 22359] [client 185.207.251.39:0] script '/domains/tamara1/info.php' not found or unable to stat
[Tue Feb 24 01:17:56.555597 2026] [php:error] [pid 22380] [client 185.207.251.39:0] script '/domains/magicjim/phpinfo.php' not found or unable to stat
[Tue Feb 24 01:17:56.555629 2026] [php:error] [pid 22353] [client 185.207.251.39:0] script '/domains/miles.interport/phpinfo.php' not found or unable to stat
[Tue Feb 24 01:17:56.555909 2026] [php:error] [pid 22376] [client 185.207.251.39:0] script '/domains/byardrealestate/phpinfo.php' not found or unable to stat
[Tue Feb 24 01:17:56.556515 2026] [php:error] [pid 22344] [client 185.207.251.39:0] script '/domains/egmaweb/phpinfo.php' not found or unable to stat
[Tue Feb 24 01:17:56.558447 2026] [php:error] [pid 22372] [client 185.207.251.39:0] script '/domains/davidbacker/info.php' not found or unable to stat
[Tue Feb 24 01:17:56.594575 2026] [php:error] [pid 22428] [client 185.207.251.39:0] script '/domains/windsorweb/info.php' not found or unable to stat
[Tue Feb 24 01:17:56.649752 2026] [php:error] [pid 22328] [client 185.207.251.39:0] script '/domains/pauljbrock/info.php' not found or unable to stat
[Tue Feb 24 01:17:56.650540 2026] [php:error] [pid 22390] [client 185.207.251.39:0] script '/domains/tennex/info.php' not found or unable to stat
[Tue Feb 24 01:17:56.952634 2026] [php:error] [pid 22379] [client 185.207.251.39:0] script '/domains/fryer/phpinfo.php' not found or unable to stat
[Tue Feb 24 01:17:57.237786 2026] [php:error] [pid 22391] [client 185.207.251.39:0] script '/domains/miles.interport/info.php' not found or unable to stat
[Tue Feb 24 01:17:57.238178 2026] [php:error] [pid 22393] [client 185.207.251.39:0] script '/domains/magicjim/info.php' not found or unable to stat
[Tue Feb 24 01:17:57.238940 2026] [php:error] [pid 22396] [client 185.207.251.39:0] script '/domains/byardrealestate/info.php' not found or unable to stat
[Tue Feb 24 01:17:57.238969 2026] [php:error] [pid 22329] [client 185.207.251.39:0] script '/domains/egmaweb/info.php' not found or unable to stat
[Tue Feb 24 01:17:57.631037 2026] [php:error] [pid 22401] [client 185.207.251.39:0] script '/domains/fryer/info.php' not found or unable to stat
[Tue Feb 24 01:17:57.948456 2026] [php:error] [pid 22418] [client 185.207.251.39:0] script '/domains/tbarnhil/phpinfo.php' not found or unable to stat
[Tue Feb 24 01:17:58.639576 2026] [php:error] [pid 22417] [client 185.207.251.39:0] script '/domains/system_suspended/phpinfo.php' not found or unable to stat
[Tue Feb 24 01:17:58.640155 2026] [php:error] [pid 22366] [client 185.207.251.39:0] script '/domains/memanuel/phpinfo.php' not found or unable to stat
[Tue Feb 24 01:17:58.640443 2026] [php:error] [pid 22385] [client 185.207.251.39:0] script '/domains/tbarnhil/info.php' not found or unable to stat
[Tue Feb 24 01:17:58.699197 2026] [php:error] [pid 22347] [client 185.207.251.39:0] script '/domains/peterbmiller/phpinfo.php' not found or unable to stat
[Tue Feb 24 01:17:59.306989 2026] [php:error] [pid 22401] [client 185.207.251.39:0] script '/domains/pmglobal/phpinfo.php' not found or unable to stat
[Tue Feb 24 01:17:59.338243 2026] [php:error] [pid 22328] [client 185.207.251.39:0] script '/domains/memanuel/info.php' not found or unable to stat
[Tue Feb 24 01:17:59.338314 2026] [php:error] [pid 22336] [client 185.207.251.39:0] script '/domains/system_suspended/info.php' not found or unable to stat
[Tue Feb 24 01:17:59.381999 2026] [php:error] [pid 22427] [client 185.207.251.39:0] script '/domains/peterbmiller/info.php' not found or unable to stat
[Tue Feb 24 01:17:59.526448 2026] [php:error] [pid 22338] [client 185.207.251.39:0] script '/domains/gohover/phpinfo.php' not found or unable to stat
[Tue Feb 24 01:17:59.530831 2026] [php:error] [pid 22365] [client 185.207.251.39:0] script '/domains/astrosfm/phpinfo.php' not found or unable to stat
[Tue Feb 24 01:18:00.022502 2026] [php:error] [pid 22440] [client 185.207.251.39:0] script '/domains/pmglobal/info.php' not found or unable to stat
[Tue Feb 24 01:18:00.057197 2026] [php:error] [pid 22353] [client 185.207.251.39:0] script '/domains/agribiz/phpinfo.php' not found or unable to stat
[Tue Feb 24 01:18:00.065665 2026] [php:error] [pid 22428] [client 185.207.251.39:0] script '/domains/agribiz/phpinfo.php' not found or unable to stat
[Tue Feb 24 01:18:00.205383 2026] [php:error] [pid 22363] [client 185.207.251.39:0] script '/domains/efusion1/phpinfo.php' not found or unable to stat
[Tue Feb 24 01:18:00.209401 2026] [php:error] [pid 22378] [client 185.207.251.39:0] script '/domains/gohover/info.php' not found or unable to stat
[Tue Feb 24 01:18:00.213881 2026] [php:error] [pid 22349] [client 185.207.251.39:0] script '/domains/astrosfm/info.php' not found or unable to stat
[Tue Feb 24 01:18:00.737109 2026] [php:error] [pid 22388] [client 185.207.251.39:0] script '/domains/agribiz/info.php' not found or unable to stat
[Tue Feb 24 01:18:00.747689 2026] [php:error] [pid 22382] [client 185.207.251.39:0] script '/domains/agribiz/info.php' not found or unable to stat
[Tue Feb 24 01:18:00.893780 2026] [php:error] [pid 22378] [client 185.207.251.39:0] script '/domains/efusion1/info.php' not found or unable to stat
[Tue Feb 24 01:18:01.273196 2026] [php:error] [pid 22421] [client 185.207.251.39:0] script '/domains/hdickens.enteract/phpinfo.php' not found or unable to stat
[Tue Feb 24 01:18:02.021297 2026] [php:error] [pid 22424] [client 185.207.251.39:0] script '/domains/hdickens.enteract/info.php' not found or unable to stat
[Tue Feb 24 01:18:02.176929 2026] [php:error] [pid 22384] [client 185.207.251.39:0] script '/domains/tennex/phpinfo.php' not found or unable to stat
[Tue Feb 24 01:18:02.302376 2026] [php:error] [pid 22413] [client 185.207.251.39:0] script '/domains/trodine/phpinfo.php' not found or unable to stat
[Tue Feb 24 01:18:02.388949 2026] [php:error] [pid 22382] [client 185.207.251.39:0] script '/domains/afglcweb/phpinfo.php' not found or unable to stat
[Tue Feb 24 01:18:02.754279 2026] [php:error] [pid 22440] [client 185.207.251.39:0] script '/domains/afglcweb/phpinfo.php' not found or unable to stat
[Tue Feb 24 01:18:02.860383 2026] [php:error] [pid 22350] [client 185.207.251.39:0] script '/domains/tennex/info.php' not found or unable to stat
[Tue Feb 24 01:18:03.062818 2026] [php:error] [pid 22426] [client 185.207.251.39:0] script '/domains/trodine/info.php' not found or unable to stat
[Tue Feb 24 01:18:03.177076 2026] [php:error] [pid 22388] [client 185.207.251.39:0] script '/domains/afglcweb/info.php' not found or unable to stat
[Tue Feb 24 01:18:03.442194 2026] [php:error] [pid 22346] [client 185.207.251.39:0] script '/domains/aatweb/phpinfo.php' not found or unable to stat
[Tue Feb 24 01:18:03.455932 2026] [php:error] [pid 22392] [client 185.207.251.39:0] script '/domains/afglcweb/info.php' not found or unable to stat
[Tue Feb 24 01:18:03.907962 2026] [php:error] [pid 22407] [client 185.207.251.39:0] script '/domains/abtechsci/phpinfo.php' not found or unable to stat
[Tue Feb 24 01:18:03.929616 2026] [php:error] [pid 22410] [client 185.207.251.39:0] script '/domains/proinc/phpinfo.php' not found or unable to stat
[Tue Feb 24 01:18:04.140138 2026] [php:error] [pid 22402] [client 185.207.251.39:0] script '/domains/aatweb/info.php' not found or unable to stat
[Tue Feb 24 01:18:04.636255 2026] [php:error] [pid 22336] [client 185.207.251.39:0] script '/domains/proinc/info.php' not found or unable to stat
[Tue Feb 24 01:18:04.822040 2026] [php:error] [pid 22345] [client 185.207.251.39:0] script '/domains/acagolf1/phpinfo.php' not found or unable to stat
[Tue Feb 24 01:18:04.825874 2026] [php:error] [pid 22382] [client 185.207.251.39:0] script '/domains/byardrealestate/phpinfo.php' not found or unable to stat
[Tue Feb 24 01:18:05.434631 2026] [php:error] [pid 22368] [client 185.207.251.39:0] script '/domains/rextrav/phpinfo.php' not found or unable to stat
[Tue Feb 24 01:18:05.519073 2026] [php:error] [pid 22421] [client 185.207.251.39:0] script '/domains/acagolf1/info.php' not found or unable to stat
[Tue Feb 24 01:18:05.521635 2026] [php:error] [pid 22427] [client 185.207.251.39:0] script '/domains/byardrealestate/info.php' not found or unable to stat
[Tue Feb 24 01:18:05.872097 2026] [php:error] [pid 22340] [client 185.207.251.39:0] script '/domains/piltdweb1/phpinfo.php' not found or unable to stat
[Tue Feb 24 01:18:06.139345 2026] [php:error] [pid 22397] [client 185.207.251.39:0] script '/domains/rextrav/info.php' not found or unable to stat
[Tue Feb 24 01:18:06.173620 2026] [php:error] [pid 22337] [client 185.207.251.39:0] script '/domains/system_cancel/info.php' not found or unable to stat
[Tue Feb 24 01:18:06.464342 2026] [php:error] [pid 22402] [client 185.207.251.39:0] script '/domains/ebon/phpinfo.php' not found or unable to stat
[Tue Feb 24 01:18:06.555126 2026] [php:error] [pid 22437] [client 185.207.251.39:0] script '/domains/piltdweb1/info.php' not found or unable to stat
[Tue Feb 24 01:18:06.792899 2026] [php:error] [pid 22336] [client 185.207.251.39:0] script '/domains/bburke/phpinfo.php' not found or unable to stat
[Tue Feb 24 01:18:07.238566 2026] [php:error] [pid 22361] [client 185.207.251.39:0] script '/domains/ebon/info.php' not found or unable to stat
[Tue Feb 24 01:18:07.372300 2026] [php:error] [pid 22346] [client 185.207.251.39:0] script '/domains/system_suspended/phpinfo.php' not found or unable to stat
[Tue Feb 24 01:18:07.565154 2026] [php:error] [pid 22347] [client 185.207.251.39:0] script '/domains/bburke/info.php' not found or unable to stat
[Tue Feb 24 01:18:08.055000 2026] [php:error] [pid 22382] [client 185.207.251.39:0] script '/domains/system_suspended/info.php' not found or unable to stat
[Tue Feb 24 01:18:08.519481 2026] [php:error] [pid 22326] [client 185.207.251.39:0] script '/domains/schellin/phpinfo.php' not found or unable to stat
[Tue Feb 24 01:18:08.981942 2026] [php:error] [pid 22421] [client 185.207.251.39:0] script '/domains/nlyfoods/phpinfo.php' not found or unable to stat
[Tue Feb 24 01:18:09.224234 2026] [php:error] [pid 22403] [client 185.207.251.39:0] script '/domains/schellin/info.php' not found or unable to stat
[Tue Feb 24 01:18:09.454631 2026] [php:error] [pid 22424] [client 185.207.251.39:0] script '/domains/rextrav/phpinfo.php' not found or unable to stat
[Tue Feb 24 01:18:09.699173 2026] [php:error] [pid 22395] [client 185.207.251.39:0] script '/domains/nlyfoods/info.php' not found or unable to stat
[Tue Feb 24 01:18:09.893883 2026] [php:error] [pid 22417] [client 185.207.251.39:0] script '/domains/system_suspended/phpinfo.php' not found or unable to stat
[Tue Feb 24 01:18:09.981213 2026] [php:error] [pid 22356] [client 185.207.251.39:0] script '/domains/king1969/phpinfo.php' not found or unable to stat
[Tue Feb 24 01:18:10.149229 2026] [php:error] [pid 22394] [client 185.207.251.39:0] script '/domains/rextrav/info.php' not found or unable to stat
[Tue Feb 24 01:18:10.616958 2026] [php:error] [pid 22340] [client 185.207.251.39:0] script '/domains/system_suspended/info.php' not found or unable to stat
[Tue Feb 24 01:18:10.666819 2026] [php:error] [pid 22410] [client 185.207.251.39:0] script '/domains/king1969/info.php' not found or unable to stat
[Tue Feb 24 01:18:10.833061 2026] [php:error] [pid 22361] [client 185.207.251.39:0] script '/domains/oneylaw/phpinfo.php' not found or unable to stat
[Tue Feb 24 01:18:11.331428 2026] [php:error] [pid 22346] [client 185.207.251.39:0] script '/domains/fifibear/phpinfo.php' not found or unable to stat
[Tue Feb 24 01:18:11.513619 2026] [php:error] [pid 22362] [client 185.207.251.39:0] script '/domains/oneylaw/info.php' not found or unable to stat
[Tue Feb 24 01:18:11.746613 2026] [php:error] [pid 22364] [client 185.207.251.39:0] script '/domains/emsco1/phpinfo.php' not found or unable to stat
[Tue Feb 24 01:18:12.006639 2026] [php:error] [pid 22365] [client 185.207.251.39:0] script '/domains/fifibear/info.php' not found or unable to stat
[Tue Feb 24 01:18:12.293474 2026] [php:error] [pid 22403] [client 185.207.251.39:0] script '/domains/emsco1/phpinfo.php' not found or unable to stat
[Tue Feb 24 01:18:12.464815 2026] [php:error] [pid 22421] [client 185.207.251.39:0] script '/domains/emsco1/info.php' not found or unable to stat
[Tue Feb 24 01:18:12.467702 2026] [php:error] [pid 22387] [client 185.207.251.39:0] script '/domains/pbuilder/phpinfo.php' not found or unable to stat
[Tue Feb 24 01:18:12.560304 2026] [php:error] [pid 22393] [client 185.207.251.39:0] script '/domains/proinc/phpinfo.php' not found or unable to stat
[Tue Feb 24 01:18:12.997639 2026] [php:error] [pid 22432] [client 185.207.251.39:0] script '/domains/emsco1/info.php' not found or unable to stat
[Tue Feb 24 01:18:13.159848 2026] [php:error] [pid 22437] [client 185.207.251.39:0] script '/domains/pbuilder/info.php' not found or unable to stat
[Tue Feb 24 01:18:13.279575 2026] [php:error] [pid 22395] [client 185.207.251.39:0] script '/domains/proinc/info.php' not found or unable to stat
[Tue Feb 24 01:18:14.110427 2026] [php:error] [pid 22435] [client 185.207.251.39:0] script '/domains/koenig.interport/phpinfo.php' not found or unable to stat
[Tue Feb 24 01:18:14.838791 2026] [php:error] [pid 22392] [client 185.207.251.39:0] script '/domains/koenig.interport/info.php' not found or unable to stat
[Tue Feb 24 01:18:15.055812 2026] [php:error] [pid 22340] [client 185.207.251.39:0] script '/domains/system_suspended/phpinfo.php' not found or unable to stat
[Tue Feb 24 01:18:15.056356 2026] [php:error] [pid 22376] [client 185.207.251.39:0] script '/domains/system_default/phpinfo.php' not found or unable to stat
[Tue Feb 24 01:18:15.796299 2026] [php:error] [pid 22425] [client 185.207.251.39:0] script '/domains/system_suspended/info.php' not found or unable to stat
[Tue Feb 24 01:18:15.797705 2026] [php:error] [pid 22391] [client 185.207.251.39:0] script '/domains/system_default/info.php' not found or unable to stat
[Tue Feb 24 01:18:15.821999 2026] [php:error] [pid 22436] [client 185.207.251.39:0] script '/domains/hpveweb/phpinfo.php' not found or unable to stat
[Tue Feb 24 01:18:16.238139 2026] [php:error] [pid 22365] [client 185.207.251.39:0] script '/domains/hand-hammerweb/phpinfo.php' not found or unable to stat
[Tue Feb 24 01:18:16.512983 2026] [php:error] [pid 22362] [client 185.207.251.39:0] script '/domains/hpveweb/info.php' not found or unable to stat
[Tue Feb 24 01:18:17.012641 2026] [php:error] [pid 22337] [client 185.207.251.39:0] script '/domains/hand-hammerweb/info.php' not found or unable to stat
[Tue Feb 24 01:18:18.296125 2026] [php:error] [pid 22437] [client 185.207.251.39:0] script '/domains/testregisgroup/phpinfo.php' not found or unable to stat
[Tue Feb 24 01:18:18.913509 2026] [php:error] [pid 22326] [client 185.207.251.39:0] script '/domains/bels/phpinfo.php' not found or unable to stat
[Tue Feb 24 01:18:18.976194 2026] [php:error] [pid 22360] [client 185.207.251.39:0] script '/domains/testregisgroup/info.php' not found or unable to stat
[Tue Feb 24 01:18:19.631743 2026] [php:error] [pid 22364] [client 185.207.251.39:0] script '/domains/bels/info.php' not found or unable to stat
[Tue Feb 24 01:18:19.755149 2026] [php:error] [pid 22396] [client 185.207.251.39:0] script '/domains/ferguson.interport/phpinfo.php' not found or unable to stat
[Tue Feb 24 01:18:20.450622 2026] [php:error] [pid 22381] [client 185.207.251.39:0] script '/domains/ferguson.interport/info.php' not found or unable to stat
[Tue Feb 24 01:18:20.715793 2026] [php:error] [pid 22390] [client 185.207.251.39:0] script '/domains/sjsachs/phpinfo.php' not found or unable to stat
[Tue Feb 24 01:18:21.276912 2026] [php:error] [pid 22382] [client 185.207.251.39:0] script '/domains/ltemple/phpinfo.php' not found or unable to stat
[Tue Feb 24 01:18:21.417369 2026] [php:error] [pid 22363] [client 185.207.251.39:0] script '/domains/sjsachs/info.php' not found or unable to stat
[Tue Feb 24 01:18:21.818623 2026] [php:error] [pid 22404] [client 185.207.251.39:0] script '/domains/bfitpro2/phpinfo.php' not found or unable to stat
[Tue Feb 24 01:18:21.990457 2026] [php:error] [pid 22384] [client 185.207.251.39:0] script '/domains/ltemple/info.php' not found or unable to stat
[Tue Feb 24 01:18:22.091910 2026] [php:error] [pid 22405] [client 185.207.251.39:0] script '/domains/system_default/phpinfo.php' not found or unable to stat
[Tue Feb 24 01:18:22.191610 2026] [php:error] [pid 22421] [client 185.207.251.39:0] script '/domains/supolo/phpinfo.php' not found or unable to stat
[Tue Feb 24 01:18:22.289093 2026] [php:error] [pid 22326] [client 185.207.251.39:0] script '/domains/astweb/phpinfo.php' not found or unable to stat
[Tue Feb 24 01:18:22.551947 2026] [php:error] [pid 22438] [client 185.207.251.39:0] script '/domains/bfitpro2/info.php' not found or unable to stat
[Tue Feb 24 01:18:22.831941 2026] [php:error] [pid 22424] [client 185.207.251.39:0] script '/domains/system_default/info.php' not found or unable to stat
[Tue Feb 24 01:18:22.929273 2026] [php:error] [pid 22359] [client 185.207.251.39:0] script '/domains/supolo/info.php' not found or unable to stat
[Tue Feb 24 01:18:22.930410 2026] [php:error] [pid 22380] [client 185.207.251.39:0] script '/domains/kandg-pc/phpinfo.php' not found or unable to stat
[Tue Feb 24 01:18:23.091037 2026] [php:error] [pid 22433] [client 185.207.251.39:0] script '/domains/astweb/info.php' not found or unable to stat
[Tue Feb 24 01:18:23.649595 2026] [php:error] [pid 22434] [client 185.207.251.39:0] script '/domains/kandg-pc/info.php' not found or unable to stat
[Tue Feb 24 01:18:23.990596 2026] [php:error] [pid 22394] [client 185.207.251.39:0] script '/domains/system_suspended/phpinfo.php' not found or unable to stat
[Tue Feb 24 01:18:24.259681 2026] [php:error] [pid 22395] [client 185.207.251.39:0] script '/domains/nsmd2/phpinfo.php' not found or unable to stat
[Tue Feb 24 01:18:24.571510 2026] [php:error] [pid 22326] [client 185.207.251.39:0] script '/domains/system_suspended/phpinfo.php' not found or unable to stat
[Tue Feb 24 01:18:24.678836 2026] [php:error] [pid 22421] [client 185.207.251.39:0] script '/domains/system_suspended/info.php' not found or unable to stat
[Tue Feb 24 01:18:24.988138 2026] [php:error] [pid 22373] [client 185.207.251.39:0] script '/domains/nsmd2/info.php' not found or unable to stat
[Tue Feb 24 01:18:24.998251 2026] [php:error] [pid 22384] [client 185.207.251.39:0] script '/domains/lover/phpinfo.php' not found or unable to stat
[Tue Feb 24 01:18:25.272258 2026] [php:error] [pid 22392] [client 185.207.251.39:0] script '/domains/system_default/phpinfo.php' not found or unable to stat
[Tue Feb 24 01:18:25.281914 2026] [php:error] [pid 22385] [client 185.207.251.39:0] script '/domains/system_suspended/info.php' not found or unable to stat
[Tue Feb 24 01:18:25.703532 2026] [php:error] [pid 22380] [client 185.207.251.39:0] script '/domains/lover/info.php' not found or unable to stat
[Tue Feb 24 01:18:25.953018 2026] [php:error] [pid 22417] [client 185.207.251.39:0] script '/domains/system_suspended/phpinfo.php' not found or unable to stat
[Tue Feb 24 01:18:26.026884 2026] [php:error] [pid 22403] [client 185.207.251.39:0] script '/domains/system_default/info.php' not found or unable to stat
[Tue Feb 24 01:18:26.463810 2026] [php:error] [pid 22363] [client 185.207.251.39:0] script '/domains/amisol/phpinfo.php' not found or unable to stat
[Tue Feb 24 01:18:26.702100 2026] [php:error] [pid 22382] [client 185.207.251.39:0] script '/domains/system_suspended/info.php' not found or unable to stat
[Tue Feb 24 01:18:26.914563 2026] [php:error] [pid 22439] [client 185.207.251.39:0] script '/domains/jaspen/phpinfo.php' not found or unable to stat
[Tue Feb 24 01:18:27.177324 2026] [php:error] [pid 22347] [client 185.207.251.39:0] script '/domains/amisol/info.php' not found or unable to stat
[Tue Feb 24 01:18:27.544790 2026] [php:error] [pid 22403] [client 185.207.251.39:0] script '/domains/brigadeweb/phpinfo.php' not found or unable to stat
[Tue Feb 24 01:18:27.644767 2026] [php:error] [pid 22380] [client 185.207.251.39:0] script '/domains/jaspen/info.php' not found or unable to stat
[Tue Feb 24 01:18:27.964767 2026] [php:error] [pid 22406] [client 185.207.251.39:0] script '/domains/performancepartsinc/phpinfo.php' not found or unable to stat
[Tue Feb 24 01:18:28.312822 2026] [php:error] [pid 22359] [client 185.207.251.39:0] script '/domains/brigadeweb/info.php' not found or unable to stat
[Tue Feb 24 01:18:28.319950 2026] [php:error] [pid 22363] [client 185.207.251.39:0] script '/domains/samscars/phpinfo.php' not found or unable to stat
[Tue Feb 24 01:18:28.389788 2026] [php:error] [pid 22326] [client 185.207.251.39:0] script '/domains/biehlweb/phpinfo.php' not found or unable to stat
[Tue Feb 24 01:18:28.693360 2026] [php:error] [pid 22421] [client 185.207.251.39:0] script '/domains/performancepartsinc/info.php' not found or unable to stat
[Tue Feb 24 01:18:29.197989 2026] [php:error] [pid 22414] [client 185.207.251.39:0] script '/domains/lover/phpinfo.php' not found or unable to stat
[Tue Feb 24 01:18:29.197989 2026] [php:error] [pid 22349] [client 185.207.251.39:0] script '/domains/samscars/info.php' not found or unable to stat
[Tue Feb 24 01:18:29.198587 2026] [php:error] [pid 22374] [client 185.207.251.39:0] script '/domains/system_suspended/phpinfo.php' not found or unable to stat
[Tue Feb 24 01:18:29.397112 2026] [php:error] [pid 22379] [client 185.207.251.39:0] script '/domains/biehlweb/info.php' not found or unable to stat
[Tue Feb 24 01:18:29.940114 2026] [php:error] [pid 22369] [client 185.207.251.39:0] script '/domains/lover/info.php' not found or unable to stat
[Tue Feb 24 01:18:29.940223 2026] [php:error] [pid 22428] [client 185.207.251.39:0] script '/domains/system_suspended/info.php' not found or unable to stat
[Tue Feb 24 01:18:30.294675 2026] [php:error] [pid 22336] [client 185.207.251.39:0] script '/domains/system_suspended/phpinfo.php' not found or unable to stat
[Tue Feb 24 01:18:30.339165 2026] [core:error] [pid 22353] [client 103.218.241.106:0] AH10244: invalid URI path (/cgi-bin/.%2e/.%2e/.%2e/.%2e/.%2e/.%2e/.%2e/.%2e/.%2e/.%2e/bin/sh)
[Tue Feb 24 01:18:30.834207 2026] [core:error] [pid 22424] [client 103.218.241.106:0] AH10244: invalid URI path (/cgi-bin/%%32%65%%32%65/%%32%65%%32%65/%%32%65%%32%65/%%32%65%%32%65/%%32%65%%32%65/%%32%65%%32%65/%%32%65%%32%65/bin/sh)
[Tue Feb 24 01:18:30.866138 2026] [php:error] [pid 22359] [client 185.207.251.39:0] script '/domains/system_cancel/info.php' not found or unable to stat
[Tue Feb 24 01:18:31.015087 2026] [php:error] [pid 22395] [client 185.207.251.39:0] script '/domains/conceptlabs1/phpinfo.php' not found or unable to stat
[Tue Feb 24 01:18:31.048146 2026] [php:error] [pid 22433] [client 185.207.251.39:0] script '/domains/system_suspended/info.php' not found or unable to stat
[Tue Feb 24 01:18:31.537528 2026] [php:error] [pid 22360] [client 185.207.251.39:0] script '/domains/rnachum/phpinfo.php' not found or unable to stat
[Tue Feb 24 01:18:31.784758 2026] [php:error] [pid 22403] [client 185.207.251.39:0] script '/domains/conceptlabs1/info.php' not found or unable to stat
[Tue Feb 24 01:18:32.227597 2026] [php:error] [pid 22384] [client 185.207.251.39:0] script '/domains/rnachum/info.php' not found or unable to stat
[Tue Feb 24 01:18:32.552014 2026] [php:error] [pid 22349] [client 185.207.251.39:0] script '/domains/supolo/phpinfo.php' not found or unable to stat
[Tue Feb 24 01:18:32.706074 2026] [php:error] [pid 22406] [client 185.207.251.39:0] script '/domains/jrp.interport/phpinfo.php' not found or unable to stat
[Tue Feb 24 01:18:32.826081 2026] [php:error] [pid 22421] [client 185.207.251.39:0] script '/domains/telacomp/phpinfo.php' not found or unable to stat
[Tue Feb 24 01:18:33.315962 2026] [php:error] [pid 22329] [client 185.207.251.39:0] script '/domains/supolo/info.php' not found or unable to stat
[Tue Feb 24 01:18:33.424173 2026] [php:error] [pid 22353] [client 185.207.251.39:0] script '/domains/jrp.interport/info.php' not found or unable to stat
[Tue Feb 24 01:18:33.499223 2026] [php:error] [pid 22352] [client 185.207.251.39:0] script '/domains/telacomp/info.php' not found or unable to stat
[Tue Feb 24 01:18:33.631737 2026] [php:error] [pid 22428] [client 185.207.251.39:0] script '/domains/tmandel/phpinfo.php' not found or unable to stat
[Tue Feb 24 01:18:34.303731 2026] [php:error] [pid 22382] [client 185.207.251.39:0] script '/domains/gohover/phpinfo.php' not found or unable to stat
[Tue Feb 24 01:18:34.304745 2026] [php:error] [pid 22381] [client 185.207.251.39:0] script '/domains/bfitpro2/phpinfo.php' not found or unable to stat
[Tue Feb 24 01:18:34.306668 2026] [php:error] [pid 22430] [client 185.207.251.39:0] script '/domains/system_default/phpinfo.php' not found or unable to stat
[Tue Feb 24 01:18:34.327212 2026] [php:error] [pid 22424] [client 185.207.251.39:0] script '/domains/tmandel/info.php' not found or unable to stat
[Tue Feb 24 01:18:34.442905 2026] [php:error] [pid 22355] [client 185.207.251.39:0] script '/domains/ltemple/phpinfo.php' not found or unable to stat
[Tue Feb 24 01:18:35.103519 2026] [php:error] [pid 22417] [client 185.207.251.39:0] script '/domains/system_default/info.php' not found or unable to stat
[Tue Feb 24 01:18:35.115882 2026] [php:error] [pid 22390] [client 185.207.251.39:0] script '/domains/bfitpro2/info.php' not found or unable to stat
[Tue Feb 24 01:18:35.144073 2026] [php:error] [pid 22425] [client 185.207.251.39:0] script '/domains/gohover/info.php' not found or unable to stat
[Tue Feb 24 01:18:35.144243 2026] [php:error] [pid 22391] [client 185.207.251.39:0] script '/domains/system_suspended/phpinfo.php' not found or unable to stat
[Tue Feb 24 01:18:35.146263 2026] [php:error] [pid 22353] [client 185.207.251.39:0] script '/domains/ltemple/info.php' not found or unable to stat
[Tue Feb 24 01:18:35.917504 2026] [php:error] [pid 22379] [client 185.207.251.39:0] script '/domains/tcrlle/phpinfo.php' not found or unable to stat
[Tue Feb 24 01:18:35.928409 2026] [php:error] [pid 22403] [client 185.207.251.39:0] script '/domains/system_suspended/info.php' not found or unable to stat
[Tue Feb 24 01:18:36.432658 2026] [php:error] [pid 22421] [client 185.207.251.39:0] script '/domains/tcrlle/phpinfo.php' not found or unable to stat
[Tue Feb 24 01:18:36.680729 2026] [php:error] [pid 22384] [client 185.207.251.39:0] script '/domains/tcrlle/info.php' not found or unable to stat
[Tue Feb 24 01:18:36.687511 2026] [php:error] [pid 22396] [client 185.207.251.39:0] script '/domains/bels/phpinfo.php' not found or unable to stat
[Tue Feb 24 01:18:37.117904 2026] [php:error] [pid 22430] [client 185.207.251.39:0] script '/domains/tcrlle/info.php' not found or unable to stat
[Tue Feb 24 01:18:37.360736 2026] [php:error] [pid 22360] [client 185.207.251.39:0] script '/domains/bels/info.php' not found or unable to stat
[Tue Feb 24 01:18:41.715605 2026] [php:error] [pid 22414] [client 103.218.241.106:0] script '/domains/system_default/index.php' not found or unable to stat
[Tue Feb 24 01:18:42.297342 2026] [php:error] [pid 22414] [client 103.218.241.106:0] script '/domains/system_default/index.php' not found or unable to stat
[Tue Feb 24 01:18:42.632470 2026] [php:error] [pid 22414] [client 103.218.241.106:0] script '/domains/system_default/index.php' not found or unable to stat
[Tue Feb 24 01:18:54.773090 2026] [php:error] [pid 22393] [client 52.141.18.191:0] script '/domains/supolo/wp-trackback.php' not found or unable to stat
[Tue Feb 24 01:18:54.958930 2026] [php:error] [pid 22393] [client 52.141.18.191:0] script '/domains/supolo/about.php' not found or unable to stat
[Tue Feb 24 01:18:55.145376 2026] [php:error] [pid 22393] [client 52.141.18.191:0] script '/domains/supolo/file.php' not found or unable to stat
[Tue Feb 24 01:18:55.330944 2026] [php:error] [pid 22393] [client 52.141.18.191:0] script '/domains/supolo/wp-good.php' not found or unable to stat
[Tue Feb 24 01:18:55.516566 2026] [php:error] [pid 22393] [client 52.141.18.191:0] script '/domains/supolo/xmlrpc.php' not found or unable to stat
[Tue Feb 24 01:18:55.723202 2026] [php:error] [pid 22393] [client 52.141.18.191:0] script '/domains/supolo/goods.php' not found or unable to stat
[Tue Feb 24 01:18:55.909478 2026] [php:error] [pid 22393] [client 52.141.18.191:0] script '/domains/supolo/ioxi-o.php' not found or unable to stat
[Tue Feb 24 01:18:56.095082 2026] [php:error] [pid 22393] [client 52.141.18.191:0] script '/domains/supolo/class-t.api.php' not found or unable to stat
[Tue Feb 24 01:18:56.318042 2026] [php:error] [pid 22393] [client 52.141.18.191:0] script '/domains/supolo/admin.php' not found or unable to stat
[Tue Feb 24 01:18:56.503837 2026] [php:error] [pid 22393] [client 52.141.18.191:0] script '/domains/supolo/sf.php' not found or unable to stat
[Tue Feb 24 01:18:56.689767 2026] [php:error] [pid 22393] [client 52.141.18.191:0] script '/domains/supolo/rip.php' not found or unable to stat
[Tue Feb 24 01:18:56.877432 2026] [php:error] [pid 22393] [client 52.141.18.191:0] script '/domains/supolo/autoload_classmap.php' not found or unable to stat
[Tue Feb 24 01:18:57.082187 2026] [php:error] [pid 22393] [client 52.141.18.191:0] script '/domains/supolo/chosen.php' not found or unable to stat
[Tue Feb 24 01:18:57.268409 2026] [php:error] [pid 22393] [client 52.141.18.191:0] script '/domains/supolo/classwithtostring.php' not found or unable to stat
[Tue Feb 24 01:18:57.454003 2026] [php:error] [pid 22393] [client 52.141.18.191:0] script '/domains/supolo/defaults.php' not found or unable to stat
[Tue Feb 24 01:18:58.390215 2026] [php:error] [pid 22393] [client 52.141.18.191:0] script '/domains/supolo/info.php' not found or unable to stat
[Tue Feb 24 01:18:59.718522 2026] [php:error] [pid 22393] [client 52.141.18.191:0] script '/domains/supolo/adminfuns.php' not found or unable to stat
[Tue Feb 24 01:19:34.179697 2026] [php:error] [pid 22439] [client 40.112.69.76:0] script '/domains/astrosfm/cwclass.php' not found or unable to stat
[Tue Feb 24 01:19:34.253512 2026] [php:error] [pid 22439] [client 40.112.69.76:0] script '/domains/astrosfm/class-cc.php' not found or unable to stat
[Tue Feb 24 01:19:34.328096 2026] [php:error] [pid 22439] [client 40.112.69.76:0] script '/domains/astrosfm/lite.php' not found or unable to stat
[Tue Feb 24 01:19:34.401723 2026] [php:error] [pid 22439] [client 40.112.69.76:0] script '/domains/astrosfm/rrb.php' not found or unable to stat
[Tue Feb 24 01:19:34.476090 2026] [php:error] [pid 22439] [client 40.112.69.76:0] script '/domains/astrosfm/mariju.php' not found or unable to stat
[Tue Feb 24 01:19:34.553061 2026] [php:error] [pid 22439] [client 40.112.69.76:0] script '/domains/astrosfm/xenium4.php' not found or unable to stat
[Tue Feb 24 01:19:34.627169 2026] [php:error] [pid 22439] [client 40.112.69.76:0] script '/domains/astrosfm/jsonq.php' not found or unable to stat
[Tue Feb 24 01:19:34.776380 2026] [php:error] [pid 22439] [client 40.112.69.76:0] script '/domains/astrosfm/wp-fast.php' not found or unable to stat
[Tue Feb 24 01:19:34.851053 2026] [php:error] [pid 22439] [client 40.112.69.76:0] script '/domains/astrosfm/yas.php' not found or unable to stat
[Tue Feb 24 01:20:01.881142 2026] [php:error] [pid 22439] [client 20.100.191.215:0] script '/domains/brigadeweb/cwclass.php' not found or unable to stat
[Tue Feb 24 01:20:01.977685 2026] [php:error] [pid 22439] [client 20.100.191.215:0] script '/domains/brigadeweb/class-cc.php' not found or unable to stat
[Tue Feb 24 01:20:02.075248 2026] [php:error] [pid 22439] [client 20.100.191.215:0] script '/domains/brigadeweb/lite.php' not found or unable to stat
[Tue Feb 24 01:20:02.171511 2026] [php:error] [pid 22439] [client 20.100.191.215:0] script '/domains/brigadeweb/rrb.php' not found or unable to stat
[Tue Feb 24 01:20:02.267984 2026] [php:error] [pid 22439] [client 20.100.191.215:0] script '/domains/brigadeweb/mariju.php' not found or unable to stat
[Tue Feb 24 01:20:02.364822 2026] [php:error] [pid 22439] [client 20.100.191.215:0] script '/domains/brigadeweb/xenium4.php' not found or unable to stat
[Tue Feb 24 01:20:02.478436 2026] [php:error] [pid 22439] [client 20.100.191.215:0] script '/domains/brigadeweb/jsonq.php' not found or unable to stat
[Tue Feb 24 01:20:02.681997 2026] [php:error] [pid 22439] [client 20.100.191.215:0] script '/domains/brigadeweb/wp-fast.php' not found or unable to stat
[Tue Feb 24 01:20:02.778665 2026] [php:error] [pid 22439] [client 20.100.191.215:0] script '/domains/brigadeweb/yas.php' not found or unable to stat
[Tue Feb 24 01:20:11.688369 2026] [php:error] [pid 22450] [client 91.134.139.120:0] script '/domains/frog.interport1/xmlrpc.php' not found or unable to stat
[Tue Feb 24 01:20:11.980633 2026] [php:error] [pid 22451] [client 20.210.88.198:0] script '/domains/agribiz/cgi-bin/index.php' not found or unable to stat
[Tue Feb 24 01:20:12.156990 2026] [php:error] [pid 22451] [client 20.210.88.198:0] script '/domains/agribiz/shell.php' not found or unable to stat
[Tue Feb 24 01:20:12.491981 2026] [php:error] [pid 22451] [client 20.210.88.198:0] script '/domains/agribiz/favicon.php' not found or unable to stat
[Tue Feb 24 01:20:12.669084 2026] [php:error] [pid 22451] [client 20.210.88.198:0] script '/domains/agribiz/8xyz.php' not found or unable to stat
[Tue Feb 24 01:20:12.992700 2026] [php:error] [pid 22451] [client 20.210.88.198:0] script '/domains/agribiz/install.php' not found or unable to stat
[Tue Feb 24 01:20:13.324516 2026] [php:error] [pid 22451] [client 20.210.88.198:0] script '/domains/agribiz/dropdown.php' not found or unable to stat
[Tue Feb 24 01:20:13.483262 2026] [php:error] [pid 22451] [client 20.210.88.198:0] script '/domains/agribiz/gdn.php' not found or unable to stat
[Tue Feb 24 01:20:13.642666 2026] [php:error] [pid 22451] [client 20.210.88.198:0] script '/domains/agribiz/system_log.php' not found or unable to stat
[Tue Feb 24 01:20:13.800625 2026] [php:error] [pid 22451] [client 20.210.88.198:0] script '/domains/agribiz/gettest.php' not found or unable to stat
[Tue Feb 24 01:20:13.958246 2026] [php:error] [pid 22451] [client 20.210.88.198:0] script '/domains/agribiz/shell20211028.php' not found or unable to stat
[Tue Feb 24 01:20:14.116019 2026] [php:error] [pid 22451] [client 20.210.88.198:0] script '/domains/agribiz/byp.php' not found or unable to stat
[Tue Feb 24 01:20:14.286140 2026] [php:error] [pid 22451] [client 20.210.88.198:0] script '/domains/agribiz/an.php' not found or unable to stat
[Tue Feb 24 01:20:14.460523 2026] [php:error] [pid 22451] [client 20.210.88.198:0] script '/domains/agribiz/b.php' not found or unable to stat
[Tue Feb 24 01:20:14.618249 2026] [php:error] [pid 22451] [client 20.210.88.198:0] script '/domains/agribiz/404.php' not found or unable to stat
[Tue Feb 24 01:20:14.948522 2026] [php:error] [pid 22451] [client 20.210.88.198:0] script '/domains/agribiz/fetch.php' not found or unable to stat
[Tue Feb 24 01:20:15.264019 2026] [php:error] [pid 22451] [client 20.210.88.198:0] script '/domains/agribiz/wp-config-sample.php' not found or unable to stat
[Tue Feb 24 01:20:15.436100 2026] [php:error] [pid 22451] [client 20.210.88.198:0] script '/domains/agribiz/a2.php' not found or unable to stat
[Tue Feb 24 01:20:15.801316 2026] [php:error] [pid 22451] [client 20.210.88.198:0] script '/domains/agribiz/rip.php' not found or unable to stat
[Tue Feb 24 01:20:15.959137 2026] [php:error] [pid 22451] [client 20.210.88.198:0] script '/domains/agribiz/doc.php' not found or unable to stat
[Tue Feb 24 01:20:16.126351 2026] [php:error] [pid 22451] [client 20.210.88.198:0] script '/domains/agribiz/o.php' not found or unable to stat
[Tue Feb 24 01:20:16.468110 2026] [php:error] [pid 22451] [client 20.210.88.198:0] script '/domains/agribiz/bgymj.php' not found or unable to stat
[Tue Feb 24 01:20:16.635377 2026] [php:error] [pid 22451] [client 20.210.88.198:0] script '/domains/agribiz/f.php' not found or unable to stat
[Tue Feb 24 01:20:16.792842 2026] [php:error] [pid 22451] [client 20.210.88.198:0] script '/domains/agribiz/ws.php' not found or unable to stat
[Tue Feb 24 01:20:17.113518 2026] [php:error] [pid 22451] [client 20.210.88.198:0] script '/domains/agribiz/system.php' not found or unable to stat
[Tue Feb 24 01:20:17.271360 2026] [php:error] [pid 22451] [client 20.210.88.198:0] script '/domains/agribiz/chosen.php' not found or unable to stat
[Tue Feb 24 01:20:17.586404 2026] [php:error] [pid 22451] [client 20.210.88.198:0] script '/domains/agribiz/an.php' not found or unable to stat
[Tue Feb 24 01:20:17.749464 2026] [php:error] [pid 22451] [client 20.210.88.198:0] script '/domains/agribiz/ma.php' not found or unable to stat
[Tue Feb 24 01:20:17.920719 2026] [php:error] [pid 22451] [client 20.210.88.198:0] script '/domains/agribiz/h.php' not found or unable to stat
[Tue Feb 24 01:20:18.715368 2026] [php:error] [pid 22451] [client 20.210.88.198:0] script '/domains/agribiz/system.php' not found or unable to stat
[Tue Feb 24 01:20:19.030875 2026] [php:error] [pid 22451] [client 20.210.88.198:0] script '/domains/agribiz/class-t.api.php' not found or unable to stat
[Tue Feb 24 01:20:19.189342 2026] [php:error] [pid 22451] [client 20.210.88.198:0] script '/domains/agribiz/asd.php' not found or unable to stat
[Tue Feb 24 01:20:19.714715 2026] [php:error] [pid 22451] [client 20.210.88.198:0] script '/domains/agribiz/k.php' not found or unable to stat
[Tue Feb 24 01:20:19.872591 2026] [php:error] [pid 22451] [client 20.210.88.198:0] script '/domains/agribiz/geck.php' not found or unable to stat
[Tue Feb 24 01:20:20.030299 2026] [php:error] [pid 22451] [client 20.210.88.198:0] script '/domains/agribiz/lala.php' not found or unable to stat
[Tue Feb 24 01:20:20.188090 2026] [php:error] [pid 22451] [client 20.210.88.198:0] script '/domains/agribiz/menu.php' not found or unable to stat
[Tue Feb 24 01:20:20.345703 2026] [php:error] [pid 22451] [client 20.210.88.198:0] script '/domains/agribiz/alfa.php' not found or unable to stat
[Tue Feb 24 01:20:20.503230 2026] [php:error] [pid 22451] [client 20.210.88.198:0] script '/domains/agribiz/dropdown.php' not found or unable to stat
[Tue Feb 24 01:20:20.703159 2026] [php:error] [pid 22451] [client 20.210.88.198:0] script '/domains/agribiz/v2.php' not found or unable to stat
[Tue Feb 24 01:20:20.860639 2026] [php:error] [pid 22451] [client 20.210.88.198:0] script '/domains/agribiz/jmfi2.php' not found or unable to stat
[Tue Feb 24 01:20:21.177196 2026] [php:error] [pid 22451] [client 20.210.88.198:0] script '/domains/agribiz/w.php' not found or unable to stat
[Tue Feb 24 01:20:21.510660 2026] [php:error] [pid 22451] [client 20.210.88.198:0] script '/domains/agribiz/flower2.php' not found or unable to stat
[Tue Feb 24 01:20:21.971260 2026] [php:error] [pid 22451] [client 20.210.88.198:0] script '/domains/agribiz/wp-login.php' not found or unable to stat
[Tue Feb 24 01:20:22.484778 2026] [php:error] [pid 22451] [client 20.210.88.198:0] script '/domains/agribiz/ze.php' not found or unable to stat
[Tue Feb 24 01:20:22.648252 2026] [php:error] [pid 22451] [client 20.210.88.198:0] script '/domains/agribiz/elp.php' not found or unable to stat
[Tue Feb 24 01:20:22.965235 2026] [php:error] [pid 22451] [client 20.210.88.198:0] script '/domains/agribiz/ph33w.php' not found or unable to stat
[Tue Feb 24 01:20:23.122759 2026] [php:error] [pid 22451] [client 20.210.88.198:0] script '/domains/agribiz/x.php' not found or unable to stat
[Tue Feb 24 01:20:23.452900 2026] [php:error] [pid 22451] [client 20.210.88.198:0] script '/domains/agribiz/lp6.php' not found or unable to stat
[Tue Feb 24 01:20:23.791611 2026] [php:error] [pid 22451] [client 20.210.88.198:0] script '/domains/agribiz/d12.php' not found or unable to stat
[Tue Feb 24 01:20:23.949002 2026] [php:error] [pid 22451] [client 20.210.88.198:0] script '/domains/agribiz/x.php' not found or unable to stat
[Tue Feb 24 01:20:24.106800 2026] [php:error] [pid 22451] [client 20.210.88.198:0] script '/domains/agribiz/bk.php' not found or unable to stat
[Tue Feb 24 01:20:24.264609 2026] [php:error] [pid 22451] [client 20.210.88.198:0] script '/domains/agribiz/phpinfo.php' not found or unable to stat
[Tue Feb 24 01:20:24.604494 2026] [php:error] [pid 22451] [client 20.210.88.198:0] script '/domains/agribiz/f.php' not found or unable to stat
[Tue Feb 24 01:20:25.135577 2026] [php:error] [pid 22451] [client 20.210.88.198:0] script '/domains/agribiz/z.php' not found or unable to stat
[Tue Feb 24 01:20:25.155377 2026] [php:error] [pid 22365] [client 52.141.4.186:0] script '/domains/aatweb/new4.php' not found or unable to stat
[Tue Feb 24 01:20:25.383612 2026] [php:error] [pid 22451] [client 20.210.88.198:0] script '/domains/agribiz/z.php' not found or unable to stat
[Tue Feb 24 01:20:25.385521 2026] [php:error] [pid 22365] [client 52.141.4.186:0] script '/domains/aatweb/shell20211028.php' not found or unable to stat
[Tue Feb 24 01:20:25.755969 2026] [php:error] [pid 22365] [client 52.141.4.186:0] script '/domains/aatweb/db.php' not found or unable to stat
[Tue Feb 24 01:20:25.859605 2026] [php:error] [pid 22451] [client 20.210.88.198:0] script '/domains/agribiz/file.php' not found or unable to stat
[Tue Feb 24 01:20:26.279178 2026] [php:error] [pid 22365] [client 52.141.4.186:0] script '/domains/aatweb/wc49.php' not found or unable to stat
[Tue Feb 24 01:20:26.438076 2026] [php:error] [pid 22451] [client 20.210.88.198:0] script '/domains/agribiz/elp.php' not found or unable to stat
[Tue Feb 24 01:20:26.477388 2026] [php:error] [pid 22365] [client 52.141.4.186:0] script '/domains/aatweb/TL.php' not found or unable to stat
[Tue Feb 24 01:20:26.601773 2026] [php:error] [pid 22451] [client 20.210.88.198:0] script '/domains/agribiz/p.php' not found or unable to stat
[Tue Feb 24 01:20:26.749550 2026] [php:error] [pid 22365] [client 52.141.4.186:0] script '/domains/aatweb/sys.php' not found or unable to stat
[Tue Feb 24 01:20:26.934472 2026] [php:error] [pid 22365] [client 52.141.4.186:0] script '/domains/aatweb/fck.php' not found or unable to stat
[Tue Feb 24 01:20:26.937994 2026] [php:error] [pid 22451] [client 20.210.88.198:0] script '/domains/agribiz/config.php' not found or unable to stat
[Tue Feb 24 01:20:27.095288 2026] [php:error] [pid 22451] [client 20.210.88.198:0] script '/domains/agribiz/rip.php' not found or unable to stat
[Tue Feb 24 01:20:27.118964 2026] [php:error] [pid 22365] [client 52.141.4.186:0] script '/domains/aatweb/x123x.php' not found or unable to stat
[Tue Feb 24 01:20:27.321258 2026] [php:error] [pid 22451] [client 20.210.88.198:0] script '/domains/agribiz/cache.php' not found or unable to stat
[Tue Feb 24 01:20:27.385241 2026] [php:error] [pid 22365] [client 52.141.4.186:0] script '/domains/aatweb/wp-michan.php' not found or unable to stat
[Tue Feb 24 01:20:27.479585 2026] [php:error] [pid 22451] [client 20.210.88.198:0] script '/domains/agribiz/ahax.php' not found or unable to stat
[Tue Feb 24 01:20:27.609430 2026] [php:error] [pid 22365] [client 52.141.4.186:0] script '/domains/aatweb/nw2.php' not found or unable to stat
[Tue Feb 24 01:20:27.804778 2026] [php:error] [pid 22365] [client 52.141.4.186:0] script '/domains/aatweb/blackmini.php' not found or unable to stat
[Tue Feb 24 01:20:27.817972 2026] [php:error] [pid 22451] [client 20.210.88.198:0] script '/domains/agribiz/tt.php' not found or unable to stat
[Tue Feb 24 01:20:27.990147 2026] [php:error] [pid 22365] [client 52.141.4.186:0] script '/domains/aatweb/gssdd.php' not found or unable to stat
[Tue Feb 24 01:20:28.185572 2026] [php:error] [pid 22365] [client 52.141.4.186:0] script '/domains/aatweb/F19.php' not found or unable to stat
[Tue Feb 24 01:20:28.307788 2026] [php:error] [pid 22451] [client 20.210.88.198:0] script '/domains/agribiz/wp-conf.php' not found or unable to stat
[Tue Feb 24 01:20:28.369830 2026] [php:error] [pid 22365] [client 52.141.4.186:0] script '/domains/aatweb/F1.php' not found or unable to stat
[Tue Feb 24 01:20:28.560621 2026] [php:error] [pid 22365] [client 52.141.4.186:0] script '/domains/aatweb/fff.php' not found or unable to stat
[Tue Feb 24 01:20:28.745239 2026] [php:error] [pid 22365] [client 52.141.4.186:0] script '/domains/aatweb/R57.php' not found or unable to stat
[Tue Feb 24 01:20:28.930650 2026] [php:error] [pid 22365] [client 52.141.4.186:0] script '/domains/aatweb/4h.php' not found or unable to stat
[Tue Feb 24 01:20:29.115052 2026] [php:error] [pid 22365] [client 52.141.4.186:0] script '/domains/aatweb/yussef.php' not found or unable to stat
[Tue Feb 24 01:20:29.261564 2026] [php:error] [pid 22450] [client 20.210.88.198:0] script '/domains/agribiz/hey.php' not found or unable to stat
[Tue Feb 24 01:20:29.299473 2026] [php:error] [pid 22365] [client 52.141.4.186:0] script '/domains/aatweb/bs1.php' not found or unable to stat
[Tue Feb 24 01:20:29.452647 2026] [php:error] [pid 22450] [client 20.210.88.198:0] script '/domains/agribiz/m.php' not found or unable to stat
[Tue Feb 24 01:20:29.483751 2026] [php:error] [pid 22365] [client 52.141.4.186:0] script '/domains/aatweb/BDKR28WP.php' not found or unable to stat
[Tue Feb 24 01:20:29.611549 2026] [php:error] [pid 22450] [client 20.210.88.198:0] script '/domains/agribiz/install.php' not found or unable to stat
[Tue Feb 24 01:20:29.668519 2026] [php:error] [pid 22365] [client 52.141.4.186:0] script '/domains/aatweb/zu.php' not found or unable to stat
[Tue Feb 24 01:20:29.835529 2026] [php:error] [pid 22450] [client 20.210.88.198:0] script '/domains/agribiz/web.php' not found or unable to stat
[Tue Feb 24 01:20:29.853841 2026] [php:error] [pid 22365] [client 52.141.4.186:0] script '/domains/aatweb/alpha.php' not found or unable to stat
[Tue Feb 24 01:20:30.038146 2026] [php:error] [pid 22365] [client 52.141.4.186:0] script '/domains/aatweb/opts.php' not found or unable to stat
[Tue Feb 24 01:20:30.150667 2026] [php:error] [pid 22450] [client 20.210.88.198:0] script '/domains/agribiz/content.php' not found or unable to stat
[Tue Feb 24 01:20:30.222642 2026] [php:error] [pid 22365] [client 52.141.4.186:0] script '/domains/aatweb/wp-act.php' not found or unable to stat
