[Tue Feb 24 01:50:31.724951 2026] [php:error] [pid 22859] [client 20.199.109.98:0] script '/domains/hdickens.enteract/f2.php' not found or unable to stat
[Tue Feb 24 01:50:31.811343 2026] [php:error] [pid 22859] [client 20.199.109.98:0] script '/domains/hdickens.enteract/RIP.php' not found or unable to stat
[Tue Feb 24 01:50:31.898537 2026] [php:error] [pid 22859] [client 20.199.109.98:0] script '/domains/hdickens.enteract/logs.php' not found or unable to stat
[Tue Feb 24 01:50:31.985067 2026] [php:error] [pid 22859] [client 20.199.109.98:0] script '/domains/hdickens.enteract/R57.php' not found or unable to stat
[Tue Feb 24 01:50:32.071428 2026] [php:error] [pid 22859] [client 20.199.109.98:0] script '/domains/hdickens.enteract/amp.php' not found or unable to stat
[Tue Feb 24 01:50:32.157900 2026] [php:error] [pid 22859] [client 20.199.109.98:0] script '/domains/hdickens.enteract/mini.php' not found or unable to stat
[Tue Feb 24 01:50:32.244756 2026] [php:error] [pid 22859] [client 20.199.109.98:0] script '/domains/hdickens.enteract/browse.php' not found or unable to stat
[Tue Feb 24 01:50:32.331704 2026] [php:error] [pid 22859] [client 20.199.109.98:0] script '/domains/hdickens.enteract/ms.php' not found or unable to stat
[Tue Feb 24 01:50:32.417931 2026] [php:error] [pid 22859] [client 20.199.109.98:0] script '/domains/hdickens.enteract/wp-scr1pts.php' not found or unable to stat
[Tue Feb 24 01:50:32.504104 2026] [php:error] [pid 22859] [client 20.199.109.98:0] script '/domains/hdickens.enteract/inc.php' not found or unable to stat
[Tue Feb 24 01:50:32.590435 2026] [php:error] [pid 22859] [client 20.199.109.98:0] script '/domains/hdickens.enteract/aboutc.php' not found or unable to stat
[Tue Feb 24 01:50:32.678330 2026] [php:error] [pid 22859] [client 20.199.109.98:0] script '/domains/hdickens.enteract/inege.php' not found or unable to stat
[Tue Feb 24 01:50:32.764881 2026] [php:error] [pid 22859] [client 20.199.109.98:0] script '/domains/hdickens.enteract/error_log.php' not found or unable to stat
[Tue Feb 24 01:50:32.851159 2026] [php:error] [pid 22859] [client 20.199.109.98:0] script '/domains/hdickens.enteract/ff1.php' not found or unable to stat
[Tue Feb 24 01:50:33.028109 2026] [php:error] [pid 22846] [client 20.199.109.98:0] script '/domains/hdickens.enteract/sid3.php' not found or unable to stat
[Tue Feb 24 01:50:33.119562 2026] [php:error] [pid 22846] [client 20.199.109.98:0] script '/domains/hdickens.enteract/ccs.php' not found or unable to stat
[Tue Feb 24 01:50:33.207462 2026] [php:error] [pid 22846] [client 20.199.109.98:0] script '/domains/hdickens.enteract/fs.php' not found or unable to stat
[Tue Feb 24 01:50:33.295479 2026] [php:error] [pid 22846] [client 20.199.109.98:0] script '/domains/hdickens.enteract/bgymj.php' not found or unable to stat
[Tue Feb 24 01:50:33.382084 2026] [php:error] [pid 22846] [client 20.199.109.98:0] script '/domains/hdickens.enteract/class.php' not found or unable to stat
[Tue Feb 24 01:50:33.468492 2026] [php:error] [pid 22846] [client 20.199.109.98:0] script '/domains/hdickens.enteract/ckk.php' not found or unable to stat
[Tue Feb 24 01:50:33.555169 2026] [php:error] [pid 22846] [client 20.199.109.98:0] script '/domains/hdickens.enteract/global.php' not found or unable to stat
[Tue Feb 24 01:50:33.643345 2026] [php:error] [pid 22846] [client 20.199.109.98:0] script '/domains/hdickens.enteract/ioxi.php' not found or unable to stat
[Tue Feb 24 01:50:33.729816 2026] [php:error] [pid 22846] [client 20.199.109.98:0] script '/domains/hdickens.enteract/logs1.php' not found or unable to stat
[Tue Feb 24 01:50:33.816312 2026] [php:error] [pid 22846] [client 20.199.109.98:0] script '/domains/hdickens.enteract/erty.php' not found or unable to stat
[Tue Feb 24 01:50:33.842462 2026] [php:error] [pid 22861] [client 20.89.40.149:0] script '/domains/tcrlle/wp-trackback.php' not found or unable to stat
[Tue Feb 24 01:50:33.903823 2026] [php:error] [pid 22846] [client 20.199.109.98:0] script '/domains/hdickens.enteract/inputs.php' not found or unable to stat
[Tue Feb 24 01:50:33.990437 2026] [php:error] [pid 22846] [client 20.199.109.98:0] script '/domains/hdickens.enteract/Jcrop.php' not found or unable to stat
[Tue Feb 24 01:50:34.040390 2026] [php:error] [pid 22861] [client 20.89.40.149:0] script '/domains/tcrlle/about.php' not found or unable to stat
[Tue Feb 24 01:50:34.082912 2026] [php:error] [pid 22846] [client 20.199.109.98:0] script '/domains/hdickens.enteract/balin.php' not found or unable to stat
[Tue Feb 24 01:50:34.169561 2026] [php:error] [pid 22846] [client 20.199.109.98:0] script '/domains/hdickens.enteract/atomlib.php' not found or unable to stat
[Tue Feb 24 01:50:34.219003 2026] [php:error] [pid 22861] [client 20.89.40.149:0] script '/domains/tcrlle/file.php' not found or unable to stat
[Tue Feb 24 01:50:34.255987 2026] [php:error] [pid 22846] [client 20.199.109.98:0] script '/domains/hdickens.enteract/gk.php' not found or unable to stat
[Tue Feb 24 01:50:34.342672 2026] [php:error] [pid 22846] [client 20.199.109.98:0] script '/domains/hdickens.enteract/wp-act.php' not found or unable to stat
[Tue Feb 24 01:50:34.385691 2026] [php:error] [pid 22861] [client 20.89.40.149:0] script '/domains/tcrlle/wp-good.php' not found or unable to stat
[Tue Feb 24 01:50:34.429123 2026] [php:error] [pid 22846] [client 20.199.109.98:0] script '/domains/hdickens.enteract/tool.php' not found or unable to stat
[Tue Feb 24 01:50:34.515607 2026] [php:error] [pid 22846] [client 20.199.109.98:0] script '/domains/hdickens.enteract/mcs.php' not found or unable to stat
[Tue Feb 24 01:50:34.550632 2026] [php:error] [pid 22861] [client 20.89.40.149:0] script '/domains/tcrlle/xmlrpc.php' not found or unable to stat
[Tue Feb 24 01:50:34.602163 2026] [php:error] [pid 22846] [client 20.199.109.98:0] script '/domains/hdickens.enteract/motu.php' not found or unable to stat
[Tue Feb 24 01:50:34.689006 2026] [php:error] [pid 22846] [client 20.199.109.98:0] script '/domains/hdickens.enteract/easy.php' not found or unable to stat
[Tue Feb 24 01:50:34.713898 2026] [php:error] [pid 22861] [client 20.89.40.149:0] script '/domains/tcrlle/ioxi-o.php' not found or unable to stat
[Tue Feb 24 01:50:34.776042 2026] [php:error] [pid 22846] [client 20.199.109.98:0] script '/domains/hdickens.enteract/ava.php' not found or unable to stat
[Tue Feb 24 01:50:34.862780 2026] [php:error] [pid 22846] [client 20.199.109.98:0] script '/domains/hdickens.enteract/s1.php' not found or unable to stat
[Tue Feb 24 01:50:34.878452 2026] [php:error] [pid 22861] [client 20.89.40.149:0] script '/domains/tcrlle/class-t.api.php' not found or unable to stat
[Tue Feb 24 01:50:34.952863 2026] [php:error] [pid 22846] [client 20.199.109.98:0] script '/domains/hdickens.enteract/baixy.php' not found or unable to stat
[Tue Feb 24 01:50:35.039755 2026] [php:error] [pid 22846] [client 20.199.109.98:0] script '/domains/hdickens.enteract/kbfr.php' not found or unable to stat
[Tue Feb 24 01:50:35.042683 2026] [php:error] [pid 22861] [client 20.89.40.149:0] script '/domains/tcrlle/admin.php' not found or unable to stat
[Tue Feb 24 01:50:35.126626 2026] [php:error] [pid 22846] [client 20.199.109.98:0] script '/domains/hdickens.enteract/Ov-Simple1.php' not found or unable to stat
[Tue Feb 24 01:50:35.218285 2026] [php:error] [pid 22861] [client 20.89.40.149:0] script '/domains/tcrlle/sf.php' not found or unable to stat
[Tue Feb 24 01:50:35.221969 2026] [php:error] [pid 22846] [client 20.199.109.98:0] script '/domains/hdickens.enteract/ws58.php' not found or unable to stat
[Tue Feb 24 01:50:35.309005 2026] [php:error] [pid 22846] [client 20.199.109.98:0] script '/domains/hdickens.enteract/edit.php' not found or unable to stat
[Tue Feb 24 01:50:35.382906 2026] [php:error] [pid 22861] [client 20.89.40.149:0] script '/domains/tcrlle/rip.php' not found or unable to stat
[Tue Feb 24 01:50:35.396542 2026] [php:error] [pid 22846] [client 20.199.109.98:0] script '/domains/hdickens.enteract/xxw.php' not found or unable to stat
[Tue Feb 24 01:50:35.483339 2026] [php:error] [pid 22846] [client 20.199.109.98:0] script '/domains/hdickens.enteract/ws68.php' not found or unable to stat
[Tue Feb 24 01:50:35.546848 2026] [php:error] [pid 22861] [client 20.89.40.149:0] script '/domains/tcrlle/autoload_classmap.php' not found or unable to stat
[Tue Feb 24 01:50:35.569888 2026] [php:error] [pid 22846] [client 20.199.109.98:0] script '/domains/hdickens.enteract/xr.php' not found or unable to stat
[Tue Feb 24 01:50:35.656759 2026] [php:error] [pid 22846] [client 20.199.109.98:0] script '/domains/hdickens.enteract/tfm.php' not found or unable to stat
[Tue Feb 24 01:50:35.710860 2026] [php:error] [pid 22861] [client 20.89.40.149:0] script '/domains/tcrlle/chosen.php' not found or unable to stat
[Tue Feb 24 01:50:35.744097 2026] [php:error] [pid 22846] [client 20.199.109.98:0] script '/domains/hdickens.enteract/wp-link10.php' not found or unable to stat
[Tue Feb 24 01:50:35.830904 2026] [php:error] [pid 22846] [client 20.199.109.98:0] script '/domains/hdickens.enteract/galer.php' not found or unable to stat
[Tue Feb 24 01:50:35.874455 2026] [php:error] [pid 22861] [client 20.89.40.149:0] script '/domains/tcrlle/classwithtostring.php' not found or unable to stat
[Tue Feb 24 01:50:35.917467 2026] [php:error] [pid 22846] [client 20.199.109.98:0] script '/domains/hdickens.enteract/export.php' not found or unable to stat
[Tue Feb 24 01:50:36.005264 2026] [php:error] [pid 22846] [client 20.199.109.98:0] script '/domains/hdickens.enteract/abc.php' not found or unable to stat
[Tue Feb 24 01:50:36.073073 2026] [php:error] [pid 22861] [client 20.89.40.149:0] script '/domains/tcrlle/defaults.php' not found or unable to stat
[Tue Feb 24 01:50:36.092621 2026] [php:error] [pid 22846] [client 20.199.109.98:0] script '/domains/hdickens.enteract/eursi.php' not found or unable to stat
[Tue Feb 24 01:50:36.179623 2026] [php:error] [pid 22846] [client 20.199.109.98:0] script '/domains/hdickens.enteract/t00l.php' not found or unable to stat
[Tue Feb 24 01:50:36.266153 2026] [php:error] [pid 22846] [client 20.199.109.98:0] script '/domains/hdickens.enteract/ccu.php' not found or unable to stat
[Tue Feb 24 01:50:36.358732 2026] [php:error] [pid 22846] [client 20.199.109.98:0] script '/domains/hdickens.enteract/lkui.php' not found or unable to stat
[Tue Feb 24 01:50:36.445170 2026] [php:error] [pid 22846] [client 20.199.109.98:0] script '/domains/hdickens.enteract/zoo.php' not found or unable to stat
[Tue Feb 24 01:50:36.531758 2026] [php:error] [pid 22846] [client 20.199.109.98:0] script '/domains/hdickens.enteract/fetch.php' not found or unable to stat
[Tue Feb 24 01:50:36.619321 2026] [php:error] [pid 22846] [client 20.199.109.98:0] script '/domains/hdickens.enteract/bzjdlofz.php' not found or unable to stat
[Tue Feb 24 01:50:36.706953 2026] [php:error] [pid 22846] [client 20.199.109.98:0] script '/domains/hdickens.enteract/sbhu.php' not found or unable to stat
[Tue Feb 24 01:50:36.793432 2026] [php:error] [pid 22846] [client 20.199.109.98:0] script '/domains/hdickens.enteract/8.php' not found or unable to stat
[Tue Feb 24 01:50:36.909259 2026] [php:error] [pid 22861] [client 20.89.40.149:0] script '/domains/tcrlle/info.php' not found or unable to stat
[Tue Feb 24 01:50:36.967719 2026] [php:error] [pid 22846] [client 20.199.109.98:0] script '/domains/hdickens.enteract/66.php' not found or unable to stat
[Tue Feb 24 01:50:37.055160 2026] [php:error] [pid 22846] [client 20.199.109.98:0] script '/domains/hdickens.enteract/term.php' not found or unable to stat
[Tue Feb 24 01:50:37.141545 2026] [php:error] [pid 22846] [client 20.199.109.98:0] script '/domains/hdickens.enteract/155.php' not found or unable to stat
[Tue Feb 24 01:50:37.227996 2026] [php:error] [pid 22846] [client 20.199.109.98:0] script '/domains/hdickens.enteract/6bcwiqwj.php' not found or unable to stat
[Tue Feb 24 01:50:37.315514 2026] [php:error] [pid 22846] [client 20.199.109.98:0] script '/domains/hdickens.enteract/166.php' not found or unable to stat
[Tue Feb 24 01:50:37.402224 2026] [php:error] [pid 22846] [client 20.199.109.98:0] script '/domains/hdickens.enteract/0x19493QU8ZQ.php' not found or unable to stat
[Tue Feb 24 01:50:37.488693 2026] [php:error] [pid 22846] [client 20.199.109.98:0] script '/domains/hdickens.enteract/ws65.php' not found or unable to stat
[Tue Feb 24 01:50:37.575311 2026] [php:error] [pid 22846] [client 20.199.109.98:0] script '/domains/hdickens.enteract/nZILpby53HV.php' not found or unable to stat
[Tue Feb 24 01:50:37.661884 2026] [php:error] [pid 22846] [client 20.199.109.98:0] script '/domains/hdickens.enteract/wy2WOGSBPzj.php' not found or unable to stat
[Tue Feb 24 01:50:37.748859 2026] [php:error] [pid 22846] [client 20.199.109.98:0] script '/domains/hdickens.enteract/VKcrnlSpuC2.php' not found or unable to stat
[Tue Feb 24 01:50:38.245927 2026] [php:error] [pid 22861] [client 20.89.40.149:0] script '/domains/tcrlle/adminfuns.php' not found or unable to stat
[Tue Feb 24 01:50:39.856177 2026] [php:error] [pid 22861] [client 20.89.40.149:0] script '/domains/tcrlle/WSO.php' not found or unable to stat
[Tue Feb 24 01:50:40.021941 2026] [php:error] [pid 22861] [client 20.89.40.149:0] script '/domains/tcrlle/a.php' not found or unable to stat
[Tue Feb 24 01:50:40.185935 2026] [php:error] [pid 22861] [client 20.89.40.149:0] script '/domains/tcrlle/aa.php' not found or unable to stat
[Tue Feb 24 01:50:40.349585 2026] [php:error] [pid 22861] [client 20.89.40.149:0] script '/domains/tcrlle/aaa.php' not found or unable to stat
[Tue Feb 24 01:50:40.551147 2026] [php:error] [pid 22861] [client 20.89.40.149:0] script '/domains/tcrlle/ab.php' not found or unable to stat
[Tue Feb 24 01:50:40.769453 2026] [php:error] [pid 22861] [client 20.89.40.149:0] script '/domains/tcrlle/lock360.php' not found or unable to stat
[Tue Feb 24 01:50:41.100759 2026] [php:error] [pid 22861] [client 20.89.40.149:0] script '/domains/tcrlle/file5.php' not found or unable to stat
[Tue Feb 24 01:50:41.264684 2026] [php:error] [pid 22861] [client 20.89.40.149:0] script '/domains/tcrlle/sitemaps.php' not found or unable to stat
[Tue Feb 24 01:50:41.451005 2026] [php:error] [pid 22861] [client 20.89.40.149:0] script '/domains/tcrlle/load.php' not found or unable to stat
[Tue Feb 24 01:50:41.654107 2026] [php:error] [pid 22861] [client 20.89.40.149:0] script '/domains/tcrlle/k.php' not found or unable to stat
[Tue Feb 24 01:50:41.817936 2026] [php:error] [pid 22861] [client 20.89.40.149:0] script '/domains/tcrlle/post.php' not found or unable to stat
[Tue Feb 24 01:50:41.981333 2026] [php:error] [pid 22861] [client 20.89.40.149:0] script '/domains/tcrlle/1.php' not found or unable to stat
[Tue Feb 24 01:50:42.144947 2026] [php:error] [pid 22861] [client 20.89.40.149:0] script '/domains/tcrlle/flower.php' not found or unable to stat
[Tue Feb 24 01:50:42.323711 2026] [php:error] [pid 22861] [client 20.89.40.149:0] script '/domains/tcrlle/default.php' not found or unable to stat
[Tue Feb 24 01:50:42.515387 2026] [php:error] [pid 22861] [client 20.89.40.149:0] script '/domains/tcrlle/meta.php' not found or unable to stat
[Tue Feb 24 01:50:42.867460 2026] [php:error] [pid 22861] [client 20.89.40.149:0] script '/domains/tcrlle/yindu.php' not found or unable to stat
[Tue Feb 24 01:50:43.032275 2026] [php:error] [pid 22861] [client 20.89.40.149:0] script '/domains/tcrlle/randkeyword.php' not found or unable to stat
[Tue Feb 24 01:50:43.196094 2026] [php:error] [pid 22861] [client 20.89.40.149:0] script '/domains/tcrlle/goods.php' not found or unable to stat
[Tue Feb 24 01:50:43.361680 2026] [php:error] [pid 22861] [client 20.89.40.149:0] script '/domains/tcrlle/hehe.php' not found or unable to stat
[Tue Feb 24 01:50:43.555324 2026] [php:error] [pid 22861] [client 20.89.40.149:0] script '/domains/tcrlle/user.php' not found or unable to stat
[Tue Feb 24 01:50:43.752336 2026] [php:error] [pid 22861] [client 20.89.40.149:0] script '/domains/tcrlle/wp-2019.php' not found or unable to stat
[Tue Feb 24 01:50:43.956322 2026] [php:error] [pid 22861] [client 20.89.40.149:0] script '/domains/tcrlle/chosen.php' not found or unable to stat
[Tue Feb 24 01:50:44.144878 2026] [php:error] [pid 22861] [client 20.89.40.149:0] script '/domains/tcrlle/functions.php' not found or unable to stat
[Tue Feb 24 01:50:44.309818 2026] [php:error] [pid 22861] [client 20.89.40.149:0] script '/domains/tcrlle/cron.php' not found or unable to stat
[Tue Feb 24 01:50:44.474125 2026] [php:error] [pid 22861] [client 20.89.40.149:0] script '/domains/tcrlle/edit.php' not found or unable to stat
[Tue Feb 24 01:50:44.638813 2026] [php:error] [pid 22861] [client 20.89.40.149:0] script '/domains/tcrlle/gecko-new.php' not found or unable to stat
[Tue Feb 24 01:50:44.802749 2026] [php:error] [pid 22861] [client 20.89.40.149:0] script '/domains/tcrlle/cookie.php' not found or unable to stat
[Tue Feb 24 01:50:44.999290 2026] [php:error] [pid 22861] [client 20.89.40.149:0] script '/domains/tcrlle/xleet.php' not found or unable to stat
[Tue Feb 24 01:50:45.204744 2026] [php:error] [pid 22861] [client 20.89.40.149:0] script '/domains/tcrlle/spip.php' not found or unable to stat
[Tue Feb 24 01:50:45.400877 2026] [php:error] [pid 22861] [client 20.89.40.149:0] script '/domains/tcrlle/22.php' not found or unable to stat
[Tue Feb 24 01:50:45.588197 2026] [php:error] [pid 22861] [client 20.89.40.149:0] script '/domains/tcrlle/room.php' not found or unable to stat
[Tue Feb 24 01:50:45.777918 2026] [php:error] [pid 22861] [client 20.89.40.149:0] script '/domains/tcrlle/disagreed.php' not found or unable to stat
[Tue Feb 24 01:50:45.976768 2026] [php:error] [pid 22861] [client 20.89.40.149:0] script '/domains/tcrlle/text.php' not found or unable to stat
[Tue Feb 24 01:50:46.169710 2026] [php:error] [pid 22861] [client 20.89.40.149:0] script '/domains/tcrlle/alfa-rex.php' not found or unable to stat
[Tue Feb 24 01:50:46.584390 2026] [php:error] [pid 22861] [client 20.89.40.149:0] script '/domains/tcrlle/feeds.php' not found or unable to stat
[Tue Feb 24 01:50:46.758332 2026] [php:error] [pid 22861] [client 20.89.40.149:0] script '/domains/tcrlle/radio.php' not found or unable to stat
[Tue Feb 24 01:50:46.931314 2026] [php:error] [pid 22861] [client 20.89.40.149:0] script '/domains/tcrlle/dropdown.php' not found or unable to stat
[Tue Feb 24 01:50:47.131059 2026] [php:error] [pid 22861] [client 20.89.40.149:0] script '/domains/tcrlle/system.php' not found or unable to stat
[Tue Feb 24 01:50:47.518973 2026] [php:error] [pid 22861] [client 20.89.40.149:0] script '/domains/tcrlle/colors.php' not found or unable to stat
[Tue Feb 24 01:50:47.683878 2026] [php:error] [pid 22861] [client 20.89.40.149:0] script '/domains/tcrlle/updates.php' not found or unable to stat
[Tue Feb 24 01:50:47.847508 2026] [php:error] [pid 22861] [client 20.89.40.149:0] script '/domains/tcrlle/alfa-rex1.php' not found or unable to stat
[Tue Feb 24 01:50:48.011610 2026] [php:error] [pid 22861] [client 20.89.40.149:0] script '/domains/tcrlle/wp-index.php' not found or unable to stat
[Tue Feb 24 01:50:48.185885 2026] [php:error] [pid 22861] [client 20.89.40.149:0] script '/domains/tcrlle/wp-admin.php' not found or unable to stat
[Tue Feb 24 01:50:48.349538 2026] [php:error] [pid 22861] [client 20.89.40.149:0] script '/domains/tcrlle/alfa.php' not found or unable to stat
[Tue Feb 24 01:50:48.678320 2026] [php:error] [pid 22861] [client 20.89.40.149:0] script '/domains/tcrlle/locale.php' not found or unable to stat
[Tue Feb 24 01:50:48.841830 2026] [php:error] [pid 22861] [client 20.89.40.149:0] script '/domains/tcrlle/wxo.php' not found or unable to stat
[Tue Feb 24 01:50:49.005845 2026] [php:error] [pid 22861] [client 20.89.40.149:0] script '/domains/tcrlle/colour.php' not found or unable to stat
[Tue Feb 24 01:50:49.170897 2026] [php:error] [pid 22861] [client 20.89.40.149:0] script '/domains/tcrlle/files.php' not found or unable to stat
[Tue Feb 24 01:50:49.353569 2026] [php:error] [pid 22861] [client 20.89.40.149:0] script '/domains/tcrlle/install.php' not found or unable to stat
[Tue Feb 24 01:50:49.546420 2026] [php:error] [pid 22861] [client 20.89.40.149:0] script '/domains/tcrlle/wp-contentt.php' not found or unable to stat
[Tue Feb 24 01:50:49.891028 2026] [php:error] [pid 22861] [client 20.89.40.149:0] script '/domains/tcrlle/config.php' not found or unable to stat
[Tue Feb 24 01:50:50.059430 2026] [php:error] [pid 22861] [client 20.89.40.149:0] script '/domains/tcrlle/theme.php' not found or unable to stat
[Tue Feb 24 01:50:50.241571 2026] [php:error] [pid 22861] [client 20.89.40.149:0] script '/domains/tcrlle/block-bindings.php' not found or unable to stat
[Tue Feb 24 01:50:50.429625 2026] [php:error] [pid 22861] [client 20.89.40.149:0] script '/domains/tcrlle/class_api.php' not found or unable to stat
[Tue Feb 24 01:50:50.617033 2026] [php:error] [pid 22861] [client 20.89.40.149:0] script '/domains/tcrlle/inputs.php' not found or unable to stat
[Tue Feb 24 01:50:50.813572 2026] [php:error] [pid 22861] [client 20.89.40.149:0] script '/domains/tcrlle/root.php' not found or unable to stat
[Tue Feb 24 01:50:51.025695 2026] [php:error] [pid 22861] [client 20.89.40.149:0] script '/domains/tcrlle/menu.php' not found or unable to stat
[Tue Feb 24 01:50:51.229934 2026] [php:error] [pid 22861] [client 20.89.40.149:0] script '/domains/tcrlle/plugin.php' not found or unable to stat
[Tue Feb 24 01:50:51.446401 2026] [php:error] [pid 22861] [client 20.89.40.149:0] script '/domains/tcrlle/cloud.php' not found or unable to stat
[Tue Feb 24 01:50:51.641179 2026] [php:error] [pid 22861] [client 20.89.40.149:0] script '/domains/tcrlle/configs.php' not found or unable to stat
[Tue Feb 24 01:50:51.805963 2026] [php:error] [pid 22861] [client 20.89.40.149:0] script '/domains/tcrlle/wp-configs.php' not found or unable to stat
[Tue Feb 24 01:50:52.434170 2026] [php:error] [pid 22863] [client 20.89.40.149:0] script '/domains/tcrlle/update.php' not found or unable to stat
[Tue Feb 24 01:50:52.670659 2026] [php:error] [pid 22863] [client 20.89.40.149:0] script '/domains/tcrlle/2.php' not found or unable to stat
[Tue Feb 24 01:50:52.830827 2026] [php:error] [pid 22863] [client 20.89.40.149:0] script '/domains/tcrlle/input.php' not found or unable to stat
[Tue Feb 24 01:51:32.018173 2026] [php:error] [pid 22871] [client 52.141.18.191:0] script '/domains/piltdweb1/wp-trackback.php' not found or unable to stat
[Tue Feb 24 01:51:32.200038 2026] [php:error] [pid 22871] [client 52.141.18.191:0] script '/domains/piltdweb1/about.php' not found or unable to stat
[Tue Feb 24 01:51:32.379075 2026] [php:error] [pid 22871] [client 52.141.18.191:0] script '/domains/piltdweb1/file.php' not found or unable to stat
[Tue Feb 24 01:51:32.558160 2026] [php:error] [pid 22871] [client 52.141.18.191:0] script '/domains/piltdweb1/wp-good.php' not found or unable to stat
[Tue Feb 24 01:51:32.737208 2026] [php:error] [pid 22871] [client 52.141.18.191:0] script '/domains/piltdweb1/xmlrpc.php' not found or unable to stat
[Tue Feb 24 01:51:32.924879 2026] [php:error] [pid 22871] [client 52.141.18.191:0] script '/domains/piltdweb1/goods.php' not found or unable to stat
[Tue Feb 24 01:51:33.104520 2026] [php:error] [pid 22871] [client 52.141.18.191:0] script '/domains/piltdweb1/ioxi-o.php' not found or unable to stat
[Tue Feb 24 01:51:33.283165 2026] [php:error] [pid 22871] [client 52.141.18.191:0] script '/domains/piltdweb1/class-t.api.php' not found or unable to stat
[Tue Feb 24 01:51:33.462157 2026] [php:error] [pid 22871] [client 52.141.18.191:0] script '/domains/piltdweb1/admin.php' not found or unable to stat
[Tue Feb 24 01:51:33.675561 2026] [php:error] [pid 22871] [client 52.141.18.191:0] script '/domains/piltdweb1/sf.php' not found or unable to stat
[Tue Feb 24 01:51:33.854173 2026] [php:error] [pid 22871] [client 52.141.18.191:0] script '/domains/piltdweb1/rip.php' not found or unable to stat
[Tue Feb 24 01:51:34.036767 2026] [php:error] [pid 22871] [client 52.141.18.191:0] script '/domains/piltdweb1/autoload_classmap.php' not found or unable to stat
[Tue Feb 24 01:51:34.215874 2026] [php:error] [pid 22871] [client 52.141.18.191:0] script '/domains/piltdweb1/chosen.php' not found or unable to stat
[Tue Feb 24 01:51:34.394528 2026] [php:error] [pid 22871] [client 52.141.18.191:0] script '/domains/piltdweb1/classwithtostring.php' not found or unable to stat
[Tue Feb 24 01:51:34.575235 2026] [php:error] [pid 22871] [client 52.141.18.191:0] script '/domains/piltdweb1/defaults.php' not found or unable to stat
[Tue Feb 24 01:51:35.488515 2026] [php:error] [pid 22871] [client 52.141.18.191:0] script '/domains/piltdweb1/info.php' not found or unable to stat
[Tue Feb 24 01:51:36.740244 2026] [php:error] [pid 22871] [client 52.141.18.191:0] script '/domains/piltdweb1/adminfuns.php' not found or unable to stat
[Tue Feb 24 01:51:56.190993 2026] [php:error] [pid 22887] [client 74.248.96.218:0] script '/domains/icrse/cwclass.php' not found or unable to stat
[Tue Feb 24 01:51:56.291341 2026] [php:error] [pid 22887] [client 74.248.96.218:0] script '/domains/icrse/class-cc.php' not found or unable to stat
[Tue Feb 24 01:51:56.393242 2026] [php:error] [pid 22887] [client 74.248.96.218:0] script '/domains/icrse/lite.php' not found or unable to stat
[Tue Feb 24 01:51:56.493605 2026] [php:error] [pid 22887] [client 74.248.96.218:0] script '/domains/icrse/rrb.php' not found or unable to stat
[Tue Feb 24 01:51:56.594350 2026] [php:error] [pid 22887] [client 74.248.96.218:0] script '/domains/icrse/mariju.php' not found or unable to stat
[Tue Feb 24 01:51:56.702021 2026] [php:error] [pid 22887] [client 74.248.96.218:0] script '/domains/icrse/xenium4.php' not found or unable to stat
[Tue Feb 24 01:51:56.807080 2026] [php:error] [pid 22887] [client 74.248.96.218:0] script '/domains/icrse/jsonq.php' not found or unable to stat
[Tue Feb 24 01:51:57.012280 2026] [php:error] [pid 22887] [client 74.248.96.218:0] script '/domains/icrse/wp-fast.php' not found or unable to stat
[Tue Feb 24 01:51:57.119904 2026] [php:error] [pid 22887] [client 74.248.96.218:0] script '/domains/icrse/yas.php' not found or unable to stat
[Tue Feb 24 01:52:35.039789 2026] [php:error] [pid 22902] [client 4.232.88.90:0] script '/domains/rainho/cwclass.php' not found or unable to stat
[Tue Feb 24 01:52:35.130051 2026] [php:error] [pid 22902] [client 4.232.88.90:0] script '/domains/rainho/class-cc.php' not found or unable to stat
[Tue Feb 24 01:52:35.220587 2026] [php:error] [pid 22902] [client 4.232.88.90:0] script '/domains/rainho/lite.php' not found or unable to stat
[Tue Feb 24 01:52:35.311648 2026] [php:error] [pid 22902] [client 4.232.88.90:0] script '/domains/rainho/rrb.php' not found or unable to stat
[Tue Feb 24 01:52:35.404160 2026] [php:error] [pid 22902] [client 4.232.88.90:0] script '/domains/rainho/mariju.php' not found or unable to stat
[Tue Feb 24 01:52:35.494434 2026] [php:error] [pid 22902] [client 4.232.88.90:0] script '/domains/rainho/xenium4.php' not found or unable to stat
[Tue Feb 24 01:52:35.593764 2026] [php:error] [pid 22902] [client 4.232.88.90:0] script '/domains/rainho/jsonq.php' not found or unable to stat
[Tue Feb 24 01:52:35.775570 2026] [php:error] [pid 22902] [client 4.232.88.90:0] script '/domains/rainho/wp-fast.php' not found or unable to stat
[Tue Feb 24 01:52:35.867140 2026] [php:error] [pid 22902] [client 4.232.88.90:0] script '/domains/rainho/yas.php' not found or unable to stat
[Tue Feb 24 01:54:06.677690 2026] [php:error] [pid 22923] [client 20.214.159.60:0] script '/domains/system_suspended/wp-trackback.php' not found or unable to stat
[Tue Feb 24 01:54:06.892699 2026] [php:error] [pid 22923] [client 20.214.159.60:0] script '/domains/system_suspended/about.php' not found or unable to stat
[Tue Feb 24 01:54:07.097626 2026] [php:error] [pid 22923] [client 20.214.159.60:0] script '/domains/system_suspended/file.php' not found or unable to stat
[Tue Feb 24 01:54:07.291825 2026] [php:error] [pid 22923] [client 20.214.159.60:0] script '/domains/system_suspended/wp-good.php' not found or unable to stat
[Tue Feb 24 01:54:07.486065 2026] [php:error] [pid 22923] [client 20.214.159.60:0] script '/domains/system_suspended/xmlrpc.php' not found or unable to stat
[Tue Feb 24 01:54:07.681132 2026] [php:error] [pid 22923] [client 20.214.159.60:0] script '/domains/system_suspended/ioxi-o.php' not found or unable to stat
[Tue Feb 24 01:54:07.925504 2026] [php:error] [pid 22923] [client 20.214.159.60:0] script '/domains/system_suspended/class-t.api.php' not found or unable to stat
[Tue Feb 24 01:54:08.120782 2026] [php:error] [pid 22923] [client 20.214.159.60:0] script '/domains/system_suspended/admin.php' not found or unable to stat
[Tue Feb 24 01:54:08.316037 2026] [php:error] [pid 22923] [client 20.214.159.60:0] script '/domains/system_suspended/sf.php' not found or unable to stat
[Tue Feb 24 01:54:08.510784 2026] [php:error] [pid 22923] [client 20.214.159.60:0] script '/domains/system_suspended/rip.php' not found or unable to stat
[Tue Feb 24 01:54:08.720085 2026] [php:error] [pid 22923] [client 20.214.159.60:0] script '/domains/system_suspended/autoload_classmap.php' not found or unable to stat
[Tue Feb 24 01:54:08.927302 2026] [php:error] [pid 22923] [client 20.214.159.60:0] script '/domains/system_suspended/chosen.php' not found or unable to stat
[Tue Feb 24 01:54:09.121792 2026] [php:error] [pid 22923] [client 20.214.159.60:0] script '/domains/system_suspended/classwithtostring.php' not found or unable to stat
[Tue Feb 24 01:54:09.315877 2026] [php:error] [pid 22923] [client 20.214.159.60:0] script '/domains/system_suspended/defaults.php' not found or unable to stat
[Tue Feb 24 01:54:10.292052 2026] [php:error] [pid 22923] [client 20.214.159.60:0] script '/domains/system_suspended/info.php' not found or unable to stat
[Tue Feb 24 01:54:11.769057 2026] [php:error] [pid 22923] [client 20.214.159.60:0] script '/domains/system_suspended/adminfuns.php' not found or unable to stat
[Tue Feb 24 01:54:13.609120 2026] [php:error] [pid 22923] [client 20.214.159.60:0] script '/domains/system_suspended/WSO.php' not found or unable to stat
[Tue Feb 24 01:54:14.408653 2026] [php:error] [pid 22923] [client 20.214.159.60:0] script '/domains/system_suspended/aa.php' not found or unable to stat
[Tue Feb 24 01:54:14.637518 2026] [php:error] [pid 22923] [client 20.214.159.60:0] script '/domains/system_suspended/aaa.php' not found or unable to stat
[Tue Feb 24 01:54:14.837405 2026] [php:error] [pid 22923] [client 20.214.159.60:0] script '/domains/system_suspended/ab.php' not found or unable to stat
[Tue Feb 24 01:54:15.049737 2026] [php:error] [pid 22923] [client 20.214.159.60:0] script '/domains/system_suspended/lock360.php' not found or unable to stat
[Tue Feb 24 01:54:15.455171 2026] [php:error] [pid 22923] [client 20.214.159.60:0] script '/domains/system_suspended/file5.php' not found or unable to stat
[Tue Feb 24 01:54:15.681291 2026] [php:error] [pid 22923] [client 20.214.159.60:0] script '/domains/system_suspended/sitemaps.php' not found or unable to stat
[Tue Feb 24 01:54:15.897341 2026] [php:error] [pid 22923] [client 20.214.159.60:0] script '/domains/system_suspended/load.php' not found or unable to stat
[Tue Feb 24 01:54:16.118045 2026] [php:error] [pid 22923] [client 20.214.159.60:0] script '/domains/system_suspended/k.php' not found or unable to stat
[Tue Feb 24 01:54:16.335049 2026] [php:error] [pid 22923] [client 20.214.159.60:0] script '/domains/system_suspended/post.php' not found or unable to stat
[Tue Feb 24 01:54:16.529150 2026] [php:error] [pid 22923] [client 20.214.159.60:0] script '/domains/system_suspended/1.php' not found or unable to stat
[Tue Feb 24 01:54:16.743789 2026] [php:error] [pid 22923] [client 20.214.159.60:0] script '/domains/system_suspended/flower.php' not found or unable to stat
[Tue Feb 24 01:54:16.964342 2026] [php:error] [pid 22923] [client 20.214.159.60:0] script '/domains/system_suspended/default.php' not found or unable to stat
[Tue Feb 24 01:54:17.181620 2026] [php:error] [pid 22923] [client 20.214.159.60:0] script '/domains/system_suspended/meta.php' not found or unable to stat
[Tue Feb 24 01:54:17.409750 2026] [php:error] [pid 22923] [client 20.214.159.60:0] script '/domains/system_suspended/index.php' not found or unable to stat
[Tue Feb 24 01:54:17.605524 2026] [php:error] [pid 22923] [client 20.214.159.60:0] script '/domains/system_suspended/yindu.php' not found or unable to stat
[Tue Feb 24 01:54:17.822690 2026] [php:error] [pid 22923] [client 20.214.159.60:0] script '/domains/system_suspended/randkeyword.php' not found or unable to stat
[Tue Feb 24 01:54:18.043870 2026] [php:error] [pid 22923] [client 20.214.159.60:0] script '/domains/system_suspended/goods.php' not found or unable to stat
[Tue Feb 24 01:54:18.276488 2026] [php:error] [pid 22923] [client 20.214.159.60:0] script '/domains/system_suspended/hehe.php' not found or unable to stat
[Tue Feb 24 01:54:18.470859 2026] [php:error] [pid 22923] [client 20.214.159.60:0] script '/domains/system_suspended/user.php' not found or unable to stat
[Tue Feb 24 01:54:18.666584 2026] [php:error] [pid 22923] [client 20.214.159.60:0] script '/domains/system_suspended/wp-2019.php' not found or unable to stat
[Tue Feb 24 01:54:18.860306 2026] [php:error] [pid 22923] [client 20.214.159.60:0] script '/domains/system_suspended/chosen.php' not found or unable to stat
[Tue Feb 24 01:54:19.054551 2026] [php:error] [pid 22923] [client 20.214.159.60:0] script '/domains/system_suspended/functions.php' not found or unable to stat
[Tue Feb 24 01:54:19.250282 2026] [php:error] [pid 22923] [client 20.214.159.60:0] script '/domains/system_suspended/cron.php' not found or unable to stat
[Tue Feb 24 01:54:19.445505 2026] [php:error] [pid 22923] [client 20.214.159.60:0] script '/domains/system_suspended/edit.php' not found or unable to stat
[Tue Feb 24 01:54:19.641716 2026] [php:error] [pid 22923] [client 20.214.159.60:0] script '/domains/system_suspended/gecko-new.php' not found or unable to stat
[Tue Feb 24 01:54:19.837171 2026] [php:error] [pid 22923] [client 20.214.159.60:0] script '/domains/system_suspended/cookie.php' not found or unable to stat
[Tue Feb 24 01:54:20.033023 2026] [php:error] [pid 22923] [client 20.214.159.60:0] script '/domains/system_suspended/xleet.php' not found or unable to stat
[Tue Feb 24 01:54:20.260702 2026] [php:error] [pid 22923] [client 20.214.159.60:0] script '/domains/system_suspended/spip.php' not found or unable to stat
[Tue Feb 24 01:54:20.482652 2026] [php:error] [pid 22923] [client 20.214.159.60:0] script '/domains/system_suspended/22.php' not found or unable to stat
[Tue Feb 24 01:54:20.678081 2026] [php:error] [pid 22923] [client 20.214.159.60:0] script '/domains/system_suspended/room.php' not found or unable to stat
[Tue Feb 24 01:54:20.873027 2026] [php:error] [pid 22923] [client 20.214.159.60:0] script '/domains/system_suspended/disagreed.php' not found or unable to stat
[Tue Feb 24 01:54:21.067670 2026] [php:error] [pid 22923] [client 20.214.159.60:0] script '/domains/system_suspended/text.php' not found or unable to stat
[Tue Feb 24 01:54:21.261637 2026] [php:error] [pid 22923] [client 20.214.159.60:0] script '/domains/system_suspended/alfa-rex.php' not found or unable to stat
[Tue Feb 24 01:54:21.683822 2026] [php:error] [pid 22923] [client 20.214.159.60:0] script '/domains/system_suspended/feeds.php' not found or unable to stat
[Tue Feb 24 01:54:21.877765 2026] [php:error] [pid 22923] [client 20.214.159.60:0] script '/domains/system_suspended/radio.php' not found or unable to stat
[Tue Feb 24 01:54:22.071849 2026] [php:error] [pid 22923] [client 20.214.159.60:0] script '/domains/system_suspended/dropdown.php' not found or unable to stat
[Tue Feb 24 01:54:22.265905 2026] [php:error] [pid 22923] [client 20.214.159.60:0] script '/domains/system_suspended/system.php' not found or unable to stat
[Tue Feb 24 01:54:22.657934 2026] [php:error] [pid 22923] [client 20.214.159.60:0] script '/domains/system_suspended/colors.php' not found or unable to stat
[Tue Feb 24 01:54:22.852187 2026] [php:error] [pid 22923] [client 20.214.159.60:0] script '/domains/system_suspended/updates.php' not found or unable to stat
[Tue Feb 24 01:54:23.046799 2026] [php:error] [pid 22923] [client 20.214.159.60:0] script '/domains/system_suspended/alfa-rex1.php' not found or unable to stat
[Tue Feb 24 01:54:23.240937 2026] [php:error] [pid 22923] [client 20.214.159.60:0] script '/domains/system_suspended/wp-index.php' not found or unable to stat
[Tue Feb 24 01:54:23.471494 2026] [php:error] [pid 22923] [client 20.214.159.60:0] script '/domains/system_suspended/wp-admin.php' not found or unable to stat
[Tue Feb 24 01:54:23.665947 2026] [php:error] [pid 22923] [client 20.214.159.60:0] script '/domains/system_suspended/alfa.php' not found or unable to stat
[Tue Feb 24 01:54:24.078756 2026] [php:error] [pid 22923] [client 20.214.159.60:0] script '/domains/system_suspended/locale.php' not found or unable to stat
[Tue Feb 24 01:54:24.273679 2026] [php:error] [pid 22923] [client 20.214.159.60:0] script '/domains/system_suspended/wxo.php' not found or unable to stat
[Tue Feb 24 01:54:24.469026 2026] [php:error] [pid 22923] [client 20.214.159.60:0] script '/domains/system_suspended/colour.php' not found or unable to stat
[Tue Feb 24 01:54:24.663175 2026] [php:error] [pid 22923] [client 20.214.159.60:0] script '/domains/system_suspended/files.php' not found or unable to stat
[Tue Feb 24 01:54:24.857276 2026] [php:error] [pid 22923] [client 20.214.159.60:0] script '/domains/system_suspended/install.php' not found or unable to stat
[Tue Feb 24 01:54:25.065129 2026] [php:error] [pid 22923] [client 20.214.159.60:0] script '/domains/system_suspended/wp-contentt.php' not found or unable to stat
[Tue Feb 24 01:54:25.454913 2026] [php:error] [pid 22923] [client 20.214.159.60:0] script '/domains/system_suspended/config.php' not found or unable to stat
[Tue Feb 24 01:54:25.667160 2026] [php:error] [pid 22923] [client 20.214.159.60:0] script '/domains/system_suspended/theme.php' not found or unable to stat
[Tue Feb 24 01:54:25.861285 2026] [php:error] [pid 22923] [client 20.214.159.60:0] script '/domains/system_suspended/block-bindings.php' not found or unable to stat
[Tue Feb 24 01:54:26.055369 2026] [php:error] [pid 22923] [client 20.214.159.60:0] script '/domains/system_suspended/class_api.php' not found or unable to stat
[Tue Feb 24 01:54:26.249471 2026] [php:error] [pid 22923] [client 20.214.159.60:0] script '/domains/system_suspended/inputs.php' not found or unable to stat
[Tue Feb 24 01:54:26.445407 2026] [php:error] [pid 22923] [client 20.214.159.60:0] script '/domains/system_suspended/root.php' not found or unable to stat
[Tue Feb 24 01:54:26.640254 2026] [php:error] [pid 22923] [client 20.214.159.60:0] script '/domains/system_suspended/menu.php' not found or unable to stat
[Tue Feb 24 01:54:26.835403 2026] [php:error] [pid 22923] [client 20.214.159.60:0] script '/domains/system_suspended/plugin.php' not found or unable to stat
[Tue Feb 24 01:54:27.029765 2026] [php:error] [pid 22923] [client 20.214.159.60:0] script '/domains/system_suspended/cloud.php' not found or unable to stat
[Tue Feb 24 01:54:27.224137 2026] [php:error] [pid 22923] [client 20.214.159.60:0] script '/domains/system_suspended/configs.php' not found or unable to stat
[Tue Feb 24 01:54:27.420032 2026] [php:error] [pid 22923] [client 20.214.159.60:0] script '/domains/system_suspended/wp-configs.php' not found or unable to stat
[Tue Feb 24 01:54:28.044086 2026] [php:error] [pid 22913] [client 20.214.159.60:0] script '/domains/system_suspended/update.php' not found or unable to stat
[Tue Feb 24 01:54:28.265234 2026] [php:error] [pid 22913] [client 20.214.159.60:0] script '/domains/system_suspended/2.php' not found or unable to stat
[Tue Feb 24 01:54:28.451777 2026] [php:error] [pid 22913] [client 20.214.159.60:0] script '/domains/system_suspended/input.php' not found or unable to stat
[Tue Feb 24 01:54:41.272506 2026] [php:error] [pid 22904] [client 34.214.137.83:0] script '/domains/system_default/phpinfo.php' not found or unable to stat
[Tue Feb 24 01:54:41.459657 2026] [php:error] [pid 22904] [client 34.214.126.44:0] script '/domains/system_default/phpinfo.php' not found or unable to stat
[Tue Feb 24 01:54:47.756947 2026] [php:error] [pid 22917] [client 4.196.161.14:0] script '/domains/fairlane1/wp-trackback.php' not found or unable to stat
[Tue Feb 24 01:54:47.960570 2026] [php:error] [pid 22917] [client 4.196.161.14:0] script '/domains/fairlane1/about.php' not found or unable to stat
[Tue Feb 24 01:54:48.164031 2026] [php:error] [pid 22917] [client 4.196.161.14:0] script '/domains/fairlane1/file.php' not found or unable to stat
[Tue Feb 24 01:54:48.367569 2026] [php:error] [pid 22917] [client 4.196.161.14:0] script '/domains/fairlane1/wp-good.php' not found or unable to stat
[Tue Feb 24 01:54:48.570990 2026] [php:error] [pid 22917] [client 4.196.161.14:0] script '/domains/fairlane1/xmlrpc.php' not found or unable to stat
[Tue Feb 24 01:54:48.774115 2026] [php:error] [pid 22917] [client 4.196.161.14:0] script '/domains/fairlane1/goods.php' not found or unable to stat
[Tue Feb 24 01:54:48.977487 2026] [php:error] [pid 22917] [client 4.196.161.14:0] script '/domains/fairlane1/ioxi-o.php' not found or unable to stat
[Tue Feb 24 01:54:49.181481 2026] [php:error] [pid 22917] [client 4.196.161.14:0] script '/domains/fairlane1/class-t.api.php' not found or unable to stat
[Tue Feb 24 01:54:49.384422 2026] [php:error] [pid 22917] [client 4.196.161.14:0] script '/domains/fairlane1/admin.php' not found or unable to stat
[Tue Feb 24 01:54:49.588090 2026] [php:error] [pid 22917] [client 4.196.161.14:0] script '/domains/fairlane1/sf.php' not found or unable to stat
[Tue Feb 24 01:54:49.791518 2026] [php:error] [pid 22917] [client 4.196.161.14:0] script '/domains/fairlane1/rip.php' not found or unable to stat
[Tue Feb 24 01:54:49.994852 2026] [php:error] [pid 22917] [client 4.196.161.14:0] script '/domains/fairlane1/autoload_classmap.php' not found or unable to stat
[Tue Feb 24 01:54:50.198254 2026] [php:error] [pid 22917] [client 4.196.161.14:0] script '/domains/fairlane1/chosen.php' not found or unable to stat
[Tue Feb 24 01:54:50.415983 2026] [php:error] [pid 22917] [client 4.196.161.14:0] script '/domains/fairlane1/classwithtostring.php' not found or unable to stat
[Tue Feb 24 01:54:50.651581 2026] [php:error] [pid 22917] [client 4.196.161.14:0] script '/domains/fairlane1/defaults.php' not found or unable to stat
[Tue Feb 24 01:54:51.673497 2026] [php:error] [pid 22917] [client 4.196.161.14:0] script '/domains/fairlane1/info.php' not found or unable to stat
[Tue Feb 24 01:54:53.109722 2026] [php:error] [pid 22917] [client 4.196.161.14:0] script '/domains/fairlane1/adminfuns.php' not found or unable to stat
[Tue Feb 24 01:54:58.179730 2026] [php:error] [pid 22927] [client 54.190.185.132:0] script '/domains/system_default/_adminer.php' not found or unable to stat
[Tue Feb 24 01:54:58.296614 2026] [php:error] [pid 22921] [client 54.190.185.132:0] script '/domains/system_default/admin.php' not found or unable to stat
[Tue Feb 24 01:54:58.298595 2026] [php:error] [pid 22928] [client 54.190.185.132:0] script '/domains/system_default/adminer.php' not found or unable to stat
[Tue Feb 24 01:54:58.354938 2026] [php:error] [pid 22921] [client 34.215.87.137:0] script '/domains/system_default/_adminer.php' not found or unable to stat
[Tue Feb 24 01:54:58.420828 2026] [php:error] [pid 22928] [client 54.190.185.132:0] script '/domains/system_default/editor.php' not found or unable to stat
[Tue Feb 24 01:54:58.429910 2026] [php:error] [pid 22927] [client 54.190.185.132:0] script '/domains/system_default/login_up.php' not found or unable to stat
[Tue Feb 24 01:54:58.432094 2026] [php:error] [pid 22921] [client 34.215.87.137:0] script '/domains/system_default/admin.php' not found or unable to stat
[Tue Feb 24 01:54:58.437941 2026] [php:error] [pid 22921] [client 34.215.87.137:0] script '/domains/system_default/adminer.php' not found or unable to stat
[Tue Feb 24 01:54:58.557330 2026] [php:error] [pid 22928] [client 34.215.87.137:0] script '/domains/system_default/editor.php' not found or unable to stat
[Tue Feb 24 01:54:58.601177 2026] [php:error] [pid 22928] [client 34.215.87.137:0] script '/domains/system_default/login_up.php' not found or unable to stat
[Tue Feb 24 01:55:00.955046 2026] [php:error] [pid 22927] [client 20.189.202.89:0] script '/domains/braniff/slo.php' not found or unable to stat
[Tue Feb 24 01:55:01.121981 2026] [php:error] [pid 22927] [client 20.189.202.89:0] script '/domains/braniff/aa8.php' not found or unable to stat
[Tue Feb 24 01:55:01.289813 2026] [php:error] [pid 22927] [client 20.189.202.89:0] script '/domains/braniff/unity.php' not found or unable to stat
[Tue Feb 24 01:55:01.428041 2026] [php:error] [pid 22916] [client 34.212.243.11:0] script '/domains/system_default/tiki-login.php' not found or unable to stat
[Tue Feb 24 01:55:01.435709 2026] [php:error] [pid 22916] [client 34.212.243.11:0] script '/domains/system_default/status.php' not found or unable to stat
[Tue Feb 24 01:55:01.435763 2026] [php:error] [pid 22920] [client 34.212.243.11:0] script '/domains/system_default/mysql.php' not found or unable to stat
[Tue Feb 24 01:55:01.437391 2026] [php:error] [pid 22920] [client 34.212.243.11:0] script '/domains/system_default/sql.php' not found or unable to stat
[Tue Feb 24 01:55:01.456373 2026] [php:error] [pid 22927] [client 20.189.202.89:0] script '/domains/braniff/makeasmtp.php' not found or unable to stat
[Tue Feb 24 01:55:01.456824 2026] [php:error] [pid 22928] [client 16.144.244.65:0] script '/domains/system_default/sql.php' not found or unable to stat
[Tue Feb 24 01:55:01.456844 2026] [php:error] [pid 22920] [client 16.144.244.65:0] script '/domains/system_default/tiki-login.php' not found or unable to stat
[Tue Feb 24 01:55:01.458362 2026] [php:error] [pid 22921] [client 16.144.244.65:0] script '/domains/system_default/mysql.php' not found or unable to stat
[Tue Feb 24 01:55:01.491949 2026] [php:error] [pid 22920] [client 16.144.244.65:0] script '/domains/system_default/status.php' not found or unable to stat
[Tue Feb 24 01:55:01.541377 2026] [php:error] [pid 22928] [client 34.212.243.11:0] script '/domains/system_default/tiki-login_scr.php' not found or unable to stat
[Tue Feb 24 01:55:01.550332 2026] [php:error] [pid 22916] [client 34.212.243.11:0] script '/domains/system_default/user.php' not found or unable to stat
[Tue Feb 24 01:55:01.560257 2026] [php:error] [pid 22916] [client 34.212.243.11:0] script '/domains/system_default/wp-login.php' not found or unable to stat
[Tue Feb 24 01:55:01.573582 2026] [php:error] [pid 22928] [client 16.144.244.65:0] script '/domains/system_default/user.php' not found or unable to stat
[Tue Feb 24 01:55:01.576233 2026] [php:error] [pid 22920] [client 16.144.244.65:0] script '/domains/system_default/tiki-login_scr.php' not found or unable to stat
[Tue Feb 24 01:55:01.580979 2026] [php:error] [pid 22928] [client 16.144.244.65:0] script '/domains/system_default/wp-login.php' not found or unable to stat
[Tue Feb 24 01:55:01.666058 2026] [php:error] [pid 22921] [client 34.212.243.11:0] script '/domains/system_default/index.php' not found or unable to stat
[Tue Feb 24 01:55:01.681064 2026] [php:error] [pid 22921] [client 34.212.243.11:0] script '/domains/system_default/webauth_operation.php' not found or unable to stat
[Tue Feb 24 01:55:01.693196 2026] [php:error] [pid 22916] [client 16.144.244.65:0] script '/domains/system_default/index.php' not found or unable to stat
[Tue Feb 24 01:55:01.717821 2026] [php:error] [pid 22921] [client 16.144.244.65:0] script '/domains/system_default/webauth_operation.php' not found or unable to stat
[Tue Feb 24 01:55:01.718761 2026] [php:error] [pid 22927] [client 20.189.202.89:0] script '/domains/braniff/bin.php' not found or unable to stat
[Tue Feb 24 01:55:01.885069 2026] [php:error] [pid 22927] [client 20.189.202.89:0] script '/domains/braniff/jga.php' not found or unable to stat
[Tue Feb 24 01:55:02.051675 2026] [php:error] [pid 22927] [client 20.189.202.89:0] script '/domains/braniff/mjq.php' not found or unable to stat
[Tue Feb 24 01:55:02.219377 2026] [php:error] [pid 22927] [client 20.189.202.89:0] script '/domains/braniff/akc.php' not found or unable to stat
[Tue Feb 24 01:55:02.395877 2026] [php:error] [pid 22927] [client 20.189.202.89:0] script '/domains/braniff/gg.php' not found or unable to stat
[Tue Feb 24 01:55:02.602623 2026] [php:error] [pid 22927] [client 20.189.202.89:0] script '/domains/braniff/ggs.php' not found or unable to stat
[Tue Feb 24 01:55:02.779904 2026] [php:error] [pid 22927] [client 20.189.202.89:0] script '/domains/braniff/pp.php' not found or unable to stat
[Tue Feb 24 01:55:03.054989 2026] [php:error] [pid 22927] [client 20.189.202.89:0] script '/domains/braniff/rak.php' not found or unable to stat
[Tue Feb 24 01:55:03.227877 2026] [php:error] [pid 22927] [client 20.189.202.89:0] script '/domains/braniff/rdfe.php' not found or unable to stat
[Tue Feb 24 01:55:03.519057 2026] [php:error] [pid 22927] [client 20.189.202.89:0] script '/domains/braniff/sad.php' not found or unable to stat
[Tue Feb 24 01:55:03.812684 2026] [php:error] [pid 22927] [client 20.189.202.89:0] script '/domains/braniff/shlo.php' not found or unable to stat
[Tue Feb 24 01:55:04.019230 2026] [php:error] [pid 22927] [client 20.189.202.89:0] script '/domains/braniff/yzkvrell.php' not found or unable to stat
[Tue Feb 24 01:55:04.186468 2026] [php:error] [pid 22927] [client 20.189.202.89:0] script '/domains/braniff/wpxadmin.php' not found or unable to stat
[Tue Feb 24 01:55:04.367496 2026] [php:error] [pid 22927] [client 20.189.202.89:0] script '/domains/braniff/atomlib.php' not found or unable to stat
