[Tue Feb 24 01:27:58.835444 2026] [php:error] [pid 22570] [client 20.91.197.150:0] script '/domains/system_suspended/rindex.php' not found or unable to stat
[Tue Feb 24 01:27:58.935268 2026] [php:error] [pid 22570] [client 20.91.197.150:0] script '/domains/system_suspended/hplfuns.php' not found or unable to stat
[Tue Feb 24 01:27:59.035456 2026] [php:error] [pid 22570] [client 20.91.197.150:0] script '/domains/system_suspended/wp-plugins.php' not found or unable to stat
[Tue Feb 24 01:27:59.136144 2026] [php:error] [pid 22570] [client 20.91.197.150:0] script '/domains/system_suspended/add.php' not found or unable to stat
[Tue Feb 24 01:27:59.437587 2026] [php:error] [pid 22565] [client 20.250.10.152:0] script '/domains/awciii/selesai.php' not found or unable to stat
[Tue Feb 24 01:27:59.446472 2026] [php:error] [pid 22570] [client 20.91.197.150:0] script '/domains/system_suspended/install.php' not found or unable to stat
[Tue Feb 24 01:27:59.536868 2026] [php:error] [pid 22565] [client 20.250.10.152:0] script '/domains/awciii/cc13.php' not found or unable to stat
[Tue Feb 24 01:27:59.546258 2026] [php:error] [pid 22570] [client 20.91.197.150:0] script '/domains/system_suspended/wp-22.php' not found or unable to stat
[Tue Feb 24 01:27:59.663883 2026] [php:error] [pid 22565] [client 20.250.10.152:0] script '/domains/awciii/grsiuk.php' not found or unable to stat
[Tue Feb 24 01:27:59.758993 2026] [php:error] [pid 22565] [client 20.250.10.152:0] script '/domains/awciii/bootstrap.php' not found or unable to stat
[Tue Feb 24 01:27:59.874892 2026] [php:error] [pid 22565] [client 20.250.10.152:0] script '/domains/awciii/num.php' not found or unable to stat
[Tue Feb 24 01:27:59.944769 2026] [php:error] [pid 22570] [client 20.91.197.150:0] script '/domains/system_suspended/xa.php' not found or unable to stat
[Tue Feb 24 01:27:59.969609 2026] [php:error] [pid 22565] [client 20.250.10.152:0] script '/domains/awciii/ff.php' not found or unable to stat
[Tue Feb 24 01:28:00.045608 2026] [php:error] [pid 22570] [client 20.91.197.150:0] script '/domains/system_suspended/acp.php' not found or unable to stat
[Tue Feb 24 01:28:00.068951 2026] [php:error] [pid 22565] [client 20.250.10.152:0] script '/domains/awciii/t.php' not found or unable to stat
[Tue Feb 24 01:28:00.164607 2026] [php:error] [pid 22565] [client 20.250.10.152:0] script '/domains/awciii/shlo.php' not found or unable to stat
[Tue Feb 24 01:28:00.245038 2026] [php:error] [pid 22570] [client 20.91.197.150:0] script '/domains/system_suspended/payment.php' not found or unable to stat
[Tue Feb 24 01:28:00.340070 2026] [php:error] [pid 22565] [client 20.250.10.152:0] script '/domains/awciii/init.php' not found or unable to stat
[Tue Feb 24 01:28:00.346286 2026] [php:error] [pid 22570] [client 20.91.197.150:0] script '/domains/system_suspended/wp-info.php' not found or unable to stat
[Tue Feb 24 01:28:00.453062 2026] [php:error] [pid 22570] [client 20.91.197.150:0] script '/domains/system_suspended/alfa.php' not found or unable to stat
[Tue Feb 24 01:28:00.468242 2026] [php:error] [pid 22565] [client 20.250.10.152:0] script '/domains/awciii/x.php' not found or unable to stat
[Tue Feb 24 01:28:00.552541 2026] [php:error] [pid 22570] [client 20.91.197.150:0] script '/domains/system_suspended/kill.php' not found or unable to stat
[Tue Feb 24 01:28:00.562605 2026] [php:error] [pid 22565] [client 20.250.10.152:0] script '/domains/awciii/ws66.php' not found or unable to stat
[Tue Feb 24 01:28:00.657071 2026] [php:error] [pid 22565] [client 20.250.10.152:0] script '/domains/awciii/s.php' not found or unable to stat
[Tue Feb 24 01:28:00.751944 2026] [php:error] [pid 22565] [client 20.250.10.152:0] script '/domains/awciii/h02ugyh.php' not found or unable to stat
[Tue Feb 24 01:28:00.756605 2026] [php:error] [pid 22570] [client 20.91.197.150:0] script '/domains/system_suspended/atomlib.php' not found or unable to stat
[Tue Feb 24 01:28:00.947998 2026] [php:error] [pid 22565] [client 20.250.10.152:0] script '/domains/awciii/f35.php' not found or unable to stat
[Tue Feb 24 01:28:00.956646 2026] [php:error] [pid 22570] [client 20.91.197.150:0] script '/domains/system_suspended/text.php' not found or unable to stat
[Tue Feb 24 01:28:01.045868 2026] [php:error] [pid 22565] [client 20.250.10.152:0] script '/domains/awciii/a332.php' not found or unable to stat
[Tue Feb 24 01:28:01.056039 2026] [php:error] [pid 22570] [client 20.91.197.150:0] script '/domains/system_suspended/info.php' not found or unable to stat
[Tue Feb 24 01:28:01.142786 2026] [php:error] [pid 22565] [client 20.250.10.152:0] script '/domains/awciii/knmt.php' not found or unable to stat
[Tue Feb 24 01:28:01.156304 2026] [php:error] [pid 22570] [client 20.91.197.150:0] script '/domains/system_suspended/co.php' not found or unable to stat
[Tue Feb 24 01:28:01.242915 2026] [php:error] [pid 22565] [client 20.250.10.152:0] script '/domains/awciii/all.php' not found or unable to stat
[Tue Feb 24 01:28:01.262838 2026] [php:error] [pid 22570] [client 20.91.197.150:0] script '/domains/system_suspended/X57.php' not found or unable to stat
[Tue Feb 24 01:28:01.355161 2026] [php:error] [pid 22565] [client 20.250.10.152:0] script '/domains/awciii/admin-footer.php' not found or unable to stat
[Tue Feb 24 01:28:01.362453 2026] [php:error] [pid 22570] [client 20.91.197.150:0] script '/domains/system_suspended/makeasmtp.php' not found or unable to stat
[Tue Feb 24 01:28:01.525060 2026] [php:error] [pid 22565] [client 20.250.10.152:0] script '/domains/awciii/thui.php' not found or unable to stat
[Tue Feb 24 01:28:01.561169 2026] [php:error] [pid 22570] [client 20.91.197.150:0] script '/domains/system_suspended/123.php' not found or unable to stat
[Tue Feb 24 01:28:01.642934 2026] [php:error] [pid 22565] [client 20.250.10.152:0] script '/domains/awciii/inputs.php' not found or unable to stat
[Tue Feb 24 01:28:01.661105 2026] [php:error] [pid 22570] [client 20.91.197.150:0] script '/domains/system_suspended/options-discussion.php' not found or unable to stat
[Tue Feb 24 01:28:01.737374 2026] [php:error] [pid 22565] [client 20.250.10.152:0] script '/domains/awciii/tx64.php' not found or unable to stat
[Tue Feb 24 01:28:01.760621 2026] [php:error] [pid 22570] [client 20.91.197.150:0] script '/domains/system_suspended/a4.php' not found or unable to stat
[Tue Feb 24 01:28:01.838367 2026] [php:error] [pid 22565] [client 20.250.10.152:0] script '/domains/awciii/zu.php' not found or unable to stat
[Tue Feb 24 01:28:01.860471 2026] [php:error] [pid 22570] [client 20.91.197.150:0] script '/domains/system_suspended/1.php' not found or unable to stat
[Tue Feb 24 01:28:01.959969 2026] [php:error] [pid 22570] [client 20.91.197.150:0] script '/domains/system_suspended/sys.php' not found or unable to stat
[Tue Feb 24 01:28:02.078594 2026] [php:error] [pid 22565] [client 20.250.10.152:0] script '/domains/awciii/ioxi-o.php' not found or unable to stat
[Tue Feb 24 01:28:02.159614 2026] [php:error] [pid 22570] [client 20.91.197.150:0] script '/domains/system_suspended/credits.php' not found or unable to stat
[Tue Feb 24 01:28:02.195635 2026] [php:error] [pid 22565] [client 20.250.10.152:0] script '/domains/awciii/0x.php' not found or unable to stat
[Tue Feb 24 01:28:02.433808 2026] [php:error] [pid 22565] [client 20.250.10.152:0] script '/domains/awciii/x3x.php' not found or unable to stat
[Tue Feb 24 01:28:02.456928 2026] [php:error] [pid 22564] [client 20.91.197.150:0] script '/domains/system_suspended/R57.php' not found or unable to stat
[Tue Feb 24 01:28:02.553945 2026] [php:error] [pid 22564] [client 20.91.197.150:0] script '/domains/system_suspended/txets.php' not found or unable to stat
[Tue Feb 24 01:28:02.622955 2026] [php:error] [pid 22565] [client 20.250.10.152:0] script '/domains/awciii/cytyr.php' not found or unable to stat
[Tue Feb 24 01:28:02.650728 2026] [php:error] [pid 22564] [client 20.91.197.150:0] script '/domains/system_suspended/wp-blog.php' not found or unable to stat
[Tue Feb 24 01:28:02.719102 2026] [php:error] [pid 22565] [client 20.250.10.152:0] script '/domains/awciii/666.php' not found or unable to stat
[Tue Feb 24 01:28:02.747808 2026] [php:error] [pid 22564] [client 20.91.197.150:0] script '/domains/system_suspended/wp-blog-header.php' not found or unable to stat
[Tue Feb 24 01:28:02.844916 2026] [php:error] [pid 22564] [client 20.91.197.150:0] script '/domains/system_suspended/file2.php' not found or unable to stat
[Tue Feb 24 01:28:02.934169 2026] [php:error] [pid 22565] [client 20.250.10.152:0] script '/domains/awciii/gettest.php' not found or unable to stat
[Tue Feb 24 01:28:03.029646 2026] [php:error] [pid 22565] [client 20.250.10.152:0] script '/domains/awciii/black.php' not found or unable to stat
[Tue Feb 24 01:28:03.132927 2026] [php:error] [pid 22565] [client 20.250.10.152:0] script '/domains/awciii/users.php' not found or unable to stat
[Tue Feb 24 01:28:03.144805 2026] [php:error] [pid 22564] [client 20.91.197.150:0] script '/domains/system_suspended/inputs.php' not found or unable to stat
[Tue Feb 24 01:28:03.243450 2026] [php:error] [pid 22564] [client 20.91.197.150:0] script '/domains/system_suspended/gettest.php' not found or unable to stat
[Tue Feb 24 01:28:03.329224 2026] [php:error] [pid 22565] [client 20.250.10.152:0] script '/domains/awciii/ak.php' not found or unable to stat
[Tue Feb 24 01:28:03.340235 2026] [php:error] [pid 22564] [client 20.91.197.150:0] script '/domains/system_suspended/term.php' not found or unable to stat
[Tue Feb 24 01:28:03.423731 2026] [php:error] [pid 22565] [client 20.250.10.152:0] script '/domains/awciii/ioxi.php' not found or unable to stat
[Tue Feb 24 01:28:03.437334 2026] [php:error] [pid 22564] [client 20.91.197.150:0] script '/domains/system_suspended/koiy.php' not found or unable to stat
[Tue Feb 24 01:28:03.534719 2026] [php:error] [pid 22564] [client 20.91.197.150:0] script '/domains/system_suspended/plugins.php' not found or unable to stat
[Tue Feb 24 01:28:03.621612 2026] [php:error] [pid 22565] [client 20.250.10.152:0] script '/domains/awciii/wp-blogs.php' not found or unable to stat
[Tue Feb 24 01:28:03.631651 2026] [php:error] [pid 22564] [client 20.91.197.150:0] script '/domains/system_suspended/cmdo.php' not found or unable to stat
[Tue Feb 24 01:28:03.729767 2026] [php:error] [pid 22564] [client 20.91.197.150:0] script '/domains/system_suspended/lkui.php' not found or unable to stat
[Tue Feb 24 01:28:03.730770 2026] [php:error] [pid 22565] [client 20.250.10.152:0] script '/domains/awciii/wen.php' not found or unable to stat
[Tue Feb 24 01:28:03.825521 2026] [php:error] [pid 22565] [client 20.250.10.152:0] script '/domains/awciii/gfd.php' not found or unable to stat
[Tue Feb 24 01:28:04.058606 2026] [php:error] [pid 22565] [client 20.250.10.152:0] script '/domains/awciii/a4.php' not found or unable to stat
[Tue Feb 24 01:28:04.130595 2026] [php:error] [pid 22564] [client 20.91.197.150:0] script '/domains/system_suspended/ws72.php' not found or unable to stat
[Tue Feb 24 01:28:04.256237 2026] [php:error] [pid 22565] [client 20.250.10.152:0] script '/domains/awciii/h2a2ck.php' not found or unable to stat
[Tue Feb 24 01:28:04.327107 2026] [php:error] [pid 22564] [client 20.91.197.150:0] script '/domains/system_suspended/root.php' not found or unable to stat
[Tue Feb 24 01:28:04.612250 2026] [php:error] [pid 22565] [client 20.250.10.152:0] script '/domains/awciii/35.php' not found or unable to stat
[Tue Feb 24 01:28:04.618772 2026] [php:error] [pid 22564] [client 20.91.197.150:0] script '/domains/system_suspended/options.php' not found or unable to stat
[Tue Feb 24 01:28:04.715572 2026] [php:error] [pid 22564] [client 20.91.197.150:0] script '/domains/system_suspended/wp-cache.php' not found or unable to stat
[Tue Feb 24 01:28:04.758504 2026] [php:error] [pid 22565] [client 20.250.10.152:0] script '/domains/awciii/maraz.php' not found or unable to stat
[Tue Feb 24 01:28:04.812469 2026] [php:error] [pid 22564] [client 20.91.197.150:0] script '/domains/system_suspended/admin-footer.php' not found or unable to stat
[Tue Feb 24 01:28:04.903748 2026] [php:error] [pid 22565] [client 20.250.10.152:0] script '/domains/awciii/vx.php' not found or unable to stat
[Tue Feb 24 01:28:04.909466 2026] [php:error] [pid 22564] [client 20.91.197.150:0] script '/domains/system_suspended/db.php' not found or unable to stat
[Tue Feb 24 01:28:05.006896 2026] [php:error] [pid 22564] [client 20.91.197.150:0] script '/domains/system_suspended/media-upload.php' not found or unable to stat
[Tue Feb 24 01:28:05.019311 2026] [php:error] [pid 22565] [client 20.250.10.152:0] script '/domains/awciii/bnm.php' not found or unable to stat
[Tue Feb 24 01:28:05.104562 2026] [php:error] [pid 22564] [client 20.91.197.150:0] script '/domains/system_suspended/sc.php' not found or unable to stat
[Tue Feb 24 01:28:05.115030 2026] [php:error] [pid 22565] [client 20.250.10.152:0] script '/domains/awciii/222.php' not found or unable to stat
[Tue Feb 24 01:28:05.201586 2026] [php:error] [pid 22564] [client 20.91.197.150:0] script '/domains/system_suspended/166.php' not found or unable to stat
[Tue Feb 24 01:28:05.226355 2026] [php:error] [pid 22565] [client 20.250.10.152:0] script '/domains/awciii/core.php' not found or unable to stat
[Tue Feb 24 01:28:05.298442 2026] [php:error] [pid 22564] [client 20.91.197.150:0] script '/domains/system_suspended/lib.php' not found or unable to stat
[Tue Feb 24 01:28:05.321177 2026] [php:error] [pid 22565] [client 20.250.10.152:0] script '/domains/awciii/06.php' not found or unable to stat
[Tue Feb 24 01:28:05.395292 2026] [php:error] [pid 22564] [client 20.91.197.150:0] script '/domains/system_suspended/ms.php' not found or unable to stat
[Tue Feb 24 01:28:05.415529 2026] [php:error] [pid 22565] [client 20.250.10.152:0] script '/domains/awciii/xs.php' not found or unable to stat
[Tue Feb 24 01:28:05.492288 2026] [php:error] [pid 22564] [client 20.91.197.150:0] script '/domains/system_suspended/core.php' not found or unable to stat
[Tue Feb 24 01:28:05.589554 2026] [php:error] [pid 22564] [client 20.91.197.150:0] script '/domains/system_suspended/widgets.php' not found or unable to stat
[Tue Feb 24 01:28:05.686552 2026] [php:error] [pid 22564] [client 20.91.197.150:0] script '/domains/system_suspended/berlin.php' not found or unable to stat
[Tue Feb 24 01:28:05.783493 2026] [php:error] [pid 22564] [client 20.91.197.150:0] script '/domains/system_suspended/freedoms.php' not found or unable to stat
[Tue Feb 24 01:28:05.830861 2026] [php:error] [pid 22565] [client 20.250.10.152:0] script '/domains/awciii/ws67.php' not found or unable to stat
[Tue Feb 24 01:28:05.880295 2026] [php:error] [pid 22564] [client 20.91.197.150:0] script '/domains/system_suspended/simple.php' not found or unable to stat
[Tue Feb 24 01:28:05.978144 2026] [php:error] [pid 22564] [client 20.91.197.150:0] script '/domains/system_suspended/aa.php' not found or unable to stat
[Tue Feb 24 01:28:06.050496 2026] [php:error] [pid 22565] [client 20.250.10.152:0] script '/domains/awciii/ww.php' not found or unable to stat
[Tue Feb 24 01:28:06.153325 2026] [php:error] [pid 22565] [client 20.250.10.152:0] script '/domains/awciii/securepassword.php' not found or unable to stat
[Tue Feb 24 01:28:06.185229 2026] [php:error] [pid 22564] [client 20.91.197.150:0] script '/domains/system_suspended/mjq.php' not found or unable to stat
[Tue Feb 24 01:28:06.253304 2026] [php:error] [pid 22565] [client 20.250.10.152:0] script '/domains/awciii/aaa.php' not found or unable to stat
[Tue Feb 24 01:28:06.282148 2026] [php:error] [pid 22564] [client 20.91.197.150:0] script '/domains/system_suspended/71.php' not found or unable to stat
[Tue Feb 24 01:28:06.347694 2026] [php:error] [pid 22565] [client 20.250.10.152:0] script '/domains/awciii/bolt.php' not found or unable to stat
[Tue Feb 24 01:28:06.442120 2026] [php:error] [pid 22565] [client 20.250.10.152:0] script '/domains/awciii/wp-style.php' not found or unable to stat
[Tue Feb 24 01:28:06.476156 2026] [php:error] [pid 22564] [client 20.91.197.150:0] script '/domains/system_suspended/lock.php' not found or unable to stat
[Tue Feb 24 01:28:06.575710 2026] [php:error] [pid 22564] [client 20.91.197.150:0] script '/domains/system_suspended/database.php' not found or unable to stat
[Tue Feb 24 01:28:06.673110 2026] [php:error] [pid 22565] [client 20.250.10.152:0] script '/domains/awciii/lanka.php' not found or unable to stat
[Tue Feb 24 01:28:06.675127 2026] [php:error] [pid 22564] [client 20.91.197.150:0] script '/domains/system_suspended/wp-login.php' not found or unable to stat
[Tue Feb 24 01:28:06.769380 2026] [php:error] [pid 22565] [client 20.250.10.152:0] script '/domains/awciii/admin.php' not found or unable to stat
[Tue Feb 24 01:28:06.772365 2026] [php:error] [pid 22564] [client 20.91.197.150:0] script '/domains/system_suspended/admin-header.php' not found or unable to stat
[Tue Feb 24 01:28:06.966482 2026] [php:error] [pid 22564] [client 20.91.197.150:0] script '/domains/system_suspended/edit.php' not found or unable to stat
[Tue Feb 24 01:28:07.058182 2026] [php:error] [pid 22565] [client 20.250.10.152:0] script '/domains/awciii/ws69.php' not found or unable to stat
[Tue Feb 24 01:28:07.063440 2026] [php:error] [pid 22564] [client 20.91.197.150:0] script '/domains/system_suspended/plugin.php' not found or unable to stat
[Tue Feb 24 01:28:07.162605 2026] [php:error] [pid 22564] [client 20.91.197.150:0] script '/domains/system_suspended/init.php' not found or unable to stat
[Tue Feb 24 01:28:07.170512 2026] [php:error] [pid 22565] [client 20.250.10.152:0] script '/domains/awciii/w1px.php' not found or unable to stat
[Tue Feb 24 01:28:07.260114 2026] [php:error] [pid 22564] [client 20.91.197.150:0] script '/domains/system_suspended/pop.php' not found or unable to stat
[Tue Feb 24 01:28:07.282389 2026] [php:error] [pid 22565] [client 20.250.10.152:0] script '/domains/awciii/rtx.php' not found or unable to stat
[Tue Feb 24 01:28:07.357534 2026] [php:error] [pid 22564] [client 20.91.197.150:0] script '/domains/system_suspended/zeng.php' not found or unable to stat
[Tue Feb 24 01:28:07.379771 2026] [php:error] [pid 22565] [client 20.250.10.152:0] script '/domains/awciii/elp.php' not found or unable to stat
[Tue Feb 24 01:28:07.497687 2026] [php:error] [pid 22565] [client 20.250.10.152:0] script '/domains/awciii/24.php' not found or unable to stat
[Tue Feb 24 01:28:07.551238 2026] [php:error] [pid 22564] [client 20.91.197.150:0] script '/domains/system_suspended/checkbex.php' not found or unable to stat
[Tue Feb 24 01:28:07.608399 2026] [php:error] [pid 22565] [client 20.250.10.152:0] script '/domains/awciii/akhvg.php' not found or unable to stat
[Tue Feb 24 01:28:07.703008 2026] [php:error] [pid 22565] [client 20.250.10.152:0] script '/domains/awciii/jga.php' not found or unable to stat
[Tue Feb 24 01:28:07.797769 2026] [php:error] [pid 22565] [client 20.250.10.152:0] script '/domains/awciii/8xyz.php' not found or unable to stat
[Tue Feb 24 01:28:07.842051 2026] [php:error] [pid 22564] [client 20.91.197.150:0] script '/domains/system_suspended/options-head.php' not found or unable to stat
[Tue Feb 24 01:28:07.939969 2026] [php:error] [pid 22564] [client 20.91.197.150:0] script '/domains/system_suspended/ty.php' not found or unable to stat
[Tue Feb 24 01:28:07.967429 2026] [php:error] [pid 22565] [client 20.250.10.152:0] script '/domains/awciii/zxekqlxb.php' not found or unable to stat
[Tue Feb 24 01:28:08.037352 2026] [php:error] [pid 22564] [client 20.91.197.150:0] script '/domains/system_suspended/we.php' not found or unable to stat
[Tue Feb 24 01:28:08.134514 2026] [php:error] [pid 22564] [client 20.91.197.150:0] script '/domains/system_suspended/themes.php' not found or unable to stat
[Tue Feb 24 01:28:08.160833 2026] [php:error] [pid 22565] [client 20.250.10.152:0] script '/domains/awciii/lib.php' not found or unable to stat
[Tue Feb 24 01:28:08.231871 2026] [php:error] [pid 22564] [client 20.91.197.150:0] script '/domains/system_suspended/go.php' not found or unable to stat
[Tue Feb 24 01:28:08.265286 2026] [php:error] [pid 22565] [client 20.250.10.152:0] script '/domains/awciii/xsox.php' not found or unable to stat
[Tue Feb 24 01:28:08.360820 2026] [php:error] [pid 22565] [client 20.250.10.152:0] script '/domains/awciii/jnhddqyz.php' not found or unable to stat
[Tue Feb 24 01:28:08.426318 2026] [php:error] [pid 22564] [client 20.91.197.150:0] script '/domains/system_suspended/my.php' not found or unable to stat
[Tue Feb 24 01:28:08.523524 2026] [php:error] [pid 22564] [client 20.91.197.150:0] script '/domains/system_suspended/p.php' not found or unable to stat
[Tue Feb 24 01:28:08.620610 2026] [php:error] [pid 22564] [client 20.91.197.150:0] script '/domains/system_suspended/ws66.php' not found or unable to stat
[Tue Feb 24 01:28:08.647620 2026] [php:error] [pid 22565] [client 20.250.10.152:0] script '/domains/awciii/asax.php' not found or unable to stat
[Tue Feb 24 01:28:08.768604 2026] [php:error] [pid 22565] [client 20.250.10.152:0] script '/domains/awciii/fresh3.php' not found or unable to stat
[Tue Feb 24 01:28:08.815181 2026] [php:error] [pid 22564] [client 20.91.197.150:0] script '/domains/system_suspended/user-new.php' not found or unable to stat
[Tue Feb 24 01:28:08.872119 2026] [php:error] [pid 22565] [client 20.250.10.152:0] script '/domains/awciii/13ede.php' not found or unable to stat
[Tue Feb 24 01:28:08.966522 2026] [php:error] [pid 22565] [client 20.250.10.152:0] script '/domains/awciii/wp-p2r3q9c8k4.php' not found or unable to stat
[Tue Feb 24 01:28:09.251994 2026] [php:error] [pid 22565] [client 20.250.10.152:0] script '/domains/awciii/mar.php' not found or unable to stat
[Tue Feb 24 01:28:09.346615 2026] [php:error] [pid 22565] [client 20.250.10.152:0] script '/domains/awciii/Geforce.php' not found or unable to stat
[Tue Feb 24 01:28:09.507880 2026] [php:error] [pid 22565] [client 20.250.10.152:0] script '/domains/awciii/file.php' not found or unable to stat
[Tue Feb 24 01:28:09.834735 2026] [php:error] [pid 22565] [client 20.250.10.152:0] script '/domains/awciii/403.php' not found or unable to stat
[Tue Feb 24 01:28:09.929776 2026] [php:error] [pid 22565] [client 20.250.10.152:0] script '/domains/awciii/0byte.php' not found or unable to stat
[Tue Feb 24 01:28:10.024494 2026] [php:error] [pid 22565] [client 20.250.10.152:0] script '/domains/awciii/to.php' not found or unable to stat
[Tue Feb 24 01:28:10.256160 2026] [php:error] [pid 22565] [client 20.250.10.152:0] script '/domains/awciii/wefile.php' not found or unable to stat
[Tue Feb 24 01:28:10.463486 2026] [php:error] [pid 22565] [client 20.250.10.152:0] script '/domains/awciii/cgi-bin_bkp.php' not found or unable to stat
[Tue Feb 24 01:28:10.761171 2026] [php:error] [pid 22565] [client 20.250.10.152:0] script '/domains/awciii/click.php' not found or unable to stat
[Tue Feb 24 01:28:10.874561 2026] [php:error] [pid 22565] [client 20.250.10.152:0] script '/domains/awciii/assacc.php' not found or unable to stat
[Tue Feb 24 01:28:10.976710 2026] [php:error] [pid 22565] [client 20.250.10.152:0] script '/domains/awciii/xy.php' not found or unable to stat
[Tue Feb 24 01:28:11.071420 2026] [php:error] [pid 22565] [client 20.250.10.152:0] script '/domains/awciii/0x0x.php' not found or unable to stat
[Tue Feb 24 01:28:11.400309 2026] [php:error] [pid 22565] [client 20.250.10.152:0] script '/domains/awciii/gdn.php' not found or unable to stat
[Tue Feb 24 01:28:11.512144 2026] [php:error] [pid 22565] [client 20.250.10.152:0] script '/domains/awciii/f2.php' not found or unable to stat
[Tue Feb 24 01:28:11.607265 2026] [php:error] [pid 22565] [client 20.250.10.152:0] script '/domains/awciii/RIP.php' not found or unable to stat
[Tue Feb 24 01:28:11.725922 2026] [php:error] [pid 22565] [client 20.250.10.152:0] script '/domains/awciii/logs.php' not found or unable to stat
[Tue Feb 24 01:28:11.875385 2026] [php:error] [pid 22565] [client 20.250.10.152:0] script '/domains/awciii/R57.php' not found or unable to stat
[Tue Feb 24 01:28:12.098912 2026] [php:error] [pid 22565] [client 20.250.10.152:0] script '/domains/awciii/amp.php' not found or unable to stat
[Tue Feb 24 01:28:12.205907 2026] [php:error] [pid 22565] [client 20.250.10.152:0] script '/domains/awciii/mini.php' not found or unable to stat
[Tue Feb 24 01:28:12.300337 2026] [php:error] [pid 22565] [client 20.250.10.152:0] script '/domains/awciii/browse.php' not found or unable to stat
[Tue Feb 24 01:28:12.468572 2026] [php:error] [pid 22565] [client 20.250.10.152:0] script '/domains/awciii/ms.php' not found or unable to stat
[Tue Feb 24 01:28:12.563160 2026] [php:error] [pid 22565] [client 20.250.10.152:0] script '/domains/awciii/wp-scr1pts.php' not found or unable to stat
[Tue Feb 24 01:28:12.702557 2026] [php:error] [pid 22565] [client 20.250.10.152:0] script '/domains/awciii/inc.php' not found or unable to stat
[Tue Feb 24 01:28:12.797475 2026] [php:error] [pid 22565] [client 20.250.10.152:0] script '/domains/awciii/aboutc.php' not found or unable to stat
[Tue Feb 24 01:28:12.998080 2026] [php:error] [pid 22565] [client 20.250.10.152:0] script '/domains/awciii/inege.php' not found or unable to stat
[Tue Feb 24 01:28:13.176333 2026] [php:error] [pid 22565] [client 20.250.10.152:0] script '/domains/awciii/error_log.php' not found or unable to stat
[Tue Feb 24 01:28:13.437831 2026] [php:error] [pid 22565] [client 20.250.10.152:0] script '/domains/awciii/ff1.php' not found or unable to stat
[Tue Feb 24 01:28:15.145328 2026] [php:error] [pid 22556] [client 20.250.10.152:0] script '/domains/awciii/sid3.php' not found or unable to stat
[Tue Feb 24 01:28:15.282106 2026] [php:error] [pid 22556] [client 20.250.10.152:0] script '/domains/awciii/ccs.php' not found or unable to stat
[Tue Feb 24 01:28:15.458702 2026] [php:error] [pid 22556] [client 20.250.10.152:0] script '/domains/awciii/fs.php' not found or unable to stat
[Tue Feb 24 01:28:15.572587 2026] [php:error] [pid 22556] [client 20.250.10.152:0] script '/domains/awciii/bgymj.php' not found or unable to stat
[Tue Feb 24 01:28:15.901734 2026] [php:error] [pid 22556] [client 20.250.10.152:0] script '/domains/awciii/class.php' not found or unable to stat
[Tue Feb 24 01:28:16.310534 2026] [php:error] [pid 22556] [client 20.250.10.152:0] script '/domains/awciii/ckk.php' not found or unable to stat
[Tue Feb 24 01:28:16.443908 2026] [php:error] [pid 22556] [client 20.250.10.152:0] script '/domains/awciii/global.php' not found or unable to stat
[Tue Feb 24 01:28:16.610738 2026] [php:error] [pid 22556] [client 20.250.10.152:0] script '/domains/awciii/ioxi.php' not found or unable to stat
[Tue Feb 24 01:28:16.759402 2026] [php:error] [pid 22556] [client 20.250.10.152:0] script '/domains/awciii/logs1.php' not found or unable to stat
[Tue Feb 24 01:28:16.891427 2026] [php:error] [pid 22556] [client 20.250.10.152:0] script '/domains/awciii/erty.php' not found or unable to stat
[Tue Feb 24 01:28:16.984900 2026] [php:error] [pid 22556] [client 20.250.10.152:0] script '/domains/awciii/inputs.php' not found or unable to stat
[Tue Feb 24 01:28:17.116338 2026] [php:error] [pid 22556] [client 20.250.10.152:0] script '/domains/awciii/Jcrop.php' not found or unable to stat
[Tue Feb 24 01:28:17.259815 2026] [php:error] [pid 22556] [client 20.250.10.152:0] script '/domains/awciii/balin.php' not found or unable to stat
[Tue Feb 24 01:28:17.360339 2026] [php:error] [pid 22556] [client 20.250.10.152:0] script '/domains/awciii/atomlib.php' not found or unable to stat
[Tue Feb 24 01:28:17.596832 2026] [php:error] [pid 22556] [client 20.250.10.152:0] script '/domains/awciii/gk.php' not found or unable to stat
[Tue Feb 24 01:28:17.747552 2026] [php:error] [pid 22556] [client 20.250.10.152:0] script '/domains/awciii/wp-act.php' not found or unable to stat
[Tue Feb 24 01:28:17.987058 2026] [php:error] [pid 22556] [client 20.250.10.152:0] script '/domains/awciii/tool.php' not found or unable to stat
[Tue Feb 24 01:28:18.081815 2026] [php:error] [pid 22556] [client 20.250.10.152:0] script '/domains/awciii/mcs.php' not found or unable to stat
[Tue Feb 24 01:28:18.179220 2026] [php:error] [pid 22556] [client 20.250.10.152:0] script '/domains/awciii/motu.php' not found or unable to stat
[Tue Feb 24 01:28:18.272966 2026] [php:error] [pid 22556] [client 20.250.10.152:0] script '/domains/awciii/easy.php' not found or unable to stat
[Tue Feb 24 01:28:18.368635 2026] [php:error] [pid 22556] [client 20.250.10.152:0] script '/domains/awciii/ava.php' not found or unable to stat
[Tue Feb 24 01:28:18.462231 2026] [php:error] [pid 22556] [client 20.250.10.152:0] script '/domains/awciii/s1.php' not found or unable to stat
[Tue Feb 24 01:28:18.636654 2026] [php:error] [pid 22556] [client 20.250.10.152:0] script '/domains/awciii/baixy.php' not found or unable to stat
[Tue Feb 24 01:28:18.730806 2026] [php:error] [pid 22556] [client 20.250.10.152:0] script '/domains/awciii/kbfr.php' not found or unable to stat
[Tue Feb 24 01:28:18.824691 2026] [php:error] [pid 22556] [client 20.250.10.152:0] script '/domains/awciii/Ov-Simple1.php' not found or unable to stat
[Tue Feb 24 01:28:18.987743 2026] [php:error] [pid 22556] [client 20.250.10.152:0] script '/domains/awciii/ws58.php' not found or unable to stat
[Tue Feb 24 01:28:19.095783 2026] [php:error] [pid 22556] [client 20.250.10.152:0] script '/domains/awciii/edit.php' not found or unable to stat
[Tue Feb 24 01:28:19.192722 2026] [php:error] [pid 22556] [client 20.250.10.152:0] script '/domains/awciii/xxw.php' not found or unable to stat
[Tue Feb 24 01:28:19.295587 2026] [php:error] [pid 22556] [client 20.250.10.152:0] script '/domains/awciii/ws68.php' not found or unable to stat
[Tue Feb 24 01:28:19.495810 2026] [php:error] [pid 22556] [client 20.250.10.152:0] script '/domains/awciii/xr.php' not found or unable to stat
[Tue Feb 24 01:28:19.819416 2026] [php:error] [pid 22556] [client 20.250.10.152:0] script '/domains/awciii/tfm.php' not found or unable to stat
[Tue Feb 24 01:28:20.039323 2026] [php:error] [pid 22556] [client 20.250.10.152:0] script '/domains/awciii/wp-link10.php' not found or unable to stat
[Tue Feb 24 01:28:20.133533 2026] [php:error] [pid 22556] [client 20.250.10.152:0] script '/domains/awciii/galer.php' not found or unable to stat
[Tue Feb 24 01:28:20.227488 2026] [php:error] [pid 22556] [client 20.250.10.152:0] script '/domains/awciii/export.php' not found or unable to stat
[Tue Feb 24 01:28:20.379880 2026] [php:error] [pid 22556] [client 20.250.10.152:0] script '/domains/awciii/abc.php' not found or unable to stat
[Tue Feb 24 01:28:20.473638 2026] [php:error] [pid 22556] [client 20.250.10.152:0] script '/domains/awciii/eursi.php' not found or unable to stat
[Tue Feb 24 01:28:20.568165 2026] [php:error] [pid 22556] [client 20.250.10.152:0] script '/domains/awciii/t00l.php' not found or unable to stat
[Tue Feb 24 01:28:21.011703 2026] [php:error] [pid 22556] [client 20.250.10.152:0] script '/domains/awciii/ccu.php' not found or unable to stat
[Tue Feb 24 01:28:21.105328 2026] [php:error] [pid 22556] [client 20.250.10.152:0] script '/domains/awciii/lkui.php' not found or unable to stat
[Tue Feb 24 01:28:21.216192 2026] [php:error] [pid 22556] [client 20.250.10.152:0] script '/domains/awciii/zoo.php' not found or unable to stat
[Tue Feb 24 01:28:21.310421 2026] [php:error] [pid 22556] [client 20.250.10.152:0] script '/domains/awciii/fetch.php' not found or unable to stat
[Tue Feb 24 01:28:21.405260 2026] [php:error] [pid 22556] [client 20.250.10.152:0] script '/domains/awciii/bzjdlofz.php' not found or unable to stat
[Tue Feb 24 01:28:21.499107 2026] [php:error] [pid 22556] [client 20.250.10.152:0] script '/domains/awciii/sbhu.php' not found or unable to stat
[Tue Feb 24 01:28:21.692421 2026] [php:error] [pid 22556] [client 20.250.10.152:0] script '/domains/awciii/8.php' not found or unable to stat
[Tue Feb 24 01:28:21.962206 2026] [php:error] [pid 22556] [client 20.250.10.152:0] script '/domains/awciii/66.php' not found or unable to stat
[Tue Feb 24 01:28:22.055826 2026] [php:error] [pid 22556] [client 20.250.10.152:0] script '/domains/awciii/term.php' not found or unable to stat
[Tue Feb 24 01:28:22.226523 2026] [php:error] [pid 22556] [client 20.250.10.152:0] script '/domains/awciii/155.php' not found or unable to stat
[Tue Feb 24 01:28:22.484846 2026] [php:error] [pid 22556] [client 20.250.10.152:0] script '/domains/awciii/6bcwiqwj.php' not found or unable to stat
[Tue Feb 24 01:28:22.615552 2026] [php:error] [pid 22556] [client 20.250.10.152:0] script '/domains/awciii/166.php' not found or unable to stat
[Tue Feb 24 01:28:22.835624 2026] [php:error] [pid 22556] [client 20.250.10.152:0] script '/domains/awciii/0x19493QU8ZQ.php' not found or unable to stat
[Tue Feb 24 01:28:22.960886 2026] [php:error] [pid 22556] [client 20.250.10.152:0] script '/domains/awciii/ws65.php' not found or unable to stat
[Tue Feb 24 01:28:23.083663 2026] [php:error] [pid 22556] [client 20.250.10.152:0] script '/domains/awciii/nZILpby53HV.php' not found or unable to stat
[Tue Feb 24 01:28:23.179771 2026] [php:error] [pid 22556] [client 20.250.10.152:0] script '/domains/awciii/wy2WOGSBPzj.php' not found or unable to stat
[Tue Feb 24 01:28:23.273642 2026] [php:error] [pid 22556] [client 20.250.10.152:0] script '/domains/awciii/VKcrnlSpuC2.php' not found or unable to stat
[Tue Feb 24 01:28:48.464917 2026] [core:error] [pid 22556] [client 43.110.36.191:0] AH10244: invalid URI path (/cgi-bin/.%2e/.%2e/.%2e/.%2e/.%2e/.%2e/.%2e/.%2e/.%2e/.%2e/bin/sh)
[Tue Feb 24 01:28:49.265345 2026] [core:error] [pid 22566] [client 43.110.36.191:0] AH10244: invalid URI path (/cgi-bin/%%32%65%%32%65/%%32%65%%32%65/%%32%65%%32%65/%%32%65%%32%65/%%32%65%%32%65/%%32%65%%32%65/%%32%65%%32%65/bin/sh)
[Tue Feb 24 01:29:01.248308 2026] [php:error] [pid 22556] [client 43.110.36.191:0] script '/domains/system_default/index.php' not found or unable to stat
[Tue Feb 24 01:29:01.894589 2026] [php:error] [pid 22556] [client 43.110.36.191:0] script '/domains/system_default/index.php' not found or unable to stat
[Tue Feb 24 01:29:02.122509 2026] [php:error] [pid 22556] [client 43.110.36.191:0] script '/domains/system_default/index.php' not found or unable to stat
[Tue Feb 24 01:29:16.966620 2026] [php:error] [pid 22573] [client 20.205.3.49:0] script '/domains/system_default/shell.php' not found or unable to stat
[Tue Feb 24 01:29:17.385340 2026] [php:error] [pid 22573] [client 20.205.3.49:0] script '/domains/system_default/favicon.php' not found or unable to stat
[Tue Feb 24 01:29:17.594842 2026] [php:error] [pid 22573] [client 20.205.3.49:0] script '/domains/system_default/8xyz.php' not found or unable to stat
[Tue Feb 24 01:29:18.016640 2026] [php:error] [pid 22573] [client 20.205.3.49:0] script '/domains/system_default/install.php' not found or unable to stat
[Tue Feb 24 01:29:18.440167 2026] [php:error] [pid 22573] [client 20.205.3.49:0] script '/domains/system_default/dropdown.php' not found or unable to stat
[Tue Feb 24 01:29:18.649651 2026] [php:error] [pid 22573] [client 20.205.3.49:0] script '/domains/system_default/gdn.php' not found or unable to stat
[Tue Feb 24 01:29:18.866085 2026] [php:error] [pid 22573] [client 20.205.3.49:0] script '/domains/system_default/system_log.php' not found or unable to stat
[Tue Feb 24 01:29:19.076396 2026] [php:error] [pid 22573] [client 20.205.3.49:0] script '/domains/system_default/gettest.php' not found or unable to stat
[Tue Feb 24 01:29:19.285679 2026] [php:error] [pid 22573] [client 20.205.3.49:0] script '/domains/system_default/shell20211028.php' not found or unable to stat
[Tue Feb 24 01:29:19.497177 2026] [php:error] [pid 22573] [client 20.205.3.49:0] script '/domains/system_default/byp.php' not found or unable to stat
[Tue Feb 24 01:29:19.711570 2026] [php:error] [pid 22573] [client 20.205.3.49:0] script '/domains/system_default/an.php' not found or unable to stat
[Tue Feb 24 01:29:19.921045 2026] [php:error] [pid 22573] [client 20.205.3.49:0] script '/domains/system_default/b.php' not found or unable to stat
[Tue Feb 24 01:29:20.133980 2026] [php:error] [pid 22573] [client 20.205.3.49:0] script '/domains/system_default/404.php' not found or unable to stat
[Tue Feb 24 01:29:20.555846 2026] [php:error] [pid 22573] [client 20.205.3.49:0] script '/domains/system_default/fetch.php' not found or unable to stat
[Tue Feb 24 01:29:20.976592 2026] [php:error] [pid 22573] [client 20.205.3.49:0] script '/domains/system_default/wp-config-sample.php' not found or unable to stat
[Tue Feb 24 01:29:21.187382 2026] [php:error] [pid 22573] [client 20.205.3.49:0] script '/domains/system_default/a2.php' not found or unable to stat
[Tue Feb 24 01:29:21.606386 2026] [php:error] [pid 22573] [client 20.205.3.49:0] script '/domains/system_default/rip.php' not found or unable to stat
[Tue Feb 24 01:29:21.819919 2026] [php:error] [pid 22573] [client 20.205.3.49:0] script '/domains/system_default/doc.php' not found or unable to stat
[Tue Feb 24 01:29:22.030510 2026] [php:error] [pid 22573] [client 20.205.3.49:0] script '/domains/system_default/o.php' not found or unable to stat
[Tue Feb 24 01:29:22.451256 2026] [php:error] [pid 22573] [client 20.205.3.49:0] script '/domains/system_default/bgymj.php' not found or unable to stat
[Tue Feb 24 01:29:22.661602 2026] [php:error] [pid 22573] [client 20.205.3.49:0] script '/domains/system_default/f.php' not found or unable to stat
[Tue Feb 24 01:29:22.871321 2026] [php:error] [pid 22573] [client 20.205.3.49:0] script '/domains/system_default/ws.php' not found or unable to stat
[Tue Feb 24 01:29:23.223505 2026] [core:crit] [pid 22591] (13)Permission denied: [client 114.119.157.196:0] AH00529: /domains/dcarlone/test/web/.htaccess pcfg_openfile: unable to check htaccess file, ensure it is readable and that '/domains/dcarlone/test/web/' is executable, referer: http://www.mvhservice.se/mimmi/bal/who-invented-online-dating/
[Tue Feb 24 01:29:23.295469 2026] [php:error] [pid 22573] [client 20.205.3.49:0] script '/domains/system_default/system.php' not found or unable to stat
[Tue Feb 24 01:29:23.507924 2026] [php:error] [pid 22573] [client 20.205.3.49:0] script '/domains/system_default/chosen.php' not found or unable to stat
[Tue Feb 24 01:29:23.926178 2026] [php:error] [pid 22573] [client 20.205.3.49:0] script '/domains/system_default/an.php' not found or unable to stat
[Tue Feb 24 01:29:24.135396 2026] [php:error] [pid 22573] [client 20.205.3.49:0] script '/domains/system_default/ma.php' not found or unable to stat
[Tue Feb 24 01:29:24.345121 2026] [php:error] [pid 22573] [client 20.205.3.49:0] script '/domains/system_default/h.php' not found or unable to stat
[Tue Feb 24 01:29:25.392484 2026] [php:error] [pid 22573] [client 20.205.3.49:0] script '/domains/system_default/system.php' not found or unable to stat
[Tue Feb 24 01:29:25.811845 2026] [php:error] [pid 22573] [client 20.205.3.49:0] script '/domains/system_default/class-t.api.php' not found or unable to stat
[Tue Feb 24 01:29:26.054524 2026] [php:error] [pid 22573] [client 20.205.3.49:0] script '/domains/system_default/asd.php' not found or unable to stat
[Tue Feb 24 01:29:26.684659 2026] [php:error] [pid 22573] [client 20.205.3.49:0] script '/domains/system_default/k.php' not found or unable to stat
[Tue Feb 24 01:29:26.894276 2026] [php:error] [pid 22573] [client 20.205.3.49:0] script '/domains/system_default/geck.php' not found or unable to stat
[Tue Feb 24 01:29:27.103809 2026] [php:error] [pid 22573] [client 20.205.3.49:0] script '/domains/system_default/lala.php' not found or unable to stat
[Tue Feb 24 01:29:27.313471 2026] [php:error] [pid 22573] [client 20.205.3.49:0] script '/domains/system_default/menu.php' not found or unable to stat
[Tue Feb 24 01:29:27.526422 2026] [php:error] [pid 22573] [client 20.205.3.49:0] script '/domains/system_default/alfa.php' not found or unable to stat
[Tue Feb 24 01:29:27.735483 2026] [php:error] [pid 22573] [client 20.205.3.49:0] script '/domains/system_default/dropdown.php' not found or unable to stat
[Tue Feb 24 01:29:27.948715 2026] [php:error] [pid 22573] [client 20.205.3.49:0] script '/domains/system_default/v2.php' not found or unable to stat
[Tue Feb 24 01:29:28.159661 2026] [php:error] [pid 22573] [client 20.205.3.49:0] script '/domains/system_default/jmfi2.php' not found or unable to stat
[Tue Feb 24 01:29:28.578357 2026] [php:error] [pid 22573] [client 20.205.3.49:0] script '/domains/system_default/w.php' not found or unable to stat
[Tue Feb 24 01:29:29.000415 2026] [php:error] [pid 22573] [client 20.205.3.49:0] script '/domains/system_default/flower2.php' not found or unable to stat
[Tue Feb 24 01:29:29.422241 2026] [php:error] [pid 22573] [client 20.205.3.49:0] script '/domains/system_default/wp-login.php' not found or unable to stat
[Tue Feb 24 01:29:30.051581 2026] [php:error] [pid 22573] [client 20.205.3.49:0] script '/domains/system_default/ze.php' not found or unable to stat
[Tue Feb 24 01:29:30.261111 2026] [php:error] [pid 22573] [client 20.205.3.49:0] script '/domains/system_default/elp.php' not found or unable to stat
[Tue Feb 24 01:29:30.683946 2026] [php:error] [pid 22573] [client 20.205.3.49:0] script '/domains/system_default/ph33w.php' not found or unable to stat
[Tue Feb 24 01:29:30.893487 2026] [php:error] [pid 22573] [client 20.205.3.49:0] script '/domains/system_default/x.php' not found or unable to stat
[Tue Feb 24 01:29:31.313641 2026] [php:error] [pid 22573] [client 20.205.3.49:0] script '/domains/system_default/lp6.php' not found or unable to stat
[Tue Feb 24 01:29:31.731708 2026] [php:error] [pid 22573] [client 20.205.3.49:0] script '/domains/system_default/d12.php' not found or unable to stat
[Tue Feb 24 01:29:31.943284 2026] [php:error] [pid 22573] [client 20.205.3.49:0] script '/domains/system_default/x.php' not found or unable to stat
[Tue Feb 24 01:29:32.172215 2026] [php:error] [pid 22573] [client 20.205.3.49:0] script '/domains/system_default/bk.php' not found or unable to stat
[Tue Feb 24 01:29:32.382074 2026] [php:error] [pid 22573] [client 20.205.3.49:0] script '/domains/system_default/phpinfo.php' not found or unable to stat
[Tue Feb 24 01:29:32.801343 2026] [php:error] [pid 22573] [client 20.205.3.49:0] script '/domains/system_default/f.php' not found or unable to stat
[Tue Feb 24 01:29:33.435845 2026] [php:error] [pid 22573] [client 20.205.3.49:0] script '/domains/system_default/z.php' not found or unable to stat
[Tue Feb 24 01:29:33.654322 2026] [php:error] [pid 22573] [client 20.205.3.49:0] script '/domains/system_default/z.php' not found or unable to stat
[Tue Feb 24 01:29:34.297926 2026] [php:error] [pid 22573] [client 20.205.3.49:0] script '/domains/system_default/file.php' not found or unable to stat
[Tue Feb 24 01:29:34.925396 2026] [php:error] [pid 22573] [client 20.205.3.49:0] script '/domains/system_default/elp.php' not found or unable to stat
[Tue Feb 24 01:29:35.135138 2026] [php:error] [pid 22573] [client 20.205.3.49:0] script '/domains/system_default/p.php' not found or unable to stat
[Tue Feb 24 01:29:35.557549 2026] [php:error] [pid 22573] [client 20.205.3.49:0] script '/domains/system_default/config.php' not found or unable to stat
[Tue Feb 24 01:29:35.766939 2026] [php:error] [pid 22573] [client 20.205.3.49:0] script '/domains/system_default/rip.php' not found or unable to stat
[Tue Feb 24 01:29:35.977024 2026] [php:error] [pid 22573] [client 20.205.3.49:0] script '/domains/system_default/cache.php' not found or unable to stat
[Tue Feb 24 01:29:36.186841 2026] [php:error] [pid 22573] [client 20.205.3.49:0] script '/domains/system_default/ahax.php' not found or unable to stat
[Tue Feb 24 01:29:36.609453 2026] [php:error] [pid 22573] [client 20.205.3.49:0] script '/domains/system_default/tt.php' not found or unable to stat
[Tue Feb 24 01:29:37.261121 2026] [php:error] [pid 22573] [client 20.205.3.49:0] script '/domains/system_default/wp-conf.php' not found or unable to stat
[Tue Feb 24 01:29:38.103830 2026] [php:error] [pid 22594] [client 20.205.3.49:0] script '/domains/system_default/hey.php' not found or unable to stat
[Tue Feb 24 01:29:38.307067 2026] [php:error] [pid 22594] [client 20.205.3.49:0] script '/domains/system_default/m.php' not found or unable to stat
[Tue Feb 24 01:29:38.510190 2026] [php:error] [pid 22594] [client 20.205.3.49:0] script '/domains/system_default/install.php' not found or unable to stat
[Tue Feb 24 01:29:38.713358 2026] [php:error] [pid 22594] [client 20.205.3.49:0] script '/domains/system_default/web.php' not found or unable to stat
[Tue Feb 24 01:29:38.899041 2026] [php:error] [pid 22573] [client 20.92.234.66:0] script '/domains/fbardin/inputs.php' not found or unable to stat
[Tue Feb 24 01:29:39.099151 2026] [php:error] [pid 22573] [client 20.92.234.66:0] script '/domains/fbardin/ioxi-o.php' not found or unable to stat
[Tue Feb 24 01:29:39.122174 2026] [php:error] [pid 22594] [client 20.205.3.49:0] script '/domains/system_default/content.php' not found or unable to stat
[Tue Feb 24 01:29:39.325614 2026] [php:error] [pid 22594] [client 20.205.3.49:0] script '/domains/system_default/adminfuns.php' not found or unable to stat
[Tue Feb 24 01:29:39.498120 2026] [php:error] [pid 22573] [client 20.92.234.66:0] script '/domains/fbardin/rip.php' not found or unable to stat
[Tue Feb 24 01:29:39.697530 2026] [php:error] [pid 22573] [client 20.92.234.66:0] script '/domains/fbardin/admin.php' not found or unable to stat
[Tue Feb 24 01:29:39.936911 2026] [php:error] [pid 22594] [client 20.205.3.49:0] script '/domains/system_default/la.php' not found or unable to stat
[Tue Feb 24 01:29:40.096741 2026] [php:error] [pid 22573] [client 20.92.234.66:0] script '/domains/fbardin/cache.php' not found or unable to stat
[Tue Feb 24 01:29:40.139796 2026] [php:error] [pid 22594] [client 20.205.3.49:0] script '/domains/system_default/a1.php' not found or unable to stat
[Tue Feb 24 01:29:40.296216 2026] [php:error] [pid 22573] [client 20.92.234.66:0] script '/domains/fbardin/themes.php' not found or unable to stat
[Tue Feb 24 01:29:40.342844 2026] [php:error] [pid 22594] [client 20.205.3.49:0] script '/domains/system_default/403.php' not found or unable to stat
[Tue Feb 24 01:29:40.495980 2026] [php:error] [pid 22573] [client 20.92.234.66:0] script '/domains/fbardin/an.php' not found or unable to stat
[Tue Feb 24 01:29:40.952664 2026] [php:error] [pid 22594] [client 20.205.3.49:0] script '/domains/system_default/errw.php' not found or unable to stat
[Tue Feb 24 01:29:41.094612 2026] [php:error] [pid 22573] [client 20.92.234.66:0] script '/domains/fbardin/ws.php' not found or unable to stat
[Tue Feb 24 01:29:41.294282 2026] [php:error] [pid 22573] [client 20.92.234.66:0] script '/domains/fbardin/404.php' not found or unable to stat
[Tue Feb 24 01:29:41.361326 2026] [php:error] [pid 22594] [client 20.205.3.49:0] script '/domains/system_default/wp.php' not found or unable to stat
[Tue Feb 24 01:29:41.564304 2026] [php:error] [pid 22594] [client 20.205.3.49:0] script '/domains/system_default/themes.php' not found or unable to stat
[Tue Feb 24 01:29:41.693379 2026] [php:error] [pid 22573] [client 20.92.234.66:0] script '/domains/fbardin/wp-conf.php' not found or unable to stat
[Tue Feb 24 01:29:41.768885 2026] [php:error] [pid 22594] [client 20.205.3.49:0] script '/domains/system_default/environment.php' not found or unable to stat
[Tue Feb 24 01:29:41.972527 2026] [php:error] [pid 22594] [client 20.205.3.49:0] script '/domains/system_default/404.php' not found or unable to stat
[Tue Feb 24 01:29:42.093995 2026] [php:error] [pid 22573] [client 20.92.234.66:0] script '/domains/fbardin/wp-login.php' not found or unable to stat
[Tue Feb 24 01:29:42.293531 2026] [php:error] [pid 22573] [client 20.92.234.66:0] script '/domains/fbardin/abc.php' not found or unable to stat
[Tue Feb 24 01:29:42.384554 2026] [php:error] [pid 22594] [client 20.205.3.49:0] script '/domains/system_default/cs.php' not found or unable to stat
[Tue Feb 24 01:29:42.493153 2026] [php:error] [pid 22573] [client 20.92.234.66:0] script '/domains/fbardin/abcd.php' not found or unable to stat
[Tue Feb 24 01:29:42.692489 2026] [php:error] [pid 22573] [client 20.92.234.66:0] script '/domains/fbardin/as.php' not found or unable to stat
[Tue Feb 24 01:29:42.891980 2026] [php:error] [pid 22573] [client 20.92.234.66:0] script '/domains/fbardin/wp-trackback.php' not found or unable to stat
[Tue Feb 24 01:29:42.993797 2026] [php:error] [pid 22594] [client 20.205.3.49:0] script '/domains/system_default/domains.php' not found or unable to stat
[Tue Feb 24 01:29:43.091419 2026] [php:error] [pid 22573] [client 20.92.234.66:0] script '/domains/fbardin/about.php' not found or unable to stat
[Tue Feb 24 01:29:43.291064 2026] [php:error] [pid 22573] [client 20.92.234.66:0] script '/domains/fbardin/file.php' not found or unable to stat
[Tue Feb 24 01:29:43.491329 2026] [php:error] [pid 22573] [client 20.92.234.66:0] script '/domains/fbardin/adminfuns.php' not found or unable to stat
[Tue Feb 24 01:29:43.614794 2026] [php:error] [pid 22594] [client 20.205.3.49:0] script '/domains/system_default/radio.php' not found or unable to stat
[Tue Feb 24 01:29:43.691374 2026] [php:error] [pid 22573] [client 20.92.234.66:0] script '/domains/fbardin/wp-good.php' not found or unable to stat
[Tue Feb 24 01:29:43.890831 2026] [php:error] [pid 22573] [client 20.92.234.66:0] script '/domains/fbardin/xmlrpc.php' not found or unable to stat
[Tue Feb 24 01:29:44.021116 2026] [php:error] [pid 22594] [client 20.205.3.49:0] script '/domains/system_default/wp-blog.php' not found or unable to stat
[Tue Feb 24 01:29:44.090402 2026] [php:error] [pid 22573] [client 20.92.234.66:0] script '/domains/fbardin/goods.php' not found or unable to stat
[Tue Feb 24 01:29:44.224189 2026] [php:error] [pid 22594] [client 20.205.3.49:0] script '/domains/system_default/ak.php' not found or unable to stat
