[Tue Feb 24 00:33:09.265517 2026] [php:error] [pid 21830] [client 45.130.203.198:0] script '/domains/system_suspended/O-Simple.php' not found or unable to stat
[Tue Feb 24 00:33:09.514290 2026] [php:error] [pid 21830] [client 45.130.203.198:0] script '/domains/system_suspended/lock360.php' not found or unable to stat
[Tue Feb 24 00:33:09.763278 2026] [php:error] [pid 21830] [client 45.130.203.198:0] script '/domains/system_suspended/zwso.php' not found or unable to stat
[Tue Feb 24 00:33:10.014077 2026] [php:error] [pid 21830] [client 45.130.203.198:0] script '/domains/system_suspended/chosen.php' not found or unable to stat
[Tue Feb 24 00:33:10.263020 2026] [php:error] [pid 21830] [client 45.130.203.198:0] script '/domains/system_suspended/about.php' not found or unable to stat
[Tue Feb 24 00:33:10.513923 2026] [php:error] [pid 21830] [client 45.130.203.198:0] script '/domains/system_suspended/admin.php' not found or unable to stat
[Tue Feb 24 00:33:11.017518 2026] [php:error] [pid 21830] [client 45.130.203.198:0] script '/domains/system_suspended/mah.php' not found or unable to stat
[Tue Feb 24 00:33:11.517393 2026] [php:error] [pid 21830] [client 45.130.203.198:0] script '/domains/system_suspended/core.php' not found or unable to stat
[Tue Feb 24 00:33:11.767002 2026] [php:error] [pid 21830] [client 45.130.203.198:0] script '/domains/system_suspended/robots.php' not found or unable to stat
[Tue Feb 24 00:33:12.016566 2026] [php:error] [pid 21830] [client 45.130.203.198:0] script '/domains/system_suspended/inputs.php' not found or unable to stat
[Tue Feb 24 00:33:12.265704 2026] [php:error] [pid 21830] [client 45.130.203.198:0] script '/domains/system_suspended/mini.php' not found or unable to stat
[Tue Feb 24 00:33:12.516252 2026] [php:error] [pid 21830] [client 45.130.203.198:0] script '/domains/system_suspended/goods.php' not found or unable to stat
[Tue Feb 24 00:33:12.764982 2026] [php:error] [pid 21830] [client 45.130.203.198:0] script '/domains/system_suspended/file5.php' not found or unable to stat
[Tue Feb 24 00:33:13.013836 2026] [php:error] [pid 21830] [client 45.130.203.198:0] script '/domains/system_suspended/ahax.php' not found or unable to stat
[Tue Feb 24 00:33:13.263254 2026] [php:error] [pid 21830] [client 45.130.203.198:0] script '/domains/system_suspended/f35.php' not found or unable to stat
[Tue Feb 24 00:33:13.512111 2026] [php:error] [pid 21830] [client 45.130.203.198:0] script '/domains/system_suspended/simple.php' not found or unable to stat
[Tue Feb 24 00:33:19.026236 2026] [php:error] [pid 21830] [client 45.130.203.198:0] script '/domains/system_suspended/classwithtostring.php' not found or unable to stat
[Tue Feb 24 00:33:19.773819 2026] [php:error] [pid 21830] [client 45.130.203.198:0] script '/domains/system_suspended/tinyfilemanager.php' not found or unable to stat
[Tue Feb 24 00:33:20.520656 2026] [php:error] [pid 21830] [client 45.130.203.198:0] script '/domains/system_suspended/file.php' not found or unable to stat
[Tue Feb 24 00:33:21.267224 2026] [php:error] [pid 21830] [client 45.130.203.198:0] script '/domains/system_suspended/buy.php' not found or unable to stat
[Tue Feb 24 00:33:24.798380 2026] [php:error] [pid 21830] [client 45.130.203.198:0] script '/domains/system_suspended/inc.php' not found or unable to stat
[Tue Feb 24 00:33:25.333165 2026] [php:error] [pid 21830] [client 45.130.203.198:0] script '/domains/system_suspended/filemanager.php' not found or unable to stat
[Tue Feb 24 00:33:26.836963 2026] [php:error] [pid 21830] [client 45.130.203.198:0] script '/domains/system_suspended/function.php' not found or unable to stat
[Tue Feb 24 00:33:27.346876 2026] [php:error] [pid 21830] [client 45.130.203.198:0] script '/domains/system_suspended/wp-signup.php' not found or unable to stat
[Tue Feb 24 00:33:28.093052 2026] [php:error] [pid 21830] [client 45.130.203.198:0] script '/domains/system_suspended/wp-blog.php' not found or unable to stat
[Tue Feb 24 00:33:29.095599 2026] [php:error] [pid 21830] [client 45.130.203.198:0] script '/domains/system_suspended/wp-l0gin.php' not found or unable to stat
[Tue Feb 24 00:33:29.624267 2026] [php:error] [pid 21830] [client 45.130.203.198:0] script '/domains/system_suspended/new.php' not found or unable to stat
[Tue Feb 24 00:33:31.116451 2026] [php:error] [pid 21830] [client 45.130.203.198:0] script '/domains/system_suspended/natural.php' not found or unable to stat
[Tue Feb 24 00:33:31.365567 2026] [php:error] [pid 21830] [client 45.130.203.198:0] script '/domains/system_suspended/item.php' not found or unable to stat
[Tue Feb 24 00:33:34.352884 2026] [php:error] [pid 21833] [client 45.130.203.208:0] script '/domains/system_suspended/default.php' not found or unable to stat
[Tue Feb 24 00:33:35.844198 2026] [php:error] [pid 21833] [client 45.130.203.208:0] script '/domains/system_suspended/dropdown.php' not found or unable to stat
[Tue Feb 24 00:33:36.341138 2026] [php:error] [pid 21833] [client 45.130.203.208:0] script '/domains/system_suspended/db.php' not found or unable to stat
[Tue Feb 24 00:33:38.587528 2026] [php:error] [pid 21833] [client 45.130.203.208:0] script '/domains/system_suspended/install.php' not found or unable to stat
[Tue Feb 24 00:33:39.833581 2026] [php:error] [pid 21833] [client 45.130.203.208:0] script '/domains/system_suspended/bypass.php' not found or unable to stat
[Tue Feb 24 00:33:40.083068 2026] [php:error] [pid 21833] [client 45.130.203.208:0] script '/domains/system_suspended/class.php' not found or unable to stat
[Tue Feb 24 00:33:41.829550 2026] [php:error] [pid 21833] [client 45.130.203.208:0] script '/domains/system_suspended/init.php' not found or unable to stat
[Tue Feb 24 00:33:43.870660 2026] [php:error] [pid 21833] [client 45.130.203.208:0] script '/domains/system_suspended/adminfuns.php' not found or unable to stat
[Tue Feb 24 00:33:44.370823 2026] [php:error] [pid 21833] [client 45.130.203.208:0] script '/domains/system_suspended/wp_wlx.php' not found or unable to stat
[Tue Feb 24 00:33:45.117061 2026] [php:error] [pid 21833] [client 45.130.203.208:0] script '/domains/system_suspended/wp.php' not found or unable to stat
[Tue Feb 24 00:33:45.864100 2026] [php:error] [pid 21833] [client 45.130.203.208:0] script '/domains/system_suspended/wp-header.php' not found or unable to stat
[Tue Feb 24 00:33:46.366711 2026] [php:error] [pid 21833] [client 45.130.203.208:0] script '/domains/system_suspended/Marvins.php' not found or unable to stat
[Tue Feb 24 00:33:46.868286 2026] [php:error] [pid 21833] [client 45.130.203.208:0] script '/domains/system_suspended/wp-class.php' not found or unable to stat
[Tue Feb 24 00:33:47.394439 2026] [php:error] [pid 21833] [client 45.130.203.208:0] script '/domains/system_suspended/xx.php' not found or unable to stat
[Tue Feb 24 00:33:47.510433 2026] [php:error] [pid 21806] [client 74.248.132.176:0] script '/domains/system_suspended/cwclass.php' not found or unable to stat
[Tue Feb 24 00:33:47.612489 2026] [php:error] [pid 21806] [client 74.248.132.176:0] script '/domains/system_suspended/class-cc.php' not found or unable to stat
[Tue Feb 24 00:33:47.642908 2026] [php:error] [pid 21833] [client 45.130.203.208:0] script '/domains/system_suspended/autoload_classmap.php' not found or unable to stat
[Tue Feb 24 00:33:47.729111 2026] [php:error] [pid 21806] [client 74.248.132.176:0] script '/domains/system_suspended/lite.php' not found or unable to stat
[Tue Feb 24 00:33:47.831534 2026] [php:error] [pid 21806] [client 74.248.132.176:0] script '/domains/system_suspended/rrb.php' not found or unable to stat
[Tue Feb 24 00:33:47.894384 2026] [php:error] [pid 21835] [client 20.92.234.66:0] script '/domains/pmglobal/inputs.php' not found or unable to stat
[Tue Feb 24 00:33:47.934096 2026] [php:error] [pid 21806] [client 74.248.132.176:0] script '/domains/system_suspended/mariju.php' not found or unable to stat
[Tue Feb 24 00:33:48.036435 2026] [php:error] [pid 21806] [client 74.248.132.176:0] script '/domains/system_suspended/xenium4.php' not found or unable to stat
[Tue Feb 24 00:33:48.094880 2026] [php:error] [pid 21835] [client 20.92.234.66:0] script '/domains/pmglobal/ioxi-o.php' not found or unable to stat
[Tue Feb 24 00:33:48.143709 2026] [php:error] [pid 21806] [client 74.248.132.176:0] script '/domains/system_suspended/jsonq.php' not found or unable to stat
[Tue Feb 24 00:33:48.348602 2026] [php:error] [pid 21806] [client 74.248.132.176:0] script '/domains/system_suspended/wp-fast.php' not found or unable to stat
[Tue Feb 24 00:33:48.391395 2026] [php:error] [pid 21833] [client 45.130.203.208:0] script '/domains/system_suspended/content.php' not found or unable to stat
[Tue Feb 24 00:33:48.459767 2026] [php:error] [pid 21806] [client 74.248.132.176:0] script '/domains/system_suspended/yas.php' not found or unable to stat
[Tue Feb 24 00:33:48.495957 2026] [php:error] [pid 21835] [client 20.92.234.66:0] script '/domains/pmglobal/rip.php' not found or unable to stat
[Tue Feb 24 00:33:48.697378 2026] [php:error] [pid 21835] [client 20.92.234.66:0] script '/domains/pmglobal/admin.php' not found or unable to stat
[Tue Feb 24 00:33:49.099660 2026] [php:error] [pid 21835] [client 20.92.234.66:0] script '/domains/pmglobal/cache.php' not found or unable to stat
[Tue Feb 24 00:33:49.300870 2026] [php:error] [pid 21835] [client 20.92.234.66:0] script '/domains/pmglobal/themes.php' not found or unable to stat
[Tue Feb 24 00:33:49.502121 2026] [php:error] [pid 21835] [client 20.92.234.66:0] script '/domains/pmglobal/an.php' not found or unable to stat
[Tue Feb 24 00:33:50.102609 2026] [php:error] [pid 21835] [client 20.92.234.66:0] script '/domains/pmglobal/ws.php' not found or unable to stat
[Tue Feb 24 00:33:50.312707 2026] [php:error] [pid 21835] [client 20.92.234.66:0] script '/domains/pmglobal/404.php' not found or unable to stat
[Tue Feb 24 00:33:50.715308 2026] [php:error] [pid 21835] [client 20.92.234.66:0] script '/domains/pmglobal/wp-conf.php' not found or unable to stat
[Tue Feb 24 00:33:51.115735 2026] [php:error] [pid 21835] [client 20.92.234.66:0] script '/domains/pmglobal/wp-login.php' not found or unable to stat
[Tue Feb 24 00:33:51.316289 2026] [php:error] [pid 21835] [client 20.92.234.66:0] script '/domains/pmglobal/abc.php' not found or unable to stat
[Tue Feb 24 00:33:51.517698 2026] [php:error] [pid 21835] [client 20.92.234.66:0] script '/domains/pmglobal/abcd.php' not found or unable to stat
[Tue Feb 24 00:33:51.719328 2026] [php:error] [pid 21835] [client 20.92.234.66:0] script '/domains/pmglobal/as.php' not found or unable to stat
[Tue Feb 24 00:33:51.894493 2026] [php:error] [pid 21833] [client 45.130.203.208:0] script '/domains/system_suspended/web.php' not found or unable to stat
[Tue Feb 24 00:33:51.921096 2026] [php:error] [pid 21835] [client 20.92.234.66:0] script '/domains/pmglobal/wp-trackback.php' not found or unable to stat
[Tue Feb 24 00:33:52.121699 2026] [php:error] [pid 21835] [client 20.92.234.66:0] script '/domains/pmglobal/about.php' not found or unable to stat
[Tue Feb 24 00:33:52.322073 2026] [php:error] [pid 21835] [client 20.92.234.66:0] script '/domains/pmglobal/file.php' not found or unable to stat
[Tue Feb 24 00:33:52.522441 2026] [php:error] [pid 21835] [client 20.92.234.66:0] script '/domains/pmglobal/adminfuns.php' not found or unable to stat
[Tue Feb 24 00:33:52.722787 2026] [php:error] [pid 21835] [client 20.92.234.66:0] script '/domains/pmglobal/wp-good.php' not found or unable to stat
[Tue Feb 24 00:33:52.923065 2026] [php:error] [pid 21835] [client 20.92.234.66:0] script '/domains/pmglobal/xmlrpc.php' not found or unable to stat
[Tue Feb 24 00:33:53.124538 2026] [php:error] [pid 21835] [client 20.92.234.66:0] script '/domains/pmglobal/goods.php' not found or unable to stat
[Tue Feb 24 00:33:53.324927 2026] [php:error] [pid 21835] [client 20.92.234.66:0] script '/domains/pmglobal/class-t.api.php' not found or unable to stat
[Tue Feb 24 00:33:53.386769 2026] [php:error] [pid 21833] [client 45.130.203.208:0] script '/domains/system_suspended/wp-trackback.php' not found or unable to stat
[Tue Feb 24 00:33:53.525154 2026] [php:error] [pid 21835] [client 20.92.234.66:0] script '/domains/pmglobal/sf.php' not found or unable to stat
[Tue Feb 24 00:33:53.725473 2026] [php:error] [pid 21835] [client 20.92.234.66:0] script '/domains/pmglobal/kbfr.php' not found or unable to stat
[Tue Feb 24 00:33:53.885300 2026] [php:error] [pid 21833] [client 45.130.203.208:0] script '/domains/system_suspended/radio.php' not found or unable to stat
[Tue Feb 24 00:33:53.925978 2026] [php:error] [pid 21835] [client 20.92.234.66:0] script '/domains/pmglobal/autoload_classmap.php' not found or unable to stat
[Tue Feb 24 00:33:54.126398 2026] [php:error] [pid 21835] [client 20.92.234.66:0] script '/domains/pmglobal/chosen.php' not found or unable to stat
[Tue Feb 24 00:33:54.327701 2026] [php:error] [pid 21835] [client 20.92.234.66:0] script '/domains/pmglobal/classwithtostring.php' not found or unable to stat
[Tue Feb 24 00:33:54.528891 2026] [php:error] [pid 21835] [client 20.92.234.66:0] script '/domains/pmglobal/defaults.php' not found or unable to stat
[Tue Feb 24 00:33:54.884414 2026] [php:error] [pid 21833] [client 45.130.203.208:0] script '/domains/system_suspended/wp-conflg.php' not found or unable to stat
[Tue Feb 24 00:33:55.129475 2026] [php:error] [pid 21835] [client 20.92.234.66:0] script '/domains/pmglobal/info.php' not found or unable to stat
[Tue Feb 24 00:33:55.133737 2026] [php:error] [pid 21833] [client 45.130.203.208:0] script '/domains/system_suspended/wp-setup.php' not found or unable to stat
[Tue Feb 24 00:33:55.382615 2026] [php:error] [pid 21833] [client 45.130.203.208:0] script '/domains/system_suspended/ms-themes.php' not found or unable to stat
[Tue Feb 24 00:33:55.448407 2026] [php:error] [pid 21825] [client 20.5.80.84:0] script '/domains/lover/slo.php' not found or unable to stat
[Tue Feb 24 00:33:55.694587 2026] [php:error] [pid 21825] [client 20.5.80.84:0] script '/domains/lover/aa8.php' not found or unable to stat
[Tue Feb 24 00:33:55.880139 2026] [php:error] [pid 21833] [client 45.130.203.208:0] script '/domains/system_suspended/style.php' not found or unable to stat
[Tue Feb 24 00:33:55.896348 2026] [php:error] [pid 21825] [client 20.5.80.84:0] script '/domains/lover/unity.php' not found or unable to stat
[Tue Feb 24 00:33:56.100284 2026] [php:error] [pid 21825] [client 20.5.80.84:0] script '/domains/lover/makeasmtp.php' not found or unable to stat
[Tue Feb 24 00:33:56.354398 2026] [php:error] [pid 21825] [client 20.5.80.84:0] script '/domains/lover/bin.php' not found or unable to stat
[Tue Feb 24 00:33:56.567185 2026] [php:error] [pid 21825] [client 20.5.80.84:0] script '/domains/lover/jga.php' not found or unable to stat
[Tue Feb 24 00:33:56.625628 2026] [php:error] [pid 21833] [client 45.130.203.208:0] script '/domains/system_suspended/x.php' not found or unable to stat
[Tue Feb 24 00:33:56.821677 2026] [php:error] [pid 21825] [client 20.5.80.84:0] script '/domains/lover/mjq.php' not found or unable to stat
[Tue Feb 24 00:33:57.057630 2026] [php:error] [pid 21825] [client 20.5.80.84:0] script '/domains/lover/akc.php' not found or unable to stat
[Tue Feb 24 00:33:57.497734 2026] [php:error] [pid 21825] [client 20.5.80.84:0] script '/domains/lover/gg.php' not found or unable to stat
[Tue Feb 24 00:33:57.623282 2026] [php:error] [pid 21833] [client 45.130.203.208:0] script '/domains/system_suspended/wp-user.php' not found or unable to stat
[Tue Feb 24 00:33:57.699209 2026] [php:error] [pid 21825] [client 20.5.80.84:0] script '/domains/lover/ggs.php' not found or unable to stat
[Tue Feb 24 00:33:57.900860 2026] [php:error] [pid 21825] [client 20.5.80.84:0] script '/domains/lover/pp.php' not found or unable to stat
[Tue Feb 24 00:33:58.322222 2026] [php:error] [pid 21825] [client 20.5.80.84:0] script '/domains/lover/rak.php' not found or unable to stat
[Tue Feb 24 00:33:58.370967 2026] [php:error] [pid 21833] [client 45.130.203.208:0] script '/domains/system_suspended/config.php' not found or unable to stat
[Tue Feb 24 00:33:58.526597 2026] [php:error] [pid 21825] [client 20.5.80.84:0] script '/domains/lover/rdfe.php' not found or unable to stat
[Tue Feb 24 00:33:58.620173 2026] [php:error] [pid 21833] [client 45.130.203.208:0] script '/domains/system_suspended/special.php' not found or unable to stat
[Tue Feb 24 00:33:58.735430 2026] [php:error] [pid 21825] [client 20.5.80.84:0] script '/domains/lover/sad.php' not found or unable to stat
[Tue Feb 24 00:33:58.937999 2026] [php:error] [pid 21825] [client 20.5.80.84:0] script '/domains/lover/shlo.php' not found or unable to stat
[Tue Feb 24 00:33:59.307133 2026] [php:error] [pid 21825] [client 20.5.80.84:0] script '/domains/lover/yzkvrell.php' not found or unable to stat
[Tue Feb 24 00:33:59.514224 2026] [php:error] [pid 21825] [client 20.5.80.84:0] script '/domains/lover/wpxadmin.php' not found or unable to stat
[Tue Feb 24 00:33:59.719023 2026] [php:error] [pid 21825] [client 20.5.80.84:0] script '/domains/lover/atomlib.php' not found or unable to stat
[Tue Feb 24 00:33:59.920785 2026] [php:error] [pid 21825] [client 20.5.80.84:0] script '/domains/lover/sder52u.php' not found or unable to stat
[Tue Feb 24 00:34:00.122195 2026] [php:error] [pid 21825] [client 20.5.80.84:0] script '/domains/lover/ioxi-o.php' not found or unable to stat
[Tue Feb 24 00:34:00.342199 2026] [php:error] [pid 21825] [client 20.5.80.84:0] script '/domains/lover/ava.php' not found or unable to stat
[Tue Feb 24 00:34:00.543877 2026] [php:error] [pid 21825] [client 20.5.80.84:0] script '/domains/lover/aa8.php' not found or unable to stat
[Tue Feb 24 00:34:00.750334 2026] [php:error] [pid 21825] [client 20.5.80.84:0] script '/domains/lover/bqcheck.php' not found or unable to stat
[Tue Feb 24 00:34:00.955562 2026] [php:error] [pid 21825] [client 20.5.80.84:0] script '/domains/lover/blurbs8.php' not found or unable to stat
[Tue Feb 24 00:34:01.234432 2026] [php:error] [pid 21825] [client 20.5.80.84:0] script '/domains/lover/bless3.php' not found or unable to stat
[Tue Feb 24 00:34:01.436205 2026] [php:error] [pid 21825] [client 20.5.80.84:0] script '/domains/lover/bless2.php' not found or unable to stat
[Tue Feb 24 00:34:01.621781 2026] [php:error] [pid 21814] [client 45.130.203.185:0] script '/domains/system_suspended/webdb.php' not found or unable to stat
[Tue Feb 24 00:34:01.637885 2026] [php:error] [pid 21825] [client 20.5.80.84:0] script '/domains/lover/wander.php' not found or unable to stat
[Tue Feb 24 00:34:01.839692 2026] [php:error] [pid 21825] [client 20.5.80.84:0] script '/domains/lover/v2.php' not found or unable to stat
[Tue Feb 24 00:34:02.041771 2026] [php:error] [pid 21825] [client 20.5.80.84:0] script '/domains/lover/v3.php' not found or unable to stat
[Tue Feb 24 00:34:02.120881 2026] [php:error] [pid 21814] [client 45.130.203.185:0] script '/domains/system_suspended/file2.php' not found or unable to stat
[Tue Feb 24 00:34:02.244748 2026] [php:error] [pid 21825] [client 20.5.80.84:0] script '/domains/lover/filei.php' not found or unable to stat
[Tue Feb 24 00:34:02.449374 2026] [php:error] [pid 21825] [client 20.5.80.84:0] script '/domains/lover/aw.php' not found or unable to stat
[Tue Feb 24 00:34:02.621179 2026] [php:error] [pid 21814] [client 45.130.203.185:0] script '/domains/system_suspended/alfa.php' not found or unable to stat
[Tue Feb 24 00:34:02.651201 2026] [php:error] [pid 21825] [client 20.5.80.84:0] script '/domains/lover/xojryvch.php' not found or unable to stat
[Tue Feb 24 00:34:02.853111 2026] [php:error] [pid 21825] [client 20.5.80.84:0] script '/domains/lover/new4.php' not found or unable to stat
[Tue Feb 24 00:34:03.055224 2026] [php:error] [pid 21825] [client 20.5.80.84:0] script '/domains/lover/file2.php' not found or unable to stat
[Tue Feb 24 00:34:03.271567 2026] [php:error] [pid 21825] [client 20.5.80.84:0] script '/domains/lover/oiepfuav.php' not found or unable to stat
[Tue Feb 24 00:34:03.559924 2026] [php:error] [pid 21825] [client 20.5.80.84:0] script '/domains/lover/nqsa.php' not found or unable to stat
[Tue Feb 24 00:34:03.762737 2026] [php:error] [pid 21825] [client 20.5.80.84:0] script '/domains/lover/fm.php' not found or unable to stat
[Tue Feb 24 00:34:03.970087 2026] [php:error] [pid 21825] [client 20.5.80.84:0] script '/domains/lover/get.php' not found or unable to stat
[Tue Feb 24 00:34:04.320977 2026] [php:error] [pid 21825] [client 20.5.80.84:0] script '/domains/lover/kill-9-1.php' not found or unable to stat
[Tue Feb 24 00:34:04.522790 2026] [php:error] [pid 21825] [client 20.5.80.84:0] script '/domains/lover/tcp.php' not found or unable to stat
[Tue Feb 24 00:34:04.620672 2026] [php:error] [pid 21814] [client 45.130.203.185:0] script '/domains/system_suspended/edit.php' not found or unable to stat
[Tue Feb 24 00:34:04.724961 2026] [php:error] [pid 21825] [client 20.5.80.84:0] script '/domains/lover/zt2.php' not found or unable to stat
[Tue Feb 24 00:34:04.927218 2026] [php:error] [pid 21825] [client 20.5.80.84:0] script '/domains/lover/zc.php' not found or unable to stat
[Tue Feb 24 00:34:05.131562 2026] [php:error] [pid 21825] [client 20.5.80.84:0] script '/domains/lover/an.php' not found or unable to stat
[Tue Feb 24 00:34:05.333220 2026] [php:error] [pid 21825] [client 20.5.80.84:0] script '/domains/lover/rsnu.php' not found or unable to stat
[Tue Feb 24 00:34:05.370104 2026] [php:error] [pid 21814] [client 45.130.203.185:0] script '/domains/system_suspended/wp-links-opml.php' not found or unable to stat
[Tue Feb 24 00:34:05.534737 2026] [php:error] [pid 21825] [client 20.5.80.84:0] script '/domains/lover/trd.php' not found or unable to stat
[Tue Feb 24 00:34:05.737522 2026] [php:error] [pid 21825] [client 20.5.80.84:0] script '/domains/lover/asd67.php' not found or unable to stat
[Tue Feb 24 00:34:05.869434 2026] [php:error] [pid 21814] [client 45.130.203.185:0] script '/domains/system_suspended/atomlib.php' not found or unable to stat
[Tue Feb 24 00:34:06.098056 2026] [php:error] [pid 21825] [client 20.5.80.84:0] script '/domains/lover/mo.php' not found or unable to stat
[Tue Feb 24 00:34:06.304195 2026] [php:error] [pid 21825] [client 20.5.80.84:0] script '/domains/lover/x.php' not found or unable to stat
[Tue Feb 24 00:34:06.509466 2026] [php:error] [pid 21825] [client 20.5.80.84:0] script '/domains/lover/nxx.php' not found or unable to stat
[Tue Feb 24 00:34:06.720230 2026] [php:error] [pid 21825] [client 20.5.80.84:0] script '/domains/lover/w3llstore.php' not found or unable to stat
[Tue Feb 24 00:34:07.008793 2026] [php:error] [pid 21825] [client 20.5.80.84:0] script '/domains/lover/reyna.php' not found or unable to stat
[Tue Feb 24 00:34:07.120237 2026] [php:error] [pid 21814] [client 45.130.203.185:0] script '/domains/system_suspended/xp.php' not found or unable to stat
[Tue Feb 24 00:34:07.210409 2026] [php:error] [pid 21825] [client 20.5.80.84:0] script '/domains/lover/yee.php' not found or unable to stat
[Tue Feb 24 00:34:07.412848 2026] [php:error] [pid 21825] [client 20.5.80.84:0] script '/domains/lover/dev.php' not found or unable to stat
[Tue Feb 24 00:34:07.614462 2026] [php:error] [pid 21825] [client 20.5.80.84:0] script '/domains/lover/sh.php' not found or unable to stat
[Tue Feb 24 00:34:07.816169 2026] [php:error] [pid 21825] [client 20.5.80.84:0] script '/domains/lover/ef.php' not found or unable to stat
[Tue Feb 24 00:34:07.869539 2026] [php:error] [pid 21814] [client 45.130.203.185:0] script '/domains/system_suspended/wp-links.php' not found or unable to stat
[Tue Feb 24 00:34:10.661023 2026] [php:error] [pid 21814] [client 45.130.203.185:0] script '/domains/system_suspended/moon.php' not found or unable to stat
[Tue Feb 24 00:34:11.410667 2026] [php:error] [pid 21814] [client 45.130.203.185:0] script '/domains/system_suspended/webadmin.php' not found or unable to stat
[Tue Feb 24 00:34:12.160692 2026] [php:error] [pid 21814] [client 45.130.203.185:0] script '/domains/system_suspended/xl2023.php' not found or unable to stat
[Tue Feb 24 00:34:12.412792 2026] [php:error] [pid 21814] [client 45.130.203.185:0] script '/domains/system_suspended/go.php' not found or unable to stat
[Tue Feb 24 00:34:16.929652 2026] [php:error] [pid 21814] [client 45.130.203.185:0] script '/domains/system_suspended/hehehehe.php' not found or unable to stat
[Tue Feb 24 00:34:23.701084 2026] [php:error] [pid 21825] [client 45.130.203.224:0] script '/domains/system_suspended/byp.php' not found or unable to stat
[Tue Feb 24 00:34:24.020504 2026] [php:error] [pid 21798] [client 70.224.198.136:0] script '/domains/cccweb/phpinfo.php' not found or unable to stat
[Tue Feb 24 00:34:24.536282 2026] [php:error] [pid 21834] [client 70.224.198.136:0] script '/domains/cccweb/test.php' not found or unable to stat
[Tue Feb 24 00:34:25.705316 2026] [php:error] [pid 21825] [client 45.130.203.224:0] script '/domains/system_suspended/class.api.php' not found or unable to stat
[Tue Feb 24 00:34:26.463302 2026] [php:error] [pid 21825] [client 45.130.203.224:0] script '/domains/system_suspended/system_log.php' not found or unable to stat
[Tue Feb 24 00:34:26.713831 2026] [php:error] [pid 21825] [client 45.130.203.224:0] script '/domains/system_suspended/.alf.php' not found or unable to stat
[Tue Feb 24 00:34:26.977636 2026] [php:error] [pid 21825] [client 45.130.203.224:0] script '/domains/system_suspended/wso.php' not found or unable to stat
[Tue Feb 24 00:34:27.478455 2026] [php:error] [pid 21825] [client 45.130.203.224:0] script '/domains/system_suspended/flower.php' not found or unable to stat
[Tue Feb 24 00:34:28.480146 2026] [php:error] [pid 21825] [client 45.130.203.224:0] script '/domains/system_suspended/ioxi-o.php' not found or unable to stat
[Tue Feb 24 00:34:28.731186 2026] [php:error] [pid 21825] [client 45.130.203.224:0] script '/domains/system_suspended/info.php' not found or unable to stat
[Tue Feb 24 00:34:28.982523 2026] [php:error] [pid 21825] [client 45.130.203.224:0] script '/domains/system_suspended/setup.php' not found or unable to stat
[Tue Feb 24 00:34:30.236285 2026] [php:error] [pid 21825] [client 45.130.203.224:0] script '/domains/system_suspended/as.php' not found or unable to stat
[Tue Feb 24 00:34:30.487829 2026] [php:error] [pid 21825] [client 45.130.203.224:0] script '/domains/system_suspended/cc.php' not found or unable to stat
[Tue Feb 24 00:34:30.989046 2026] [php:error] [pid 21825] [client 45.130.203.224:0] script '/domains/system_suspended/ab.php' not found or unable to stat
[Tue Feb 24 00:34:31.741710 2026] [php:error] [pid 21825] [client 45.130.203.224:0] script '/domains/system_suspended/doc.php' not found or unable to stat
[Tue Feb 24 00:34:32.495762 2026] [php:error] [pid 21825] [client 45.130.203.224:0] script '/domains/system_suspended/wp-login.php' not found or unable to stat
[Tue Feb 24 00:34:32.746972 2026] [php:error] [pid 21825] [client 45.130.203.224:0] script '/domains/system_suspended/mar.php' not found or unable to stat
[Tue Feb 24 00:34:32.813006 2026] [php:error] [pid 21798] [client 193.176.211.159:0] script '/domains/acagolf1/manager.php' not found or unable to stat
[Tue Feb 24 00:34:33.073252 2026] [php:error] [pid 21798] [client 193.176.211.159:0] script '/domains/acagolf1/bless.php' not found or unable to stat
[Tue Feb 24 00:34:33.374586 2026] [php:error] [pid 21798] [client 193.176.211.159:0] script '/domains/acagolf1/O-Simple.php' not found or unable to stat
[Tue Feb 24 00:34:33.499228 2026] [php:error] [pid 21825] [client 45.130.203.224:0] script '/domains/system_suspended/1.php' not found or unable to stat
[Tue Feb 24 00:34:33.695392 2026] [php:error] [pid 21798] [client 193.176.211.159:0] script '/domains/acagolf1/lock360.php' not found or unable to stat
[Tue Feb 24 00:34:33.959910 2026] [php:error] [pid 21798] [client 193.176.211.159:0] script '/domains/acagolf1/zwso.php' not found or unable to stat
[Tue Feb 24 00:34:34.232602 2026] [php:error] [pid 21798] [client 193.176.211.159:0] script '/domains/acagolf1/chosen.php' not found or unable to stat
[Tue Feb 24 00:34:34.497873 2026] [php:error] [pid 21798] [client 193.176.211.159:0] script '/domains/acagolf1/about.php' not found or unable to stat
[Tue Feb 24 00:34:34.802058 2026] [php:error] [pid 21798] [client 193.176.211.159:0] script '/domains/acagolf1/admin.php' not found or unable to stat
[Tue Feb 24 00:34:35.345819 2026] [php:error] [pid 21798] [client 193.176.211.159:0] script '/domains/acagolf1/mah.php' not found or unable to stat
[Tue Feb 24 00:34:35.618281 2026] [php:error] [pid 21825] [client 45.130.203.224:0] script '/domains/system_suspended/fm.php' not found or unable to stat
[Tue Feb 24 00:34:35.898447 2026] [php:error] [pid 21798] [client 193.176.211.159:0] script '/domains/acagolf1/core.php' not found or unable to stat
[Tue Feb 24 00:34:36.160716 2026] [php:error] [pid 21798] [client 193.176.211.159:0] script '/domains/acagolf1/robots.php' not found or unable to stat
[Tue Feb 24 00:34:36.420698 2026] [php:error] [pid 21798] [client 193.176.211.159:0] script '/domains/acagolf1/inputs.php' not found or unable to stat
[Tue Feb 24 00:34:36.620995 2026] [php:error] [pid 21825] [client 45.130.203.224:0] script '/domains/system_suspended/ini.php' not found or unable to stat
[Tue Feb 24 00:34:36.721779 2026] [php:error] [pid 21798] [client 193.176.211.159:0] script '/domains/acagolf1/mini.php' not found or unable to stat
[Tue Feb 24 00:34:36.980166 2026] [php:error] [pid 21798] [client 193.176.211.159:0] script '/domains/acagolf1/goods.php' not found or unable to stat
[Tue Feb 24 00:34:37.256567 2026] [php:error] [pid 21798] [client 193.176.211.159:0] script '/domains/acagolf1/file5.php' not found or unable to stat
[Tue Feb 24 00:34:37.521884 2026] [php:error] [pid 21798] [client 193.176.211.159:0] script '/domains/acagolf1/ahax.php' not found or unable to stat
[Tue Feb 24 00:34:37.830915 2026] [php:error] [pid 21798] [client 193.176.211.159:0] script '/domains/acagolf1/f35.php' not found or unable to stat
[Tue Feb 24 00:34:38.095174 2026] [php:error] [pid 21798] [client 193.176.211.159:0] script '/domains/acagolf1/simple.php' not found or unable to stat
[Tue Feb 24 00:34:39.364977 2026] [php:error] [pid 21827] [client 45.130.203.219:0] script '/domains/system_suspended/wp-content.php' not found or unable to stat
[Tue Feb 24 00:34:40.464450 2026] [php:error] [pid 21798] [client 193.176.211.159:0] script '/domains/acagolf1/images/upload.php' not found or unable to stat
[Tue Feb 24 00:34:40.611074 2026] [php:error] [pid 21827] [client 45.130.203.219:0] script '/domains/system_suspended/customize.php' not found or unable to stat
[Tue Feb 24 00:34:40.860088 2026] [php:error] [pid 21827] [client 45.130.203.219:0] script '/domains/system_suspended/license.php' not found or unable to stat
[Tue Feb 24 00:34:41.356616 2026] [php:error] [pid 21827] [client 45.130.203.219:0] script '/domains/system_suspended/lock.php' not found or unable to stat
[Tue Feb 24 00:34:43.099469 2026] [php:error] [pid 21827] [client 45.130.203.219:0] script '/domains/system_suspended/wp-good.php' not found or unable to stat
[Tue Feb 24 00:34:44.469251 2026] [php:error] [pid 21798] [client 193.176.211.159:0] script '/domains/acagolf1/classwithtostring.php' not found or unable to stat
[Tue Feb 24 00:34:45.100188 2026] [php:error] [pid 21827] [client 45.130.203.219:0] script '/domains/system_suspended/ff2.php' not found or unable to stat
[Tue Feb 24 00:34:45.269168 2026] [php:error] [pid 21798] [client 193.176.211.159:0] script '/domains/acagolf1/tinyfilemanager.php' not found or unable to stat
[Tue Feb 24 00:34:46.102923 2026] [php:error] [pid 21827] [client 45.130.203.219:0] script '/domains/system_suspended/jp.php' not found or unable to stat
[Tue Feb 24 00:34:46.116470 2026] [php:error] [pid 21798] [client 193.176.211.159:0] script '/domains/acagolf1/file.php' not found or unable to stat
[Tue Feb 24 00:34:46.351646 2026] [php:error] [pid 21827] [client 45.130.203.219:0] script '/domains/system_suspended/wp-atom.php' not found or unable to stat
[Tue Feb 24 00:34:46.849816 2026] [php:error] [pid 21827] [client 45.130.203.219:0] script '/domains/system_suspended/up.php' not found or unable to stat
[Tue Feb 24 00:34:47.012540 2026] [php:error] [pid 21798] [client 193.176.211.159:0] script '/domains/acagolf1/buy.php' not found or unable to stat
[Tue Feb 24 00:34:48.344500 2026] [php:error] [pid 21827] [client 45.130.203.219:0] script '/domains/system_suspended/worm.PhP' not found or unable to stat
[Tue Feb 24 00:34:48.593410 2026] [php:error] [pid 21827] [client 45.130.203.219:0] script '/domains/system_suspended/ext.php' not found or unable to stat
[Tue Feb 24 00:34:48.842836 2026] [php:error] [pid 21827] [client 45.130.203.219:0] script '/domains/system_suspended/delpaths.php' not found or unable to stat
[Tue Feb 24 00:34:50.125075 2026] [php:error] [pid 21848] [client 20.151.220.171:0] script '/domains/rextrav/new4.php' not found or unable to stat
[Tue Feb 24 00:34:50.149071 2026] [php:error] [pid 21848] [client 20.151.220.171:0] script '/domains/rextrav/shell20211028.php' not found or unable to stat
[Tue Feb 24 00:34:50.197019 2026] [php:error] [pid 21848] [client 20.151.220.171:0] script '/domains/rextrav/db.php' not found or unable to stat
[Tue Feb 24 00:34:50.245613 2026] [php:error] [pid 21848] [client 20.151.220.171:0] script '/domains/rextrav/wc49.php' not found or unable to stat
[Tue Feb 24 00:34:50.270045 2026] [php:error] [pid 21848] [client 20.151.220.171:0] script '/domains/rextrav/TL.php' not found or unable to stat
[Tue Feb 24 00:34:50.294073 2026] [php:error] [pid 21848] [client 20.151.220.171:0] script '/domains/rextrav/sys.php' not found or unable to stat
[Tue Feb 24 00:34:50.323031 2026] [php:error] [pid 21848] [client 20.151.220.171:0] script '/domains/rextrav/fck.php' not found or unable to stat
[Tue Feb 24 00:34:50.335955 2026] [php:error] [pid 21827] [client 45.130.203.219:0] script '/domains/system_suspended/gifclass.php' not found or unable to stat
[Tue Feb 24 00:34:50.347396 2026] [php:error] [pid 21848] [client 20.151.220.171:0] script '/domains/rextrav/x123x.php' not found or unable to stat
[Tue Feb 24 00:34:50.371336 2026] [php:error] [pid 21848] [client 20.151.220.171:0] script '/domains/rextrav/wp-michan.php' not found or unable to stat
[Tue Feb 24 00:34:50.396024 2026] [php:error] [pid 21848] [client 20.151.220.171:0] script '/domains/rextrav/nw2.php' not found or unable to stat
[Tue Feb 24 00:34:50.420847 2026] [php:error] [pid 21848] [client 20.151.220.171:0] script '/domains/rextrav/blackmini.php' not found or unable to stat
[Tue Feb 24 00:34:50.445913 2026] [php:error] [pid 21848] [client 20.151.220.171:0] script '/domains/rextrav/gssdd.php' not found or unable to stat
[Tue Feb 24 00:34:50.470215 2026] [php:error] [pid 21848] [client 20.151.220.171:0] script '/domains/rextrav/F19.php' not found or unable to stat
[Tue Feb 24 00:34:50.494377 2026] [php:error] [pid 21848] [client 20.151.220.171:0] script '/domains/rextrav/F1.php' not found or unable to stat
[Tue Feb 24 00:34:50.518349 2026] [php:error] [pid 21848] [client 20.151.220.171:0] script '/domains/rextrav/fff.php' not found or unable to stat
[Tue Feb 24 00:34:50.542366 2026] [php:error] [pid 21848] [client 20.151.220.171:0] script '/domains/rextrav/R57.php' not found or unable to stat
[Tue Feb 24 00:34:50.566654 2026] [php:error] [pid 21848] [client 20.151.220.171:0] script '/domains/rextrav/4h.php' not found or unable to stat
[Tue Feb 24 00:34:50.584597 2026] [php:error] [pid 21827] [client 45.130.203.219:0] script '/domains/system_suspended/plugin.php' not found or unable to stat
[Tue Feb 24 00:34:50.590868 2026] [php:error] [pid 21848] [client 20.151.220.171:0] script '/domains/rextrav/yussef.php' not found or unable to stat
[Tue Feb 24 00:34:50.615186 2026] [php:error] [pid 21848] [client 20.151.220.171:0] script '/domains/rextrav/bs1.php' not found or unable to stat
[Tue Feb 24 00:34:50.639142 2026] [php:error] [pid 21848] [client 20.151.220.171:0] script '/domains/rextrav/BDKR28WP.php' not found or unable to stat
[Tue Feb 24 00:34:50.663149 2026] [php:error] [pid 21848] [client 20.151.220.171:0] script '/domains/rextrav/zu.php' not found or unable to stat
[Tue Feb 24 00:34:50.687089 2026] [php:error] [pid 21848] [client 20.151.220.171:0] script '/domains/rextrav/alpha.php' not found or unable to stat
[Tue Feb 24 00:34:50.711620 2026] [php:error] [pid 21848] [client 20.151.220.171:0] script '/domains/rextrav/opts.php' not found or unable to stat
[Tue Feb 24 00:34:50.735812 2026] [php:error] [pid 21848] [client 20.151.220.171:0] script '/domains/rextrav/wp-act.php' not found or unable to stat
[Tue Feb 24 00:34:50.759843 2026] [php:error] [pid 21848] [client 20.151.220.171:0] script '/domains/rextrav/ze.php' not found or unable to stat
[Tue Feb 24 00:34:50.783818 2026] [php:error] [pid 21848] [client 20.151.220.171:0] script '/domains/rextrav/seetox.php' not found or unable to stat
[Tue Feb 24 00:34:50.831404 2026] [php:error] [pid 21848] [client 20.151.220.171:0] script '/domains/rextrav/plugins.php' not found or unable to stat
[Tue Feb 24 00:34:50.855424 2026] [php:error] [pid 21848] [client 20.151.220.171:0] script '/domains/rextrav/xoot.php' not found or unable to stat
[Tue Feb 24 00:34:50.879287 2026] [php:error] [pid 21848] [client 20.151.220.171:0] script '/domains/rextrav/X57.php' not found or unable to stat
[Tue Feb 24 00:34:50.903337 2026] [php:error] [pid 21848] [client 20.151.220.171:0] script '/domains/rextrav/file59.php' not found or unable to stat
[Tue Feb 24 00:34:50.952179 2026] [php:error] [pid 21848] [client 20.151.220.171:0] script '/domains/rextrav/xa.php' not found or unable to stat
[Tue Feb 24 00:34:50.996730 2026] [php:error] [pid 21848] [client 20.151.220.171:0] script '/domains/rextrav/er.php' not found or unable to stat
[Tue Feb 24 00:34:51.020597 2026] [php:error] [pid 21848] [client 20.151.220.171:0] script '/domains/rextrav/fault.php' not found or unable to stat
[Tue Feb 24 00:34:51.044381 2026] [php:error] [pid 21848] [client 20.151.220.171:0] script '/domains/rextrav/motu.php' not found or unable to stat
[Tue Feb 24 00:34:51.068171 2026] [php:error] [pid 21848] [client 20.151.220.171:0] script '/domains/rextrav/66.php' not found or unable to stat
[Tue Feb 24 00:34:51.082514 2026] [php:error] [pid 21798] [client 193.176.211.159:0] script '/domains/acagolf1/inc.php' not found or unable to stat
[Tue Feb 24 00:34:51.082823 2026] [php:error] [pid 21827] [client 45.130.203.219:0] script '/domains/system_suspended/update-core.php' not found or unable to stat
[Tue Feb 24 00:34:51.093704 2026] [php:error] [pid 21848] [client 20.151.220.171:0] script '/domains/rextrav/leuk.php' not found or unable to stat
[Tue Feb 24 00:34:51.117668 2026] [php:error] [pid 21848] [client 20.151.220.171:0] script '/domains/rextrav/xqq.php' not found or unable to stat
[Tue Feb 24 00:34:51.141516 2026] [php:error] [pid 21848] [client 20.151.220.171:0] script '/domains/rextrav/kolda.php' not found or unable to stat
[Tue Feb 24 00:34:51.165589 2026] [php:error] [pid 21848] [client 20.151.220.171:0] script '/domains/rextrav/nw.php' not found or unable to stat
[Tue Feb 24 00:34:51.189377 2026] [php:error] [pid 21848] [client 20.151.220.171:0] script '/domains/rextrav/666.php' not found or unable to stat
[Tue Feb 24 00:34:51.213278 2026] [php:error] [pid 21848] [client 20.151.220.171:0] script '/domains/rextrav/kj.php' not found or unable to stat
[Tue Feb 24 00:34:51.237303 2026] [php:error] [pid 21848] [client 20.151.220.171:0] script '/domains/rextrav/un.php' not found or unable to stat
[Tue Feb 24 00:34:51.261122 2026] [php:error] [pid 21848] [client 20.151.220.171:0] script '/domains/rextrav/fs.php' not found or unable to stat
[Tue Feb 24 00:34:51.285039 2026] [php:error] [pid 21848] [client 20.151.220.171:0] script '/domains/rextrav/ms.php' not found or unable to stat
[Tue Feb 24 00:34:51.308903 2026] [php:error] [pid 21848] [client 20.151.220.171:0] script '/domains/rextrav/cu.php' not found or unable to stat
[Tue Feb 24 00:34:51.333786 2026] [php:error] [pid 21848] [client 20.151.220.171:0] script '/domains/rextrav/0.php' not found or unable to stat
[Tue Feb 24 00:34:51.361424 2026] [php:error] [pid 21848] [client 20.151.220.171:0] script '/domains/rextrav/ms-edit.php' not found or unable to stat
[Tue Feb 24 00:34:51.385504 2026] [php:error] [pid 21848] [client 20.151.220.171:0] script '/domains/rextrav/grsiuk.php' not found or unable to stat
[Tue Feb 24 00:34:51.409564 2026] [php:error] [pid 21848] [client 20.151.220.171:0] script '/domains/rextrav/wp-blog.php' not found or unable to stat
[Tue Feb 24 00:34:51.433468 2026] [php:error] [pid 21848] [client 20.151.220.171:0] script '/domains/rextrav/wp-access.php' not found or unable to stat
[Tue Feb 24 00:34:51.457544 2026] [php:error] [pid 21848] [client 20.151.220.171:0] script '/domains/rextrav/a1vx.php' not found or unable to stat
[Tue Feb 24 00:34:51.482432 2026] [php:error] [pid 21848] [client 20.151.220.171:0] script '/domains/rextrav/sbhu.php' not found or unable to stat
[Tue Feb 24 00:34:51.506801 2026] [php:error] [pid 21848] [client 20.151.220.171:0] script '/domains/rextrav/wp-the.php' not found or unable to stat
[Tue Feb 24 00:34:51.531037 2026] [php:error] [pid 21848] [client 20.151.220.171:0] script '/domains/rextrav/06.php' not found or unable to stat
[Tue Feb 24 00:34:51.555311 2026] [php:error] [pid 21848] [client 20.151.220.171:0] script '/domains/rextrav/classwithtostring.php' not found or unable to stat
[Tue Feb 24 00:34:51.579517 2026] [php:error] [pid 21848] [client 20.151.220.171:0] script '/domains/rextrav/fot.php' not found or unable to stat
[Tue Feb 24 00:34:51.580253 2026] [php:error] [pid 21827] [client 45.130.203.219:0] script '/domains/system_suspended/wp-mail.php' not found or unable to stat
[Tue Feb 24 00:34:51.610837 2026] [php:error] [pid 21848] [client 20.151.220.171:0] script '/domains/rextrav/ff1.php' not found or unable to stat
[Tue Feb 24 00:34:51.634897 2026] [php:error] [pid 21848] [client 20.151.220.171:0] script '/domains/rextrav/forbidals.php' not found or unable to stat
[Tue Feb 24 00:34:51.658999 2026] [php:error] [pid 21848] [client 20.151.220.171:0] script '/domains/rextrav/erty.php' not found or unable to stat
[Tue Feb 24 00:34:51.683101 2026] [php:error] [pid 21848] [client 20.151.220.171:0] script '/domains/rextrav/dev1s.php' not found or unable to stat
[Tue Feb 24 00:34:51.686847 2026] [php:error] [pid 21798] [client 193.176.211.159:0] script '/domains/acagolf1/filemanager.php' not found or unable to stat
[Tue Feb 24 00:34:51.706990 2026] [php:error] [pid 21848] [client 20.151.220.171:0] script '/domains/rextrav/ffd.php' not found or unable to stat
[Tue Feb 24 00:34:51.731045 2026] [php:error] [pid 21848] [client 20.151.220.171:0] script '/domains/rextrav/admiin.php' not found or unable to stat
[Tue Feb 24 00:34:51.755290 2026] [php:error] [pid 21848] [client 20.151.220.171:0] script '/domains/rextrav/ol.php' not found or unable to stat
[Tue Feb 24 00:34:51.779632 2026] [php:error] [pid 21848] [client 20.151.220.171:0] script '/domains/rextrav/Sanskrit.php' not found or unable to stat
[Tue Feb 24 00:34:51.803875 2026] [php:error] [pid 21848] [client 20.151.220.171:0] script '/domains/rextrav/vxrl.php' not found or unable to stat
[Tue Feb 24 00:34:51.827904 2026] [php:error] [pid 21848] [client 20.151.220.171:0] script '/domains/rextrav/re.php' not found or unable to stat
[Tue Feb 24 00:34:51.852336 2026] [php:error] [pid 21848] [client 20.151.220.171:0] script '/domains/rextrav/num.php' not found or unable to stat
[Tue Feb 24 00:34:51.876315 2026] [php:error] [pid 21848] [client 20.151.220.171:0] script '/domains/rextrav/makeasmtp.php' not found or unable to stat
[Tue Feb 24 00:34:51.900085 2026] [php:error] [pid 21848] [client 20.151.220.171:0] script '/domains/rextrav/vxrl.php' not found or unable to stat
[Tue Feb 24 00:34:51.924193 2026] [php:error] [pid 21848] [client 20.151.220.171:0] script '/domains/rextrav/in.php' not found or unable to stat
[Tue Feb 24 00:34:51.948150 2026] [php:error] [pid 21848] [client 20.151.220.171:0] script '/domains/rextrav/style.php' not found or unable to stat
[Tue Feb 24 00:34:51.974320 2026] [php:error] [pid 21848] [client 20.151.220.171:0] script '/domains/rextrav/we.php' not found or unable to stat
[Tue Feb 24 00:34:52.023739 2026] [php:error] [pid 21848] [client 20.151.220.171:0] script '/domains/rextrav/zwso.php' not found or unable to stat
[Tue Feb 24 00:34:52.048003 2026] [php:error] [pid 21848] [client 20.151.220.171:0] script '/domains/rextrav/karak.php' not found or unable to stat
[Tue Feb 24 00:34:52.072039 2026] [php:error] [pid 21848] [client 20.151.220.171:0] script '/domains/rextrav/prv8.php' not found or unable to stat
[Tue Feb 24 00:34:52.096023 2026] [php:error] [pid 21848] [client 20.151.220.171:0] script '/domains/rextrav/a.php' not found or unable to stat
[Tue Feb 24 00:34:52.119903 2026] [php:error] [pid 21848] [client 20.151.220.171:0] script '/domains/rextrav/xmlrpc.php' not found or unable to stat
[Tue Feb 24 00:34:52.144102 2026] [php:error] [pid 21848] [client 20.151.220.171:0] script '/domains/rextrav/dev.php' not found or unable to stat
[Tue Feb 24 00:34:52.168208 2026] [php:error] [pid 21848] [client 20.151.220.171:0] script '/domains/rextrav/lock360.php' not found or unable to stat
[Tue Feb 24 00:34:52.192085 2026] [php:error] [pid 21848] [client 20.151.220.171:0] script '/domains/rextrav/155.php' not found or unable to stat
[Tue Feb 24 00:34:52.216240 2026] [php:error] [pid 21848] [client 20.151.220.171:0] script '/domains/rextrav/goat.php' not found or unable to stat
[Tue Feb 24 00:34:52.240227 2026] [php:error] [pid 21848] [client 20.151.220.171:0] script '/domains/rextrav/ext.php' not found or unable to stat
[Tue Feb 24 00:34:52.264331 2026] [php:error] [pid 21848] [client 20.151.220.171:0] script '/domains/rextrav/inputs.php' not found or unable to stat
[Tue Feb 24 00:34:52.288226 2026] [php:error] [pid 21848] [client 20.151.220.171:0] script '/domains/rextrav/ioxi.php' not found or unable to stat
[Tue Feb 24 00:34:52.312180 2026] [php:error] [pid 21848] [client 20.151.220.171:0] script '/domains/rextrav/fe5.php' not found or unable to stat
[Tue Feb 24 00:34:52.336017 2026] [php:error] [pid 21848] [client 20.151.220.171:0] script '/domains/rextrav/ov.php' not found or unable to stat
[Tue Feb 24 00:34:52.383798 2026] [php:error] [pid 21848] [client 20.151.220.171:0] script '/domains/rextrav/default.php' not found or unable to stat
[Tue Feb 24 00:34:52.407800 2026] [php:error] [pid 21848] [client 20.151.220.171:0] script '/domains/rextrav/goods.php' not found or unable to stat
[Tue Feb 24 00:34:52.432295 2026] [php:error] [pid 21848] [client 20.151.220.171:0] script '/domains/rextrav/abcd.php' not found or unable to stat
[Tue Feb 24 00:34:52.456275 2026] [php:error] [pid 21848] [client 20.151.220.171:0] script '/domains/rextrav/class.1.php' not found or unable to stat
[Tue Feb 24 00:34:52.480485 2026] [php:error] [pid 21848] [client 20.151.220.171:0] script '/domains/rextrav/async.php' not found or unable to stat
[Tue Feb 24 00:34:52.504432 2026] [php:error] [pid 21848] [client 20.151.220.171:0] script '/domains/rextrav/ff.php' not found or unable to stat
[Tue Feb 24 00:34:52.532335 2026] [php:error] [pid 21848] [client 20.151.220.171:0] script '/domains/rextrav/ioxi-o.php' not found or unable to stat
[Tue Feb 24 00:34:52.556339 2026] [php:error] [pid 21848] [client 20.151.220.171:0] script '/domains/rextrav/manager.php' not found or unable to stat
[Tue Feb 24 00:34:52.580287 2026] [php:error] [pid 21848] [client 20.151.220.171:0] script '/domains/rextrav/wp-update.php' not found or unable to stat
[Tue Feb 24 00:34:52.629594 2026] [php:error] [pid 21806] [client 20.151.220.171:0] script '/domains/rextrav/file.php' not found or unable to stat
[Tue Feb 24 00:34:52.653486 2026] [php:error] [pid 21806] [client 20.151.220.171:0] script '/domains/rextrav/lc.php' not found or unable to stat
[Tue Feb 24 00:34:52.677358 2026] [php:error] [pid 21806] [client 20.151.220.171:0] script '/domains/rextrav/cbrfo.php' not found or unable to stat
[Tue Feb 24 00:34:52.701211 2026] [php:error] [pid 21806] [client 20.151.220.171:0] script '/domains/rextrav/inc.php' not found or unable to stat
[Tue Feb 24 00:34:52.725065 2026] [php:error] [pid 21806] [client 20.151.220.171:0] script '/domains/rextrav/gifclass.php' not found or unable to stat
[Tue Feb 24 00:34:52.751345 2026] [php:error] [pid 21806] [client 20.151.220.171:0] script '/domains/rextrav/miansha.php' not found or unable to stat
[Tue Feb 24 00:34:52.775084 2026] [php:error] [pid 21806] [client 20.151.220.171:0] script '/domains/rextrav/tinyfilemanager.php' not found or unable to stat
[Tue Feb 24 00:34:52.798851 2026] [php:error] [pid 21806] [client 20.151.220.171:0] script '/domains/rextrav/ok.php' not found or unable to stat
[Tue Feb 24 00:34:52.823107 2026] [php:error] [pid 21806] [client 20.151.220.171:0] script '/domains/rextrav/fi.php' not found or unable to stat
[Tue Feb 24 00:34:52.846978 2026] [php:error] [pid 21806] [client 20.151.220.171:0] script '/domains/rextrav/muzu.php' not found or unable to stat
[Tue Feb 24 00:34:52.870967 2026] [php:error] [pid 21806] [client 20.151.220.171:0] script '/domains/rextrav/reze.php' not found or unable to stat
[Tue Feb 24 00:34:52.894743 2026] [php:error] [pid 21806] [client 20.151.220.171:0] script '/domains/rextrav/styll.php' not found or unable to stat
[Tue Feb 24 00:34:52.918758 2026] [php:error] [pid 21806] [client 20.151.220.171:0] script '/domains/rextrav/x7.php' not found or unable to stat
[Tue Feb 24 00:34:52.942591 2026] [php:error] [pid 21806] [client 20.151.220.171:0] script '/domains/rextrav/thebe.php' not found or unable to stat
