[Tue Feb 24 00:37:02.047079 2026] [php:error] [pid 21827] [client 193.176.211.199:0] script '/domains/acagolf1/litespeed.php' not found or unable to stat
[Tue Feb 24 00:37:02.226572 2026] [php:error] [pid 21853] [client 45.130.203.211:0] script '/domains/system_suspended/ms-users.php' not found or unable to stat
[Tue Feb 24 00:37:02.443062 2026] [php:error] [pid 21847] [client 65.52.160.249:0] script '/domains/smartny/classwithtostring.php' not found or unable to stat
[Tue Feb 24 00:37:02.987366 2026] [php:error] [pid 21827] [client 193.176.211.199:0] script '/domains/acagolf1/wpn.php' not found or unable to stat
[Tue Feb 24 00:37:03.159878 2026] [php:error] [pid 21840] [client 20.24.197.43:0] script '/domains/system_default/WSO.php' not found or unable to stat
[Tue Feb 24 00:37:03.986318 2026] [php:error] [pid 21840] [client 20.24.197.43:0] script '/domains/system_default/aa.php' not found or unable to stat
[Tue Feb 24 00:37:03.998556 2026] [php:error] [pid 21847] [client 65.52.160.249:0] script '/domains/smartny/abcd.php' not found or unable to stat
[Tue Feb 24 00:37:04.206001 2026] [php:error] [pid 21840] [client 20.24.197.43:0] script '/domains/system_default/aaa.php' not found or unable to stat
[Tue Feb 24 00:37:04.443721 2026] [php:error] [pid 21840] [client 20.24.197.43:0] script '/domains/system_default/ab.php' not found or unable to stat
[Tue Feb 24 00:37:04.652361 2026] [php:error] [pid 21840] [client 20.24.197.43:0] script '/domains/system_default/lock360.php' not found or unable to stat
[Tue Feb 24 00:37:04.725061 2026] [php:error] [pid 21847] [client 65.52.160.249:0] script '/domains/smartny/click.php' not found or unable to stat
[Tue Feb 24 00:37:05.083554 2026] [php:error] [pid 21840] [client 20.24.197.43:0] script '/domains/system_default/file5.php' not found or unable to stat
[Tue Feb 24 00:37:05.289780 2026] [php:error] [pid 21840] [client 20.24.197.43:0] script '/domains/system_default/sitemaps.php' not found or unable to stat
[Tue Feb 24 00:37:05.415137 2026] [php:error] [pid 21847] [client 65.52.160.249:0] script '/domains/smartny/zwso.php' not found or unable to stat
[Tue Feb 24 00:37:05.531383 2026] [php:error] [pid 21840] [client 20.24.197.43:0] script '/domains/system_default/load.php' not found or unable to stat
[Tue Feb 24 00:37:05.773983 2026] [php:error] [pid 21840] [client 20.24.197.43:0] script '/domains/system_default/k.php' not found or unable to stat
[Tue Feb 24 00:37:06.016823 2026] [php:error] [pid 21840] [client 20.24.197.43:0] script '/domains/system_default/post.php' not found or unable to stat
[Tue Feb 24 00:37:06.223132 2026] [php:error] [pid 21840] [client 20.24.197.43:0] script '/domains/system_default/1.php' not found or unable to stat
[Tue Feb 24 00:37:06.430227 2026] [php:error] [pid 21840] [client 20.24.197.43:0] script '/domains/system_default/flower.php' not found or unable to stat
[Tue Feb 24 00:37:06.636913 2026] [php:error] [pid 21840] [client 20.24.197.43:0] script '/domains/system_default/default.php' not found or unable to stat
[Tue Feb 24 00:37:06.843187 2026] [php:error] [pid 21840] [client 20.24.197.43:0] script '/domains/system_default/meta.php' not found or unable to stat
[Tue Feb 24 00:37:07.049640 2026] [php:error] [pid 21840] [client 20.24.197.43:0] script '/domains/system_default/index.php' not found or unable to stat
[Tue Feb 24 00:37:07.257303 2026] [php:error] [pid 21840] [client 20.24.197.43:0] script '/domains/system_default/yindu.php' not found or unable to stat
[Tue Feb 24 00:37:07.464163 2026] [php:error] [pid 21840] [client 20.24.197.43:0] script '/domains/system_default/randkeyword.php' not found or unable to stat
[Tue Feb 24 00:37:07.465779 2026] [php:error] [pid 21847] [client 65.52.160.249:0] script '/domains/smartny/about.php' not found or unable to stat
[Tue Feb 24 00:37:07.671183 2026] [php:error] [pid 21840] [client 20.24.197.43:0] script '/domains/system_default/goods.php' not found or unable to stat
[Tue Feb 24 00:37:07.878511 2026] [php:error] [pid 21840] [client 20.24.197.43:0] script '/domains/system_default/hehe.php' not found or unable to stat
[Tue Feb 24 00:37:08.086005 2026] [php:error] [pid 21840] [client 20.24.197.43:0] script '/domains/system_default/user.php' not found or unable to stat
[Tue Feb 24 00:37:08.240613 2026] [php:error] [pid 21853] [client 45.130.203.211:0] script '/domains/system_suspended/top.php' not found or unable to stat
[Tue Feb 24 00:37:08.293540 2026] [php:error] [pid 21840] [client 20.24.197.43:0] script '/domains/system_default/wp-2019.php' not found or unable to stat
[Tue Feb 24 00:37:08.504994 2026] [php:error] [pid 21840] [client 20.24.197.43:0] script '/domains/system_default/chosen.php' not found or unable to stat
[Tue Feb 24 00:37:08.738812 2026] [php:error] [pid 21840] [client 20.24.197.43:0] script '/domains/system_default/functions.php' not found or unable to stat
[Tue Feb 24 00:37:08.899513 2026] [php:error] [pid 21858] [client 193.176.211.190:0] script '/domains/acagolf1/images/wp-aespa.php' not found or unable to stat
[Tue Feb 24 00:37:08.968030 2026] [php:error] [pid 21840] [client 20.24.197.43:0] script '/domains/system_default/cron.php' not found or unable to stat
[Tue Feb 24 00:37:09.011009 2026] [php:error] [pid 21847] [client 65.52.160.249:0] script '/domains/smartny/install.php' not found or unable to stat
[Tue Feb 24 00:37:09.178429 2026] [php:error] [pid 21840] [client 20.24.197.43:0] script '/domains/system_default/edit.php' not found or unable to stat
[Tue Feb 24 00:37:09.384858 2026] [php:error] [pid 21840] [client 20.24.197.43:0] script '/domains/system_default/gecko-new.php' not found or unable to stat
[Tue Feb 24 00:37:09.591928 2026] [php:error] [pid 21840] [client 20.24.197.43:0] script '/domains/system_default/cookie.php' not found or unable to stat
[Tue Feb 24 00:37:09.744461 2026] [php:error] [pid 21847] [client 65.52.160.249:0] script '/domains/smartny/elp.php' not found or unable to stat
[Tue Feb 24 00:37:09.797968 2026] [php:error] [pid 21840] [client 20.24.197.43:0] script '/domains/system_default/xleet.php' not found or unable to stat
[Tue Feb 24 00:37:10.005629 2026] [php:error] [pid 21840] [client 20.24.197.43:0] script '/domains/system_default/spip.php' not found or unable to stat
[Tue Feb 24 00:37:10.212034 2026] [php:error] [pid 21840] [client 20.24.197.43:0] script '/domains/system_default/22.php' not found or unable to stat
[Tue Feb 24 00:37:10.418875 2026] [php:error] [pid 21840] [client 20.24.197.43:0] script '/domains/system_default/room.php' not found or unable to stat
[Tue Feb 24 00:37:10.625411 2026] [php:error] [pid 21840] [client 20.24.197.43:0] script '/domains/system_default/disagreed.php' not found or unable to stat
[Tue Feb 24 00:37:10.831882 2026] [php:error] [pid 21840] [client 20.24.197.43:0] script '/domains/system_default/text.php' not found or unable to stat
[Tue Feb 24 00:37:11.038918 2026] [php:error] [pid 21840] [client 20.24.197.43:0] script '/domains/system_default/alfa-rex.php' not found or unable to stat
[Tue Feb 24 00:37:11.142238 2026] [php:error] [pid 21847] [client 65.52.160.249:0] script '/domains/smartny/vx.php' not found or unable to stat
[Tue Feb 24 00:37:11.451767 2026] [php:error] [pid 21840] [client 20.24.197.43:0] script '/domains/system_default/feeds.php' not found or unable to stat
[Tue Feb 24 00:37:11.657850 2026] [php:error] [pid 21840] [client 20.24.197.43:0] script '/domains/system_default/radio.php' not found or unable to stat
[Tue Feb 24 00:37:11.800496 2026] [php:error] [pid 21847] [client 65.52.160.249:0] script '/domains/smartny/04.php' not found or unable to stat
[Tue Feb 24 00:37:11.864168 2026] [php:error] [pid 21840] [client 20.24.197.43:0] script '/domains/system_default/dropdown.php' not found or unable to stat
[Tue Feb 24 00:37:12.098463 2026] [php:error] [pid 21840] [client 20.24.197.43:0] script '/domains/system_default/system.php' not found or unable to stat
[Tue Feb 24 00:37:12.549626 2026] [php:error] [pid 21840] [client 20.24.197.43:0] script '/domains/system_default/colors.php' not found or unable to stat
[Tue Feb 24 00:37:12.756148 2026] [php:error] [pid 21840] [client 20.24.197.43:0] script '/domains/system_default/updates.php' not found or unable to stat
[Tue Feb 24 00:37:12.853703 2026] [php:error] [pid 21845] [client 20.89.88.124:0] script '/domains/emsco1/myfile.php' not found or unable to stat
[Tue Feb 24 00:37:12.962519 2026] [php:error] [pid 21840] [client 20.24.197.43:0] script '/domains/system_default/alfa-rex1.php' not found or unable to stat
[Tue Feb 24 00:37:13.011561 2026] [php:error] [pid 21845] [client 20.89.88.124:0] script '/domains/emsco1/work.php' not found or unable to stat
[Tue Feb 24 00:37:13.168631 2026] [php:error] [pid 21840] [client 20.24.197.43:0] script '/domains/system_default/wp-index.php' not found or unable to stat
[Tue Feb 24 00:37:13.169374 2026] [php:error] [pid 21845] [client 20.89.88.124:0] script '/domains/emsco1/C.php' not found or unable to stat
[Tue Feb 24 00:37:13.252276 2026] [php:error] [pid 21847] [client 65.52.160.249:0] script '/domains/smartny/makeasmtp.php' not found or unable to stat
[Tue Feb 24 00:37:13.327741 2026] [php:error] [pid 21845] [client 20.89.88.124:0] script '/domains/emsco1/ze.php' not found or unable to stat
[Tue Feb 24 00:37:13.374902 2026] [php:error] [pid 21840] [client 20.24.197.43:0] script '/domains/system_default/wp-admin.php' not found or unable to stat
[Tue Feb 24 00:37:13.485982 2026] [php:error] [pid 21845] [client 20.89.88.124:0] script '/domains/emsco1/new4.php' not found or unable to stat
[Tue Feb 24 00:37:13.581413 2026] [php:error] [pid 21840] [client 20.24.197.43:0] script '/domains/system_default/alfa.php' not found or unable to stat
[Tue Feb 24 00:37:13.644145 2026] [php:error] [pid 21845] [client 20.89.88.124:0] script '/domains/emsco1/sc.php' not found or unable to stat
[Tue Feb 24 00:37:13.801920 2026] [php:error] [pid 21845] [client 20.89.88.124:0] script '/domains/emsco1/pouhg.php' not found or unable to stat
[Tue Feb 24 00:37:13.960831 2026] [php:error] [pid 21845] [client 20.89.88.124:0] script '/domains/emsco1/vgtyu.php' not found or unable to stat
[Tue Feb 24 00:37:13.994122 2026] [php:error] [pid 21840] [client 20.24.197.43:0] script '/domains/system_default/locale.php' not found or unable to stat
[Tue Feb 24 00:37:14.120052 2026] [php:error] [pid 21845] [client 20.89.88.124:0] script '/domains/emsco1/aq.php' not found or unable to stat
[Tue Feb 24 00:37:14.201391 2026] [php:error] [pid 21840] [client 20.24.197.43:0] script '/domains/system_default/wxo.php' not found or unable to stat
[Tue Feb 24 00:37:14.278426 2026] [php:error] [pid 21845] [client 20.89.88.124:0] script '/domains/emsco1/opts.php' not found or unable to stat
[Tue Feb 24 00:37:14.363243 2026] [php:error] [pid 21864] [client 193.176.211.195:0] script '/domains/acagolf1/Sanskrit.php' not found or unable to stat
[Tue Feb 24 00:37:14.407931 2026] [php:error] [pid 21840] [client 20.24.197.43:0] script '/domains/system_default/colour.php' not found or unable to stat
[Tue Feb 24 00:37:14.436453 2026] [php:error] [pid 21845] [client 20.89.88.124:0] script '/domains/emsco1/x123.php' not found or unable to stat
[Tue Feb 24 00:37:14.594611 2026] [php:error] [pid 21845] [client 20.89.88.124:0] script '/domains/emsco1/wp-act.php' not found or unable to stat
[Tue Feb 24 00:37:14.614416 2026] [php:error] [pid 21840] [client 20.24.197.43:0] script '/domains/system_default/files.php' not found or unable to stat
[Tue Feb 24 00:37:14.629283 2026] [php:error] [pid 21864] [client 193.176.211.195:0] script '/domains/acagolf1/wp-fmfile.php' not found or unable to stat
[Tue Feb 24 00:37:14.731749 2026] [php:error] [pid 21847] [client 65.52.160.249:0] script '/domains/smartny/rin.php' not found or unable to stat
[Tue Feb 24 00:37:14.752389 2026] [php:error] [pid 21845] [client 20.89.88.124:0] script '/domains/emsco1/moshou.php' not found or unable to stat
[Tue Feb 24 00:37:14.820813 2026] [php:error] [pid 21840] [client 20.24.197.43:0] script '/domains/system_default/install.php' not found or unable to stat
[Tue Feb 24 00:37:14.911263 2026] [php:error] [pid 21845] [client 20.89.88.124:0] script '/domains/emsco1/seetox.php' not found or unable to stat
[Tue Feb 24 00:37:15.028018 2026] [php:error] [pid 21840] [client 20.24.197.43:0] script '/domains/system_default/wp-contentt.php' not found or unable to stat
[Tue Feb 24 00:37:15.069279 2026] [php:error] [pid 21845] [client 20.89.88.124:0] script '/domains/emsco1/dom.php' not found or unable to stat
[Tue Feb 24 00:37:15.227433 2026] [php:error] [pid 21845] [client 20.89.88.124:0] script '/domains/emsco1/ws60.php' not found or unable to stat
[Tue Feb 24 00:37:15.385497 2026] [php:error] [pid 21845] [client 20.89.88.124:0] script '/domains/emsco1/samiri.php' not found or unable to stat
[Tue Feb 24 00:37:15.482149 2026] [php:error] [pid 21840] [client 20.24.197.43:0] script '/domains/system_default/config.php' not found or unable to stat
[Tue Feb 24 00:37:15.511651 2026] [php:error] [pid 21853] [client 45.130.203.211:0] script '/domains/system_suspended/setup-config.php' not found or unable to stat
[Tue Feb 24 00:37:15.543503 2026] [php:error] [pid 21845] [client 20.89.88.124:0] script '/domains/emsco1/plugins.php' not found or unable to stat
[Tue Feb 24 00:37:15.701749 2026] [php:error] [pid 21845] [client 20.89.88.124:0] script '/domains/emsco1/xoot.php' not found or unable to stat
[Tue Feb 24 00:37:15.713511 2026] [php:error] [pid 21840] [client 20.24.197.43:0] script '/domains/system_default/theme.php' not found or unable to stat
[Tue Feb 24 00:37:15.749772 2026] [php:error] [pid 21864] [client 193.176.211.195:0] script '/domains/acagolf1/memberfuns.php' not found or unable to stat
[Tue Feb 24 00:37:15.859680 2026] [php:error] [pid 21845] [client 20.89.88.124:0] script '/domains/emsco1/X57.php' not found or unable to stat
[Tue Feb 24 00:37:15.934171 2026] [php:error] [pid 21840] [client 20.24.197.43:0] script '/domains/system_default/block-bindings.php' not found or unable to stat
[Tue Feb 24 00:37:16.017625 2026] [php:error] [pid 21845] [client 20.89.88.124:0] script '/domains/emsco1/vx.php' not found or unable to stat
[Tue Feb 24 00:37:16.066333 2026] [php:error] [pid 21864] [client 193.176.211.195:0] script '/domains/acagolf1/infos.php' not found or unable to stat
[Tue Feb 24 00:37:16.161469 2026] [php:error] [pid 21840] [client 20.24.197.43:0] script '/domains/system_default/class_api.php' not found or unable to stat
[Tue Feb 24 00:37:16.175543 2026] [php:error] [pid 21845] [client 20.89.88.124:0] script '/domains/emsco1/file59.php' not found or unable to stat
[Tue Feb 24 00:37:16.376724 2026] [php:error] [pid 21840] [client 20.24.197.43:0] script '/domains/system_default/inputs.php' not found or unable to stat
[Tue Feb 24 00:37:16.491544 2026] [php:error] [pid 21845] [client 20.89.88.124:0] script '/domains/emsco1/shas.php' not found or unable to stat
[Tue Feb 24 00:37:16.521977 2026] [php:error] [pid 21853] [client 45.130.203.211:0] script '/domains/system_suspended/type.php' not found or unable to stat
[Tue Feb 24 00:37:16.598670 2026] [php:error] [pid 21840] [client 20.24.197.43:0] script '/domains/system_default/root.php' not found or unable to stat
[Tue Feb 24 00:37:16.649638 2026] [php:error] [pid 21845] [client 20.89.88.124:0] script '/domains/emsco1/xa.php' not found or unable to stat
[Tue Feb 24 00:37:16.805219 2026] [php:error] [pid 21840] [client 20.24.197.43:0] script '/domains/system_default/menu.php' not found or unable to stat
[Tue Feb 24 00:37:16.807623 2026] [php:error] [pid 21845] [client 20.89.88.124:0] script '/domains/emsco1/xda.php' not found or unable to stat
[Tue Feb 24 00:37:16.966282 2026] [php:error] [pid 21845] [client 20.89.88.124:0] script '/domains/emsco1/er.php' not found or unable to stat
[Tue Feb 24 00:37:17.047389 2026] [php:error] [pid 21840] [client 20.24.197.43:0] script '/domains/system_default/plugin.php' not found or unable to stat
[Tue Feb 24 00:37:17.124679 2026] [php:error] [pid 21845] [client 20.89.88.124:0] script '/domains/emsco1/fault.php' not found or unable to stat
[Tue Feb 24 00:37:17.220459 2026] [php:error] [pid 21864] [client 193.176.211.195:0] script '/domains/acagolf1/options-writing.php' not found or unable to stat
[Tue Feb 24 00:37:17.254484 2026] [php:error] [pid 21840] [client 20.24.197.43:0] script '/domains/system_default/cloud.php' not found or unable to stat
[Tue Feb 24 00:37:17.282563 2026] [php:error] [pid 21845] [client 20.89.88.124:0] script '/domains/emsco1/motu.php' not found or unable to stat
[Tue Feb 24 00:37:17.440950 2026] [php:error] [pid 21845] [client 20.89.88.124:0] script '/domains/emsco1/66.php' not found or unable to stat
[Tue Feb 24 00:37:17.485374 2026] [php:error] [pid 21864] [client 193.176.211.195:0] script '/domains/acagolf1/options-reading.php' not found or unable to stat
[Tue Feb 24 00:37:17.519904 2026] [php:error] [pid 21840] [client 20.24.197.43:0] script '/domains/system_default/configs.php' not found or unable to stat
[Tue Feb 24 00:37:17.557688 2026] [php:error] [pid 21847] [client 65.52.160.249:0] script '/domains/smartny/byp.php' not found or unable to stat
[Tue Feb 24 00:37:17.598956 2026] [php:error] [pid 21845] [client 20.89.88.124:0] script '/domains/emsco1/leuk.php' not found or unable to stat
[Tue Feb 24 00:37:17.759178 2026] [php:error] [pid 21845] [client 20.89.88.124:0] script '/domains/emsco1/xqq.php' not found or unable to stat
[Tue Feb 24 00:37:17.862283 2026] [php:error] [pid 21864] [client 193.176.211.195:0] script '/domains/acagolf1/wsad.php' not found or unable to stat
[Tue Feb 24 00:37:17.864321 2026] [php:error] [pid 21840] [client 20.24.197.43:0] script '/domains/system_default/wp-configs.php' not found or unable to stat
[Tue Feb 24 00:37:17.917130 2026] [php:error] [pid 21845] [client 20.89.88.124:0] script '/domains/emsco1/kolda.php' not found or unable to stat
[Tue Feb 24 00:37:18.075308 2026] [php:error] [pid 21845] [client 20.89.88.124:0] script '/domains/emsco1/nw.php' not found or unable to stat
[Tue Feb 24 00:37:18.127445 2026] [php:error] [pid 21864] [client 193.176.211.195:0] script '/domains/acagolf1/nation.php' not found or unable to stat
[Tue Feb 24 00:37:18.233366 2026] [php:error] [pid 21845] [client 20.89.88.124:0] script '/domains/emsco1/god.php' not found or unable to stat
[Tue Feb 24 00:37:18.391624 2026] [php:error] [pid 21845] [client 20.89.88.124:0] script '/domains/emsco1/666.php' not found or unable to stat
[Tue Feb 24 00:37:18.503097 2026] [php:error] [pid 21869] [client 20.24.197.43:0] script '/domains/system_default/update.php' not found or unable to stat
[Tue Feb 24 00:37:18.550100 2026] [php:error] [pid 21845] [client 20.89.88.124:0] script '/domains/emsco1/kj.php' not found or unable to stat
[Tue Feb 24 00:37:18.708036 2026] [php:error] [pid 21845] [client 20.89.88.124:0] script '/domains/emsco1/un.php' not found or unable to stat
[Tue Feb 24 00:37:18.716208 2026] [php:error] [pid 21869] [client 20.24.197.43:0] script '/domains/system_default/2.php' not found or unable to stat
[Tue Feb 24 00:37:18.866008 2026] [php:error] [pid 21845] [client 20.89.88.124:0] script '/domains/emsco1/fs.php' not found or unable to stat
[Tue Feb 24 00:37:18.929431 2026] [php:error] [pid 21869] [client 20.24.197.43:0] script '/domains/system_default/input.php' not found or unable to stat
[Tue Feb 24 00:37:19.023885 2026] [php:error] [pid 21845] [client 20.89.88.124:0] script '/domains/emsco1/ms.php' not found or unable to stat
[Tue Feb 24 00:37:19.026903 2026] [php:error] [pid 21853] [client 45.130.203.211:0] script '/domains/system_suspended/goat.php' not found or unable to stat
[Tue Feb 24 00:37:19.181839 2026] [php:error] [pid 21845] [client 20.89.88.124:0] script '/domains/emsco1/login8.php' not found or unable to stat
[Tue Feb 24 00:37:19.339624 2026] [php:error] [pid 21845] [client 20.89.88.124:0] script '/domains/emsco1/nnyvn.php' not found or unable to stat
[Tue Feb 24 00:37:19.497829 2026] [php:error] [pid 21845] [client 20.89.88.124:0] script '/domains/emsco1/cu.php' not found or unable to stat
[Tue Feb 24 00:37:19.601454 2026] [php:error] [pid 21864] [client 193.176.211.195:0] script '/domains/acagolf1/wp-atomx.php' not found or unable to stat
[Tue Feb 24 00:37:19.656151 2026] [php:error] [pid 21845] [client 20.89.88.124:0] script '/domains/emsco1/lul.php' not found or unable to stat
[Tue Feb 24 00:37:19.824792 2026] [php:error] [pid 21845] [client 20.89.88.124:0] script '/domains/emsco1/0.php' not found or unable to stat
[Tue Feb 24 00:37:19.900792 2026] [php:error] [pid 21864] [client 193.176.211.195:0] script '/domains/acagolf1/admin-footer.php' not found or unable to stat
[Tue Feb 24 00:37:19.983656 2026] [php:error] [pid 21845] [client 20.89.88.124:0] script '/domains/emsco1/ms-edit.php' not found or unable to stat
[Tue Feb 24 00:37:20.142453 2026] [php:error] [pid 21845] [client 20.89.88.124:0] script '/domains/emsco1/ya.php' not found or unable to stat
[Tue Feb 24 00:37:20.187147 2026] [php:error] [pid 21847] [client 65.52.160.249:0] script '/domains/smartny/ioxi.php' not found or unable to stat
[Tue Feb 24 00:37:20.301826 2026] [php:error] [pid 21845] [client 20.89.88.124:0] script '/domains/emsco1/grsiuk.php' not found or unable to stat
[Tue Feb 24 00:37:20.460258 2026] [php:error] [pid 21845] [client 20.89.88.124:0] script '/domains/emsco1/wp-blog.php' not found or unable to stat
[Tue Feb 24 00:37:20.589356 2026] [php:error] [pid 21864] [client 193.176.211.195:0] script '/domains/acagolf1/XxX.php' not found or unable to stat
[Tue Feb 24 00:37:20.618496 2026] [php:error] [pid 21845] [client 20.89.88.124:0] script '/domains/emsco1/wp-access.php' not found or unable to stat
[Tue Feb 24 00:37:20.776655 2026] [php:error] [pid 21845] [client 20.89.88.124:0] script '/domains/emsco1/a1vx.php' not found or unable to stat
[Tue Feb 24 00:37:20.934963 2026] [php:error] [pid 21845] [client 20.89.88.124:0] script '/domains/emsco1/sbhu.php' not found or unable to stat
[Tue Feb 24 00:37:21.092749 2026] [php:error] [pid 21845] [client 20.89.88.124:0] script '/domains/emsco1/wp-the.php' not found or unable to stat
[Tue Feb 24 00:37:21.250600 2026] [php:error] [pid 21845] [client 20.89.88.124:0] script '/domains/emsco1/06.php' not found or unable to stat
[Tue Feb 24 00:37:21.409236 2026] [php:error] [pid 21845] [client 20.89.88.124:0] script '/domains/emsco1/wp5.php' not found or unable to stat
[Tue Feb 24 00:37:21.567694 2026] [php:error] [pid 21845] [client 20.89.88.124:0] script '/domains/emsco1/fot.php' not found or unable to stat
[Tue Feb 24 00:37:21.725882 2026] [php:error] [pid 21845] [client 20.89.88.124:0] script '/domains/emsco1/ff1.php' not found or unable to stat
[Tue Feb 24 00:37:21.884182 2026] [php:error] [pid 21845] [client 20.89.88.124:0] script '/domains/emsco1/forbidals.php' not found or unable to stat
[Tue Feb 24 00:37:22.042444 2026] [php:error] [pid 21845] [client 20.89.88.124:0] script '/domains/emsco1/erty.php' not found or unable to stat
[Tue Feb 24 00:37:22.205412 2026] [php:error] [pid 21845] [client 20.89.88.124:0] script '/domains/emsco1/dev1s.php' not found or unable to stat
[Tue Feb 24 00:37:22.363354 2026] [php:error] [pid 21845] [client 20.89.88.124:0] script '/domains/emsco1/ffd.php' not found or unable to stat
[Tue Feb 24 00:37:22.521419 2026] [php:error] [pid 21845] [client 20.89.88.124:0] script '/domains/emsco1/admiin.php' not found or unable to stat
[Tue Feb 24 00:37:22.680755 2026] [php:error] [pid 21845] [client 20.89.88.124:0] script '/domains/emsco1/ol.php' not found or unable to stat
[Tue Feb 24 00:37:22.838593 2026] [php:error] [pid 21845] [client 20.89.88.124:0] script '/domains/emsco1/Sanskrit.php' not found or unable to stat
[Tue Feb 24 00:37:22.997341 2026] [php:error] [pid 21845] [client 20.89.88.124:0] script '/domains/emsco1/vxrl.php' not found or unable to stat
[Tue Feb 24 00:37:23.061047 2026] [php:error] [pid 21847] [client 65.52.160.249:0] script '/domains/smartny/index.php' not found or unable to stat
[Tue Feb 24 00:37:23.155724 2026] [php:error] [pid 21845] [client 20.89.88.124:0] script '/domains/emsco1/re.php' not found or unable to stat
[Tue Feb 24 00:37:23.313888 2026] [php:error] [pid 21845] [client 20.89.88.124:0] script '/domains/emsco1/num.php' not found or unable to stat
[Tue Feb 24 00:37:23.472271 2026] [php:error] [pid 21845] [client 20.89.88.124:0] script '/domains/emsco1/axx.php' not found or unable to stat
[Tue Feb 24 00:37:23.630001 2026] [php:error] [pid 21845] [client 20.89.88.124:0] script '/domains/emsco1/vxrl.php' not found or unable to stat
[Tue Feb 24 00:37:23.637257 2026] [php:error] [pid 21864] [client 193.176.211.195:0] script '/domains/acagolf1/css/media-widget-vide02.php' not found or unable to stat
[Tue Feb 24 00:37:23.788219 2026] [php:error] [pid 21845] [client 20.89.88.124:0] script '/domains/emsco1/in.php' not found or unable to stat
[Tue Feb 24 00:37:23.946746 2026] [php:error] [pid 21845] [client 20.89.88.124:0] script '/domains/emsco1/style.php' not found or unable to stat
[Tue Feb 24 00:37:24.106582 2026] [php:error] [pid 21845] [client 20.89.88.124:0] script '/domains/emsco1/we.php' not found or unable to stat
[Tue Feb 24 00:37:24.228669 2026] [php:error] [pid 21864] [client 193.176.211.195:0] script '/domains/acagolf1/images/buy.php' not found or unable to stat
[Tue Feb 24 00:37:24.264662 2026] [php:error] [pid 21845] [client 20.89.88.124:0] script '/domains/emsco1/zwso.php' not found or unable to stat
[Tue Feb 24 00:37:24.423341 2026] [php:error] [pid 21845] [client 20.89.88.124:0] script '/domains/emsco1/karak.php' not found or unable to stat
[Tue Feb 24 00:37:24.581284 2026] [php:error] [pid 21845] [client 20.89.88.124:0] script '/domains/emsco1/prv8.php' not found or unable to stat
[Tue Feb 24 00:37:24.739531 2026] [php:error] [pid 21845] [client 20.89.88.124:0] script '/domains/emsco1/i.php' not found or unable to stat
[Tue Feb 24 00:37:24.897735 2026] [php:error] [pid 21845] [client 20.89.88.124:0] script '/domains/emsco1/a.php' not found or unable to stat
[Tue Feb 24 00:37:25.056174 2026] [php:error] [pid 21845] [client 20.89.88.124:0] script '/domains/emsco1/xmlrpc.php' not found or unable to stat
[Tue Feb 24 00:37:25.214185 2026] [php:error] [pid 21845] [client 20.89.88.124:0] script '/domains/emsco1/aw.php' not found or unable to stat
[Tue Feb 24 00:37:25.372444 2026] [php:error] [pid 21845] [client 20.89.88.124:0] script '/domains/emsco1/dev.php' not found or unable to stat
[Tue Feb 24 00:37:25.530641 2026] [php:error] [pid 21845] [client 20.89.88.124:0] script '/domains/emsco1/lock360.php' not found or unable to stat
[Tue Feb 24 00:37:25.689034 2026] [php:error] [pid 21845] [client 20.89.88.124:0] script '/domains/emsco1/155.php' not found or unable to stat
[Tue Feb 24 00:37:25.847821 2026] [php:error] [pid 21845] [client 20.89.88.124:0] script '/domains/emsco1/goat.php' not found or unable to stat
[Tue Feb 24 00:37:26.006048 2026] [php:error] [pid 21845] [client 20.89.88.124:0] script '/domains/emsco1/tcp.php' not found or unable to stat
[Tue Feb 24 00:37:26.164401 2026] [php:error] [pid 21845] [client 20.89.88.124:0] script '/domains/emsco1/ext.php' not found or unable to stat
[Tue Feb 24 00:37:26.322837 2026] [php:error] [pid 21845] [client 20.89.88.124:0] script '/domains/emsco1/inputs.php' not found or unable to stat
[Tue Feb 24 00:37:26.481406 2026] [php:error] [pid 21845] [client 20.89.88.124:0] script '/domains/emsco1/ioxi.php' not found or unable to stat
[Tue Feb 24 00:37:26.639592 2026] [php:error] [pid 21845] [client 20.89.88.124:0] script '/domains/emsco1/fe5.php' not found or unable to stat
[Tue Feb 24 00:37:26.798842 2026] [php:error] [pid 21845] [client 20.89.88.124:0] script '/domains/emsco1/ov.php' not found or unable to stat
[Tue Feb 24 00:37:27.114626 2026] [php:error] [pid 21845] [client 20.89.88.124:0] script '/domains/emsco1/default.php' not found or unable to stat
[Tue Feb 24 00:37:27.272665 2026] [php:error] [pid 21845] [client 20.89.88.124:0] script '/domains/emsco1/abcd.php' not found or unable to stat
[Tue Feb 24 00:37:27.431122 2026] [php:error] [pid 21845] [client 20.89.88.124:0] script '/domains/emsco1/class.1.php' not found or unable to stat
[Tue Feb 24 00:37:27.589254 2026] [php:error] [pid 21845] [client 20.89.88.124:0] script '/domains/emsco1/async.php' not found or unable to stat
[Tue Feb 24 00:37:27.747461 2026] [php:error] [pid 21845] [client 20.89.88.124:0] script '/domains/emsco1/ff.php' not found or unable to stat
[Tue Feb 24 00:37:27.906215 2026] [php:error] [pid 21845] [client 20.89.88.124:0] script '/domains/emsco1/ioxi-o.php' not found or unable to stat
[Tue Feb 24 00:37:28.064200 2026] [php:error] [pid 21845] [client 20.89.88.124:0] script '/domains/emsco1/manager.php' not found or unable to stat
[Tue Feb 24 00:37:28.222512 2026] [php:error] [pid 21845] [client 20.89.88.124:0] script '/domains/emsco1/wp-update.php' not found or unable to stat
[Tue Feb 24 00:37:28.380535 2026] [php:error] [pid 21845] [client 20.89.88.124:0] script '/domains/emsco1/file.php' not found or unable to stat
[Tue Feb 24 00:37:28.615438 2026] [php:error] [pid 21864] [client 193.176.211.195:0] script '/domains/acagolf1/xex.php' not found or unable to stat
[Tue Feb 24 00:37:28.860429 2026] [php:error] [pid 21871] [client 20.89.88.124:0] script '/domains/emsco1/lc.php' not found or unable to stat
[Tue Feb 24 00:37:29.019225 2026] [php:error] [pid 21871] [client 20.89.88.124:0] script '/domains/emsco1/cbrfo.php' not found or unable to stat
[Tue Feb 24 00:37:29.184993 2026] [php:error] [pid 21871] [client 20.89.88.124:0] script '/domains/emsco1/inc.php' not found or unable to stat
[Tue Feb 24 00:37:29.344032 2026] [php:error] [pid 21871] [client 20.89.88.124:0] script '/domains/emsco1/gifclass.php' not found or unable to stat
[Tue Feb 24 00:37:29.503331 2026] [php:error] [pid 21871] [client 20.89.88.124:0] script '/domains/emsco1/miansha.php' not found or unable to stat
[Tue Feb 24 00:37:29.661828 2026] [php:error] [pid 21871] [client 20.89.88.124:0] script '/domains/emsco1/tinyfilemanager.php' not found or unable to stat
[Tue Feb 24 00:37:29.822530 2026] [php:error] [pid 21871] [client 20.89.88.124:0] script '/domains/emsco1/admin.php' not found or unable to stat
[Tue Feb 24 00:37:29.981446 2026] [php:error] [pid 21871] [client 20.89.88.124:0] script '/domains/emsco1/ok.php' not found or unable to stat
[Tue Feb 24 00:37:30.141246 2026] [php:error] [pid 21871] [client 20.89.88.124:0] script '/domains/emsco1/fi.php' not found or unable to stat
[Tue Feb 24 00:37:30.169269 2026] [php:error] [pid 21864] [client 193.176.211.195:0] script '/domains/acagolf1/wp-head.php' not found or unable to stat
[Tue Feb 24 00:37:30.299800 2026] [php:error] [pid 21871] [client 20.89.88.124:0] script '/domains/emsco1/muzu.php' not found or unable to stat
[Tue Feb 24 00:37:30.458330 2026] [php:error] [pid 21871] [client 20.89.88.124:0] script '/domains/emsco1/reze.php' not found or unable to stat
[Tue Feb 24 00:37:30.616958 2026] [php:error] [pid 21871] [client 20.89.88.124:0] script '/domains/emsco1/styll.php' not found or unable to stat
[Tue Feb 24 00:37:30.775661 2026] [php:error] [pid 21871] [client 20.89.88.124:0] script '/domains/emsco1/x7.php' not found or unable to stat
[Tue Feb 24 00:37:30.934466 2026] [php:error] [pid 21871] [client 20.89.88.124:0] script '/domains/emsco1/thebe.php' not found or unable to stat
[Tue Feb 24 00:37:31.093174 2026] [php:error] [pid 21871] [client 20.89.88.124:0] script '/domains/emsco1/ddd.php' not found or unable to stat
[Tue Feb 24 00:37:31.154590 2026] [php:error] [pid 21864] [client 193.176.211.195:0] script '/domains/acagolf1/makeasmtp.php' not found or unable to stat
[Tue Feb 24 00:37:31.251863 2026] [php:error] [pid 21871] [client 20.89.88.124:0] script '/domains/emsco1/bgymj.php' not found or unable to stat
[Tue Feb 24 00:37:31.410804 2026] [php:error] [pid 21871] [client 20.89.88.124:0] script '/domains/emsco1/8xyz.php' not found or unable to stat
[Tue Feb 24 00:37:31.569438 2026] [php:error] [pid 21871] [client 20.89.88.124:0] script '/domains/emsco1/ioxi.php' not found or unable to stat
[Tue Feb 24 00:37:31.728226 2026] [php:error] [pid 21871] [client 20.89.88.124:0] script '/domains/emsco1/xpwer1.php' not found or unable to stat
[Tue Feb 24 00:37:31.887099 2026] [php:error] [pid 21871] [client 20.89.88.124:0] script '/domains/emsco1/lala.php' not found or unable to stat
[Tue Feb 24 00:37:32.043663 2026] [php:error] [pid 21864] [client 193.176.211.195:0] script '/domains/acagolf1/images/bypass.php' not found or unable to stat
[Tue Feb 24 00:37:32.045785 2026] [php:error] [pid 21871] [client 20.89.88.124:0] script '/domains/emsco1/about.php' not found or unable to stat
[Tue Feb 24 00:37:32.839386 2026] [php:error] [pid 21871] [client 20.89.88.124:0] script '/domains/emsco1/info.php' not found or unable to stat
[Tue Feb 24 00:37:32.997879 2026] [php:error] [pid 21871] [client 20.89.88.124:0] script '/domains/emsco1/about.php' not found or unable to stat
[Tue Feb 24 00:37:33.315165 2026] [php:error] [pid 21871] [client 20.89.88.124:0] script '/domains/emsco1/222.php' not found or unable to stat
[Tue Feb 24 00:37:33.473775 2026] [php:error] [pid 21871] [client 20.89.88.124:0] script '/domains/emsco1/adminfuns.php' not found or unable to stat
[Tue Feb 24 00:37:33.791287 2026] [php:error] [pid 21871] [client 20.89.88.124:0] script '/domains/emsco1/xx.php' not found or unable to stat
[Tue Feb 24 00:37:34.108498 2026] [php:error] [pid 21871] [client 20.89.88.124:0] script '/domains/emsco1/f5.php' not found or unable to stat
[Tue Feb 24 00:37:34.267145 2026] [php:error] [pid 21871] [client 20.89.88.124:0] script '/domains/emsco1/flower.php' not found or unable to stat
[Tue Feb 24 00:37:34.427416 2026] [php:error] [pid 21871] [client 20.89.88.124:0] script '/domains/emsco1/f6.php' not found or unable to stat
[Tue Feb 24 00:37:34.586563 2026] [php:error] [pid 21871] [client 20.89.88.124:0] script '/domains/emsco1/edit.php' not found or unable to stat
[Tue Feb 24 00:37:35.061784 2026] [php:error] [pid 21871] [client 20.89.88.124:0] script '/domains/emsco1/av.php' not found or unable to stat
[Tue Feb 24 00:37:35.380881 2026] [php:error] [pid 21871] [client 20.89.88.124:0] script '/domains/emsco1/wsd.php' not found or unable to stat
[Tue Feb 24 00:37:35.539487 2026] [php:error] [pid 21871] [client 20.89.88.124:0] script '/domains/emsco1/jane.php' not found or unable to stat
[Tue Feb 24 00:37:35.698324 2026] [php:error] [pid 21871] [client 20.89.88.124:0] script '/domains/emsco1/css.php' not found or unable to stat
[Tue Feb 24 00:37:35.858512 2026] [php:error] [pid 21871] [client 20.89.88.124:0] script '/domains/emsco1/alfa.php' not found or unable to stat
[Tue Feb 24 00:37:36.017205 2026] [php:error] [pid 21871] [client 20.89.88.124:0] script '/domains/emsco1/wen.php' not found or unable to stat
[Tue Feb 24 00:37:36.091285 2026] [php:error] [pid 21864] [client 193.176.211.195:0] script '/domains/acagolf1/click.php' not found or unable to stat
[Tue Feb 24 00:37:36.176038 2026] [php:error] [pid 21871] [client 20.89.88.124:0] script '/domains/emsco1/x.php' not found or unable to stat
[Tue Feb 24 00:37:36.342260 2026] [php:error] [pid 21871] [client 20.89.88.124:0] script '/domains/emsco1/xxxx.php' not found or unable to stat
[Tue Feb 24 00:37:36.501434 2026] [php:error] [pid 21871] [client 20.89.88.124:0] script '/domains/emsco1/class.php' not found or unable to stat
[Tue Feb 24 00:37:36.660616 2026] [php:error] [pid 21871] [client 20.89.88.124:0] script '/domains/emsco1/f35.php' not found or unable to stat
[Tue Feb 24 00:37:37.296308 2026] [php:error] [pid 21871] [client 20.89.88.124:0] script '/domains/emsco1/class-t.api.php' not found or unable to stat
[Tue Feb 24 00:37:37.455394 2026] [php:error] [pid 21871] [client 20.89.88.124:0] script '/domains/emsco1/blurbs18.php' not found or unable to stat
[Tue Feb 24 00:37:38.565716 2026] [php:error] [pid 21871] [client 20.89.88.124:0] script '/domains/emsco1/bless11.php' not found or unable to stat
[Tue Feb 24 00:37:38.724288 2026] [php:error] [pid 21871] [client 20.89.88.124:0] script '/domains/emsco1/init.php' not found or unable to stat
[Tue Feb 24 00:37:38.823875 2026] [php:error] [pid 21864] [client 193.176.211.195:0] script '/domains/acagolf1/wp-admin.php' not found or unable to stat
[Tue Feb 24 00:37:39.041285 2026] [php:error] [pid 21871] [client 20.89.88.124:0] script '/domains/emsco1/k.php' not found or unable to stat
[Tue Feb 24 00:37:39.199887 2026] [php:error] [pid 21871] [client 20.89.88.124:0] script '/domains/emsco1/bless.php' not found or unable to stat
[Tue Feb 24 00:37:39.365626 2026] [php:error] [pid 21871] [client 20.89.88.124:0] script '/domains/emsco1/X7x.php' not found or unable to stat
[Tue Feb 24 00:37:39.524278 2026] [php:error] [pid 21871] [client 20.89.88.124:0] script '/domains/emsco1/166.php' not found or unable to stat
[Tue Feb 24 00:37:39.683090 2026] [php:error] [pid 21871] [client 20.89.88.124:0] script '/domains/emsco1/plss3.php' not found or unable to stat
[Tue Feb 24 00:37:39.941453 2026] [php:error] [pid 21864] [client 193.176.211.195:0] script '/domains/acagolf1/wp-editor.php' not found or unable to stat
[Tue Feb 24 00:37:39.999928 2026] [php:error] [pid 21871] [client 20.89.88.124:0] script '/domains/emsco1/admins.php' not found or unable to stat
[Tue Feb 24 00:37:40.158732 2026] [php:error] [pid 21871] [client 20.89.88.124:0] script '/domains/emsco1/wp.php' not found or unable to stat
[Tue Feb 24 00:37:40.317356 2026] [php:error] [pid 21871] [client 20.89.88.124:0] script '/domains/emsco1/main.php' not found or unable to stat
[Tue Feb 24 00:37:40.478144 2026] [php:error] [pid 21871] [client 20.89.88.124:0] script '/domains/emsco1/a1.php' not found or unable to stat
[Tue Feb 24 00:37:40.636813 2026] [php:error] [pid 21871] [client 20.89.88.124:0] script '/domains/emsco1/lala.php' not found or unable to stat
[Tue Feb 24 00:37:40.736292 2026] [php:error] [pid 21858] [client 193.176.211.166:0] script '/domains/acagolf1/images/install.php' not found or unable to stat
[Tue Feb 24 00:37:40.795771 2026] [php:error] [pid 21871] [client 20.89.88.124:0] script '/domains/emsco1/aaa.php' not found or unable to stat
[Tue Feb 24 00:37:40.957509 2026] [php:error] [pid 21871] [client 20.89.88.124:0] script '/domains/emsco1/a2.php' not found or unable to stat
[Tue Feb 24 00:37:41.275357 2026] [php:error] [pid 21871] [client 20.89.88.124:0] script '/domains/emsco1/jsond.php' not found or unable to stat
[Tue Feb 24 00:37:41.322091 2026] [php:error] [pid 21858] [client 193.176.211.166:0] script '/domains/acagolf1/adminfusm.php' not found or unable to stat
[Tue Feb 24 00:37:42.472957 2026] [php:error] [pid 21858] [client 193.176.211.166:0] script '/domains/acagolf1/images/habhan.php' not found or unable to stat
[Tue Feb 24 00:37:45.130694 2026] [php:error] [pid 21858] [client 193.176.211.166:0] script '/domains/acagolf1/f35_SpaceTn.php' not found or unable to stat
[Tue Feb 24 00:37:48.429246 2026] [php:error] [pid 21858] [client 193.176.211.166:0] script '/domains/acagolf1/gm.php' not found or unable to stat
[Tue Feb 24 00:37:51.383981 2026] [php:error] [pid 21858] [client 193.176.211.166:0] script '/domains/acagolf1/plugin-install.php' not found or unable to stat
[Tue Feb 24 00:37:54.614073 2026] [php:error] [pid 21858] [client 193.176.211.166:0] script '/domains/acagolf1/css/fan.php' not found or unable to stat
[Tue Feb 24 00:37:55.159577 2026] [php:error] [pid 21858] [client 193.176.211.166:0] script '/domains/acagolf1/images/mah.php' not found or unable to stat
[Tue Feb 24 00:37:58.276320 2026] [php:error] [pid 21858] [client 193.176.211.166:0] script '/domains/acagolf1/b.php' not found or unable to stat
[Tue Feb 24 00:37:58.858316 2026] [php:error] [pid 21872] [client 20.210.89.170:0] script '/domains/awciii/wp-trackback.php' not found or unable to stat
[Tue Feb 24 00:37:59.018929 2026] [php:error] [pid 21872] [client 20.210.89.170:0] script '/domains/awciii/about.php' not found or unable to stat
[Tue Feb 24 00:37:59.067065 2026] [php:error] [pid 21858] [client 193.176.211.166:0] script '/domains/acagolf1/css/as.php' not found or unable to stat
[Tue Feb 24 00:37:59.178964 2026] [php:error] [pid 21872] [client 20.210.89.170:0] script '/domains/awciii/file.php' not found or unable to stat
[Tue Feb 24 00:37:59.339181 2026] [php:error] [pid 21872] [client 20.210.89.170:0] script '/domains/awciii/wp-good.php' not found or unable to stat
[Tue Feb 24 00:37:59.498469 2026] [php:error] [pid 21872] [client 20.210.89.170:0] script '/domains/awciii/xmlrpc.php' not found or unable to stat
[Tue Feb 24 00:37:59.657982 2026] [php:error] [pid 21872] [client 20.210.89.170:0] script '/domains/awciii/goods.php' not found or unable to stat
[Tue Feb 24 00:37:59.819467 2026] [php:error] [pid 21872] [client 20.210.89.170:0] script '/domains/awciii/ioxi-o.php' not found or unable to stat
[Tue Feb 24 00:37:59.875588 2026] [php:error] [pid 21858] [client 193.176.211.166:0] script '/domains/acagolf1/wsax.php' not found or unable to stat
[Tue Feb 24 00:37:59.979837 2026] [php:error] [pid 21872] [client 20.210.89.170:0] script '/domains/awciii/class-t.api.php' not found or unable to stat
[Tue Feb 24 00:38:00.139401 2026] [php:error] [pid 21872] [client 20.210.89.170:0] script '/domains/awciii/admin.php' not found or unable to stat
[Tue Feb 24 00:38:00.298917 2026] [php:error] [pid 21872] [client 20.210.89.170:0] script '/domains/awciii/sf.php' not found or unable to stat
[Tue Feb 24 00:38:00.458225 2026] [php:error] [pid 21872] [client 20.210.89.170:0] script '/domains/awciii/rip.php' not found or unable to stat
[Tue Feb 24 00:38:00.617600 2026] [php:error] [pid 21872] [client 20.210.89.170:0] script '/domains/awciii/autoload_classmap.php' not found or unable to stat
[Tue Feb 24 00:38:00.777078 2026] [php:error] [pid 21872] [client 20.210.89.170:0] script '/domains/awciii/chosen.php' not found or unable to stat
[Tue Feb 24 00:38:00.937688 2026] [php:error] [pid 21872] [client 20.210.89.170:0] script '/domains/awciii/classwithtostring.php' not found or unable to stat
[Tue Feb 24 00:38:01.099795 2026] [php:error] [pid 21872] [client 20.210.89.170:0] script '/domains/awciii/defaults.php' not found or unable to stat
[Tue Feb 24 00:38:01.900566 2026] [php:error] [pid 21872] [client 20.210.89.170:0] script '/domains/awciii/info.php' not found or unable to stat
[Tue Feb 24 00:38:02.064156 2026] [authz_core:error] [pid 21872] [client 20.210.89.170:0] AH01630: client denied by server configuration: /domains/awciii/cgi-bin/.htaccess
[Tue Feb 24 00:38:03.021978 2026] [php:error] [pid 21872] [client 20.210.89.170:0] script '/domains/awciii/adminfuns.php' not found or unable to stat
[Tue Feb 24 00:38:04.595229 2026] [php:error] [pid 21858] [client 193.176.211.166:0] script '/domains/acagolf1/images/Marvins.php' not found or unable to stat
[Tue Feb 24 00:38:04.746578 2026] [php:error] [pid 21869] [client 20.92.234.66:0] script '/domains/biehlweb/inputs.php' not found or unable to stat
[Tue Feb 24 00:38:04.946877 2026] [php:error] [pid 21869] [client 20.92.234.66:0] script '/domains/biehlweb/ioxi-o.php' not found or unable to stat
[Tue Feb 24 00:38:05.358244 2026] [php:error] [pid 21869] [client 20.92.234.66:0] script '/domains/biehlweb/rip.php' not found or unable to stat
[Tue Feb 24 00:38:05.559016 2026] [php:error] [pid 21869] [client 20.92.234.66:0] script '/domains/biehlweb/admin.php' not found or unable to stat
[Tue Feb 24 00:38:05.959968 2026] [php:error] [pid 21869] [client 20.92.234.66:0] script '/domains/biehlweb/cache.php' not found or unable to stat
[Tue Feb 24 00:38:06.160903 2026] [php:error] [pid 21869] [client 20.92.234.66:0] script '/domains/biehlweb/themes.php' not found or unable to stat
[Tue Feb 24 00:38:06.361512 2026] [php:error] [pid 21869] [client 20.92.234.66:0] script '/domains/biehlweb/an.php' not found or unable to stat
[Tue Feb 24 00:38:06.984899 2026] [php:error] [pid 21869] [client 20.92.234.66:0] script '/domains/biehlweb/ws.php' not found or unable to stat
[Tue Feb 24 00:38:07.185937 2026] [php:error] [pid 21869] [client 20.92.234.66:0] script '/domains/biehlweb/404.php' not found or unable to stat
[Tue Feb 24 00:38:07.588735 2026] [php:error] [pid 21869] [client 20.92.234.66:0] script '/domains/biehlweb/wp-conf.php' not found or unable to stat
[Tue Feb 24 00:38:08.019467 2026] [php:error] [pid 21869] [client 20.92.234.66:0] script '/domains/biehlweb/wp-login.php' not found or unable to stat
[Tue Feb 24 00:38:08.221289 2026] [php:error] [pid 21869] [client 20.92.234.66:0] script '/domains/biehlweb/abc.php' not found or unable to stat
[Tue Feb 24 00:38:08.424110 2026] [php:error] [pid 21869] [client 20.92.234.66:0] script '/domains/biehlweb/abcd.php' not found or unable to stat
[Tue Feb 24 00:38:08.624743 2026] [php:error] [pid 21869] [client 20.92.234.66:0] script '/domains/biehlweb/as.php' not found or unable to stat
[Tue Feb 24 00:38:08.825693 2026] [php:error] [pid 21869] [client 20.92.234.66:0] script '/domains/biehlweb/wp-trackback.php' not found or unable to stat
[Tue Feb 24 00:38:09.027969 2026] [php:error] [pid 21869] [client 20.92.234.66:0] script '/domains/biehlweb/about.php' not found or unable to stat
[Tue Feb 24 00:38:09.245849 2026] [php:error] [pid 21869] [client 20.92.234.66:0] script '/domains/biehlweb/file.php' not found or unable to stat
[Tue Feb 24 00:38:09.446721 2026] [php:error] [pid 21869] [client 20.92.234.66:0] script '/domains/biehlweb/adminfuns.php' not found or unable to stat
[Tue Feb 24 00:38:09.647227 2026] [php:error] [pid 21869] [client 20.92.234.66:0] script '/domains/biehlweb/wp-good.php' not found or unable to stat
[Tue Feb 24 00:38:09.847857 2026] [php:error] [pid 21869] [client 20.92.234.66:0] script '/domains/biehlweb/xmlrpc.php' not found or unable to stat
[Tue Feb 24 00:38:10.048358 2026] [php:error] [pid 21869] [client 20.92.234.66:0] script '/domains/biehlweb/goods.php' not found or unable to stat
[Tue Feb 24 00:38:10.248912 2026] [php:error] [pid 21869] [client 20.92.234.66:0] script '/domains/biehlweb/class-t.api.php' not found or unable to stat
[Tue Feb 24 00:38:10.449221 2026] [php:error] [pid 21869] [client 20.92.234.66:0] script '/domains/biehlweb/sf.php' not found or unable to stat
[Tue Feb 24 00:38:10.561560 2026] [php:error] [pid 21864] [client 193.176.211.200:0] script '/domains/acagolf1/bs1.php' not found or unable to stat
[Tue Feb 24 00:38:10.649652 2026] [php:error] [pid 21869] [client 20.92.234.66:0] script '/domains/biehlweb/kbfr.php' not found or unable to stat
[Tue Feb 24 00:38:10.851495 2026] [php:error] [pid 21869] [client 20.92.234.66:0] script '/domains/biehlweb/autoload_classmap.php' not found or unable to stat
[Tue Feb 24 00:38:11.053381 2026] [php:error] [pid 21869] [client 20.92.234.66:0] script '/domains/biehlweb/chosen.php' not found or unable to stat
[Tue Feb 24 00:38:11.255827 2026] [php:error] [pid 21869] [client 20.92.234.66:0] script '/domains/biehlweb/classwithtostring.php' not found or unable to stat
[Tue Feb 24 00:38:11.348626 2026] [php:error] [pid 21864] [client 193.176.211.200:0] script '/domains/acagolf1/page.php' not found or unable to stat
[Tue Feb 24 00:38:11.456927 2026] [php:error] [pid 21869] [client 20.92.234.66:0] script '/domains/biehlweb/defaults.php' not found or unable to stat
[Tue Feb 24 00:38:12.063328 2026] [php:error] [pid 21869] [client 20.92.234.66:0] script '/domains/biehlweb/info.php' not found or unable to stat
[Tue Feb 24 00:38:15.621984 2026] [php:error] [pid 21875] [client 193.176.211.151:0] script '/domains/acagolf1/images/autoload_classmap.php' not found or unable to stat
[Tue Feb 24 00:38:15.698941 2026] [php:error] [pid 21858] [client 20.100.195.34:0] script '/domains/system_default/cwclass.php' not found or unable to stat
[Tue Feb 24 00:38:15.793268 2026] [php:error] [pid 21858] [client 20.100.195.34:0] script '/domains/system_default/class-cc.php' not found or unable to stat
[Tue Feb 24 00:38:15.887295 2026] [php:error] [pid 21858] [client 20.100.195.34:0] script '/domains/system_default/lite.php' not found or unable to stat
[Tue Feb 24 00:38:15.981307 2026] [php:error] [pid 21858] [client 20.100.195.34:0] script '/domains/system_default/rrb.php' not found or unable to stat
[Tue Feb 24 00:38:16.076642 2026] [php:error] [pid 21858] [client 20.100.195.34:0] script '/domains/system_default/mariju.php' not found or unable to stat
[Tue Feb 24 00:38:16.171402 2026] [php:error] [pid 21858] [client 20.100.195.34:0] script '/domains/system_default/xenium4.php' not found or unable to stat
[Tue Feb 24 00:38:16.265535 2026] [php:error] [pid 21858] [client 20.100.195.34:0] script '/domains/system_default/jsonq.php' not found or unable to stat
[Tue Feb 24 00:38:16.454011 2026] [php:error] [pid 21858] [client 20.100.195.34:0] script '/domains/system_default/wp-fast.php' not found or unable to stat
[Tue Feb 24 00:38:16.549032 2026] [php:error] [pid 21858] [client 20.100.195.34:0] script '/domains/system_default/yas.php' not found or unable to stat
[Tue Feb 24 00:38:17.480847 2026] [php:error] [pid 21875] [client 193.176.211.151:0] script '/domains/acagolf1/ws.php' not found or unable to stat
[Tue Feb 24 00:38:18.308998 2026] [php:error] [pid 21875] [client 193.176.211.151:0] script '/domains/acagolf1/shop.php' not found or unable to stat
[Tue Feb 24 00:38:20.261344 2026] [php:error] [pid 21875] [client 193.176.211.151:0] script '/domains/acagolf1/wp-api.php' not found or unable to stat
[Tue Feb 24 00:38:20.806273 2026] [php:error] [pid 21875] [client 193.176.211.151:0] script '/domains/acagolf1/css.php' not found or unable to stat
[Tue Feb 24 00:38:22.487764 2026] [php:error] [pid 21875] [client 193.176.211.151:0] script '/domains/acagolf1/wp-error_log.php' not found or unable to stat
