[Sat Feb 21 01:08:28.077851 2026] [php:error] [pid 58556] [client 45.67.97.17:0] script '/domains/aatweb/Marvins.php' not found or unable to stat
[Sat Feb 21 01:08:28.078729 2026] [php:error] [pid 58588] [client 45.67.97.15:0] script '/domains/tcrlle/lock360.php' not found or unable to stat
[Sat Feb 21 01:08:28.097002 2026] [php:error] [pid 58549] [client 45.67.97.16:0] script '/domains/ceonlinenews/content.php' not found or unable to stat
[Sat Feb 21 01:08:28.129868 2026] [php:error] [pid 58505] [client 45.67.97.192:0] script '/domains/csiniaws/gifclass.php' not found or unable to stat
[Sat Feb 21 01:08:28.145531 2026] [php:error] [pid 58527] [client 45.67.97.17:0] script '/domains/pookie.dnai/info.php' not found or unable to stat
[Sat Feb 21 01:08:28.181725 2026] [php:error] [pid 58519] [client 45.67.97.192:0] script '/domains/system_suspended/infos.php' not found or unable to stat
[Sat Feb 21 01:08:28.248636 2026] [php:error] [pid 58584] [client 45.67.97.17:0] script '/domains/lover/admin.php' not found or unable to stat
[Sat Feb 21 01:08:28.282075 2026] [php:error] [pid 58546] [client 45.67.97.17:0] script '/domains/proinc/Sanskrit.php' not found or unable to stat
[Sat Feb 21 01:08:28.294395 2026] [php:error] [pid 58470] [client 45.67.97.15:0] script '/domains/bels/themes.php' not found or unable to stat
[Sat Feb 21 01:08:28.316767 2026] [php:error] [pid 58535] [client 45.67.97.16:0] script '/domains/miles.interport/install.php' not found or unable to stat
[Sat Feb 21 01:08:28.352110 2026] [php:error] [pid 58575] [client 45.67.97.15:0] script '/domains/bruceweb/contacts.php' not found or unable to stat
[Sat Feb 21 01:08:28.488467 2026] [php:error] [pid 58572] [client 45.67.97.192:0] script '/domains/tbarnhil/inputs.php' not found or unable to stat
[Sat Feb 21 01:08:28.541721 2026] [php:error] [pid 58585] [client 45.67.97.192:0] script '/domains/astweb/index2.php' not found or unable to stat
[Sat Feb 21 01:08:28.546023 2026] [php:error] [pid 58588] [client 45.67.97.15:0] script '/domains/tcrlle/zwso.php' not found or unable to stat
[Sat Feb 21 01:08:28.546402 2026] [php:error] [pid 58568] [client 45.67.97.15:0] script '/domains/system_default/radio.php' not found or unable to stat
[Sat Feb 21 01:08:28.597664 2026] [php:error] [pid 58505] [client 45.67.97.192:0] script '/domains/csiniaws/plugin.php' not found or unable to stat
[Sat Feb 21 01:08:28.598571 2026] [php:error] [pid 58504] [client 45.67.97.15:0] script '/domains/memanuel/atomlib.php' not found or unable to stat
[Sat Feb 21 01:08:28.645493 2026] [php:error] [pid 58541] [client 45.67.97.16:0] script '/domains/familyplayhouse2/update-core.php' not found or unable to stat
[Sat Feb 21 01:08:28.645519 2026] [php:error] [pid 58587] [client 45.67.97.16:0] script '/domains/byardrealestate/small.php' not found or unable to stat
[Sat Feb 21 01:08:28.645787 2026] [php:error] [pid 58527] [client 45.67.97.17:0] script '/domains/pookie.dnai/setup.php' not found or unable to stat
[Sat Feb 21 01:08:28.646704 2026] [php:error] [pid 58502] [client 45.67.97.16:0] script '/domains/system_default/up.php' not found or unable to stat
[Sat Feb 21 01:08:28.747270 2026] [php:error] [pid 58546] [client 45.67.97.17:0] script '/domains/proinc/wp-fmfile.php' not found or unable to stat
[Sat Feb 21 01:08:28.767470 2026] [php:error] [pid 58470] [client 45.67.97.15:0] script '/domains/bels/wp-themes.php' not found or unable to stat
[Sat Feb 21 01:08:28.810438 2026] [php:error] [pid 58574] [client 45.67.97.192:0] script '/domains/windsorweb/XxX.php' not found or unable to stat
[Sat Feb 21 01:08:28.813550 2026] [php:error] [pid 58526] [client 45.67.97.192:0] script '/domains/system_default/aa.php' not found or unable to stat
[Sat Feb 21 01:08:28.814029 2026] [php:error] [pid 58580] [client 45.67.97.15:0] script '/domains/system_suspended/wp-error_log.php' not found or unable to stat
[Sat Feb 21 01:08:28.819800 2026] [php:error] [pid 58575] [client 45.67.97.15:0] script '/domains/bruceweb/wsa.php' not found or unable to stat
[Sat Feb 21 01:08:28.857627 2026] [php:error] [pid 58564] [client 45.67.97.15:0] script '/domains/acagolf1/wp-admin.php' not found or unable to stat
[Sat Feb 21 01:08:28.919410 2026] [php:error] [pid 58522] [client 45.67.97.15:0] script '/domains/pmglobal/small.php' not found or unable to stat
[Sat Feb 21 01:08:28.952825 2026] [php:error] [pid 58572] [client 45.67.97.192:0] script '/domains/tbarnhil/mini.php' not found or unable to stat
[Sat Feb 21 01:08:28.974230 2026] [php:error] [pid 58565] [client 45.67.97.16:0] script '/domains/sjsachs/up.php' not found or unable to stat
[Sat Feb 21 01:08:29.014762 2026] [php:error] [pid 58556] [client 45.67.97.17:0] script '/domains/aatweb/wp-class.php' not found or unable to stat
[Sat Feb 21 01:08:29.018744 2026] [php:error] [pid 58588] [client 45.67.97.15:0] script '/domains/tcrlle/chosen.php' not found or unable to stat
[Sat Feb 21 01:08:29.133665 2026] [php:error] [pid 58513] [client 45.67.97.17:0] script '/domains/jrp.interport/wp-header.php' not found or unable to stat
[Sat Feb 21 01:08:29.193935 2026] [php:error] [pid 58584] [client 45.67.97.17:0] script '/domains/lover/mah.php' not found or unable to stat
[Sat Feb 21 01:08:29.233213 2026] [php:error] [pid 58501] [client 20.53.240.38:0] script '/domains/bfitpro2/wp-trackback.php' not found or unable to stat
[Sat Feb 21 01:08:29.259703 2026] [php:error] [pid 58535] [client 45.67.97.16:0] script '/domains/miles.interport/images/class-config.php' not found or unable to stat
[Sat Feb 21 01:08:29.278686 2026] [php:error] [pid 58550] [client 45.67.97.192:0] script '/domains/frog.interport1/gm.php' not found or unable to stat
[Sat Feb 21 01:08:29.281572 2026] [php:error] [pid 58526] [client 45.67.97.192:0] script '/domains/system_default/index2.php' not found or unable to stat
[Sat Feb 21 01:08:29.328157 2026] [php:error] [pid 58555] [client 45.67.97.15:0] script '/domains/perless2web/doc.php' not found or unable to stat
[Sat Feb 21 01:08:29.375120 2026] [php:error] [pid 58571] [client 45.67.97.15:0] script '/domains/homesbyaudrey1/adminfusm.php' not found or unable to stat
[Sat Feb 21 01:08:29.421447 2026] [php:error] [pid 58572] [client 45.67.97.192:0] script '/domains/tbarnhil/goods.php' not found or unable to stat
[Sat Feb 21 01:08:29.429311 2026] [php:error] [pid 58501] [client 20.53.240.38:0] script '/domains/bfitpro2/about.php' not found or unable to stat
[Sat Feb 21 01:08:29.442765 2026] [php:error] [pid 58479] [client 45.67.97.15:0] script '/domains/system_suspended/testt.php' not found or unable to stat
[Sat Feb 21 01:08:29.443146 2026] [php:error] [pid 58497] [client 45.67.97.17:0] script '/domains/antiqueweb1/cgi-bin/install.php' not found or unable to stat
[Sat Feb 21 01:08:29.487059 2026] [php:error] [pid 58588] [client 45.67.97.15:0] script '/domains/tcrlle/about.php' not found or unable to stat
[Sat Feb 21 01:08:29.529062 2026] [php:error] [pid 58581] [client 45.67.97.15:0] script '/domains/system_suspended/wp-files.php' not found or unable to stat
[Sat Feb 21 01:08:29.529073 2026] [php:error] [pid 58505] [client 45.67.97.192:0] script '/domains/csiniaws/update-core.php' not found or unable to stat
[Sat Feb 21 01:08:29.583375 2026] [php:error] [pid 58541] [client 45.67.97.16:0] script '/domains/familyplayhouse2/wp-mail.php' not found or unable to stat
[Sat Feb 21 01:08:29.583708 2026] [php:error] [pid 58587] [client 45.67.97.16:0] script '/domains/byardrealestate/NewFile.php' not found or unable to stat
[Sat Feb 21 01:08:29.641216 2026] [php:error] [pid 58501] [client 20.53.240.38:0] script '/domains/bfitpro2/file.php' not found or unable to stat
[Sat Feb 21 01:08:29.708638 2026] [php:error] [pid 58573] [client 45.67.97.16:0] script '/domains/pbuilder/xex.php' not found or unable to stat
[Sat Feb 21 01:08:29.787809 2026] [php:error] [pid 58488] [client 45.67.97.192:0] script '/domains/gohover/worm.PhP' not found or unable to stat
[Sat Feb 21 01:08:29.836682 2026] [php:error] [pid 58501] [client 20.53.240.38:0] script '/domains/bfitpro2/wp-good.php' not found or unable to stat
[Sat Feb 21 01:08:29.854951 2026] [php:error] [pid 58522] [client 45.67.97.15:0] script '/domains/pmglobal/NewFile.php' not found or unable to stat
[Sat Feb 21 01:08:29.892079 2026] [php:error] [pid 58572] [client 45.67.97.192:0] script '/domains/tbarnhil/file5.php' not found or unable to stat
[Sat Feb 21 01:08:29.952381 2026] [php:error] [pid 58556] [client 45.67.97.17:0] script '/domains/aatweb/xx.php' not found or unable to stat
[Sat Feb 21 01:08:29.954394 2026] [php:error] [pid 58588] [client 45.67.97.15:0] script '/domains/tcrlle/admin.php' not found or unable to stat
[Sat Feb 21 01:08:30.004228 2026] [php:error] [pid 58581] [client 45.67.97.15:0] script '/domains/system_suspended/functions.php' not found or unable to stat
[Sat Feb 21 01:08:30.038493 2026] [php:error] [pid 58501] [client 20.53.240.38:0] script '/domains/bfitpro2/xmlrpc.php' not found or unable to stat
[Sat Feb 21 01:08:30.069939 2026] [php:error] [pid 58519] [client 45.67.97.192:0] script '/domains/system_suspended/options-writing.php' not found or unable to stat
[Sat Feb 21 01:08:30.076333 2026] [php:error] [pid 58513] [client 45.67.97.17:0] script '/domains/jrp.interport/Marvins.php' not found or unable to stat
[Sat Feb 21 01:08:30.134396 2026] [php:error] [pid 58584] [client 45.67.97.17:0] script '/domains/lover/core.php' not found or unable to stat
[Sat Feb 21 01:08:30.176512 2026] [php:error] [pid 58470] [client 45.67.97.15:0] script '/domains/bels/mariju.php' not found or unable to stat
[Sat Feb 21 01:08:30.193615 2026] [php:error] [pid 58525] [client 45.67.97.16:0] script '/domains/fdcarter/f35_SpaceTn.php' not found or unable to stat
[Sat Feb 21 01:08:30.255579 2026] [php:error] [pid 58488] [client 45.67.97.192:0] script '/domains/gohover/ext.php' not found or unable to stat
[Sat Feb 21 01:08:30.259700 2026] [php:error] [pid 58501] [client 20.53.240.38:0] script '/domains/bfitpro2/goods.php' not found or unable to stat
[Sat Feb 21 01:08:30.351581 2026] [php:error] [pid 58531] [client 45.67.97.17:0] script '/domains/system_suspended/gm.php' not found or unable to stat
[Sat Feb 21 01:08:30.359847 2026] [php:error] [pid 58572] [client 45.67.97.192:0] script '/domains/tbarnhil/ahax.php' not found or unable to stat
[Sat Feb 21 01:08:30.380475 2026] [php:error] [pid 58497] [client 45.67.97.17:0] script '/domains/antiqueweb1/class.api.php' not found or unable to stat
[Sat Feb 21 01:08:30.426044 2026] [php:error] [pid 58556] [client 45.67.97.17:0] script '/domains/aatweb/autoload_classmap.php' not found or unable to stat
[Sat Feb 21 01:08:30.429540 2026] [php:error] [pid 58568] [client 45.67.97.15:0] script '/domains/system_default/wp-conflg.php' not found or unable to stat
[Sat Feb 21 01:08:30.455133 2026] [php:error] [pid 58501] [client 20.53.240.38:0] script '/domains/bfitpro2/ioxi-o.php' not found or unable to stat
[Sat Feb 21 01:08:30.473163 2026] [php:error] [pid 58505] [client 45.67.97.192:0] script '/domains/csiniaws/wp-mail.php' not found or unable to stat
[Sat Feb 21 01:08:30.530998 2026] [php:error] [pid 58587] [client 45.67.97.16:0] script '/domains/byardrealestate/error.php' not found or unable to stat
[Sat Feb 21 01:08:30.543548 2026] [php:error] [pid 58519] [client 45.67.97.192:0] script '/domains/system_suspended/options-reading.php' not found or unable to stat
[Sat Feb 21 01:08:30.603409 2026] [php:error] [pid 58584] [client 45.67.97.17:0] script '/domains/lover/robots.php' not found or unable to stat
[Sat Feb 21 01:08:30.620446 2026] [php:error] [pid 58546] [client 45.67.97.17:0] script '/domains/proinc/memberfuns.php' not found or unable to stat
[Sat Feb 21 01:08:30.644550 2026] [php:error] [pid 58470] [client 45.67.97.15:0] script '/domains/bels/waf_defender.php' not found or unable to stat
[Sat Feb 21 01:08:30.650588 2026] [php:error] [pid 58501] [client 20.53.240.38:0] script '/domains/bfitpro2/class-t.api.php' not found or unable to stat
[Sat Feb 21 01:08:30.679061 2026] [php:error] [pid 58535] [client 45.67.97.16:0] script '/domains/miles.interport/bypass.php' not found or unable to stat
[Sat Feb 21 01:08:30.727043 2026] [php:error] [pid 58488] [client 45.67.97.192:0] script '/domains/gohover/delpaths.php' not found or unable to stat
[Sat Feb 21 01:08:30.741902 2026] [php:error] [pid 58555] [client 45.67.97.15:0] script '/domains/perless2web/wp-login.php' not found or unable to stat
[Sat Feb 21 01:08:30.749580 2026] [php:error] [pid 58564] [client 45.67.97.15:0] script '/domains/acagolf1/wp-editor.php' not found or unable to stat
[Sat Feb 21 01:08:30.791437 2026] [php:error] [pid 58522] [client 45.67.97.15:0] script '/domains/pmglobal/error.php' not found or unable to stat
[Sat Feb 21 01:08:30.834265 2026] [php:error] [pid 58572] [client 45.67.97.192:0] script '/domains/tbarnhil/f35.php' not found or unable to stat
[Sat Feb 21 01:08:30.846360 2026] [php:error] [pid 58501] [client 20.53.240.38:0] script '/domains/bfitpro2/admin.php' not found or unable to stat
[Sat Feb 21 01:08:30.893733 2026] [php:error] [pid 58585] [client 45.67.97.192:0] script '/domains/astweb/shell.php' not found or unable to stat
[Sat Feb 21 01:08:30.903990 2026] [php:error] [pid 58588] [client 45.67.97.15:0] script '/domains/tcrlle/mah.php' not found or unable to stat
[Sat Feb 21 01:08:30.904230 2026] [php:error] [pid 58568] [client 45.67.97.15:0] script '/domains/system_default/wp-setup.php' not found or unable to stat
[Sat Feb 21 01:08:30.946286 2026] [php:error] [pid 58504] [client 45.67.97.15:0] script '/domains/memanuel/xp.php' not found or unable to stat
[Sat Feb 21 01:08:30.977935 2026] [php:error] [pid 58524] [client 45.67.97.15:0] script '/domains/magicjim/wp-good.php' not found or unable to stat
[Sat Feb 21 01:08:31.002661 2026] [php:error] [pid 58527] [client 45.67.97.17:0] script '/domains/pookie.dnai/as.php' not found or unable to stat
[Sat Feb 21 01:08:31.015638 2026] [php:error] [pid 58519] [client 45.67.97.192:0] script '/domains/system_suspended/wsad.php' not found or unable to stat
[Sat Feb 21 01:08:31.015896 2026] [php:error] [pid 58513] [client 45.67.97.17:0] script '/domains/jrp.interport/wp-class.php' not found or unable to stat
[Sat Feb 21 01:08:31.041907 2026] [php:error] [pid 58501] [client 20.53.240.38:0] script '/domains/bfitpro2/sf.php' not found or unable to stat
[Sat Feb 21 01:08:31.071846 2026] [php:error] [pid 58584] [client 45.67.97.17:0] script '/domains/lover/inputs.php' not found or unable to stat
[Sat Feb 21 01:08:31.095042 2026] [php:error] [pid 58546] [client 45.67.97.17:0] script '/domains/proinc/infos.php' not found or unable to stat
[Sat Feb 21 01:08:31.151267 2026] [php:error] [pid 58535] [client 45.67.97.16:0] script '/domains/miles.interport/class.php' not found or unable to stat
[Sat Feb 21 01:08:31.160724 2026] [php:error] [pid 58575] [client 45.67.97.15:0] script '/domains/bruceweb/lv.php' not found or unable to stat
[Sat Feb 21 01:08:31.209467 2026] [php:error] [pid 58555] [client 45.67.97.15:0] script '/domains/perless2web/mar.php' not found or unable to stat
[Sat Feb 21 01:08:31.248091 2026] [php:error] [pid 58501] [client 20.53.240.38:0] script '/domains/bfitpro2/rip.php' not found or unable to stat
[Sat Feb 21 01:08:31.301334 2026] [php:error] [pid 58572] [client 45.67.97.192:0] script '/domains/tbarnhil/simple.php' not found or unable to stat
[Sat Feb 21 01:08:31.380543 2026] [php:error] [pid 58568] [client 45.67.97.15:0] script '/domains/system_default/ms-themes.php' not found or unable to stat
[Sat Feb 21 01:08:31.388203 2026] [php:error] [pid 58558] [client 45.67.97.15:0] script '/domains/hpveweb/plugin-install.php' not found or unable to stat
[Sat Feb 21 01:08:31.442024 2026] [php:error] [pid 58502] [client 45.67.97.16:0] script '/domains/system_default/worm.PhP' not found or unable to stat
[Sat Feb 21 01:08:31.443547 2026] [php:error] [pid 58501] [client 20.53.240.38:0] script '/domains/bfitpro2/autoload_classmap.php' not found or unable to stat
[Sat Feb 21 01:08:31.476370 2026] [php:error] [pid 58527] [client 45.67.97.17:0] script '/domains/pookie.dnai/cc.php' not found or unable to stat
[Sat Feb 21 01:08:31.484871 2026] [php:error] [pid 58519] [client 45.67.97.192:0] script '/domains/system_suspended/nation.php' not found or unable to stat
[Sat Feb 21 01:08:31.541301 2026] [php:error] [pid 58584] [client 45.67.97.17:0] script '/domains/lover/mini.php' not found or unable to stat
[Sat Feb 21 01:08:31.584652 2026] [php:error] [pid 58470] [client 45.67.97.15:0] script '/domains/bels/av.php' not found or unable to stat
[Sat Feb 21 01:08:31.637554 2026] [php:error] [pid 58526] [client 45.67.97.192:0] script '/domains/system_default/shell.php' not found or unable to stat
[Sat Feb 21 01:08:31.639064 2026] [php:error] [pid 58501] [client 20.53.240.38:0] script '/domains/bfitpro2/chosen.php' not found or unable to stat
[Sat Feb 21 01:08:31.639755 2026] [php:error] [pid 58575] [client 45.67.97.15:0] script '/domains/bruceweb/images/js1.php' not found or unable to stat
[Sat Feb 21 01:08:31.691469 2026] [php:error] [pid 58590] [client 45.67.97.15:0] script '/domains/system_suspended/default.php' not found or unable to stat
[Sat Feb 21 01:08:31.777475 2026] [php:error] [pid 58497] [client 45.67.97.17:0] script '/domains/antiqueweb1/system_log.php' not found or unable to stat
[Sat Feb 21 01:08:31.779385 2026] [php:error] [pid 58565] [client 45.67.97.16:0] script '/domains/sjsachs/worm.PhP' not found or unable to stat
[Sat Feb 21 01:08:31.842720 2026] [php:error] [pid 58556] [client 45.67.97.17:0] script '/domains/aatweb/content.php' not found or unable to stat
[Sat Feb 21 01:08:31.847502 2026] [php:error] [pid 58501] [client 20.53.240.38:0] script '/domains/bfitpro2/classwithtostring.php' not found or unable to stat
[Sat Feb 21 01:08:31.849029 2026] [php:error] [pid 58588] [client 45.67.97.15:0] script '/domains/tcrlle/core.php' not found or unable to stat
[Sat Feb 21 01:08:31.870093 2026] [php:error] [pid 58579] [client 45.67.97.17:0] script '/domains/micra/files.php' not found or unable to stat
[Sat Feb 21 01:08:31.907477 2026] [php:error] [pid 58502] [client 45.67.97.16:0] script '/domains/system_default/ext.php' not found or unable to stat
[Sat Feb 21 01:08:31.953211 2026] [php:error] [pid 58513] [client 45.67.97.17:0] script '/domains/jrp.interport/xx.php' not found or unable to stat
[Sat Feb 21 01:08:32.011956 2026] [php:error] [pid 58584] [client 45.67.97.17:0] script '/domains/lover/goods.php' not found or unable to stat
[Sat Feb 21 01:08:32.042851 2026] [php:error] [pid 58501] [client 20.53.240.38:0] script '/domains/bfitpro2/defaults.php' not found or unable to stat
[Sat Feb 21 01:08:32.044663 2026] [php:error] [pid 58573] [client 45.67.97.16:0] script '/domains/pbuilder/wp-head.php' not found or unable to stat
[Sat Feb 21 01:08:32.115193 2026] [php:error] [pid 58589] [client 45.67.97.192:0] script '/domains/tmandel/small.php' not found or unable to stat
[Sat Feb 21 01:08:32.183715 2026] [php:error] [pid 58545] [client 45.67.97.15:0] script '/domains/system_cancel/hehehehe.php' not found or unable to stat
[Sat Feb 21 01:08:32.243951 2026] [php:error] [pid 58497] [client 45.67.97.17:0] script '/domains/antiqueweb1/.alf.php' not found or unable to stat
[Sat Feb 21 01:08:32.244952 2026] [php:error] [pid 58559] [client 45.67.97.192:0] script '/domains/rnachum/blog.php' not found or unable to stat
[Sat Feb 21 01:08:32.244952 2026] [php:error] [pid 58565] [client 45.67.97.16:0] script '/domains/sjsachs/ext.php' not found or unable to stat
[Sat Feb 21 01:08:32.316570 2026] [php:error] [pid 58568] [client 45.67.97.15:0] script '/domains/system_default/style.php' not found or unable to stat
[Sat Feb 21 01:08:32.317065 2026] [php:error] [pid 58588] [client 45.67.97.15:0] script '/domains/tcrlle/robots.php' not found or unable to stat
[Sat Feb 21 01:08:32.341889 2026] [php:error] [pid 58581] [client 45.67.97.15:0] script '/domains/system_suspended/aks.php' not found or unable to stat
[Sat Feb 21 01:08:32.354735 2026] [php:error] [pid 58504] [client 45.67.97.15:0] script '/domains/memanuel/wp-links.php' not found or unable to stat
[Sat Feb 21 01:08:32.421170 2026] [php:error] [pid 58587] [client 45.67.97.16:0] script '/domains/byardrealestate/wp-files.php' not found or unable to stat
[Sat Feb 21 01:08:32.423139 2026] [php:error] [pid 58527] [client 45.67.97.17:0] script '/domains/pookie.dnai/ab.php' not found or unable to stat
[Sat Feb 21 01:08:32.425940 2026] [php:error] [pid 58513] [client 45.67.97.17:0] script '/domains/jrp.interport/autoload_classmap.php' not found or unable to stat
[Sat Feb 21 01:08:32.430082 2026] [php:error] [pid 58500] [client 45.67.97.192:0] script '/domains/acagolf1/images/install.php' not found or unable to stat
[Sat Feb 21 01:08:32.479393 2026] [php:error] [pid 58584] [client 45.67.97.17:0] script '/domains/lover/file5.php' not found or unable to stat
[Sat Feb 21 01:08:32.619639 2026] [php:error] [pid 58555] [client 45.67.97.15:0] script '/domains/perless2web/1.php' not found or unable to stat
[Sat Feb 21 01:08:32.656307 2026] [php:error] [pid 58522] [client 45.67.97.15:0] script '/domains/pmglobal/wp-files.php' not found or unable to stat
[Sat Feb 21 01:08:32.708607 2026] [php:error] [pid 58497] [client 45.67.97.17:0] script '/domains/antiqueweb1/wso.php' not found or unable to stat
[Sat Feb 21 01:08:32.712093 2026] [php:error] [pid 58565] [client 45.67.97.16:0] script '/domains/sjsachs/delpaths.php' not found or unable to stat
[Sat Feb 21 01:08:32.770306 2026] [php:error] [pid 58502] [client 45.67.97.16:0] script '/domains/system_default/delpaths.php' not found or unable to stat
[Sat Feb 21 01:08:32.785396 2026] [php:error] [pid 58588] [client 45.67.97.15:0] script '/domains/tcrlle/inputs.php' not found or unable to stat
[Sat Feb 21 01:08:32.807084 2026] [php:error] [pid 58581] [client 45.67.97.15:0] script '/domains/system_suspended/litespeed.php' not found or unable to stat
[Sat Feb 21 01:08:32.895819 2026] [php:error] [pid 58587] [client 45.67.97.16:0] script '/domains/byardrealestate/functions.php' not found or unable to stat
[Sat Feb 21 01:08:32.904696 2026] [php:error] [pid 58529] [client 45.67.97.17:0] script '/domains/jaspen/Sanskrit.php' not found or unable to stat
[Sat Feb 21 01:08:32.947497 2026] [php:error] [pid 58584] [client 45.67.97.17:0] script '/domains/lover/ahax.php' not found or unable to stat
[Sat Feb 21 01:08:32.970835 2026] [php:error] [pid 58546] [client 45.67.97.17:0] script '/domains/proinc/options-writing.php' not found or unable to stat
[Sat Feb 21 01:08:33.026139 2026] [php:error] [pid 58501] [client 20.53.240.38:0] script '/domains/bfitpro2/info.php' not found or unable to stat
[Sat Feb 21 01:08:33.045013 2026] [php:error] [pid 58589] [client 45.67.97.192:0] script '/domains/tmandel/NewFile.php' not found or unable to stat
[Sat Feb 21 01:08:33.104930 2026] [php:error] [pid 58479] [client 45.67.97.15:0] script '/domains/system_suspended/network.php' not found or unable to stat
[Sat Feb 21 01:08:33.121872 2026] [php:error] [pid 58522] [client 45.67.97.15:0] script '/domains/pmglobal/functions.php' not found or unable to stat
[Sat Feb 21 01:08:33.257658 2026] [php:error] [pid 58585] [client 45.67.97.192:0] script '/domains/astweb/hehe.php' not found or unable to stat
[Sat Feb 21 01:08:33.379669 2026] [php:error] [pid 58500] [client 45.67.97.192:0] script '/domains/acagolf1/adminfusm.php' not found or unable to stat
[Sat Feb 21 01:08:33.383666 2026] [php:error] [pid 58529] [client 45.67.97.17:0] script '/domains/jaspen/wp-fmfile.php' not found or unable to stat
[Sat Feb 21 01:08:33.421459 2026] [php:error] [pid 58584] [client 45.67.97.17:0] script '/domains/lover/f35.php' not found or unable to stat
[Sat Feb 21 01:08:33.435975 2026] [php:error] [pid 58546] [client 45.67.97.17:0] script '/domains/proinc/options-reading.php' not found or unable to stat
[Sat Feb 21 01:08:33.444595 2026] [php:error] [pid 58573] [client 45.67.97.16:0] script '/domains/pbuilder/makeasmtp.php' not found or unable to stat
[Sat Feb 21 01:08:33.490820 2026] [php:error] [pid 58491] [client 45.67.97.15:0] script '/domains/hungariantasteweb/xex.php' not found or unable to stat
[Sat Feb 21 01:08:33.518373 2026] [php:error] [pid 58488] [client 45.67.97.192:0] script '/domains/gohover/gifclass.php' not found or unable to stat
[Sat Feb 21 01:08:33.563789 2026] [php:error] [pid 58588] [client 45.67.97.15:0] script '/domains/tcrlle/mini.php' not found or unable to stat
[Sat Feb 21 01:08:33.642585 2026] [php:error] [pid 58497] [client 45.67.97.17:0] script '/domains/antiqueweb1/flower.php' not found or unable to stat
[Sat Feb 21 01:08:33.699998 2026] [php:error] [pid 58508] [client 45.67.97.192:0] script '/domains/peterbmiller/files.php' not found or unable to stat
[Sat Feb 21 01:08:33.735168 2026] [php:error] [pid 58568] [client 45.67.97.15:0] script '/domains/system_default/x.php' not found or unable to stat
[Sat Feb 21 01:08:33.767247 2026] [php:error] [pid 58549] [client 45.67.97.16:0] script '/domains/ceonlinenews/images/class.php' not found or unable to stat
[Sat Feb 21 01:08:33.848386 2026] [php:error] [pid 58519] [client 45.67.97.192:0] script '/domains/system_suspended/wp-atomx.php' not found or unable to stat
[Sat Feb 21 01:08:33.848491 2026] [php:error] [pid 58527] [client 45.67.97.17:0] script '/domains/pookie.dnai/doc.php' not found or unable to stat
[Sat Feb 21 01:08:33.850315 2026] [php:error] [pid 58513] [client 45.67.97.17:0] script '/domains/jrp.interport/content.php' not found or unable to stat
[Sat Feb 21 01:08:33.893377 2026] [php:error] [pid 58584] [client 45.67.97.17:0] script '/domains/lover/simple.php' not found or unable to stat
[Sat Feb 21 01:08:33.905450 2026] [php:error] [pid 58546] [client 45.67.97.17:0] script '/domains/proinc/wsad.php' not found or unable to stat
[Sat Feb 21 01:08:33.976633 2026] [php:error] [pid 58589] [client 45.67.97.192:0] script '/domains/tmandel/error.php' not found or unable to stat
[Sat Feb 21 01:08:33.979755 2026] [php:error] [pid 58526] [client 45.67.97.192:0] script '/domains/system_default/hehe.php' not found or unable to stat
[Sat Feb 21 01:08:33.984409 2026] [php:error] [pid 58488] [client 45.67.97.192:0] script '/domains/gohover/plugin.php' not found or unable to stat
[Sat Feb 21 01:08:34.029756 2026] [php:error] [pid 58515] [client 45.67.97.17:0] script '/domains/fbardin/click.php' not found or unable to stat
[Sat Feb 21 01:08:34.033110 2026] [php:error] [pid 58588] [client 45.67.97.15:0] script '/domains/tcrlle/goods.php' not found or unable to stat
[Sat Feb 21 01:08:34.057306 2026] [php:error] [pid 58564] [client 45.67.97.16:0] script '/domains/resourceandeventweb/bs1.php' not found or unable to stat
[Sat Feb 21 01:08:34.213818 2026] [php:error] [pid 58567] [client 45.67.97.15:0] script '/domains/ferguson.interport/media-new.php' not found or unable to stat
[Sat Feb 21 01:08:34.217064 2026] [php:error] [pid 58581] [client 45.67.97.15:0] script '/domains/system_suspended/wpn.php' not found or unable to stat
[Sat Feb 21 01:08:34.318908 2026] [php:error] [pid 58519] [client 45.67.97.192:0] script '/domains/system_suspended/admin-footer.php' not found or unable to stat
[Sat Feb 21 01:08:34.370258 2026] [php:error] [pid 58546] [client 45.67.97.17:0] script '/domains/proinc/nation.php' not found or unable to stat
[Sat Feb 21 01:08:34.423680 2026] [php:error] [pid 58501] [client 20.53.240.38:0] script '/domains/bfitpro2/adminfuns.php' not found or unable to stat
[Sat Feb 21 01:08:34.464870 2026] [php:error] [pid 58535] [client 45.67.97.16:0] script '/domains/miles.interport/init.php' not found or unable to stat
[Sat Feb 21 01:08:34.499178 2026] [php:error] [pid 58479] [client 45.67.97.15:0] script '/domains/system_suspended/wikindex.php' not found or unable to stat
[Sat Feb 21 01:08:34.501286 2026] [php:error] [pid 58588] [client 45.67.97.15:0] script '/domains/tcrlle/file5.php' not found or unable to stat
[Sat Feb 21 01:08:34.525133 2026] [php:error] [pid 58590] [client 45.67.97.15:0] script '/domains/system_suspended/dropdown.php' not found or unable to stat
[Sat Feb 21 01:08:34.665153 2026] [php:error] [pid 58585] [client 45.67.97.192:0] script '/domains/astweb/dir.php' not found or unable to stat
[Sat Feb 21 01:08:34.689991 2026] [php:error] [pid 58560] [client 45.67.97.15:0] script '/domains/druckrey/files.php' not found or unable to stat
[Sat Feb 21 01:08:34.714270 2026] [php:error] [pid 58549] [client 45.67.97.16:0] script '/domains/ceonlinenews/web.php' not found or unable to stat
[Sat Feb 21 01:08:34.734968 2026] [php:error] [pid 58524] [client 45.67.97.15:0] script '/domains/magicjim/ff2.php' not found or unable to stat
[Sat Feb 21 01:08:34.785426 2026] [php:error] [pid 58506] [client 45.67.97.15:0] script '/domains/familyplayhouse2/aa.php' not found or unable to stat
[Sat Feb 21 01:08:34.810680 2026] [php:error] [pid 58582] [client 45.67.97.16:0] script '/domains/trodine/byp.php' not found or unable to stat
[Sat Feb 21 01:08:34.829063 2026] [php:error] [pid 58550] [client 45.67.97.192:0] script '/domains/frog.interport1/plugin-install.php' not found or unable to stat
[Sat Feb 21 01:08:34.840810 2026] [php:error] [pid 58573] [client 45.67.97.16:0] script '/domains/pbuilder/images/bypass.php' not found or unable to stat
[Sat Feb 21 01:08:34.899930 2026] [php:error] [pid 58453] [client 45.67.97.17:0] script '/domains/system_default/ws.php' not found or unable to stat
[Sat Feb 21 01:08:34.916890 2026] [php:error] [pid 58488] [client 45.67.97.192:0] script '/domains/gohover/update-core.php' not found or unable to stat
[Sat Feb 21 01:08:34.968383 2026] [php:error] [pid 58588] [client 45.67.97.15:0] script '/domains/tcrlle/ahax.php' not found or unable to stat
[Sat Feb 21 01:08:35.108429 2026] [php:error] [pid 58574] [client 45.67.97.192:0] script '/domains/windsorweb/images/buy.php' not found or unable to stat
[Sat Feb 21 01:08:35.258237 2026] [php:error] [pid 58500] [client 45.67.97.192:0] script '/domains/acagolf1/images/habhan.php' not found or unable to stat
[Sat Feb 21 01:08:35.259269 2026] [php:error] [pid 58506] [client 45.67.97.15:0] script '/domains/familyplayhouse2/index2.php' not found or unable to stat
[Sat Feb 21 01:08:35.259563 2026] [php:error] [pid 58587] [client 45.67.97.16:0] script '/domains/byardrealestate/aks.php' not found or unable to stat
[Sat Feb 21 01:08:35.260568 2026] [php:error] [pid 58519] [client 45.67.97.192:0] script '/domains/system_suspended/XxX.php' not found or unable to stat
[Sat Feb 21 01:08:35.261442 2026] [php:error] [pid 58527] [client 45.67.97.17:0] script '/domains/pookie.dnai/wp-login.php' not found or unable to stat
[Sat Feb 21 01:08:35.272576 2026] [php:error] [pid 58529] [client 45.67.97.17:0] script '/domains/jaspen/memberfuns.php' not found or unable to stat
[Sat Feb 21 01:08:35.332466 2026] [php:error] [pid 58525] [client 45.67.97.16:0] script '/domains/fdcarter/gm.php' not found or unable to stat
[Sat Feb 21 01:08:35.385310 2026] [php:error] [pid 58526] [client 45.67.97.192:0] script '/domains/system_default/dir.php' not found or unable to stat
[Sat Feb 21 01:08:35.440268 2026] [php:error] [pid 58588] [client 45.67.97.15:0] script '/domains/tcrlle/f35.php' not found or unable to stat
[Sat Feb 21 01:08:35.454183 2026] [php:error] [pid 58522] [client 45.67.97.15:0] script '/domains/pmglobal/aks.php' not found or unable to stat
[Sat Feb 21 01:08:35.455822 2026] [php:error] [pid 58469] [client 45.67.97.192:0] script '/domains/quintet/manager.php' not found or unable to stat
[Sat Feb 21 01:08:35.462235 2026] [php:error] [pid 58564] [client 45.67.97.16:0] script '/domains/resourceandeventweb/page.php' not found or unable to stat
[Sat Feb 21 01:08:35.467531 2026] [php:error] [pid 58590] [client 45.67.97.15:0] script '/domains/system_suspended/db.php' not found or unable to stat
[Sat Feb 21 01:08:35.508921 2026] [php:error] [pid 58497] [client 45.67.97.17:0] script '/domains/antiqueweb1/ioxi-o.php' not found or unable to stat
[Sat Feb 21 01:08:35.516188 2026] [php:error] [pid 58565] [client 45.67.97.16:0] script '/domains/sjsachs/gifclass.php' not found or unable to stat
[Sat Feb 21 01:08:35.583667 2026] [php:error] [pid 58502] [client 45.67.97.16:0] script '/domains/system_default/gifclass.php' not found or unable to stat
[Sat Feb 21 01:08:35.611995 2026] [php:error] [pid 58568] [client 45.67.97.15:0] script '/domains/system_default/wp-user.php' not found or unable to stat
[Sat Feb 21 01:08:35.656721 2026] [php:error] [pid 58520] [client 45.67.97.17:0] script '/domains/csiniaws/aa.php' not found or unable to stat
[Sat Feb 21 01:08:35.656931 2026] [php:error] [pid 58549] [client 45.67.97.16:0] script '/domains/ceonlinenews/images/index.php' not found or unable to stat
[Sat Feb 21 01:08:35.730484 2026] [php:error] [pid 58587] [client 45.67.97.16:0] script '/domains/byardrealestate/litespeed.php' not found or unable to stat
[Sat Feb 21 01:08:35.731960 2026] [php:error] [pid 58527] [client 45.67.97.17:0] script '/domains/pookie.dnai/mar.php' not found or unable to stat
[Sat Feb 21 01:08:35.743826 2026] [php:error] [pid 58529] [client 45.67.97.17:0] script '/domains/jaspen/infos.php' not found or unable to stat
[Sat Feb 21 01:08:35.840264 2026] [php:error] [pid 58589] [client 45.67.97.192:0] script '/domains/tmandel/wp-files.php' not found or unable to stat
[Sat Feb 21 01:08:35.845757 2026] [php:error] [pid 58491] [client 45.67.97.15:0] script '/domains/hungariantasteweb/wp-head.php' not found or unable to stat
[Sat Feb 21 01:08:35.854944 2026] [php:error] [pid 58488] [client 45.67.97.192:0] script '/domains/gohover/wp-mail.php' not found or unable to stat
[Sat Feb 21 01:08:35.858337 2026] [php:error] [pid 58540] [client 45.67.97.15:0] script '/domains/braniff/hehehehe.php' not found or unable to stat
[Sat Feb 21 01:08:35.863107 2026] [php:error] [pid 58531] [client 45.67.97.17:0] script '/domains/system_suspended/plugin-install.php' not found or unable to stat
[Sat Feb 21 01:08:35.909408 2026] [php:error] [pid 58588] [client 45.67.97.15:0] script '/domains/tcrlle/simple.php' not found or unable to stat
[Sat Feb 21 01:08:35.919197 2026] [php:error] [pid 58522] [client 45.67.97.15:0] script '/domains/pmglobal/litespeed.php' not found or unable to stat
[Sat Feb 21 01:08:35.920292 2026] [php:error] [pid 58469] [client 45.67.97.192:0] script '/domains/quintet/bless.php' not found or unable to stat
[Sat Feb 21 01:08:35.983614 2026] [php:error] [pid 58497] [client 45.67.97.17:0] script '/domains/antiqueweb1/info.php' not found or unable to stat
[Sat Feb 21 01:08:35.986510 2026] [php:error] [pid 58559] [client 45.67.97.192:0] script '/domains/rnachum/elp.php' not found or unable to stat
[Sat Feb 21 01:08:35.988035 2026] [php:error] [pid 58565] [client 45.67.97.16:0] script '/domains/sjsachs/plugin.php' not found or unable to stat
[Sat Feb 21 01:08:36.057657 2026] [php:error] [pid 58502] [client 45.67.97.16:0] script '/domains/system_default/plugin.php' not found or unable to stat
[Sat Feb 21 01:08:36.083611 2026] [php:error] [pid 58571] [client 45.67.97.15:0] script '/domains/homesbyaudrey1/f35_SpaceTn.php' not found or unable to stat
[Sat Feb 21 01:08:36.131756 2026] [php:error] [pid 58520] [client 45.67.97.17:0] script '/domains/csiniaws/index2.php' not found or unable to stat
[Sat Feb 21 01:08:36.211807 2026] [php:error] [pid 58470] [client 45.67.97.192:0] script '/domains/testregisgroup/bs1.php' not found or unable to stat
[Sat Feb 21 01:08:36.306119 2026] [php:error] [pid 58589] [client 45.67.97.192:0] script '/domains/tmandel/functions.php' not found or unable to stat
[Sat Feb 21 01:08:36.315655 2026] [php:error] [pid 58453] [client 45.67.97.17:0] script '/domains/system_default/shop.php' not found or unable to stat
[Sat Feb 21 01:08:36.384931 2026] [php:error] [pid 58469] [client 45.67.97.192:0] script '/domains/quintet/O-Simple.php' not found or unable to stat
[Sat Feb 21 01:08:36.425994 2026] [php:error] [pid 58509] [client 45.67.97.16:0] script '/domains/system_default/xex.php' not found or unable to stat
[Sat Feb 21 01:08:36.448661 2026] [php:error] [pid 58497] [client 45.67.97.17:0] script '/domains/antiqueweb1/setup.php' not found or unable to stat
[Sat Feb 21 01:08:36.546764 2026] [php:error] [pid 58585] [client 45.67.97.192:0] script '/domains/astweb/nf_tracking.php' not found or unable to stat
[Sat Feb 21 01:08:36.567048 2026] [php:error] [pid 58507] [client 45.67.97.17:0] script '/domains/bels/theme.php' not found or unable to stat
[Sat Feb 21 01:08:36.599824 2026] [php:error] [pid 58579] [client 45.67.97.17:0] script '/domains/micra/blog.php' not found or unable to stat
[Sat Feb 21 01:08:36.612156 2026] [php:error] [pid 58524] [client 45.67.97.15:0] script '/domains/magicjim/jp.php' not found or unable to stat
[Sat Feb 21 01:08:36.694435 2026] [php:error] [pid 58546] [client 45.67.97.17:0] script '/domains/proinc/wp-atomx.php' not found or unable to stat
[Sat Feb 21 01:08:36.781099 2026] [php:error] [pid 58535] [client 45.67.97.16:0] script '/domains/miles.interport/assets/index.php' not found or unable to stat
[Sat Feb 21 01:08:36.794055 2026] [php:error] [pid 58580] [client 45.67.97.15:0] script '/domains/system_suspended/files.php' not found or unable to stat
[Sat Feb 21 01:08:36.850513 2026] [php:error] [pid 58469] [client 45.67.97.192:0] script '/domains/quintet/lock360.php' not found or unable to stat
[Sat Feb 21 01:08:36.917032 2026] [php:error] [pid 58565] [client 45.67.97.16:0] script '/domains/sjsachs/update-core.php' not found or unable to stat
[Sat Feb 21 01:08:36.969111 2026] [php:error] [pid 58555] [client 45.67.97.15:0] script '/domains/perless2web/fm.php' not found or unable to stat
[Sat Feb 21 01:08:36.988273 2026] [php:error] [pid 58502] [client 45.67.97.16:0] script '/domains/system_default/update-core.php' not found or unable to stat
[Sat Feb 21 01:08:37.016782 2026] [php:error] [pid 58568] [client 45.67.97.15:0] script '/domains/system_default/config.php' not found or unable to stat
[Sat Feb 21 01:08:37.081646 2026] [php:error] [pid 58524] [client 45.67.97.15:0] script '/domains/magicjim/wp-atom.php' not found or unable to stat
[Sat Feb 21 01:08:37.137044 2026] [php:error] [pid 58587] [client 45.67.97.16:0] script '/domains/byardrealestate/wpn.php' not found or unable to stat
[Sat Feb 21 01:08:37.139052 2026] [php:error] [pid 58527] [client 45.67.97.17:0] script '/domains/pookie.dnai/1.php' not found or unable to stat
[Sat Feb 21 01:08:37.159512 2026] [php:error] [pid 58546] [client 45.67.97.17:0] script '/domains/proinc/admin-footer.php' not found or unable to stat
[Sat Feb 21 01:08:37.272571 2026] [php:error] [pid 58491] [client 45.67.97.15:0] script '/domains/hungariantasteweb/makeasmtp.php' not found or unable to stat
[Sat Feb 21 01:08:37.316256 2026] [php:error] [pid 58469] [client 45.67.97.192:0] script '/domains/quintet/zwso.php' not found or unable to stat
[Sat Feb 21 01:08:37.316261 2026] [php:error] [pid 58522] [client 45.67.97.15:0] script '/domains/pmglobal/wpn.php' not found or unable to stat
[Sat Feb 21 01:08:37.482755 2026] [php:error] [pid 58585] [client 45.67.97.192:0] script '/domains/astweb/filefuns.php' not found or unable to stat
[Sat Feb 21 01:08:37.485203 2026] [php:error] [pid 58568] [client 45.67.97.15:0] script '/domains/system_default/special.php' not found or unable to stat
[Sat Feb 21 01:08:37.485884 2026] [php:error] [pid 58556] [client 45.67.97.17:0] script '/domains/aatweb/images/class.php' not found or unable to stat
[Sat Feb 21 01:08:37.504872 2026] [php:error] [pid 58504] [client 45.67.97.15:0] script '/domains/memanuel/moon.php' not found or unable to stat
[Sat Feb 21 01:08:37.508419 2026] [php:error] [pid 58567] [client 45.67.97.15:0] script '/domains/ferguson.interport/pages.php' not found or unable to stat
[Sat Feb 21 01:08:37.547251 2026] [php:error] [pid 58549] [client 45.67.97.16:0] script '/domains/ceonlinenews/wp-trackback.php' not found or unable to stat
[Sat Feb 21 01:08:37.563600 2026] [php:error] [pid 58541] [client 45.67.97.192:0] script '/domains/biehlweb/css/adminfusm.php' not found or unable to stat
[Sat Feb 21 01:08:37.606414 2026] [php:error] [pid 58506] [client 45.67.97.15:0] script '/domains/familyplayhouse2/shell.php' not found or unable to stat
[Sat Feb 21 01:08:37.623896 2026] [php:error] [pid 58470] [client 45.67.97.192:0] script '/domains/testregisgroup/page.php' not found or unable to stat
[Sat Feb 21 01:08:37.634023 2026] [php:error] [pid 58529] [client 45.67.97.17:0] script '/domains/jaspen/options-writing.php' not found or unable to stat
[Sat Feb 21 01:08:37.753518 2026] [php:error] [pid 58545] [client 45.67.97.192:0] script '/domains/bruceweb/tox.php' not found or unable to stat
[Sat Feb 21 01:08:37.780620 2026] [php:error] [pid 58469] [client 45.67.97.192:0] script '/domains/quintet/chosen.php' not found or unable to stat
[Sat Feb 21 01:08:37.803987 2026] [php:error] [pid 58558] [client 45.67.97.15:0] script '/domains/hpveweb/images/mah.php' not found or unable to stat
[Sat Feb 21 01:08:37.847974 2026] [php:error] [pid 58565] [client 45.67.97.16:0] script '/domains/sjsachs/wp-mail.php' not found or unable to stat
[Sat Feb 21 01:08:37.928539 2026] [php:error] [pid 58502] [client 45.67.97.16:0] script '/domains/system_default/wp-mail.php' not found or unable to stat
[Sat Feb 21 01:08:37.973555 2026] [php:error] [pid 58507] [client 45.67.97.17:0] script '/domains/bels/Simple.php' not found or unable to stat
[Sat Feb 21 01:08:38.019059 2026] [php:error] [pid 58524] [client 45.67.97.15:0] script '/domains/magicjim/up.php' not found or unable to stat
[Sat Feb 21 01:08:38.106425 2026] [php:error] [pid 58529] [client 45.67.97.17:0] script '/domains/jaspen/options-reading.php' not found or unable to stat
[Sat Feb 21 01:08:38.137040 2026] [php:error] [pid 58526] [client 45.67.97.192:0] script '/domains/system_default/nf_tracking.php' not found or unable to stat
[Sat Feb 21 01:08:38.195719 2026] [php:error] [pid 58575] [client 45.67.97.15:0] script '/domains/system_suspended/ws.php' not found or unable to stat
[Sat Feb 21 01:08:38.246367 2026] [php:error] [pid 58469] [client 45.67.97.192:0] script '/domains/quintet/about.php' not found or unable to stat
[Sat Feb 21 01:08:38.253279 2026] [php:error] [pid 58515] [client 45.67.97.17:0] script '/domains/fbardin/wp-admin.php' not found or unable to stat
[Sat Feb 21 01:08:38.397837 2026] [php:error] [pid 58546] [client 45.67.97.17:0] script '/domains/proinc/XxX.php' not found or unable to stat
[Sat Feb 21 01:08:38.400625 2026] [php:error] [pid 58508] [client 45.67.97.192:0] script '/domains/peterbmiller/blog.php' not found or unable to stat
[Sat Feb 21 01:08:38.425550 2026] [php:error] [pid 58585] [client 45.67.97.192:0] script '/domains/astweb/l.php' not found or unable to stat
[Sat Feb 21 01:08:38.427990 2026] [php:error] [pid 58556] [client 45.67.97.17:0] script '/domains/aatweb/web.php' not found or unable to stat
[Sat Feb 21 01:08:38.496128 2026] [php:error] [pid 58579] [client 45.67.97.17:0] script '/domains/micra/images/av.php' not found or unable to stat
[Sat Feb 21 01:08:38.496737 2026] [php:error] [pid 58549] [client 45.67.97.16:0] script '/domains/ceonlinenews/radio.php' not found or unable to stat
[Sat Feb 21 01:08:38.497071 2026] [php:error] [pid 58520] [client 45.67.97.17:0] script '/domains/csiniaws/shell.php' not found or unable to stat
[Sat Feb 21 01:08:38.579312 2026] [php:error] [pid 58529] [client 45.67.97.17:0] script '/domains/jaspen/wsad.php' not found or unable to stat
[Sat Feb 21 01:08:38.643500 2026] [php:error] [pid 58589] [client 45.67.97.192:0] script '/domains/tmandel/aks.php' not found or unable to stat
[Sat Feb 21 01:08:38.669203 2026] [php:error] [pid 58535] [client 45.67.97.16:0] script '/domains/miles.interport/adminfuns.php' not found or unable to stat
[Sat Feb 21 01:08:38.685537 2026] [php:error] [pid 58491] [client 45.67.97.15:0] script '/domains/hungariantasteweb/images/bypass.php' not found or unable to stat
[Sat Feb 21 01:08:38.711556 2026] [php:error] [pid 58469] [client 45.67.97.192:0] script '/domains/quintet/admin.php' not found or unable to stat
[Sat Feb 21 01:08:38.777289 2026] [php:error] [pid 58509] [client 45.67.97.16:0] script '/domains/system_default/wp-head.php' not found or unable to stat
[Sat Feb 21 01:08:38.851736 2026] [php:error] [pid 58555] [client 45.67.97.15:0] script '/domains/perless2web/ini.php' not found or unable to stat
[Sat Feb 21 01:08:38.879988 2026] [php:error] [pid 58582] [client 45.67.97.16:0] script '/domains/trodine/class.api.php' not found or unable to stat
[Sat Feb 21 01:08:38.897603 2026] [php:error] [pid 58585] [client 45.67.97.192:0] script '/domains/astweb/repeater.php' not found or unable to stat
[Sat Feb 21 01:08:38.921305 2026] [php:error] [pid 58504] [client 45.67.97.15:0] script '/domains/memanuel/webadmin.php' not found or unable to stat
[Sat Feb 21 01:08:39.049135 2026] [php:error] [pid 58529] [client 45.67.97.17:0] script '/domains/jaspen/nation.php' not found or unable to stat
[Sat Feb 21 01:08:39.080288 2026] [php:error] [pid 58526] [client 45.67.97.192:0] script '/domains/system_default/filefuns.php' not found or unable to stat
[Sat Feb 21 01:08:39.178851 2026] [php:error] [pid 58497] [client 45.67.97.17:0] script '/domains/antiqueweb1/as.php' not found or unable to stat
[Sat Feb 21 01:08:39.384739 2026] [php:error] [pid 58556] [client 45.67.97.17:0] script '/domains/aatweb/images/index.php' not found or unable to stat
[Sat Feb 21 01:08:39.390290 2026] [php:error] [pid 58560] [client 45.67.97.15:0] script '/domains/druckrey/blog.php' not found or unable to stat
[Sat Feb 21 01:08:39.427064 2026] [php:error] [pid 58589] [client 45.67.97.192:0] script '/domains/tmandel/litespeed.php' not found or unable to stat
[Sat Feb 21 01:08:39.479233 2026] [php:error] [pid 58500] [client 45.67.97.192:0] script '/domains/acagolf1/f35_SpaceTn.php' not found or unable to stat
[Sat Feb 21 01:08:39.484573 2026] [php:error] [pid 58513] [client 45.67.97.17:0] script '/domains/jrp.interport/images/class.php' not found or unable to stat
[Sat Feb 21 01:08:39.606647 2026] [php:error] [pid 58575] [client 45.67.97.15:0] script '/domains/system_suspended/shop.php' not found or unable to stat
[Sat Feb 21 01:08:39.614379 2026] [php:error] [pid 58535] [client 45.67.97.16:0] script '/domains/miles.interport/wp_wlx.php' not found or unable to stat
[Sat Feb 21 01:08:39.639958 2026] [php:error] [pid 58545] [client 45.67.97.192:0] script '/domains/bruceweb/tiny.php' not found or unable to stat
[Sat Feb 21 01:08:39.644244 2026] [php:error] [pid 58497] [client 45.67.97.17:0] script '/domains/antiqueweb1/cc.php' not found or unable to stat
[Sat Feb 21 01:08:39.648418 2026] [php:error] [pid 58469] [client 45.67.97.192:0] script '/domains/quintet/mah.php' not found or unable to stat
[Sat Feb 21 01:08:39.649773 2026] [php:error] [pid 58488] [client 20.24.204.137:0] script '/domains/ebon/new4.php' not found or unable to stat
[Sat Feb 21 01:08:39.725972 2026] [php:error] [pid 58590] [client 45.67.97.15:0] script '/domains/system_suspended/install.php' not found or unable to stat
[Sat Feb 21 01:08:39.788006 2026] [php:error] [pid 58472] [client 45.67.97.15:0] script '/domains/nsmd2/byp.php' not found or unable to stat
[Sat Feb 21 01:08:39.864539 2026] [php:error] [pid 58488] [client 20.24.204.137:0] script '/domains/ebon/sc.php' not found or unable to stat
[Sat Feb 21 01:08:39.941635 2026] [php:error] [pid 58453] [client 45.67.97.17:0] script '/domains/system_default/wp-api.php' not found or unable to stat
[Sat Feb 21 01:08:39.947810 2026] [php:error] [pid 58506] [client 45.67.97.15:0] script '/domains/familyplayhouse2/hehe.php' not found or unable to stat
[Sat Feb 21 01:08:40.021011 2026] [php:error] [pid 58526] [client 45.67.97.192:0] script '/domains/system_default/l.php' not found or unable to stat
[Sat Feb 21 01:08:40.078895 2026] [php:error] [pid 58488] [client 20.24.204.137:0] script '/domains/ebon/aq.php' not found or unable to stat
[Sat Feb 21 01:08:40.149958 2026] [php:error] [pid 58515] [client 45.67.97.17:0] script '/domains/fbardin/wp-editor.php' not found or unable to stat
[Sat Feb 21 01:08:40.175534 2026] [php:error] [pid 58559] [client 45.67.97.192:0] script '/domains/rnachum/entrepreneuse.php' not found or unable to stat
[Sat Feb 21 01:08:40.192671 2026] [php:error] [pid 58509] [client 45.67.97.16:0] script '/domains/system_default/makeasmtp.php' not found or unable to stat
[Sat Feb 21 01:08:40.275724 2026] [php:error] [pid 58508] [client 45.67.97.192:0] script '/domains/peterbmiller/images/av.php' not found or unable to stat
[Sat Feb 21 01:08:40.283645 2026] [php:error] [pid 58582] [client 45.67.97.16:0] script '/domains/trodine/system_log.php' not found or unable to stat
[Sat Feb 21 01:08:40.292986 2026] [php:error] [pid 58488] [client 20.24.204.137:0] script '/domains/ebon/opts.php' not found or unable to stat
[Sat Feb 21 01:08:40.323884 2026] [php:error] [pid 58585] [client 45.67.97.192:0] script '/domains/astweb/contacts.php' not found or unable to stat
[Sat Feb 21 01:08:40.335027 2026] [php:error] [pid 58504] [client 45.67.97.15:0] script '/domains/memanuel/xl2023.php' not found or unable to stat
[Sat Feb 21 01:08:40.387590 2026] [php:error] [pid 58579] [client 45.67.97.17:0] script '/domains/micra/elp.php' not found or unable to stat
[Sat Feb 21 01:08:40.389258 2026] [php:error] [pid 58549] [client 45.67.97.16:0] script '/domains/ceonlinenews/wp-conflg.php' not found or unable to stat
[Sat Feb 21 01:08:40.430570 2026] [php:error] [pid 58513] [client 45.67.97.17:0] script '/domains/jrp.interport/web.php' not found or unable to stat
[Sat Feb 21 01:08:40.482710 2026] [php:error] [pid 58525] [client 45.67.97.16:0] script '/domains/fdcarter/plugin-install.php' not found or unable to stat
[Sat Feb 21 01:08:40.507153 2026] [php:error] [pid 58488] [client 20.24.204.137:0] script '/domains/ebon/wp-act.php' not found or unable to stat
