[Sat Feb 21 01:07:15.714061 2026] [php:error] [pid 58522] [client 45.67.97.192:0] script '/domains/antiqueweb1/Marvins.php' not found or unable to stat
[Sat Feb 21 01:07:15.723287 2026] [php:error] [pid 58513] [client 45.67.97.16:0] script '/domains/system_default/makeasmtp.php' not found or unable to stat
[Sat Feb 21 01:07:15.785044 2026] [php:error] [pid 58531] [client 45.67.97.16:0] script '/domains/csiniaws/xl2023.php' not found or unable to stat
[Sat Feb 21 01:07:15.925858 2026] [php:error] [pid 58548] [client 45.67.97.192:0] script '/domains/jaspen/ext.php' not found or unable to stat
[Sat Feb 21 01:07:15.937717 2026] [php:error] [pid 58553] [client 45.67.97.15:0] script '/domains/fbardin/tox.php' not found or unable to stat
[Sat Feb 21 01:07:16.031447 2026] [php:error] [pid 58552] [client 45.67.97.16:0] script '/domains/frog.interport1/wpn.php' not found or unable to stat
[Sat Feb 21 01:07:16.074440 2026] [php:error] [pid 58519] [client 45.67.97.16:0] script '/domains/ceonlinenews/mah.php' not found or unable to stat
[Sat Feb 21 01:07:16.176072 2026] [php:error] [pid 58543] [client 45.67.97.192:0] script '/domains/perless2web/wp-trackback.php' not found or unable to stat
[Sat Feb 21 01:07:16.234458 2026] [php:error] [pid 58555] [client 45.67.97.17:0] script '/domains/druckrey/adminfusm.php' not found or unable to stat
[Sat Feb 21 01:07:16.256103 2026] [php:error] [pid 58531] [client 45.67.97.16:0] script '/domains/csiniaws/go.php' not found or unable to stat
[Sat Feb 21 01:07:16.299342 2026] [php:error] [pid 58556] [client 45.67.97.16:0] script '/domains/aatweb/manager.php' not found or unable to stat
[Sat Feb 21 01:07:16.313127 2026] [php:error] [pid 58533] [client 45.67.97.16:0] script '/domains/memanuel/wp-signup.php' not found or unable to stat
[Sat Feb 21 01:07:16.327847 2026] [php:error] [pid 58469] [client 45.67.97.16:0] script '/domains/pmglobal/ini.php' not found or unable to stat
[Sat Feb 21 01:07:16.328339 2026] [php:error] [pid 58476] [client 45.67.97.16:0] script '/domains/system_default/contacts.php' not found or unable to stat
[Sat Feb 21 01:07:16.390311 2026] [php:error] [pid 58453] [client 45.67.97.16:0] script '/domains/windsorweb/shell.php' not found or unable to stat
[Sat Feb 21 01:07:16.393197 2026] [php:error] [pid 58548] [client 45.67.97.192:0] script '/domains/jaspen/delpaths.php' not found or unable to stat
[Sat Feb 21 01:07:16.421796 2026] [php:error] [pid 58490] [client 45.67.97.192:0] script '/domains/magicjim/wp-links-opml.php' not found or unable to stat
[Sat Feb 21 01:07:16.433261 2026] [php:error] [pid 58502] [client 45.67.97.15:0] script '/domains/hungariantasteweb/contacts.php' not found or unable to stat
[Sat Feb 21 01:07:16.435544 2026] [php:error] [pid 58535] [client 45.67.97.17:0] script '/domains/proinc/update-core.php' not found or unable to stat
[Sat Feb 21 01:07:16.461971 2026] [php:error] [pid 58541] [client 45.67.97.17:0] script '/domains/biehlweb/css/as.php' not found or unable to stat
[Sat Feb 21 01:07:16.496228 2026] [php:error] [pid 58520] [client 45.67.97.17:0] script '/domains/acagolf1/theme.php' not found or unable to stat
[Sat Feb 21 01:07:16.504705 2026] [php:error] [pid 58508] [client 45.67.97.192:0] script '/domains/system_suspended/xex.php' not found or unable to stat
[Sat Feb 21 01:07:16.596581 2026] [php:error] [pid 58501] [client 45.67.97.15:0] script '/domains/system_suspended/adminfusm.php' not found or unable to stat
[Sat Feb 21 01:07:16.627866 2026] [php:error] [pid 58504] [client 45.67.97.15:0] script '/domains/resourceandeventweb/images/buy.php' not found or unable to stat
[Sat Feb 21 01:07:16.630842 2026] [php:error] [pid 58505] [client 45.67.97.15:0] script '/domains/nsmd2/bypass.php' not found or unable to stat
[Sat Feb 21 01:07:16.654594 2026] [php:error] [pid 58550] [client 45.67.97.17:0] script '/domains/fdcarter/error.php' not found or unable to stat
[Sat Feb 21 01:07:16.658377 2026] [php:error] [pid 58522] [client 45.67.97.192:0] script '/domains/antiqueweb1/wp-class.php' not found or unable to stat
[Sat Feb 21 01:07:16.707331 2026] [php:error] [pid 58509] [client 45.67.97.17:0] script '/domains/system_suspended/wpn.php' not found or unable to stat
[Sat Feb 21 01:07:16.764558 2026] [php:error] [pid 58556] [client 45.67.97.16:0] script '/domains/aatweb/bless.php' not found or unable to stat
[Sat Feb 21 01:07:16.799655 2026] [php:error] [pid 58476] [client 45.67.97.16:0] script '/domains/system_default/wsa.php' not found or unable to stat
[Sat Feb 21 01:07:16.903662 2026] [php:error] [pid 58502] [client 45.67.97.15:0] script '/domains/hungariantasteweb/wsa.php' not found or unable to stat
[Sat Feb 21 01:07:16.959741 2026] [php:error] [pid 58493] [client 45.67.97.17:0] script '/domains/testregisgroup/images/buy.php' not found or unable to stat
[Sat Feb 21 01:07:17.018615 2026] [php:error] [pid 58519] [client 45.67.97.16:0] script '/domains/ceonlinenews/core.php' not found or unable to stat
[Sat Feb 21 01:07:17.098385 2026] [php:error] [pid 58505] [client 45.67.97.15:0] script '/domains/nsmd2/class.php' not found or unable to stat
[Sat Feb 21 01:07:17.114058 2026] [php:error] [pid 58543] [client 45.67.97.192:0] script '/domains/perless2web/radio.php' not found or unable to stat
[Sat Feb 21 01:07:17.229299 2026] [php:error] [pid 58474] [client 45.67.97.192:0] script '/domains/peterbmiller/images/habhan.php' not found or unable to stat
[Sat Feb 21 01:07:17.230555 2026] [php:error] [pid 58556] [client 45.67.97.16:0] script '/domains/aatweb/O-Simple.php' not found or unable to stat
[Sat Feb 21 01:07:17.360180 2026] [php:error] [pid 58490] [client 45.67.97.192:0] script '/domains/magicjim/atomlib.php' not found or unable to stat
[Sat Feb 21 01:07:17.381641 2026] [php:error] [pid 58535] [client 45.67.97.17:0] script '/domains/proinc/wp-mail.php' not found or unable to stat
[Sat Feb 21 01:07:17.381916 2026] [php:error] [pid 58547] [client 45.67.97.17:0] script '/domains/familyplayhouse2/cgi-bin/index.php' not found or unable to stat
[Sat Feb 21 01:07:17.404928 2026] [php:error] [pid 58524] [client 45.67.97.192:0] script '/domains/tmandel/fm.php' not found or unable to stat
[Sat Feb 21 01:07:17.500397 2026] [php:error] [pid 58519] [client 45.67.97.16:0] script '/domains/ceonlinenews/robots.php' not found or unable to stat
[Sat Feb 21 01:07:17.584226 2026] [php:error] [pid 58482] [client 45.67.97.16:0] script '/domains/astweb/hehehehe.php' not found or unable to stat
[Sat Feb 21 01:07:17.598583 2026] [php:error] [pid 58494] [client 45.67.97.17:0] script '/domains/pookie.dnai/web.php' not found or unable to stat
[Sat Feb 21 01:07:17.598869 2026] [php:error] [pid 58522] [client 45.67.97.192:0] script '/domains/antiqueweb1/xx.php' not found or unable to stat
[Sat Feb 21 01:07:17.610578 2026] [php:error] [pid 58532] [client 45.67.97.17:0] script '/domains/gohover/moon.php' not found or unable to stat
[Sat Feb 21 01:07:17.696383 2026] [php:error] [pid 58556] [client 45.67.97.16:0] script '/domains/aatweb/lock360.php' not found or unable to stat
[Sat Feb 21 01:07:17.720736 2026] [php:error] [pid 58533] [client 45.67.97.16:0] script '/domains/memanuel/wp-blog.php' not found or unable to stat
[Sat Feb 21 01:07:17.794757 2026] [php:error] [pid 58527] [client 45.67.97.192:0] script '/domains/bels/as.php' not found or unable to stat
[Sat Feb 21 01:07:17.834582 2026] [php:error] [pid 58553] [client 45.67.97.15:0] script '/domains/fbardin/tiny.php' not found or unable to stat
[Sat Feb 21 01:07:17.869783 2026] [php:error] [pid 58541] [client 45.67.97.17:0] script '/domains/biehlweb/wsax.php' not found or unable to stat
[Sat Feb 21 01:07:17.911496 2026] [php:error] [pid 58520] [client 45.67.97.17:0] script '/domains/acagolf1/Simple.php' not found or unable to stat
[Sat Feb 21 01:07:17.971135 2026] [php:error] [pid 58479] [client 45.67.97.15:0] script '/domains/system_default/hehehehe.php' not found or unable to stat
[Sat Feb 21 01:07:17.971491 2026] [php:error] [pid 58519] [client 45.67.97.16:0] script '/domains/ceonlinenews/inputs.php' not found or unable to stat
[Sat Feb 21 01:07:18.011219 2026] [php:error] [pid 58559] [client 45.67.97.17:0] script '/domains/jrp.interport/manager.php' not found or unable to stat
[Sat Feb 21 01:07:18.021904 2026] [php:error] [pid 58545] [client 45.67.97.17:0] script '/domains/system_suspended/wp-content.php' not found or unable to stat
[Sat Feb 21 01:07:18.067932 2026] [php:error] [pid 58522] [client 45.67.97.192:0] script '/domains/antiqueweb1/autoload_classmap.php' not found or unable to stat
[Sat Feb 21 01:07:18.162268 2026] [php:error] [pid 58556] [client 45.67.97.16:0] script '/domains/aatweb/zwso.php' not found or unable to stat
[Sat Feb 21 01:07:18.260896 2026] [php:error] [pid 58527] [client 45.67.97.192:0] script '/domains/bels/cc.php' not found or unable to stat
[Sat Feb 21 01:07:18.292565 2026] [php:error] [pid 58540] [client 45.67.97.17:0] script '/domains/braniff/dropdown.php' not found or unable to stat
[Sat Feb 21 01:07:18.293733 2026] [php:error] [pid 58488] [client 45.67.97.16:0] script '/domains/bruceweb/byp.php' not found or unable to stat
[Sat Feb 21 01:07:18.445134 2026] [php:error] [pid 58519] [client 45.67.97.16:0] script '/domains/ceonlinenews/mini.php' not found or unable to stat
[Sat Feb 21 01:07:18.529800 2026] [php:error] [pid 58550] [client 45.67.97.17:0] script '/domains/fdcarter/wp-files.php' not found or unable to stat
[Sat Feb 21 01:07:18.630706 2026] [php:error] [pid 58556] [client 45.67.97.16:0] script '/domains/aatweb/chosen.php' not found or unable to stat
[Sat Feb 21 01:07:18.661184 2026] [php:error] [pid 58482] [client 34.96.162.51:0] script '/domains/gk3c/adminer-4.2.5.php' not found or unable to stat
[Sat Feb 21 01:07:18.733051 2026] [php:error] [pid 58453] [client 45.67.97.16:0] script '/domains/windsorweb/hehe.php' not found or unable to stat
[Sat Feb 21 01:07:18.758882 2026] [php:error] [pid 58540] [client 45.67.97.17:0] script '/domains/braniff/images/admin.php' not found or unable to stat
[Sat Feb 21 01:07:18.768136 2026] [php:error] [pid 58507] [client 45.67.97.16:0] script '/domains/homesbyaudrey1/small.php' not found or unable to stat
[Sat Feb 21 01:07:18.779746 2026] [php:error] [pid 58553] [client 45.67.97.15:0] script '/domains/fbardin/themes.php' not found or unable to stat
[Sat Feb 21 01:07:18.854654 2026] [php:error] [pid 58508] [client 45.67.97.192:0] script '/domains/system_suspended/wp-head.php' not found or unable to stat
[Sat Feb 21 01:07:18.890583 2026] [php:error] [pid 58559] [client 45.67.97.17:0] script '/domains/jrp.interport/bless.php' not found or unable to stat
[Sat Feb 21 01:07:18.916187 2026] [php:error] [pid 58519] [client 45.67.97.16:0] script '/domains/ceonlinenews/goods.php' not found or unable to stat
[Sat Feb 21 01:07:18.988018 2026] [php:error] [pid 58543] [client 45.67.97.192:0] script '/domains/perless2web/wp-conflg.php' not found or unable to stat
[Sat Feb 21 01:07:19.001489 2026] [php:error] [pid 58550] [client 45.67.97.17:0] script '/domains/fdcarter/functions.php' not found or unable to stat
[Sat Feb 21 01:07:19.026500 2026] [php:error] [pid 58532] [client 45.67.97.17:0] script '/domains/gohover/webadmin.php' not found or unable to stat
[Sat Feb 21 01:07:19.044030 2026] [php:error] [pid 58529] [client 45.67.97.15:0] script '/domains/system_suspended/aa.php' not found or unable to stat
[Sat Feb 21 01:07:19.097764 2026] [php:error] [pid 58556] [client 45.67.97.16:0] script '/domains/aatweb/about.php' not found or unable to stat
[Sat Feb 21 01:07:19.164779 2026] [php:error] [pid 58476] [client 45.67.97.16:0] script '/domains/system_default/lv.php' not found or unable to stat
[Sat Feb 21 01:07:19.188495 2026] [php:error] [pid 58548] [client 45.67.97.192:0] script '/domains/jaspen/gifclass.php' not found or unable to stat
[Sat Feb 21 01:07:19.191812 2026] [php:error] [pid 58527] [client 45.67.97.192:0] script '/domains/bels/ab.php' not found or unable to stat
[Sat Feb 21 01:07:19.223659 2026] [php:error] [pid 58540] [client 45.67.97.17:0] script '/domains/braniff/db.php' not found or unable to stat
[Sat Feb 21 01:07:19.250772 2026] [php:error] [pid 58553] [client 45.67.97.15:0] script '/domains/fbardin/wp-themes.php' not found or unable to stat
[Sat Feb 21 01:07:19.253219 2026] [php:error] [pid 58502] [client 45.67.97.15:0] script '/domains/hungariantasteweb/lv.php' not found or unable to stat
[Sat Feb 21 01:07:19.260486 2026] [php:error] [pid 58539] [client 45.67.97.16:0] script '/domains/micra/f35_SpaceTn.php' not found or unable to stat
[Sat Feb 21 01:07:19.274859 2026] [php:error] [pid 58524] [client 45.67.97.192:0] script '/domains/tmandel/ini.php' not found or unable to stat
[Sat Feb 21 01:07:19.367298 2026] [php:error] [pid 58559] [client 45.67.97.17:0] script '/domains/jrp.interport/O-Simple.php' not found or unable to stat
[Sat Feb 21 01:07:19.389165 2026] [php:error] [pid 58519] [client 45.67.97.16:0] script '/domains/ceonlinenews/file5.php' not found or unable to stat
[Sat Feb 21 01:07:19.454912 2026] [php:error] [pid 58543] [client 45.67.97.192:0] script '/domains/perless2web/wp-setup.php' not found or unable to stat
[Sat Feb 21 01:07:19.479725 2026] [php:error] [pid 58546] [client 45.67.97.192:0] script '/domains/trodine/adminfuns.php' not found or unable to stat
[Sat Feb 21 01:07:19.479932 2026] [php:error] [pid 58522] [client 45.67.97.192:0] script '/domains/antiqueweb1/content.php' not found or unable to stat
[Sat Feb 21 01:07:19.508202 2026] [php:error] [pid 58509] [client 45.67.97.192:0] script '/domains/byardrealestate/wp-content.php' not found or unable to stat
[Sat Feb 21 01:07:19.509322 2026] [php:error] [pid 58529] [client 45.67.97.15:0] script '/domains/system_suspended/index2.php' not found or unable to stat
[Sat Feb 21 01:07:19.571683 2026] [php:error] [pid 58556] [client 45.67.97.16:0] script '/domains/aatweb/admin.php' not found or unable to stat
[Sat Feb 21 01:07:19.582693 2026] [php:error] [pid 58533] [client 45.67.97.16:0] script '/domains/memanuel/wp-l0gin.php' not found or unable to stat
[Sat Feb 21 01:07:19.653223 2026] [php:error] [pid 58506] [client 45.67.97.192:0] script '/domains/system_cancel/install.php' not found or unable to stat
[Sat Feb 21 01:07:19.654225 2026] [php:error] [pid 58548] [client 45.67.97.192:0] script '/domains/jaspen/plugin.php' not found or unable to stat
[Sat Feb 21 01:07:19.703844 2026] [php:error] [pid 58490] [client 45.67.97.192:0] script '/domains/magicjim/xp.php' not found or unable to stat
[Sat Feb 21 01:07:19.706848 2026] [php:error] [pid 58507] [client 45.67.97.16:0] script '/domains/homesbyaudrey1/NewFile.php' not found or unable to stat
[Sat Feb 21 01:07:19.722897 2026] [php:error] [pid 58502] [client 45.67.97.15:0] script '/domains/hungariantasteweb/images/js1.php' not found or unable to stat
[Sat Feb 21 01:07:19.848318 2026] [php:error] [pid 58559] [client 45.67.97.17:0] script '/domains/jrp.interport/lock360.php' not found or unable to stat
[Sat Feb 21 01:07:19.862027 2026] [php:error] [pid 58519] [client 45.67.97.16:0] script '/domains/ceonlinenews/ahax.php' not found or unable to stat
[Sat Feb 21 01:07:19.922355 2026] [php:error] [pid 58543] [client 45.67.97.192:0] script '/domains/perless2web/ms-themes.php' not found or unable to stat
[Sat Feb 21 01:07:19.944381 2026] [php:error] [pid 58551] [client 45.67.97.16:0] script '/domains/sjsachs/moon.php' not found or unable to stat
[Sat Feb 21 01:07:20.000264 2026] [php:error] [pid 58549] [client 45.67.97.16:0] script '/domains/system_suspended/b.php' not found or unable to stat
[Sat Feb 21 01:07:20.136731 2026] [php:error] [pid 58453] [client 45.67.97.16:0] script '/domains/windsorweb/dir.php' not found or unable to stat
[Sat Feb 21 01:07:20.263584 2026] [php:error] [pid 58508] [client 45.67.97.192:0] script '/domains/system_suspended/makeasmtp.php' not found or unable to stat
[Sat Feb 21 01:07:20.326015 2026] [php:error] [pid 58559] [client 45.67.97.17:0] script '/domains/jrp.interport/zwso.php' not found or unable to stat
[Sat Feb 21 01:07:20.335557 2026] [php:error] [pid 58519] [client 45.67.97.16:0] script '/domains/ceonlinenews/f35.php' not found or unable to stat
[Sat Feb 21 01:07:20.372668 2026] [php:error] [pid 58545] [client 45.67.97.17:0] script '/domains/system_suspended/customize.php' not found or unable to stat
[Sat Feb 21 01:07:20.380691 2026] [php:error] [pid 58505] [client 45.67.97.15:0] script '/domains/nsmd2/init.php' not found or unable to stat
[Sat Feb 21 01:07:20.414821 2026] [php:error] [pid 58494] [client 45.67.97.17:0] script '/domains/pookie.dnai/wp-trackback.php' not found or unable to stat
[Sat Feb 21 01:07:20.418021 2026] [php:error] [pid 58546] [client 45.67.97.192:0] script '/domains/trodine/wp_wlx.php' not found or unable to stat
[Sat Feb 21 01:07:20.429328 2026] [php:error] [pid 58532] [client 45.67.97.17:0] script '/domains/gohover/xl2023.php' not found or unable to stat
[Sat Feb 21 01:07:20.502129 2026] [php:error] [pid 58556] [client 45.67.97.16:0] script '/domains/aatweb/mah.php' not found or unable to stat
[Sat Feb 21 01:07:20.515298 2026] [php:error] [pid 58533] [client 45.67.97.16:0] script '/domains/memanuel/new.php' not found or unable to stat
[Sat Feb 21 01:07:20.589266 2026] [php:error] [pid 58548] [client 45.67.97.192:0] script '/domains/jaspen/update-core.php' not found or unable to stat
[Sat Feb 21 01:07:20.590079 2026] [php:error] [pid 58527] [client 45.67.97.192:0] script '/domains/bels/doc.php' not found or unable to stat
[Sat Feb 21 01:07:20.637177 2026] [php:error] [pid 58491] [client 45.67.97.192:0] script '/domains/system_default/moon.php' not found or unable to stat
[Sat Feb 21 01:07:20.645528 2026] [php:error] [pid 58507] [client 45.67.97.16:0] script '/domains/homesbyaudrey1/error.php' not found or unable to stat
[Sat Feb 21 01:07:20.664571 2026] [php:error] [pid 58553] [client 45.67.97.15:0] script '/domains/fbardin/mariju.php' not found or unable to stat
[Sat Feb 21 01:07:20.797540 2026] [php:error] [pid 58559] [client 45.67.97.17:0] script '/domains/jrp.interport/chosen.php' not found or unable to stat
[Sat Feb 21 01:07:20.836822 2026] [php:error] [pid 58545] [client 45.67.97.17:0] script '/domains/system_suspended/license.php' not found or unable to stat
[Sat Feb 21 01:07:20.857095 2026] [php:error] [pid 58543] [client 45.67.97.192:0] script '/domains/perless2web/style.php' not found or unable to stat
[Sat Feb 21 01:07:20.894480 2026] [php:error] [pid 58532] [client 45.67.97.17:0] script '/domains/gohover/go.php' not found or unable to stat
[Sat Feb 21 01:07:20.994560 2026] [php:error] [pid 58554] [client 45.67.97.15:0] script '/domains/rnachum/gm.php' not found or unable to stat
[Sat Feb 21 01:07:21.110545 2026] [php:error] [pid 58490] [client 45.67.97.192:0] script '/domains/magicjim/wp-links.php' not found or unable to stat
[Sat Feb 21 01:07:21.135967 2026] [php:error] [pid 58553] [client 45.67.97.15:0] script '/domains/fbardin/waf_defender.php' not found or unable to stat
[Sat Feb 21 01:07:21.204055 2026] [php:error] [pid 58500] [client 45.67.97.15:0] script '/domains/pbuilder/tox.php' not found or unable to stat
[Sat Feb 21 01:07:21.210317 2026] [php:error] [pid 58520] [client 45.67.97.15:0] script '/domains/acagolf1/css/av.php' not found or unable to stat
[Sat Feb 21 01:07:21.273174 2026] [php:error] [pid 58559] [client 45.67.97.17:0] script '/domains/jrp.interport/about.php' not found or unable to stat
[Sat Feb 21 01:07:21.354532 2026] [php:error] [pid 58551] [client 45.67.97.16:0] script '/domains/sjsachs/webadmin.php' not found or unable to stat
[Sat Feb 21 01:07:21.355808 2026] [php:error] [pid 58550] [client 45.67.97.17:0] script '/domains/fdcarter/aks.php' not found or unable to stat
[Sat Feb 21 01:07:21.357464 2026] [php:error] [pid 58494] [client 45.67.97.17:0] script '/domains/pookie.dnai/radio.php' not found or unable to stat
[Sat Feb 21 01:07:21.414583 2026] [php:error] [pid 58519] [client 45.67.97.16:0] script '/domains/ceonlinenews/simple.php' not found or unable to stat
[Sat Feb 21 01:07:21.434491 2026] [php:error] [pid 58556] [client 45.67.97.16:0] script '/domains/aatweb/core.php' not found or unable to stat
[Sat Feb 21 01:07:21.460961 2026] [php:error] [pid 58474] [client 45.67.97.192:0] script '/domains/peterbmiller/f35_SpaceTn.php' not found or unable to stat
[Sat Feb 21 01:07:21.489247 2026] [php:error] [pid 58479] [client 45.67.97.16:0] script '/domains/pmglobal/wp-content.php' not found or unable to stat
[Sat Feb 21 01:07:21.526991 2026] [php:error] [pid 58548] [client 45.67.97.192:0] script '/domains/jaspen/wp-mail.php' not found or unable to stat
[Sat Feb 21 01:07:21.681560 2026] [php:error] [pid 58520] [client 45.67.97.15:0] script '/domains/acagolf1/images/waf_defender.php' not found or unable to stat
[Sat Feb 21 01:07:21.743705 2026] [php:error] [pid 58559] [client 45.67.97.17:0] script '/domains/jrp.interport/admin.php' not found or unable to stat
[Sat Feb 21 01:07:21.770919 2026] [php:error] [pid 58545] [client 45.67.97.17:0] script '/domains/system_suspended/lock.php' not found or unable to stat
[Sat Feb 21 01:07:21.823389 2026] [php:error] [pid 58550] [client 45.67.97.17:0] script '/domains/fdcarter/litespeed.php' not found or unable to stat
[Sat Feb 21 01:07:21.830717 2026] [php:error] [pid 58546] [client 45.67.97.192:0] script '/domains/trodine/wp.php' not found or unable to stat
[Sat Feb 21 01:07:21.839746 2026] [php:error] [pid 58509] [client 45.67.97.192:0] script '/domains/byardrealestate/customize.php' not found or unable to stat
[Sat Feb 21 01:07:21.840966 2026] [php:error] [pid 58529] [client 45.67.97.15:0] script '/domains/system_suspended/shell.php' not found or unable to stat
[Sat Feb 21 01:07:21.900941 2026] [php:error] [pid 58556] [client 45.67.97.16:0] script '/domains/aatweb/robots.php' not found or unable to stat
[Sat Feb 21 01:07:21.922057 2026] [php:error] [pid 58533] [client 45.67.97.16:0] script '/domains/memanuel/images/DJP9.php' not found or unable to stat
[Sat Feb 21 01:07:21.992059 2026] [php:error] [pid 58527] [client 45.67.97.192:0] script '/domains/bels/wp-login.php' not found or unable to stat
[Sat Feb 21 01:07:22.026432 2026] [php:error] [pid 58453] [client 45.67.97.16:0] script '/domains/windsorweb/nf_tracking.php' not found or unable to stat
[Sat Feb 21 01:07:22.044122 2026] [php:error] [pid 58488] [client 45.67.97.16:0] script '/domains/bruceweb/class.api.php' not found or unable to stat
[Sat Feb 21 01:07:22.081068 2026] [php:error] [pid 58553] [client 45.67.97.15:0] script '/domains/fbardin/av.php' not found or unable to stat
[Sat Feb 21 01:07:22.270202 2026] [php:error] [pid 58543] [client 45.67.97.192:0] script '/domains/perless2web/x.php' not found or unable to stat
[Sat Feb 21 01:07:22.292915 2026] [php:error] [pid 58555] [client 45.67.97.17:0] script '/domains/druckrey/f35_SpaceTn.php' not found or unable to stat
[Sat Feb 21 01:07:22.304018 2026] [php:error] [pid 58509] [client 45.67.97.192:0] script '/domains/byardrealestate/license.php' not found or unable to stat
[Sat Feb 21 01:07:22.362623 2026] [php:error] [pid 58491] [client 45.67.97.192:0] script '/domains/system_default/webadmin.php' not found or unable to stat
[Sat Feb 21 01:07:22.366167 2026] [php:error] [pid 58556] [client 45.67.97.16:0] script '/domains/aatweb/inputs.php' not found or unable to stat
[Sat Feb 21 01:07:22.464587 2026] [php:error] [pid 58527] [client 45.67.97.192:0] script '/domains/bels/mar.php' not found or unable to stat
[Sat Feb 21 01:07:22.464936 2026] [php:error] [pid 58506] [client 45.67.97.192:0] script '/domains/system_cancel/class.php' not found or unable to stat
[Sat Feb 21 01:07:22.531114 2026] [php:error] [pid 58507] [client 45.67.97.16:0] script '/domains/homesbyaudrey1/wp-files.php' not found or unable to stat
[Sat Feb 21 01:07:22.537209 2026] [php:error] [pid 58482] [client 45.67.97.16:0] script '/domains/proinc/aa.php' not found or unable to stat
[Sat Feb 21 01:07:22.632846 2026] [php:error] [pid 58520] [client 45.67.97.15:0] script '/domains/acagolf1/small.php' not found or unable to stat
[Sat Feb 21 01:07:22.667060 2026] [php:error] [pid 58439] [client 45.67.97.192:0] script '/domains/hpveweb/images/wp-aespa.php' not found or unable to stat
[Sat Feb 21 01:07:22.685493 2026] [php:error] [pid 58559] [client 45.67.97.17:0] script '/domains/jrp.interport/mah.php' not found or unable to stat
[Sat Feb 21 01:07:22.762799 2026] [php:error] [pid 58551] [client 45.67.97.16:0] script '/domains/sjsachs/xl2023.php' not found or unable to stat
[Sat Feb 21 01:07:22.815178 2026] [php:error] [pid 58549] [client 45.67.97.16:0] script '/domains/system_suspended/wsax.php' not found or unable to stat
[Sat Feb 21 01:07:22.830477 2026] [php:error] [pid 58556] [client 45.67.97.16:0] script '/domains/aatweb/mini.php' not found or unable to stat
[Sat Feb 21 01:07:22.960987 2026] [php:error] [pid 58453] [client 45.67.97.16:0] script '/domains/windsorweb/filefuns.php' not found or unable to stat
[Sat Feb 21 01:07:23.005911 2026] [php:error] [pid 58507] [client 45.67.97.16:0] script '/domains/homesbyaudrey1/functions.php' not found or unable to stat
[Sat Feb 21 01:07:23.008326 2026] [php:error] [pid 58482] [client 45.67.97.16:0] script '/domains/proinc/index2.php' not found or unable to stat
[Sat Feb 21 01:07:23.011581 2026] [php:error] [pid 58547] [client 45.67.97.17:0] script '/domains/familyplayhouse2/hehehehe.php' not found or unable to stat
[Sat Feb 21 01:07:23.082417 2026] [php:error] [pid 58500] [client 45.67.97.15:0] script '/domains/pbuilder/tiny.php' not found or unable to stat
[Sat Feb 21 01:07:23.114682 2026] [php:error] [pid 58501] [client 45.67.97.15:0] script '/domains/system_suspended/f35_SpaceTn.php' not found or unable to stat
[Sat Feb 21 01:07:23.231176 2026] [php:error] [pid 58551] [client 45.67.97.16:0] script '/domains/sjsachs/go.php' not found or unable to stat
[Sat Feb 21 01:07:23.233919 2026] [php:error] [pid 58494] [client 45.67.97.17:0] script '/domains/pookie.dnai/wp-conflg.php' not found or unable to stat
[Sat Feb 21 01:07:23.234236 2026] [php:error] [pid 58550] [client 45.67.97.17:0] script '/domains/fdcarter/wpn.php' not found or unable to stat
[Sat Feb 21 01:07:23.236818 2026] [php:error] [pid 58509] [client 45.67.97.192:0] script '/domains/byardrealestate/lock.php' not found or unable to stat
[Sat Feb 21 01:07:23.240146 2026] [php:error] [pid 58546] [client 45.67.97.192:0] script '/domains/trodine/wp-header.php' not found or unable to stat
[Sat Feb 21 01:07:23.295848 2026] [php:error] [pid 58556] [client 45.67.97.16:0] script '/domains/aatweb/goods.php' not found or unable to stat
[Sat Feb 21 01:07:23.320892 2026] [php:error] [pid 58533] [client 45.67.97.16:0] script '/domains/memanuel/natural.php' not found or unable to stat
[Sat Feb 21 01:07:23.323653 2026] [php:error] [pid 58515] [client 45.67.97.15:0] script '/domains/system_default/classwithtostring.php' not found or unable to stat
[Sat Feb 21 01:07:23.427340 2026] [php:error] [pid 58540] [client 45.67.97.17:0] script '/domains/braniff/install.php' not found or unable to stat
[Sat Feb 21 01:07:23.466382 2026] [php:error] [pid 58488] [client 45.67.97.16:0] script '/domains/bruceweb/system_log.php' not found or unable to stat
[Sat Feb 21 01:07:23.577309 2026] [php:error] [pid 58520] [client 45.67.97.15:0] script '/domains/acagolf1/NewFile.php' not found or unable to stat
[Sat Feb 21 01:07:23.629064 2026] [php:error] [pid 58559] [client 45.67.97.17:0] script '/domains/jrp.interport/core.php' not found or unable to stat
[Sat Feb 21 01:07:23.631990 2026] [php:error] [pid 58504] [client 45.67.97.15:0] script '/domains/resourceandeventweb/xex.php' not found or unable to stat
[Sat Feb 21 01:07:23.676257 2026] [php:error] [pid 58543] [client 45.67.97.192:0] script '/domains/perless2web/images/index22.php' not found or unable to stat
[Sat Feb 21 01:07:23.704459 2026] [php:error] [pid 58494] [client 45.67.97.17:0] script '/domains/pookie.dnai/wp-setup.php' not found or unable to stat
[Sat Feb 21 01:07:23.708794 2026] [php:error] [pid 58513] [client 45.67.97.16:0] script '/domains/system_default/click.php' not found or unable to stat
[Sat Feb 21 01:07:23.760906 2026] [php:error] [pid 58556] [client 45.67.97.16:0] script '/domains/aatweb/file5.php' not found or unable to stat
[Sat Feb 21 01:07:23.773815 2026] [php:error] [pid 58491] [client 45.67.97.192:0] script '/domains/system_default/xl2023.php' not found or unable to stat
[Sat Feb 21 01:07:23.793827 2026] [php:error] [pid 58533] [client 45.67.97.16:0] script '/domains/memanuel/item.php' not found or unable to stat
[Sat Feb 21 01:07:23.872322 2026] [php:error] [pid 58527] [client 45.67.97.192:0] script '/domains/bels/1.php' not found or unable to stat
[Sat Feb 21 01:07:23.903727 2026] [php:error] [pid 58453] [client 45.67.97.16:0] script '/domains/windsorweb/l.php' not found or unable to stat
[Sat Feb 21 01:07:23.937796 2026] [php:error] [pid 58488] [client 45.67.97.16:0] script '/domains/bruceweb/.alf.php' not found or unable to stat
[Sat Feb 21 01:07:24.017912 2026] [php:error] [pid 58500] [client 45.67.97.15:0] script '/domains/pbuilder/themes.php' not found or unable to stat
[Sat Feb 21 01:07:24.100290 2026] [php:error] [pid 58559] [client 45.67.97.17:0] script '/domains/jrp.interport/robots.php' not found or unable to stat
[Sat Feb 21 01:07:24.146714 2026] [php:error] [pid 58505] [client 45.67.97.15:0] script '/domains/nsmd2/adminfuns.php' not found or unable to stat
[Sat Feb 21 01:07:24.152024 2026] [php:error] [pid 58543] [client 45.67.97.192:0] script '/domains/perless2web/wp-user.php' not found or unable to stat
[Sat Feb 21 01:07:24.173764 2026] [php:error] [pid 58529] [client 45.67.97.15:0] script '/domains/system_suspended/hehe.php' not found or unable to stat
[Sat Feb 21 01:07:24.176554 2026] [php:error] [pid 58494] [client 45.67.97.17:0] script '/domains/pookie.dnai/ms-themes.php' not found or unable to stat
[Sat Feb 21 01:07:24.181422 2026] [php:error] [pid 58546] [client 45.67.97.192:0] script '/domains/trodine/Marvins.php' not found or unable to stat
[Sat Feb 21 01:07:24.229023 2026] [php:error] [pid 58556] [client 45.67.97.16:0] script '/domains/aatweb/ahax.php' not found or unable to stat
[Sat Feb 21 01:07:24.233705 2026] [php:error] [pid 58479] [client 45.67.97.16:0] script '/domains/pmglobal/customize.php' not found or unable to stat
[Sat Feb 21 01:07:24.241372 2026] [php:error] [pid 58491] [client 45.67.97.192:0] script '/domains/system_default/go.php' not found or unable to stat
[Sat Feb 21 01:07:24.368655 2026] [php:error] [pid 58540] [client 45.67.97.17:0] script '/domains/braniff/images/class-config.php' not found or unable to stat
[Sat Feb 21 01:07:24.370927 2026] [php:error] [pid 58453] [client 45.67.97.16:0] script '/domains/windsorweb/repeater.php' not found or unable to stat
[Sat Feb 21 01:07:24.405441 2026] [php:error] [pid 58539] [client 45.67.97.16:0] script '/domains/micra/gm.php' not found or unable to stat
[Sat Feb 21 01:07:24.416882 2026] [php:error] [pid 58488] [client 45.67.97.16:0] script '/domains/bruceweb/wso.php' not found or unable to stat
[Sat Feb 21 01:07:24.494407 2026] [php:error] [pid 58500] [client 45.67.97.15:0] script '/domains/pbuilder/wp-themes.php' not found or unable to stat
[Sat Feb 21 01:07:24.520257 2026] [php:error] [pid 58520] [client 45.67.97.15:0] script '/domains/acagolf1/error.php' not found or unable to stat
[Sat Feb 21 01:07:24.581866 2026] [php:error] [pid 58559] [client 45.67.97.17:0] script '/domains/jrp.interport/inputs.php' not found or unable to stat
[Sat Feb 21 01:07:24.702426 2026] [php:error] [pid 58556] [client 45.67.97.16:0] script '/domains/aatweb/f35.php' not found or unable to stat
[Sat Feb 21 01:07:24.705981 2026] [php:error] [pid 58479] [client 45.67.97.16:0] script '/domains/pmglobal/license.php' not found or unable to stat
[Sat Feb 21 01:07:24.729961 2026] [php:error] [pid 58515] [client 45.67.97.15:0] script '/domains/system_default/tinyfilemanager.php' not found or unable to stat
[Sat Feb 21 01:07:24.749568 2026] [php:error] [pid 58472] [client 45.67.97.15:0] script '/domains/tmandel/wp-content.php' not found or unable to stat
[Sat Feb 21 01:07:24.757613 2026] [php:error] [pid 58531] [client 45.67.97.16:0] script '/domains/csiniaws/hehehehe.php' not found or unable to stat
[Sat Feb 21 01:07:25.033546 2026] [php:error] [pid 58545] [client 45.67.97.17:0] script '/domains/system_suspended/wp-good.php' not found or unable to stat
[Sat Feb 21 01:07:25.035068 2026] [php:error] [pid 58493] [client 45.67.97.17:0] script '/domains/testregisgroup/xex.php' not found or unable to stat
[Sat Feb 21 01:07:25.051895 2026] [php:error] [pid 58559] [client 45.67.97.17:0] script '/domains/jrp.interport/mini.php' not found or unable to stat
[Sat Feb 21 01:07:25.087520 2026] [php:error] [pid 58505] [client 45.67.97.15:0] script '/domains/nsmd2/wp_wlx.php' not found or unable to stat
[Sat Feb 21 01:07:25.123815 2026] [php:error] [pid 58494] [client 45.67.97.17:0] script '/domains/pookie.dnai/style.php' not found or unable to stat
[Sat Feb 21 01:07:25.127386 2026] [php:error] [pid 58546] [client 45.67.97.192:0] script '/domains/trodine/wp-class.php' not found or unable to stat
[Sat Feb 21 01:07:25.169225 2026] [php:error] [pid 58556] [client 45.67.97.16:0] script '/domains/aatweb/simple.php' not found or unable to stat
[Sat Feb 21 01:07:25.185326 2026] [php:error] [pid 58519] [client 45.67.97.16:0] script '/domains/ceonlinenews/images/upload.php' not found or unable to stat
[Sat Feb 21 01:07:25.355855 2026] [php:error] [pid 58482] [client 45.67.97.16:0] script '/domains/proinc/shell.php' not found or unable to stat
[Sat Feb 21 01:07:25.357737 2026] [php:error] [pid 58507] [client 45.67.97.16:0] script '/domains/homesbyaudrey1/aks.php' not found or unable to stat
[Sat Feb 21 01:07:25.357978 2026] [php:error] [pid 58488] [client 45.67.97.16:0] script '/domains/bruceweb/flower.php' not found or unable to stat
[Sat Feb 21 01:07:25.527594 2026] [php:error] [pid 58559] [client 45.67.97.17:0] script '/domains/jrp.interport/goods.php' not found or unable to stat
[Sat Feb 21 01:07:25.529972 2026] [php:error] [pid 58522] [client 45.67.97.192:0] script '/domains/antiqueweb1/images/class.php' not found or unable to stat
[Sat Feb 21 01:07:25.532036 2026] [php:error] [pid 58562] [client 45.67.97.17:0] script '/domains/frog.interport1/images/wp-aespa.php' not found or unable to stat
[Sat Feb 21 01:07:25.554648 2026] [php:error] [pid 58543] [client 45.67.97.192:0] script '/domains/perless2web/config.php' not found or unable to stat
[Sat Feb 21 01:07:25.580743 2026] [php:error] [pid 58529] [client 45.67.97.15:0] script '/domains/system_suspended/dir.php' not found or unable to stat
[Sat Feb 21 01:07:25.644207 2026] [php:error] [pid 58479] [client 45.67.97.16:0] script '/domains/pmglobal/lock.php' not found or unable to stat
[Sat Feb 21 01:07:25.742341 2026] [php:error] [pid 58506] [client 45.67.97.192:0] script '/domains/system_cancel/init.php' not found or unable to stat
[Sat Feb 21 01:07:25.784453 2026] [php:error] [pid 58453] [client 45.67.97.16:0] script '/domains/windsorweb/contacts.php' not found or unable to stat
[Sat Feb 21 01:07:25.834273 2026] [php:error] [pid 58507] [client 45.67.97.16:0] script '/domains/homesbyaudrey1/litespeed.php' not found or unable to stat
[Sat Feb 21 01:07:25.869688 2026] [php:error] [pid 58541] [client 45.67.97.17:0] script '/domains/biehlweb/images/Marvins.php' not found or unable to stat
[Sat Feb 21 01:07:25.906706 2026] [php:error] [pid 58500] [client 45.67.97.15:0] script '/domains/pbuilder/mariju.php' not found or unable to stat
[Sat Feb 21 01:07:25.972394 2026] [php:error] [pid 58504] [client 45.67.97.15:0] script '/domains/resourceandeventweb/wp-head.php' not found or unable to stat
[Sat Feb 21 01:07:25.998453 2026] [php:error] [pid 58559] [client 45.67.97.17:0] script '/domains/jrp.interport/file5.php' not found or unable to stat
[Sat Feb 21 01:07:26.025586 2026] [php:error] [pid 58543] [client 45.67.97.192:0] script '/domains/perless2web/special.php' not found or unable to stat
[Sat Feb 21 01:07:26.063017 2026] [php:error] [pid 58546] [client 45.67.97.192:0] script '/domains/trodine/xx.php' not found or unable to stat
[Sat Feb 21 01:07:26.128810 2026] [php:error] [pid 58515] [client 45.67.97.15:0] script '/domains/system_default/file.php' not found or unable to stat
[Sat Feb 21 01:07:26.151717 2026] [php:error] [pid 58554] [client 45.67.97.15:0] script '/domains/rnachum/plugin-install.php' not found or unable to stat
[Sat Feb 21 01:07:26.166035 2026] [php:error] [pid 58540] [client 45.67.97.17:0] script '/domains/braniff/bypass.php' not found or unable to stat
[Sat Feb 21 01:07:26.252170 2026] [php:error] [pid 58453] [client 45.67.97.16:0] script '/domains/windsorweb/wsa.php' not found or unable to stat
[Sat Feb 21 01:07:26.304884 2026] [php:error] [pid 58490] [client 45.67.97.192:0] script '/domains/magicjim/moon.php' not found or unable to stat
[Sat Feb 21 01:07:26.375966 2026] [php:error] [pid 58500] [client 45.67.97.15:0] script '/domains/pbuilder/waf_defender.php' not found or unable to stat
[Sat Feb 21 01:07:26.410079 2026] [php:error] [pid 58520] [client 45.67.97.15:0] script '/domains/acagolf1/wp-files.php' not found or unable to stat
[Sat Feb 21 01:07:26.465560 2026] [php:error] [pid 58522] [client 45.67.97.192:0] script '/domains/antiqueweb1/web.php' not found or unable to stat
[Sat Feb 21 01:07:26.477139 2026] [php:error] [pid 58502] [client 45.67.97.17:0] script '/domains/hungariantasteweb/tox.php' not found or unable to stat
[Sat Feb 21 01:07:26.477219 2026] [php:error] [pid 58559] [client 45.67.97.17:0] script '/domains/jrp.interport/ahax.php' not found or unable to stat
[Sat Feb 21 01:07:26.493071 2026] [php:error] [pid 58505] [client 45.67.97.15:0] script '/domains/nsmd2/wp.php' not found or unable to stat
[Sat Feb 21 01:07:26.532091 2026] [php:error] [pid 58494] [client 45.67.97.17:0] script '/domains/pookie.dnai/x.php' not found or unable to stat
[Sat Feb 21 01:07:26.533936 2026] [php:error] [pid 58546] [client 45.67.97.192:0] script '/domains/trodine/autoload_classmap.php' not found or unable to stat
[Sat Feb 21 01:07:26.620648 2026] [php:error] [pid 58474] [client 45.67.97.192:0] script '/domains/peterbmiller/gm.php' not found or unable to stat
[Sat Feb 21 01:07:26.642172 2026] [php:error] [pid 58540] [client 45.67.97.17:0] script '/domains/braniff/class.php' not found or unable to stat
[Sat Feb 21 01:07:26.657467 2026] [php:error] [pid 58551] [client 45.67.97.16:0] script '/domains/sjsachs/cgi-bin/index.php' not found or unable to stat
[Sat Feb 21 01:07:26.671464 2026] [php:error] [pid 58524] [client 45.67.97.192:0] script '/domains/jaspen/aa.php' not found or unable to stat
[Sat Feb 21 01:07:26.774727 2026] [php:error] [pid 58525] [client 45.67.97.17:0] script '/domains/system_default/tox.php' not found or unable to stat
[Sat Feb 21 01:07:26.789115 2026] [php:error] [pid 58560] [client 45.67.97.16:0] script '/domains/fbardin/theme.php' not found or unable to stat
[Sat Feb 21 01:07:26.880634 2026] [php:error] [pid 58520] [client 45.67.97.15:0] script '/domains/acagolf1/functions.php' not found or unable to stat
[Sat Feb 21 01:07:26.948364 2026] [php:error] [pid 58559] [client 45.67.97.17:0] script '/domains/jrp.interport/f35.php' not found or unable to stat
[Sat Feb 21 01:07:27.122792 2026] [php:error] [pid 58472] [client 45.67.97.15:0] script '/domains/tmandel/customize.php' not found or unable to stat
[Sat Feb 21 01:07:27.144282 2026] [php:error] [pid 58524] [client 45.67.97.192:0] script '/domains/jaspen/index2.php' not found or unable to stat
[Sat Feb 21 01:07:27.240013 2026] [php:error] [pid 58488] [client 45.67.97.16:0] script '/domains/bruceweb/ioxi-o.php' not found or unable to stat
[Sat Feb 21 01:07:27.241413 2026] [php:error] [pid 58507] [client 45.67.97.16:0] script '/domains/homesbyaudrey1/wpn.php' not found or unable to stat
[Sat Feb 21 01:07:27.311507 2026] [php:error] [pid 58500] [client 45.67.97.15:0] script '/domains/pbuilder/av.php' not found or unable to stat
[Sat Feb 21 01:07:27.377102 2026] [php:error] [pid 58504] [client 45.67.97.15:0] script '/domains/resourceandeventweb/makeasmtp.php' not found or unable to stat
[Sat Feb 21 01:07:27.391464 2026] [php:error] [pid 58493] [client 45.67.97.17:0] script '/domains/testregisgroup/wp-head.php' not found or unable to stat
[Sat Feb 21 01:07:27.418438 2026] [php:error] [pid 58522] [client 45.67.97.192:0] script '/domains/antiqueweb1/images/index.php' not found or unable to stat
[Sat Feb 21 01:07:27.423959 2026] [php:error] [pid 58559] [client 45.67.97.17:0] script '/domains/jrp.interport/simple.php' not found or unable to stat
[Sat Feb 21 01:07:27.460415 2026] [php:error] [pid 58529] [client 45.67.97.15:0] script '/domains/system_suspended/nf_tracking.php' not found or unable to stat
[Sat Feb 21 01:07:27.491218 2026] [php:error] [pid 58509] [client 45.67.97.192:0] script '/domains/byardrealestate/wp-good.php' not found or unable to stat
[Sat Feb 21 01:07:27.526502 2026] [php:error] [pid 58515] [client 45.67.97.15:0] script '/domains/system_default/buy.php' not found or unable to stat
[Sat Feb 21 01:07:27.595033 2026] [php:error] [pid 58472] [client 45.67.97.15:0] script '/domains/tmandel/license.php' not found or unable to stat
[Sat Feb 21 01:07:27.612213 2026] [php:error] [pid 58527] [client 45.67.97.192:0] script '/domains/bels/fm.php' not found or unable to stat
[Sat Feb 21 01:07:27.698965 2026] [php:error] [pid 58482] [client 45.67.97.16:0] script '/domains/proinc/hehe.php' not found or unable to stat
[Sat Feb 21 01:07:27.713849 2026] [php:error] [pid 58490] [client 45.67.97.192:0] script '/domains/magicjim/webadmin.php' not found or unable to stat
[Sat Feb 21 01:07:27.889280 2026] [php:error] [pid 58555] [client 45.67.97.17:0] script '/domains/druckrey/gm.php' not found or unable to stat
[Sat Feb 21 01:07:27.906101 2026] [php:error] [pid 58505] [client 45.67.97.15:0] script '/domains/nsmd2/wp-header.php' not found or unable to stat
[Sat Feb 21 01:07:27.945963 2026] [php:error] [pid 58546] [client 45.67.97.192:0] script '/domains/trodine/content.php' not found or unable to stat
[Sat Feb 21 01:07:28.138887 2026] [php:error] [pid 58488] [client 45.67.97.16:0] script '/domains/bruceweb/info.php' not found or unable to stat
[Sat Feb 21 01:07:28.190839 2026] [php:error] [pid 58560] [client 45.67.97.16:0] script '/domains/fbardin/Simple.php' not found or unable to stat
[Sat Feb 21 01:07:28.208443 2026] [php:error] [pid 58563] [client 45.67.97.17:0] script '/domains/ferguson.interport/bs1.php' not found or unable to stat
[Sat Feb 21 01:07:28.231588 2026] [php:error] [pid 58508] [client 45.67.97.192:0] script '/domains/system_suspended/click.php' not found or unable to stat
[Sat Feb 21 01:07:28.264847 2026] [php:error] [pid 58501] [client 45.67.97.15:0] script '/domains/system_suspended/gm.php' not found or unable to stat
[Sat Feb 21 01:07:28.365318 2026] [php:error] [pid 58513] [client 45.67.97.16:0] script '/domains/system_default/wp-admin.php' not found or unable to stat
[Sat Feb 21 01:07:28.389892 2026] [php:error] [pid 58529] [client 45.67.97.15:0] script '/domains/system_suspended/filefuns.php' not found or unable to stat
[Sat Feb 21 01:07:28.415410 2026] [php:error] [pid 58494] [client 45.67.97.17:0] script '/domains/pookie.dnai/wp-user.php' not found or unable to stat
[Sat Feb 21 01:07:28.536262 2026] [php:error] [pid 58472] [client 45.67.97.15:0] script '/domains/tmandel/lock.php' not found or unable to stat
[Sat Feb 21 01:07:28.607039 2026] [php:error] [pid 58488] [client 45.67.97.16:0] script '/domains/bruceweb/setup.php' not found or unable to stat
[Sat Feb 21 01:07:28.609022 2026] [php:error] [pid 58453] [client 45.67.97.16:0] script '/domains/windsorweb/lv.php' not found or unable to stat
[Sat Feb 21 01:07:28.652678 2026] [php:error] [pid 58525] [client 45.67.97.17:0] script '/domains/system_default/tiny.php' not found or unable to stat
[Sat Feb 21 01:07:28.781639 2026] [php:error] [pid 58504] [client 45.67.97.15:0] script '/domains/resourceandeventweb/images/bypass.php' not found or unable to stat
[Sat Feb 21 01:07:28.797579 2026] [php:error] [pid 58493] [client 45.67.97.17:0] script '/domains/testregisgroup/makeasmtp.php' not found or unable to stat
[Sat Feb 21 01:07:28.851688 2026] [php:error] [pid 58505] [client 45.67.97.15:0] script '/domains/nsmd2/Marvins.php' not found or unable to stat
[Sat Feb 21 01:07:28.901954 2026] [php:error] [pid 58556] [client 45.67.97.16:0] script '/domains/aatweb/images/upload.php' not found or unable to stat
[Sat Feb 21 01:07:28.924819 2026] [php:error] [pid 58479] [client 45.67.97.16:0] script '/domains/pmglobal/wp-good.php' not found or unable to stat
[Sat Feb 21 01:07:28.996676 2026] [php:error] [pid 58502] [client 45.67.97.17:0] script '/domains/hungariantasteweb/tiny.php' not found or unable to stat
[Sat Feb 21 01:07:29.080663 2026] [php:error] [pid 58453] [client 45.67.97.16:0] script '/domains/windsorweb/images/js1.php' not found or unable to stat
[Sat Feb 21 01:07:29.089912 2026] [php:error] [pid 58545] [client 45.67.97.17:0] script '/domains/system_suspended/ff2.php' not found or unable to stat
[Sat Feb 21 01:07:29.107512 2026] [php:error] [pid 58482] [client 45.67.97.16:0] script '/domains/proinc/dir.php' not found or unable to stat
[Sat Feb 21 01:07:29.244501 2026] [php:error] [pid 58520] [client 45.67.97.15:0] script '/domains/acagolf1/aks.php' not found or unable to stat
[Sat Feb 21 01:07:29.305798 2026] [php:error] [pid 58522] [client 45.67.97.192:0] script '/domains/antiqueweb1/wp-trackback.php' not found or unable to stat
[Sat Feb 21 01:07:29.321057 2026] [php:error] [pid 58529] [client 45.67.97.15:0] script '/domains/system_suspended/l.php' not found or unable to stat
[Sat Feb 21 01:07:29.322832 2026] [php:error] [pid 58532] [client 45.67.97.17:0] script '/domains/gohover/hehehehe.php' not found or unable to stat
[Sat Feb 21 01:07:29.388915 2026] [php:error] [pid 58497] [client 45.67.97.16:0] script '/domains/memanuel/default.php' not found or unable to stat
[Sat Feb 21 01:07:29.443022 2026] [php:error] [pid 58490] [client 45.67.97.192:0] script '/domains/magicjim/xl2023.php' not found or unable to stat
[Sat Feb 21 01:07:29.478501 2026] [php:error] [pid 58527] [client 45.67.97.192:0] script '/domains/bels/ini.php' not found or unable to stat
[Sat Feb 21 01:07:29.504509 2026] [php:error] [pid 58506] [client 45.67.97.192:0] script '/domains/system_cancel/adminfuns.php' not found or unable to stat
[Sat Feb 21 01:07:29.505172 2026] [php:error] [pid 58524] [client 45.67.97.192:0] script '/domains/jaspen/shell.php' not found or unable to stat
[Sat Feb 21 01:07:29.591857 2026] [php:error] [pid 58525] [client 45.67.97.17:0] script '/domains/system_default/themes.php' not found or unable to stat
[Sat Feb 21 01:07:29.628690 2026] [php:error] [pid 58563] [client 45.67.97.17:0] script '/domains/ferguson.interport/page.php' not found or unable to stat
[Sat Feb 21 01:07:29.718398 2026] [php:error] [pid 58520] [client 45.67.97.15:0] script '/domains/acagolf1/litespeed.php' not found or unable to stat
[Sat Feb 21 01:07:29.789935 2026] [php:error] [pid 58529] [client 45.67.97.15:0] script '/domains/system_suspended/repeater.php' not found or unable to stat
[Sat Feb 21 01:07:29.851096 2026] [php:error] [pid 58494] [client 45.67.97.17:0] script '/domains/pookie.dnai/config.php' not found or unable to stat
[Sat Feb 21 01:07:29.856462 2026] [php:error] [pid 58539] [client 45.67.97.16:0] script '/domains/micra/plugin-install.php' not found or unable to stat
[Sat Feb 21 01:07:29.905779 2026] [php:error] [pid 58540] [client 45.67.97.17:0] script '/domains/braniff/init.php' not found or unable to stat
[Sat Feb 21 01:07:29.916049 2026] [php:error] [pid 58490] [client 45.67.97.192:0] script '/domains/magicjim/go.php' not found or unable to stat
[Sat Feb 21 01:07:29.940068 2026] [php:error] [pid 58502] [client 45.67.97.17:0] script '/domains/hungariantasteweb/themes.php' not found or unable to stat
[Sat Feb 21 01:07:30.060023 2026] [php:error] [pid 58525] [client 45.67.97.17:0] script '/domains/system_default/wp-themes.php' not found or unable to stat
[Sat Feb 21 01:07:30.188551 2026] [php:error] [pid 58505] [client 45.67.97.15:0] script '/domains/nsmd2/wp-class.php' not found or unable to stat
[Sat Feb 21 01:07:30.216493 2026] [php:error] [pid 58493] [client 45.67.97.17:0] script '/domains/testregisgroup/images/bypass.php' not found or unable to stat
[Sat Feb 21 01:07:30.244259 2026] [php:error] [pid 58522] [client 45.67.97.192:0] script '/domains/antiqueweb1/radio.php' not found or unable to stat
[Sat Feb 21 01:07:30.268286 2026] [php:error] [pid 58469] [client 45.67.97.192:0] script '/domains/astweb/byp.php' not found or unable to stat
[Sat Feb 21 01:07:30.319896 2026] [php:error] [pid 58494] [client 45.67.97.17:0] script '/domains/pookie.dnai/special.php' not found or unable to stat
[Sat Feb 21 01:07:30.412005 2026] [php:error] [pid 58502] [client 45.67.97.17:0] script '/domains/hungariantasteweb/wp-themes.php' not found or unable to stat
[Sat Feb 21 01:07:30.630531 2026] [php:error] [pid 58526] [client 45.67.97.192:0] script '/domains/system_default/byp.php' not found or unable to stat
[Sat Feb 21 01:07:30.884358 2026] [php:error] [pid 58513] [client 45.67.97.16:0] script '/domains/system_default/wp-editor.php' not found or unable to stat
[Sat Feb 21 01:07:30.964508 2026] [php:error] [pid 58545] [client 45.67.97.17:0] script '/domains/system_suspended/jp.php' not found or unable to stat
[Sat Feb 21 01:07:30.970534 2026] [php:error] [pid 58488] [client 45.67.97.16:0] script '/domains/bruceweb/as.php' not found or unable to stat
[Sat Feb 21 01:07:30.993637 2026] [php:error] [pid 58482] [client 45.67.97.16:0] script '/domains/proinc/nf_tracking.php' not found or unable to stat
