[Sat Feb 21 01:04:41.993878 2026] [php:error] [pid 58497] [client 45.67.97.16:0] script '/domains/fbardin/wp_wlx.php' not found or unable to stat
[Sat Feb 21 01:04:42.049889 2026] [php:error] [pid 58458] [client 45.67.97.192:0] script '/domains/biehlweb/up.php' not found or unable to stat
[Sat Feb 21 01:04:42.106194 2026] [php:error] [pid 58473] [client 45.67.97.15:0] script '/domains/pbuilder/assets/index.php' not found or unable to stat
[Sat Feb 21 01:04:42.131601 2026] [php:error] [pid 58477] [client 45.67.97.16:0] script '/domains/druckrey/as.php' not found or unable to stat
[Sat Feb 21 01:04:42.321786 2026] [php:error] [pid 58491] [client 4.193.177.110:0] script '/domains/redpeninc/info.php' not found or unable to stat
[Sat Feb 21 01:04:42.330532 2026] [php:error] [pid 58501] [client 45.67.97.16:0] script '/domains/system_default/class.php' not found or unable to stat
[Sat Feb 21 01:04:42.402981 2026] [php:error] [pid 58500] [client 45.67.97.16:0] script '/domains/hungariantasteweb/class.php' not found or unable to stat
[Sat Feb 21 01:04:42.414607 2026] [php:error] [pid 58461] [client 45.67.97.16:0] script '/domains/tmandel/simple.php' not found or unable to stat
[Sat Feb 21 01:04:42.427516 2026] [php:error] [pid 58453] [client 45.67.97.15:0] script '/domains/acagolf1/images/class.php' not found or unable to stat
[Sat Feb 21 01:04:42.538266 2026] [php:error] [pid 58483] [client 45.67.97.192:0] script '/domains/ferguson.interport/wp-mail.php' not found or unable to stat
[Sat Feb 21 01:04:42.555297 2026] [php:error] [pid 58439] [client 45.67.97.15:0] script '/domains/windsorweb/default.php' not found or unable to stat
[Sat Feb 21 01:04:42.589275 2026] [php:error] [pid 58475] [client 45.67.97.192:0] script '/domains/frog.interport1/config.php' not found or unable to stat
[Sat Feb 21 01:04:42.590791 2026] [php:error] [pid 58505] [client 45.67.97.192:0] script '/domains/bels/bless.php' not found or unable to stat
[Sat Feb 21 01:04:42.599117 2026] [php:error] [pid 58477] [client 45.67.97.16:0] script '/domains/druckrey/cc.php' not found or unable to stat
[Sat Feb 21 01:04:42.705293 2026] [php:error] [pid 58502] [client 45.67.97.16:0] script '/domains/system_default/byp.php' not found or unable to stat
[Sat Feb 21 01:04:42.768685 2026] [php:error] [pid 58480] [client 45.67.97.17:0] script '/domains/system_suspended/ab.php' not found or unable to stat
[Sat Feb 21 01:04:43.058239 2026] [php:error] [pid 58475] [client 45.67.97.192:0] script '/domains/frog.interport1/special.php' not found or unable to stat
[Sat Feb 21 01:04:43.058255 2026] [php:error] [pid 58488] [client 45.67.97.192:0] script '/domains/micra/1.php' not found or unable to stat
[Sat Feb 21 01:04:43.061781 2026] [php:error] [pid 58505] [client 45.67.97.192:0] script '/domains/bels/O-Simple.php' not found or unable to stat
[Sat Feb 21 01:04:43.063798 2026] [php:error] [pid 58482] [client 45.67.97.16:0] script '/domains/peterbmiller/doc.php' not found or unable to stat
[Sat Feb 21 01:04:43.363625 2026] [php:error] [pid 58453] [client 45.67.97.15:0] script '/domains/acagolf1/web.php' not found or unable to stat
[Sat Feb 21 01:04:43.405556 2026] [php:error] [pid 58497] [client 45.67.97.16:0] script '/domains/fbardin/wp.php' not found or unable to stat
[Sat Feb 21 01:04:43.420350 2026] [php:error] [pid 58474] [client 45.67.97.192:0] script '/domains/fdcarter/wp-conflg.php' not found or unable to stat
[Sat Feb 21 01:04:43.445844 2026] [php:error] [pid 58481] [client 45.67.97.15:0] script '/domains/jaspen/wp-l0gin.php' not found or unable to stat
[Sat Feb 21 01:04:43.531802 2026] [php:error] [pid 58505] [client 45.67.97.192:0] script '/domains/bels/lock360.php' not found or unable to stat
[Sat Feb 21 01:04:43.535408 2026] [php:error] [pid 58477] [client 45.67.97.16:0] script '/domains/druckrey/ab.php' not found or unable to stat
[Sat Feb 21 01:04:43.738094 2026] [php:error] [pid 58478] [client 45.67.97.15:0] script '/domains/resourceandeventweb/hehehehe.php' not found or unable to stat
[Sat Feb 21 01:04:43.885883 2026] [php:error] [pid 58474] [client 45.67.97.192:0] script '/domains/fdcarter/wp-setup.php' not found or unable to stat
[Sat Feb 21 01:04:43.911314 2026] [php:error] [pid 58458] [client 45.67.97.192:0] script '/domains/biehlweb/js/wp-login.php' not found or unable to stat
[Sat Feb 21 01:04:43.917664 2026] [php:error] [pid 58491] [client 4.193.177.110:0] script '/domains/redpeninc/adminfuns.php' not found or unable to stat
[Sat Feb 21 01:04:43.996282 2026] [php:error] [pid 58473] [client 45.67.97.15:0] script '/domains/pbuilder/adminfuns.php' not found or unable to stat
[Sat Feb 21 01:04:44.002118 2026] [php:error] [pid 58505] [client 45.67.97.192:0] script '/domains/bels/zwso.php' not found or unable to stat
[Sat Feb 21 01:04:44.090370 2026] [php:error] [pid 58438] [client 45.67.97.15:0] script '/domains/testregisgroup/hehehehe.php' not found or unable to stat
[Sat Feb 21 01:04:44.165978 2026] [php:error] [pid 58480] [client 45.67.97.17:0] script '/domains/system_suspended/doc.php' not found or unable to stat
[Sat Feb 21 01:04:44.302216 2026] [php:error] [pid 58453] [client 45.67.97.15:0] script '/domains/acagolf1/images/index.php' not found or unable to stat
[Sat Feb 21 01:04:44.331767 2026] [php:error] [pid 58469] [client 45.67.97.192:0] script '/domains/rnachum/fm.php' not found or unable to stat
[Sat Feb 21 01:04:44.351273 2026] [php:error] [pid 58474] [client 45.67.97.192:0] script '/domains/fdcarter/ms-themes.php' not found or unable to stat
[Sat Feb 21 01:04:44.375781 2026] [php:error] [pid 58481] [client 45.67.97.15:0] script '/domains/jaspen/new.php' not found or unable to stat
[Sat Feb 21 01:04:44.453259 2026] [php:error] [pid 58490] [client 45.67.97.16:0] script '/domains/homesbyaudrey1/wp-trackback.php' not found or unable to stat
[Sat Feb 21 01:04:44.466567 2026] [php:error] [pid 58482] [client 45.67.97.16:0] script '/domains/peterbmiller/wp-login.php' not found or unable to stat
[Sat Feb 21 01:04:44.472946 2026] [php:error] [pid 58505] [client 45.67.97.192:0] script '/domains/bels/chosen.php' not found or unable to stat
[Sat Feb 21 01:04:44.813307 2026] [php:error] [pid 58493] [client 45.67.97.17:0] script '/domains/hpveweb/webdb.php' not found or unable to stat
[Sat Feb 21 01:04:44.818321 2026] [php:error] [pid 58497] [client 45.67.97.16:0] script '/domains/fbardin/wp-header.php' not found or unable to stat
[Sat Feb 21 01:04:44.840888 2026] [php:error] [pid 58458] [client 45.67.97.192:0] script '/domains/biehlweb/worm.PhP' not found or unable to stat
[Sat Feb 21 01:04:44.935553 2026] [php:error] [pid 58473] [client 45.67.97.15:0] script '/domains/pbuilder/wp_wlx.php' not found or unable to stat
[Sat Feb 21 01:04:44.938423 2026] [php:error] [pid 58482] [client 45.67.97.16:0] script '/domains/peterbmiller/mar.php' not found or unable to stat
[Sat Feb 21 01:04:44.938498 2026] [php:error] [pid 58477] [client 45.67.97.16:0] script '/domains/druckrey/doc.php' not found or unable to stat
[Sat Feb 21 01:04:44.948140 2026] [php:error] [pid 58505] [client 45.67.97.192:0] script '/domains/bels/about.php' not found or unable to stat
[Sat Feb 21 01:04:45.154313 2026] [php:error] [pid 58494] [client 45.67.97.15:0] script '/domains/proinc/natural.php' not found or unable to stat
[Sat Feb 21 01:04:45.282913 2026] [php:error] [pid 58474] [client 45.67.97.192:0] script '/domains/fdcarter/style.php' not found or unable to stat
[Sat Feb 21 01:04:45.308022 2026] [php:error] [pid 58458] [client 45.67.97.192:0] script '/domains/biehlweb/ext.php' not found or unable to stat
[Sat Feb 21 01:04:45.366312 2026] [php:error] [pid 58506] [client 45.67.97.16:0] script '/domains/system_suspended/webdb.php' not found or unable to stat
[Sat Feb 21 01:04:45.373141 2026] [php:error] [pid 58439] [client 45.67.97.15:0] script '/domains/windsorweb/dropdown.php' not found or unable to stat
[Sat Feb 21 01:04:45.397987 2026] [php:error] [pid 58490] [client 45.67.97.16:0] script '/domains/homesbyaudrey1/radio.php' not found or unable to stat
[Sat Feb 21 01:04:45.563125 2026] [php:error] [pid 58480] [client 45.67.97.17:0] script '/domains/system_suspended/wp-login.php' not found or unable to stat
[Sat Feb 21 01:04:45.613978 2026] [php:error] [pid 58501] [client 45.67.97.16:0] script '/domains/system_default/init.php' not found or unable to stat
[Sat Feb 21 01:04:45.624327 2026] [php:error] [pid 58494] [client 45.67.97.15:0] script '/domains/proinc/item.php' not found or unable to stat
[Sat Feb 21 01:04:45.679714 2026] [php:error] [pid 58448] [client 45.67.97.17:0] script '/domains/system_suspended/ff2.php' not found or unable to stat
[Sat Feb 21 01:04:45.680707 2026] [php:error] [pid 58500] [client 45.67.97.16:0] script '/domains/hungariantasteweb/init.php' not found or unable to stat
[Sat Feb 21 01:04:45.754516 2026] [php:error] [pid 58493] [client 45.67.97.17:0] script '/domains/hpveweb/file2.php' not found or unable to stat
[Sat Feb 21 01:04:45.763020 2026] [php:error] [pid 58497] [client 45.67.97.16:0] script '/domains/fbardin/Marvins.php' not found or unable to stat
[Sat Feb 21 01:04:45.776209 2026] [php:error] [pid 58458] [client 45.67.97.192:0] script '/domains/biehlweb/delpaths.php' not found or unable to stat
[Sat Feb 21 01:04:45.790075 2026] [php:error] [pid 58505] [client 45.67.97.192:0] script '/domains/bels/admin.php' not found or unable to stat
[Sat Feb 21 01:04:45.841321 2026] [php:error] [pid 58439] [client 45.67.97.15:0] script '/domains/windsorweb/images/admin.php' not found or unable to stat
[Sat Feb 21 01:04:46.002474 2026] [php:error] [pid 58475] [client 45.67.97.15:0] script '/domains/system_suspended/default.php' not found or unable to stat
[Sat Feb 21 01:04:46.035620 2026] [php:error] [pid 58480] [client 45.67.97.17:0] script '/domains/system_suspended/mar.php' not found or unable to stat
[Sat Feb 21 01:04:46.180236 2026] [php:error] [pid 58453] [client 45.67.97.15:0] script '/domains/acagolf1/wp-trackback.php' not found or unable to stat
[Sat Feb 21 01:04:46.211873 2026] [php:error] [pid 58469] [client 45.67.97.192:0] script '/domains/rnachum/ini.php' not found or unable to stat
[Sat Feb 21 01:04:46.276664 2026] [php:error] [pid 58479] [client 45.67.97.16:0] script '/domains/system_suspended/classwithtostring.php' not found or unable to stat
[Sat Feb 21 01:04:46.296600 2026] [php:error] [pid 58472] [client 45.67.97.192:0] script '/domains/byardrealestate/classwithtostring.php' not found or unable to stat
[Sat Feb 21 01:04:46.306185 2026] [php:error] [pid 58506] [client 45.67.97.16:0] script '/domains/system_suspended/file2.php' not found or unable to stat
[Sat Feb 21 01:04:46.316410 2026] [php:error] [pid 58439] [client 45.67.97.15:0] script '/domains/windsorweb/db.php' not found or unable to stat
[Sat Feb 21 01:04:46.338994 2026] [php:error] [pid 58473] [client 45.67.97.15:0] script '/domains/pbuilder/wp.php' not found or unable to stat
[Sat Feb 21 01:04:46.341846 2026] [php:error] [pid 58482] [client 45.67.97.16:0] script '/domains/peterbmiller/1.php' not found or unable to stat
[Sat Feb 21 01:04:46.342162 2026] [php:error] [pid 58477] [client 45.67.97.16:0] script '/domains/druckrey/wp-login.php' not found or unable to stat
[Sat Feb 21 01:04:46.474196 2026] [php:error] [pid 58502] [client 45.67.97.16:0] script '/domains/system_default/class.api.php' not found or unable to stat
[Sat Feb 21 01:04:46.687461 2026] [php:error] [pid 58474] [client 45.67.97.192:0] script '/domains/fdcarter/x.php' not found or unable to stat
[Sat Feb 21 01:04:46.690063 2026] [php:error] [pid 58493] [client 45.67.97.17:0] script '/domains/hpveweb/alfa.php' not found or unable to stat
[Sat Feb 21 01:04:46.712728 2026] [php:error] [pid 58497] [client 45.67.97.16:0] script '/domains/fbardin/wp-class.php' not found or unable to stat
[Sat Feb 21 01:04:46.736631 2026] [php:error] [pid 58505] [client 45.67.97.192:0] script '/domains/bels/mah.php' not found or unable to stat
[Sat Feb 21 01:04:46.801261 2026] [php:error] [pid 58488] [client 45.67.97.192:0] script '/domains/micra/fm.php' not found or unable to stat
[Sat Feb 21 01:04:46.810030 2026] [php:error] [pid 58477] [client 45.67.97.16:0] script '/domains/druckrey/mar.php' not found or unable to stat
[Sat Feb 21 01:04:47.118218 2026] [php:error] [pid 58453] [client 45.67.97.15:0] script '/domains/acagolf1/radio.php' not found or unable to stat
[Sat Feb 21 01:04:47.119606 2026] [php:error] [pid 58499] [client 45.67.97.17:0] script '/domains/system_suspended/byp.php' not found or unable to stat
[Sat Feb 21 01:04:47.241593 2026] [php:error] [pid 58506] [client 45.67.97.16:0] script '/domains/system_suspended/alfa.php' not found or unable to stat
[Sat Feb 21 01:04:47.284725 2026] [php:error] [pid 58490] [client 45.67.97.16:0] script '/domains/homesbyaudrey1/wp-conflg.php' not found or unable to stat
[Sat Feb 21 01:04:47.440190 2026] [php:error] [pid 58480] [client 45.67.97.17:0] script '/domains/system_suspended/1.php' not found or unable to stat
[Sat Feb 21 01:04:47.482488 2026] [php:error] [pid 58481] [client 45.67.97.15:0] script '/domains/jaspen/natural.php' not found or unable to stat
[Sat Feb 21 01:04:47.556482 2026] [php:error] [pid 58448] [client 45.67.97.17:0] script '/domains/system_suspended/jp.php' not found or unable to stat
[Sat Feb 21 01:04:47.666090 2026] [php:error] [pid 58497] [client 45.67.97.16:0] script '/domains/fbardin/xx.php' not found or unable to stat
[Sat Feb 21 01:04:47.684987 2026] [php:error] [pid 58479] [client 45.67.97.16:0] script '/domains/system_suspended/tinyfilemanager.php' not found or unable to stat
[Sat Feb 21 01:04:47.698704 2026] [php:error] [pid 58472] [client 45.67.97.192:0] script '/domains/byardrealestate/tinyfilemanager.php' not found or unable to stat
[Sat Feb 21 01:04:47.743536 2026] [php:error] [pid 58473] [client 45.67.97.15:0] script '/domains/pbuilder/wp-header.php' not found or unable to stat
[Sat Feb 21 01:04:47.756833 2026] [php:error] [pid 58490] [client 45.67.97.16:0] script '/domains/homesbyaudrey1/wp-setup.php' not found or unable to stat
[Sat Feb 21 01:04:47.895623 2026] [php:error] [pid 58502] [client 45.67.97.16:0] script '/domains/system_default/system_log.php' not found or unable to stat
[Sat Feb 21 01:04:47.948677 2026] [php:error] [pid 58481] [client 45.67.97.15:0] script '/domains/jaspen/item.php' not found or unable to stat
[Sat Feb 21 01:04:48.030438 2026] [php:error] [pid 58448] [client 45.67.97.17:0] script '/domains/system_suspended/wp-atom.php' not found or unable to stat
[Sat Feb 21 01:04:48.092051 2026] [php:error] [pid 58474] [client 45.67.97.192:0] script '/domains/fdcarter/images/index22.php' not found or unable to stat
[Sat Feb 21 01:04:48.095018 2026] [php:error] [pid 58505] [client 45.67.97.192:0] script '/domains/bels/core.php' not found or unable to stat
[Sat Feb 21 01:04:48.139431 2026] [php:error] [pid 58497] [client 45.67.97.16:0] script '/domains/fbardin/autoload_classmap.php' not found or unable to stat
[Sat Feb 21 01:04:48.233277 2026] [php:error] [pid 58477] [client 45.67.97.16:0] script '/domains/druckrey/1.php' not found or unable to stat
[Sat Feb 21 01:04:48.233803 2026] [php:error] [pid 58490] [client 45.67.97.16:0] script '/domains/homesbyaudrey1/ms-themes.php' not found or unable to stat
[Sat Feb 21 01:04:48.261031 2026] [php:error] [pid 58470] [client 45.67.97.192:0] script '/domains/ferguson.interport/aa.php' not found or unable to stat
[Sat Feb 21 01:04:48.367387 2026] [php:error] [pid 58502] [client 45.67.97.16:0] script '/domains/system_default/.alf.php' not found or unable to stat
[Sat Feb 21 01:04:48.443426 2026] [php:error] [pid 58464] [client 45.67.97.15:0] script '/domains/pmglobal/classwithtostring.php' not found or unable to stat
[Sat Feb 21 01:04:48.559117 2026] [php:error] [pid 58474] [client 45.67.97.192:0] script '/domains/fdcarter/wp-user.php' not found or unable to stat
[Sat Feb 21 01:04:48.566861 2026] [php:error] [pid 58505] [client 45.67.97.192:0] script '/domains/bels/robots.php' not found or unable to stat
[Sat Feb 21 01:04:48.586492 2026] [php:error] [pid 58458] [client 45.67.97.192:0] script '/domains/biehlweb/gifclass.php' not found or unable to stat
[Sat Feb 21 01:04:48.692570 2026] [php:error] [pid 58488] [client 45.67.97.192:0] script '/domains/micra/ini.php' not found or unable to stat
[Sat Feb 21 01:04:48.692685 2026] [php:error] [pid 58483] [client 45.67.97.15:0] script '/domains/frog.interport1/webdb.php' not found or unable to stat
[Sat Feb 21 01:04:48.698744 2026] [php:error] [pid 58473] [client 45.67.97.15:0] script '/domains/pbuilder/Marvins.php' not found or unable to stat
[Sat Feb 21 01:04:48.727403 2026] [php:error] [pid 58470] [client 45.67.97.192:0] script '/domains/ferguson.interport/index2.php' not found or unable to stat
[Sat Feb 21 01:04:48.840177 2026] [php:error] [pid 58475] [client 45.67.97.15:0] script '/domains/system_suspended/dropdown.php' not found or unable to stat
[Sat Feb 21 01:04:48.840458 2026] [php:error] [pid 58502] [client 45.67.97.16:0] script '/domains/system_default/wso.php' not found or unable to stat
[Sat Feb 21 01:04:48.911949 2026] [php:error] [pid 58507] [client 35.247.243.252:0] script '/domains/gk3c/adminer-5.1.1-mysql-en.php' not found or unable to stat
[Sat Feb 21 01:04:48.966140 2026] [php:error] [pid 58448] [client 45.67.97.17:0] script '/domains/system_suspended/up.php' not found or unable to stat
[Sat Feb 21 01:04:48.997766 2026] [php:error] [pid 58453] [client 45.67.97.15:0] script '/domains/acagolf1/wp-conflg.php' not found or unable to stat
[Sat Feb 21 01:04:49.039604 2026] [php:error] [pid 58505] [client 45.67.97.192:0] script '/domains/bels/inputs.php' not found or unable to stat
[Sat Feb 21 01:04:49.051617 2026] [php:error] [pid 58458] [client 45.67.97.192:0] script '/domains/biehlweb/plugin.php' not found or unable to stat
[Sat Feb 21 01:04:49.099409 2026] [php:error] [pid 58479] [client 45.67.97.16:0] script '/domains/system_suspended/file.php' not found or unable to stat
[Sat Feb 21 01:04:49.107037 2026] [php:error] [pid 58472] [client 45.67.97.192:0] script '/domains/byardrealestate/file.php' not found or unable to stat
[Sat Feb 21 01:04:49.181560 2026] [php:error] [pid 58490] [client 45.67.97.16:0] script '/domains/homesbyaudrey1/style.php' not found or unable to stat
[Sat Feb 21 01:04:49.368381 2026] [php:error] [pid 58501] [client 45.67.97.16:0] script '/domains/system_default/adminfuns.php' not found or unable to stat
[Sat Feb 21 01:04:49.437129 2026] [php:error] [pid 58500] [client 45.67.97.16:0] script '/domains/hungariantasteweb/adminfuns.php' not found or unable to stat
[Sat Feb 21 01:04:49.467465 2026] [php:error] [pid 58453] [client 45.67.97.15:0] script '/domains/acagolf1/wp-setup.php' not found or unable to stat
[Sat Feb 21 01:04:49.511420 2026] [php:error] [pid 58505] [client 45.67.97.192:0] script '/domains/bels/mini.php' not found or unable to stat
[Sat Feb 21 01:04:49.554833 2026] [php:error] [pid 58497] [client 45.67.97.16:0] script '/domains/fbardin/content.php' not found or unable to stat
[Sat Feb 21 01:04:49.631063 2026] [php:error] [pid 58483] [client 45.67.97.15:0] script '/domains/frog.interport1/file2.php' not found or unable to stat
[Sat Feb 21 01:04:49.782621 2026] [php:error] [pid 58475] [client 45.67.97.15:0] script '/domains/system_suspended/db.php' not found or unable to stat
[Sat Feb 21 01:04:49.782867 2026] [php:error] [pid 58502] [client 45.67.97.16:0] script '/domains/system_default/flower.php' not found or unable to stat
[Sat Feb 21 01:04:49.852458 2026] [php:error] [pid 58464] [client 45.67.97.15:0] script '/domains/pmglobal/tinyfilemanager.php' not found or unable to stat
[Sat Feb 21 01:04:49.935489 2026] [php:error] [pid 58453] [client 45.67.97.15:0] script '/domains/acagolf1/ms-themes.php' not found or unable to stat
[Sat Feb 21 01:04:49.942988 2026] [php:error] [pid 58473] [client 45.67.97.15:0] script '/domains/pbuilder/wp-class.php' not found or unable to stat
[Sat Feb 21 01:04:49.963161 2026] [php:error] [pid 58474] [client 45.67.97.192:0] script '/domains/fdcarter/config.php' not found or unable to stat
[Sat Feb 21 01:04:49.982716 2026] [php:error] [pid 58505] [client 45.67.97.192:0] script '/domains/bels/goods.php' not found or unable to stat
[Sat Feb 21 01:04:49.982892 2026] [php:error] [pid 58458] [client 45.67.97.192:0] script '/domains/biehlweb/update-core.php' not found or unable to stat
[Sat Feb 21 01:04:50.118573 2026] [php:error] [pid 58482] [client 45.67.97.16:0] script '/domains/peterbmiller/fm.php' not found or unable to stat
[Sat Feb 21 01:04:50.310057 2026] [php:error] [pid 58501] [client 45.67.97.16:0] script '/domains/system_default/wp_wlx.php' not found or unable to stat
[Sat Feb 21 01:04:50.375392 2026] [php:error] [pid 58500] [client 45.67.97.16:0] script '/domains/hungariantasteweb/wp_wlx.php' not found or unable to stat
[Sat Feb 21 01:04:50.431330 2026] [php:error] [pid 58474] [client 45.67.97.192:0] script '/domains/fdcarter/special.php' not found or unable to stat
[Sat Feb 21 01:04:50.446813 2026] [php:error] [pid 58493] [client 45.67.97.17:0] script '/domains/hpveweb/edit.php' not found or unable to stat
[Sat Feb 21 01:04:50.454115 2026] [php:error] [pid 58505] [client 45.67.97.192:0] script '/domains/bels/file5.php' not found or unable to stat
[Sat Feb 21 01:04:50.506817 2026] [php:error] [pid 58472] [client 45.67.97.192:0] script '/domains/byardrealestate/buy.php' not found or unable to stat
[Sat Feb 21 01:04:50.507446 2026] [php:error] [pid 58479] [client 45.67.97.16:0] script '/domains/system_suspended/buy.php' not found or unable to stat
[Sat Feb 21 01:04:50.563084 2026] [php:error] [pid 58483] [client 45.67.97.15:0] script '/domains/frog.interport1/alfa.php' not found or unable to stat
[Sat Feb 21 01:04:50.574666 2026] [php:error] [pid 58439] [client 45.67.97.15:0] script '/domains/windsorweb/install.php' not found or unable to stat
[Sat Feb 21 01:04:50.596591 2026] [php:error] [pid 58490] [client 45.67.97.16:0] script '/domains/homesbyaudrey1/x.php' not found or unable to stat
[Sat Feb 21 01:04:50.874821 2026] [php:error] [pid 58499] [client 45.67.97.17:0] script '/domains/system_suspended/class.api.php' not found or unable to stat
[Sat Feb 21 01:04:50.878550 2026] [php:error] [pid 58453] [client 45.67.97.15:0] script '/domains/acagolf1/style.php' not found or unable to stat
[Sat Feb 21 01:04:50.883590 2026] [php:error] [pid 58473] [client 45.67.97.15:0] script '/domains/pbuilder/xx.php' not found or unable to stat
[Sat Feb 21 01:04:50.912646 2026] [php:error] [pid 58458] [client 45.67.97.192:0] script '/domains/biehlweb/wp-mail.php' not found or unable to stat
[Sat Feb 21 01:04:50.924922 2026] [php:error] [pid 58505] [client 45.67.97.192:0] script '/domains/bels/ahax.php' not found or unable to stat
[Sat Feb 21 01:04:51.037512 2026] [php:error] [pid 58506] [client 45.67.97.16:0] script '/domains/system_suspended/edit.php' not found or unable to stat
[Sat Feb 21 01:04:51.058502 2026] [php:error] [pid 58470] [client 45.67.97.192:0] script '/domains/ferguson.interport/shell.php' not found or unable to stat
[Sat Feb 21 01:04:51.187878 2026] [php:error] [pid 58480] [client 45.67.97.17:0] script '/domains/system_suspended/fm.php' not found or unable to stat
[Sat Feb 21 01:04:51.266561 2026] [php:error] [pid 58464] [client 45.67.97.15:0] script '/domains/pmglobal/file.php' not found or unable to stat
[Sat Feb 21 01:04:51.268088 2026] [php:error] [pid 58469] [client 45.67.97.16:0] script '/domains/proinc/default.php' not found or unable to stat
[Sat Feb 21 01:04:51.358418 2026] [php:error] [pid 58473] [client 45.67.97.15:0] script '/domains/pbuilder/autoload_classmap.php' not found or unable to stat
[Sat Feb 21 01:04:51.371520 2026] [php:error] [pid 58487] [client 45.67.97.17:0] script '/domains/rnachum/wp-content.php' not found or unable to stat
[Sat Feb 21 01:04:51.510498 2026] [php:error] [pid 58439] [client 45.67.97.15:0] script '/domains/windsorweb/images/class-config.php' not found or unable to stat
[Sat Feb 21 01:04:51.674277 2026] [php:error] [pid 58502] [client 45.67.97.16:0] script '/domains/system_default/ioxi-o.php' not found or unable to stat
[Sat Feb 21 01:04:51.697072 2026] [php:error] [pid 58505] [client 45.67.97.192:0] script '/domains/bels/f35.php' not found or unable to stat
[Sat Feb 21 01:04:51.734072 2026] [php:error] [pid 58501] [client 45.67.97.16:0] script '/domains/system_default/wp.php' not found or unable to stat
[Sat Feb 21 01:04:51.783575 2026] [php:error] [pid 58500] [client 45.67.97.16:0] script '/domains/hungariantasteweb/wp.php' not found or unable to stat
[Sat Feb 21 01:04:51.792540 2026] [php:error] [pid 58448] [client 45.67.97.17:0] script '/domains/system_suspended/worm.PhP' not found or unable to stat
[Sat Feb 21 01:04:51.856486 2026] [php:error] [pid 58493] [client 45.67.97.17:0] script '/domains/hpveweb/wp-links-opml.php' not found or unable to stat
[Sat Feb 21 01:04:52.000200 2026] [php:error] [pid 58482] [client 45.67.97.16:0] script '/domains/peterbmiller/ini.php' not found or unable to stat
[Sat Feb 21 01:04:52.145910 2026] [php:error] [pid 58502] [client 45.67.97.16:0] script '/domains/system_default/info.php' not found or unable to stat
[Sat Feb 21 01:04:52.167362 2026] [php:error] [pid 58505] [client 45.67.97.192:0] script '/domains/bels/simple.php' not found or unable to stat
[Sat Feb 21 01:04:52.260963 2026] [php:error] [pid 58448] [client 45.67.97.17:0] script '/domains/system_suspended/ext.php' not found or unable to stat
[Sat Feb 21 01:04:52.292819 2026] [php:error] [pid 58499] [client 45.67.97.17:0] script '/domains/system_suspended/system_log.php' not found or unable to stat
[Sat Feb 21 01:04:52.299723 2026] [php:error] [pid 58453] [client 45.67.97.15:0] script '/domains/acagolf1/x.php' not found or unable to stat
[Sat Feb 21 01:04:52.302090 2026] [php:error] [pid 58477] [client 45.67.97.16:0] script '/domains/druckrey/fm.php' not found or unable to stat
[Sat Feb 21 01:04:52.438000 2026] [php:error] [pid 58506] [client 45.67.97.16:0] script '/domains/system_suspended/wp-links-opml.php' not found or unable to stat
[Sat Feb 21 01:04:52.484194 2026] [php:error] [pid 58490] [client 45.67.97.16:0] script '/domains/homesbyaudrey1/wp-user.php' not found or unable to stat
[Sat Feb 21 01:04:52.617838 2026] [php:error] [pid 58502] [client 45.67.97.16:0] script '/domains/system_default/setup.php' not found or unable to stat
[Sat Feb 21 01:04:52.674955 2026] [php:error] [pid 58464] [client 45.67.97.15:0] script '/domains/pmglobal/buy.php' not found or unable to stat
[Sat Feb 21 01:04:52.729459 2026] [php:error] [pid 58448] [client 45.67.97.17:0] script '/domains/system_suspended/delpaths.php' not found or unable to stat
[Sat Feb 21 01:04:52.756539 2026] [php:error] [pid 58461] [client 45.67.97.16:0] script '/domains/tmandel/classwithtostring.php' not found or unable to stat
[Sat Feb 21 01:04:52.761259 2026] [php:error] [pid 58499] [client 45.67.97.17:0] script '/domains/system_suspended/.alf.php' not found or unable to stat
[Sat Feb 21 01:04:52.769225 2026] [php:error] [pid 58473] [client 45.67.97.15:0] script '/domains/pbuilder/content.php' not found or unable to stat
[Sat Feb 21 01:04:52.792022 2026] [php:error] [pid 58493] [client 45.67.97.17:0] script '/domains/hpveweb/atomlib.php' not found or unable to stat
[Sat Feb 21 01:04:52.915575 2026] [php:error] [pid 58439] [client 45.67.97.15:0] script '/domains/windsorweb/bypass.php' not found or unable to stat
[Sat Feb 21 01:04:53.054196 2026] [php:error] [pid 58480] [client 45.67.97.17:0] script '/domains/system_suspended/ini.php' not found or unable to stat
[Sat Feb 21 01:04:53.156263 2026] [php:error] [pid 58501] [client 45.67.97.16:0] script '/domains/system_default/wp-header.php' not found or unable to stat
[Sat Feb 21 01:04:53.186624 2026] [php:error] [pid 58500] [client 45.67.97.16:0] script '/domains/hungariantasteweb/wp-header.php' not found or unable to stat
[Sat Feb 21 01:04:53.238871 2026] [php:error] [pid 58499] [client 45.67.97.17:0] script '/domains/system_suspended/wso.php' not found or unable to stat
[Sat Feb 21 01:04:53.243570 2026] [php:error] [pid 58453] [client 45.67.97.15:0] script '/domains/acagolf1/css/index.php' not found or unable to stat
[Sat Feb 21 01:04:53.387069 2026] [php:error] [pid 58439] [client 45.67.97.15:0] script '/domains/windsorweb/class.php' not found or unable to stat
[Sat Feb 21 01:04:53.390498 2026] [php:error] [pid 58470] [client 45.67.97.192:0] script '/domains/ferguson.interport/hehe.php' not found or unable to stat
[Sat Feb 21 01:04:53.561988 2026] [php:error] [pid 58474] [client 45.67.97.16:0] script '/domains/jaspen/default.php' not found or unable to stat
[Sat Feb 21 01:04:53.686934 2026] [php:error] [pid 58506] [client 45.67.97.16:0] script '/domains/system_suspended/atomlib.php' not found or unable to stat
[Sat Feb 21 01:04:53.711197 2026] [php:error] [pid 58453] [client 45.67.97.15:0] script '/domains/acagolf1/images/index22.php' not found or unable to stat
[Sat Feb 21 01:04:53.715371 2026] [php:error] [pid 58487] [client 45.67.97.17:0] script '/domains/rnachum/customize.php' not found or unable to stat
[Sat Feb 21 01:04:53.905571 2026] [php:error] [pid 58490] [client 45.67.97.16:0] script '/domains/homesbyaudrey1/config.php' not found or unable to stat
[Sat Feb 21 01:04:54.027697 2026] [php:error] [pid 58475] [client 45.67.97.15:0] script '/domains/system_suspended/install.php' not found or unable to stat
[Sat Feb 21 01:04:54.088049 2026] [php:error] [pid 58469] [client 45.67.97.16:0] script '/domains/proinc/dropdown.php' not found or unable to stat
[Sat Feb 21 01:04:54.100150 2026] [php:error] [pid 58501] [client 45.67.97.16:0] script '/domains/system_default/Marvins.php' not found or unable to stat
[Sat Feb 21 01:04:54.130981 2026] [php:error] [pid 58500] [client 45.67.97.16:0] script '/domains/hungariantasteweb/Marvins.php' not found or unable to stat
[Sat Feb 21 01:04:54.182172 2026] [php:error] [pid 58499] [client 45.67.97.17:0] script '/domains/system_suspended/flower.php' not found or unable to stat
[Sat Feb 21 01:04:54.182790 2026] [php:error] [pid 58461] [client 45.67.97.16:0] script '/domains/tmandel/tinyfilemanager.php' not found or unable to stat
[Sat Feb 21 01:04:54.184362 2026] [php:error] [pid 58453] [client 45.67.97.15:0] script '/domains/acagolf1/wp-user.php' not found or unable to stat
[Sat Feb 21 01:04:54.185669 2026] [php:error] [pid 58487] [client 45.67.97.17:0] script '/domains/rnachum/license.php' not found or unable to stat
[Sat Feb 21 01:04:54.185676 2026] [php:error] [pid 58477] [client 45.67.97.16:0] script '/domains/druckrey/ini.php' not found or unable to stat
[Sat Feb 21 01:04:54.190910 2026] [php:error] [pid 58507] [client 45.67.97.17:0] script '/domains/micra/wp-content.php' not found or unable to stat
[Sat Feb 21 01:04:54.318944 2026] [php:error] [pid 58483] [client 45.67.97.15:0] script '/domains/frog.interport1/edit.php' not found or unable to stat
[Sat Feb 21 01:04:54.377285 2026] [php:error] [pid 58490] [client 45.67.97.16:0] script '/domains/homesbyaudrey1/special.php' not found or unable to stat
[Sat Feb 21 01:04:54.798043 2026] [php:error] [pid 58470] [client 45.67.97.192:0] script '/domains/ferguson.interport/dir.php' not found or unable to stat
[Sat Feb 21 01:04:55.023685 2026] [php:error] [pid 58469] [client 45.67.97.16:0] script '/domains/proinc/db.php' not found or unable to stat
[Sat Feb 21 01:04:55.113560 2026] [php:error] [pid 58500] [client 45.67.97.16:0] script '/domains/hungariantasteweb/wp-class.php' not found or unable to stat
[Sat Feb 21 01:04:55.123894 2026] [php:error] [pid 58487] [client 45.67.97.17:0] script '/domains/rnachum/lock.php' not found or unable to stat
[Sat Feb 21 01:04:55.143036 2026] [php:error] [pid 58493] [client 45.67.97.17:0] script '/domains/hpveweb/xp.php' not found or unable to stat
[Sat Feb 21 01:04:55.220982 2026] [php:error] [pid 58497] [client 45.67.97.16:0] script '/domains/fbardin/images/class.php' not found or unable to stat
[Sat Feb 21 01:04:55.236622 2026] [php:error] [pid 58504] [client 45.67.97.15:0] script '/domains/bruceweb/manager.php' not found or unable to stat
[Sat Feb 21 01:04:55.297650 2026] [php:error] [pid 58502] [client 45.67.97.16:0] script '/domains/system_default/as.php' not found or unable to stat
[Sat Feb 21 01:04:55.433313 2026] [php:error] [pid 58501] [client 45.67.97.16:0] script '/domains/system_default/wp-class.php' not found or unable to stat
[Sat Feb 21 01:04:55.582995 2026] [php:error] [pid 58448] [client 45.67.97.17:0] script '/domains/system_suspended/gifclass.php' not found or unable to stat
[Sat Feb 21 01:04:55.591917 2026] [php:error] [pid 58453] [client 45.67.97.15:0] script '/domains/acagolf1/config.php' not found or unable to stat
[Sat Feb 21 01:04:55.593320 2026] [php:error] [pid 58461] [client 45.67.97.16:0] script '/domains/tmandel/file.php' not found or unable to stat
[Sat Feb 21 01:04:55.704418 2026] [php:error] [pid 58504] [client 45.67.97.15:0] script '/domains/bruceweb/bless.php' not found or unable to stat
[Sat Feb 21 01:04:55.718379 2026] [php:error] [pid 58483] [client 45.67.97.15:0] script '/domains/frog.interport1/wp-links-opml.php' not found or unable to stat
[Sat Feb 21 01:04:55.771874 2026] [php:error] [pid 58502] [client 45.67.97.16:0] script '/domains/system_default/cc.php' not found or unable to stat
[Sat Feb 21 01:04:56.050445 2026] [php:error] [pid 58500] [client 45.67.97.16:0] script '/domains/hungariantasteweb/xx.php' not found or unable to stat
[Sat Feb 21 01:04:56.061971 2026] [php:error] [pid 58499] [client 45.67.97.17:0] script '/domains/system_suspended/ioxi-o.php' not found or unable to stat
[Sat Feb 21 01:04:56.062258 2026] [php:error] [pid 58448] [client 45.67.97.17:0] script '/domains/system_suspended/plugin.php' not found or unable to stat
[Sat Feb 21 01:04:56.062507 2026] [php:error] [pid 58506] [client 45.67.97.16:0] script '/domains/system_suspended/xp.php' not found or unable to stat
[Sat Feb 21 01:04:56.062521 2026] [php:error] [pid 58453] [client 45.67.97.15:0] script '/domains/acagolf1/special.php' not found or unable to stat
[Sat Feb 21 01:04:56.062690 2026] [php:error] [pid 58494] [client 45.67.97.16:0] script '/domains/fdcarter/webdb.php' not found or unable to stat
[Sat Feb 21 01:04:56.161632 2026] [php:error] [pid 58497] [client 45.67.97.16:0] script '/domains/fbardin/web.php' not found or unable to stat
[Sat Feb 21 01:04:56.172682 2026] [php:error] [pid 58504] [client 45.67.97.15:0] script '/domains/bruceweb/O-Simple.php' not found or unable to stat
[Sat Feb 21 01:04:56.357063 2026] [php:error] [pid 58474] [client 45.67.97.16:0] script '/domains/jaspen/dropdown.php' not found or unable to stat
[Sat Feb 21 01:04:56.374327 2026] [php:error] [pid 58501] [client 45.67.97.16:0] script '/domains/system_default/xx.php' not found or unable to stat
[Sat Feb 21 01:04:56.386348 2026] [php:error] [pid 58475] [client 45.67.97.15:0] script '/domains/system_suspended/bypass.php' not found or unable to stat
[Sat Feb 21 01:04:56.424777 2026] [php:error] [pid 58485] [client 45.67.97.192:0] script '/domains/resourceandeventweb/byp.php' not found or unable to stat
[Sat Feb 21 01:04:56.473405 2026] [php:error] [pid 58488] [client 45.67.97.17:0] script '/domains/biehlweb/aa.php' not found or unable to stat
[Sat Feb 21 01:04:56.518108 2026] [php:error] [pid 58500] [client 45.67.97.16:0] script '/domains/hungariantasteweb/autoload_classmap.php' not found or unable to stat
[Sat Feb 21 01:04:56.531423 2026] [php:error] [pid 58499] [client 45.67.97.17:0] script '/domains/system_suspended/info.php' not found or unable to stat
[Sat Feb 21 01:04:56.552121 2026] [php:error] [pid 58493] [client 45.67.97.17:0] script '/domains/hpveweb/wp-links.php' not found or unable to stat
[Sat Feb 21 01:04:56.639880 2026] [php:error] [pid 58504] [client 45.67.97.15:0] script '/domains/bruceweb/lock360.php' not found or unable to stat
[Sat Feb 21 01:04:56.649781 2026] [php:error] [pid 58483] [client 45.67.97.15:0] script '/domains/frog.interport1/atomlib.php' not found or unable to stat
[Sat Feb 21 01:04:56.669570 2026] [php:error] [pid 58470] [client 45.67.97.192:0] script '/domains/ferguson.interport/nf_tracking.php' not found or unable to stat
[Sat Feb 21 01:04:56.671465 2026] [php:error] [pid 58439] [client 45.67.97.15:0] script '/domains/windsorweb/init.php' not found or unable to stat
[Sat Feb 21 01:04:56.708747 2026] [php:error] [pid 58476] [client 45.67.97.17:0] script '/domains/testregisgroup/byp.php' not found or unable to stat
[Sat Feb 21 01:04:56.713755 2026] [php:error] [pid 58502] [client 45.67.97.16:0] script '/domains/system_default/ab.php' not found or unable to stat
[Sat Feb 21 01:04:56.844763 2026] [php:error] [pid 58501] [client 45.67.97.16:0] script '/domains/system_default/autoload_classmap.php' not found or unable to stat
[Sat Feb 21 01:04:56.862492 2026] [php:error] [pid 58475] [client 45.67.97.15:0] script '/domains/system_suspended/class.php' not found or unable to stat
[Sat Feb 21 01:04:56.889417 2026] [php:error] [pid 58507] [client 45.67.97.17:0] script '/domains/micra/customize.php' not found or unable to stat
[Sat Feb 21 01:04:56.943602 2026] [php:error] [pid 58488] [client 45.67.97.17:0] script '/domains/biehlweb/index2.php' not found or unable to stat
[Sat Feb 21 01:04:57.000749 2026] [php:error] [pid 58494] [client 45.67.97.16:0] script '/domains/fdcarter/file2.php' not found or unable to stat
[Sat Feb 21 01:04:57.000755 2026] [php:error] [pid 58461] [client 45.67.97.16:0] script '/domains/tmandel/buy.php' not found or unable to stat
[Sat Feb 21 01:04:57.001340 2026] [php:error] [pid 58448] [client 45.67.97.17:0] script '/domains/system_suspended/update-core.php' not found or unable to stat
[Sat Feb 21 01:04:57.001363 2026] [php:error] [pid 58499] [client 45.67.97.17:0] script '/domains/system_suspended/setup.php' not found or unable to stat
[Sat Feb 21 01:04:57.051999 2026] [php:error] [pid 58472] [client 45.67.97.192:0] script '/domains/byardrealestate/inc.php' not found or unable to stat
[Sat Feb 21 01:04:57.052717 2026] [php:error] [pid 58479] [client 45.67.97.16:0] script '/domains/system_suspended/inc.php' not found or unable to stat
[Sat Feb 21 01:04:57.103454 2026] [php:error] [pid 58497] [client 45.67.97.16:0] script '/domains/fbardin/images/index.php' not found or unable to stat
[Sat Feb 21 01:04:57.108390 2026] [php:error] [pid 58504] [client 45.67.97.15:0] script '/domains/bruceweb/zwso.php' not found or unable to stat
[Sat Feb 21 01:04:57.157556 2026] [php:error] [pid 58482] [client 45.67.97.15:0] script '/domains/peterbmiller/wp-content.php' not found or unable to stat
[Sat Feb 21 01:04:57.287542 2026] [php:error] [pid 58474] [client 45.67.97.16:0] script '/domains/jaspen/db.php' not found or unable to stat
[Sat Feb 21 01:04:57.360006 2026] [php:error] [pid 58507] [client 45.67.97.17:0] script '/domains/micra/license.php' not found or unable to stat
[Sat Feb 21 01:04:57.467354 2026] [php:error] [pid 58506] [client 45.67.97.16:0] script '/domains/system_suspended/wp-links.php' not found or unable to stat
[Sat Feb 21 01:04:57.577805 2026] [php:error] [pid 58504] [client 45.67.97.15:0] script '/domains/bruceweb/chosen.php' not found or unable to stat
[Sat Feb 21 01:04:57.600031 2026] [php:error] [pid 58470] [client 45.67.97.192:0] script '/domains/ferguson.interport/filefuns.php' not found or unable to stat
[Sat Feb 21 01:04:57.925493 2026] [php:error] [pid 58500] [client 45.67.97.16:0] script '/domains/hungariantasteweb/content.php' not found or unable to stat
[Sat Feb 21 01:04:57.938002 2026] [php:error] [pid 58494] [client 45.67.97.16:0] script '/domains/fdcarter/alfa.php' not found or unable to stat
[Sat Feb 21 01:04:57.938084 2026] [php:error] [pid 58448] [client 45.67.97.17:0] script '/domains/system_suspended/wp-mail.php' not found or unable to stat
[Sat Feb 21 01:04:57.982485 2026] [php:error] [pid 58472] [client 45.67.97.192:0] script '/domains/byardrealestate/filemanager.php' not found or unable to stat
[Sat Feb 21 01:04:57.982490 2026] [php:error] [pid 58479] [client 45.67.97.16:0] script '/domains/system_suspended/filemanager.php' not found or unable to stat
[Sat Feb 21 01:04:58.045863 2026] [php:error] [pid 58504] [client 45.67.97.15:0] script '/domains/bruceweb/about.php' not found or unable to stat
[Sat Feb 21 01:04:58.127678 2026] [php:error] [pid 58502] [client 45.67.97.16:0] script '/domains/system_default/doc.php' not found or unable to stat
[Sat Feb 21 01:04:58.183141 2026] [php:error] [pid 58480] [client 45.67.97.17:0] script '/domains/system_suspended/wp-content.php' not found or unable to stat
[Sat Feb 21 01:04:58.249162 2026] [php:error] [pid 58501] [client 45.67.97.16:0] script '/domains/system_default/content.php' not found or unable to stat
[Sat Feb 21 01:04:58.310574 2026] [php:error] [pid 58507] [client 45.67.97.17:0] script '/domains/micra/lock.php' not found or unable to stat
[Sat Feb 21 01:04:58.404799 2026] [php:error] [pid 58487] [client 45.67.97.17:0] script '/domains/rnachum/wp-good.php' not found or unable to stat
[Sat Feb 21 01:04:58.405382 2026] [php:error] [pid 58473] [client 45.67.97.15:0] script '/domains/pbuilder/images/class.php' not found or unable to stat
[Sat Feb 21 01:04:58.513865 2026] [php:error] [pid 58504] [client 45.67.97.15:0] script '/domains/bruceweb/admin.php' not found or unable to stat
[Sat Feb 21 01:04:58.532401 2026] [php:error] [pid 58470] [client 45.67.97.192:0] script '/domains/ferguson.interport/l.php' not found or unable to stat
[Sat Feb 21 01:04:58.987328 2026] [php:error] [pid 58497] [client 45.67.97.16:0] script '/domains/fbardin/wp-trackback.php' not found or unable to stat
[Sat Feb 21 01:04:58.998557 2026] [php:error] [pid 58470] [client 45.67.97.192:0] script '/domains/ferguson.interport/repeater.php' not found or unable to stat
[Sat Feb 21 01:04:59.313935 2026] [php:error] [pid 58488] [client 45.67.97.17:0] script '/domains/biehlweb/shell.php' not found or unable to stat
[Sat Feb 21 01:04:59.337738 2026] [php:error] [pid 58483] [client 45.67.97.15:0] script '/domains/frog.interport1/xp.php' not found or unable to stat
[Sat Feb 21 01:04:59.346124 2026] [php:error] [pid 58499] [client 45.67.97.17:0] script '/domains/system_suspended/as.php' not found or unable to stat
[Sat Feb 21 01:04:59.348208 2026] [php:error] [pid 58473] [client 45.67.97.15:0] script '/domains/pbuilder/web.php' not found or unable to stat
[Sat Feb 21 01:04:59.365383 2026] [php:error] [pid 58491] [client 45.67.97.16:0] script '/domains/druckrey/wp-content.php' not found or unable to stat
[Sat Feb 21 01:04:59.452342 2026] [php:error] [pid 58504] [client 45.67.97.15:0] script '/domains/bruceweb/mah.php' not found or unable to stat
[Sat Feb 21 01:04:59.509045 2026] [php:error] [pid 58482] [client 45.67.97.15:0] script '/domains/peterbmiller/customize.php' not found or unable to stat
[Sat Feb 21 01:04:59.543497 2026] [php:error] [pid 58502] [client 45.67.97.16:0] script '/domains/system_default/wp-login.php' not found or unable to stat
[Sat Feb 21 01:04:59.681103 2026] [php:error] [pid 58469] [client 45.67.97.16:0] script '/domains/proinc/install.php' not found or unable to stat
[Sat Feb 21 01:04:59.816268 2026] [php:error] [pid 58499] [client 45.67.97.17:0] script '/domains/system_suspended/cc.php' not found or unable to stat
[Sat Feb 21 01:04:59.828563 2026] [php:error] [pid 58464] [client 45.67.97.15:0] script '/domains/pmglobal/inc.php' not found or unable to stat
[Sat Feb 21 01:04:59.926753 2026] [php:error] [pid 58497] [client 45.67.97.16:0] script '/domains/fbardin/radio.php' not found or unable to stat
[Sat Feb 21 01:04:59.978438 2026] [php:error] [pid 58482] [client 45.67.97.15:0] script '/domains/peterbmiller/license.php' not found or unable to stat
[Sat Feb 21 01:05:00.021989 2026] [php:error] [pid 58502] [client 45.67.97.16:0] script '/domains/system_default/mar.php' not found or unable to stat
[Sat Feb 21 01:05:00.166049 2026] [php:error] [pid 58475] [client 45.67.97.15:0] script '/domains/system_suspended/init.php' not found or unable to stat
[Sat Feb 21 01:05:00.194837 2026] [php:error] [pid 58485] [client 45.67.97.192:0] script '/domains/resourceandeventweb/class.api.php' not found or unable to stat
[Sat Feb 21 01:05:00.387463 2026] [php:error] [pid 58504] [client 45.67.97.15:0] script '/domains/bruceweb/core.php' not found or unable to stat
[Sat Feb 21 01:05:00.398065 2026] [php:error] [pid 58470] [client 45.67.97.192:0] script '/domains/ferguson.interport/contacts.php' not found or unable to stat
[Sat Feb 21 01:05:00.436470 2026] [php:error] [pid 58439] [client 45.67.97.15:0] script '/domains/windsorweb/adminfuns.php' not found or unable to stat
[Sat Feb 21 01:05:00.523678 2026] [php:error] [pid 58480] [client 45.67.97.17:0] script '/domains/system_suspended/customize.php' not found or unable to stat
[Sat Feb 21 01:05:00.623733 2026] [php:error] [pid 58490] [client 45.67.97.15:0] script '/domains/homesbyaudrey1/webdb.php' not found or unable to stat
[Sat Feb 21 01:05:00.747663 2026] [php:error] [pid 58483] [client 45.67.97.15:0] script '/domains/frog.interport1/wp-links.php' not found or unable to stat
[Sat Feb 21 01:05:00.766893 2026] [php:error] [pid 58464] [client 45.67.97.15:0] script '/domains/pmglobal/filemanager.php' not found or unable to stat
[Sat Feb 21 01:05:00.777672 2026] [php:error] [pid 58479] [client 45.67.97.16:0] script '/domains/system_suspended/function.php' not found or unable to stat
[Sat Feb 21 01:05:00.850973 2026] [php:error] [pid 58476] [client 45.67.97.17:0] script '/domains/testregisgroup/class.api.php' not found or unable to stat
[Sat Feb 21 01:05:00.855765 2026] [php:error] [pid 58504] [client 45.67.97.15:0] script '/domains/bruceweb/robots.php' not found or unable to stat
[Sat Feb 21 01:05:00.863027 2026] [php:error] [pid 58470] [client 45.67.97.192:0] script '/domains/ferguson.interport/wsa.php' not found or unable to stat
[Sat Feb 21 01:05:00.907187 2026] [php:error] [pid 58473] [client 45.67.97.15:0] script '/domains/pbuilder/images/index.php' not found or unable to stat
[Sat Feb 21 01:05:00.923948 2026] [php:error] [pid 58482] [client 45.67.97.15:0] script '/domains/peterbmiller/lock.php' not found or unable to stat
[Sat Feb 21 01:05:00.992168 2026] [php:error] [pid 58480] [client 45.67.97.17:0] script '/domains/system_suspended/license.php' not found or unable to stat
[Sat Feb 21 01:05:01.152448 2026] [php:error] [pid 58499] [client 45.67.97.17:0] script '/domains/system_suspended/ab.php' not found or unable to stat
[Sat Feb 21 01:05:01.327623 2026] [php:error] [pid 58504] [client 45.67.97.15:0] script '/domains/bruceweb/inputs.php' not found or unable to stat
[Sat Feb 21 01:05:01.376082 2026] [php:error] [pid 58472] [client 45.67.97.192:0] script '/domains/byardrealestate/function.php' not found or unable to stat
[Sat Feb 21 01:05:01.380903 2026] [php:error] [pid 58439] [client 45.67.97.15:0] script '/domains/windsorweb/wp_wlx.php' not found or unable to stat
[Sat Feb 21 01:05:01.448458 2026] [php:error] [pid 58502] [client 45.67.97.16:0] script '/domains/system_default/1.php' not found or unable to stat
[Sat Feb 21 01:05:01.494143 2026] [php:error] [pid 58474] [client 45.67.97.16:0] script '/domains/jaspen/install.php' not found or unable to stat
[Sat Feb 21 01:05:01.566667 2026] [php:error] [pid 58490] [client 45.67.97.15:0] script '/domains/homesbyaudrey1/file2.php' not found or unable to stat
[Sat Feb 21 01:05:01.615099 2026] [php:error] [pid 58485] [client 45.67.97.192:0] script '/domains/resourceandeventweb/system_log.php' not found or unable to stat
[Sat Feb 21 01:05:01.620968 2026] [php:error] [pid 58507] [client 45.67.97.17:0] script '/domains/micra/wp-good.php' not found or unable to stat
[Sat Feb 21 01:05:01.671782 2026] [php:error] [pid 58488] [client 45.67.97.17:0] script '/domains/biehlweb/hehe.php' not found or unable to stat
[Sat Feb 21 01:05:01.704633 2026] [php:error] [pid 58508] [client 45.67.97.16:0] script '/domains/acagolf1/webdb.php' not found or unable to stat
[Sat Feb 21 01:05:01.720379 2026] [php:error] [pid 58479] [client 45.67.97.16:0] script '/domains/system_suspended/wp-signup.php' not found or unable to stat
[Sat Feb 21 01:05:01.722353 2026] [php:error] [pid 58493] [client 45.67.97.17:0] script '/domains/hpveweb/moon.php' not found or unable to stat
[Sat Feb 21 01:05:01.732596 2026] [php:error] [pid 58491] [client 45.67.97.16:0] script '/domains/druckrey/customize.php' not found or unable to stat
[Sat Feb 21 01:05:01.799266 2026] [php:error] [pid 58504] [client 45.67.97.15:0] script '/domains/bruceweb/mini.php' not found or unable to stat
[Sat Feb 21 01:05:01.824618 2026] [php:error] [pid 58497] [client 45.67.97.16:0] script '/domains/fbardin/wp-conflg.php' not found or unable to stat
[Sat Feb 21 01:05:01.926305 2026] [php:error] [pid 58480] [client 45.67.97.17:0] script '/domains/system_suspended/lock.php' not found or unable to stat
[Sat Feb 21 01:05:02.029071 2026] [php:error] [pid 58469] [client 45.67.97.16:0] script '/domains/proinc/bypass.php' not found or unable to stat
[Sat Feb 21 01:05:02.083232 2026] [php:error] [pid 58485] [client 45.67.97.192:0] script '/domains/resourceandeventweb/.alf.php' not found or unable to stat
[Sat Feb 21 01:05:02.211685 2026] [php:error] [pid 58491] [client 45.67.97.16:0] script '/domains/druckrey/license.php' not found or unable to stat
[Sat Feb 21 01:05:02.263080 2026] [php:error] [pid 58476] [client 45.67.97.17:0] script '/domains/testregisgroup/system_log.php' not found or unable to stat
[Sat Feb 21 01:05:02.268205 2026] [php:error] [pid 58504] [client 45.67.97.15:0] script '/domains/bruceweb/goods.php' not found or unable to stat
[Sat Feb 21 01:05:02.288957 2026] [php:error] [pid 58494] [client 45.67.97.16:0] script '/domains/fdcarter/edit.php' not found or unable to stat
[Sat Feb 21 01:05:02.295873 2026] [php:error] [pid 58497] [client 45.67.97.16:0] script '/domains/fbardin/wp-setup.php' not found or unable to stat
