[Sat Feb 21 01:07:44.713148 2026] [php:error] [pid 58501] [client 45.67.97.15:0] script '/domains/system_suspended/b.php' not found or unable to stat
[Sat Feb 21 01:07:44.847392 2026] [php:error] [pid 58500] [client 45.67.97.16:0] script '/domains/system_suspended/chosen.php' not found or unable to stat
[Sat Feb 21 01:07:44.848648 2026] [php:error] [pid 58568] [client 45.67.97.192:0] script '/domains/system_suspended/wp-themes.php' not found or unable to stat
[Sat Feb 21 01:07:44.879916 2026] [php:error] [pid 58555] [client 45.67.97.17:0] script '/domains/druckrey/b.php' not found or unable to stat
[Sat Feb 21 01:07:44.883427 2026] [php:error] [pid 58542] [client 45.67.97.17:0] script '/domains/csiniaws/flower.php' not found or unable to stat
[Sat Feb 21 01:07:44.900360 2026] [php:error] [pid 58529] [client 45.67.97.16:0] script '/domains/antiqueweb1/webdb.php' not found or unable to stat
[Sat Feb 21 01:07:44.901380 2026] [php:error] [pid 58546] [client 45.67.97.192:0] script '/domains/trodine/images/index22.php' not found or unable to stat
[Sat Feb 21 01:07:44.916625 2026] [php:error] [pid 58479] [client 45.67.97.16:0] script '/domains/pmglobal/wp-mail.php' not found or unable to stat
[Sat Feb 21 01:07:44.954773 2026] [php:error] [pid 58502] [client 45.67.97.15:0] script '/domains/sjsachs/byp.php' not found or unable to stat
[Sat Feb 21 01:07:45.010303 2026] [php:error] [pid 58519] [client 45.67.97.16:0] script '/domains/ceonlinenews/cgi-bin/bypass.php' not found or unable to stat
[Sat Feb 21 01:07:45.058904 2026] [php:error] [pid 58490] [client 45.67.97.192:0] script '/domains/hungariantasteweb/NewFile.php' not found or unable to stat
[Sat Feb 21 01:07:45.135552 2026] [php:error] [pid 58493] [client 45.67.97.16:0] script '/domains/biehlweb/images/autoload_classmap.php' not found or unable to stat
[Sat Feb 21 01:07:45.193850 2026] [php:error] [pid 58531] [client 45.67.97.192:0] script '/domains/system_suspended/XxX.php' not found or unable to stat
[Sat Feb 21 01:07:45.301693 2026] [php:error] [pid 58507] [client 45.67.97.192:0] script '/domains/testregisgroup/adminfusm.php' not found or unable to stat
[Sat Feb 21 01:07:45.319982 2026] [php:error] [pid 58500] [client 45.67.97.16:0] script '/domains/system_suspended/about.php' not found or unable to stat
[Sat Feb 21 01:07:45.326605 2026] [php:error] [pid 58565] [client 45.67.97.16:0] script '/domains/system_default/byp.php' not found or unable to stat
[Sat Feb 21 01:07:45.332090 2026] [php:error] [pid 58469] [client 45.67.97.192:0] script '/domains/astweb/doc.php' not found or unable to stat
[Sat Feb 21 01:07:45.368633 2026] [php:error] [pid 58546] [client 45.67.97.192:0] script '/domains/trodine/wp-user.php' not found or unable to stat
[Sat Feb 21 01:07:45.485854 2026] [php:error] [pid 58571] [client 45.67.97.192:0] script '/domains/homesbyaudrey1/Sanskrit.php' not found or unable to stat
[Sat Feb 21 01:07:45.538774 2026] [php:error] [pid 58505] [client 45.67.97.15:0] script '/domains/nsmd2/wp-conflg.php' not found or unable to stat
[Sat Feb 21 01:07:45.593236 2026] [php:error] [pid 58472] [client 45.67.97.15:0] script '/domains/tmandel/gifclass.php' not found or unable to stat
[Sat Feb 21 01:07:45.639478 2026] [php:error] [pid 58453] [client 45.67.97.192:0] script '/domains/system_default/NewFile.php' not found or unable to stat
[Sat Feb 21 01:07:45.651970 2026] [php:error] [pid 58439] [client 45.67.97.17:0] script '/domains/familyplayhouse2/ioxi-o.php' not found or unable to stat
[Sat Feb 21 01:07:45.756762 2026] [php:error] [pid 58515] [client 45.67.97.15:0] script '/domains/system_default/natural.php' not found or unable to stat
[Sat Feb 21 01:07:45.774480 2026] [php:error] [pid 58507] [client 45.67.97.192:0] script '/domains/testregisgroup/js/js1.php' not found or unable to stat
[Sat Feb 21 01:07:45.779408 2026] [php:error] [pid 58567] [client 45.67.97.17:0] script '/domains/ferguson.interport/wp-api.php' not found or unable to stat
[Sat Feb 21 01:07:45.788595 2026] [php:error] [pid 58470] [client 45.67.97.192:0] script '/domains/fdcarter/options-writing.php' not found or unable to stat
[Sat Feb 21 01:07:45.800320 2026] [php:error] [pid 58500] [client 45.67.97.16:0] script '/domains/system_suspended/admin.php' not found or unable to stat
[Sat Feb 21 01:07:45.843408 2026] [php:error] [pid 58529] [client 45.67.97.16:0] script '/domains/antiqueweb1/file2.php' not found or unable to stat
[Sat Feb 21 01:07:45.939689 2026] [php:error] [pid 58551] [client 45.67.97.17:0] script '/domains/resourceandeventweb/images/habhan.php' not found or unable to stat
[Sat Feb 21 01:07:45.957579 2026] [php:error] [pid 58571] [client 45.67.97.192:0] script '/domains/homesbyaudrey1/wp-fmfile.php' not found or unable to stat
[Sat Feb 21 01:07:45.959452 2026] [php:error] [pid 58527] [client 45.67.97.16:0] script '/domains/bels/ff2.php' not found or unable to stat
[Sat Feb 21 01:07:45.970340 2026] [php:error] [pid 58508] [client 45.67.97.15:0] script '/domains/pbuilder/aks.php' not found or unable to stat
[Sat Feb 21 01:07:46.003024 2026] [php:error] [pid 58474] [client 45.67.97.192:0] script '/domains/peterbmiller/wsax.php' not found or unable to stat
[Sat Feb 21 01:07:46.003044 2026] [php:error] [pid 58490] [client 45.67.97.192:0] script '/domains/hungariantasteweb/error.php' not found or unable to stat
[Sat Feb 21 01:07:46.008690 2026] [php:error] [pid 58505] [client 45.67.97.15:0] script '/domains/nsmd2/wp-setup.php' not found or unable to stat
[Sat Feb 21 01:07:46.054761 2026] [php:error] [pid 58491] [client 45.67.97.16:0] script '/domains/proinc/tiny.php' not found or unable to stat
[Sat Feb 21 01:07:46.063070 2026] [php:error] [pid 58526] [client 45.67.97.192:0] script '/domains/system_default/doc.php' not found or unable to stat
[Sat Feb 21 01:07:46.063565 2026] [php:error] [pid 58472] [client 45.67.97.15:0] script '/domains/tmandel/plugin.php' not found or unable to stat
[Sat Feb 21 01:07:46.063862 2026] [php:error] [pid 58545] [client 45.67.97.16:0] script '/domains/windsorweb/theme.php' not found or unable to stat
[Sat Feb 21 01:07:46.127531 2026] [php:error] [pid 58439] [client 45.67.97.17:0] script '/domains/familyplayhouse2/info.php' not found or unable to stat
[Sat Feb 21 01:07:46.223230 2026] [php:error] [pid 58515] [client 45.67.97.15:0] script '/domains/system_default/item.php' not found or unable to stat
[Sat Feb 21 01:07:46.256878 2026] [php:error] [pid 58470] [client 45.67.97.192:0] script '/domains/fdcarter/options-reading.php' not found or unable to stat
[Sat Feb 21 01:07:46.427810 2026] [php:error] [pid 58541] [client 45.67.97.15:0] script '/domains/system_suspended/aa.php' not found or unable to stat
[Sat Feb 21 01:07:46.436133 2026] [php:error] [pid 58508] [client 45.67.97.15:0] script '/domains/pbuilder/litespeed.php' not found or unable to stat
[Sat Feb 21 01:07:46.475659 2026] [php:error] [pid 58505] [client 45.67.97.15:0] script '/domains/nsmd2/ms-themes.php' not found or unable to stat
[Sat Feb 21 01:07:46.515942 2026] [php:error] [pid 58556] [client 45.67.97.16:0] script '/domains/aatweb/inc.php' not found or unable to stat
[Sat Feb 21 01:07:46.600284 2026] [php:error] [pid 58453] [client 45.67.97.192:0] script '/domains/system_default/error.php' not found or unable to stat
[Sat Feb 21 01:07:46.601705 2026] [php:error] [pid 58439] [client 45.67.97.17:0] script '/domains/familyplayhouse2/setup.php' not found or unable to stat
[Sat Feb 21 01:07:46.628269 2026] [php:error] [pid 58494] [client 45.67.97.192:0] script '/domains/pookie.dnai/xp.php' not found or unable to stat
[Sat Feb 21 01:07:46.719952 2026] [php:error] [pid 58567] [client 45.67.97.17:0] script '/domains/ferguson.interport/css.php' not found or unable to stat
[Sat Feb 21 01:07:46.724729 2026] [php:error] [pid 58470] [client 45.67.97.192:0] script '/domains/fdcarter/wsad.php' not found or unable to stat
[Sat Feb 21 01:07:46.739949 2026] [php:error] [pid 58469] [client 45.67.97.192:0] script '/domains/astweb/wp-login.php' not found or unable to stat
[Sat Feb 21 01:07:46.748349 2026] [php:error] [pid 58500] [client 45.67.97.16:0] script '/domains/system_suspended/mah.php' not found or unable to stat
[Sat Feb 21 01:07:46.756045 2026] [php:error] [pid 58542] [client 45.67.97.17:0] script '/domains/csiniaws/ioxi-o.php' not found or unable to stat
[Sat Feb 21 01:07:46.782285 2026] [php:error] [pid 58546] [client 45.67.97.192:0] script '/domains/trodine/config.php' not found or unable to stat
[Sat Feb 21 01:07:46.792239 2026] [php:error] [pid 58529] [client 45.67.97.16:0] script '/domains/antiqueweb1/alfa.php' not found or unable to stat
[Sat Feb 21 01:07:46.802238 2026] [php:error] [pid 58558] [client 45.67.97.192:0] script '/domains/hpveweb/images/buy.php' not found or unable to stat
[Sat Feb 21 01:07:46.858360 2026] [php:error] [pid 58568] [client 45.67.97.192:0] script '/domains/system_suspended/mariju.php' not found or unable to stat
[Sat Feb 21 01:07:46.901371 2026] [php:error] [pid 58541] [client 45.67.97.15:0] script '/domains/system_suspended/index2.php' not found or unable to stat
[Sat Feb 21 01:07:46.929063 2026] [php:error] [pid 58520] [client 45.67.97.192:0] script '/domains/gohover/class.api.php' not found or unable to stat
[Sat Feb 21 01:07:46.988893 2026] [php:error] [pid 58491] [client 45.67.97.16:0] script '/domains/proinc/themes.php' not found or unable to stat
[Sat Feb 21 01:07:47.009279 2026] [php:error] [pid 58472] [client 45.67.97.15:0] script '/domains/tmandel/update-core.php' not found or unable to stat
[Sat Feb 21 01:07:47.129755 2026] [php:error] [pid 58497] [client 45.67.97.16:0] script '/domains/memanuel/adminfuns.php' not found or unable to stat
[Sat Feb 21 01:07:47.193974 2026] [php:error] [pid 58507] [client 45.67.97.192:0] script '/domains/testregisgroup/images/habhan.php' not found or unable to stat
[Sat Feb 21 01:07:47.195657 2026] [php:error] [pid 58470] [client 45.67.97.192:0] script '/domains/fdcarter/nation.php' not found or unable to stat
[Sat Feb 21 01:07:47.208226 2026] [php:error] [pid 58469] [client 45.67.97.192:0] script '/domains/astweb/mar.php' not found or unable to stat
[Sat Feb 21 01:07:47.225220 2026] [php:error] [pid 58542] [client 45.67.97.17:0] script '/domains/csiniaws/info.php' not found or unable to stat
[Sat Feb 21 01:07:47.264000 2026] [php:error] [pid 58546] [client 45.67.97.192:0] script '/domains/trodine/special.php' not found or unable to stat
[Sat Feb 21 01:07:47.326651 2026] [php:error] [pid 58568] [client 45.67.97.192:0] script '/domains/system_suspended/waf_defender.php' not found or unable to stat
[Sat Feb 21 01:07:47.377331 2026] [php:error] [pid 58519] [client 45.67.97.16:0] script '/domains/ceonlinenews/function.php' not found or unable to stat
[Sat Feb 21 01:07:47.415804 2026] [php:error] [pid 58505] [client 45.67.97.15:0] script '/domains/nsmd2/style.php' not found or unable to stat
[Sat Feb 21 01:07:47.453410 2026] [php:error] [pid 58556] [client 45.67.97.16:0] script '/domains/aatweb/filemanager.php' not found or unable to stat
[Sat Feb 21 01:07:47.455595 2026] [php:error] [pid 58491] [client 45.67.97.16:0] script '/domains/proinc/wp-themes.php' not found or unable to stat
[Sat Feb 21 01:07:47.467749 2026] [php:error] [pid 58526] [client 45.67.97.192:0] script '/domains/system_default/wp-login.php' not found or unable to stat
[Sat Feb 21 01:07:47.478598 2026] [php:error] [pid 58545] [client 45.67.97.16:0] script '/domains/windsorweb/Simple.php' not found or unable to stat
[Sat Feb 21 01:07:47.534107 2026] [php:error] [pid 58501] [client 45.67.97.15:0] script '/domains/system_suspended/wsax.php' not found or unable to stat
[Sat Feb 21 01:07:47.677921 2026] [php:error] [pid 58555] [client 45.67.97.17:0] script '/domains/druckrey/wsax.php' not found or unable to stat
[Sat Feb 21 01:07:47.692887 2026] [php:error] [pid 58542] [client 45.67.97.17:0] script '/domains/csiniaws/setup.php' not found or unable to stat
[Sat Feb 21 01:07:47.694267 2026] [php:error] [pid 58500] [client 45.67.97.16:0] script '/domains/system_suspended/core.php' not found or unable to stat
[Sat Feb 21 01:07:47.705362 2026] [php:error] [pid 58540] [client 45.67.97.17:0] script '/domains/braniff/images/class.php' not found or unable to stat
[Sat Feb 21 01:07:47.837021 2026] [php:error] [pid 58508] [client 45.67.97.15:0] script '/domains/pbuilder/wpn.php' not found or unable to stat
[Sat Feb 21 01:07:47.839792 2026] [php:error] [pid 58527] [client 45.67.97.16:0] script '/domains/bels/jp.php' not found or unable to stat
[Sat Feb 21 01:07:47.844197 2026] [php:error] [pid 58571] [client 45.67.97.192:0] script '/domains/homesbyaudrey1/memberfuns.php' not found or unable to stat
[Sat Feb 21 01:07:47.890774 2026] [php:error] [pid 58490] [client 45.67.97.192:0] script '/domains/hungariantasteweb/wp-files.php' not found or unable to stat
[Sat Feb 21 01:07:47.930328 2026] [php:error] [pid 58560] [client 45.67.97.17:0] script '/domains/bruceweb/wp-content.php' not found or unable to stat
[Sat Feb 21 01:07:47.931251 2026] [php:error] [pid 58556] [client 45.67.97.16:0] script '/domains/aatweb/cgi-bin/bypass.php' not found or unable to stat
[Sat Feb 21 01:07:47.935851 2026] [php:error] [pid 58526] [client 45.67.97.192:0] script '/domains/system_default/mar.php' not found or unable to stat
[Sat Feb 21 01:07:47.951339 2026] [php:error] [pid 58472] [client 45.67.97.15:0] script '/domains/tmandel/wp-mail.php' not found or unable to stat
[Sat Feb 21 01:07:48.035601 2026] [php:error] [pid 58494] [client 45.67.97.192:0] script '/domains/pookie.dnai/wp-links.php' not found or unable to stat
[Sat Feb 21 01:07:48.062074 2026] [php:error] [pid 58497] [client 45.67.97.16:0] script '/domains/memanuel/wp_wlx.php' not found or unable to stat
[Sat Feb 21 01:07:48.146228 2026] [php:error] [pid 58502] [client 45.67.97.15:0] script '/domains/sjsachs/cgi-bin/install.php' not found or unable to stat
[Sat Feb 21 01:07:48.166355 2026] [php:error] [pid 58500] [client 45.67.97.16:0] script '/domains/system_suspended/robots.php' not found or unable to stat
[Sat Feb 21 01:07:48.238552 2026] [php:error] [pid 58524] [client 45.67.97.17:0] script '/domains/jaspen/tox.php' not found or unable to stat
[Sat Feb 21 01:07:48.254219 2026] [php:error] [pid 58506] [client 45.67.97.192:0] script '/domains/system_cancel/radio.php' not found or unable to stat
[Sat Feb 21 01:07:48.263990 2026] [php:error] [pid 58568] [client 45.67.97.192:0] script '/domains/system_suspended/av.php' not found or unable to stat
[Sat Feb 21 01:07:48.309410 2026] [php:error] [pid 58527] [client 45.67.97.16:0] script '/domains/bels/wp-atom.php' not found or unable to stat
[Sat Feb 21 01:07:48.315442 2026] [php:error] [pid 58571] [client 45.67.97.192:0] script '/domains/homesbyaudrey1/infos.php' not found or unable to stat
[Sat Feb 21 01:07:48.320222 2026] [php:error] [pid 58519] [client 45.67.97.16:0] script '/domains/ceonlinenews/wp-signup.php' not found or unable to stat
[Sat Feb 21 01:07:48.347656 2026] [php:error] [pid 58520] [client 45.67.97.192:0] script '/domains/gohover/system_log.php' not found or unable to stat
[Sat Feb 21 01:07:48.358378 2026] [php:error] [pid 58490] [client 45.67.97.192:0] script '/domains/hungariantasteweb/functions.php' not found or unable to stat
[Sat Feb 21 01:07:48.401270 2026] [php:error] [pid 58525] [client 45.67.97.192:0] script '/domains/system_suspended/gm.php' not found or unable to stat
[Sat Feb 21 01:07:48.406331 2026] [php:error] [pid 58493] [client 45.67.97.16:0] script '/domains/biehlweb/ws.php' not found or unable to stat
[Sat Feb 21 01:07:48.486020 2026] [php:error] [pid 58561] [client 45.67.97.15:0] script '/domains/perless2web/moon.php' not found or unable to stat
[Sat Feb 21 01:07:48.488826 2026] [php:error] [pid 58453] [client 45.67.97.192:0] script '/domains/system_default/wp-files.php' not found or unable to stat
[Sat Feb 21 01:07:48.526597 2026] [php:error] [pid 58513] [client 45.67.97.17:0] script '/domains/byardrealestate/aa.php' not found or unable to stat
[Sat Feb 21 01:07:48.617664 2026] [php:error] [pid 58469] [client 45.67.97.192:0] script '/domains/astweb/1.php' not found or unable to stat
[Sat Feb 21 01:07:48.639475 2026] [php:error] [pid 58500] [client 45.67.97.16:0] script '/domains/system_suspended/inputs.php' not found or unable to stat
[Sat Feb 21 01:07:48.644668 2026] [php:error] [pid 58540] [client 45.67.97.17:0] script '/domains/braniff/web.php' not found or unable to stat
[Sat Feb 21 01:07:48.817859 2026] [php:error] [pid 58520] [client 45.67.97.192:0] script '/domains/gohover/.alf.php' not found or unable to stat
[Sat Feb 21 01:07:48.825783 2026] [php:error] [pid 58505] [client 45.67.97.15:0] script '/domains/nsmd2/x.php' not found or unable to stat
[Sat Feb 21 01:07:48.864981 2026] [php:error] [pid 58491] [client 45.67.97.16:0] script '/domains/proinc/mariju.php' not found or unable to stat
[Sat Feb 21 01:07:48.941045 2026] [php:error] [pid 58439] [client 45.67.97.17:0] script '/domains/familyplayhouse2/as.php' not found or unable to stat
[Sat Feb 21 01:07:48.959385 2026] [php:error] [pid 58453] [client 45.67.97.192:0] script '/domains/system_default/functions.php' not found or unable to stat
[Sat Feb 21 01:07:48.991467 2026] [php:error] [pid 58513] [client 45.67.97.17:0] script '/domains/byardrealestate/index2.php' not found or unable to stat
[Sat Feb 21 01:07:49.062285 2026] [php:error] [pid 58565] [client 45.67.97.16:0] script '/domains/system_default/class.api.php' not found or unable to stat
[Sat Feb 21 01:07:49.078317 2026] [php:error] [pid 58502] [client 45.67.97.15:0] script '/domains/sjsachs/class.api.php' not found or unable to stat
[Sat Feb 21 01:07:49.117529 2026] [php:error] [pid 58500] [client 45.67.97.16:0] script '/domains/system_suspended/mini.php' not found or unable to stat
[Sat Feb 21 01:07:49.158041 2026] [php:error] [pid 58559] [client 45.67.97.17:0] script '/domains/jrp.interport/inc.php' not found or unable to stat
[Sat Feb 21 01:07:49.252355 2026] [php:error] [pid 58527] [client 45.67.97.16:0] script '/domains/bels/up.php' not found or unable to stat
[Sat Feb 21 01:07:49.255940 2026] [php:error] [pid 58541] [client 45.67.97.15:0] script '/domains/system_suspended/shell.php' not found or unable to stat
[Sat Feb 21 01:07:49.288842 2026] [php:error] [pid 58520] [client 45.67.97.192:0] script '/domains/gohover/wso.php' not found or unable to stat
[Sat Feb 21 01:07:49.329225 2026] [php:error] [pid 58491] [client 45.67.97.16:0] script '/domains/proinc/waf_defender.php' not found or unable to stat
[Sat Feb 21 01:07:49.339072 2026] [php:error] [pid 58526] [client 45.67.97.192:0] script '/domains/system_default/1.php' not found or unable to stat
[Sat Feb 21 01:07:49.371861 2026] [php:error] [pid 58564] [client 45.67.97.15:0] script '/domains/acagolf1/Sanskrit.php' not found or unable to stat
[Sat Feb 21 01:07:49.408333 2026] [php:error] [pid 58439] [client 45.67.97.17:0] script '/domains/familyplayhouse2/cc.php' not found or unable to stat
[Sat Feb 21 01:07:49.456784 2026] [php:error] [pid 58497] [client 45.67.97.16:0] script '/domains/memanuel/wp.php' not found or unable to stat
[Sat Feb 21 01:07:49.525822 2026] [php:error] [pid 58567] [client 45.67.97.17:0] script '/domains/ferguson.interport/wp-error_log.php' not found or unable to stat
[Sat Feb 21 01:07:49.543138 2026] [php:error] [pid 58470] [client 45.67.97.192:0] script '/domains/fdcarter/wp-atomx.php' not found or unable to stat
[Sat Feb 21 01:07:49.580893 2026] [php:error] [pid 58540] [client 45.67.97.17:0] script '/domains/braniff/images/index.php' not found or unable to stat
[Sat Feb 21 01:07:49.588186 2026] [php:error] [pid 58500] [client 45.67.97.16:0] script '/domains/system_suspended/goods.php' not found or unable to stat
[Sat Feb 21 01:07:49.603280 2026] [php:error] [pid 58550] [client 45.67.97.192:0] script '/domains/frog.interport1/images/buy.php' not found or unable to stat
[Sat Feb 21 01:07:49.657255 2026] [php:error] [pid 58535] [client 45.67.97.17:0] script '/domains/system_default/plugin-install.php' not found or unable to stat
[Sat Feb 21 01:07:49.732589 2026] [php:error] [pid 58519] [client 45.67.97.16:0] script '/domains/ceonlinenews/wp-blog.php' not found or unable to stat
[Sat Feb 21 01:07:49.815109 2026] [php:error] [pid 58493] [client 45.67.97.16:0] script '/domains/biehlweb/shop.php' not found or unable to stat
[Sat Feb 21 01:07:49.842243 2026] [php:error] [pid 58564] [client 45.67.97.15:0] script '/domains/acagolf1/wp-fmfile.php' not found or unable to stat
[Sat Feb 21 01:07:50.014764 2026] [php:error] [pid 58470] [client 45.67.97.192:0] script '/domains/fdcarter/admin-footer.php' not found or unable to stat
[Sat Feb 21 01:07:50.046475 2026] [php:error] [pid 58542] [client 45.67.97.17:0] script '/domains/csiniaws/as.php' not found or unable to stat
[Sat Feb 21 01:07:50.058222 2026] [php:error] [pid 58500] [client 45.67.97.16:0] script '/domains/system_suspended/file5.php' not found or unable to stat
[Sat Feb 21 01:07:50.088954 2026] [php:error] [pid 58488] [client 45.67.97.192:0] script '/domains/pmglobal/aa.php' not found or unable to stat
[Sat Feb 21 01:07:50.099772 2026] [php:error] [pid 58559] [client 45.67.97.17:0] script '/domains/jrp.interport/filemanager.php' not found or unable to stat
[Sat Feb 21 01:07:50.102777 2026] [php:error] [pid 58524] [client 45.67.97.17:0] script '/domains/jaspen/tiny.php' not found or unable to stat
[Sat Feb 21 01:07:50.183345 2026] [php:error] [pid 58551] [client 45.67.97.17:0] script '/domains/resourceandeventweb/f35_SpaceTn.php' not found or unable to stat
[Sat Feb 21 01:07:50.200918 2026] [php:error] [pid 58571] [client 45.67.97.192:0] script '/domains/homesbyaudrey1/options-writing.php' not found or unable to stat
[Sat Feb 21 01:07:50.228019 2026] [php:error] [pid 58505] [client 45.67.97.15:0] script '/domains/nsmd2/images/index22.php' not found or unable to stat
[Sat Feb 21 01:07:50.230425 2026] [php:error] [pid 58520] [client 45.67.97.192:0] script '/domains/gohover/flower.php' not found or unable to stat
[Sat Feb 21 01:07:50.272304 2026] [php:error] [pid 58556] [client 45.67.97.16:0] script '/domains/aatweb/function.php' not found or unable to stat
[Sat Feb 21 01:07:50.276091 2026] [php:error] [pid 58560] [client 45.67.97.17:0] script '/domains/bruceweb/customize.php' not found or unable to stat
[Sat Feb 21 01:07:50.294830 2026] [php:error] [pid 58561] [client 45.67.97.15:0] script '/domains/perless2web/webadmin.php' not found or unable to stat
[Sat Feb 21 01:07:50.345562 2026] [php:error] [pid 58439] [client 45.67.97.17:0] script '/domains/familyplayhouse2/ab.php' not found or unable to stat
[Sat Feb 21 01:07:50.465861 2026] [php:error] [pid 58565] [client 45.67.97.16:0] script '/domains/system_default/system_log.php' not found or unable to stat
[Sat Feb 21 01:07:50.483433 2026] [php:error] [pid 58502] [client 45.67.97.15:0] script '/domains/sjsachs/system_log.php' not found or unable to stat
[Sat Feb 21 01:07:50.514697 2026] [php:error] [pid 58542] [client 45.67.97.17:0] script '/domains/csiniaws/cc.php' not found or unable to stat
[Sat Feb 21 01:07:50.529621 2026] [php:error] [pid 58500] [client 45.67.97.16:0] script '/domains/system_suspended/ahax.php' not found or unable to stat
[Sat Feb 21 01:07:50.559300 2026] [php:error] [pid 58488] [client 45.67.97.192:0] script '/domains/pmglobal/index2.php' not found or unable to stat
[Sat Feb 21 01:07:50.562161 2026] [php:error] [pid 58529] [client 45.67.97.16:0] script '/domains/antiqueweb1/edit.php' not found or unable to stat
[Sat Feb 21 01:07:50.673208 2026] [php:error] [pid 58571] [client 45.67.97.192:0] script '/domains/homesbyaudrey1/options-reading.php' not found or unable to stat
[Sat Feb 21 01:07:50.695722 2026] [php:error] [pid 58505] [client 45.67.97.15:0] script '/domains/nsmd2/wp-user.php' not found or unable to stat
[Sat Feb 21 01:07:50.695881 2026] [php:error] [pid 58490] [client 45.67.97.192:0] script '/domains/hungariantasteweb/aks.php' not found or unable to stat
[Sat Feb 21 01:07:50.742777 2026] [php:error] [pid 58560] [client 45.67.97.17:0] script '/domains/bruceweb/license.php' not found or unable to stat
[Sat Feb 21 01:07:50.840777 2026] [php:error] [pid 58491] [client 45.67.97.16:0] script '/domains/proinc/av.php' not found or unable to stat
[Sat Feb 21 01:07:50.852546 2026] [php:error] [pid 58497] [client 45.67.97.16:0] script '/domains/memanuel/wp-header.php' not found or unable to stat
[Sat Feb 21 01:07:50.932200 2026] [php:error] [pid 58565] [client 45.67.97.16:0] script '/domains/system_default/.alf.php' not found or unable to stat
[Sat Feb 21 01:07:50.949231 2026] [php:error] [pid 58502] [client 45.67.97.15:0] script '/domains/sjsachs/.alf.php' not found or unable to stat
[Sat Feb 21 01:07:50.952016 2026] [php:error] [pid 58470] [client 45.67.97.192:0] script '/domains/fdcarter/XxX.php' not found or unable to stat
[Sat Feb 21 01:07:51.000362 2026] [php:error] [pid 58500] [client 45.67.97.16:0] script '/domains/system_suspended/f35.php' not found or unable to stat
[Sat Feb 21 01:07:51.031324 2026] [php:error] [pid 58524] [client 45.67.97.17:0] script '/domains/jaspen/themes.php' not found or unable to stat
[Sat Feb 21 01:07:51.061410 2026] [php:error] [pid 58506] [client 45.67.97.192:0] script '/domains/system_cancel/ms-themes.php' not found or unable to stat
[Sat Feb 21 01:07:51.136785 2026] [php:error] [pid 58532] [client 45.67.97.192:0] script '/domains/miles.interport/classwithtostring.php' not found or unable to stat
[Sat Feb 21 01:07:51.146208 2026] [php:error] [pid 58571] [client 45.67.97.192:0] script '/domains/homesbyaudrey1/wsad.php' not found or unable to stat
[Sat Feb 21 01:07:51.163806 2026] [php:error] [pid 58490] [client 45.67.97.192:0] script '/domains/hungariantasteweb/litespeed.php' not found or unable to stat
[Sat Feb 21 01:07:51.208021 2026] [php:error] [pid 58504] [client 45.67.97.192:0] script '/domains/fbardin/images/wp-aespa.php' not found or unable to stat
[Sat Feb 21 01:07:51.255095 2026] [php:error] [pid 58566] [client 45.67.97.16:0] script '/domains/windsorweb/images/waf_defender.php' not found or unable to stat
[Sat Feb 21 01:07:51.313655 2026] [php:error] [pid 58453] [client 45.67.97.192:0] script '/domains/system_default/aks.php' not found or unable to stat
[Sat Feb 21 01:07:51.326377 2026] [php:error] [pid 58513] [client 45.67.97.17:0] script '/domains/byardrealestate/shell.php' not found or unable to stat
[Sat Feb 21 01:07:51.397561 2026] [php:error] [pid 58565] [client 45.67.97.16:0] script '/domains/system_default/wso.php' not found or unable to stat
[Sat Feb 21 01:07:51.421034 2026] [php:error] [pid 58502] [client 45.67.97.15:0] script '/domains/sjsachs/wso.php' not found or unable to stat
[Sat Feb 21 01:07:51.432240 2026] [php:error] [pid 58507] [client 45.67.97.192:0] script '/domains/testregisgroup/f35_SpaceTn.php' not found or unable to stat
[Sat Feb 21 01:07:51.444597 2026] [php:error] [pid 58540] [client 45.67.97.17:0] script '/domains/braniff/wp-trackback.php' not found or unable to stat
[Sat Feb 21 01:07:51.455668 2026] [php:error] [pid 58542] [client 45.67.97.17:0] script '/domains/csiniaws/ab.php' not found or unable to stat
[Sat Feb 21 01:07:51.472298 2026] [php:error] [pid 58500] [client 45.67.97.16:0] script '/domains/system_suspended/simple.php' not found or unable to stat
[Sat Feb 21 01:07:51.496849 2026] [php:error] [pid 58524] [client 45.67.97.17:0] script '/domains/jaspen/wp-themes.php' not found or unable to stat
[Sat Feb 21 01:07:51.503820 2026] [php:error] [pid 58529] [client 45.67.97.16:0] script '/domains/antiqueweb1/cgi-bin/autoload_classmap.php' not found or unable to stat
[Sat Feb 21 01:07:51.605427 2026] [php:error] [pid 58556] [client 45.67.97.16:0] script '/domains/aatweb/wp-signup.php' not found or unable to stat
[Sat Feb 21 01:07:51.612630 2026] [php:error] [pid 58541] [client 45.67.97.15:0] script '/domains/system_suspended/hehe.php' not found or unable to stat
[Sat Feb 21 01:07:51.617136 2026] [php:error] [pid 58519] [client 45.67.97.16:0] script '/domains/ceonlinenews/wp-l0gin.php' not found or unable to stat
[Sat Feb 21 01:07:51.617519 2026] [php:error] [pid 58571] [client 45.67.97.192:0] script '/domains/homesbyaudrey1/nation.php' not found or unable to stat
[Sat Feb 21 01:07:51.686516 2026] [php:error] [pid 58560] [client 45.67.97.17:0] script '/domains/bruceweb/lock.php' not found or unable to stat
[Sat Feb 21 01:07:51.703371 2026] [php:error] [pid 58561] [client 45.67.97.15:0] script '/domains/perless2web/xl2023.php' not found or unable to stat
[Sat Feb 21 01:07:51.728414 2026] [php:error] [pid 58564] [client 45.67.97.15:0] script '/domains/acagolf1/memberfuns.php' not found or unable to stat
[Sat Feb 21 01:07:51.753936 2026] [php:error] [pid 58439] [client 45.67.97.17:0] script '/domains/familyplayhouse2/doc.php' not found or unable to stat
[Sat Feb 21 01:07:51.768218 2026] [php:error] [pid 58539] [client 45.67.97.16:0] script '/domains/micra/images/Marvins.php' not found or unable to stat
[Sat Feb 21 01:07:51.791091 2026] [php:error] [pid 58453] [client 45.67.97.192:0] script '/domains/system_default/litespeed.php' not found or unable to stat
[Sat Feb 21 01:07:51.791928 2026] [php:error] [pid 58497] [client 45.67.97.16:0] script '/domains/memanuel/Marvins.php' not found or unable to stat
[Sat Feb 21 01:07:51.845152 2026] [php:error] [pid 58568] [client 45.67.97.15:0] script '/domains/system_default/default.php' not found or unable to stat
[Sat Feb 21 01:07:51.975030 2026] [php:error] [pid 58529] [client 45.67.97.16:0] script '/domains/antiqueweb1/wp-links-opml.php' not found or unable to stat
[Sat Feb 21 01:07:52.064903 2026] [php:error] [pid 58546] [client 34.96.162.63:0] script '/domains/gk3c/adminer-5.0.2-en.php' not found or unable to stat
[Sat Feb 21 01:07:52.076475 2026] [php:error] [pid 58527] [client 45.67.97.16:0] script '/domains/bels/worm.PhP' not found or unable to stat
[Sat Feb 21 01:07:52.099502 2026] [php:error] [pid 58522] [client 45.67.97.17:0] script '/domains/magicjim/byp.php' not found or unable to stat
[Sat Feb 21 01:07:52.101110 2026] [php:error] [pid 58505] [client 45.67.97.15:0] script '/domains/nsmd2/config.php' not found or unable to stat
[Sat Feb 21 01:07:52.114562 2026] [php:error] [pid 58520] [client 45.67.97.192:0] script '/domains/gohover/ioxi-o.php' not found or unable to stat
[Sat Feb 21 01:07:52.168264 2026] [php:error] [pid 58561] [client 45.67.97.15:0] script '/domains/perless2web/go.php' not found or unable to stat
[Sat Feb 21 01:07:52.197787 2026] [php:error] [pid 58566] [client 45.67.97.16:0] script '/domains/windsorweb/small.php' not found or unable to stat
[Sat Feb 21 01:07:52.200604 2026] [php:error] [pid 58564] [client 45.67.97.15:0] script '/domains/acagolf1/infos.php' not found or unable to stat
[Sat Feb 21 01:07:52.335867 2026] [php:error] [pid 58565] [client 45.67.97.16:0] script '/domains/system_default/flower.php' not found or unable to stat
[Sat Feb 21 01:07:52.359790 2026] [php:error] [pid 58502] [client 45.67.97.15:0] script '/domains/sjsachs/flower.php' not found or unable to stat
[Sat Feb 21 01:07:52.365293 2026] [php:error] [pid 58469] [client 45.67.97.192:0] script '/domains/astweb/fm.php' not found or unable to stat
[Sat Feb 21 01:07:52.380920 2026] [php:error] [pid 58540] [client 45.67.97.17:0] script '/domains/braniff/radio.php' not found or unable to stat
[Sat Feb 21 01:07:52.544230 2026] [php:error] [pid 58527] [client 45.67.97.16:0] script '/domains/bels/ext.php' not found or unable to stat
[Sat Feb 21 01:07:52.549060 2026] [php:error] [pid 58532] [client 45.67.97.192:0] script '/domains/miles.interport/tinyfilemanager.php' not found or unable to stat
[Sat Feb 21 01:07:52.564600 2026] [php:error] [pid 58519] [client 45.67.97.16:0] script '/domains/ceonlinenews/new.php' not found or unable to stat
[Sat Feb 21 01:07:52.568781 2026] [php:error] [pid 58505] [client 45.67.97.15:0] script '/domains/nsmd2/special.php' not found or unable to stat
[Sat Feb 21 01:07:52.571609 2026] [php:error] [pid 58490] [client 45.67.97.192:0] script '/domains/hungariantasteweb/wpn.php' not found or unable to stat
[Sat Feb 21 01:07:52.584879 2026] [php:error] [pid 58520] [client 45.67.97.192:0] script '/domains/gohover/info.php' not found or unable to stat
[Sat Feb 21 01:07:52.726917 2026] [php:error] [pid 58497] [client 45.67.97.16:0] script '/domains/memanuel/wp-class.php' not found or unable to stat
[Sat Feb 21 01:07:52.866696 2026] [php:error] [pid 58542] [client 45.67.97.17:0] script '/domains/csiniaws/doc.php' not found or unable to stat
[Sat Feb 21 01:07:52.900773 2026] [php:error] [pid 58524] [client 45.67.97.17:0] script '/domains/jaspen/mariju.php' not found or unable to stat
[Sat Feb 21 01:07:52.903269 2026] [php:error] [pid 58572] [client 45.67.97.15:0] script '/domains/trodine/webdb.php' not found or unable to stat
[Sat Feb 21 01:07:52.925442 2026] [php:error] [pid 58488] [client 45.67.97.192:0] script '/domains/pmglobal/shell.php' not found or unable to stat
[Sat Feb 21 01:07:52.928494 2026] [php:error] [pid 58529] [client 45.67.97.16:0] script '/domains/antiqueweb1/atomlib.php' not found or unable to stat
[Sat Feb 21 01:07:52.937613 2026] [php:error] [pid 58559] [client 45.67.97.17:0] script '/domains/jrp.interport/function.php' not found or unable to stat
[Sat Feb 21 01:07:52.952509 2026] [php:error] [pid 58549] [client 45.67.97.17:0] script '/domains/system_suspended/theme.php' not found or unable to stat
[Sat Feb 21 01:07:53.013003 2026] [php:error] [pid 58556] [client 45.67.97.16:0] script '/domains/aatweb/wp-blog.php' not found or unable to stat
[Sat Feb 21 01:07:53.015883 2026] [php:error] [pid 58527] [client 45.67.97.16:0] script '/domains/bels/delpaths.php' not found or unable to stat
[Sat Feb 21 01:07:53.023292 2026] [php:error] [pid 58541] [client 45.67.97.15:0] script '/domains/system_suspended/dir.php' not found or unable to stat
[Sat Feb 21 01:07:53.056681 2026] [php:error] [pid 58520] [client 45.67.97.192:0] script '/domains/gohover/setup.php' not found or unable to stat
[Sat Feb 21 01:07:53.090578 2026] [php:error] [pid 58526] [client 45.67.97.192:0] script '/domains/system_default/fm.php' not found or unable to stat
[Sat Feb 21 01:07:53.091195 2026] [php:error] [pid 58493] [client 45.67.97.16:0] script '/domains/biehlweb/wp-api.php' not found or unable to stat
[Sat Feb 21 01:07:53.119855 2026] [php:error] [pid 58508] [client 45.67.97.17:0] script '/domains/tmandel/aa.php' not found or unable to stat
[Sat Feb 21 01:07:53.143389 2026] [php:error] [pid 58566] [client 45.67.97.16:0] script '/domains/windsorweb/NewFile.php' not found or unable to stat
[Sat Feb 21 01:07:53.173775 2026] [php:error] [pid 58439] [client 45.67.97.17:0] script '/domains/familyplayhouse2/wp-login.php' not found or unable to stat
[Sat Feb 21 01:07:53.211572 2026] [php:error] [pid 58453] [client 45.67.97.192:0] script '/domains/system_default/wpn.php' not found or unable to stat
[Sat Feb 21 01:07:53.365660 2026] [php:error] [pid 58524] [client 45.67.97.17:0] script '/domains/jaspen/waf_defender.php' not found or unable to stat
[Sat Feb 21 01:07:53.397688 2026] [php:error] [pid 58506] [client 45.67.97.192:0] script '/domains/system_cancel/x.php' not found or unable to stat
[Sat Feb 21 01:07:53.576273 2026] [php:error] [pid 58525] [client 45.67.97.192:0] script '/domains/system_suspended/plugin-install.php' not found or unable to stat
[Sat Feb 21 01:07:53.592319 2026] [php:error] [pid 58508] [client 45.67.97.17:0] script '/domains/tmandel/index2.php' not found or unable to stat
[Sat Feb 21 01:07:53.644357 2026] [php:error] [pid 58439] [client 45.67.97.17:0] script '/domains/familyplayhouse2/mar.php' not found or unable to stat
[Sat Feb 21 01:07:53.661896 2026] [php:error] [pid 58497] [client 45.67.97.16:0] script '/domains/memanuel/xx.php' not found or unable to stat
[Sat Feb 21 01:07:53.661916 2026] [php:error] [pid 58513] [client 45.67.97.17:0] script '/domains/byardrealestate/hehe.php' not found or unable to stat
[Sat Feb 21 01:07:53.845397 2026] [php:error] [pid 58572] [client 45.67.97.15:0] script '/domains/trodine/file2.php' not found or unable to stat
[Sat Feb 21 01:07:53.881495 2026] [php:error] [pid 58559] [client 45.67.97.17:0] script '/domains/jrp.interport/wp-signup.php' not found or unable to stat
[Sat Feb 21 01:07:53.960244 2026] [php:error] [pid 58532] [client 45.67.97.192:0] script '/domains/miles.interport/file.php' not found or unable to stat
[Sat Feb 21 01:07:53.976607 2026] [php:error] [pid 58474] [client 45.67.97.192:0] script '/domains/peterbmiller/images/Marvins.php' not found or unable to stat
[Sat Feb 21 01:07:53.980966 2026] [php:error] [pid 58519] [client 45.67.97.16:0] script '/domains/ceonlinenews/images/DJP9.php' not found or unable to stat
[Sat Feb 21 01:07:53.981638 2026] [php:error] [pid 58571] [client 45.67.97.192:0] script '/domains/homesbyaudrey1/wp-atomx.php' not found or unable to stat
[Sat Feb 21 01:07:54.019944 2026] [php:error] [pid 58494] [client 45.67.97.192:0] script '/domains/pookie.dnai/moon.php' not found or unable to stat
[Sat Feb 21 01:07:54.077294 2026] [php:error] [pid 58493] [client 45.67.97.16:0] script '/domains/biehlweb/css.php' not found or unable to stat
[Sat Feb 21 01:07:54.088078 2026] [php:error] [pid 58566] [client 45.67.97.16:0] script '/domains/windsorweb/error.php' not found or unable to stat
[Sat Feb 21 01:07:54.091761 2026] [php:error] [pid 58564] [client 45.67.97.15:0] script '/domains/acagolf1/options-writing.php' not found or unable to stat
[Sat Feb 21 01:07:54.126900 2026] [php:error] [pid 58497] [client 45.67.97.16:0] script '/domains/memanuel/autoload_classmap.php' not found or unable to stat
[Sat Feb 21 01:07:54.202281 2026] [php:error] [pid 58565] [client 45.67.97.16:0] script '/domains/system_default/ioxi-o.php' not found or unable to stat
[Sat Feb 21 01:07:54.257054 2026] [php:error] [pid 58502] [client 45.67.97.15:0] script '/domains/sjsachs/ioxi-o.php' not found or unable to stat
[Sat Feb 21 01:07:54.259789 2026] [php:error] [pid 58540] [client 45.67.97.17:0] script '/domains/braniff/wp-conflg.php' not found or unable to stat
[Sat Feb 21 01:07:54.275042 2026] [php:error] [pid 58469] [client 45.67.97.192:0] script '/domains/astweb/ini.php' not found or unable to stat
[Sat Feb 21 01:07:54.284514 2026] [php:error] [pid 58479] [client 45.67.97.15:0] script '/domains/system_suspended/ws.php' not found or unable to stat
[Sat Feb 21 01:07:54.290756 2026] [php:error] [pid 58542] [client 45.67.97.17:0] script '/domains/csiniaws/wp-login.php' not found or unable to stat
[Sat Feb 21 01:07:54.296403 2026] [php:error] [pid 58524] [client 45.67.97.17:0] script '/domains/jaspen/av.php' not found or unable to stat
[Sat Feb 21 01:07:54.298438 2026] [php:error] [pid 58558] [client 45.67.97.192:0] script '/domains/hpveweb/xex.php' not found or unable to stat
[Sat Feb 21 01:07:54.351192 2026] [php:error] [pid 58549] [client 45.67.97.17:0] script '/domains/system_suspended/Simple.php' not found or unable to stat
[Sat Feb 21 01:07:54.452318 2026] [php:error] [pid 58571] [client 45.67.97.192:0] script '/domains/homesbyaudrey1/admin-footer.php' not found or unable to stat
[Sat Feb 21 01:07:54.589004 2026] [php:error] [pid 58564] [client 45.67.97.15:0] script '/domains/acagolf1/options-reading.php' not found or unable to stat
[Sat Feb 21 01:07:54.677583 2026] [php:error] [pid 58565] [client 45.67.97.16:0] script '/domains/system_default/info.php' not found or unable to stat
[Sat Feb 21 01:07:54.677793 2026] [php:error] [pid 58568] [client 45.67.97.15:0] script '/domains/system_default/dropdown.php' not found or unable to stat
[Sat Feb 21 01:07:54.722255 2026] [php:error] [pid 58502] [client 45.67.97.15:0] script '/domains/sjsachs/info.php' not found or unable to stat
[Sat Feb 21 01:07:54.729161 2026] [php:error] [pid 58540] [client 45.67.97.17:0] script '/domains/braniff/wp-setup.php' not found or unable to stat
[Sat Feb 21 01:07:54.758267 2026] [php:error] [pid 58542] [client 45.67.97.17:0] script '/domains/csiniaws/mar.php' not found or unable to stat
[Sat Feb 21 01:07:54.786423 2026] [php:error] [pid 58572] [client 45.67.97.15:0] script '/domains/trodine/alfa.php' not found or unable to stat
[Sat Feb 21 01:07:54.875766 2026] [php:error] [pid 58556] [client 45.67.97.16:0] script '/domains/aatweb/wp-l0gin.php' not found or unable to stat
[Sat Feb 21 01:07:54.908110 2026] [php:error] [pid 58541] [client 45.67.97.15:0] script '/domains/system_suspended/nf_tracking.php' not found or unable to stat
[Sat Feb 21 01:07:55.017512 2026] [php:error] [pid 58526] [client 45.67.97.192:0] script '/domains/system_default/ini.php' not found or unable to stat
[Sat Feb 21 01:07:55.018807 2026] [php:error] [pid 58560] [client 45.67.97.17:0] script '/domains/bruceweb/wp-good.php' not found or unable to stat
[Sat Feb 21 01:07:55.079955 2026] [php:error] [pid 58564] [client 45.67.97.15:0] script '/domains/acagolf1/wsad.php' not found or unable to stat
[Sat Feb 21 01:07:55.080629 2026] [php:error] [pid 58439] [client 45.67.97.17:0] script '/domains/familyplayhouse2/1.php' not found or unable to stat
[Sat Feb 21 01:07:55.142345 2026] [php:error] [pid 58565] [client 45.67.97.16:0] script '/domains/system_default/setup.php' not found or unable to stat
[Sat Feb 21 01:07:55.187075 2026] [php:error] [pid 58502] [client 45.67.97.15:0] script '/domains/sjsachs/setup.php' not found or unable to stat
[Sat Feb 21 01:07:55.193585 2026] [php:error] [pid 58540] [client 45.67.97.17:0] script '/domains/braniff/ms-themes.php' not found or unable to stat
[Sat Feb 21 01:07:55.285246 2026] [php:error] [pid 58488] [client 45.67.97.192:0] script '/domains/pmglobal/hehe.php' not found or unable to stat
[Sat Feb 21 01:07:55.286016 2026] [php:error] [pid 58529] [client 45.67.97.16:0] script '/domains/antiqueweb1/xp.php' not found or unable to stat
[Sat Feb 21 01:07:55.297808 2026] [php:error] [pid 58559] [client 45.67.97.17:0] script '/domains/jrp.interport/wp-blog.php' not found or unable to stat
[Sat Feb 21 01:07:55.353080 2026] [php:error] [pid 58551] [client 45.67.97.17:0] script '/domains/resourceandeventweb/gm.php' not found or unable to stat
[Sat Feb 21 01:07:55.376034 2026] [php:error] [pid 58532] [client 45.67.97.192:0] script '/domains/miles.interport/buy.php' not found or unable to stat
[Sat Feb 21 01:07:55.394676 2026] [php:error] [pid 58571] [client 45.67.97.192:0] script '/domains/homesbyaudrey1/XxX.php' not found or unable to stat
[Sat Feb 21 01:07:55.394679 2026] [php:error] [pid 58519] [client 45.67.97.16:0] script '/domains/ceonlinenews/natural.php' not found or unable to stat
[Sat Feb 21 01:07:55.417431 2026] [php:error] [pid 58520] [client 45.67.97.192:0] script '/domains/gohover/as.php' not found or unable to stat
[Sat Feb 21 01:07:55.425095 2026] [php:error] [pid 58494] [client 45.67.97.192:0] script '/domains/pookie.dnai/webadmin.php' not found or unable to stat
[Sat Feb 21 01:07:55.451295 2026] [php:error] [pid 58513] [client 45.67.97.17:0] script '/domains/byardrealestate/dir.php' not found or unable to stat
[Sat Feb 21 01:07:55.547846 2026] [php:error] [pid 58497] [client 45.67.97.16:0] script '/domains/memanuel/content.php' not found or unable to stat
[Sat Feb 21 01:07:55.559189 2026] [php:error] [pid 58564] [client 45.67.97.15:0] script '/domains/acagolf1/nation.php' not found or unable to stat
[Sat Feb 21 01:07:55.645149 2026] [php:error] [pid 58568] [client 45.67.97.15:0] script '/domains/system_default/db.php' not found or unable to stat
[Sat Feb 21 01:07:55.693124 2026] [php:error] [pid 58479] [client 45.67.97.15:0] script '/domains/system_suspended/shop.php' not found or unable to stat
[Sat Feb 21 01:07:55.811704 2026] [php:error] [pid 58556] [client 45.67.97.16:0] script '/domains/aatweb/new.php' not found or unable to stat
[Sat Feb 21 01:07:55.826166 2026] [php:error] [pid 58527] [client 45.67.97.16:0] script '/domains/bels/gifclass.php' not found or unable to stat
[Sat Feb 21 01:07:55.846265 2026] [php:error] [pid 58522] [client 45.67.97.17:0] script '/domains/magicjim/class.api.php' not found or unable to stat
[Sat Feb 21 01:07:55.850713 2026] [php:error] [pid 58541] [client 45.67.97.15:0] script '/domains/system_suspended/filefuns.php' not found or unable to stat
[Sat Feb 21 01:07:55.866469 2026] [php:error] [pid 58519] [client 45.67.97.16:0] script '/domains/ceonlinenews/item.php' not found or unable to stat
[Sat Feb 21 01:07:55.894188 2026] [php:error] [pid 58520] [client 45.67.97.192:0] script '/domains/gohover/cc.php' not found or unable to stat
[Sat Feb 21 01:07:55.952357 2026] [php:error] [pid 58546] [client 45.67.97.16:0] script '/domains/proinc/theme.php' not found or unable to stat
[Sat Feb 21 01:07:56.015866 2026] [php:error] [pid 58508] [client 45.67.97.17:0] script '/domains/tmandel/shell.php' not found or unable to stat
[Sat Feb 21 01:07:56.029118 2026] [php:error] [pid 58566] [client 45.67.97.16:0] script '/domains/windsorweb/wp-files.php' not found or unable to stat
[Sat Feb 21 01:07:56.139198 2026] [php:error] [pid 58540] [client 45.67.97.17:0] script '/domains/braniff/style.php' not found or unable to stat
[Sat Feb 21 01:07:56.173808 2026] [php:error] [pid 58542] [client 45.67.97.17:0] script '/domains/csiniaws/1.php' not found or unable to stat
[Sat Feb 21 01:07:56.300177 2026] [php:error] [pid 58527] [client 45.67.97.16:0] script '/domains/bels/plugin.php' not found or unable to stat
[Sat Feb 21 01:07:56.500867 2026] [php:error] [pid 58566] [client 45.67.97.16:0] script '/domains/windsorweb/functions.php' not found or unable to stat
[Sat Feb 21 01:07:56.611722 2026] [php:error] [pid 58470] [client 45.67.97.192:0] script '/domains/fdcarter/images/buy.php' not found or unable to stat
[Sat Feb 21 01:07:56.656114 2026] [php:error] [pid 58507] [client 45.67.97.192:0] script '/domains/testregisgroup/gm.php' not found or unable to stat
[Sat Feb 21 01:07:56.664669 2026] [php:error] [pid 58550] [client 45.67.97.192:0] script '/domains/frog.interport1/xex.php' not found or unable to stat
[Sat Feb 21 01:07:56.669678 2026] [php:error] [pid 58558] [client 45.67.97.192:0] script '/domains/hpveweb/wp-head.php' not found or unable to stat
[Sat Feb 21 01:07:56.697040 2026] [php:error] [pid 58529] [client 45.67.97.16:0] script '/domains/antiqueweb1/wp-links.php' not found or unable to stat
[Sat Feb 21 01:07:56.703084 2026] [php:error] [pid 58488] [client 45.67.97.192:0] script '/domains/pmglobal/dir.php' not found or unable to stat
[Sat Feb 21 01:07:56.791241 2026] [php:error] [pid 58541] [client 45.67.97.15:0] script '/domains/system_suspended/l.php' not found or unable to stat
[Sat Feb 21 01:07:56.836894 2026] [php:error] [pid 58520] [client 45.67.97.192:0] script '/domains/gohover/ab.php' not found or unable to stat
[Sat Feb 21 01:07:56.841983 2026] [php:error] [pid 58494] [client 45.67.97.192:0] script '/domains/pookie.dnai/xl2023.php' not found or unable to stat
[Sat Feb 21 01:07:56.901908 2026] [php:error] [pid 58493] [client 45.67.97.16:0] script '/domains/biehlweb/wp-error_log.php' not found or unable to stat
[Sat Feb 21 01:07:57.200799 2026] [php:error] [pid 58559] [client 45.67.97.17:0] script '/domains/jrp.interport/wp-l0gin.php' not found or unable to stat
[Sat Feb 21 01:07:57.214010 2026] [php:error] [pid 58556] [client 45.67.97.16:0] script '/domains/aatweb/images/DJP9.php' not found or unable to stat
[Sat Feb 21 01:07:57.233338 2026] [php:error] [pid 58545] [client 45.67.97.17:0] script '/domains/pbuilder/images/wp-aespa.php' not found or unable to stat
[Sat Feb 21 01:07:57.247310 2026] [php:error] [pid 58527] [client 45.67.97.16:0] script '/domains/bels/update-core.php' not found or unable to stat
[Sat Feb 21 01:07:57.247506 2026] [php:error] [pid 58506] [client 45.67.97.192:0] script '/domains/system_cancel/config.php' not found or unable to stat
[Sat Feb 21 01:07:57.253101 2026] [php:error] [pid 58522] [client 45.67.97.17:0] script '/domains/magicjim/system_log.php' not found or unable to stat
[Sat Feb 21 01:07:57.264813 2026] [php:error] [pid 58541] [client 45.67.97.15:0] script '/domains/system_suspended/repeater.php' not found or unable to stat
[Sat Feb 21 01:07:57.315859 2026] [php:error] [pid 58494] [client 45.67.97.192:0] script '/domains/pookie.dnai/go.php' not found or unable to stat
[Sat Feb 21 01:07:57.327904 2026] [php:error] [pid 58513] [client 45.67.97.17:0] script '/domains/byardrealestate/nf_tracking.php' not found or unable to stat
[Sat Feb 21 01:07:57.376723 2026] [php:error] [pid 58546] [client 45.67.97.16:0] script '/domains/proinc/Simple.php' not found or unable to stat
[Sat Feb 21 01:07:57.469381 2026] [php:error] [pid 58567] [client 45.67.97.17:0] script '/domains/ferguson.interport/files.php' not found or unable to stat
[Sat Feb 21 01:07:57.504022 2026] [php:error] [pid 58565] [client 45.67.97.16:0] script '/domains/system_default/as.php' not found or unable to stat
[Sat Feb 21 01:07:57.536782 2026] [php:error] [pid 58502] [client 45.67.97.15:0] script '/domains/sjsachs/as.php' not found or unable to stat
[Sat Feb 21 01:07:57.537443 2026] [php:error] [pid 58540] [client 45.67.97.17:0] script '/domains/braniff/x.php' not found or unable to stat
[Sat Feb 21 01:07:57.607828 2026] [php:error] [pid 58507] [client 45.67.97.192:0] script '/domains/testregisgroup/js/content-type.php' not found or unable to stat
[Sat Feb 21 01:07:57.723109 2026] [php:error] [pid 58522] [client 45.67.97.17:0] script '/domains/magicjim/.alf.php' not found or unable to stat
[Sat Feb 21 01:07:57.917291 2026] [php:error] [pid 58564] [client 45.67.97.15:0] script '/domains/acagolf1/wp-atomx.php' not found or unable to stat
[Sat Feb 21 01:07:57.968969 2026] [php:error] [pid 58565] [client 45.67.97.16:0] script '/domains/system_default/cc.php' not found or unable to stat
[Sat Feb 21 01:07:58.001889 2026] [php:error] [pid 58502] [client 45.67.97.15:0] script '/domains/sjsachs/cc.php' not found or unable to stat
