[Sat Feb 21 01:05:02.305925 2026] [php:error] [pid 58472] [client 45.67.97.192:0] script '/domains/byardrealestate/wp-signup.php' not found or unable to stat
[Sat Feb 21 01:05:02.497275 2026] [php:error] [pid 58469] [client 45.67.97.16:0] script '/domains/proinc/class.php' not found or unable to stat
[Sat Feb 21 01:05:02.518291 2026] [php:error] [pid 58490] [client 45.67.97.15:0] script '/domains/homesbyaudrey1/alfa.php' not found or unable to stat
[Sat Feb 21 01:05:02.554328 2026] [php:error] [pid 58485] [client 45.67.97.192:0] script '/domains/resourceandeventweb/wso.php' not found or unable to stat
[Sat Feb 21 01:05:02.555426 2026] [php:error] [pid 58499] [client 45.67.97.17:0] script '/domains/system_suspended/doc.php' not found or unable to stat
[Sat Feb 21 01:05:02.562683 2026] [php:error] [pid 58505] [client 45.67.97.192:0] script '/domains/bels/classwithtostring.php' not found or unable to stat
[Sat Feb 21 01:05:02.588657 2026] [php:error] [pid 58487] [client 45.67.97.17:0] script '/domains/rnachum/ff2.php' not found or unable to stat
[Sat Feb 21 01:05:02.614175 2026] [php:error] [pid 58488] [client 45.67.97.17:0] script '/domains/biehlweb/css/slider.php' not found or unable to stat
[Sat Feb 21 01:05:02.640350 2026] [php:error] [pid 58508] [client 45.67.97.16:0] script '/domains/acagolf1/file2.php' not found or unable to stat
[Sat Feb 21 01:05:02.728072 2026] [php:error] [pid 58476] [client 45.67.97.17:0] script '/domains/testregisgroup/.alf.php' not found or unable to stat
[Sat Feb 21 01:05:02.736367 2026] [php:error] [pid 58504] [client 45.67.97.15:0] script '/domains/bruceweb/file5.php' not found or unable to stat
[Sat Feb 21 01:05:02.769813 2026] [php:error] [pid 58497] [client 45.67.97.16:0] script '/domains/fbardin/ms-themes.php' not found or unable to stat
[Sat Feb 21 01:05:02.790897 2026] [php:error] [pid 58473] [client 45.67.97.15:0] script '/domains/pbuilder/wp-trackback.php' not found or unable to stat
[Sat Feb 21 01:05:02.792614 2026] [php:error] [pid 58439] [client 45.67.97.15:0] script '/domains/windsorweb/wp.php' not found or unable to stat
[Sat Feb 21 01:05:03.038461 2026] [php:error] [pid 58506] [client 45.67.97.16:0] script '/domains/system_suspended/moon.php' not found or unable to stat
[Sat Feb 21 01:05:03.085335 2026] [php:error] [pid 58488] [client 45.67.97.17:0] script '/domains/biehlweb/dir.php' not found or unable to stat
[Sat Feb 21 01:05:03.109589 2026] [php:error] [pid 58448] [client 45.67.97.17:0] script '/domains/system_suspended/aa.php' not found or unable to stat
[Sat Feb 21 01:05:03.118466 2026] [php:error] [pid 58479] [client 45.67.97.16:0] script '/domains/system_suspended/wp-blog.php' not found or unable to stat
[Sat Feb 21 01:05:03.126588 2026] [php:error] [pid 58493] [client 45.67.97.17:0] script '/domains/hpveweb/webadmin.php' not found or unable to stat
[Sat Feb 21 01:05:03.159482 2026] [php:error] [pid 58491] [client 45.67.97.16:0] script '/domains/druckrey/lock.php' not found or unable to stat
[Sat Feb 21 01:05:03.193318 2026] [php:error] [pid 58476] [client 45.67.97.17:0] script '/domains/testregisgroup/wso.php' not found or unable to stat
[Sat Feb 21 01:05:03.198755 2026] [php:error] [pid 58470] [client 45.67.97.192:0] script '/domains/ferguson.interport/lv.php' not found or unable to stat
[Sat Feb 21 01:05:03.205031 2026] [php:error] [pid 58504] [client 45.67.97.15:0] script '/domains/bruceweb/ahax.php' not found or unable to stat
[Sat Feb 21 01:05:03.494679 2026] [php:error] [pid 58485] [client 45.67.97.192:0] script '/domains/resourceandeventweb/flower.php' not found or unable to stat
[Sat Feb 21 01:05:03.587645 2026] [php:error] [pid 58508] [client 45.67.97.16:0] script '/domains/acagolf1/alfa.php' not found or unable to stat
[Sat Feb 21 01:05:03.588666 2026] [php:error] [pid 58464] [client 45.67.97.15:0] script '/domains/pmglobal/function.php' not found or unable to stat
[Sat Feb 21 01:05:03.589090 2026] [php:error] [pid 58448] [client 45.67.97.17:0] script '/domains/system_suspended/index2.php' not found or unable to stat
[Sat Feb 21 01:05:03.672545 2026] [php:error] [pid 58504] [client 45.67.97.15:0] script '/domains/bruceweb/f35.php' not found or unable to stat
[Sat Feb 21 01:05:03.703736 2026] [php:error] [pid 58494] [client 45.67.97.16:0] script '/domains/fdcarter/wp-links-opml.php' not found or unable to stat
[Sat Feb 21 01:05:03.703740 2026] [php:error] [pid 58472] [client 45.67.97.192:0] script '/domains/byardrealestate/wp-blog.php' not found or unable to stat
[Sat Feb 21 01:05:03.717936 2026] [php:error] [pid 58497] [client 45.67.97.16:0] script '/domains/fbardin/style.php' not found or unable to stat
[Sat Feb 21 01:05:03.732448 2026] [php:error] [pid 58473] [client 45.67.97.15:0] script '/domains/pbuilder/radio.php' not found or unable to stat
[Sat Feb 21 01:05:03.842133 2026] [php:error] [pid 58474] [client 45.67.97.16:0] script '/domains/jaspen/bypass.php' not found or unable to stat
[Sat Feb 21 01:05:03.934714 2026] [php:error] [pid 58475] [client 45.67.97.15:0] script '/domains/system_suspended/adminfuns.php' not found or unable to stat
[Sat Feb 21 01:05:03.965616 2026] [php:error] [pid 58499] [client 45.67.97.17:0] script '/domains/system_suspended/wp-login.php' not found or unable to stat
[Sat Feb 21 01:05:03.968488 2026] [php:error] [pid 58500] [client 45.67.97.16:0] script '/domains/hungariantasteweb/images/class.php' not found or unable to stat
[Sat Feb 21 01:05:03.974325 2026] [php:error] [pid 58461] [client 45.67.97.16:0] script '/domains/tmandel/inc.php' not found or unable to stat
[Sat Feb 21 01:05:03.977058 2026] [php:error] [pid 58505] [client 45.67.97.192:0] script '/domains/bels/tinyfilemanager.php' not found or unable to stat
[Sat Feb 21 01:05:04.126867 2026] [php:error] [pid 58476] [client 45.67.97.17:0] script '/domains/testregisgroup/flower.php' not found or unable to stat
[Sat Feb 21 01:05:04.143837 2026] [php:error] [pid 58504] [client 45.67.97.15:0] script '/domains/bruceweb/simple.php' not found or unable to stat
[Sat Feb 21 01:05:04.202768 2026] [php:error] [pid 58439] [client 45.67.97.15:0] script '/domains/windsorweb/wp-header.php' not found or unable to stat
[Sat Feb 21 01:05:04.206055 2026] [php:error] [pid 58482] [client 45.67.97.15:0] script '/domains/peterbmiller/wp-good.php' not found or unable to stat
[Sat Feb 21 01:05:04.316955 2026] [php:error] [pid 58474] [client 45.67.97.16:0] script '/domains/jaspen/class.php' not found or unable to stat
[Sat Feb 21 01:05:04.435401 2026] [php:error] [pid 58499] [client 45.67.97.17:0] script '/domains/system_suspended/mar.php' not found or unable to stat
[Sat Feb 21 01:05:04.441973 2026] [php:error] [pid 58506] [client 45.67.97.16:0] script '/domains/system_suspended/webadmin.php' not found or unable to stat
[Sat Feb 21 01:05:04.470138 2026] [php:error] [pid 58487] [client 45.67.97.17:0] script '/domains/rnachum/jp.php' not found or unable to stat
[Sat Feb 21 01:05:04.532612 2026] [php:error] [pid 58464] [client 45.67.97.15:0] script '/domains/pmglobal/wp-signup.php' not found or unable to stat
[Sat Feb 21 01:05:04.538205 2026] [php:error] [pid 58493] [client 45.67.97.17:0] script '/domains/hpveweb/xl2023.php' not found or unable to stat
[Sat Feb 21 01:05:04.642674 2026] [php:error] [pid 58494] [client 45.67.97.16:0] script '/domains/fdcarter/atomlib.php' not found or unable to stat
[Sat Feb 21 01:05:04.829113 2026] [php:error] [pid 58501] [client 45.67.97.16:0] script '/domains/system_default/web.php' not found or unable to stat
[Sat Feb 21 01:05:04.880083 2026] [php:error] [pid 58475] [client 45.67.97.15:0] script '/domains/system_suspended/wp_wlx.php' not found or unable to stat
[Sat Feb 21 01:05:04.906563 2026] [php:error] [pid 58500] [client 45.67.97.16:0] script '/domains/hungariantasteweb/web.php' not found or unable to stat
[Sat Feb 21 01:05:04.913260 2026] [php:error] [pid 58461] [client 45.67.97.16:0] script '/domains/tmandel/filemanager.php' not found or unable to stat
[Sat Feb 21 01:05:04.946572 2026] [php:error] [pid 58487] [client 45.67.97.17:0] script '/domains/rnachum/wp-atom.php' not found or unable to stat
[Sat Feb 21 01:05:04.977297 2026] [php:error] [pid 58488] [client 45.67.97.17:0] script '/domains/biehlweb/nf_tracking.php' not found or unable to stat
[Sat Feb 21 01:05:04.987837 2026] [php:error] [pid 58479] [client 45.67.97.16:0] script '/domains/system_suspended/wp-l0gin.php' not found or unable to stat
[Sat Feb 21 01:05:05.006766 2026] [php:error] [pid 58493] [client 45.67.97.17:0] script '/domains/hpveweb/go.php' not found or unable to stat
[Sat Feb 21 01:05:05.150807 2026] [php:error] [pid 58439] [client 45.67.97.15:0] script '/domains/windsorweb/Marvins.php' not found or unable to stat
[Sat Feb 21 01:05:05.152101 2026] [php:error] [pid 58497] [client 45.67.97.16:0] script '/domains/fbardin/x.php' not found or unable to stat
[Sat Feb 21 01:05:05.207221 2026] [php:error] [pid 58480] [client 45.67.97.17:0] script '/domains/system_suspended/wp-good.php' not found or unable to stat
[Sat Feb 21 01:05:05.385664 2026] [php:error] [pid 58485] [client 45.67.97.192:0] script '/domains/resourceandeventweb/ioxi-o.php' not found or unable to stat
[Sat Feb 21 01:05:05.406770 2026] [php:error] [pid 58507] [client 45.67.97.17:0] script '/domains/micra/ff2.php' not found or unable to stat
[Sat Feb 21 01:05:05.407653 2026] [php:error] [pid 58505] [client 45.67.97.192:0] script '/domains/bels/file.php' not found or unable to stat
[Sat Feb 21 01:05:05.572728 2026] [php:error] [pid 58472] [client 45.67.97.192:0] script '/domains/byardrealestate/wp-l0gin.php' not found or unable to stat
[Sat Feb 21 01:05:05.622467 2026] [php:error] [pid 58473] [client 45.67.97.15:0] script '/domains/pbuilder/wp-conflg.php' not found or unable to stat
[Sat Feb 21 01:05:05.802201 2026] [php:error] [pid 58469] [client 45.67.97.16:0] script '/domains/proinc/init.php' not found or unable to stat
[Sat Feb 21 01:05:05.831384 2026] [php:error] [pid 58502] [client 45.67.97.16:0] script '/domains/system_default/fm.php' not found or unable to stat
[Sat Feb 21 01:05:05.852985 2026] [php:error] [pid 58499] [client 45.67.97.17:0] script '/domains/system_suspended/1.php' not found or unable to stat
[Sat Feb 21 01:05:05.853137 2026] [php:error] [pid 58485] [client 45.67.97.192:0] script '/domains/resourceandeventweb/info.php' not found or unable to stat
[Sat Feb 21 01:05:05.855982 2026] [php:error] [pid 58500] [client 45.67.97.16:0] script '/domains/hungariantasteweb/images/index.php' not found or unable to stat
[Sat Feb 21 01:05:05.870673 2026] [php:error] [pid 58506] [client 45.67.97.16:0] script '/domains/system_suspended/xl2023.php' not found or unable to stat
[Sat Feb 21 01:05:05.891325 2026] [php:error] [pid 58483] [client 45.67.97.15:0] script '/domains/frog.interport1/moon.php' not found or unable to stat
[Sat Feb 21 01:05:05.892224 2026] [php:error] [pid 58487] [client 45.67.97.17:0] script '/domains/rnachum/up.php' not found or unable to stat
[Sat Feb 21 01:05:05.919943 2026] [php:error] [pid 58479] [client 45.67.97.16:0] script '/domains/system_suspended/new.php' not found or unable to stat
[Sat Feb 21 01:05:05.921537 2026] [php:error] [pid 58488] [client 45.67.97.17:0] script '/domains/biehlweb/filefuns.php' not found or unable to stat
[Sat Feb 21 01:05:05.946740 2026] [php:error] [pid 58448] [client 45.67.97.17:0] script '/domains/system_suspended/shell.php' not found or unable to stat
[Sat Feb 21 01:05:05.993947 2026] [php:error] [pid 58476] [client 45.67.97.17:0] script '/domains/testregisgroup/ioxi-o.php' not found or unable to stat
[Sat Feb 21 01:05:06.097485 2026] [php:error] [pid 58473] [client 45.67.97.15:0] script '/domains/pbuilder/wp-setup.php' not found or unable to stat
[Sat Feb 21 01:05:06.099615 2026] [php:error] [pid 58439] [client 45.67.97.15:0] script '/domains/windsorweb/wp-class.php' not found or unable to stat
[Sat Feb 21 01:05:06.308103 2026] [php:error] [pid 58475] [client 45.67.97.15:0] script '/domains/system_suspended/wp.php' not found or unable to stat
[Sat Feb 21 01:05:06.308358 2026] [php:error] [pid 58490] [client 45.67.97.15:0] script '/domains/homesbyaudrey1/edit.php' not found or unable to stat
[Sat Feb 21 01:05:06.322301 2026] [php:error] [pid 58485] [client 45.67.97.192:0] script '/domains/resourceandeventweb/setup.php' not found or unable to stat
[Sat Feb 21 01:05:06.337948 2026] [php:error] [pid 58506] [client 45.67.97.16:0] script '/domains/system_suspended/go.php' not found or unable to stat
[Sat Feb 21 01:05:06.461153 2026] [php:error] [pid 58491] [client 45.67.97.16:0] script '/domains/druckrey/wp-good.php' not found or unable to stat
[Sat Feb 21 01:05:06.461689 2026] [php:error] [pid 58476] [client 45.67.97.17:0] script '/domains/testregisgroup/info.php' not found or unable to stat
[Sat Feb 21 01:05:06.507393 2026] [php:error] [pid 58472] [client 45.67.97.192:0] script '/domains/byardrealestate/new.php' not found or unable to stat
[Sat Feb 21 01:05:06.549956 2026] [php:error] [pid 58464] [client 45.67.97.15:0] script '/domains/pmglobal/wp-blog.php' not found or unable to stat
[Sat Feb 21 01:05:06.565925 2026] [php:error] [pid 58473] [client 45.67.97.15:0] script '/domains/pbuilder/ms-themes.php' not found or unable to stat
[Sat Feb 21 01:05:06.582433 2026] [php:error] [pid 58497] [client 45.67.97.16:0] script '/domains/fbardin/images/index22.php' not found or unable to stat
[Sat Feb 21 01:05:06.851910 2026] [php:error] [pid 58505] [client 45.67.97.192:0] script '/domains/bels/buy.php' not found or unable to stat
[Sat Feb 21 01:05:06.893098 2026] [php:error] [pid 58488] [client 45.67.97.17:0] script '/domains/biehlweb/l.php' not found or unable to stat
[Sat Feb 21 01:05:06.927823 2026] [php:error] [pid 58476] [client 45.67.97.17:0] script '/domains/testregisgroup/setup.php' not found or unable to stat
[Sat Feb 21 01:05:06.983650 2026] [php:error] [pid 58494] [client 45.67.97.16:0] script '/domains/fdcarter/xp.php' not found or unable to stat
[Sat Feb 21 01:05:07.038734 2026] [php:error] [pid 58439] [client 45.67.97.15:0] script '/domains/windsorweb/xx.php' not found or unable to stat
[Sat Feb 21 01:05:07.053233 2026] [php:error] [pid 58497] [client 45.67.97.16:0] script '/domains/fbardin/wp-user.php' not found or unable to stat
[Sat Feb 21 01:05:07.263848 2026] [php:error] [pid 58477] [client 45.67.97.16:0] script '/domains/system_default/manager.php' not found or unable to stat
[Sat Feb 21 01:05:07.309417 2026] [php:error] [pid 58483] [client 45.67.97.15:0] script '/domains/frog.interport1/webadmin.php' not found or unable to stat
[Sat Feb 21 01:05:07.329282 2026] [php:error] [pid 58507] [client 45.67.97.17:0] script '/domains/micra/jp.php' not found or unable to stat
[Sat Feb 21 01:05:07.362000 2026] [php:error] [pid 58508] [client 45.67.97.16:0] script '/domains/acagolf1/edit.php' not found or unable to stat
[Sat Feb 21 01:05:07.364985 2026] [php:error] [pid 58488] [client 45.67.97.17:0] script '/domains/biehlweb/repeater.php' not found or unable to stat
[Sat Feb 21 01:05:07.514995 2026] [php:error] [pid 58473] [client 45.67.97.15:0] script '/domains/pbuilder/style.php' not found or unable to stat
[Sat Feb 21 01:05:07.515000 2026] [php:error] [pid 58439] [client 45.67.97.15:0] script '/domains/windsorweb/autoload_classmap.php' not found or unable to stat
[Sat Feb 21 01:05:07.600231 2026] [php:error] [pid 58474] [client 45.67.97.16:0] script '/domains/jaspen/init.php' not found or unable to stat
[Sat Feb 21 01:05:07.650484 2026] [php:error] [pid 58501] [client 45.67.97.16:0] script '/domains/system_default/wp-trackback.php' not found or unable to stat
[Sat Feb 21 01:05:07.734974 2026] [php:error] [pid 58500] [client 45.67.97.16:0] script '/domains/hungariantasteweb/wp-trackback.php' not found or unable to stat
[Sat Feb 21 01:05:07.735614 2026] [php:error] [pid 58475] [client 45.67.97.15:0] script '/domains/system_suspended/wp-header.php' not found or unable to stat
[Sat Feb 21 01:05:07.736843 2026] [php:error] [pid 58477] [client 45.67.97.16:0] script '/domains/system_default/bless.php' not found or unable to stat
[Sat Feb 21 01:05:07.737277 2026] [php:error] [pid 58490] [client 45.67.97.15:0] script '/domains/homesbyaudrey1/wp-links-opml.php' not found or unable to stat
[Sat Feb 21 01:05:07.739235 2026] [php:error] [pid 58502] [client 45.67.97.16:0] script '/domains/system_default/ini.php' not found or unable to stat
[Sat Feb 21 01:05:07.782606 2026] [php:error] [pid 58461] [client 45.67.97.16:0] script '/domains/tmandel/function.php' not found or unable to stat
[Sat Feb 21 01:05:07.799349 2026] [php:error] [pid 58507] [client 45.67.97.17:0] script '/domains/micra/wp-atom.php' not found or unable to stat
[Sat Feb 21 01:05:07.904142 2026] [php:error] [pid 58504] [client 45.67.97.15:0] script '/domains/bruceweb/images/upload.php' not found or unable to stat
[Sat Feb 21 01:05:07.905996 2026] [php:error] [pid 58472] [client 45.67.97.192:0] script '/domains/byardrealestate/images/DJP9.php' not found or unable to stat
[Sat Feb 21 01:05:07.942336 2026] [php:error] [pid 58453] [client 45.67.97.192:0] script '/domains/astweb/manager.php' not found or unable to stat
[Sat Feb 21 01:05:07.998843 2026] [php:error] [pid 58482] [client 45.67.97.15:0] script '/domains/peterbmiller/ff2.php' not found or unable to stat
[Sat Feb 21 01:05:08.201724 2026] [php:error] [pid 58477] [client 45.67.97.16:0] script '/domains/system_default/O-Simple.php' not found or unable to stat
[Sat Feb 21 01:05:08.310259 2026] [php:error] [pid 58448] [client 45.67.97.17:0] script '/domains/system_suspended/hehe.php' not found or unable to stat
[Sat Feb 21 01:05:08.399161 2026] [php:error] [pid 58494] [client 45.67.97.16:0] script '/domains/fdcarter/wp-links.php' not found or unable to stat
[Sat Feb 21 01:05:08.413532 2026] [php:error] [pid 58453] [client 45.67.97.192:0] script '/domains/astweb/bless.php' not found or unable to stat
[Sat Feb 21 01:05:08.446452 2026] [php:error] [pid 58464] [client 45.67.97.15:0] script '/domains/pmglobal/wp-l0gin.php' not found or unable to stat
[Sat Feb 21 01:05:08.475151 2026] [php:error] [pid 58497] [client 45.67.97.16:0] script '/domains/fbardin/config.php' not found or unable to stat
[Sat Feb 21 01:05:08.595959 2026] [php:error] [pid 58501] [client 45.67.97.16:0] script '/domains/system_default/radio.php' not found or unable to stat
[Sat Feb 21 01:05:08.673106 2026] [php:error] [pid 58477] [client 45.67.97.16:0] script '/domains/system_default/lock360.php' not found or unable to stat
[Sat Feb 21 01:05:08.674134 2026] [php:error] [pid 58485] [client 45.67.97.192:0] script '/domains/resourceandeventweb/as.php' not found or unable to stat
[Sat Feb 21 01:05:08.675305 2026] [php:error] [pid 58500] [client 45.67.97.16:0] script '/domains/hungariantasteweb/radio.php' not found or unable to stat
[Sat Feb 21 01:05:08.680554 2026] [php:error] [pid 58475] [client 45.67.97.15:0] script '/domains/system_suspended/Marvins.php' not found or unable to stat
[Sat Feb 21 01:05:08.681873 2026] [php:error] [pid 58490] [client 45.67.97.15:0] script '/domains/homesbyaudrey1/atomlib.php' not found or unable to stat
[Sat Feb 21 01:05:08.707491 2026] [php:error] [pid 58483] [client 45.67.97.15:0] script '/domains/frog.interport1/xl2023.php' not found or unable to stat
[Sat Feb 21 01:05:08.728187 2026] [php:error] [pid 58461] [client 45.67.97.16:0] script '/domains/tmandel/wp-signup.php' not found or unable to stat
[Sat Feb 21 01:05:08.731901 2026] [php:error] [pid 58479] [client 45.67.97.16:0] script '/domains/system_suspended/natural.php' not found or unable to stat
[Sat Feb 21 01:05:08.737283 2026] [php:error] [pid 58487] [client 45.67.97.17:0] script '/domains/rnachum/worm.PhP' not found or unable to stat
[Sat Feb 21 01:05:08.748453 2026] [php:error] [pid 58507] [client 45.67.97.17:0] script '/domains/micra/up.php' not found or unable to stat
[Sat Feb 21 01:05:08.780904 2026] [php:error] [pid 58508] [client 45.67.97.16:0] script '/domains/acagolf1/wp-links-opml.php' not found or unable to stat
[Sat Feb 21 01:05:08.786934 2026] [php:error] [pid 58488] [client 45.67.97.17:0] script '/domains/biehlweb/contacts.php' not found or unable to stat
[Sat Feb 21 01:05:08.886834 2026] [php:error] [pid 58453] [client 45.67.97.192:0] script '/domains/astweb/O-Simple.php' not found or unable to stat
[Sat Feb 21 01:05:08.932003 2026] [php:error] [pid 58473] [client 45.67.97.15:0] script '/domains/pbuilder/x.php' not found or unable to stat
[Sat Feb 21 01:05:08.932293 2026] [php:error] [pid 58439] [client 45.67.97.15:0] script '/domains/windsorweb/content.php' not found or unable to stat
[Sat Feb 21 01:05:08.941195 2026] [php:error] [pid 58480] [client 45.67.97.17:0] script '/domains/system_suspended/ff2.php' not found or unable to stat
[Sat Feb 21 01:05:08.946819 2026] [php:error] [pid 58497] [client 45.67.97.16:0] script '/domains/fbardin/special.php' not found or unable to stat
[Sat Feb 21 01:05:09.152906 2026] [php:error] [pid 58477] [client 45.67.97.16:0] script '/domains/system_default/zwso.php' not found or unable to stat
[Sat Feb 21 01:05:09.154523 2026] [php:error] [pid 58485] [client 45.67.97.192:0] script '/domains/resourceandeventweb/cc.php' not found or unable to stat
[Sat Feb 21 01:05:09.172705 2026] [php:error] [pid 58483] [client 45.67.97.15:0] script '/domains/frog.interport1/go.php' not found or unable to stat
[Sat Feb 21 01:05:09.197905 2026] [php:error] [pid 58479] [client 45.67.97.16:0] script '/domains/system_suspended/item.php' not found or unable to stat
[Sat Feb 21 01:05:09.205347 2026] [php:error] [pid 58487] [client 45.67.97.17:0] script '/domains/rnachum/ext.php' not found or unable to stat
[Sat Feb 21 01:05:09.257688 2026] [php:error] [pid 58488] [client 45.67.97.17:0] script '/domains/biehlweb/wsa.php' not found or unable to stat
[Sat Feb 21 01:05:09.258667 2026] [php:error] [pid 58476] [client 45.67.97.17:0] script '/domains/testregisgroup/as.php' not found or unable to stat
[Sat Feb 21 01:05:09.299851 2026] [php:error] [pid 58472] [client 45.67.97.192:0] script '/domains/byardrealestate/natural.php' not found or unable to stat
[Sat Feb 21 01:05:09.366965 2026] [php:error] [pid 58453] [client 45.67.97.192:0] script '/domains/astweb/lock360.php' not found or unable to stat
[Sat Feb 21 01:05:09.383422 2026] [php:error] [pid 58464] [client 45.67.97.15:0] script '/domains/pmglobal/new.php' not found or unable to stat
[Sat Feb 21 01:05:09.557815 2026] [php:error] [pid 58469] [client 45.67.97.16:0] script '/domains/proinc/adminfuns.php' not found or unable to stat
[Sat Feb 21 01:05:09.627602 2026] [php:error] [pid 58477] [client 45.67.97.16:0] script '/domains/system_default/chosen.php' not found or unable to stat
[Sat Feb 21 01:05:09.629362 2026] [php:error] [pid 58499] [client 45.67.97.17:0] script '/domains/system_suspended/fm.php' not found or unable to stat
[Sat Feb 21 01:05:09.633253 2026] [php:error] [pid 58475] [client 45.67.97.15:0] script '/domains/system_suspended/wp-class.php' not found or unable to stat
[Sat Feb 21 01:05:09.672737 2026] [php:error] [pid 58487] [client 45.67.97.17:0] script '/domains/rnachum/delpaths.php' not found or unable to stat
[Sat Feb 21 01:05:09.721049 2026] [php:error] [pid 58508] [client 45.67.97.16:0] script '/domains/acagolf1/atomlib.php' not found or unable to stat
[Sat Feb 21 01:05:09.723672 2026] [php:error] [pid 58476] [client 45.67.97.17:0] script '/domains/testregisgroup/cc.php' not found or unable to stat
[Sat Feb 21 01:05:09.724192 2026] [php:error] [pid 58448] [client 45.67.97.17:0] script '/domains/system_suspended/dir.php' not found or unable to stat
[Sat Feb 21 01:05:09.764173 2026] [php:error] [pid 58481] [client 45.67.97.16:0] script '/domains/ferguson.interport/tox.php' not found or unable to stat
[Sat Feb 21 01:05:09.765493 2026] [php:error] [pid 58472] [client 45.67.97.192:0] script '/domains/byardrealestate/item.php' not found or unable to stat
[Sat Feb 21 01:05:09.838004 2026] [php:error] [pid 58453] [client 45.67.97.192:0] script '/domains/astweb/zwso.php' not found or unable to stat
[Sat Feb 21 01:05:09.869833 2026] [php:error] [pid 58482] [client 45.67.97.15:0] script '/domains/peterbmiller/jp.php' not found or unable to stat
[Sat Feb 21 01:05:10.102014 2026] [php:error] [pid 58485] [client 45.67.97.192:0] script '/domains/resourceandeventweb/ab.php' not found or unable to stat
[Sat Feb 21 01:05:10.139595 2026] [php:error] [pid 58461] [client 45.67.97.16:0] script '/domains/tmandel/wp-blog.php' not found or unable to stat
[Sat Feb 21 01:05:10.308490 2026] [php:error] [pid 58453] [client 45.67.97.192:0] script '/domains/astweb/chosen.php' not found or unable to stat
[Sat Feb 21 01:05:10.337699 2026] [php:error] [pid 58473] [client 45.67.97.15:0] script '/domains/pbuilder/images/index22.php' not found or unable to stat
[Sat Feb 21 01:05:10.339849 2026] [php:error] [pid 58482] [client 45.67.97.15:0] script '/domains/peterbmiller/wp-atom.php' not found or unable to stat
[Sat Feb 21 01:05:10.471520 2026] [php:error] [pid 58501] [client 45.67.97.16:0] script '/domains/system_default/wp-conflg.php' not found or unable to stat
[Sat Feb 21 01:05:10.491266 2026] [php:error] [pid 58477] [client 45.67.97.16:0] script '/domains/system_default/about.php' not found or unable to stat
[Sat Feb 21 01:05:10.495965 2026] [php:error] [pid 58469] [client 45.67.97.16:0] script '/domains/proinc/wp_wlx.php' not found or unable to stat
[Sat Feb 21 01:05:10.539142 2026] [php:error] [pid 58491] [client 45.67.97.16:0] script '/domains/druckrey/ff2.php' not found or unable to stat
[Sat Feb 21 01:05:10.576006 2026] [php:error] [pid 58500] [client 45.67.97.16:0] script '/domains/hungariantasteweb/wp-conflg.php' not found or unable to stat
[Sat Feb 21 01:05:10.578193 2026] [php:error] [pid 58475] [client 45.67.97.15:0] script '/domains/system_suspended/xx.php' not found or unable to stat
[Sat Feb 21 01:05:10.670654 2026] [php:error] [pid 58476] [client 45.67.97.17:0] script '/domains/testregisgroup/ab.php' not found or unable to stat
[Sat Feb 21 01:05:10.780203 2026] [php:error] [pid 58453] [client 45.67.97.192:0] script '/domains/astweb/about.php' not found or unable to stat
[Sat Feb 21 01:05:10.789451 2026] [php:error] [pid 58464] [client 45.67.97.15:0] script '/domains/pmglobal/images/DJP9.php' not found or unable to stat
[Sat Feb 21 01:05:10.806190 2026] [php:error] [pid 58473] [client 45.67.97.15:0] script '/domains/pbuilder/wp-user.php' not found or unable to stat
[Sat Feb 21 01:05:10.812731 2026] [php:error] [pid 58480] [client 45.67.97.17:0] script '/domains/system_suspended/jp.php' not found or unable to stat
[Sat Feb 21 01:05:10.938845 2026] [php:error] [pid 58501] [client 45.67.97.16:0] script '/domains/system_default/wp-setup.php' not found or unable to stat
[Sat Feb 21 01:05:10.957245 2026] [php:error] [pid 58477] [client 45.67.97.16:0] script '/domains/system_default/admin.php' not found or unable to stat
[Sat Feb 21 01:05:11.046400 2026] [php:error] [pid 58490] [client 45.67.97.15:0] script '/domains/homesbyaudrey1/xp.php' not found or unable to stat
[Sat Feb 21 01:05:11.046969 2026] [php:error] [pid 58500] [client 45.67.97.16:0] script '/domains/hungariantasteweb/wp-setup.php' not found or unable to stat
[Sat Feb 21 01:05:11.050194 2026] [php:error] [pid 58475] [client 45.67.97.15:0] script '/domains/system_suspended/autoload_classmap.php' not found or unable to stat
[Sat Feb 21 01:05:11.256144 2026] [php:error] [pid 58453] [client 45.67.97.192:0] script '/domains/astweb/admin.php' not found or unable to stat
[Sat Feb 21 01:05:11.271658 2026] [php:error] [pid 58458] [client 45.67.97.15:0] script '/domains/familyplayhouse2/manager.php' not found or unable to stat
[Sat Feb 21 01:05:11.276704 2026] [php:error] [pid 58482] [client 45.67.97.15:0] script '/domains/peterbmiller/up.php' not found or unable to stat
[Sat Feb 21 01:05:11.281903 2026] [php:error] [pid 58480] [client 45.67.97.17:0] script '/domains/system_suspended/wp-atom.php' not found or unable to stat
[Sat Feb 21 01:05:11.337260 2026] [php:error] [pid 58474] [client 45.67.97.16:0] script '/domains/jaspen/adminfuns.php' not found or unable to stat
[Sat Feb 21 01:05:11.407532 2026] [php:error] [pid 58501] [client 45.67.97.16:0] script '/domains/system_default/ms-themes.php' not found or unable to stat
[Sat Feb 21 01:05:11.508438 2026] [php:error] [pid 58499] [client 45.67.97.17:0] script '/domains/system_suspended/ini.php' not found or unable to stat
[Sat Feb 21 01:05:11.508831 2026] [php:error] [pid 58485] [client 45.67.97.192:0] script '/domains/resourceandeventweb/doc.php' not found or unable to stat
[Sat Feb 21 01:05:11.514518 2026] [php:error] [pid 58500] [client 45.67.97.16:0] script '/domains/hungariantasteweb/ms-themes.php' not found or unable to stat
[Sat Feb 21 01:05:11.578035 2026] [php:error] [pid 58507] [client 45.67.97.17:0] script '/domains/micra/worm.PhP' not found or unable to stat
[Sat Feb 21 01:05:11.616665 2026] [php:error] [pid 58448] [client 45.67.97.17:0] script '/domains/system_suspended/nf_tracking.php' not found or unable to stat
[Sat Feb 21 01:05:11.642975 2026] [php:error] [pid 58481] [client 45.67.97.16:0] script '/domains/ferguson.interport/tiny.php' not found or unable to stat
[Sat Feb 21 01:05:11.736709 2026] [php:error] [pid 58458] [client 45.67.97.15:0] script '/domains/familyplayhouse2/bless.php' not found or unable to stat
[Sat Feb 21 01:05:11.899637 2026] [php:error] [pid 58477] [client 45.67.97.16:0] script '/domains/system_default/mah.php' not found or unable to stat
[Sat Feb 21 01:05:11.913315 2026] [php:error] [pid 58469] [client 45.67.97.16:0] script '/domains/proinc/wp.php' not found or unable to stat
[Sat Feb 21 01:05:12.040670 2026] [php:error] [pid 58461] [client 45.67.97.16:0] script '/domains/tmandel/wp-l0gin.php' not found or unable to stat
[Sat Feb 21 01:05:12.046455 2026] [php:error] [pid 58488] [client 45.67.97.17:0] script '/domains/biehlweb/lv.php' not found or unable to stat
[Sat Feb 21 01:05:12.047560 2026] [php:error] [pid 58507] [client 45.67.97.17:0] script '/domains/micra/ext.php' not found or unable to stat
[Sat Feb 21 01:05:12.073751 2026] [php:error] [pid 58476] [client 45.67.97.17:0] script '/domains/testregisgroup/doc.php' not found or unable to stat
[Sat Feb 21 01:05:12.090418 2026] [php:error] [pid 58508] [client 45.67.97.16:0] script '/domains/acagolf1/xp.php' not found or unable to stat
[Sat Feb 21 01:05:12.196925 2026] [php:error] [pid 58464] [client 45.67.97.15:0] script '/domains/pmglobal/natural.php' not found or unable to stat
[Sat Feb 21 01:05:12.197048 2026] [php:error] [pid 58453] [client 45.67.97.192:0] script '/domains/astweb/mah.php' not found or unable to stat
[Sat Feb 21 01:05:12.206257 2026] [php:error] [pid 58458] [client 45.67.97.15:0] script '/domains/familyplayhouse2/O-Simple.php' not found or unable to stat
[Sat Feb 21 01:05:12.212390 2026] [php:error] [pid 58473] [client 45.67.97.15:0] script '/domains/pbuilder/config.php' not found or unable to stat
[Sat Feb 21 01:05:12.213844 2026] [php:error] [pid 58480] [client 45.67.97.17:0] script '/domains/system_suspended/up.php' not found or unable to stat
[Sat Feb 21 01:05:12.267412 2026] [php:error] [pid 58474] [client 45.67.97.16:0] script '/domains/jaspen/wp_wlx.php' not found or unable to stat
[Sat Feb 21 01:05:12.344230 2026] [php:error] [pid 58501] [client 45.67.97.16:0] script '/domains/system_default/style.php' not found or unable to stat
[Sat Feb 21 01:05:12.421557 2026] [php:error] [pid 58491] [client 45.67.97.16:0] script '/domains/druckrey/jp.php' not found or unable to stat
[Sat Feb 21 01:05:12.449895 2026] [php:error] [pid 58500] [client 45.67.97.16:0] script '/domains/hungariantasteweb/style.php' not found or unable to stat
[Sat Feb 21 01:05:12.458534 2026] [php:error] [pid 58490] [client 45.67.97.15:0] script '/domains/homesbyaudrey1/wp-links.php' not found or unable to stat
[Sat Feb 21 01:05:12.464814 2026] [php:error] [pid 58475] [client 45.67.97.15:0] script '/domains/system_suspended/content.php' not found or unable to stat
[Sat Feb 21 01:05:12.513211 2026] [php:error] [pid 58487] [client 45.67.97.17:0] script '/domains/rnachum/gifclass.php' not found or unable to stat
[Sat Feb 21 01:05:12.518431 2026] [php:error] [pid 58507] [client 45.67.97.17:0] script '/domains/micra/delpaths.php' not found or unable to stat
[Sat Feb 21 01:05:12.519152 2026] [php:error] [pid 58488] [client 45.67.97.17:0] script '/domains/biehlweb/images/js1.php' not found or unable to stat
[Sat Feb 21 01:05:12.560018 2026] [php:error] [pid 58448] [client 45.67.97.17:0] script '/domains/system_suspended/filefuns.php' not found or unable to stat
[Sat Feb 21 01:05:12.582100 2026] [php:error] [pid 58481] [client 45.67.97.16:0] script '/domains/ferguson.interport/themes.php' not found or unable to stat
[Sat Feb 21 01:05:12.664259 2026] [php:error] [pid 58464] [client 45.67.97.15:0] script '/domains/pmglobal/item.php' not found or unable to stat
[Sat Feb 21 01:05:12.670762 2026] [php:error] [pid 58458] [client 45.67.97.15:0] script '/domains/familyplayhouse2/lock360.php' not found or unable to stat
[Sat Feb 21 01:05:12.681265 2026] [php:error] [pid 58473] [client 45.67.97.15:0] script '/domains/pbuilder/special.php' not found or unable to stat
[Sat Feb 21 01:05:12.843250 2026] [php:error] [pid 58477] [client 45.67.97.16:0] script '/domains/system_default/core.php' not found or unable to stat
[Sat Feb 21 01:05:12.894635 2026] [php:error] [pid 58491] [client 45.67.97.16:0] script '/domains/druckrey/wp-atom.php' not found or unable to stat
[Sat Feb 21 01:05:12.911897 2026] [php:error] [pid 58485] [client 45.67.97.192:0] script '/domains/resourceandeventweb/wp-login.php' not found or unable to stat
[Sat Feb 21 01:05:12.914324 2026] [php:error] [pid 58470] [client 45.67.97.17:0] script '/domains/system_default/wp-content.php' not found or unable to stat
[Sat Feb 21 01:05:12.982129 2026] [php:error] [pid 58461] [client 45.67.97.16:0] script '/domains/tmandel/new.php' not found or unable to stat
[Sat Feb 21 01:05:12.982138 2026] [php:error] [pid 58487] [client 45.67.97.17:0] script '/domains/rnachum/plugin.php' not found or unable to stat
[Sat Feb 21 01:05:13.049266 2026] [php:error] [pid 58481] [client 45.67.97.16:0] script '/domains/ferguson.interport/wp-themes.php' not found or unable to stat
[Sat Feb 21 01:05:13.135535 2026] [php:error] [pid 58458] [client 45.67.97.15:0] script '/domains/familyplayhouse2/zwso.php' not found or unable to stat
[Sat Feb 21 01:05:13.138164 2026] [php:error] [pid 58453] [client 45.67.97.192:0] script '/domains/astweb/core.php' not found or unable to stat
[Sat Feb 21 01:05:13.153680 2026] [php:error] [pid 58473] [client 45.67.97.15:0] script '/domains/pbuilder/assets/script.js.php' not found or unable to stat
[Sat Feb 21 01:05:13.321403 2026] [php:error] [pid 58477] [client 45.67.97.16:0] script '/domains/system_default/robots.php' not found or unable to stat
[Sat Feb 21 01:05:13.334978 2026] [php:error] [pid 58469] [client 45.67.97.16:0] script '/domains/proinc/wp-header.php' not found or unable to stat
[Sat Feb 21 01:05:13.383560 2026] [php:error] [pid 58485] [client 45.67.97.192:0] script '/domains/resourceandeventweb/mar.php' not found or unable to stat
[Sat Feb 21 01:05:13.466346 2026] [php:error] [pid 58505] [client 45.67.97.192:0] script '/domains/bels/inc.php' not found or unable to stat
[Sat Feb 21 01:05:13.469766 2026] [php:error] [pid 58476] [client 45.67.97.17:0] script '/domains/testregisgroup/wp-login.php' not found or unable to stat
[Sat Feb 21 01:05:13.491127 2026] [php:error] [pid 58493] [client 45.67.97.17:0] script '/domains/hpveweb/hehehehe.php' not found or unable to stat
[Sat Feb 21 01:05:13.494876 2026] [php:error] [pid 58508] [client 45.67.97.16:0] script '/domains/acagolf1/wp-links.php' not found or unable to stat
[Sat Feb 21 01:05:13.495796 2026] [php:error] [pid 58448] [client 45.67.97.17:0] script '/domains/system_suspended/l.php' not found or unable to stat
[Sat Feb 21 01:05:13.601462 2026] [php:error] [pid 58458] [client 45.67.97.15:0] script '/domains/familyplayhouse2/chosen.php' not found or unable to stat
[Sat Feb 21 01:05:13.623986 2026] [php:error] [pid 58453] [client 45.67.97.192:0] script '/domains/astweb/robots.php' not found or unable to stat
[Sat Feb 21 01:05:13.668033 2026] [php:error] [pid 58474] [client 45.67.97.16:0] script '/domains/jaspen/wp.php' not found or unable to stat
[Sat Feb 21 01:05:13.755762 2026] [php:error] [pid 58501] [client 45.67.97.16:0] script '/domains/system_default/x.php' not found or unable to stat
[Sat Feb 21 01:05:13.810149 2026] [php:error] [pid 58477] [client 45.67.97.16:0] script '/domains/system_default/inputs.php' not found or unable to stat
[Sat Feb 21 01:05:13.836888 2026] [php:error] [pid 58491] [client 45.67.97.16:0] script '/domains/druckrey/up.php' not found or unable to stat
[Sat Feb 21 01:05:13.861667 2026] [php:error] [pid 58500] [client 45.67.97.16:0] script '/domains/hungariantasteweb/x.php' not found or unable to stat
[Sat Feb 21 01:05:13.925047 2026] [php:error] [pid 58487] [client 45.67.97.17:0] script '/domains/rnachum/update-core.php' not found or unable to stat
[Sat Feb 21 01:05:13.941860 2026] [php:error] [pid 58476] [client 45.67.97.17:0] script '/domains/testregisgroup/mar.php' not found or unable to stat
[Sat Feb 21 01:05:13.958134 2026] [php:error] [pid 58494] [client 45.67.97.16:0] script '/domains/fdcarter/moon.php' not found or unable to stat
[Sat Feb 21 01:05:13.963458 2026] [php:error] [pid 58448] [client 45.67.97.17:0] script '/domains/system_suspended/repeater.php' not found or unable to stat
[Sat Feb 21 01:05:14.066253 2026] [php:error] [pid 58458] [client 45.67.97.15:0] script '/domains/familyplayhouse2/about.php' not found or unable to stat
[Sat Feb 21 01:05:14.096895 2026] [php:error] [pid 58453] [client 45.67.97.192:0] script '/domains/astweb/inputs.php' not found or unable to stat
[Sat Feb 21 01:05:14.097802 2026] [php:error] [pid 58482] [client 45.67.97.15:0] script '/domains/peterbmiller/worm.PhP' not found or unable to stat
[Sat Feb 21 01:05:14.275364 2026] [php:error] [pid 58477] [client 45.67.97.16:0] script '/domains/system_default/mini.php' not found or unable to stat
[Sat Feb 21 01:05:14.281041 2026] [php:error] [pid 58469] [client 45.67.97.16:0] script '/domains/proinc/Marvins.php' not found or unable to stat
[Sat Feb 21 01:05:14.396068 2026] [php:error] [pid 58502] [client 45.67.97.16:0] script '/domains/csiniaws/manager.php' not found or unable to stat
[Sat Feb 21 01:05:14.417683 2026] [php:error] [pid 58505] [client 45.67.97.192:0] script '/domains/bels/filemanager.php' not found or unable to stat
[Sat Feb 21 01:05:14.463410 2026] [php:error] [pid 58481] [client 45.67.97.16:0] script '/domains/ferguson.interport/mariju.php' not found or unable to stat
[Sat Feb 21 01:05:14.476566 2026] [php:error] [pid 58504] [client 45.67.97.15:0] script '/domains/bruceweb/classwithtostring.php' not found or unable to stat
[Sat Feb 21 01:05:14.534035 2026] [php:error] [pid 58458] [client 45.67.97.15:0] script '/domains/familyplayhouse2/admin.php' not found or unable to stat
[Sat Feb 21 01:05:14.562473 2026] [php:error] [pid 58512] [client 45.67.97.192:0] script '/domains/fbardin/webdb.php' not found or unable to stat
[Sat Feb 21 01:05:14.566212 2026] [php:error] [pid 58439] [client 45.67.97.15:0] script '/domains/windsorweb/images/class.php' not found or unable to stat
[Sat Feb 21 01:05:14.567693 2026] [php:error] [pid 58482] [client 45.67.97.15:0] script '/domains/peterbmiller/ext.php' not found or unable to stat
[Sat Feb 21 01:05:14.569595 2026] [php:error] [pid 58453] [client 45.67.97.192:0] script '/domains/astweb/mini.php' not found or unable to stat
[Sat Feb 21 01:05:14.744535 2026] [php:error] [pid 58477] [client 45.67.97.16:0] script '/domains/system_default/goods.php' not found or unable to stat
[Sat Feb 21 01:05:14.791938 2026] [php:error] [pid 58506] [client 45.67.97.16:0] script '/domains/system_suspended/hehehehe.php' not found or unable to stat
[Sat Feb 21 01:05:14.794641 2026] [php:error] [pid 58485] [client 45.67.97.192:0] script '/domains/resourceandeventweb/1.php' not found or unable to stat
[Sat Feb 21 01:05:14.841502 2026] [php:error] [pid 58488] [client 45.67.97.16:0] script '/domains/system_suspended/default.php' not found or unable to stat
[Sat Feb 21 01:05:14.860771 2026] [php:error] [pid 58487] [client 45.67.97.17:0] script '/domains/rnachum/wp-mail.php' not found or unable to stat
[Sat Feb 21 01:05:14.866345 2026] [php:error] [pid 58502] [client 45.67.97.16:0] script '/domains/csiniaws/bless.php' not found or unable to stat
[Sat Feb 21 01:05:14.930761 2026] [php:error] [pid 58481] [client 45.67.97.16:0] script '/domains/ferguson.interport/waf_defender.php' not found or unable to stat
[Sat Feb 21 01:05:15.014689 2026] [php:error] [pid 58480] [client 45.67.97.17:0] script '/domains/system_suspended/worm.PhP' not found or unable to stat
[Sat Feb 21 01:05:15.036252 2026] [php:error] [pid 58482] [client 45.67.97.15:0] script '/domains/peterbmiller/delpaths.php' not found or unable to stat
[Sat Feb 21 01:05:15.040890 2026] [php:error] [pid 58453] [client 45.67.97.192:0] script '/domains/astweb/goods.php' not found or unable to stat
[Sat Feb 21 01:05:15.066265 2026] [php:error] [pid 58474] [client 45.67.97.16:0] script '/domains/jaspen/wp-header.php' not found or unable to stat
[Sat Feb 21 01:05:15.210421 2026] [php:error] [pid 58477] [client 45.67.97.16:0] script '/domains/system_default/file5.php' not found or unable to stat
[Sat Feb 21 01:05:15.217539 2026] [php:error] [pid 58469] [client 45.67.97.16:0] script '/domains/proinc/wp-class.php' not found or unable to stat
[Sat Feb 21 01:05:15.265722 2026] [php:error] [pid 58470] [client 45.67.97.17:0] script '/domains/system_default/customize.php' not found or unable to stat
[Sat Feb 21 01:05:15.267177 2026] [php:error] [pid 58500] [client 45.67.97.16:0] script '/domains/hungariantasteweb/images/index22.php' not found or unable to stat
[Sat Feb 21 01:05:15.336769 2026] [php:error] [pid 58502] [client 45.67.97.16:0] script '/domains/csiniaws/O-Simple.php' not found or unable to stat
[Sat Feb 21 01:05:15.346532 2026] [php:error] [pid 58476] [client 45.67.97.17:0] script '/domains/testregisgroup/1.php' not found or unable to stat
[Sat Feb 21 01:05:15.349389 2026] [php:error] [pid 58507] [client 45.67.97.17:0] script '/domains/micra/gifclass.php' not found or unable to stat
[Sat Feb 21 01:05:15.371373 2026] [php:error] [pid 58494] [client 45.67.97.16:0] script '/domains/fdcarter/webadmin.php' not found or unable to stat
[Sat Feb 21 01:05:15.372866 2026] [php:error] [pid 58473] [client 45.67.97.17:0] script '/domains/byardrealestate/default.php' not found or unable to stat
[Sat Feb 21 01:05:15.374501 2026] [php:error] [pid 58448] [client 45.67.97.17:0] script '/domains/system_suspended/contacts.php' not found or unable to stat
[Sat Feb 21 01:05:15.485739 2026] [php:error] [pid 58480] [client 45.67.97.17:0] script '/domains/system_suspended/ext.php' not found or unable to stat
[Sat Feb 21 01:05:15.492117 2026] [php:error] [pid 58512] [client 45.67.97.192:0] script '/domains/fbardin/file2.php' not found or unable to stat
[Sat Feb 21 01:05:15.510994 2026] [php:error] [pid 58439] [client 45.67.97.15:0] script '/domains/windsorweb/web.php' not found or unable to stat
[Sat Feb 21 01:05:15.516511 2026] [php:error] [pid 58453] [client 45.67.97.192:0] script '/domains/astweb/file5.php' not found or unable to stat
[Sat Feb 21 01:05:15.521252 2026] [php:error] [pid 58513] [client 4.193.228.15:0] script '/domains/system_suspended/about.php' not found or unable to stat
[Sat Feb 21 01:05:15.647498 2026] [php:error] [pid 58501] [client 45.67.97.16:0] script '/domains/system_default/wp-user.php' not found or unable to stat
[Sat Feb 21 01:05:15.674968 2026] [php:error] [pid 58477] [client 45.67.97.16:0] script '/domains/system_default/ahax.php' not found or unable to stat
[Sat Feb 21 01:05:15.747445 2026] [php:error] [pid 58470] [client 45.67.97.17:0] script '/domains/system_default/license.php' not found or unable to stat
[Sat Feb 21 01:05:15.747627 2026] [php:error] [pid 58500] [client 45.67.97.16:0] script '/domains/hungariantasteweb/wp-user.php' not found or unable to stat
[Sat Feb 21 01:05:15.794664 2026] [php:error] [pid 58461] [client 45.67.97.16:0] script '/domains/tmandel/natural.php' not found or unable to stat
[Sat Feb 21 01:05:15.806798 2026] [php:error] [pid 58502] [client 45.67.97.16:0] script '/domains/csiniaws/lock360.php' not found or unable to stat
[Sat Feb 21 01:05:15.821449 2026] [php:error] [pid 58507] [client 45.67.97.17:0] script '/domains/micra/plugin.php' not found or unable to stat
[Sat Feb 21 01:05:15.843070 2026] [php:error] [pid 58448] [client 45.67.97.17:0] script '/domains/system_suspended/wsa.php' not found or unable to stat
[Sat Feb 21 01:05:15.868692 2026] [php:error] [pid 58481] [client 45.67.97.16:0] script '/domains/ferguson.interport/av.php' not found or unable to stat
[Sat Feb 21 01:05:15.889600 2026] [php:error] [pid 58504] [client 45.67.97.15:0] script '/domains/bruceweb/tinyfilemanager.php' not found or unable to stat
[Sat Feb 21 01:05:15.950985 2026] [php:error] [pid 58480] [client 45.67.97.17:0] script '/domains/system_suspended/delpaths.php' not found or unable to stat
[Sat Feb 21 01:05:15.985637 2026] [php:error] [pid 58513] [client 4.193.228.15:0] script '/domains/system_suspended/system.php' not found or unable to stat
[Sat Feb 21 01:05:15.987571 2026] [php:error] [pid 58453] [client 45.67.97.192:0] script '/domains/astweb/ahax.php' not found or unable to stat
[Sat Feb 21 01:05:15.998743 2026] [php:error] [pid 58474] [client 45.67.97.16:0] script '/domains/jaspen/Marvins.php' not found or unable to stat
[Sat Feb 21 01:05:16.094760 2026] [php:error] [pid 58458] [client 45.67.97.15:0] script '/domains/familyplayhouse2/mah.php' not found or unable to stat
[Sat Feb 21 01:05:16.148064 2026] [php:error] [pid 58477] [client 45.67.97.16:0] script '/domains/system_default/f35.php' not found or unable to stat
[Sat Feb 21 01:05:16.156984 2026] [php:error] [pid 58469] [client 45.67.97.16:0] script '/domains/proinc/xx.php' not found or unable to stat
[Sat Feb 21 01:05:16.213489 2026] [php:error] [pid 58513] [client 4.193.228.15:0] script '/domains/system_suspended/ini.php' not found or unable to stat
[Sat Feb 21 01:05:16.262984 2026] [php:error] [pid 58461] [client 45.67.97.16:0] script '/domains/tmandel/item.php' not found or unable to stat
[Sat Feb 21 01:05:16.283528 2026] [php:error] [pid 58502] [client 45.67.97.16:0] script '/domains/csiniaws/zwso.php' not found or unable to stat
[Sat Feb 21 01:05:16.423096 2026] [php:error] [pid 58512] [client 45.67.97.192:0] script '/domains/fbardin/alfa.php' not found or unable to stat
[Sat Feb 21 01:05:16.451935 2026] [php:error] [pid 58439] [client 45.67.97.15:0] script '/domains/windsorweb/images/index.php' not found or unable to stat
[Sat Feb 21 01:05:16.458484 2026] [php:error] [pid 58453] [client 45.67.97.192:0] script '/domains/astweb/f35.php' not found or unable to stat
[Sat Feb 21 01:05:16.613429 2026] [php:error] [pid 58477] [client 45.67.97.16:0] script '/domains/system_default/simple.php' not found or unable to stat
[Sat Feb 21 01:05:16.629119 2026] [php:error] [pid 58469] [client 45.67.97.16:0] script '/domains/proinc/autoload_classmap.php' not found or unable to stat
[Sat Feb 21 01:05:16.666704 2026] [php:error] [pid 58491] [client 45.67.97.16:0] script '/domains/druckrey/worm.PhP' not found or unable to stat
[Sat Feb 21 01:05:16.693687 2026] [php:error] [pid 58470] [client 45.67.97.17:0] script '/domains/system_default/lock.php' not found or unable to stat
[Sat Feb 21 01:05:16.750152 2026] [php:error] [pid 58476] [client 45.67.97.17:0] script '/domains/testregisgroup/js/fm.php' not found or unable to stat
[Sat Feb 21 01:05:16.753573 2026] [php:error] [pid 58502] [client 45.67.97.16:0] script '/domains/csiniaws/chosen.php' not found or unable to stat
[Sat Feb 21 01:05:16.767057 2026] [php:error] [pid 58507] [client 45.67.97.17:0] script '/domains/micra/update-core.php' not found or unable to stat
[Sat Feb 21 01:05:16.782825 2026] [php:error] [pid 58494] [client 45.67.97.16:0] script '/domains/fdcarter/xl2023.php' not found or unable to stat
[Sat Feb 21 01:05:16.934692 2026] [php:error] [pid 58453] [client 45.67.97.192:0] script '/domains/astweb/simple.php' not found or unable to stat
[Sat Feb 21 01:05:16.944354 2026] [php:error] [pid 58474] [client 45.67.97.16:0] script '/domains/jaspen/wp-class.php' not found or unable to stat
[Sat Feb 21 01:05:17.024843 2026] [php:error] [pid 58458] [client 45.67.97.15:0] script '/domains/familyplayhouse2/core.php' not found or unable to stat
[Sat Feb 21 01:05:17.057868 2026] [php:error] [pid 58501] [client 45.67.97.16:0] script '/domains/system_default/config.php' not found or unable to stat
[Sat Feb 21 01:05:17.137298 2026] [php:error] [pid 58491] [client 45.67.97.16:0] script '/domains/druckrey/ext.php' not found or unable to stat
[Sat Feb 21 01:05:17.161858 2026] [php:error] [pid 58500] [client 45.67.97.16:0] script '/domains/hungariantasteweb/config.php' not found or unable to stat
[Sat Feb 21 01:05:17.223186 2026] [php:error] [pid 58502] [client 45.67.97.16:0] script '/domains/csiniaws/about.php' not found or unable to stat
[Sat Feb 21 01:05:17.256331 2026] [php:error] [pid 58472] [client 45.67.97.15:0] script '/domains/system_suspended/wp-content.php' not found or unable to stat
[Sat Feb 21 01:05:17.257088 2026] [php:error] [pid 58494] [client 45.67.97.16:0] script '/domains/fdcarter/go.php' not found or unable to stat
[Sat Feb 21 01:05:17.262372 2026] [php:error] [pid 58505] [client 45.67.97.192:0] script '/domains/bels/function.php' not found or unable to stat
[Sat Feb 21 01:05:17.309499 2026] [php:error] [pid 58504] [client 45.67.97.15:0] script '/domains/bruceweb/file.php' not found or unable to stat
