[Sat Feb 21 01:07:03.089658 2026] [php:error] [pid 58522] [client 45.67.97.192:0] script '/domains/antiqueweb1/bypass.php' not found or unable to stat
[Sat Feb 21 01:07:03.095997 2026] [php:error] [pid 58491] [client 45.67.97.192:0] script '/domains/system_default/webdb.php' not found or unable to stat
[Sat Feb 21 01:07:03.219417 2026] [php:error] [pid 58507] [client 45.67.97.192:0] script '/domains/windsorweb/delpaths.php' not found or unable to stat
[Sat Feb 21 01:07:03.293030 2026] [php:error] [pid 58474] [client 45.67.97.17:0] script '/domains/magicjim/config.php' not found or unable to stat
[Sat Feb 21 01:07:03.295550 2026] [php:error] [pid 58550] [client 45.67.97.16:0] script '/domains/fbardin/filefuns.php' not found or unable to stat
[Sat Feb 21 01:07:03.407710 2026] [php:error] [pid 58493] [client 45.67.97.17:0] script '/domains/testregisgroup/memberfuns.php' not found or unable to stat
[Sat Feb 21 01:07:03.464240 2026] [php:error] [pid 58541] [client 45.67.97.17:0] script '/domains/biehlweb/plugin-install.php' not found or unable to stat
[Sat Feb 21 01:07:03.498894 2026] [php:error] [pid 58545] [client 45.67.97.17:0] script '/domains/system_suspended/jp.php' not found or unable to stat
[Sat Feb 21 01:07:03.526453 2026] [php:error] [pid 58504] [client 45.67.97.15:0] script '/domains/resourceandeventweb/memberfuns.php' not found or unable to stat
[Sat Feb 21 01:07:03.531787 2026] [php:error] [pid 58515] [client 45.67.97.15:0] script '/domains/system_default/manager.php' not found or unable to stat
[Sat Feb 21 01:07:03.540683 2026] [php:error] [pid 58526] [client 45.67.97.16:0] script '/domains/system_suspended/Simple.php' not found or unable to stat
[Sat Feb 21 01:07:03.545325 2026] [php:error] [pid 58549] [client 45.67.97.16:0] script '/domains/system_suspended/gm.php' not found or unable to stat
[Sat Feb 21 01:07:03.563552 2026] [php:error] [pid 58522] [client 45.67.97.192:0] script '/domains/antiqueweb1/class.php' not found or unable to stat
[Sat Feb 21 01:07:03.601725 2026] [php:error] [pid 58551] [client 45.67.97.16:0] script '/domains/sjsachs/file2.php' not found or unable to stat
[Sat Feb 21 01:07:03.682554 2026] [php:error] [pid 58533] [client 45.67.97.16:0] script '/domains/memanuel/file.php' not found or unable to stat
[Sat Feb 21 01:07:03.702947 2026] [php:error] [pid 58525] [client 45.67.97.17:0] script '/domains/byardrealestate/ab.php' not found or unable to stat
[Sat Feb 21 01:07:03.721683 2026] [php:error] [pid 58464] [client 45.67.97.192:0] script '/domains/homesbyaudrey1/tiny.php' not found or unable to stat
[Sat Feb 21 01:07:03.760157 2026] [php:error] [pid 58540] [client 45.67.97.17:0] script '/domains/braniff/wp-blog.php' not found or unable to stat
[Sat Feb 21 01:07:03.762901 2026] [php:error] [pid 58474] [client 45.67.97.17:0] script '/domains/magicjim/special.php' not found or unable to stat
[Sat Feb 21 01:07:03.811226 2026] [php:error] [pid 58508] [client 45.67.97.192:0] script '/domains/system_suspended/XxX.php' not found or unable to stat
[Sat Feb 21 01:07:03.876610 2026] [php:error] [pid 58493] [client 45.67.97.17:0] script '/domains/testregisgroup/infos.php' not found or unable to stat
[Sat Feb 21 01:07:03.933264 2026] [php:error] [pid 58501] [client 45.67.97.16:0] script '/domains/hpveweb/images/waf_defender.php' not found or unable to stat
[Sat Feb 21 01:07:03.936679 2026] [php:error] [pid 58494] [client 45.67.97.17:0] script '/domains/pookie.dnai/wp.php' not found or unable to stat
[Sat Feb 21 01:07:03.947010 2026] [php:error] [pid 58543] [client 45.67.97.192:0] script '/domains/perless2web/wp-class.php' not found or unable to stat
[Sat Feb 21 01:07:03.949647 2026] [php:error] [pid 58542] [client 45.67.97.16:0] script '/domains/system_suspended/doc.php' not found or unable to stat
[Sat Feb 21 01:07:03.956418 2026] [php:error] [pid 58488] [client 45.67.97.16:0] script '/domains/fdcarter/av.php' not found or unable to stat
[Sat Feb 21 01:07:03.972848 2026] [php:error] [pid 58545] [client 45.67.97.17:0] script '/domains/system_suspended/wp-atom.php' not found or unable to stat
[Sat Feb 21 01:07:03.973112 2026] [php:error] [pid 58531] [client 45.67.97.16:0] script '/domains/csiniaws/atomlib.php' not found or unable to stat
[Sat Feb 21 01:07:03.991178 2026] [php:error] [pid 58504] [client 45.67.97.15:0] script '/domains/resourceandeventweb/infos.php' not found or unable to stat
[Sat Feb 21 01:07:03.996584 2026] [php:error] [pid 58515] [client 45.67.97.15:0] script '/domains/system_default/bless.php' not found or unable to stat
[Sat Feb 21 01:07:04.015033 2026] [php:error] [pid 58476] [client 45.67.97.16:0] script '/domains/system_default/aa.php' not found or unable to stat
[Sat Feb 21 01:07:04.036949 2026] [php:error] [pid 58491] [client 45.67.97.192:0] script '/domains/system_default/file2.php' not found or unable to stat
[Sat Feb 21 01:07:04.142746 2026] [php:error] [pid 58539] [client 45.67.97.17:0] script '/domains/micra/click.php' not found or unable to stat
[Sat Feb 21 01:07:04.226498 2026] [php:error] [pid 58502] [client 45.67.97.15:0] script '/domains/hungariantasteweb/aa.php' not found or unable to stat
[Sat Feb 21 01:07:04.231736 2026] [php:error] [pid 58550] [client 45.67.97.16:0] script '/domains/fbardin/l.php' not found or unable to stat
[Sat Feb 21 01:07:04.237489 2026] [php:error] [pid 58529] [client 45.67.97.192:0] script '/domains/pbuilder/hehe.php' not found or unable to stat
[Sat Feb 21 01:07:04.238921 2026] [php:error] [pid 58524] [client 45.67.97.192:0] script '/domains/tmandel/ioxi-o.php' not found or unable to stat
[Sat Feb 21 01:07:04.270956 2026] [php:error] [pid 58547] [client 45.67.97.17:0] script '/domains/familyplayhouse2/xp.php' not found or unable to stat
[Sat Feb 21 01:07:04.423509 2026] [php:error] [pid 58546] [client 45.67.97.192:0] script '/domains/trodine/dropdown.php' not found or unable to stat
[Sat Feb 21 01:07:04.462137 2026] [php:error] [pid 58515] [client 45.67.97.15:0] script '/domains/system_default/O-Simple.php' not found or unable to stat
[Sat Feb 21 01:07:04.489423 2026] [php:error] [pid 58476] [client 45.67.97.16:0] script '/domains/system_default/index2.php' not found or unable to stat
[Sat Feb 21 01:07:04.542584 2026] [php:error] [pid 58551] [client 45.67.97.16:0] script '/domains/sjsachs/alfa.php' not found or unable to stat
[Sat Feb 21 01:07:04.599235 2026] [php:error] [pid 58439] [client 45.67.97.16:0] script '/domains/bruceweb/hehehehe.php' not found or unable to stat
[Sat Feb 21 01:07:04.599246 2026] [php:error] [pid 58469] [client 45.67.97.16:0] script '/domains/pmglobal/as.php' not found or unable to stat
[Sat Feb 21 01:07:04.660335 2026] [php:error] [pid 58464] [client 45.67.97.192:0] script '/domains/homesbyaudrey1/themes.php' not found or unable to stat
[Sat Feb 21 01:07:04.695525 2026] [php:error] [pid 58502] [client 45.67.97.15:0] script '/domains/hungariantasteweb/index2.php' not found or unable to stat
[Sat Feb 21 01:07:04.698491 2026] [php:error] [pid 58550] [client 45.67.97.16:0] script '/domains/fbardin/repeater.php' not found or unable to stat
[Sat Feb 21 01:07:04.714678 2026] [php:error] [pid 58524] [client 45.67.97.192:0] script '/domains/tmandel/info.php' not found or unable to stat
[Sat Feb 21 01:07:04.873933 2026] [php:error] [pid 58501] [client 45.67.97.16:0] script '/domains/hpveweb/small.php' not found or unable to stat
[Sat Feb 21 01:07:04.888800 2026] [php:error] [pid 58543] [client 45.67.97.192:0] script '/domains/perless2web/xx.php' not found or unable to stat
[Sat Feb 21 01:07:04.892347 2026] [php:error] [pid 58546] [client 45.67.97.192:0] script '/domains/trodine/images/admin.php' not found or unable to stat
[Sat Feb 21 01:07:04.917754 2026] [php:error] [pid 58545] [client 45.67.97.17:0] script '/domains/system_suspended/up.php' not found or unable to stat
[Sat Feb 21 01:07:04.926794 2026] [php:error] [pid 58515] [client 45.67.97.15:0] script '/domains/system_default/lock360.php' not found or unable to stat
[Sat Feb 21 01:07:04.971141 2026] [php:error] [pid 58491] [client 45.67.97.192:0] script '/domains/system_default/alfa.php' not found or unable to stat
[Sat Feb 21 01:07:05.067522 2026] [php:error] [pid 58469] [client 45.67.97.16:0] script '/domains/pmglobal/cc.php' not found or unable to stat
[Sat Feb 21 01:07:05.084071 2026] [php:error] [pid 58533] [client 45.67.97.16:0] script '/domains/memanuel/buy.php' not found or unable to stat
[Sat Feb 21 01:07:05.093268 2026] [php:error] [pid 58519] [client 45.67.97.192:0] script '/domains/rnachum/wp-admin.php' not found or unable to stat
[Sat Feb 21 01:07:05.109543 2026] [php:error] [pid 58525] [client 45.67.97.17:0] script '/domains/byardrealestate/doc.php' not found or unable to stat
[Sat Feb 21 01:07:05.127650 2026] [php:error] [pid 58464] [client 45.67.97.192:0] script '/domains/homesbyaudrey1/wp-themes.php' not found or unable to stat
[Sat Feb 21 01:07:05.166277 2026] [php:error] [pid 58535] [client 45.67.97.17:0] script '/domains/proinc/ff2.php' not found or unable to stat
[Sat Feb 21 01:07:05.181999 2026] [php:error] [pid 58524] [client 45.67.97.192:0] script '/domains/tmandel/setup.php' not found or unable to stat
[Sat Feb 21 01:07:05.268963 2026] [php:error] [pid 58548] [client 45.67.97.192:0] script '/domains/jaspen/wp-good.php' not found or unable to stat
[Sat Feb 21 01:07:05.332587 2026] [php:error] [pid 58527] [client 45.67.97.192:0] script '/domains/bels/byp.php' not found or unable to stat
[Sat Feb 21 01:07:05.356970 2026] [php:error] [pid 58543] [client 45.67.97.192:0] script '/domains/perless2web/autoload_classmap.php' not found or unable to stat
[Sat Feb 21 01:07:05.358531 2026] [php:error] [pid 58542] [client 45.67.97.16:0] script '/domains/system_suspended/wp-login.php' not found or unable to stat
[Sat Feb 21 01:07:05.361351 2026] [php:error] [pid 58546] [client 45.67.97.192:0] script '/domains/trodine/db.php' not found or unable to stat
[Sat Feb 21 01:07:05.394958 2026] [php:error] [pid 58515] [client 45.67.97.15:0] script '/domains/system_default/zwso.php' not found or unable to stat
[Sat Feb 21 01:07:05.598832 2026] [php:error] [pid 58506] [client 45.67.97.17:0] script '/domains/system_cancel/natural.php' not found or unable to stat
[Sat Feb 21 01:07:05.635270 2026] [php:error] [pid 58540] [client 45.67.97.17:0] script '/domains/braniff/wp-l0gin.php' not found or unable to stat
[Sat Feb 21 01:07:05.647483 2026] [php:error] [pid 58520] [client 45.67.97.16:0] script '/domains/acagolf1/tox.php' not found or unable to stat
[Sat Feb 21 01:07:05.650346 2026] [php:error] [pid 58505] [client 45.67.97.15:0] script '/domains/nsmd2/default.php' not found or unable to stat
[Sat Feb 21 01:07:05.656866 2026] [php:error] [pid 58529] [client 45.67.97.192:0] script '/domains/pbuilder/dir.php' not found or unable to stat
[Sat Feb 21 01:07:05.668044 2026] [php:error] [pid 58552] [client 45.67.97.16:0] script '/domains/frog.interport1/images/waf_defender.php' not found or unable to stat
[Sat Feb 21 01:07:05.678863 2026] [php:error] [pid 58494] [client 45.67.97.17:0] script '/domains/pookie.dnai/wp-header.php' not found or unable to stat
[Sat Feb 21 01:07:05.679168 2026] [php:error] [pid 58547] [client 45.67.97.17:0] script '/domains/familyplayhouse2/wp-links.php' not found or unable to stat
[Sat Feb 21 01:07:05.757735 2026] [php:error] [pid 58493] [client 45.67.97.17:0] script '/domains/testregisgroup/options-writing.php' not found or unable to stat
[Sat Feb 21 01:07:05.813550 2026] [php:error] [pid 58501] [client 45.67.97.16:0] script '/domains/hpveweb/NewFile.php' not found or unable to stat
[Sat Feb 21 01:07:05.826471 2026] [php:error] [pid 58542] [client 45.67.97.16:0] script '/domains/system_suspended/mar.php' not found or unable to stat
[Sat Feb 21 01:07:05.846066 2026] [php:error] [pid 58482] [client 45.67.97.16:0] script '/domains/astweb/moon.php' not found or unable to stat
[Sat Feb 21 01:07:05.861462 2026] [php:error] [pid 58504] [client 45.67.97.15:0] script '/domains/resourceandeventweb/options-writing.php' not found or unable to stat
[Sat Feb 21 01:07:05.861676 2026] [php:error] [pid 58515] [client 45.67.97.15:0] script '/domains/system_default/chosen.php' not found or unable to stat
[Sat Feb 21 01:07:05.935009 2026] [php:error] [pid 58497] [client 45.67.97.16:0] script '/domains/ferguson.interport/b.php' not found or unable to stat
[Sat Feb 21 01:07:06.012536 2026] [php:error] [pid 58469] [client 45.67.97.16:0] script '/domains/pmglobal/ab.php' not found or unable to stat
[Sat Feb 21 01:07:06.044267 2026] [php:error] [pid 58507] [client 45.67.97.192:0] script '/domains/windsorweb/gifclass.php' not found or unable to stat
[Sat Feb 21 01:07:06.072315 2026] [php:error] [pid 58506] [client 45.67.97.17:0] script '/domains/system_cancel/item.php' not found or unable to stat
[Sat Feb 21 01:07:06.111974 2026] [php:error] [pid 58550] [client 45.67.97.16:0] script '/domains/fbardin/contacts.php' not found or unable to stat
[Sat Feb 21 01:07:06.139467 2026] [php:error] [pid 58479] [client 45.67.97.15:0] script '/domains/system_default/moon.php' not found or unable to stat
[Sat Feb 21 01:07:06.230120 2026] [php:error] [pid 58493] [client 45.67.97.17:0] script '/domains/testregisgroup/options-reading.php' not found or unable to stat
[Sat Feb 21 01:07:06.330628 2026] [php:error] [pid 58504] [client 45.67.97.15:0] script '/domains/resourceandeventweb/options-reading.php' not found or unable to stat
[Sat Feb 21 01:07:06.330790 2026] [php:error] [pid 58515] [client 45.67.97.15:0] script '/domains/system_default/about.php' not found or unable to stat
[Sat Feb 21 01:07:06.341844 2026] [php:error] [pid 58531] [client 45.67.97.16:0] script '/domains/csiniaws/xp.php' not found or unable to stat
[Sat Feb 21 01:07:06.403200 2026] [php:error] [pid 58532] [client 45.67.97.17:0] script '/domains/gohover/edit.php' not found or unable to stat
[Sat Feb 21 01:07:06.513774 2026] [php:error] [pid 58525] [client 45.67.97.17:0] script '/domains/byardrealestate/wp-login.php' not found or unable to stat
[Sat Feb 21 01:07:06.515091 2026] [php:error] [pid 58507] [client 45.67.97.192:0] script '/domains/windsorweb/plugin.php' not found or unable to stat
[Sat Feb 21 01:07:06.538606 2026] [php:error] [pid 58464] [client 45.67.97.192:0] script '/domains/homesbyaudrey1/mariju.php' not found or unable to stat
[Sat Feb 21 01:07:06.574892 2026] [php:error] [pid 58540] [client 45.67.97.17:0] script '/domains/braniff/new.php' not found or unable to stat
[Sat Feb 21 01:07:06.579900 2026] [php:error] [pid 58550] [client 45.67.97.16:0] script '/domains/fbardin/wsa.php' not found or unable to stat
[Sat Feb 21 01:07:06.607040 2026] [php:error] [pid 58552] [client 45.67.97.16:0] script '/domains/frog.interport1/small.php' not found or unable to stat
[Sat Feb 21 01:07:06.618355 2026] [php:error] [pid 58494] [client 45.67.97.17:0] script '/domains/pookie.dnai/Marvins.php' not found or unable to stat
[Sat Feb 21 01:07:06.698601 2026] [php:error] [pid 58493] [client 45.67.97.17:0] script '/domains/testregisgroup/wsad.php' not found or unable to stat
[Sat Feb 21 01:07:06.756961 2026] [php:error] [pid 58501] [client 45.67.97.16:0] script '/domains/hpveweb/error.php' not found or unable to stat
[Sat Feb 21 01:07:06.763784 2026] [php:error] [pid 58543] [client 45.67.97.192:0] script '/domains/perless2web/content.php' not found or unable to stat
[Sat Feb 21 01:07:06.776734 2026] [php:error] [pid 58439] [client 35.247.243.253:0] script '/domains/gk3c/adminer-5.3.0-mysql-en.php' not found or unable to stat
[Sat Feb 21 01:07:06.798009 2026] [php:error] [pid 58504] [client 45.67.97.15:0] script '/domains/resourceandeventweb/wsad.php' not found or unable to stat
[Sat Feb 21 01:07:06.798300 2026] [php:error] [pid 58515] [client 45.67.97.15:0] script '/domains/system_default/admin.php' not found or unable to stat
[Sat Feb 21 01:07:06.854437 2026] [php:error] [pid 58522] [client 45.67.97.192:0] script '/domains/antiqueweb1/init.php' not found or unable to stat
[Sat Feb 21 01:07:06.868479 2026] [php:error] [pid 58472] [client 45.67.97.17:0] script '/domains/peterbmiller/click.php' not found or unable to stat
[Sat Feb 21 01:07:06.868732 2026] [php:error] [pid 58476] [client 45.67.97.16:0] script '/domains/system_default/shell.php' not found or unable to stat
[Sat Feb 21 01:07:06.982584 2026] [php:error] [pid 58519] [client 45.67.97.192:0] script '/domains/rnachum/wp-editor.php' not found or unable to stat
[Sat Feb 21 01:07:06.983403 2026] [php:error] [pid 58525] [client 45.67.97.17:0] script '/domains/byardrealestate/mar.php' not found or unable to stat
[Sat Feb 21 01:07:07.017065 2026] [php:error] [pid 58464] [client 45.67.97.192:0] script '/domains/homesbyaudrey1/waf_defender.php' not found or unable to stat
[Sat Feb 21 01:07:07.044211 2026] [php:error] [pid 58502] [client 45.67.97.15:0] script '/domains/hungariantasteweb/shell.php' not found or unable to stat
[Sat Feb 21 01:07:07.046564 2026] [php:error] [pid 58535] [client 45.67.97.17:0] script '/domains/proinc/jp.php' not found or unable to stat
[Sat Feb 21 01:07:07.175010 2026] [php:error] [pid 58493] [client 45.67.97.17:0] script '/domains/testregisgroup/nation.php' not found or unable to stat
[Sat Feb 21 01:07:07.232595 2026] [php:error] [pid 58542] [client 45.67.97.16:0] script '/domains/system_suspended/1.php' not found or unable to stat
[Sat Feb 21 01:07:07.250877 2026] [php:error] [pid 58482] [client 45.67.97.16:0] script '/domains/astweb/webadmin.php' not found or unable to stat
[Sat Feb 21 01:07:07.262661 2026] [php:error] [pid 58504] [client 45.67.97.15:0] script '/domains/resourceandeventweb/nation.php' not found or unable to stat
[Sat Feb 21 01:07:07.416942 2026] [php:error] [pid 58469] [client 45.67.97.16:0] script '/domains/pmglobal/doc.php' not found or unable to stat
[Sat Feb 21 01:07:07.457689 2026] [php:error] [pid 58507] [client 45.67.97.192:0] script '/domains/windsorweb/update-core.php' not found or unable to stat
[Sat Feb 21 01:07:07.513800 2026] [php:error] [pid 58535] [client 45.67.97.17:0] script '/domains/proinc/wp-atom.php' not found or unable to stat
[Sat Feb 21 01:07:07.530892 2026] [php:error] [pid 58529] [client 45.67.97.192:0] script '/domains/pbuilder/nf_tracking.php' not found or unable to stat
[Sat Feb 21 01:07:07.532642 2026] [php:error] [pid 58520] [client 45.67.97.16:0] script '/domains/acagolf1/tiny.php' not found or unable to stat
[Sat Feb 21 01:07:07.533649 2026] [php:error] [pid 58524] [client 45.67.97.192:0] script '/domains/tmandel/as.php' not found or unable to stat
[Sat Feb 21 01:07:07.543456 2026] [php:error] [pid 58552] [client 45.67.97.16:0] script '/domains/frog.interport1/NewFile.php' not found or unable to stat
[Sat Feb 21 01:07:07.552438 2026] [php:error] [pid 58479] [client 45.67.97.15:0] script '/domains/system_default/webadmin.php' not found or unable to stat
[Sat Feb 21 01:07:07.554775 2026] [php:error] [pid 58494] [client 45.67.97.17:0] script '/domains/pookie.dnai/wp-class.php' not found or unable to stat
[Sat Feb 21 01:07:07.737894 2026] [php:error] [pid 58515] [client 45.67.97.15:0] script '/domains/system_default/mah.php' not found or unable to stat
[Sat Feb 21 01:07:07.759415 2026] [php:error] [pid 58531] [client 45.67.97.16:0] script '/domains/csiniaws/wp-links.php' not found or unable to stat
[Sat Feb 21 01:07:07.759444 2026] [php:error] [pid 58545] [client 45.67.97.17:0] script '/domains/system_suspended/worm.PhP' not found or unable to stat
[Sat Feb 21 01:07:07.803594 2026] [php:error] [pid 58532] [client 45.67.97.17:0] script '/domains/gohover/wp-links-opml.php' not found or unable to stat
[Sat Feb 21 01:07:07.812317 2026] [php:error] [pid 58470] [client 45.67.97.16:0] script '/domains/system_suspended/click.php' not found or unable to stat
[Sat Feb 21 01:07:07.819890 2026] [php:error] [pid 58480] [client 45.67.97.192:0] script '/domains/druckrey/click.php' not found or unable to stat
[Sat Feb 21 01:07:07.951923 2026] [php:error] [pid 58464] [client 45.67.97.192:0] script '/domains/homesbyaudrey1/av.php' not found or unable to stat
[Sat Feb 21 01:07:07.981028 2026] [php:error] [pid 58540] [client 45.67.97.17:0] script '/domains/braniff/images/DJP9.php' not found or unable to stat
[Sat Feb 21 01:07:08.000770 2026] [php:error] [pid 58524] [client 45.67.97.192:0] script '/domains/tmandel/cc.php' not found or unable to stat
[Sat Feb 21 01:07:08.230822 2026] [php:error] [pid 58545] [client 45.67.97.17:0] script '/domains/system_suspended/ext.php' not found or unable to stat
[Sat Feb 21 01:07:08.250987 2026] [php:error] [pid 58509] [client 45.67.97.17:0] script '/domains/system_suspended/small.php' not found or unable to stat
[Sat Feb 21 01:07:08.292590 2026] [php:error] [pid 58551] [client 45.67.97.16:0] script '/domains/sjsachs/edit.php' not found or unable to stat
[Sat Feb 21 01:07:08.386941 2026] [php:error] [pid 58525] [client 45.67.97.17:0] script '/domains/byardrealestate/1.php' not found or unable to stat
[Sat Feb 21 01:07:08.398573 2026] [php:error] [pid 58507] [client 45.67.97.192:0] script '/domains/windsorweb/wp-mail.php' not found or unable to stat
[Sat Feb 21 01:07:08.451931 2026] [php:error] [pid 58535] [client 45.67.97.17:0] script '/domains/proinc/up.php' not found or unable to stat
[Sat Feb 21 01:07:08.459727 2026] [php:error] [pid 58505] [client 45.67.97.15:0] script '/domains/nsmd2/dropdown.php' not found or unable to stat
[Sat Feb 21 01:07:08.465892 2026] [php:error] [pid 58529] [client 45.67.97.192:0] script '/domains/pbuilder/filefuns.php' not found or unable to stat
[Sat Feb 21 01:07:08.473390 2026] [php:error] [pid 58520] [client 45.67.97.16:0] script '/domains/acagolf1/themes.php' not found or unable to stat
[Sat Feb 21 01:07:08.479636 2026] [php:error] [pid 58552] [client 45.67.97.16:0] script '/domains/frog.interport1/error.php' not found or unable to stat
[Sat Feb 21 01:07:08.507087 2026] [php:error] [pid 58494] [client 45.67.97.17:0] script '/domains/pookie.dnai/xx.php' not found or unable to stat
[Sat Feb 21 01:07:08.633331 2026] [php:error] [pid 58501] [client 45.67.97.16:0] script '/domains/hpveweb/wp-files.php' not found or unable to stat
[Sat Feb 21 01:07:08.652653 2026] [php:error] [pid 58474] [client 45.67.97.15:0] script '/domains/fdcarter/theme.php' not found or unable to stat
[Sat Feb 21 01:07:08.662077 2026] [php:error] [pid 58482] [client 45.67.97.16:0] script '/domains/astweb/xl2023.php' not found or unable to stat
[Sat Feb 21 01:07:08.672397 2026] [php:error] [pid 58515] [client 45.67.97.15:0] script '/domains/system_default/core.php' not found or unable to stat
[Sat Feb 21 01:07:08.674354 2026] [php:error] [pid 58453] [client 35.247.243.248:0] script '/domains/gk3c/adminer-5.0.3-mysql-en.php' not found or unable to stat
[Sat Feb 21 01:07:08.701695 2026] [php:error] [pid 58545] [client 45.67.97.17:0] script '/domains/system_suspended/delpaths.php' not found or unable to stat
[Sat Feb 21 01:07:08.723034 2026] [php:error] [pid 58549] [client 45.67.97.16:0] script '/domains/system_suspended/plugin-install.php' not found or unable to stat
[Sat Feb 21 01:07:08.737464 2026] [php:error] [pid 58497] [client 45.67.97.16:0] script '/domains/ferguson.interport/wsax.php' not found or unable to stat
[Sat Feb 21 01:07:08.737476 2026] [php:error] [pid 58532] [client 45.67.97.17:0] script '/domains/gohover/atomlib.php' not found or unable to stat
[Sat Feb 21 01:07:08.822544 2026] [php:error] [pid 58469] [client 45.67.97.16:0] script '/domains/pmglobal/wp-login.php' not found or unable to stat
[Sat Feb 21 01:07:08.929377 2026] [php:error] [pid 58505] [client 45.67.97.15:0] script '/domains/nsmd2/images/admin.php' not found or unable to stat
[Sat Feb 21 01:07:08.937936 2026] [php:error] [pid 58524] [client 45.67.97.192:0] script '/domains/tmandel/ab.php' not found or unable to stat
[Sat Feb 21 01:07:08.943512 2026] [php:error] [pid 58520] [client 45.67.97.16:0] script '/domains/acagolf1/wp-themes.php' not found or unable to stat
[Sat Feb 21 01:07:08.947948 2026] [php:error] [pid 58541] [client 45.67.97.17:0] script '/domains/biehlweb/css/fan.php' not found or unable to stat
[Sat Feb 21 01:07:08.979983 2026] [php:error] [pid 58494] [client 45.67.97.17:0] script '/domains/pookie.dnai/autoload_classmap.php' not found or unable to stat
[Sat Feb 21 01:07:08.981568 2026] [php:error] [pid 58479] [client 45.67.97.15:0] script '/domains/system_default/xl2023.php' not found or unable to stat
[Sat Feb 21 01:07:08.982640 2026] [php:error] [pid 58539] [client 45.67.97.17:0] script '/domains/micra/wp-admin.php' not found or unable to stat
[Sat Feb 21 01:07:09.001999 2026] [php:error] [pid 58548] [client 45.67.97.192:0] script '/domains/jaspen/ff2.php' not found or unable to stat
[Sat Feb 21 01:07:09.079702 2026] [php:error] [pid 58527] [client 45.67.97.192:0] script '/domains/bels/class.api.php' not found or unable to stat
[Sat Feb 21 01:07:09.102347 2026] [php:error] [pid 58501] [client 45.67.97.16:0] script '/domains/hpveweb/functions.php' not found or unable to stat
[Sat Feb 21 01:07:09.134311 2026] [php:error] [pid 58482] [client 45.67.97.16:0] script '/domains/astweb/go.php' not found or unable to stat
[Sat Feb 21 01:07:09.139213 2026] [php:error] [pid 58515] [client 45.67.97.15:0] script '/domains/system_default/robots.php' not found or unable to stat
[Sat Feb 21 01:07:09.189367 2026] [php:error] [pid 58509] [client 45.67.97.17:0] script '/domains/system_suspended/NewFile.php' not found or unable to stat
[Sat Feb 21 01:07:09.230433 2026] [php:error] [pid 58551] [client 45.67.97.16:0] script '/domains/sjsachs/cgi-bin/autoload_classmap.php' not found or unable to stat
[Sat Feb 21 01:07:09.233898 2026] [php:error] [pid 58476] [client 45.67.97.16:0] script '/domains/system_default/hehe.php' not found or unable to stat
[Sat Feb 21 01:07:09.290215 2026] [php:error] [pid 58469] [client 45.67.97.16:0] script '/domains/pmglobal/mar.php' not found or unable to stat
[Sat Feb 21 01:07:09.333681 2026] [php:error] [pid 58554] [client 45.67.97.15:0] script '/domains/rnachum/adminfusm.php' not found or unable to stat
[Sat Feb 21 01:07:09.337918 2026] [php:error] [pid 58550] [client 45.67.97.16:0] script '/domains/fbardin/lv.php' not found or unable to stat
[Sat Feb 21 01:07:09.348485 2026] [php:error] [pid 58491] [client 45.67.97.192:0] script '/domains/system_default/edit.php' not found or unable to stat
[Sat Feb 21 01:07:09.393540 2026] [php:error] [pid 58540] [client 45.67.97.17:0] script '/domains/braniff/natural.php' not found or unable to stat
[Sat Feb 21 01:07:09.394660 2026] [php:error] [pid 58490] [client 45.67.97.192:0] script '/domains/magicjim/webdb.php' not found or unable to stat
[Sat Feb 21 01:07:09.395837 2026] [php:error] [pid 58502] [client 45.67.97.15:0] script '/domains/hungariantasteweb/hehe.php' not found or unable to stat
[Sat Feb 21 01:07:09.419364 2026] [php:error] [pid 58529] [client 45.67.97.192:0] script '/domains/pbuilder/l.php' not found or unable to stat
[Sat Feb 21 01:07:09.454638 2026] [php:error] [pid 58479] [client 45.67.97.15:0] script '/domains/system_default/go.php' not found or unable to stat
[Sat Feb 21 01:07:09.528185 2026] [php:error] [pid 58493] [client 45.67.97.17:0] script '/domains/testregisgroup/wp-atomx.php' not found or unable to stat
[Sat Feb 21 01:07:09.585920 2026] [php:error] [pid 58546] [client 45.67.97.192:0] script '/domains/trodine/install.php' not found or unable to stat
[Sat Feb 21 01:07:09.599423 2026] [php:error] [pid 58504] [client 45.67.97.15:0] script '/domains/resourceandeventweb/wp-atomx.php' not found or unable to stat
[Sat Feb 21 01:07:09.604958 2026] [php:error] [pid 58515] [client 45.67.97.15:0] script '/domains/system_default/inputs.php' not found or unable to stat
[Sat Feb 21 01:07:09.704123 2026] [php:error] [pid 58551] [client 45.67.97.16:0] script '/domains/sjsachs/wp-links-opml.php' not found or unable to stat
[Sat Feb 21 01:07:09.755626 2026] [php:error] [pid 58505] [client 45.67.97.15:0] script '/domains/nsmd2/db.php' not found or unable to stat
[Sat Feb 21 01:07:09.806048 2026] [php:error] [pid 58550] [client 45.67.97.16:0] script '/domains/fbardin/images/js1.php' not found or unable to stat
[Sat Feb 21 01:07:09.862112 2026] [php:error] [pid 58540] [client 45.67.97.17:0] script '/domains/braniff/item.php' not found or unable to stat
[Sat Feb 21 01:07:09.891596 2026] [php:error] [pid 58529] [client 45.67.97.192:0] script '/domains/pbuilder/repeater.php' not found or unable to stat
[Sat Feb 21 01:07:09.897681 2026] [php:error] [pid 58541] [client 45.67.97.17:0] script '/domains/biehlweb/images/mah.php' not found or unable to stat
[Sat Feb 21 01:07:09.996472 2026] [php:error] [pid 58493] [client 45.67.97.17:0] script '/domains/testregisgroup/admin-footer.php' not found or unable to stat
[Sat Feb 21 01:07:10.055314 2026] [php:error] [pid 58474] [client 45.67.97.15:0] script '/domains/fdcarter/Simple.php' not found or unable to stat
[Sat Feb 21 01:07:10.064535 2026] [php:error] [pid 58504] [client 45.67.97.15:0] script '/domains/resourceandeventweb/admin-footer.php' not found or unable to stat
[Sat Feb 21 01:07:10.078000 2026] [php:error] [pid 58515] [client 45.67.97.15:0] script '/domains/system_default/mini.php' not found or unable to stat
[Sat Feb 21 01:07:10.141763 2026] [php:error] [pid 58509] [client 45.67.97.17:0] script '/domains/system_suspended/error.php' not found or unable to stat
[Sat Feb 21 01:07:10.333730 2026] [php:error] [pid 58490] [client 45.67.97.192:0] script '/domains/magicjim/file2.php' not found or unable to stat
[Sat Feb 21 01:07:10.359966 2026] [php:error] [pid 58524] [client 45.67.97.192:0] script '/domains/tmandel/doc.php' not found or unable to stat
[Sat Feb 21 01:07:10.369132 2026] [php:error] [pid 58520] [client 45.67.97.16:0] script '/domains/acagolf1/mariju.php' not found or unable to stat
[Sat Feb 21 01:07:10.484068 2026] [php:error] [pid 58527] [client 45.67.97.192:0] script '/domains/bels/system_log.php' not found or unable to stat
[Sat Feb 21 01:07:10.533048 2026] [php:error] [pid 58546] [client 45.67.97.192:0] script '/domains/trodine/images/class-config.php' not found or unable to stat
[Sat Feb 21 01:07:10.544050 2026] [php:error] [pid 58515] [client 45.67.97.15:0] script '/domains/system_default/goods.php' not found or unable to stat
[Sat Feb 21 01:07:10.600636 2026] [php:error] [pid 58519] [client 34.96.162.49:0] script '/domains/gk3c/adminer-4.7.1.php' not found or unable to stat
[Sat Feb 21 01:07:10.646194 2026] [php:error] [pid 58551] [client 45.67.97.16:0] script '/domains/sjsachs/atomlib.php' not found or unable to stat
[Sat Feb 21 01:07:10.654904 2026] [php:error] [pid 58476] [client 45.67.97.16:0] script '/domains/system_default/dir.php' not found or unable to stat
[Sat Feb 21 01:07:10.697257 2026] [php:error] [pid 58469] [client 45.67.97.16:0] script '/domains/pmglobal/1.php' not found or unable to stat
[Sat Feb 21 01:07:10.746700 2026] [php:error] [pid 58552] [client 45.67.97.16:0] script '/domains/frog.interport1/wp-files.php' not found or unable to stat
[Sat Feb 21 01:07:10.751933 2026] [php:error] [pid 58491] [client 45.67.97.192:0] script '/domains/system_default/wp-links-opml.php' not found or unable to stat
[Sat Feb 21 01:07:10.802334 2026] [php:error] [pid 58502] [client 45.67.97.15:0] script '/domains/hungariantasteweb/dir.php' not found or unable to stat
[Sat Feb 21 01:07:10.849127 2026] [php:error] [pid 58520] [client 45.67.97.16:0] script '/domains/acagolf1/waf_defender.php' not found or unable to stat
[Sat Feb 21 01:07:10.866217 2026] [php:error] [pid 58539] [client 45.67.97.17:0] script '/domains/micra/wp-editor.php' not found or unable to stat
[Sat Feb 21 01:07:10.869875 2026] [php:error] [pid 58548] [client 45.67.97.192:0] script '/domains/jaspen/jp.php' not found or unable to stat
[Sat Feb 21 01:07:10.932758 2026] [php:error] [pid 58493] [client 45.67.97.17:0] script '/domains/testregisgroup/XxX.php' not found or unable to stat
[Sat Feb 21 01:07:10.949176 2026] [php:error] [pid 58527] [client 45.67.97.192:0] script '/domains/bels/.alf.php' not found or unable to stat
[Sat Feb 21 01:07:10.978433 2026] [php:error] [pid 58542] [client 45.67.97.16:0] script '/domains/system_suspended/fm.php' not found or unable to stat
[Sat Feb 21 01:07:11.002394 2026] [php:error] [pid 58504] [client 45.67.97.15:0] script '/domains/resourceandeventweb/XxX.php' not found or unable to stat
[Sat Feb 21 01:07:11.002426 2026] [php:error] [pid 58494] [client 45.67.97.17:0] script '/domains/pookie.dnai/content.php' not found or unable to stat
[Sat Feb 21 01:07:11.007329 2026] [php:error] [pid 58522] [client 45.67.97.192:0] script '/domains/antiqueweb1/adminfuns.php' not found or unable to stat
[Sat Feb 21 01:07:11.014326 2026] [php:error] [pid 58515] [client 45.67.97.15:0] script '/domains/system_default/file5.php' not found or unable to stat
[Sat Feb 21 01:07:11.068751 2026] [php:error] [pid 58532] [client 45.67.97.17:0] script '/domains/gohover/xp.php' not found or unable to stat
[Sat Feb 21 01:07:11.113059 2026] [php:error] [pid 58472] [client 45.67.97.17:0] script '/domains/peterbmiller/wp-admin.php' not found or unable to stat
[Sat Feb 21 01:07:11.214918 2026] [php:error] [pid 58552] [client 45.67.97.16:0] script '/domains/frog.interport1/functions.php' not found or unable to stat
[Sat Feb 21 01:07:11.268786 2026] [php:error] [pid 58490] [client 45.67.97.192:0] script '/domains/magicjim/alfa.php' not found or unable to stat
[Sat Feb 21 01:07:11.269347 2026] [php:error] [pid 58547] [client 45.67.97.17:0] script '/domains/familyplayhouse2/moon.php' not found or unable to stat
[Sat Feb 21 01:07:11.273856 2026] [php:error] [pid 58535] [client 45.67.97.17:0] script '/domains/proinc/worm.PhP' not found or unable to stat
[Sat Feb 21 01:07:11.298513 2026] [php:error] [pid 58529] [client 45.67.97.192:0] script '/domains/pbuilder/contacts.php' not found or unable to stat
[Sat Feb 21 01:07:11.334929 2026] [php:error] [pid 58548] [client 45.67.97.192:0] script '/domains/jaspen/wp-atom.php' not found or unable to stat
[Sat Feb 21 01:07:11.416711 2026] [php:error] [pid 58527] [client 45.67.97.192:0] script '/domains/bels/wso.php' not found or unable to stat
[Sat Feb 21 01:07:11.424113 2026] [php:error] [pid 58519] [client 45.67.97.16:0] script '/domains/ceonlinenews/manager.php' not found or unable to stat
[Sat Feb 21 01:07:11.451052 2026] [php:error] [pid 58501] [client 45.67.97.16:0] script '/domains/hpveweb/aks.php' not found or unable to stat
[Sat Feb 21 01:07:11.482997 2026] [php:error] [pid 58515] [client 45.67.97.15:0] script '/domains/system_default/ahax.php' not found or unable to stat
[Sat Feb 21 01:07:11.531013 2026] [php:error] [pid 58545] [client 45.67.97.17:0] script '/domains/system_suspended/gifclass.php' not found or unable to stat
[Sat Feb 21 01:07:11.624998 2026] [php:error] [pid 58533] [client 45.67.97.16:0] script '/domains/memanuel/inc.php' not found or unable to stat
[Sat Feb 21 01:07:11.693903 2026] [php:error] [pid 58491] [client 45.67.97.192:0] script '/domains/system_default/atomlib.php' not found or unable to stat
[Sat Feb 21 01:07:11.702260 2026] [php:error] [pid 58506] [client 45.67.97.192:0] script '/domains/system_cancel/default.php' not found or unable to stat
[Sat Feb 21 01:07:11.745942 2026] [php:error] [pid 58535] [client 45.67.97.17:0] script '/domains/proinc/ext.php' not found or unable to stat
[Sat Feb 21 01:07:11.769121 2026] [php:error] [pid 58529] [client 45.67.97.192:0] script '/domains/pbuilder/wsa.php' not found or unable to stat
[Sat Feb 21 01:07:11.771596 2026] [php:error] [pid 58524] [client 45.67.97.192:0] script '/domains/tmandel/wp-login.php' not found or unable to stat
[Sat Feb 21 01:07:11.789581 2026] [php:error] [pid 58520] [client 45.67.97.16:0] script '/domains/acagolf1/av.php' not found or unable to stat
[Sat Feb 21 01:07:11.895090 2026] [php:error] [pid 58519] [client 45.67.97.16:0] script '/domains/ceonlinenews/bless.php' not found or unable to stat
[Sat Feb 21 01:07:11.919944 2026] [php:error] [pid 58501] [client 45.67.97.16:0] script '/domains/hpveweb/litespeed.php' not found or unable to stat
[Sat Feb 21 01:07:11.947862 2026] [php:error] [pid 58515] [client 45.67.97.15:0] script '/domains/system_default/f35.php' not found or unable to stat
[Sat Feb 21 01:07:11.949616 2026] [php:error] [pid 58546] [client 45.67.97.192:0] script '/domains/trodine/bypass.php' not found or unable to stat
[Sat Feb 21 01:07:11.951237 2026] [php:error] [pid 58522] [client 45.67.97.192:0] script '/domains/antiqueweb1/wp_wlx.php' not found or unable to stat
[Sat Feb 21 01:07:11.953836 2026] [php:error] [pid 58482] [client 45.67.97.16:0] script '/domains/astweb/cgi-bin/index.php' not found or unable to stat
[Sat Feb 21 01:07:11.967363 2026] [php:error] [pid 58513] [client 45.67.97.16:0] script '/domains/system_default/xex.php' not found or unable to stat
[Sat Feb 21 01:07:12.003797 2026] [php:error] [pid 58545] [client 45.67.97.17:0] script '/domains/system_suspended/plugin.php' not found or unable to stat
[Sat Feb 21 01:07:12.014258 2026] [php:error] [pid 58509] [client 45.67.97.17:0] script '/domains/system_suspended/wp-files.php' not found or unable to stat
[Sat Feb 21 01:07:12.034735 2026] [php:error] [pid 58480] [client 45.67.97.192:0] script '/domains/druckrey/wp-admin.php' not found or unable to stat
[Sat Feb 21 01:07:12.056050 2026] [php:error] [pid 58470] [client 45.67.97.16:0] script '/domains/system_suspended/wp-admin.php' not found or unable to stat
[Sat Feb 21 01:07:12.144512 2026] [php:error] [pid 58525] [client 45.67.97.17:0] script '/domains/byardrealestate/fm.php' not found or unable to stat
[Sat Feb 21 01:07:12.214327 2026] [php:error] [pid 58535] [client 45.67.97.17:0] script '/domains/proinc/delpaths.php' not found or unable to stat
[Sat Feb 21 01:07:12.241099 2026] [php:error] [pid 58524] [client 45.67.97.192:0] script '/domains/tmandel/mar.php' not found or unable to stat
[Sat Feb 21 01:07:12.263366 2026] [php:error] [pid 58539] [client 45.67.97.16:0] script '/domains/micra/images/install.php' not found or unable to stat
[Sat Feb 21 01:07:12.266507 2026] [php:error] [pid 58548] [client 45.67.97.192:0] script '/domains/jaspen/up.php' not found or unable to stat
[Sat Feb 21 01:07:12.367070 2026] [php:error] [pid 58519] [client 45.67.97.16:0] script '/domains/ceonlinenews/O-Simple.php' not found or unable to stat
[Sat Feb 21 01:07:12.418774 2026] [php:error] [pid 58543] [client 45.67.97.192:0] script '/domains/perless2web/images/class.php' not found or unable to stat
[Sat Feb 21 01:07:12.420462 2026] [php:error] [pid 58546] [client 45.67.97.192:0] script '/domains/trodine/class.php' not found or unable to stat
[Sat Feb 21 01:07:12.468441 2026] [php:error] [pid 58532] [client 45.67.97.17:0] script '/domains/gohover/wp-links.php' not found or unable to stat
[Sat Feb 21 01:07:12.482463 2026] [php:error] [pid 58509] [client 45.67.97.17:0] script '/domains/system_suspended/functions.php' not found or unable to stat
[Sat Feb 21 01:07:12.545045 2026] [php:error] [pid 58476] [client 45.67.97.16:0] script '/domains/system_default/nf_tracking.php' not found or unable to stat
[Sat Feb 21 01:07:12.563526 2026] [php:error] [pid 58533] [client 45.67.97.16:0] script '/domains/memanuel/filemanager.php' not found or unable to stat
[Sat Feb 21 01:07:12.653815 2026] [php:error] [pid 58527] [client 45.67.97.192:0] script '/domains/bels/flower.php' not found or unable to stat
[Sat Feb 21 01:07:12.654518 2026] [php:error] [pid 58507] [client 45.67.97.17:0] script '/domains/homesbyaudrey1/theme.php' not found or unable to stat
[Sat Feb 21 01:07:12.679449 2026] [php:error] [pid 58547] [client 45.67.97.17:0] script '/domains/familyplayhouse2/webadmin.php' not found or unable to stat
[Sat Feb 21 01:07:12.681737 2026] [php:error] [pid 58502] [client 45.67.97.15:0] script '/domains/hungariantasteweb/nf_tracking.php' not found or unable to stat
[Sat Feb 21 01:07:12.838195 2026] [php:error] [pid 58519] [client 45.67.97.16:0] script '/domains/ceonlinenews/lock360.php' not found or unable to stat
[Sat Feb 21 01:07:12.858473 2026] [php:error] [pid 58542] [client 45.67.97.16:0] script '/domains/system_suspended/ini.php' not found or unable to stat
[Sat Feb 21 01:07:12.945182 2026] [php:error] [pid 58531] [client 45.67.97.16:0] script '/domains/csiniaws/moon.php' not found or unable to stat
[Sat Feb 21 01:07:12.945201 2026] [php:error] [pid 58545] [client 45.67.97.17:0] script '/domains/system_suspended/update-core.php' not found or unable to stat
[Sat Feb 21 01:07:12.997654 2026] [php:error] [pid 58551] [client 45.67.97.16:0] script '/domains/sjsachs/xp.php' not found or unable to stat
[Sat Feb 21 01:07:13.000282 2026] [php:error] [pid 58472] [client 45.67.97.17:0] script '/domains/peterbmiller/wp-editor.php' not found or unable to stat
[Sat Feb 21 01:07:13.027425 2026] [php:error] [pid 58515] [client 45.67.97.15:0] script '/domains/system_default/simple.php' not found or unable to stat
[Sat Feb 21 01:07:13.192994 2026] [php:error] [pid 58539] [client 45.67.97.16:0] script '/domains/micra/adminfusm.php' not found or unable to stat
[Sat Feb 21 01:07:13.308341 2026] [php:error] [pid 58519] [client 45.67.97.16:0] script '/domains/ceonlinenews/zwso.php' not found or unable to stat
[Sat Feb 21 01:07:13.328816 2026] [php:error] [pid 58501] [client 45.67.97.16:0] script '/domains/hpveweb/wpn.php' not found or unable to stat
[Sat Feb 21 01:07:13.354004 2026] [php:error] [pid 58543] [client 45.67.97.192:0] script '/domains/perless2web/web.php' not found or unable to stat
[Sat Feb 21 01:07:13.357180 2026] [php:error] [pid 58522] [client 45.67.97.192:0] script '/domains/antiqueweb1/wp.php' not found or unable to stat
[Sat Feb 21 01:07:13.489482 2026] [php:error] [pid 58476] [client 45.67.97.16:0] script '/domains/system_default/filefuns.php' not found or unable to stat
[Sat Feb 21 01:07:13.571579 2026] [php:error] [pid 58453] [client 45.67.97.16:0] script '/domains/windsorweb/aa.php' not found or unable to stat
[Sat Feb 21 01:07:13.619656 2026] [php:error] [pid 58502] [client 45.67.97.15:0] script '/domains/hungariantasteweb/filefuns.php' not found or unable to stat
[Sat Feb 21 01:07:13.646763 2026] [php:error] [pid 58524] [client 45.67.97.192:0] script '/domains/tmandel/1.php' not found or unable to stat
[Sat Feb 21 01:07:13.817522 2026] [php:error] [pid 58550] [client 45.67.97.17:0] script '/domains/fdcarter/images/waf_defender.php' not found or unable to stat
[Sat Feb 21 01:07:13.892489 2026] [php:error] [pid 58545] [client 45.67.97.17:0] script '/domains/system_suspended/wp-mail.php' not found or unable to stat
[Sat Feb 21 01:07:13.900858 2026] [php:error] [pid 58480] [client 45.67.97.192:0] script '/domains/druckrey/wp-editor.php' not found or unable to stat
[Sat Feb 21 01:07:14.021656 2026] [php:error] [pid 58525] [client 45.67.97.17:0] script '/domains/byardrealestate/ini.php' not found or unable to stat
[Sat Feb 21 01:07:14.042950 2026] [php:error] [pid 58453] [client 45.67.97.16:0] script '/domains/windsorweb/index2.php' not found or unable to stat
[Sat Feb 21 01:07:14.049771 2026] [php:error] [pid 58491] [client 45.67.97.192:0] script '/domains/system_default/xp.php' not found or unable to stat
[Sat Feb 21 01:07:14.067188 2026] [php:error] [pid 58507] [client 45.67.97.17:0] script '/domains/homesbyaudrey1/Simple.php' not found or unable to stat
[Sat Feb 21 01:07:14.085641 2026] [php:error] [pid 58547] [client 45.67.97.17:0] script '/domains/familyplayhouse2/xl2023.php' not found or unable to stat
[Sat Feb 21 01:07:14.117771 2026] [php:error] [pid 58529] [client 45.67.97.192:0] script '/domains/pbuilder/lv.php' not found or unable to stat
[Sat Feb 21 01:07:14.145935 2026] [php:error] [pid 58552] [client 45.67.97.16:0] script '/domains/frog.interport1/aks.php' not found or unable to stat
[Sat Feb 21 01:07:14.180854 2026] [php:error] [pid 58519] [client 45.67.97.16:0] script '/domains/ceonlinenews/chosen.php' not found or unable to stat
[Sat Feb 21 01:07:14.252530 2026] [php:error] [pid 58470] [client 45.67.97.16:0] script '/domains/system_suspended/wp-editor.php' not found or unable to stat
[Sat Feb 21 01:07:14.275167 2026] [php:error] [pid 58505] [client 45.67.97.15:0] script '/domains/nsmd2/install.php' not found or unable to stat
[Sat Feb 21 01:07:14.301781 2026] [php:error] [pid 58543] [client 45.67.97.192:0] script '/domains/perless2web/images/index.php' not found or unable to stat
[Sat Feb 21 01:07:14.312347 2026] [php:error] [pid 58513] [client 45.67.97.16:0] script '/domains/system_default/wp-head.php' not found or unable to stat
[Sat Feb 21 01:07:14.363681 2026] [php:error] [pid 58531] [client 45.67.97.16:0] script '/domains/csiniaws/webadmin.php' not found or unable to stat
[Sat Feb 21 01:07:14.419763 2026] [php:error] [pid 58474] [client 45.67.97.192:0] script '/domains/peterbmiller/images/install.php' not found or unable to stat
[Sat Feb 21 01:07:14.430425 2026] [php:error] [pid 58476] [client 45.67.97.16:0] script '/domains/system_default/l.php' not found or unable to stat
[Sat Feb 21 01:07:14.448064 2026] [php:error] [pid 58469] [client 45.67.97.16:0] script '/domains/pmglobal/fm.php' not found or unable to stat
[Sat Feb 21 01:07:14.511016 2026] [php:error] [pid 58506] [client 45.67.97.192:0] script '/domains/system_cancel/dropdown.php' not found or unable to stat
[Sat Feb 21 01:07:14.524327 2026] [php:error] [pid 58527] [client 45.67.97.192:0] script '/domains/bels/ioxi-o.php' not found or unable to stat
[Sat Feb 21 01:07:14.557442 2026] [php:error] [pid 58502] [client 45.67.97.15:0] script '/domains/hungariantasteweb/l.php' not found or unable to stat
[Sat Feb 21 01:07:14.559032 2026] [php:error] [pid 58547] [client 45.67.97.17:0] script '/domains/familyplayhouse2/go.php' not found or unable to stat
[Sat Feb 21 01:07:14.587272 2026] [php:error] [pid 58529] [client 45.67.97.192:0] script '/domains/pbuilder/images/js1.php' not found or unable to stat
[Sat Feb 21 01:07:14.623177 2026] [php:error] [pid 58552] [client 45.67.97.16:0] script '/domains/frog.interport1/litespeed.php' not found or unable to stat
[Sat Feb 21 01:07:14.653014 2026] [php:error] [pid 58519] [client 45.67.97.16:0] script '/domains/ceonlinenews/about.php' not found or unable to stat
[Sat Feb 21 01:07:14.768923 2026] [php:error] [pid 58550] [client 45.67.97.17:0] script '/domains/fdcarter/small.php' not found or unable to stat
[Sat Feb 21 01:07:14.773324 2026] [php:error] [pid 58551] [client 45.67.97.16:0] script '/domains/sjsachs/wp-links.php' not found or unable to stat
[Sat Feb 21 01:07:14.774780 2026] [php:error] [pid 58522] [client 45.67.97.192:0] script '/domains/antiqueweb1/wp-header.php' not found or unable to stat
[Sat Feb 21 01:07:14.829763 2026] [php:error] [pid 58509] [client 45.67.97.17:0] script '/domains/system_suspended/aks.php' not found or unable to stat
[Sat Feb 21 01:07:14.910816 2026] [php:error] [pid 58476] [client 45.67.97.16:0] script '/domains/system_default/repeater.php' not found or unable to stat
[Sat Feb 21 01:07:14.992904 2026] [php:error] [pid 58527] [client 45.67.97.192:0] script '/domains/bels/info.php' not found or unable to stat
[Sat Feb 21 01:07:15.018296 2026] [php:error] [pid 58490] [client 45.67.97.192:0] script '/domains/magicjim/edit.php' not found or unable to stat
[Sat Feb 21 01:07:15.025887 2026] [php:error] [pid 58502] [client 45.67.97.15:0] script '/domains/hungariantasteweb/repeater.php' not found or unable to stat
[Sat Feb 21 01:07:15.026240 2026] [php:error] [pid 58535] [client 45.67.97.17:0] script '/domains/proinc/gifclass.php' not found or unable to stat
[Sat Feb 21 01:07:15.054880 2026] [php:error] [pid 58541] [client 45.67.97.17:0] script '/domains/biehlweb/b.php' not found or unable to stat
[Sat Feb 21 01:07:15.065207 2026] [php:error] [pid 58539] [client 45.67.97.16:0] script '/domains/micra/images/habhan.php' not found or unable to stat
[Sat Feb 21 01:07:15.065791 2026] [php:error] [pid 58548] [client 45.67.97.192:0] script '/domains/jaspen/worm.PhP' not found or unable to stat
[Sat Feb 21 01:07:15.131215 2026] [php:error] [pid 58519] [client 45.67.97.16:0] script '/domains/ceonlinenews/admin.php' not found or unable to stat
[Sat Feb 21 01:07:15.226987 2026] [php:error] [pid 58505] [client 45.67.97.15:0] script '/domains/nsmd2/images/class-config.php' not found or unable to stat
[Sat Feb 21 01:07:15.298390 2026] [php:error] [pid 58509] [client 45.67.97.17:0] script '/domains/system_suspended/litespeed.php' not found or unable to stat
[Sat Feb 21 01:07:15.355671 2026] [php:error] [pid 58474] [client 45.67.97.192:0] script '/domains/peterbmiller/adminfusm.php' not found or unable to stat
[Sat Feb 21 01:07:15.376016 2026] [php:error] [pid 58533] [client 45.67.97.16:0] script '/domains/memanuel/function.php' not found or unable to stat
[Sat Feb 21 01:07:15.443180 2026] [php:error] [pid 58554] [client 45.67.97.15:0] script '/domains/rnachum/f35_SpaceTn.php' not found or unable to stat
[Sat Feb 21 01:07:15.449595 2026] [php:error] [pid 58506] [client 45.67.97.192:0] script '/domains/system_cancel/db.php' not found or unable to stat
[Sat Feb 21 01:07:15.460119 2026] [php:error] [pid 58527] [client 45.67.97.192:0] script '/domains/bels/setup.php' not found or unable to stat
[Sat Feb 21 01:07:15.461634 2026] [php:error] [pid 58491] [client 45.67.97.192:0] script '/domains/system_default/wp-links.php' not found or unable to stat
[Sat Feb 21 01:07:15.490675 2026] [php:error] [pid 58540] [client 45.67.97.17:0] script '/domains/braniff/default.php' not found or unable to stat
[Sat Feb 21 01:07:15.496173 2026] [php:error] [pid 58535] [client 45.67.97.17:0] script '/domains/proinc/plugin.php' not found or unable to stat
[Sat Feb 21 01:07:15.711121 2026] [php:error] [pid 58550] [client 45.67.97.17:0] script '/domains/fdcarter/NewFile.php' not found or unable to stat
[Sat Feb 21 01:07:15.714025 2026] [php:error] [pid 58546] [client 45.67.97.192:0] script '/domains/trodine/init.php' not found or unable to stat
