[Sat Feb 21 01:03:08.008866 2026] [php:error] [pid 58475] [client 45.67.97.192:0] script '/domains/frog.interport1/bless.php' not found or unable to stat
[Sat Feb 21 01:03:08.067466 2026] [php:error] [pid 58471] [client 45.67.97.17:0] script '/domains/hpveweb/mah.php' not found or unable to stat
[Sat Feb 21 01:03:08.129842 2026] [php:error] [pid 58448] [client 45.67.97.16:0] script '/domains/micra/adminfuns.php' not found or unable to stat
[Sat Feb 21 01:03:08.459970 2026] [php:error] [pid 58463] [client 45.67.97.17:0] script '/domains/testregisgroup/function.php' not found or unable to stat
[Sat Feb 21 01:03:08.488674 2026] [php:error] [pid 58475] [client 45.67.97.192:0] script '/domains/frog.interport1/O-Simple.php' not found or unable to stat
[Sat Feb 21 01:03:08.626040 2026] [php:error] [pid 58472] [client 45.67.97.17:0] script '/domains/rnachum/wp-header.php' not found or unable to stat
[Sat Feb 21 01:03:08.660855 2026] [php:error] [pid 58470] [client 45.67.97.16:0] script '/domains/system_suspended/mah.php' not found or unable to stat
[Sat Feb 21 01:03:08.719822 2026] [php:error] [pid 58461] [client 45.67.97.16:0] script '/domains/ferguson.interport/file2.php' not found or unable to stat
[Sat Feb 21 01:03:08.869755 2026] [php:error] [pid 58462] [client 45.67.97.15:0] script '/domains/biehlweb/config.php' not found or unable to stat
[Sat Feb 21 01:03:08.878850 2026] [php:error] [pid 58477] [client 4.197.75.18:0] script '/domains/system_default/ww1.php' not found or unable to stat
[Sat Feb 21 01:03:08.970520 2026] [php:error] [pid 58475] [client 45.67.97.192:0] script '/domains/frog.interport1/lock360.php' not found or unable to stat
[Sat Feb 21 01:03:09.007242 2026] [php:error] [pid 58471] [client 45.67.97.17:0] script '/domains/hpveweb/core.php' not found or unable to stat
[Sat Feb 21 01:03:09.034510 2026] [php:error] [pid 58438] [client 45.67.97.192:0] script '/domains/resourceandeventweb/wp-blog.php' not found or unable to stat
[Sat Feb 21 01:03:09.072917 2026] [php:error] [pid 58448] [client 45.67.97.16:0] script '/domains/micra/wp_wlx.php' not found or unable to stat
[Sat Feb 21 01:03:09.337276 2026] [php:error] [pid 58462] [client 45.67.97.15:0] script '/domains/biehlweb/special.php' not found or unable to stat
[Sat Feb 21 01:03:09.390943 2026] [php:error] [pid 58463] [client 45.67.97.17:0] script '/domains/testregisgroup/wp-signup.php' not found or unable to stat
[Sat Feb 21 01:03:09.442619 2026] [php:error] [pid 58475] [client 45.67.97.192:0] script '/domains/frog.interport1/zwso.php' not found or unable to stat
[Sat Feb 21 01:03:09.478110 2026] [php:error] [pid 58471] [client 45.67.97.17:0] script '/domains/hpveweb/robots.php' not found or unable to stat
[Sat Feb 21 01:03:09.522428 2026] [php:error] [pid 58473] [client 45.67.97.15:0] script '/domains/system_suspended/init.php' not found or unable to stat
[Sat Feb 21 01:03:09.533975 2026] [php:error] [pid 58456] [client 45.67.97.15:0] script '/domains/druckrey/init.php' not found or unable to stat
[Sat Feb 21 01:03:09.561965 2026] [php:error] [pid 58472] [client 45.67.97.17:0] script '/domains/rnachum/Marvins.php' not found or unable to stat
[Sat Feb 21 01:03:09.597707 2026] [php:error] [pid 58470] [client 45.67.97.16:0] script '/domains/system_suspended/core.php' not found or unable to stat
[Sat Feb 21 01:03:09.660137 2026] [php:error] [pid 58461] [client 45.67.97.16:0] script '/domains/ferguson.interport/alfa.php' not found or unable to stat
[Sat Feb 21 01:03:09.678627 2026] [php:error] [pid 58469] [client 45.67.97.192:0] script '/domains/system_suspended/wp-conflg.php' not found or unable to stat
[Sat Feb 21 01:03:09.916062 2026] [php:error] [pid 58475] [client 45.67.97.192:0] script '/domains/frog.interport1/chosen.php' not found or unable to stat
[Sat Feb 21 01:03:09.946117 2026] [php:error] [pid 58471] [client 45.67.97.17:0] script '/domains/hpveweb/inputs.php' not found or unable to stat
[Sat Feb 21 01:03:10.065515 2026] [php:error] [pid 58470] [client 45.67.97.16:0] script '/domains/system_suspended/robots.php' not found or unable to stat
[Sat Feb 21 01:03:10.094285 2026] [php:error] [pid 58479] [client 4.197.75.18:0] script '/domains/system_default/security.php' not found or unable to stat
[Sat Feb 21 01:03:10.161196 2026] [php:error] [pid 58469] [client 45.67.97.192:0] script '/domains/system_suspended/wp-setup.php' not found or unable to stat
[Sat Feb 21 01:03:10.389430 2026] [php:error] [pid 58475] [client 45.67.97.192:0] script '/domains/frog.interport1/about.php' not found or unable to stat
[Sat Feb 21 01:03:10.418990 2026] [php:error] [pid 58471] [client 45.67.97.17:0] script '/domains/hpveweb/mini.php' not found or unable to stat
[Sat Feb 21 01:03:10.472834 2026] [php:error] [pid 58448] [client 45.67.97.16:0] script '/domains/micra/wp.php' not found or unable to stat
[Sat Feb 21 01:03:10.496042 2026] [php:error] [pid 58472] [client 45.67.97.17:0] script '/domains/rnachum/wp-class.php' not found or unable to stat
[Sat Feb 21 01:03:10.536458 2026] [php:error] [pid 58470] [client 45.67.97.16:0] script '/domains/system_suspended/inputs.php' not found or unable to stat
[Sat Feb 21 01:03:10.631655 2026] [php:error] [pid 58469] [client 45.67.97.192:0] script '/domains/system_suspended/ms-themes.php' not found or unable to stat
[Sat Feb 21 01:03:10.791020 2026] [php:error] [pid 58463] [client 45.67.97.17:0] script '/domains/testregisgroup/wp-blog.php' not found or unable to stat
[Sat Feb 21 01:03:10.859472 2026] [php:error] [pid 58475] [client 45.67.97.192:0] script '/domains/frog.interport1/admin.php' not found or unable to stat
[Sat Feb 21 01:03:10.887672 2026] [php:error] [pid 58471] [client 45.67.97.17:0] script '/domains/hpveweb/goods.php' not found or unable to stat
[Sat Feb 21 01:03:10.908857 2026] [php:error] [pid 58438] [client 45.67.97.192:0] script '/domains/resourceandeventweb/wp-l0gin.php' not found or unable to stat
[Sat Feb 21 01:03:10.971186 2026] [php:error] [pid 58476] [client 45.67.97.17:0] script '/domains/system_default/dropdown.php' not found or unable to stat
[Sat Feb 21 01:03:11.004471 2026] [php:error] [pid 58470] [client 45.67.97.16:0] script '/domains/system_suspended/mini.php' not found or unable to stat
[Sat Feb 21 01:03:11.355986 2026] [php:error] [pid 58471] [client 45.67.97.17:0] script '/domains/hpveweb/file5.php' not found or unable to stat
[Sat Feb 21 01:03:11.398976 2026] [php:error] [pid 58439] [client 45.67.97.16:0] script '/domains/peterbmiller/adminfuns.php' not found or unable to stat
[Sat Feb 21 01:03:11.472297 2026] [php:error] [pid 58470] [client 45.67.97.16:0] script '/domains/system_suspended/goods.php' not found or unable to stat
[Sat Feb 21 01:03:11.572589 2026] [php:error] [pid 58469] [client 45.67.97.192:0] script '/domains/system_suspended/style.php' not found or unable to stat
[Sat Feb 21 01:03:11.807548 2026] [php:error] [pid 58475] [client 45.67.97.192:0] script '/domains/frog.interport1/mah.php' not found or unable to stat
[Sat Feb 21 01:03:11.823878 2026] [php:error] [pid 58471] [client 45.67.97.17:0] script '/domains/hpveweb/ahax.php' not found or unable to stat
[Sat Feb 21 01:03:11.835990 2026] [php:error] [pid 58472] [client 45.67.97.17:0] script '/domains/rnachum/xx.php' not found or unable to stat
[Sat Feb 21 01:03:11.845667 2026] [php:error] [pid 58438] [client 45.67.97.192:0] script '/domains/resourceandeventweb/new.php' not found or unable to stat
[Sat Feb 21 01:03:11.872223 2026] [php:error] [pid 58448] [client 45.67.97.16:0] script '/domains/micra/wp-header.php' not found or unable to stat
[Sat Feb 21 01:03:11.908947 2026] [php:error] [pid 58476] [client 45.67.97.17:0] script '/domains/system_default/db.php' not found or unable to stat
[Sat Feb 21 01:03:11.941814 2026] [php:error] [pid 58470] [client 45.67.97.16:0] script '/domains/system_suspended/file5.php' not found or unable to stat
[Sat Feb 21 01:03:12.251872 2026] [php:error] [pid 58479] [client 4.197.75.18:0] script '/domains/system_default/class.php' not found or unable to stat
[Sat Feb 21 01:03:12.301211 2026] [php:error] [pid 58471] [client 45.67.97.17:0] script '/domains/hpveweb/f35.php' not found or unable to stat
[Sat Feb 21 01:03:12.301261 2026] [php:error] [pid 58472] [client 45.67.97.17:0] script '/domains/rnachum/autoload_classmap.php' not found or unable to stat
[Sat Feb 21 01:03:12.334340 2026] [php:error] [pid 58439] [client 45.67.97.16:0] script '/domains/peterbmiller/wp_wlx.php' not found or unable to stat
[Sat Feb 21 01:03:12.409822 2026] [php:error] [pid 58470] [client 45.67.97.16:0] script '/domains/system_suspended/ahax.php' not found or unable to stat
[Sat Feb 21 01:03:12.446933 2026] [php:error] [pid 58479] [client 4.197.75.18:0] script '/domains/system_default/bless5.php' not found or unable to stat
[Sat Feb 21 01:03:12.641634 2026] [php:error] [pid 58479] [client 4.197.75.18:0] script '/domains/system_default/lock360.php' not found or unable to stat
[Sat Feb 21 01:03:12.674310 2026] [php:error] [pid 58463] [client 45.67.97.17:0] script '/domains/testregisgroup/wp-l0gin.php' not found or unable to stat
[Sat Feb 21 01:03:12.748421 2026] [php:error] [pid 58475] [client 45.67.97.192:0] script '/domains/frog.interport1/core.php' not found or unable to stat
[Sat Feb 21 01:03:12.769399 2026] [php:error] [pid 58471] [client 45.67.97.17:0] script '/domains/hpveweb/simple.php' not found or unable to stat
[Sat Feb 21 01:03:12.801667 2026] [php:error] [pid 58448] [client 45.67.97.16:0] script '/domains/micra/Marvins.php' not found or unable to stat
[Sat Feb 21 01:03:12.836380 2026] [php:error] [pid 58479] [client 4.197.75.18:0] script '/domains/system_default/f35.php' not found or unable to stat
[Sat Feb 21 01:03:12.880055 2026] [php:error] [pid 58470] [client 45.67.97.16:0] script '/domains/system_suspended/f35.php' not found or unable to stat
[Sat Feb 21 01:03:12.994977 2026] [php:error] [pid 58469] [client 45.67.97.192:0] script '/domains/system_suspended/x.php' not found or unable to stat
[Sat Feb 21 01:03:13.031703 2026] [php:error] [pid 58479] [client 4.197.75.18:0] script '/domains/system_default/ioxi-o1.php' not found or unable to stat
[Sat Feb 21 01:03:13.107295 2026] [php:error] [pid 58480] [client 45.67.97.15:0] script '/domains/biehlweb/cgi-bin/class.api.php' not found or unable to stat
[Sat Feb 21 01:03:13.219172 2026] [php:error] [pid 58475] [client 45.67.97.192:0] script '/domains/frog.interport1/robots.php' not found or unable to stat
[Sat Feb 21 01:03:13.226796 2026] [php:error] [pid 58479] [client 4.197.75.18:0] script '/domains/system_default/ha.php' not found or unable to stat
[Sat Feb 21 01:03:13.257332 2026] [php:error] [pid 58473] [client 45.67.97.15:0] script '/domains/system_suspended/adminfuns.php' not found or unable to stat
[Sat Feb 21 01:03:13.259862 2026] [php:error] [pid 58438] [client 45.67.97.192:0] script '/domains/resourceandeventweb/images/DJP9.php' not found or unable to stat
[Sat Feb 21 01:03:13.303637 2026] [php:error] [pid 58456] [client 45.67.97.15:0] script '/domains/druckrey/adminfuns.php' not found or unable to stat
[Sat Feb 21 01:03:13.350997 2026] [php:error] [pid 58470] [client 45.67.97.16:0] script '/domains/system_suspended/simple.php' not found or unable to stat
[Sat Feb 21 01:03:13.372624 2026] [php:error] [pid 58481] [client 45.67.97.16:0] script '/domains/system_suspended/default.php' not found or unable to stat
[Sat Feb 21 01:03:13.420596 2026] [php:error] [pid 58461] [client 45.67.97.16:0] script '/domains/ferguson.interport/edit.php' not found or unable to stat
[Sat Feb 21 01:03:13.424428 2026] [php:error] [pid 58479] [client 4.197.75.18:0] script '/domains/system_default/gg.php' not found or unable to stat
[Sat Feb 21 01:03:13.613152 2026] [php:error] [pid 58463] [client 45.67.97.17:0] script '/domains/testregisgroup/new.php' not found or unable to stat
[Sat Feb 21 01:03:13.628803 2026] [php:error] [pid 58479] [client 4.197.75.18:0] script '/domains/system_default/ar.php' not found or unable to stat
[Sat Feb 21 01:03:13.689210 2026] [php:error] [pid 58475] [client 45.67.97.192:0] script '/domains/frog.interport1/inputs.php' not found or unable to stat
[Sat Feb 21 01:03:13.702630 2026] [php:error] [pid 58472] [client 45.67.97.17:0] script '/domains/rnachum/content.php' not found or unable to stat
[Sat Feb 21 01:03:13.740750 2026] [php:error] [pid 58439] [client 45.67.97.16:0] script '/domains/peterbmiller/wp.php' not found or unable to stat
[Sat Feb 21 01:03:13.825784 2026] [php:error] [pid 58479] [client 4.197.75.18:0] script '/domains/system_default/x.php' not found or unable to stat
[Sat Feb 21 01:03:13.857542 2026] [php:error] [pid 58462] [client 34.96.162.54:0] script '/domains/gk3c/DB.php' not found or unable to stat
[Sat Feb 21 01:03:14.020633 2026] [php:error] [pid 58479] [client 4.197.75.18:0] script '/domains/system_default/xx.php' not found or unable to stat
[Sat Feb 21 01:03:14.046539 2026] [php:error] [pid 58464] [client 45.67.97.16:0] script '/domains/fdcarter/manager.php' not found or unable to stat
[Sat Feb 21 01:03:14.160525 2026] [php:error] [pid 58475] [client 45.67.97.192:0] script '/domains/frog.interport1/mini.php' not found or unable to stat
[Sat Feb 21 01:03:14.202367 2026] [php:error] [pid 58473] [client 45.67.97.15:0] script '/domains/system_suspended/wp_wlx.php' not found or unable to stat
[Sat Feb 21 01:03:14.207947 2026] [php:error] [pid 58448] [client 45.67.97.16:0] script '/domains/micra/wp-class.php' not found or unable to stat
[Sat Feb 21 01:03:14.215663 2026] [php:error] [pid 58479] [client 4.197.75.18:0] script '/domains/system_default/gifclass4.php' not found or unable to stat
[Sat Feb 21 01:03:14.245914 2026] [php:error] [pid 58456] [client 45.67.97.15:0] script '/domains/druckrey/wp_wlx.php' not found or unable to stat
[Sat Feb 21 01:03:14.410338 2026] [php:error] [pid 58479] [client 4.197.75.18:0] script '/domains/system_default/radio.php' not found or unable to stat
[Sat Feb 21 01:03:14.521536 2026] [php:error] [pid 58464] [client 45.67.97.16:0] script '/domains/fdcarter/bless.php' not found or unable to stat
[Sat Feb 21 01:03:14.605151 2026] [php:error] [pid 58479] [client 4.197.75.18:0] script '/domains/system_default/blurbs15.php' not found or unable to stat
[Sat Feb 21 01:03:14.634317 2026] [php:error] [pid 58475] [client 45.67.97.192:0] script '/domains/frog.interport1/goods.php' not found or unable to stat
[Sat Feb 21 01:03:14.673799 2026] [php:error] [pid 58438] [client 45.67.97.192:0] script '/domains/resourceandeventweb/natural.php' not found or unable to stat
[Sat Feb 21 01:03:14.815343 2026] [php:error] [pid 58479] [client 4.197.75.18:0] script '/domains/system_default/gifclass.php' not found or unable to stat
[Sat Feb 21 01:03:14.826056 2026] [php:error] [pid 58461] [client 45.67.97.16:0] script '/domains/ferguson.interport/wp-links-opml.php' not found or unable to stat
[Sat Feb 21 01:03:14.882044 2026] [php:error] [pid 58469] [client 45.67.97.192:0] script '/domains/system_suspended/wp-user.php' not found or unable to stat
[Sat Feb 21 01:03:14.990188 2026] [php:error] [pid 58464] [client 45.67.97.16:0] script '/domains/fdcarter/O-Simple.php' not found or unable to stat
[Sat Feb 21 01:03:14.999796 2026] [php:error] [pid 58480] [client 45.67.97.15:0] script '/domains/biehlweb/webdb.php' not found or unable to stat
[Sat Feb 21 01:03:15.019496 2026] [php:error] [pid 58463] [client 45.67.97.17:0] script '/domains/testregisgroup/images/DJP9.php' not found or unable to stat
[Sat Feb 21 01:03:15.106782 2026] [php:error] [pid 58475] [client 45.67.97.192:0] script '/domains/frog.interport1/file5.php' not found or unable to stat
[Sat Feb 21 01:03:15.138852 2026] [php:error] [pid 58448] [client 45.67.97.16:0] script '/domains/micra/xx.php' not found or unable to stat
[Sat Feb 21 01:03:15.141394 2026] [php:error] [pid 58438] [client 45.67.97.192:0] script '/domains/resourceandeventweb/item.php' not found or unable to stat
[Sat Feb 21 01:03:15.147164 2026] [php:error] [pid 58439] [client 45.67.97.16:0] script '/domains/peterbmiller/wp-header.php' not found or unable to stat
[Sat Feb 21 01:03:15.206632 2026] [php:error] [pid 58479] [client 4.197.75.18:0] script '/domains/system_default/nox.php' not found or unable to stat
[Sat Feb 21 01:03:15.401556 2026] [php:error] [pid 58479] [client 4.197.75.18:0] script '/domains/system_default/file48.php' not found or unable to stat
[Sat Feb 21 01:03:15.462475 2026] [php:error] [pid 58464] [client 45.67.97.16:0] script '/domains/fdcarter/lock360.php' not found or unable to stat
[Sat Feb 21 01:03:15.577888 2026] [php:error] [pid 58475] [client 45.67.97.192:0] script '/domains/frog.interport1/ahax.php' not found or unable to stat
[Sat Feb 21 01:03:15.596411 2026] [php:error] [pid 58479] [client 4.197.75.18:0] script '/domains/system_default/info.php' not found or unable to stat
[Sat Feb 21 01:03:15.599619 2026] [php:error] [pid 58473] [client 45.67.97.15:0] script '/domains/system_suspended/wp.php' not found or unable to stat
[Sat Feb 21 01:03:15.606041 2026] [php:error] [pid 58448] [client 45.67.97.16:0] script '/domains/micra/autoload_classmap.php' not found or unable to stat
[Sat Feb 21 01:03:15.656989 2026] [php:error] [pid 58456] [client 45.67.97.15:0] script '/domains/druckrey/wp.php' not found or unable to stat
[Sat Feb 21 01:03:15.764248 2026] [php:error] [pid 58461] [client 45.67.97.16:0] script '/domains/ferguson.interport/atomlib.php' not found or unable to stat
[Sat Feb 21 01:03:15.791945 2026] [php:error] [pid 58479] [client 4.197.75.18:0] script '/domains/system_default/class9.php' not found or unable to stat
[Sat Feb 21 01:03:15.931422 2026] [php:error] [pid 58464] [client 45.67.97.16:0] script '/domains/fdcarter/zwso.php' not found or unable to stat
[Sat Feb 21 01:03:15.943252 2026] [php:error] [pid 58480] [client 45.67.97.15:0] script '/domains/biehlweb/file2.php' not found or unable to stat
[Sat Feb 21 01:03:15.987013 2026] [php:error] [pid 58479] [client 4.197.75.18:0] script '/domains/system_default/la.php' not found or unable to stat
[Sat Feb 21 01:03:16.052855 2026] [php:error] [pid 58475] [client 45.67.97.192:0] script '/domains/frog.interport1/f35.php' not found or unable to stat
[Sat Feb 21 01:03:16.082943 2026] [php:error] [pid 58439] [client 45.67.97.16:0] script '/domains/peterbmiller/Marvins.php' not found or unable to stat
[Sat Feb 21 01:03:16.149119 2026] [php:error] [pid 58476] [client 45.67.97.17:0] script '/domains/system_default/install.php' not found or unable to stat
[Sat Feb 21 01:03:16.182179 2026] [php:error] [pid 58479] [client 4.197.75.18:0] script '/domains/system_default/bless11.php' not found or unable to stat
[Sat Feb 21 01:03:16.191660 2026] [php:error] [pid 58481] [client 45.67.97.16:0] script '/domains/system_suspended/dropdown.php' not found or unable to stat
[Sat Feb 21 01:03:16.305700 2026] [php:error] [pid 58469] [client 45.67.97.192:0] script '/domains/system_suspended/config.php' not found or unable to stat
[Sat Feb 21 01:03:16.377039 2026] [php:error] [pid 58479] [client 4.197.75.18:0] script '/domains/system_default/403.php' not found or unable to stat
[Sat Feb 21 01:03:16.399371 2026] [php:error] [pid 58464] [client 45.67.97.16:0] script '/domains/fdcarter/chosen.php' not found or unable to stat
[Sat Feb 21 01:03:16.427168 2026] [php:error] [pid 58463] [client 45.67.97.17:0] script '/domains/testregisgroup/natural.php' not found or unable to stat
[Sat Feb 21 01:03:16.523457 2026] [php:error] [pid 58475] [client 45.67.97.192:0] script '/domains/frog.interport1/simple.php' not found or unable to stat
[Sat Feb 21 01:03:16.548426 2026] [php:error] [pid 58471] [client 45.67.97.17:0] script '/domains/hpveweb/images/upload.php' not found or unable to stat
[Sat Feb 21 01:03:16.574978 2026] [php:error] [pid 58479] [client 4.197.75.18:0] script '/domains/system_default/file9.php' not found or unable to stat
[Sat Feb 21 01:03:16.771184 2026] [php:error] [pid 58479] [client 4.197.75.18:0] script '/domains/system_default/ac.php' not found or unable to stat
[Sat Feb 21 01:03:16.776498 2026] [php:error] [pid 58469] [client 45.67.97.192:0] script '/domains/system_suspended/special.php' not found or unable to stat
[Sat Feb 21 01:03:16.868285 2026] [php:error] [pid 58464] [client 45.67.97.16:0] script '/domains/fdcarter/about.php' not found or unable to stat
[Sat Feb 21 01:03:16.966310 2026] [php:error] [pid 58479] [client 4.197.75.18:0] script '/domains/system_default/az.php' not found or unable to stat
[Sat Feb 21 01:03:17.008630 2026] [php:error] [pid 58448] [client 45.67.97.16:0] script '/domains/micra/content.php' not found or unable to stat
[Sat Feb 21 01:03:17.008710 2026] [php:error] [pid 58473] [client 45.67.97.15:0] script '/domains/system_suspended/wp-header.php' not found or unable to stat
[Sat Feb 21 01:03:17.019393 2026] [php:error] [pid 58439] [client 45.67.97.16:0] script '/domains/peterbmiller/wp-class.php' not found or unable to stat
[Sat Feb 21 01:03:17.069443 2026] [php:error] [pid 58456] [client 45.67.97.15:0] script '/domains/druckrey/wp-header.php' not found or unable to stat
[Sat Feb 21 01:03:17.134812 2026] [php:error] [pid 58481] [client 45.67.97.16:0] script '/domains/system_suspended/db.php' not found or unable to stat
[Sat Feb 21 01:03:17.161106 2026] [php:error] [pid 58479] [client 4.197.75.18:0] script '/domains/system_default/galex.php' not found or unable to stat
[Sat Feb 21 01:03:17.233798 2026] [php:error] [pid 58463] [client 45.67.97.17:0] script '/domains/testregisgroup/item.php' not found or unable to stat
[Sat Feb 21 01:03:17.336063 2026] [php:error] [pid 58464] [client 45.67.97.16:0] script '/domains/fdcarter/admin.php' not found or unable to stat
[Sat Feb 21 01:03:17.356021 2026] [php:error] [pid 58479] [client 4.197.75.18:0] script '/domains/system_default/xb.php' not found or unable to stat
[Sat Feb 21 01:03:17.482184 2026] [php:error] [pid 58480] [client 45.67.97.15:0] script '/domains/biehlweb/alfa.php' not found or unable to stat
[Sat Feb 21 01:03:17.550934 2026] [php:error] [pid 58479] [client 4.197.75.18:0] script '/domains/system_default/vx.php' not found or unable to stat
[Sat Feb 21 01:03:17.746338 2026] [php:error] [pid 58479] [client 4.197.75.18:0] script '/domains/system_default/rh.php' not found or unable to stat
[Sat Feb 21 01:03:17.917203 2026] [php:error] [pid 58453] [client 45.67.97.17:0] script '/domains/homesbyaudrey1/manager.php' not found or unable to stat
[Sat Feb 21 01:03:17.938155 2026] [php:error] [pid 58473] [client 45.67.97.15:0] script '/domains/system_suspended/Marvins.php' not found or unable to stat
[Sat Feb 21 01:03:17.941072 2026] [php:error] [pid 58479] [client 4.197.75.18:0] script '/domains/system_default/chosen.php' not found or unable to stat
[Sat Feb 21 01:03:17.953528 2026] [php:error] [pid 58439] [client 45.67.97.16:0] script '/domains/peterbmiller/xx.php' not found or unable to stat
[Sat Feb 21 01:03:18.011998 2026] [php:error] [pid 58456] [client 45.67.97.15:0] script '/domains/druckrey/Marvins.php' not found or unable to stat
[Sat Feb 21 01:03:18.105110 2026] [php:error] [pid 58461] [client 45.67.97.16:0] script '/domains/ferguson.interport/xp.php' not found or unable to stat
[Sat Feb 21 01:03:18.272926 2026] [php:error] [pid 58464] [client 45.67.97.16:0] script '/domains/fdcarter/mah.php' not found or unable to stat
[Sat Feb 21 01:03:18.387891 2026] [php:error] [pid 58453] [client 45.67.97.17:0] script '/domains/homesbyaudrey1/bless.php' not found or unable to stat
[Sat Feb 21 01:03:18.422316 2026] [php:error] [pid 58439] [client 45.67.97.16:0] script '/domains/peterbmiller/autoload_classmap.php' not found or unable to stat
[Sat Feb 21 01:03:18.495342 2026] [php:error] [pid 58476] [client 45.67.97.17:0] script '/domains/system_default/bypass.php' not found or unable to stat
[Sat Feb 21 01:03:18.537919 2026] [php:error] [pid 58478] [client 4.197.75.18:0] script '/domains/system_default/wp-good.php' not found or unable to stat
[Sat Feb 21 01:03:18.744223 2026] [php:error] [pid 58478] [client 4.197.75.18:0] script '/domains/system_default/xse25.php' not found or unable to stat
[Sat Feb 21 01:03:18.857553 2026] [php:error] [pid 58453] [client 45.67.97.17:0] script '/domains/homesbyaudrey1/O-Simple.php' not found or unable to stat
[Sat Feb 21 01:03:18.869479 2026] [php:error] [pid 58473] [client 45.67.97.15:0] script '/domains/system_suspended/wp-class.php' not found or unable to stat
[Sat Feb 21 01:03:18.954400 2026] [php:error] [pid 58456] [client 45.67.97.15:0] script '/domains/druckrey/wp-class.php' not found or unable to stat
[Sat Feb 21 01:03:18.962829 2026] [php:error] [pid 58476] [client 45.67.97.17:0] script '/domains/system_default/class.php' not found or unable to stat
[Sat Feb 21 01:03:19.217186 2026] [php:error] [pid 58464] [client 45.67.97.16:0] script '/domains/fdcarter/core.php' not found or unable to stat
[Sat Feb 21 01:03:19.335024 2026] [php:error] [pid 58453] [client 45.67.97.17:0] script '/domains/homesbyaudrey1/lock360.php' not found or unable to stat
[Sat Feb 21 01:03:19.342571 2026] [php:error] [pid 58478] [client 4.197.75.18:0] script '/domains/system_default/wp-signin.php' not found or unable to stat
[Sat Feb 21 01:03:19.511076 2026] [php:error] [pid 58461] [client 45.67.97.16:0] script '/domains/ferguson.interport/wp-links.php' not found or unable to stat
[Sat Feb 21 01:03:19.540154 2026] [php:error] [pid 58478] [client 4.197.75.18:0] script '/domains/system_default/shoyo.php' not found or unable to stat
[Sat Feb 21 01:03:19.687888 2026] [php:error] [pid 58464] [client 45.67.97.16:0] script '/domains/fdcarter/robots.php' not found or unable to stat
[Sat Feb 21 01:03:19.739523 2026] [php:error] [pid 58478] [client 4.197.75.18:0] script '/domains/system_default/flower.php' not found or unable to stat
[Sat Feb 21 01:03:19.808669 2026] [php:error] [pid 58473] [client 45.67.97.15:0] script '/domains/system_suspended/xx.php' not found or unable to stat
[Sat Feb 21 01:03:19.811425 2026] [php:error] [pid 58453] [client 45.67.97.17:0] script '/domains/homesbyaudrey1/zwso.php' not found or unable to stat
[Sat Feb 21 01:03:19.830050 2026] [php:error] [pid 58439] [client 45.67.97.16:0] script '/domains/peterbmiller/content.php' not found or unable to stat
[Sat Feb 21 01:03:19.896724 2026] [php:error] [pid 58456] [client 45.67.97.15:0] script '/domains/druckrey/xx.php' not found or unable to stat
[Sat Feb 21 01:03:19.938285 2026] [php:error] [pid 58478] [client 4.197.75.18:0] script '/domains/system_default/waq.php' not found or unable to stat
[Sat Feb 21 01:03:20.137509 2026] [php:error] [pid 58478] [client 4.197.75.18:0] script '/domains/system_default/wakak.php' not found or unable to stat
[Sat Feb 21 01:03:20.166275 2026] [php:error] [pid 58464] [client 45.67.97.16:0] script '/domains/fdcarter/inputs.php' not found or unable to stat
[Sat Feb 21 01:03:20.270646 2026] [php:error] [pid 58472] [client 45.67.97.17:0] script '/domains/rnachum/web.php' not found or unable to stat
[Sat Feb 21 01:03:20.273979 2026] [php:error] [pid 58473] [client 45.67.97.15:0] script '/domains/system_suspended/autoload_classmap.php' not found or unable to stat
[Sat Feb 21 01:03:20.282903 2026] [php:error] [pid 58453] [client 45.67.97.17:0] script '/domains/homesbyaudrey1/chosen.php' not found or unable to stat
[Sat Feb 21 01:03:20.304969 2026] [php:error] [pid 58475] [client 45.67.97.192:0] script '/domains/frog.interport1/images/upload.php' not found or unable to stat
[Sat Feb 21 01:03:20.334972 2026] [php:error] [pid 58478] [client 4.197.75.18:0] script '/domains/system_default/adminfuns.php' not found or unable to stat
[Sat Feb 21 01:03:20.368737 2026] [php:error] [pid 58456] [client 45.67.97.15:0] script '/domains/druckrey/autoload_classmap.php' not found or unable to stat
[Sat Feb 21 01:03:20.633878 2026] [php:error] [pid 58464] [client 45.67.97.16:0] script '/domains/fdcarter/mini.php' not found or unable to stat
[Sat Feb 21 01:03:20.753464 2026] [php:error] [pid 58453] [client 45.67.97.17:0] script '/domains/homesbyaudrey1/about.php' not found or unable to stat
[Sat Feb 21 01:03:20.928696 2026] [php:error] [pid 58478] [client 4.197.75.18:0] script '/domains/system_default/wen.php' not found or unable to stat
[Sat Feb 21 01:03:21.109311 2026] [php:error] [pid 58464] [client 45.67.97.16:0] script '/domains/fdcarter/goods.php' not found or unable to stat
[Sat Feb 21 01:03:21.126266 2026] [php:error] [pid 58478] [client 4.197.75.18:0] script '/domains/system_default/cwclass.php' not found or unable to stat
[Sat Feb 21 01:03:21.223911 2026] [php:error] [pid 58453] [client 45.67.97.17:0] script '/domains/homesbyaudrey1/admin.php' not found or unable to stat
[Sat Feb 21 01:03:21.267987 2026] [php:error] [pid 58480] [client 45.67.97.15:0] script '/domains/biehlweb/edit.php' not found or unable to stat
[Sat Feb 21 01:03:21.324497 2026] [php:error] [pid 58478] [client 4.197.75.18:0] script '/domains/system_default/ah24.php' not found or unable to stat
[Sat Feb 21 01:03:21.376626 2026] [php:error] [pid 58438] [client 45.67.97.192:0] script '/domains/resourceandeventweb/default.php' not found or unable to stat
[Sat Feb 21 01:03:21.383061 2026] [php:error] [pid 58481] [client 45.67.97.16:0] script '/domains/system_suspended/install.php' not found or unable to stat
[Sat Feb 21 01:03:21.522197 2026] [php:error] [pid 58478] [client 4.197.75.18:0] script '/domains/system_default/rtx.php' not found or unable to stat
[Sat Feb 21 01:03:21.576958 2026] [php:error] [pid 58464] [client 45.67.97.16:0] script '/domains/fdcarter/file5.php' not found or unable to stat
[Sat Feb 21 01:03:21.682419 2026] [php:error] [pid 58473] [client 45.67.97.15:0] script '/domains/system_suspended/content.php' not found or unable to stat
[Sat Feb 21 01:03:21.719610 2026] [php:error] [pid 58478] [client 4.197.75.18:0] script '/domains/system_default/bipas.php' not found or unable to stat
[Sat Feb 21 01:03:21.725594 2026] [php:error] [pid 58469] [client 45.67.97.16:0] script '/domains/acagolf1/manager.php' not found or unable to stat
[Sat Feb 21 01:03:21.790045 2026] [php:error] [pid 58456] [client 45.67.97.15:0] script '/domains/druckrey/content.php' not found or unable to stat
[Sat Feb 21 01:03:21.917381 2026] [php:error] [pid 58478] [client 4.197.75.18:0] script '/domains/system_default/conte.php' not found or unable to stat
[Sat Feb 21 01:03:22.047600 2026] [php:error] [pid 58464] [client 45.67.97.16:0] script '/domains/fdcarter/ahax.php' not found or unable to stat
[Sat Feb 21 01:03:22.115236 2026] [php:error] [pid 58478] [client 4.197.75.18:0] script '/domains/system_default/class3.php' not found or unable to stat
[Sat Feb 21 01:03:22.175477 2026] [php:error] [pid 58453] [client 45.67.97.17:0] script '/domains/homesbyaudrey1/mah.php' not found or unable to stat
[Sat Feb 21 01:03:22.198775 2026] [php:error] [pid 58469] [client 45.67.97.16:0] script '/domains/acagolf1/bless.php' not found or unable to stat
[Sat Feb 21 01:03:22.209235 2026] [php:error] [pid 58480] [client 45.67.97.15:0] script '/domains/biehlweb/cgi-bin/autoload_classmap.php' not found or unable to stat
[Sat Feb 21 01:03:22.243278 2026] [php:error] [pid 58476] [client 45.67.97.17:0] script '/domains/system_default/init.php' not found or unable to stat
[Sat Feb 21 01:03:22.312665 2026] [php:error] [pid 58478] [client 4.197.75.18:0] script '/domains/system_default/blurbs18.php' not found or unable to stat
[Sat Feb 21 01:03:22.320797 2026] [php:error] [pid 58458] [client 20.78.169.245:0] script '/domains/jaspen/wp-trackback.php' not found or unable to stat
[Sat Feb 21 01:03:22.387978 2026] [php:error] [pid 58474] [client 45.67.97.17:0] script '/domains/system_suspended/webdb.php' not found or unable to stat
[Sat Feb 21 01:03:22.490094 2026] [php:error] [pid 58458] [client 20.78.169.245:0] script '/domains/jaspen/about.php' not found or unable to stat
[Sat Feb 21 01:03:22.510144 2026] [php:error] [pid 58478] [client 4.197.75.18:0] script '/domains/system_default/claa.php' not found or unable to stat
[Sat Feb 21 01:03:22.514753 2026] [php:error] [pid 58464] [client 45.67.97.16:0] script '/domains/fdcarter/f35.php' not found or unable to stat
[Sat Feb 21 01:03:22.623728 2026] [php:error] [pid 58448] [client 45.67.97.16:0] script '/domains/micra/images/class.php' not found or unable to stat
[Sat Feb 21 01:03:22.657932 2026] [php:error] [pid 58458] [client 20.78.169.245:0] script '/domains/jaspen/file.php' not found or unable to stat
[Sat Feb 21 01:03:22.667820 2026] [php:error] [pid 58469] [client 45.67.97.16:0] script '/domains/acagolf1/O-Simple.php' not found or unable to stat
[Sat Feb 21 01:03:22.684657 2026] [php:error] [pid 58480] [client 45.67.97.15:0] script '/domains/biehlweb/wp-links-opml.php' not found or unable to stat
[Sat Feb 21 01:03:22.840431 2026] [php:error] [pid 58458] [client 20.78.169.245:0] script '/domains/jaspen/wp-good.php' not found or unable to stat
[Sat Feb 21 01:03:22.848096 2026] [php:error] [pid 58460] [client 45.67.97.192:0] script '/domains/testregisgroup/default.php' not found or unable to stat
[Sat Feb 21 01:03:22.989063 2026] [php:error] [pid 58464] [client 45.67.97.16:0] script '/domains/fdcarter/simple.php' not found or unable to stat
[Sat Feb 21 01:03:23.008488 2026] [php:error] [pid 58458] [client 20.78.169.245:0] script '/domains/jaspen/xmlrpc.php' not found or unable to stat
[Sat Feb 21 01:03:23.086395 2026] [php:error] [pid 58472] [client 45.67.97.17:0] script '/domains/rnachum/wp-trackback.php' not found or unable to stat
[Sat Feb 21 01:03:23.116717 2026] [php:error] [pid 58453] [client 45.67.97.17:0] script '/domains/homesbyaudrey1/core.php' not found or unable to stat
[Sat Feb 21 01:03:23.119983 2026] [php:error] [pid 58471] [client 45.67.97.17:0] script '/domains/hpveweb/classwithtostring.php' not found or unable to stat
[Sat Feb 21 01:03:23.135977 2026] [php:error] [pid 58469] [client 45.67.97.16:0] script '/domains/acagolf1/lock360.php' not found or unable to stat
[Sat Feb 21 01:03:23.176325 2026] [php:error] [pid 58458] [client 20.78.169.245:0] script '/domains/jaspen/goods.php' not found or unable to stat
[Sat Feb 21 01:03:23.319748 2026] [php:error] [pid 58474] [client 45.67.97.17:0] script '/domains/system_suspended/file2.php' not found or unable to stat
[Sat Feb 21 01:03:23.355492 2026] [php:error] [pid 58458] [client 20.78.169.245:0] script '/domains/jaspen/ioxi-o.php' not found or unable to stat
[Sat Feb 21 01:03:23.523369 2026] [php:error] [pid 58458] [client 20.78.169.245:0] script '/domains/jaspen/class-t.api.php' not found or unable to stat
[Sat Feb 21 01:03:23.556520 2026] [php:error] [pid 58448] [client 45.67.97.16:0] script '/domains/micra/web.php' not found or unable to stat
[Sat Feb 21 01:03:23.587272 2026] [php:error] [pid 58453] [client 45.67.97.17:0] script '/domains/homesbyaudrey1/robots.php' not found or unable to stat
[Sat Feb 21 01:03:23.609029 2026] [php:error] [pid 58469] [client 45.67.97.16:0] script '/domains/acagolf1/zwso.php' not found or unable to stat
[Sat Feb 21 01:03:23.624338 2026] [php:error] [pid 58480] [client 45.67.97.15:0] script '/domains/biehlweb/atomlib.php' not found or unable to stat
[Sat Feb 21 01:03:23.691177 2026] [php:error] [pid 58458] [client 20.78.169.245:0] script '/domains/jaspen/admin.php' not found or unable to stat
[Sat Feb 21 01:03:23.735383 2026] [php:error] [pid 58481] [client 45.67.97.16:0] script '/domains/system_suspended/bypass.php' not found or unable to stat
[Sat Feb 21 01:03:23.872271 2026] [php:error] [pid 58458] [client 20.78.169.245:0] script '/domains/jaspen/sf.php' not found or unable to stat
[Sat Feb 21 01:03:24.017926 2026] [php:error] [pid 58470] [client 45.67.97.16:0] script '/domains/system_suspended/classwithtostring.php' not found or unable to stat
[Sat Feb 21 01:03:24.028013 2026] [php:error] [pid 58472] [client 45.67.97.17:0] script '/domains/rnachum/radio.php' not found or unable to stat
[Sat Feb 21 01:03:24.039951 2026] [php:error] [pid 58458] [client 20.78.169.245:0] script '/domains/jaspen/rip.php' not found or unable to stat
[Sat Feb 21 01:03:24.067155 2026] [php:error] [pid 58453] [client 45.67.97.17:0] script '/domains/homesbyaudrey1/inputs.php' not found or unable to stat
[Sat Feb 21 01:03:24.076412 2026] [php:error] [pid 58469] [client 45.67.97.16:0] script '/domains/acagolf1/chosen.php' not found or unable to stat
[Sat Feb 21 01:03:24.185163 2026] [php:error] [pid 58438] [client 45.67.97.192:0] script '/domains/resourceandeventweb/dropdown.php' not found or unable to stat
[Sat Feb 21 01:03:24.202739 2026] [php:error] [pid 58481] [client 45.67.97.16:0] script '/domains/system_suspended/class.php' not found or unable to stat
[Sat Feb 21 01:03:24.208044 2026] [php:error] [pid 58458] [client 20.78.169.245:0] script '/domains/jaspen/autoload_classmap.php' not found or unable to stat
[Sat Feb 21 01:03:24.259954 2026] [php:error] [pid 58474] [client 45.67.97.17:0] script '/domains/system_suspended/alfa.php' not found or unable to stat
[Sat Feb 21 01:03:24.376031 2026] [php:error] [pid 58458] [client 20.78.169.245:0] script '/domains/jaspen/chosen.php' not found or unable to stat
[Sat Feb 21 01:03:24.494079 2026] [php:error] [pid 58448] [client 45.67.97.16:0] script '/domains/micra/images/index.php' not found or unable to stat
[Sat Feb 21 01:03:24.535612 2026] [php:error] [pid 58471] [client 45.67.97.17:0] script '/domains/hpveweb/tinyfilemanager.php' not found or unable to stat
[Sat Feb 21 01:03:24.538270 2026] [php:error] [pid 58453] [client 45.67.97.17:0] script '/domains/homesbyaudrey1/mini.php' not found or unable to stat
[Sat Feb 21 01:03:24.545237 2026] [php:error] [pid 58469] [client 45.67.97.16:0] script '/domains/acagolf1/about.php' not found or unable to stat
[Sat Feb 21 01:03:24.545241 2026] [php:error] [pid 58458] [client 20.78.169.245:0] script '/domains/jaspen/classwithtostring.php' not found or unable to stat
[Sat Feb 21 01:03:24.660192 2026] [php:error] [pid 58438] [client 45.67.97.192:0] script '/domains/resourceandeventweb/images/admin.php' not found or unable to stat
[Sat Feb 21 01:03:24.673365 2026] [php:error] [pid 58461] [client 45.67.97.16:0] script '/domains/ferguson.interport/moon.php' not found or unable to stat
[Sat Feb 21 01:03:24.713175 2026] [php:error] [pid 58458] [client 20.78.169.245:0] script '/domains/jaspen/defaults.php' not found or unable to stat
[Sat Feb 21 01:03:25.010858 2026] [php:error] [pid 58453] [client 45.67.97.17:0] script '/domains/homesbyaudrey1/goods.php' not found or unable to stat
[Sat Feb 21 01:03:25.013020 2026] [php:error] [pid 58469] [client 45.67.97.16:0] script '/domains/acagolf1/admin.php' not found or unable to stat
[Sat Feb 21 01:03:25.132536 2026] [php:error] [pid 58438] [client 45.67.97.192:0] script '/domains/resourceandeventweb/db.php' not found or unable to stat
[Sat Feb 21 01:03:25.425324 2026] [php:error] [pid 58470] [client 45.67.97.16:0] script '/domains/system_suspended/tinyfilemanager.php' not found or unable to stat
[Sat Feb 21 01:03:25.470013 2026] [php:error] [pid 58439] [client 45.67.97.16:0] script '/domains/peterbmiller/images/class.php' not found or unable to stat
[Sat Feb 21 01:03:25.482068 2026] [php:error] [pid 58453] [client 45.67.97.17:0] script '/domains/homesbyaudrey1/file5.php' not found or unable to stat
[Sat Feb 21 01:03:25.564933 2026] [php:error] [pid 58458] [client 20.78.169.245:0] script '/domains/jaspen/info.php' not found or unable to stat
[Sat Feb 21 01:03:25.655508 2026] [php:error] [pid 58460] [client 45.67.97.192:0] script '/domains/testregisgroup/dropdown.php' not found or unable to stat
[Sat Feb 21 01:03:25.901550 2026] [php:error] [pid 58472] [client 45.67.97.17:0] script '/domains/rnachum/wp-conflg.php' not found or unable to stat
[Sat Feb 21 01:03:25.943456 2026] [php:error] [pid 58471] [client 45.67.97.17:0] script '/domains/hpveweb/file.php' not found or unable to stat
[Sat Feb 21 01:03:25.949860 2026] [php:error] [pid 58469] [client 45.67.97.16:0] script '/domains/acagolf1/mah.php' not found or unable to stat
[Sat Feb 21 01:03:25.953455 2026] [php:error] [pid 58453] [client 45.67.97.17:0] script '/domains/homesbyaudrey1/ahax.php' not found or unable to stat
[Sat Feb 21 01:03:25.980018 2026] [php:error] [pid 58480] [client 45.67.97.15:0] script '/domains/biehlweb/xp.php' not found or unable to stat
[Sat Feb 21 01:03:26.009262 2026] [php:error] [pid 58476] [client 45.67.97.17:0] script '/domains/system_default/adminfuns.php' not found or unable to stat
[Sat Feb 21 01:03:26.082894 2026] [php:error] [pid 58461] [client 45.67.97.16:0] script '/domains/ferguson.interport/webadmin.php' not found or unable to stat
[Sat Feb 21 01:03:26.121384 2026] [php:error] [pid 58460] [client 45.67.97.192:0] script '/domains/testregisgroup/images/admin.php' not found or unable to stat
[Sat Feb 21 01:03:26.366951 2026] [php:error] [pid 58448] [client 45.67.97.16:0] script '/domains/micra/wp-trackback.php' not found or unable to stat
[Sat Feb 21 01:03:26.367288 2026] [php:error] [pid 58472] [client 45.67.97.17:0] script '/domains/rnachum/wp-setup.php' not found or unable to stat
[Sat Feb 21 01:03:26.407051 2026] [php:error] [pid 58439] [client 45.67.97.16:0] script '/domains/peterbmiller/web.php' not found or unable to stat
[Sat Feb 21 01:03:26.428312 2026] [php:error] [pid 58453] [client 45.67.97.17:0] script '/domains/homesbyaudrey1/f35.php' not found or unable to stat
[Sat Feb 21 01:03:26.585856 2026] [php:error] [pid 58460] [client 45.67.97.192:0] script '/domains/testregisgroup/db.php' not found or unable to stat
[Sat Feb 21 01:03:26.739576 2026] [php:error] [pid 58458] [client 20.78.169.245:0] script '/domains/jaspen/adminfuns.php' not found or unable to stat
[Sat Feb 21 01:03:26.742244 2026] [php:error] [pid 58464] [client 45.67.97.16:0] script '/domains/fdcarter/images/upload.php' not found or unable to stat
[Sat Feb 21 01:03:26.834715 2026] [php:error] [pid 58472] [client 45.67.97.17:0] script '/domains/rnachum/ms-themes.php' not found or unable to stat
[Sat Feb 21 01:03:26.840625 2026] [php:error] [pid 58470] [client 45.67.97.16:0] script '/domains/system_suspended/file.php' not found or unable to stat
[Sat Feb 21 01:03:26.888851 2026] [php:error] [pid 58469] [client 45.67.97.16:0] script '/domains/acagolf1/core.php' not found or unable to stat
[Sat Feb 21 01:03:26.900030 2026] [php:error] [pid 58453] [client 45.67.97.17:0] script '/domains/homesbyaudrey1/simple.php' not found or unable to stat
[Sat Feb 21 01:03:26.930149 2026] [php:error] [pid 58475] [client 45.67.97.192:0] script '/domains/frog.interport1/classwithtostring.php' not found or unable to stat
[Sat Feb 21 01:03:26.954615 2026] [php:error] [pid 58476] [client 45.67.97.17:0] script '/domains/system_default/wp_wlx.php' not found or unable to stat
[Sat Feb 21 01:03:27.300798 2026] [php:error] [pid 58448] [client 45.67.97.16:0] script '/domains/micra/radio.php' not found or unable to stat
[Sat Feb 21 01:03:27.343494 2026] [php:error] [pid 58439] [client 45.67.97.16:0] script '/domains/peterbmiller/images/index.php' not found or unable to stat
[Sat Feb 21 01:03:27.351969 2026] [php:error] [pid 58471] [client 45.67.97.17:0] script '/domains/hpveweb/buy.php' not found or unable to stat
[Sat Feb 21 01:03:27.356543 2026] [php:error] [pid 58469] [client 45.67.97.16:0] script '/domains/acagolf1/robots.php' not found or unable to stat
[Sat Feb 21 01:03:27.392743 2026] [php:error] [pid 58480] [client 45.67.97.15:0] script '/domains/biehlweb/wp-links.php' not found or unable to stat
[Sat Feb 21 01:03:27.488345 2026] [php:error] [pid 58481] [client 45.67.97.16:0] script '/domains/system_suspended/init.php' not found or unable to stat
[Sat Feb 21 01:03:27.489564 2026] [php:error] [pid 58461] [client 45.67.97.16:0] script '/domains/ferguson.interport/xl2023.php' not found or unable to stat
[Sat Feb 21 01:03:27.775020 2026] [php:error] [pid 58472] [client 45.67.97.17:0] script '/domains/rnachum/style.php' not found or unable to stat
[Sat Feb 21 01:03:27.824347 2026] [php:error] [pid 58469] [client 45.67.97.16:0] script '/domains/acagolf1/inputs.php' not found or unable to stat
[Sat Feb 21 01:03:27.960570 2026] [php:error] [pid 58461] [client 45.67.97.16:0] script '/domains/ferguson.interport/go.php' not found or unable to stat
[Sat Feb 21 01:03:28.248910 2026] [php:error] [pid 58470] [client 45.67.97.16:0] script '/domains/system_suspended/buy.php' not found or unable to stat
[Sat Feb 21 01:03:28.291741 2026] [php:error] [pid 58469] [client 45.67.97.16:0] script '/domains/acagolf1/mini.php' not found or unable to stat
[Sat Feb 21 01:03:28.342499 2026] [php:error] [pid 58475] [client 45.67.97.192:0] script '/domains/frog.interport1/tinyfilemanager.php' not found or unable to stat
[Sat Feb 21 01:03:28.342964 2026] [php:error] [pid 58474] [client 45.67.97.17:0] script '/domains/system_suspended/edit.php' not found or unable to stat
[Sat Feb 21 01:03:28.359339 2026] [php:error] [pid 58476] [client 45.67.97.17:0] script '/domains/system_default/wp.php' not found or unable to stat
[Sat Feb 21 01:03:28.400024 2026] [php:error] [pid 58456] [client 45.67.97.15:0] script '/domains/druckrey/web.php' not found or unable to stat
[Sat Feb 21 01:03:28.532277 2026] [php:error] [pid 58473] [client 45.67.97.15:0] script '/domains/system_suspended/web.php' not found or unable to stat
[Sat Feb 21 01:03:28.769679 2026] [php:error] [pid 58469] [client 45.67.97.16:0] script '/domains/acagolf1/goods.php' not found or unable to stat
[Sat Feb 21 01:03:29.171291 2026] [php:error] [pid 58448] [client 45.67.97.16:0] script '/domains/micra/wp-conflg.php' not found or unable to stat
[Sat Feb 21 01:03:29.171348 2026] [php:error] [pid 58472] [client 45.67.97.17:0] script '/domains/rnachum/x.php' not found or unable to stat
[Sat Feb 21 01:03:29.225170 2026] [php:error] [pid 58439] [client 45.67.97.16:0] script '/domains/peterbmiller/wp-trackback.php' not found or unable to stat
[Sat Feb 21 01:03:29.238404 2026] [php:error] [pid 58469] [client 45.67.97.16:0] script '/domains/acagolf1/file5.php' not found or unable to stat
[Sat Feb 21 01:03:29.361152 2026] [php:error] [pid 58438] [client 45.67.97.192:0] script '/domains/resourceandeventweb/install.php' not found or unable to stat
[Sat Feb 21 01:03:29.646405 2026] [php:error] [pid 58448] [client 45.67.97.16:0] script '/domains/micra/wp-setup.php' not found or unable to stat
[Sat Feb 21 01:03:29.706923 2026] [php:error] [pid 58469] [client 45.67.97.16:0] script '/domains/acagolf1/ahax.php' not found or unable to stat
[Sat Feb 21 01:03:29.739621 2026] [php:error] [pid 58474] [client 45.67.97.17:0] script '/domains/system_suspended/wp-links-opml.php' not found or unable to stat
[Sat Feb 21 01:03:29.766844 2026] [php:error] [pid 58476] [client 45.67.97.17:0] script '/domains/system_default/wp-header.php' not found or unable to stat
[Sat Feb 21 01:03:29.769635 2026] [php:error] [pid 58475] [client 45.67.97.192:0] script '/domains/frog.interport1/file.php' not found or unable to stat
[Sat Feb 21 01:03:30.115783 2026] [php:error] [pid 58448] [client 45.67.97.16:0] script '/domains/micra/ms-themes.php' not found or unable to stat
[Sat Feb 21 01:03:30.161708 2026] [php:error] [pid 58439] [client 45.67.97.16:0] script '/domains/peterbmiller/radio.php' not found or unable to stat
[Sat Feb 21 01:03:30.186422 2026] [php:error] [pid 58469] [client 45.67.97.16:0] script '/domains/acagolf1/f35.php' not found or unable to stat
[Sat Feb 21 01:03:30.299493 2026] [php:error] [pid 58438] [client 45.67.97.192:0] script '/domains/resourceandeventweb/images/class-config.php' not found or unable to stat
[Sat Feb 21 01:03:30.655808 2026] [php:error] [pid 58469] [client 45.67.97.16:0] script '/domains/acagolf1/simple.php' not found or unable to stat
[Sat Feb 21 01:03:30.673031 2026] [php:error] [pid 58474] [client 45.67.97.17:0] script '/domains/system_suspended/atomlib.php' not found or unable to stat
[Sat Feb 21 01:03:30.704721 2026] [php:error] [pid 58476] [client 45.67.97.17:0] script '/domains/system_default/Marvins.php' not found or unable to stat
[Sat Feb 21 01:03:30.788634 2026] [php:error] [pid 58460] [client 45.67.97.192:0] script '/domains/testregisgroup/install.php' not found or unable to stat
[Sat Feb 21 01:03:31.085496 2026] [php:error] [pid 58448] [client 45.67.97.16:0] script '/domains/micra/style.php' not found or unable to stat
[Sat Feb 21 01:03:31.085548 2026] [php:error] [pid 58472] [client 45.67.97.17:0] script '/domains/rnachum/wp-user.php' not found or unable to stat
[Sat Feb 21 01:03:31.193338 2026] [php:error] [pid 58475] [client 45.67.97.192:0] script '/domains/frog.interport1/buy.php' not found or unable to stat
[Sat Feb 21 01:03:31.248132 2026] [php:error] [pid 58456] [client 45.67.97.15:0] script '/domains/druckrey/wp-trackback.php' not found or unable to stat
[Sat Feb 21 01:03:31.249318 2026] [php:error] [pid 58481] [client 45.67.97.16:0] script '/domains/system_suspended/adminfuns.php' not found or unable to stat
[Sat Feb 21 01:03:31.355328 2026] [php:error] [pid 58473] [client 45.67.97.15:0] script '/domains/system_suspended/wp-trackback.php' not found or unable to stat
[Sat Feb 21 01:03:31.641161 2026] [php:error] [pid 58476] [client 45.67.97.17:0] script '/domains/system_default/wp-class.php' not found or unable to stat
[Sat Feb 21 01:03:31.717087 2026] [php:error] [pid 58438] [client 45.67.97.192:0] script '/domains/resourceandeventweb/bypass.php' not found or unable to stat
[Sat Feb 21 01:03:31.733460 2026] [php:error] [pid 58460] [client 45.67.97.192:0] script '/domains/testregisgroup/images/class-config.php' not found or unable to stat
[Sat Feb 21 01:03:32.040267 2026] [php:error] [pid 58439] [client 45.67.97.16:0] script '/domains/peterbmiller/wp-conflg.php' not found or unable to stat
[Sat Feb 21 01:03:32.192945 2026] [php:error] [pid 58438] [client 45.67.97.192:0] script '/domains/resourceandeventweb/class.php' not found or unable to stat
