[Sat Feb 21 01:05:17.477476 2026] [php:error] [pid 58487] [client 4.193.228.15:0] script '/domains/system_suspended/content.php' not found or unable to stat
[Sat Feb 21 01:05:17.492040 2026] [php:error] [pid 58458] [client 45.67.97.15:0] script '/domains/familyplayhouse2/robots.php' not found or unable to stat
[Sat Feb 21 01:05:17.526261 2026] [php:error] [pid 58501] [client 45.67.97.16:0] script '/domains/system_default/special.php' not found or unable to stat
[Sat Feb 21 01:05:17.563123 2026] [php:error] [pid 58483] [client 45.67.97.15:0] script '/domains/frog.interport1/hehehehe.php' not found or unable to stat
[Sat Feb 21 01:05:17.608350 2026] [php:error] [pid 58491] [client 45.67.97.16:0] script '/domains/druckrey/delpaths.php' not found or unable to stat
[Sat Feb 21 01:05:17.645128 2026] [php:error] [pid 58500] [client 45.67.97.16:0] script '/domains/hungariantasteweb/special.php' not found or unable to stat
[Sat Feb 21 01:05:17.655775 2026] [php:error] [pid 58490] [client 45.67.97.15:0] script '/domains/homesbyaudrey1/moon.php' not found or unable to stat
[Sat Feb 21 01:05:17.675906 2026] [php:error] [pid 58488] [client 45.67.97.16:0] script '/domains/system_suspended/dropdown.php' not found or unable to stat
[Sat Feb 21 01:05:17.698394 2026] [php:error] [pid 58502] [client 45.67.97.16:0] script '/domains/csiniaws/admin.php' not found or unable to stat
[Sat Feb 21 01:05:17.708464 2026] [php:error] [pid 58507] [client 45.67.97.17:0] script '/domains/micra/wp-mail.php' not found or unable to stat
[Sat Feb 21 01:05:17.854841 2026] [php:error] [pid 58482] [client 45.67.97.15:0] script '/domains/peterbmiller/gifclass.php' not found or unable to stat
[Sat Feb 21 01:05:17.879349 2026] [php:error] [pid 58474] [client 45.67.97.16:0] script '/domains/jaspen/xx.php' not found or unable to stat
[Sat Feb 21 01:05:17.957960 2026] [php:error] [pid 58458] [client 45.67.97.15:0] script '/domains/familyplayhouse2/inputs.php' not found or unable to stat
[Sat Feb 21 01:05:17.999101 2026] [php:error] [pid 58487] [client 4.193.228.15:0] script '/domains/system_suspended/elp.php' not found or unable to stat
[Sat Feb 21 01:05:18.035544 2026] [php:error] [pid 58469] [client 45.67.97.16:0] script '/domains/proinc/content.php' not found or unable to stat
[Sat Feb 21 01:05:18.190244 2026] [php:error] [pid 58473] [client 45.67.97.17:0] script '/domains/byardrealestate/dropdown.php' not found or unable to stat
[Sat Feb 21 01:05:18.196576 2026] [php:error] [pid 58448] [client 45.67.97.17:0] script '/domains/system_suspended/lv.php' not found or unable to stat
[Sat Feb 21 01:05:18.213787 2026] [php:error] [pid 58505] [client 45.67.97.192:0] script '/domains/bels/wp-signup.php' not found or unable to stat
[Sat Feb 21 01:05:18.225169 2026] [php:error] [pid 58487] [client 4.193.228.15:0] script '/domains/system_suspended/FII.php' not found or unable to stat
[Sat Feb 21 01:05:18.324376 2026] [php:error] [pid 58479] [client 45.67.97.192:0] script '/domains/pbuilder/webdb.php' not found or unable to stat
[Sat Feb 21 01:05:18.328674 2026] [php:error] [pid 58482] [client 45.67.97.15:0] script '/domains/peterbmiller/plugin.php' not found or unable to stat
[Sat Feb 21 01:05:18.335765 2026] [php:error] [pid 58439] [client 45.67.97.15:0] script '/domains/windsorweb/wp-trackback.php' not found or unable to stat
[Sat Feb 21 01:05:18.344200 2026] [php:error] [pid 58474] [client 45.67.97.16:0] script '/domains/jaspen/autoload_classmap.php' not found or unable to stat
[Sat Feb 21 01:05:18.423259 2026] [php:error] [pid 58458] [client 45.67.97.15:0] script '/domains/familyplayhouse2/mini.php' not found or unable to stat
[Sat Feb 21 01:05:18.541377 2026] [php:error] [pid 58485] [client 45.67.97.192:0] script '/domains/resourceandeventweb/fm.php' not found or unable to stat
[Sat Feb 21 01:05:18.610566 2026] [php:error] [pid 58493] [client 45.67.97.17:0] script '/domains/biehlweb/tox.php' not found or unable to stat
[Sat Feb 21 01:05:18.611226 2026] [php:error] [pid 58488] [client 45.67.97.16:0] script '/domains/system_suspended/db.php' not found or unable to stat
[Sat Feb 21 01:05:18.642013 2026] [php:error] [pid 58502] [client 45.67.97.16:0] script '/domains/csiniaws/mah.php' not found or unable to stat
[Sat Feb 21 01:05:18.659017 2026] [php:error] [pid 58473] [client 45.67.97.17:0] script '/domains/byardrealestate/images/admin.php' not found or unable to stat
[Sat Feb 21 01:05:18.663631 2026] [php:error] [pid 58508] [client 45.67.97.16:0] script '/domains/acagolf1/moon.php' not found or unable to stat
[Sat Feb 21 01:05:18.731728 2026] [php:error] [pid 58504] [client 45.67.97.15:0] script '/domains/bruceweb/buy.php' not found or unable to stat
[Sat Feb 21 01:05:18.754821 2026] [php:error] [pid 58480] [client 45.67.97.17:0] script '/domains/system_suspended/gifclass.php' not found or unable to stat
[Sat Feb 21 01:05:18.896369 2026] [php:error] [pid 58458] [client 45.67.97.15:0] script '/domains/familyplayhouse2/goods.php' not found or unable to stat
[Sat Feb 21 01:05:18.908115 2026] [php:error] [pid 58464] [client 45.67.97.192:0] script '/domains/pmglobal/default.php' not found or unable to stat
[Sat Feb 21 01:05:18.928685 2026] [php:error] [pid 58487] [client 4.193.228.15:0] script '/domains/system_suspended/bolt.php' not found or unable to stat
[Sat Feb 21 01:05:19.069322 2026] [php:error] [pid 58490] [client 45.67.97.15:0] script '/domains/homesbyaudrey1/webadmin.php' not found or unable to stat
[Sat Feb 21 01:05:19.076380 2026] [php:error] [pid 58476] [client 45.67.97.17:0] script '/domains/testregisgroup/fm.php' not found or unable to stat
[Sat Feb 21 01:05:19.080741 2026] [php:error] [pid 58475] [client 45.67.97.15:0] script '/domains/system_suspended/web.php' not found or unable to stat
[Sat Feb 21 01:05:19.130380 2026] [php:error] [pid 58473] [client 45.67.97.17:0] script '/domains/byardrealestate/db.php' not found or unable to stat
[Sat Feb 21 01:05:19.158381 2026] [php:error] [pid 58487] [client 4.193.228.15:0] script '/domains/system_suspended/api.php' not found or unable to stat
[Sat Feb 21 01:05:19.218530 2026] [php:error] [pid 58480] [client 45.67.97.17:0] script '/domains/system_suspended/plugin.php' not found or unable to stat
[Sat Feb 21 01:05:19.262061 2026] [php:error] [pid 58479] [client 45.67.97.192:0] script '/domains/pbuilder/file2.php' not found or unable to stat
[Sat Feb 21 01:05:19.270850 2026] [php:error] [pid 58482] [client 45.67.97.15:0] script '/domains/peterbmiller/update-core.php' not found or unable to stat
[Sat Feb 21 01:05:19.274562 2026] [php:error] [pid 58439] [client 45.67.97.15:0] script '/domains/windsorweb/radio.php' not found or unable to stat
[Sat Feb 21 01:05:19.363494 2026] [php:error] [pid 58458] [client 45.67.97.15:0] script '/domains/familyplayhouse2/file5.php' not found or unable to stat
[Sat Feb 21 01:05:19.579640 2026] [php:error] [pid 58516] [client 45.67.97.17:0] script '/domains/rnachum/assets/bypass.php' not found or unable to stat
[Sat Feb 21 01:05:19.589521 2026] [php:error] [pid 58502] [client 45.67.97.16:0] script '/domains/csiniaws/core.php' not found or unable to stat
[Sat Feb 21 01:05:19.599142 2026] [php:error] [pid 58472] [client 45.67.97.15:0] script '/domains/system_suspended/customize.php' not found or unable to stat
[Sat Feb 21 01:05:19.609647 2026] [php:error] [pid 58487] [client 4.193.228.15:0] script '/domains/system_suspended/mini.php' not found or unable to stat
[Sat Feb 21 01:05:19.627340 2026] [php:error] [pid 58505] [client 45.67.97.192:0] script '/domains/bels/wp-blog.php' not found or unable to stat
[Sat Feb 21 01:05:19.738279 2026] [php:error] [pid 58474] [client 45.67.97.16:0] script '/domains/jaspen/content.php' not found or unable to stat
[Sat Feb 21 01:05:19.829283 2026] [php:error] [pid 58458] [client 45.67.97.15:0] script '/domains/familyplayhouse2/ahax.php' not found or unable to stat
[Sat Feb 21 01:05:19.918559 2026] [php:error] [pid 58501] [client 45.67.97.17:0] script '/domains/gohover/manager.php' not found or unable to stat
[Sat Feb 21 01:05:19.994430 2026] [php:error] [pid 58470] [client 45.67.97.17:0] script '/domains/system_default/wp-good.php' not found or unable to stat
[Sat Feb 21 01:05:20.047298 2026] [php:error] [pid 58516] [client 45.67.97.17:0] script '/domains/rnachum/aa.php' not found or unable to stat
[Sat Feb 21 01:05:20.059875 2026] [php:error] [pid 58502] [client 45.67.97.16:0] script '/domains/csiniaws/robots.php' not found or unable to stat
[Sat Feb 21 01:05:20.067675 2026] [php:error] [pid 58472] [client 45.67.97.15:0] script '/domains/system_suspended/license.php' not found or unable to stat
[Sat Feb 21 01:05:20.069054 2026] [php:error] [pid 58508] [client 45.67.97.16:0] script '/domains/acagolf1/webadmin.php' not found or unable to stat
[Sat Feb 21 01:05:20.132518 2026] [php:error] [pid 58487] [client 4.193.228.15:0] script '/domains/system_suspended/dropdown.php' not found or unable to stat
[Sat Feb 21 01:05:20.155577 2026] [php:error] [pid 58480] [client 45.67.97.17:0] script '/domains/system_suspended/update-core.php' not found or unable to stat
[Sat Feb 21 01:05:20.159660 2026] [php:error] [pid 58512] [client 45.67.97.192:0] script '/domains/fbardin/edit.php' not found or unable to stat
[Sat Feb 21 01:05:20.199481 2026] [php:error] [pid 58479] [client 45.67.97.192:0] script '/domains/pbuilder/alfa.php' not found or unable to stat
[Sat Feb 21 01:05:20.206070 2026] [php:error] [pid 58482] [client 45.67.97.15:0] script '/domains/peterbmiller/wp-mail.php' not found or unable to stat
[Sat Feb 21 01:05:20.218732 2026] [php:error] [pid 58448] [client 34.96.162.50:0] script '/domains/gk3c/mydb.php' not found or unable to stat
[Sat Feb 21 01:05:20.300887 2026] [php:error] [pid 58458] [client 45.67.97.15:0] script '/domains/familyplayhouse2/f35.php' not found or unable to stat
[Sat Feb 21 01:05:20.383139 2026] [php:error] [pid 58501] [client 45.67.97.17:0] script '/domains/gohover/bless.php' not found or unable to stat
[Sat Feb 21 01:05:20.424618 2026] [php:error] [pid 58485] [client 45.67.97.192:0] script '/domains/resourceandeventweb/ini.php' not found or unable to stat
[Sat Feb 21 01:05:20.464334 2026] [php:error] [pid 58491] [client 45.67.97.16:0] script '/domains/druckrey/gifclass.php' not found or unable to stat
[Sat Feb 21 01:05:20.478706 2026] [php:error] [pid 58493] [client 45.67.97.17:0] script '/domains/biehlweb/tiny.php' not found or unable to stat
[Sat Feb 21 01:05:20.485356 2026] [php:error] [pid 58490] [client 45.67.97.15:0] script '/domains/homesbyaudrey1/xl2023.php' not found or unable to stat
[Sat Feb 21 01:05:20.516332 2026] [php:error] [pid 58516] [client 45.67.97.17:0] script '/domains/rnachum/index2.php' not found or unable to stat
[Sat Feb 21 01:05:20.529837 2026] [php:error] [pid 58502] [client 45.67.97.16:0] script '/domains/csiniaws/inputs.php' not found or unable to stat
[Sat Feb 21 01:05:20.557915 2026] [php:error] [pid 58513] [client 45.67.97.15:0] script '/domains/ferguson.interport/theme.php' not found or unable to stat
[Sat Feb 21 01:05:20.592611 2026] [php:error] [pid 58487] [client 4.193.228.15:0] script '/domains/system_suspended/wp-file.php' not found or unable to stat
[Sat Feb 21 01:05:20.713010 2026] [php:error] [pid 58453] [client 45.67.97.192:0] script '/domains/astweb/images/upload.php' not found or unable to stat
[Sat Feb 21 01:05:20.771061 2026] [php:error] [pid 58458] [client 45.67.97.15:0] script '/domains/familyplayhouse2/simple.php' not found or unable to stat
[Sat Feb 21 01:05:20.848827 2026] [php:error] [pid 58501] [client 45.67.97.17:0] script '/domains/gohover/O-Simple.php' not found or unable to stat
[Sat Feb 21 01:05:20.935133 2026] [php:error] [pid 58491] [client 45.67.97.16:0] script '/domains/druckrey/plugin.php' not found or unable to stat
[Sat Feb 21 01:05:20.942950 2026] [php:error] [pid 58476] [client 45.67.97.17:0] script '/domains/testregisgroup/ini.php' not found or unable to stat
[Sat Feb 21 01:05:20.956041 2026] [php:error] [pid 58490] [client 45.67.97.15:0] script '/domains/homesbyaudrey1/go.php' not found or unable to stat
[Sat Feb 21 01:05:21.003354 2026] [php:error] [pid 58502] [client 45.67.97.16:0] script '/domains/csiniaws/mini.php' not found or unable to stat
[Sat Feb 21 01:05:21.004824 2026] [php:error] [pid 58472] [client 45.67.97.15:0] script '/domains/system_suspended/lock.php' not found or unable to stat
[Sat Feb 21 01:05:21.086275 2026] [php:error] [pid 58480] [client 45.67.97.17:0] script '/domains/system_suspended/wp-mail.php' not found or unable to stat
[Sat Feb 21 01:05:21.147229 2026] [php:error] [pid 58439] [client 45.67.97.15:0] script '/domains/windsorweb/wp-conflg.php' not found or unable to stat
[Sat Feb 21 01:05:21.314712 2026] [php:error] [pid 58501] [client 45.67.97.17:0] script '/domains/gohover/lock360.php' not found or unable to stat
[Sat Feb 21 01:05:21.410422 2026] [php:error] [pid 58493] [client 45.67.97.17:0] script '/domains/biehlweb/themes.php' not found or unable to stat
[Sat Feb 21 01:05:21.475784 2026] [php:error] [pid 58502] [client 45.67.97.16:0] script '/domains/csiniaws/goods.php' not found or unable to stat
[Sat Feb 21 01:05:21.478101 2026] [php:error] [pid 58508] [client 45.67.97.16:0] script '/domains/acagolf1/xl2023.php' not found or unable to stat
[Sat Feb 21 01:05:21.518182 2026] [php:error] [pid 58505] [client 45.67.97.192:0] script '/domains/bels/wp-l0gin.php' not found or unable to stat
[Sat Feb 21 01:05:21.555515 2026] [php:error] [pid 58512] [client 45.67.97.192:0] script '/domains/fbardin/wp-links-opml.php' not found or unable to stat
[Sat Feb 21 01:05:21.624043 2026] [php:error] [pid 58439] [client 45.67.97.15:0] script '/domains/windsorweb/wp-setup.php' not found or unable to stat
[Sat Feb 21 01:05:21.741172 2026] [php:error] [pid 58464] [client 45.67.97.192:0] script '/domains/pmglobal/dropdown.php' not found or unable to stat
[Sat Feb 21 01:05:21.782179 2026] [php:error] [pid 58501] [client 45.67.97.17:0] script '/domains/gohover/zwso.php' not found or unable to stat
[Sat Feb 21 01:05:21.877263 2026] [php:error] [pid 58493] [client 45.67.97.17:0] script '/domains/biehlweb/wp-themes.php' not found or unable to stat
[Sat Feb 21 01:05:21.877263 2026] [php:error] [pid 58491] [client 45.67.97.16:0] script '/domains/druckrey/update-core.php' not found or unable to stat
[Sat Feb 21 01:05:21.895207 2026] [php:error] [pid 58487] [client 4.193.228.15:0] script '/domains/system_suspended/alfa-rex.php' not found or unable to stat
[Sat Feb 21 01:05:21.907893 2026] [php:error] [pid 58515] [client 45.67.97.192:0] script '/domains/tmandel/default.php' not found or unable to stat
[Sat Feb 21 01:05:21.922277 2026] [php:error] [pid 58475] [client 45.67.97.15:0] script '/domains/system_suspended/wp-trackback.php' not found or unable to stat
[Sat Feb 21 01:05:21.945967 2026] [php:error] [pid 58502] [client 45.67.97.16:0] script '/domains/csiniaws/file5.php' not found or unable to stat
[Sat Feb 21 01:05:21.946782 2026] [php:error] [pid 58508] [client 45.67.97.16:0] script '/domains/acagolf1/go.php' not found or unable to stat
[Sat Feb 21 01:05:22.091874 2026] [php:error] [pid 58439] [client 45.67.97.15:0] script '/domains/windsorweb/ms-themes.php' not found or unable to stat
[Sat Feb 21 01:05:22.208443 2026] [php:error] [pid 58464] [client 45.67.97.192:0] script '/domains/pmglobal/images/admin.php' not found or unable to stat
[Sat Feb 21 01:05:22.250336 2026] [php:error] [pid 58501] [client 45.67.97.17:0] script '/domains/gohover/chosen.php' not found or unable to stat
[Sat Feb 21 01:05:22.344652 2026] [php:error] [pid 58513] [client 45.67.97.15:0] script '/domains/ferguson.interport/Simple.php' not found or unable to stat
[Sat Feb 21 01:05:22.419488 2026] [php:error] [pid 58502] [client 45.67.97.16:0] script '/domains/csiniaws/ahax.php' not found or unable to stat
[Sat Feb 21 01:05:22.463672 2026] [php:error] [pid 58505] [client 45.67.97.192:0] script '/domains/bels/new.php' not found or unable to stat
[Sat Feb 21 01:05:22.489294 2026] [php:error] [pid 58512] [client 45.67.97.192:0] script '/domains/fbardin/atomlib.php' not found or unable to stat
[Sat Feb 21 01:05:22.658822 2026] [php:error] [pid 58461] [client 45.67.97.15:0] script '/domains/sjsachs/manager.php' not found or unable to stat
[Sat Feb 21 01:05:22.688472 2026] [php:error] [pid 58464] [client 45.67.97.192:0] script '/domains/pmglobal/db.php' not found or unable to stat
[Sat Feb 21 01:05:22.714304 2026] [php:error] [pid 58501] [client 45.67.97.17:0] script '/domains/gohover/about.php' not found or unable to stat
[Sat Feb 21 01:05:22.822420 2026] [php:error] [pid 58491] [client 45.67.97.16:0] script '/domains/druckrey/wp-mail.php' not found or unable to stat
[Sat Feb 21 01:05:22.831856 2026] [php:error] [pid 58488] [client 45.67.97.16:0] script '/domains/system_suspended/install.php' not found or unable to stat
[Sat Feb 21 01:05:22.868223 2026] [php:error] [pid 58516] [client 45.67.97.17:0] script '/domains/rnachum/shell.php' not found or unable to stat
[Sat Feb 21 01:05:22.882621 2026] [php:error] [pid 58507] [client 45.67.97.17:0] script '/domains/micra/aa.php' not found or unable to stat
[Sat Feb 21 01:05:22.883871 2026] [php:error] [pid 58475] [client 45.67.97.15:0] script '/domains/system_suspended/radio.php' not found or unable to stat
[Sat Feb 21 01:05:22.893717 2026] [php:error] [pid 58502] [client 45.67.97.16:0] script '/domains/csiniaws/f35.php' not found or unable to stat
[Sat Feb 21 01:05:23.034034 2026] [php:error] [pid 58439] [client 45.67.97.15:0] script '/domains/windsorweb/style.php' not found or unable to stat
[Sat Feb 21 01:05:23.124283 2026] [php:error] [pid 58461] [client 45.67.97.15:0] script '/domains/sjsachs/bless.php' not found or unable to stat
[Sat Feb 21 01:05:23.170892 2026] [php:error] [pid 58509] [client 45.67.97.16:0] script '/domains/system_default/webdb.php' not found or unable to stat
[Sat Feb 21 01:05:23.178900 2026] [php:error] [pid 58501] [client 45.67.97.17:0] script '/domains/gohover/admin.php' not found or unable to stat
[Sat Feb 21 01:05:23.299004 2026] [php:error] [pid 58493] [client 45.67.97.17:0] script '/domains/biehlweb/mariju.php' not found or unable to stat
[Sat Feb 21 01:05:23.299192 2026] [php:error] [pid 58500] [client 45.67.97.16:0] script '/domains/hungariantasteweb/webdb.php' not found or unable to stat
[Sat Feb 21 01:05:23.349831 2026] [php:error] [pid 58507] [client 45.67.97.17:0] script '/domains/micra/index2.php' not found or unable to stat
[Sat Feb 21 01:05:23.356859 2026] [php:error] [pid 58473] [client 45.67.97.17:0] script '/domains/byardrealestate/install.php' not found or unable to stat
[Sat Feb 21 01:05:23.365522 2026] [php:error] [pid 58502] [client 45.67.97.16:0] script '/domains/csiniaws/simple.php' not found or unable to stat
[Sat Feb 21 01:05:23.429393 2026] [php:error] [pid 58448] [client 45.67.97.192:0] script '/domains/system_default/manager.php' not found or unable to stat
[Sat Feb 21 01:05:23.591512 2026] [php:error] [pid 58461] [client 45.67.97.15:0] script '/domains/sjsachs/O-Simple.php' not found or unable to stat
[Sat Feb 21 01:05:23.767296 2026] [php:error] [pid 58493] [client 45.67.97.17:0] script '/domains/biehlweb/waf_defender.php' not found or unable to stat
[Sat Feb 21 01:05:23.769808 2026] [php:error] [pid 58470] [client 45.67.97.17:0] script '/domains/system_default/ff2.php' not found or unable to stat
[Sat Feb 21 01:05:23.897788 2026] [php:error] [pid 58448] [client 45.67.97.192:0] script '/domains/system_default/bless.php' not found or unable to stat
[Sat Feb 21 01:05:23.972536 2026] [php:error] [pid 58479] [client 45.67.97.192:0] script '/domains/pbuilder/edit.php' not found or unable to stat
[Sat Feb 21 01:05:24.060103 2026] [php:error] [pid 58461] [client 45.67.97.15:0] script '/domains/sjsachs/lock360.php' not found or unable to stat
[Sat Feb 21 01:05:24.107538 2026] [php:error] [pid 58501] [client 45.67.97.17:0] script '/domains/gohover/mah.php' not found or unable to stat
[Sat Feb 21 01:05:24.109241 2026] [php:error] [pid 58509] [client 45.67.97.16:0] script '/domains/system_default/file2.php' not found or unable to stat
[Sat Feb 21 01:05:24.243680 2026] [php:error] [pid 58500] [client 45.67.97.16:0] script '/domains/hungariantasteweb/file2.php' not found or unable to stat
[Sat Feb 21 01:05:24.291745 2026] [php:error] [pid 58472] [client 45.67.97.15:0] script '/domains/system_suspended/wp-good.php' not found or unable to stat
[Sat Feb 21 01:05:24.292481 2026] [php:error] [pid 58473] [client 45.67.97.17:0] script '/domains/byardrealestate/images/class-config.php' not found or unable to stat
[Sat Feb 21 01:05:24.365835 2026] [php:error] [pid 58448] [client 45.67.97.192:0] script '/domains/system_default/O-Simple.php' not found or unable to stat
[Sat Feb 21 01:05:24.446879 2026] [php:error] [pid 58439] [client 45.67.97.15:0] script '/domains/windsorweb/x.php' not found or unable to stat
[Sat Feb 21 01:05:24.506496 2026] [php:error] [pid 58458] [client 45.67.97.15:0] script '/domains/familyplayhouse2/images/upload.php' not found or unable to stat
[Sat Feb 21 01:05:24.524399 2026] [php:error] [pid 58461] [client 45.67.97.15:0] script '/domains/sjsachs/zwso.php' not found or unable to stat
[Sat Feb 21 01:05:24.644230 2026] [php:error] [pid 58469] [client 45.67.97.16:0] script '/domains/proinc/web.php' not found or unable to stat
[Sat Feb 21 01:05:24.709023 2026] [php:error] [pid 58493] [client 45.67.97.17:0] script '/domains/biehlweb/av.php' not found or unable to stat
[Sat Feb 21 01:05:24.744601 2026] [php:error] [pid 58515] [client 45.67.97.192:0] script '/domains/tmandel/dropdown.php' not found or unable to stat
[Sat Feb 21 01:05:24.771138 2026] [php:error] [pid 58475] [client 45.67.97.15:0] script '/domains/system_suspended/wp-conflg.php' not found or unable to stat
[Sat Feb 21 01:05:24.780633 2026] [php:error] [pid 58497] [client 45.67.97.192:0] script '/domains/system_suspended/tox.php' not found or unable to stat
[Sat Feb 21 01:05:24.843340 2026] [php:error] [pid 58512] [client 45.67.97.192:0] script '/domains/fbardin/xp.php' not found or unable to stat
[Sat Feb 21 01:05:24.848658 2026] [php:error] [pid 58448] [client 45.67.97.192:0] script '/domains/system_default/lock360.php' not found or unable to stat
[Sat Feb 21 01:05:24.989483 2026] [php:error] [pid 58461] [client 45.67.97.15:0] script '/domains/sjsachs/chosen.php' not found or unable to stat
[Sat Feb 21 01:05:25.048180 2026] [php:error] [pid 58501] [client 45.67.97.17:0] script '/domains/gohover/core.php' not found or unable to stat
[Sat Feb 21 01:05:25.054574 2026] [php:error] [pid 58509] [client 45.67.97.16:0] script '/domains/system_default/alfa.php' not found or unable to stat
[Sat Feb 21 01:05:25.179524 2026] [php:error] [pid 58500] [client 45.67.97.16:0] script '/domains/hungariantasteweb/alfa.php' not found or unable to stat
[Sat Feb 21 01:05:25.183022 2026] [php:error] [pid 58488] [client 45.67.97.16:0] script '/domains/system_suspended/bypass.php' not found or unable to stat
[Sat Feb 21 01:05:25.223885 2026] [php:error] [pid 58516] [client 45.67.97.17:0] script '/domains/rnachum/hehe.php' not found or unable to stat
[Sat Feb 21 01:05:25.242368 2026] [php:error] [pid 58475] [client 45.67.97.15:0] script '/domains/system_suspended/wp-setup.php' not found or unable to stat
[Sat Feb 21 01:05:25.316540 2026] [php:error] [pid 58448] [client 45.67.97.192:0] script '/domains/system_default/zwso.php' not found or unable to stat
[Sat Feb 21 01:05:25.317824 2026] [php:error] [pid 58504] [client 45.67.97.15:0] script '/domains/bruceweb/inc.php' not found or unable to stat
[Sat Feb 21 01:05:25.318729 2026] [php:error] [pid 58505] [client 45.67.97.192:0] script '/domains/bels/natural.php' not found or unable to stat
[Sat Feb 21 01:05:25.389565 2026] [php:error] [pid 58479] [client 45.67.97.192:0] script '/domains/pbuilder/wp-links-opml.php' not found or unable to stat
[Sat Feb 21 01:05:25.392256 2026] [php:error] [pid 58482] [client 45.67.97.17:0] script '/domains/peterbmiller/aa.php' not found or unable to stat
[Sat Feb 21 01:05:25.464099 2026] [php:error] [pid 58461] [client 45.67.97.15:0] script '/domains/sjsachs/about.php' not found or unable to stat
[Sat Feb 21 01:05:25.513155 2026] [php:error] [pid 58501] [client 45.67.97.17:0] script '/domains/gohover/robots.php' not found or unable to stat
[Sat Feb 21 01:05:25.593653 2026] [php:error] [pid 58485] [client 45.67.97.17:0] script '/domains/resourceandeventweb/wp-content.php' not found or unable to stat
[Sat Feb 21 01:05:25.654057 2026] [php:error] [pid 58488] [client 45.67.97.16:0] script '/domains/system_suspended/class.php' not found or unable to stat
[Sat Feb 21 01:05:25.681661 2026] [php:error] [pid 58515] [client 45.67.97.192:0] script '/domains/tmandel/db.php' not found or unable to stat
[Sat Feb 21 01:05:25.697340 2026] [php:error] [pid 58507] [client 45.67.97.17:0] script '/domains/micra/shell.php' not found or unable to stat
[Sat Feb 21 01:05:25.699956 2026] [php:error] [pid 58473] [client 45.67.97.17:0] script '/domains/byardrealestate/bypass.php' not found or unable to stat
[Sat Feb 21 01:05:25.700851 2026] [php:error] [pid 58494] [client 45.67.97.16:0] script '/domains/fdcarter/hehehehe.php' not found or unable to stat
[Sat Feb 21 01:05:25.714610 2026] [php:error] [pid 58475] [client 45.67.97.15:0] script '/domains/system_suspended/ms-themes.php' not found or unable to stat
[Sat Feb 21 01:05:25.767705 2026] [php:error] [pid 58487] [client 4.193.228.15:0] script '/domains/system_suspended/abcd.php' not found or unable to stat
[Sat Feb 21 01:05:25.795793 2026] [php:error] [pid 58448] [client 45.67.97.192:0] script '/domains/system_default/chosen.php' not found or unable to stat
[Sat Feb 21 01:05:25.802959 2026] [php:error] [pid 58505] [client 45.67.97.192:0] script '/domains/bels/item.php' not found or unable to stat
[Sat Feb 21 01:05:25.859226 2026] [php:error] [pid 58439] [client 45.67.97.15:0] script '/domains/windsorweb/images/index22.php' not found or unable to stat
[Sat Feb 21 01:05:25.859801 2026] [php:error] [pid 58482] [client 45.67.97.17:0] script '/domains/peterbmiller/index2.php' not found or unable to stat
[Sat Feb 21 01:05:25.931621 2026] [php:error] [pid 58461] [client 45.67.97.15:0] script '/domains/sjsachs/admin.php' not found or unable to stat
[Sat Feb 21 01:05:25.980251 2026] [php:error] [pid 58501] [client 45.67.97.17:0] script '/domains/gohover/inputs.php' not found or unable to stat
[Sat Feb 21 01:05:26.056501 2026] [php:error] [pid 58470] [client 45.67.97.17:0] script '/domains/system_default/jp.php' not found or unable to stat
[Sat Feb 21 01:05:26.133404 2026] [php:error] [pid 58476] [client 45.67.97.16:0] script '/domains/testregisgroup/wp-content.php' not found or unable to stat
[Sat Feb 21 01:05:26.169769 2026] [php:error] [pid 58506] [client 45.67.97.192:0] script '/domains/hpveweb/byp.php' not found or unable to stat
[Sat Feb 21 01:05:26.171059 2026] [php:error] [pid 58473] [client 45.67.97.17:0] script '/domains/byardrealestate/class.php' not found or unable to stat
[Sat Feb 21 01:05:26.249814 2026] [php:error] [pid 58512] [client 45.67.97.192:0] script '/domains/fbardin/wp-links.php' not found or unable to stat
[Sat Feb 21 01:05:26.269792 2026] [php:error] [pid 58448] [client 45.67.97.192:0] script '/domains/system_default/about.php' not found or unable to stat
[Sat Feb 21 01:05:26.271628 2026] [php:error] [pid 58504] [client 45.67.97.15:0] script '/domains/bruceweb/filemanager.php' not found or unable to stat
[Sat Feb 21 01:05:26.271946 2026] [php:error] [pid 58474] [client 45.67.97.16:0] script '/domains/jaspen/web.php' not found or unable to stat
[Sat Feb 21 01:05:26.280905 2026] [php:error] [pid 58480] [client 45.67.97.16:0] script '/domains/system_suspended/aa.php' not found or unable to stat
[Sat Feb 21 01:05:26.286398 2026] [php:error] [pid 58487] [client 4.193.228.15:0] script '/domains/system_suspended/lib.php' not found or unable to stat
[Sat Feb 21 01:05:26.329673 2026] [php:error] [pid 58439] [client 45.67.97.15:0] script '/domains/windsorweb/wp-user.php' not found or unable to stat
[Sat Feb 21 01:05:26.334228 2026] [php:error] [pid 58479] [client 45.67.97.192:0] script '/domains/pbuilder/atomlib.php' not found or unable to stat
[Sat Feb 21 01:05:26.445809 2026] [php:error] [pid 58501] [client 45.67.97.17:0] script '/domains/gohover/mini.php' not found or unable to stat
[Sat Feb 21 01:05:26.528239 2026] [php:error] [pid 58470] [client 45.67.97.17:0] script '/domains/system_default/wp-atom.php' not found or unable to stat
[Sat Feb 21 01:05:26.647609 2026] [php:error] [pid 58516] [client 45.67.97.17:0] script '/domains/rnachum/dir.php' not found or unable to stat
[Sat Feb 21 01:05:26.659766 2026] [php:error] [pid 58475] [client 45.67.97.15:0] script '/domains/system_suspended/style.php' not found or unable to stat
[Sat Feb 21 01:05:26.665981 2026] [php:error] [pid 58497] [client 45.67.97.192:0] script '/domains/system_suspended/tiny.php' not found or unable to stat
[Sat Feb 21 01:05:26.745010 2026] [php:error] [pid 58448] [client 45.67.97.192:0] script '/domains/system_default/admin.php' not found or unable to stat
[Sat Feb 21 01:05:26.751814 2026] [php:error] [pid 58480] [client 45.67.97.16:0] script '/domains/system_suspended/index2.php' not found or unable to stat
[Sat Feb 21 01:05:26.865009 2026] [php:error] [pid 58461] [client 45.67.97.15:0] script '/domains/sjsachs/mah.php' not found or unable to stat
[Sat Feb 21 01:05:26.905409 2026] [php:error] [pid 58477] [client 45.67.97.16:0] script '/domains/system_default/classwithtostring.php' not found or unable to stat
[Sat Feb 21 01:05:26.911595 2026] [php:error] [pid 58501] [client 45.67.97.17:0] script '/domains/gohover/goods.php' not found or unable to stat
[Sat Feb 21 01:05:26.916094 2026] [php:error] [pid 58464] [client 45.67.97.192:0] script '/domains/pmglobal/install.php' not found or unable to stat
[Sat Feb 21 01:05:27.147484 2026] [php:error] [pid 58502] [client 45.67.97.16:0] script '/domains/csiniaws/images/upload.php' not found or unable to stat
[Sat Feb 21 01:05:27.195388 2026] [php:error] [pid 58519] [client 45.67.97.15:0] script '/domains/magicjim/manager.php' not found or unable to stat
[Sat Feb 21 01:05:27.369016 2026] [php:error] [pid 58453] [client 45.67.97.192:0] script '/domains/astweb/classwithtostring.php' not found or unable to stat
[Sat Feb 21 01:05:27.377744 2026] [php:error] [pid 58501] [client 45.67.97.17:0] script '/domains/gohover/file5.php' not found or unable to stat
[Sat Feb 21 01:05:27.462296 2026] [php:error] [pid 58513] [client 45.67.97.192:0] script '/domains/ferguson.interport/small.php' not found or unable to stat
[Sat Feb 21 01:05:27.463821 2026] [php:error] [pid 58470] [client 45.67.97.17:0] script '/domains/system_default/up.php' not found or unable to stat
[Sat Feb 21 01:05:27.466810 2026] [php:error] [pid 58469] [client 45.67.97.16:0] script '/domains/proinc/wp-trackback.php' not found or unable to stat
[Sat Feb 21 01:05:27.614093 2026] [php:error] [pid 58497] [client 45.67.97.192:0] script '/domains/system_suspended/themes.php' not found or unable to stat
[Sat Feb 21 01:05:27.663920 2026] [php:error] [pid 58519] [client 45.67.97.15:0] script '/domains/magicjim/bless.php' not found or unable to stat
[Sat Feb 21 01:05:27.683676 2026] [php:error] [pid 58448] [client 45.67.97.192:0] script '/domains/system_default/mah.php' not found or unable to stat
[Sat Feb 21 01:05:27.688429 2026] [php:error] [pid 58487] [client 4.193.228.15:0] script '/domains/system_suspended/shell.php' not found or unable to stat
[Sat Feb 21 01:05:27.733471 2026] [php:error] [pid 58439] [client 45.67.97.15:0] script '/domains/windsorweb/config.php' not found or unable to stat
[Sat Feb 21 01:05:27.798320 2026] [php:error] [pid 58461] [client 45.67.97.15:0] script '/domains/sjsachs/core.php' not found or unable to stat
[Sat Feb 21 01:05:27.845206 2026] [php:error] [pid 58501] [client 45.67.97.17:0] script '/domains/gohover/ahax.php' not found or unable to stat
[Sat Feb 21 01:05:27.854835 2026] [php:error] [pid 58464] [client 45.67.97.192:0] script '/domains/pmglobal/images/class-config.php' not found or unable to stat
[Sat Feb 21 01:05:27.935513 2026] [php:error] [pid 58485] [client 45.67.97.17:0] script '/domains/resourceandeventweb/customize.php' not found or unable to stat
[Sat Feb 21 01:05:28.049346 2026] [php:error] [pid 58472] [client 45.67.97.15:0] script '/domains/system_suspended/ff2.php' not found or unable to stat
[Sat Feb 21 01:05:28.049838 2026] [php:error] [pid 58507] [client 45.67.97.17:0] script '/domains/micra/hehe.php' not found or unable to stat
[Sat Feb 21 01:05:28.073990 2026] [php:error] [pid 58475] [client 45.67.97.15:0] script '/domains/system_suspended/x.php' not found or unable to stat
[Sat Feb 21 01:05:28.091516 2026] [php:error] [pid 58497] [client 45.67.97.192:0] script '/domains/system_suspended/wp-themes.php' not found or unable to stat
[Sat Feb 21 01:05:28.131720 2026] [php:error] [pid 58519] [client 45.67.97.15:0] script '/domains/magicjim/O-Simple.php' not found or unable to stat
[Sat Feb 21 01:05:28.202064 2026] [php:error] [pid 58439] [client 45.67.97.15:0] script '/domains/windsorweb/special.php' not found or unable to stat
[Sat Feb 21 01:05:28.202759 2026] [php:error] [pid 58482] [client 45.67.97.17:0] script '/domains/peterbmiller/shell.php' not found or unable to stat
[Sat Feb 21 01:05:28.267445 2026] [php:error] [pid 58461] [client 45.67.97.15:0] script '/domains/sjsachs/robots.php' not found or unable to stat
[Sat Feb 21 01:05:28.308286 2026] [php:error] [pid 58477] [client 45.67.97.16:0] script '/domains/system_default/tinyfilemanager.php' not found or unable to stat
[Sat Feb 21 01:05:28.310301 2026] [php:error] [pid 58501] [client 45.67.97.17:0] script '/domains/gohover/f35.php' not found or unable to stat
[Sat Feb 21 01:05:28.356965 2026] [php:error] [pid 58487] [client 4.193.228.15:0] script '/domains/system_suspended/ds.php' not found or unable to stat
[Sat Feb 21 01:05:28.399492 2026] [php:error] [pid 58513] [client 45.67.97.192:0] script '/domains/ferguson.interport/NewFile.php' not found or unable to stat
[Sat Feb 21 01:05:28.404299 2026] [php:error] [pid 58485] [client 45.67.97.17:0] script '/domains/resourceandeventweb/license.php' not found or unable to stat
[Sat Feb 21 01:05:28.404446 2026] [php:error] [pid 58469] [client 45.67.97.16:0] script '/domains/proinc/radio.php' not found or unable to stat
[Sat Feb 21 01:05:28.528047 2026] [php:error] [pid 58516] [client 45.67.97.17:0] script '/domains/rnachum/nf_tracking.php' not found or unable to stat
[Sat Feb 21 01:05:28.575569 2026] [php:error] [pid 58518] [client 45.67.97.15:0] script '/domains/druckrey/aa.php' not found or unable to stat
[Sat Feb 21 01:05:28.599906 2026] [php:error] [pid 58519] [client 45.67.97.15:0] script '/domains/magicjim/lock360.php' not found or unable to stat
[Sat Feb 21 01:05:28.613002 2026] [php:error] [pid 58487] [client 4.193.228.15:0] script '/domains/system_suspended/makeasmtp.php' not found or unable to stat
[Sat Feb 21 01:05:28.621813 2026] [php:error] [pid 58448] [client 45.67.97.192:0] script '/domains/system_default/core.php' not found or unable to stat
[Sat Feb 21 01:05:28.687416 2026] [php:error] [pid 58479] [client 45.67.97.192:0] script '/domains/pbuilder/xp.php' not found or unable to stat
[Sat Feb 21 01:05:28.736167 2026] [php:error] [pid 58461] [client 45.67.97.15:0] script '/domains/sjsachs/inputs.php' not found or unable to stat
[Sat Feb 21 01:05:28.774639 2026] [php:error] [pid 58501] [client 45.67.97.17:0] script '/domains/gohover/simple.php' not found or unable to stat
[Sat Feb 21 01:05:28.785018 2026] [php:error] [pid 58453] [client 45.67.97.192:0] script '/domains/astweb/tinyfilemanager.php' not found or unable to stat
[Sat Feb 21 01:05:28.811310 2026] [php:error] [pid 58509] [client 45.67.97.16:0] script '/domains/system_default/edit.php' not found or unable to stat
[Sat Feb 21 01:05:28.909832 2026] [php:error] [pid 58476] [client 45.67.97.16:0] script '/domains/testregisgroup/customize.php' not found or unable to stat
[Sat Feb 21 01:05:28.946285 2026] [php:error] [pid 58483] [client 45.67.97.192:0] script '/domains/system_suspended/byp.php' not found or unable to stat
[Sat Feb 21 01:05:28.955527 2026] [php:error] [pid 58488] [client 45.67.97.16:0] script '/domains/system_suspended/init.php' not found or unable to stat
[Sat Feb 21 01:05:29.041906 2026] [php:error] [pid 58518] [client 45.67.97.15:0] script '/domains/druckrey/index2.php' not found or unable to stat
[Sat Feb 21 01:05:29.070467 2026] [php:error] [pid 58519] [client 45.67.97.15:0] script '/domains/magicjim/zwso.php' not found or unable to stat
[Sat Feb 21 01:05:29.073578 2026] [php:error] [pid 58474] [client 45.67.97.16:0] script '/domains/jaspen/wp-trackback.php' not found or unable to stat
[Sat Feb 21 01:05:29.100416 2026] [php:error] [pid 58504] [client 45.67.97.15:0] script '/domains/bruceweb/function.php' not found or unable to stat
[Sat Feb 21 01:05:29.100641 2026] [php:error] [pid 58448] [client 45.67.97.192:0] script '/domains/system_default/robots.php' not found or unable to stat
[Sat Feb 21 01:05:29.144555 2026] [php:error] [pid 58480] [client 45.67.97.16:0] script '/domains/system_suspended/shell.php' not found or unable to stat
[Sat Feb 21 01:05:29.201472 2026] [php:error] [pid 58461] [client 45.67.97.15:0] script '/domains/sjsachs/mini.php' not found or unable to stat
[Sat Feb 21 01:05:29.264384 2026] [php:error] [pid 58464] [client 45.67.97.192:0] script '/domains/pmglobal/bypass.php' not found or unable to stat
[Sat Feb 21 01:05:29.354414 2026] [php:error] [pid 58513] [client 45.67.97.192:0] script '/domains/ferguson.interport/error.php' not found or unable to stat
[Sat Feb 21 01:05:29.357446 2026] [php:error] [pid 58485] [client 45.67.97.17:0] script '/domains/resourceandeventweb/lock.php' not found or unable to stat
[Sat Feb 21 01:05:29.387651 2026] [php:error] [pid 58476] [client 45.67.97.16:0] script '/domains/testregisgroup/license.php' not found or unable to stat
[Sat Feb 21 01:05:29.413909 2026] [php:error] [pid 58520] [client 45.67.97.17:0] script '/domains/biehlweb/theme.php' not found or unable to stat
[Sat Feb 21 01:05:29.473344 2026] [php:error] [pid 58507] [client 45.67.97.17:0] script '/domains/micra/dir.php' not found or unable to stat
[Sat Feb 21 01:05:29.473867 2026] [php:error] [pid 58516] [client 45.67.97.17:0] script '/domains/rnachum/filefuns.php' not found or unable to stat
[Sat Feb 21 01:05:29.475878 2026] [php:error] [pid 58473] [client 45.67.97.17:0] script '/domains/byardrealestate/init.php' not found or unable to stat
[Sat Feb 21 01:05:29.482460 2026] [php:error] [pid 58490] [client 45.67.97.15:0] script '/domains/homesbyaudrey1/hehehehe.php' not found or unable to stat
[Sat Feb 21 01:05:29.510817 2026] [php:error] [pid 58497] [client 45.67.97.192:0] script '/domains/system_suspended/mariju.php' not found or unable to stat
[Sat Feb 21 01:05:29.520580 2026] [php:error] [pid 58500] [client 45.67.97.16:0] script '/domains/hungariantasteweb/edit.php' not found or unable to stat
[Sat Feb 21 01:05:29.539715 2026] [php:error] [pid 58519] [client 45.67.97.15:0] script '/domains/magicjim/chosen.php' not found or unable to stat
[Sat Feb 21 01:05:29.570088 2026] [php:error] [pid 58448] [client 45.67.97.192:0] script '/domains/system_default/inputs.php' not found or unable to stat
[Sat Feb 21 01:05:29.669756 2026] [php:error] [pid 58461] [client 45.67.97.15:0] script '/domains/sjsachs/goods.php' not found or unable to stat
[Sat Feb 21 01:05:29.712947 2026] [php:error] [pid 58477] [client 45.67.97.16:0] script '/domains/system_default/file.php' not found or unable to stat
[Sat Feb 21 01:05:29.738264 2026] [php:error] [pid 58464] [client 45.67.97.192:0] script '/domains/pmglobal/class.php' not found or unable to stat
[Sat Feb 21 01:05:29.912752 2026] [php:error] [pid 58515] [client 45.67.97.192:0] script '/domains/tmandel/install.php' not found or unable to stat
[Sat Feb 21 01:05:29.940220 2026] [php:error] [pid 58472] [client 45.67.97.15:0] script '/domains/system_suspended/jp.php' not found or unable to stat
[Sat Feb 21 01:05:29.943123 2026] [php:error] [pid 58506] [client 45.67.97.192:0] script '/domains/hpveweb/class.api.php' not found or unable to stat
[Sat Feb 21 01:05:29.957088 2026] [php:error] [pid 58475] [client 45.67.97.15:0] script '/domains/system_suspended/wp-user.php' not found or unable to stat
[Sat Feb 21 01:05:29.982732 2026] [php:error] [pid 58497] [client 45.67.97.192:0] script '/domains/system_suspended/waf_defender.php' not found or unable to stat
[Sat Feb 21 01:05:30.010238 2026] [php:error] [pid 58519] [client 45.67.97.15:0] script '/domains/magicjim/about.php' not found or unable to stat
[Sat Feb 21 01:05:30.010258 2026] [php:error] [pid 58474] [client 45.67.97.16:0] script '/domains/jaspen/radio.php' not found or unable to stat
[Sat Feb 21 01:05:30.044691 2026] [php:error] [pid 58504] [client 45.67.97.15:0] script '/domains/bruceweb/wp-signup.php' not found or unable to stat
[Sat Feb 21 01:05:30.044830 2026] [php:error] [pid 58448] [client 45.67.97.192:0] script '/domains/system_default/mini.php' not found or unable to stat
[Sat Feb 21 01:05:30.095551 2026] [php:error] [pid 58479] [client 45.67.97.192:0] script '/domains/pbuilder/wp-links.php' not found or unable to stat
[Sat Feb 21 01:05:30.147306 2026] [php:error] [pid 58461] [client 45.67.97.15:0] script '/domains/sjsachs/file5.php' not found or unable to stat
[Sat Feb 21 01:05:30.173179 2026] [php:error] [pid 58491] [client 4.193.228.15:0] script '/domains/system_suspended/buy.php' not found or unable to stat
[Sat Feb 21 01:05:30.196588 2026] [php:error] [pid 58517] [client 45.67.97.16:0] script '/domains/frog.interport1/byp.php' not found or unable to stat
[Sat Feb 21 01:05:30.215675 2026] [php:error] [pid 58453] [client 45.67.97.192:0] script '/domains/astweb/file.php' not found or unable to stat
[Sat Feb 21 01:05:30.229831 2026] [php:error] [pid 58509] [client 45.67.97.16:0] script '/domains/system_default/wp-links-opml.php' not found or unable to stat
[Sat Feb 21 01:05:30.275759 2026] [php:error] [pid 58470] [client 45.67.97.17:0] script '/domains/system_default/worm.PhP' not found or unable to stat
[Sat Feb 21 01:05:30.297666 2026] [php:error] [pid 58469] [client 45.67.97.16:0] script '/domains/proinc/wp-conflg.php' not found or unable to stat
[Sat Feb 21 01:05:30.336245 2026] [php:error] [pid 58476] [client 45.67.97.16:0] script '/domains/testregisgroup/lock.php' not found or unable to stat
[Sat Feb 21 01:05:30.412711 2026] [php:error] [pid 58472] [client 45.67.97.15:0] script '/domains/system_suspended/wp-atom.php' not found or unable to stat
[Sat Feb 21 01:05:30.424088 2026] [php:error] [pid 58516] [client 45.67.97.17:0] script '/domains/rnachum/l.php' not found or unable to stat
[Sat Feb 21 01:05:30.427254 2026] [php:error] [pid 58508] [client 45.67.97.16:0] script '/domains/acagolf1/hehehehe.php' not found or unable to stat
[Sat Feb 21 01:05:30.481841 2026] [php:error] [pid 58519] [client 45.67.97.15:0] script '/domains/magicjim/admin.php' not found or unable to stat
[Sat Feb 21 01:05:30.515572 2026] [php:error] [pid 58448] [client 45.67.97.192:0] script '/domains/system_default/goods.php' not found or unable to stat
[Sat Feb 21 01:05:30.552779 2026] [php:error] [pid 58482] [client 45.67.97.17:0] script '/domains/peterbmiller/hehe.php' not found or unable to stat
[Sat Feb 21 01:05:30.614047 2026] [php:error] [pid 58461] [client 45.67.97.15:0] script '/domains/sjsachs/ahax.php' not found or unable to stat
[Sat Feb 21 01:05:30.745753 2026] [php:error] [pid 58470] [client 45.67.97.17:0] script '/domains/system_default/ext.php' not found or unable to stat
[Sat Feb 21 01:05:30.780915 2026] [php:error] [pid 58469] [client 45.67.97.16:0] script '/domains/proinc/wp-setup.php' not found or unable to stat
[Sat Feb 21 01:05:30.829404 2026] [php:error] [pid 58520] [client 45.67.97.17:0] script '/domains/biehlweb/Simple.php' not found or unable to stat
[Sat Feb 21 01:05:30.887706 2026] [php:error] [pid 58491] [client 4.193.228.15:0] script '/domains/system_suspended/theme.php' not found or unable to stat
[Sat Feb 21 01:05:30.892824 2026] [php:error] [pid 58516] [client 45.67.97.17:0] script '/domains/rnachum/repeater.php' not found or unable to stat
[Sat Feb 21 01:05:30.926840 2026] [php:error] [pid 58500] [client 45.67.97.16:0] script '/domains/hungariantasteweb/wp-links-opml.php' not found or unable to stat
[Sat Feb 21 01:05:30.931367 2026] [php:error] [pid 58497] [client 45.67.97.192:0] script '/domains/system_suspended/av.php' not found or unable to stat
[Sat Feb 21 01:05:30.984017 2026] [php:error] [pid 58448] [client 45.67.97.192:0] script '/domains/system_default/file5.php' not found or unable to stat
[Sat Feb 21 01:05:31.116411 2026] [php:error] [pid 58491] [client 4.193.228.15:0] script '/domains/system_suspended/chosen.php' not found or unable to stat
[Sat Feb 21 01:05:31.124820 2026] [php:error] [pid 58461] [client 45.67.97.15:0] script '/domains/sjsachs/f35.php' not found or unable to stat
[Sat Feb 21 01:05:31.132770 2026] [php:error] [pid 58477] [client 45.67.97.16:0] script '/domains/system_default/buy.php' not found or unable to stat
[Sat Feb 21 01:05:31.170612 2026] [php:error] [pid 58509] [client 45.67.97.16:0] script '/domains/system_default/atomlib.php' not found or unable to stat
[Sat Feb 21 01:05:31.223605 2026] [php:error] [pid 58470] [client 45.67.97.17:0] script '/domains/system_default/delpaths.php' not found or unable to stat
[Sat Feb 21 01:05:31.248883 2026] [php:error] [pid 58513] [client 45.67.97.192:0] script '/domains/ferguson.interport/wp-files.php' not found or unable to stat
[Sat Feb 21 01:05:31.249241 2026] [php:error] [pid 58469] [client 45.67.97.16:0] script '/domains/proinc/ms-themes.php' not found or unable to stat
[Sat Feb 21 01:05:31.369899 2026] [php:error] [pid 58472] [client 45.67.97.15:0] script '/domains/system_suspended/up.php' not found or unable to stat
[Sat Feb 21 01:05:31.370568 2026] [php:error] [pid 58507] [client 45.67.97.17:0] script '/domains/micra/nf_tracking.php' not found or unable to stat
[Sat Feb 21 01:05:31.372413 2026] [php:error] [pid 58506] [client 45.67.97.192:0] script '/domains/hpveweb/system_log.php' not found or unable to stat
[Sat Feb 21 01:05:31.390211 2026] [php:error] [pid 58518] [client 45.67.97.15:0] script '/domains/druckrey/shell.php' not found or unable to stat
[Sat Feb 21 01:05:31.391161 2026] [php:error] [pid 58512] [client 45.67.97.192:0] script '/domains/fbardin/moon.php' not found or unable to stat
[Sat Feb 21 01:05:31.393763 2026] [php:error] [pid 58475] [client 45.67.97.15:0] script '/domains/system_suspended/config.php' not found or unable to stat
[Sat Feb 21 01:05:31.440585 2026] [php:error] [pid 58519] [client 45.67.97.15:0] script '/domains/magicjim/mah.php' not found or unable to stat
[Sat Feb 21 01:05:31.453545 2026] [php:error] [pid 58504] [client 45.67.97.15:0] script '/domains/bruceweb/wp-blog.php' not found or unable to stat
[Sat Feb 21 01:05:31.454273 2026] [php:error] [pid 58448] [client 45.67.97.192:0] script '/domains/system_default/ahax.php' not found or unable to stat
[Sat Feb 21 01:05:31.523816 2026] [php:error] [pid 58480] [client 45.67.97.16:0] script '/domains/system_suspended/hehe.php' not found or unable to stat
[Sat Feb 21 01:05:31.528466 2026] [php:error] [pid 58439] [client 45.67.97.192:0] script '/domains/bels/default.php' not found or unable to stat
[Sat Feb 21 01:05:31.590395 2026] [php:error] [pid 58461] [client 45.67.97.15:0] script '/domains/sjsachs/simple.php' not found or unable to stat
[Sat Feb 21 01:05:31.635753 2026] [php:error] [pid 58453] [client 45.67.97.192:0] script '/domains/astweb/buy.php' not found or unable to stat
[Sat Feb 21 01:05:31.659737 2026] [php:error] [pid 58491] [client 4.193.228.15:0] script '/domains/system_suspended/st.php' not found or unable to stat
[Sat Feb 21 01:05:31.671770 2026] [php:error] [pid 58458] [client 45.67.97.15:0] script '/domains/familyplayhouse2/classwithtostring.php' not found or unable to stat
[Sat Feb 21 01:05:31.750011 2026] [php:error] [pid 58513] [client 45.67.97.192:0] script '/domains/ferguson.interport/functions.php' not found or unable to stat
[Sat Feb 21 01:05:31.840216 2026] [php:error] [pid 58506] [client 45.67.97.192:0] script '/domains/hpveweb/.alf.php' not found or unable to stat
[Sat Feb 21 01:05:31.866117 2026] [php:error] [pid 58475] [client 45.67.97.15:0] script '/domains/system_suspended/special.php' not found or unable to stat
[Sat Feb 21 01:05:31.873172 2026] [php:error] [pid 58500] [client 45.67.97.16:0] script '/domains/hungariantasteweb/atomlib.php' not found or unable to stat
[Sat Feb 21 01:05:31.882684 2026] [php:error] [pid 58474] [client 45.67.97.16:0] script '/domains/jaspen/wp-conflg.php' not found or unable to stat
[Sat Feb 21 01:05:31.887837 2026] [php:error] [pid 58491] [client 4.193.228.15:0] script '/domains/system_suspended/inputs.php' not found or unable to stat
[Sat Feb 21 01:05:31.927385 2026] [php:error] [pid 58448] [client 45.67.97.192:0] script '/domains/system_default/f35.php' not found or unable to stat
[Sat Feb 21 01:05:31.960576 2026] [php:error] [pid 58482] [client 45.67.97.17:0] script '/domains/peterbmiller/dir.php' not found or unable to stat
[Sat Feb 21 01:05:31.992869 2026] [php:error] [pid 58481] [client 45.67.97.16:0] script '/domains/windsorweb/cgi-bin/class.api.php' not found or unable to stat
[Sat Feb 21 01:05:32.222138 2026] [php:error] [pid 58469] [client 45.67.97.16:0] script '/domains/proinc/style.php' not found or unable to stat
[Sat Feb 21 01:05:32.277853 2026] [php:error] [pid 58515] [client 45.67.97.192:0] script '/domains/tmandel/bypass.php' not found or unable to stat
[Sat Feb 21 01:05:32.306952 2026] [php:error] [pid 58507] [client 45.67.97.17:0] script '/domains/micra/filefuns.php' not found or unable to stat
