[Sat Feb 21 01:06:49.897674 2026] [php:error] [pid 58453] [client 20.194.153.120:0] script '/domains/ebon/info.php' not found or unable to stat
[Sat Feb 21 01:06:49.980094 2026] [php:error] [pid 58500] [client 45.67.97.15:0] script '/domains/acagolf1/dir.php' not found or unable to stat
[Sat Feb 21 01:06:50.030178 2026] [php:error] [pid 58526] [client 45.67.97.192:0] script '/domains/sjsachs/wp-conflg.php' not found or unable to stat
[Sat Feb 21 01:06:50.050986 2026] [php:error] [pid 58525] [client 45.67.97.17:0] script '/domains/byardrealestate/byp.php' not found or unable to stat
[Sat Feb 21 01:06:50.062348 2026] [php:error] [pid 58453] [client 20.194.153.120:0] script '/domains/ebon/about.php' not found or unable to stat
[Sat Feb 21 01:06:50.091580 2026] [php:error] [pid 58479] [client 45.67.97.15:0] script '/domains/system_default/file2.php' not found or unable to stat
[Sat Feb 21 01:06:50.141621 2026] [php:error] [pid 58545] [client 45.67.97.17:0] script '/domains/system_suspended/wp-content.php' not found or unable to stat
[Sat Feb 21 01:06:50.190456 2026] [php:error] [pid 58529] [client 45.67.97.17:0] script '/domains/jaspen/fm.php' not found or unable to stat
[Sat Feb 21 01:06:50.270023 2026] [php:error] [pid 58488] [client 45.67.97.15:0] script '/domains/csiniaws/special.php' not found or unable to stat
[Sat Feb 21 01:06:50.290092 2026] [php:error] [pid 58533] [client 45.67.97.16:0] script '/domains/memanuel/simple.php' not found or unable to stat
[Sat Feb 21 01:06:50.459376 2026] [php:error] [pid 58473] [client 45.67.97.192:0] script '/domains/system_default/wp-conflg.php' not found or unable to stat
[Sat Feb 21 01:06:50.497460 2026] [php:error] [pid 58526] [client 45.67.97.192:0] script '/domains/sjsachs/wp-setup.php' not found or unable to stat
[Sat Feb 21 01:06:50.530685 2026] [php:error] [pid 58453] [client 20.194.153.120:0] script '/domains/ebon/222.php' not found or unable to stat
[Sat Feb 21 01:06:50.538116 2026] [php:error] [pid 58464] [client 45.67.97.15:0] script '/domains/homesbyaudrey1/l.php' not found or unable to stat
[Sat Feb 21 01:06:50.613336 2026] [php:error] [pid 58512] [client 45.67.97.16:0] script '/domains/gohover/x.php' not found or unable to stat
[Sat Feb 21 01:06:50.690737 2026] [php:error] [pid 58474] [client 45.67.97.17:0] script '/domains/magicjim/web.php' not found or unable to stat
[Sat Feb 21 01:06:50.705312 2026] [php:error] [pid 58453] [client 20.194.153.120:0] script '/domains/ebon/adminfuns.php' not found or unable to stat
[Sat Feb 21 01:06:50.716948 2026] [php:error] [pid 58509] [client 45.67.97.17:0] script '/domains/hpveweb/themes.php' not found or unable to stat
[Sat Feb 21 01:06:50.762844 2026] [php:error] [pid 58476] [client 45.67.97.16:0] script '/domains/system_suspended/tox.php' not found or unable to stat
[Sat Feb 21 01:06:50.797994 2026] [php:error] [pid 58543] [client 45.67.97.192:0] script '/domains/perless2web/bypass.php' not found or unable to stat
[Sat Feb 21 01:06:50.804168 2026] [php:error] [pid 58482] [client 45.67.97.16:0] script '/domains/astweb/alfa.php' not found or unable to stat
[Sat Feb 21 01:06:50.925569 2026] [php:error] [pid 58473] [client 45.67.97.192:0] script '/domains/system_default/wp-setup.php' not found or unable to stat
[Sat Feb 21 01:06:50.962498 2026] [php:error] [pid 58526] [client 45.67.97.192:0] script '/domains/sjsachs/ms-themes.php' not found or unable to stat
[Sat Feb 21 01:06:51.008867 2026] [php:error] [pid 58464] [client 45.67.97.15:0] script '/domains/homesbyaudrey1/repeater.php' not found or unable to stat
[Sat Feb 21 01:06:51.033268 2026] [php:error] [pid 58479] [client 45.67.97.15:0] script '/domains/system_default/alfa.php' not found or unable to stat
[Sat Feb 21 01:06:51.034049 2026] [php:error] [pid 58453] [client 20.194.153.120:0] script '/domains/ebon/xx.php' not found or unable to stat
[Sat Feb 21 01:06:51.075913 2026] [php:error] [pid 58540] [client 45.67.97.17:0] script '/domains/braniff/buy.php' not found or unable to stat
[Sat Feb 21 01:06:51.115708 2026] [php:error] [pid 58532] [client 45.67.97.17:0] script '/domains/pbuilder/gifclass.php' not found or unable to stat
[Sat Feb 21 01:06:51.186094 2026] [php:error] [pid 58509] [client 45.67.97.17:0] script '/domains/hpveweb/wp-themes.php' not found or unable to stat
[Sat Feb 21 01:06:51.204735 2026] [php:error] [pid 58493] [client 45.67.97.15:0] script '/domains/fdcarter/lv.php' not found or unable to stat
[Sat Feb 21 01:06:51.257218 2026] [php:error] [pid 58494] [client 45.67.97.17:0] script '/domains/pookie.dnai/install.php' not found or unable to stat
[Sat Feb 21 01:06:51.265992 2026] [php:error] [pid 58543] [client 45.67.97.192:0] script '/domains/perless2web/class.php' not found or unable to stat
[Sat Feb 21 01:06:51.311463 2026] [php:error] [pid 58547] [client 45.67.97.17:0] script '/domains/familyplayhouse2/cgi-bin/class.api.php' not found or unable to stat
[Sat Feb 21 01:06:51.372540 2026] [php:error] [pid 58453] [client 20.194.153.120:0] script '/domains/ebon/f5.php' not found or unable to stat
[Sat Feb 21 01:06:51.373829 2026] [php:error] [pid 58539] [client 45.67.97.17:0] script '/domains/micra/xex.php' not found or unable to stat
[Sat Feb 21 01:06:51.387773 2026] [php:error] [pid 58519] [client 45.67.97.192:0] script '/domains/rnachum/wp-head.php' not found or unable to stat
[Sat Feb 21 01:06:51.399654 2026] [php:error] [pid 58473] [client 45.67.97.192:0] script '/domains/system_default/ms-themes.php' not found or unable to stat
[Sat Feb 21 01:06:51.536013 2026] [php:error] [pid 58490] [client 45.67.97.15:0] script '/domains/nsmd2/function.php' not found or unable to stat
[Sat Feb 21 01:06:51.536960 2026] [php:error] [pid 58453] [client 20.194.153.120:0] script '/domains/ebon/flower.php' not found or unable to stat
[Sat Feb 21 01:06:51.557587 2026] [php:error] [pid 58491] [client 45.67.97.192:0] script '/domains/frog.interport1/tiny.php' not found or unable to stat
[Sat Feb 21 01:06:51.590728 2026] [php:error] [pid 58532] [client 45.67.97.17:0] script '/domains/pbuilder/plugin.php' not found or unable to stat
[Sat Feb 21 01:06:51.674244 2026] [php:error] [pid 58493] [client 45.67.97.15:0] script '/domains/fdcarter/images/js1.php' not found or unable to stat
[Sat Feb 21 01:06:51.694206 2026] [php:error] [pid 58502] [client 45.67.97.16:0] script '/domains/system_default/worm.PhP' not found or unable to stat
[Sat Feb 21 01:06:51.706885 2026] [php:error] [pid 58515] [client 45.67.97.15:0] script '/domains/trodine/wp-l0gin.php' not found or unable to stat
[Sat Feb 21 01:06:51.742012 2026] [php:error] [pid 58453] [client 20.194.153.120:0] script '/domains/ebon/f6.php' not found or unable to stat
[Sat Feb 21 01:06:51.742036 2026] [php:error] [pid 58513] [client 45.67.97.16:0] script '/domains/system_default/memberfuns.php' not found or unable to stat
[Sat Feb 21 01:06:51.858275 2026] [php:error] [pid 58500] [client 45.67.97.15:0] script '/domains/acagolf1/nf_tracking.php' not found or unable to stat
[Sat Feb 21 01:06:51.891996 2026] [php:error] [pid 58526] [client 45.67.97.192:0] script '/domains/sjsachs/style.php' not found or unable to stat
[Sat Feb 21 01:06:51.923579 2026] [php:error] [pid 58453] [client 20.194.153.120:0] script '/domains/ebon/edit.php' not found or unable to stat
[Sat Feb 21 01:06:51.940750 2026] [php:error] [pid 58507] [client 45.67.97.192:0] script '/domains/windsorweb/wp-good.php' not found or unable to stat
[Sat Feb 21 01:06:52.062063 2026] [php:error] [pid 58529] [client 45.67.97.17:0] script '/domains/jaspen/ini.php' not found or unable to stat
[Sat Feb 21 01:06:52.065711 2026] [php:error] [pid 58504] [client 45.67.97.192:0] script '/domains/resourceandeventweb/images/wp-aespa.php' not found or unable to stat
[Sat Feb 21 01:06:52.166551 2026] [php:error] [pid 58502] [client 45.67.97.16:0] script '/domains/system_default/ext.php' not found or unable to stat
[Sat Feb 21 01:06:52.222117 2026] [php:error] [pid 58513] [client 45.67.97.16:0] script '/domains/system_default/infos.php' not found or unable to stat
[Sat Feb 21 01:06:52.251252 2026] [php:error] [pid 58549] [client 45.67.97.16:0] script '/domains/system_suspended/adminfusm.php' not found or unable to stat
[Sat Feb 21 01:06:52.334504 2026] [php:error] [pid 58473] [client 45.67.97.192:0] script '/domains/system_default/style.php' not found or unable to stat
[Sat Feb 21 01:06:52.337605 2026] [php:error] [pid 58469] [client 45.67.97.16:0] script '/domains/pmglobal/byp.php' not found or unable to stat
[Sat Feb 21 01:06:52.358658 2026] [php:error] [pid 58501] [client 45.67.97.15:0] script '/domains/hungariantasteweb/worm.PhP' not found or unable to stat
[Sat Feb 21 01:06:52.360912 2026] [php:error] [pid 58542] [client 45.67.97.16:0] script '/domains/system_suspended/class.api.php' not found or unable to stat
[Sat Feb 21 01:06:52.366627 2026] [php:error] [pid 58522] [client 45.67.97.192:0] script '/domains/antiqueweb1/default.php' not found or unable to stat
[Sat Feb 21 01:06:52.424884 2026] [php:error] [pid 58464] [client 45.67.97.15:0] script '/domains/homesbyaudrey1/contacts.php' not found or unable to stat
[Sat Feb 21 01:06:52.481543 2026] [php:error] [pid 58512] [client 45.67.97.16:0] script '/domains/gohover/wp-user.php' not found or unable to stat
[Sat Feb 21 01:06:52.484157 2026] [php:error] [pid 58490] [client 45.67.97.15:0] script '/domains/nsmd2/wp-signup.php' not found or unable to stat
[Sat Feb 21 01:06:52.496097 2026] [php:error] [pid 58541] [client 45.67.97.17:0] script '/domains/biehlweb/f35_SpaceTn.php' not found or unable to stat
[Sat Feb 21 01:06:52.502559 2026] [php:error] [pid 58439] [client 45.67.97.16:0] script '/domains/bruceweb/moon.php' not found or unable to stat
[Sat Feb 21 01:06:52.505367 2026] [php:error] [pid 58491] [client 45.67.97.192:0] script '/domains/frog.interport1/themes.php' not found or unable to stat
[Sat Feb 21 01:06:52.505767 2026] [php:error] [pid 58545] [client 45.67.97.17:0] script '/domains/system_suspended/customize.php' not found or unable to stat
[Sat Feb 21 01:06:52.538741 2026] [php:error] [pid 58532] [client 45.67.97.17:0] script '/domains/pbuilder/update-core.php' not found or unable to stat
[Sat Feb 21 01:06:52.547761 2026] [php:error] [pid 58527] [client 45.67.97.192:0] script '/domains/testregisgroup/images/wp-aespa.php' not found or unable to stat
[Sat Feb 21 01:06:52.577161 2026] [php:error] [pid 58453] [client 20.194.153.120:0] script '/domains/ebon/av.php' not found or unable to stat
[Sat Feb 21 01:06:52.595688 2026] [php:error] [pid 58509] [client 45.67.97.17:0] script '/domains/hpveweb/mariju.php' not found or unable to stat
[Sat Feb 21 01:06:52.631312 2026] [php:error] [pid 58476] [client 45.67.97.16:0] script '/domains/system_suspended/tiny.php' not found or unable to stat
[Sat Feb 21 01:06:52.634614 2026] [php:error] [pid 58502] [client 45.67.97.16:0] script '/domains/system_default/delpaths.php' not found or unable to stat
[Sat Feb 21 01:06:52.648676 2026] [php:error] [pid 58515] [client 45.67.97.15:0] script '/domains/trodine/new.php' not found or unable to stat
[Sat Feb 21 01:06:52.703553 2026] [php:error] [pid 58538] [client 45.67.97.17:0] script '/domains/bels/hehehehe.php' not found or unable to stat
[Sat Feb 21 01:06:52.802620 2026] [php:error] [pid 58500] [client 45.67.97.15:0] script '/domains/acagolf1/filefuns.php' not found or unable to stat
[Sat Feb 21 01:06:52.806932 2026] [php:error] [pid 58519] [client 45.67.97.192:0] script '/domains/rnachum/makeasmtp.php' not found or unable to stat
[Sat Feb 21 01:06:52.827271 2026] [php:error] [pid 58501] [client 45.67.97.15:0] script '/domains/hungariantasteweb/ext.php' not found or unable to stat
[Sat Feb 21 01:06:52.903492 2026] [php:error] [pid 58464] [client 45.67.97.15:0] script '/domains/homesbyaudrey1/wsa.php' not found or unable to stat
[Sat Feb 21 01:06:52.976337 2026] [php:error] [pid 58491] [client 45.67.97.192:0] script '/domains/frog.interport1/wp-themes.php' not found or unable to stat
[Sat Feb 21 01:06:52.977920 2026] [php:error] [pid 58545] [client 45.67.97.17:0] script '/domains/system_suspended/license.php' not found or unable to stat
[Sat Feb 21 01:06:53.066421 2026] [php:error] [pid 58509] [client 45.67.97.17:0] script '/domains/hpveweb/waf_defender.php' not found or unable to stat
[Sat Feb 21 01:06:53.080724 2026] [php:error] [pid 58453] [client 20.194.153.120:0] script '/domains/ebon/wsd.php' not found or unable to stat
[Sat Feb 21 01:06:53.185910 2026] [php:error] [pid 58547] [client 45.67.97.17:0] script '/domains/familyplayhouse2/webdb.php' not found or unable to stat
[Sat Feb 21 01:06:53.196570 2026] [php:error] [pid 58508] [client 45.67.97.192:0] script '/domains/system_suspended/Sanskrit.php' not found or unable to stat
[Sat Feb 21 01:06:53.246255 2026] [php:error] [pid 58453] [client 20.194.153.120:0] script '/domains/ebon/jane.php' not found or unable to stat
[Sat Feb 21 01:06:53.288079 2026] [php:error] [pid 58526] [client 45.67.97.192:0] script '/domains/sjsachs/x.php' not found or unable to stat
[Sat Feb 21 01:06:53.295483 2026] [php:error] [pid 58501] [client 45.67.97.15:0] script '/domains/hungariantasteweb/delpaths.php' not found or unable to stat
[Sat Feb 21 01:06:53.443288 2026] [php:error] [pid 58506] [client 45.67.97.17:0] script '/domains/system_cancel/inc.php' not found or unable to stat
[Sat Feb 21 01:06:53.483748 2026] [php:error] [pid 58453] [client 20.194.153.120:0] script '/domains/ebon/css.php' not found or unable to stat
[Sat Feb 21 01:06:53.492955 2026] [php:error] [pid 58532] [client 45.67.97.17:0] script '/domains/pbuilder/wp-mail.php' not found or unable to stat
[Sat Feb 21 01:06:53.507875 2026] [php:error] [pid 58474] [client 45.67.97.17:0] script '/domains/magicjim/wp-trackback.php' not found or unable to stat
[Sat Feb 21 01:06:53.562174 2026] [php:error] [pid 58476] [client 45.67.97.16:0] script '/domains/system_suspended/themes.php' not found or unable to stat
[Sat Feb 21 01:06:53.659960 2026] [php:error] [pid 58453] [client 20.194.153.120:0] script '/domains/ebon/alfa.php' not found or unable to stat
[Sat Feb 21 01:06:53.667300 2026] [php:error] [pid 58508] [client 45.67.97.192:0] script '/domains/system_suspended/wp-fmfile.php' not found or unable to stat
[Sat Feb 21 01:06:53.723344 2026] [php:error] [pid 58539] [client 45.67.97.17:0] script '/domains/micra/wp-head.php' not found or unable to stat
[Sat Feb 21 01:06:53.737245 2026] [php:error] [pid 58473] [client 45.67.97.192:0] script '/domains/system_default/x.php' not found or unable to stat
[Sat Feb 21 01:06:53.747847 2026] [php:error] [pid 58500] [client 45.67.97.15:0] script '/domains/acagolf1/l.php' not found or unable to stat
[Sat Feb 21 01:06:53.767246 2026] [php:error] [pid 58542] [client 45.67.97.16:0] script '/domains/system_suspended/system_log.php' not found or unable to stat
[Sat Feb 21 01:06:53.822021 2026] [php:error] [pid 58525] [client 45.67.97.17:0] script '/domains/byardrealestate/class.api.php' not found or unable to stat
[Sat Feb 21 01:06:53.835682 2026] [php:error] [pid 58453] [client 20.194.153.120:0] script '/domains/ebon/wen.php' not found or unable to stat
[Sat Feb 21 01:06:53.892816 2026] [php:error] [pid 58512] [client 45.67.97.16:0] script '/domains/gohover/config.php' not found or unable to stat
[Sat Feb 21 01:06:53.901482 2026] [php:error] [pid 58550] [client 45.67.97.16:0] script '/domains/fbardin/aa.php' not found or unable to stat
[Sat Feb 21 01:06:53.902080 2026] [php:error] [pid 58490] [client 45.67.97.15:0] script '/domains/nsmd2/wp-blog.php' not found or unable to stat
[Sat Feb 21 01:06:53.909533 2026] [php:error] [pid 58439] [client 45.67.97.16:0] script '/domains/bruceweb/webadmin.php' not found or unable to stat
[Sat Feb 21 01:06:53.923252 2026] [php:error] [pid 58545] [client 45.67.97.17:0] script '/domains/system_suspended/lock.php' not found or unable to stat
[Sat Feb 21 01:06:54.000042 2026] [php:error] [pid 58453] [client 20.194.153.120:0] script '/domains/ebon/x.php' not found or unable to stat
[Sat Feb 21 01:06:54.004495 2026] [php:error] [pid 58494] [client 45.67.97.17:0] script '/domains/pookie.dnai/bypass.php' not found or unable to stat
[Sat Feb 21 01:06:54.004822 2026] [php:error] [pid 58509] [client 45.67.97.17:0] script '/domains/hpveweb/av.php' not found or unable to stat
[Sat Feb 21 01:06:54.027337 2026] [php:error] [pid 58476] [client 45.67.97.16:0] script '/domains/system_suspended/wp-themes.php' not found or unable to stat
[Sat Feb 21 01:06:54.059989 2026] [php:error] [pid 58515] [client 45.67.97.15:0] script '/domains/trodine/images/DJP9.php' not found or unable to stat
[Sat Feb 21 01:06:54.113027 2026] [php:error] [pid 58513] [client 45.67.97.16:0] script '/domains/system_default/options-writing.php' not found or unable to stat
[Sat Feb 21 01:06:54.128653 2026] [php:error] [pid 58547] [client 45.67.97.17:0] script '/domains/familyplayhouse2/file2.php' not found or unable to stat
[Sat Feb 21 01:06:54.167292 2026] [php:error] [pid 58453] [client 20.194.153.120:0] script '/domains/ebon/xxxx.php' not found or unable to stat
[Sat Feb 21 01:06:54.215374 2026] [php:error] [pid 58500] [client 45.67.97.15:0] script '/domains/acagolf1/repeater.php' not found or unable to stat
[Sat Feb 21 01:06:54.235097 2026] [php:error] [pid 58542] [client 45.67.97.16:0] script '/domains/system_suspended/.alf.php' not found or unable to stat
[Sat Feb 21 01:06:54.315074 2026] [php:error] [pid 58497] [client 45.67.97.16:0] script '/domains/ferguson.interport/plugin-install.php' not found or unable to stat
[Sat Feb 21 01:06:54.331806 2026] [php:error] [pid 58453] [client 20.194.153.120:0] script '/domains/ebon/class.php' not found or unable to stat
[Sat Feb 21 01:06:54.338810 2026] [php:error] [pid 58533] [client 45.67.97.16:0] script '/domains/memanuel/images/upload.php' not found or unable to stat
[Sat Feb 21 01:06:54.357348 2026] [php:error] [pid 58512] [client 45.67.97.16:0] script '/domains/gohover/special.php' not found or unable to stat
[Sat Feb 21 01:06:54.369880 2026] [php:error] [pid 58550] [client 45.67.97.16:0] script '/domains/fbardin/index2.php' not found or unable to stat
[Sat Feb 21 01:06:54.369933 2026] [php:error] [pid 58535] [client 45.67.97.17:0] script '/domains/proinc/wp-content.php' not found or unable to stat
[Sat Feb 21 01:06:54.391100 2026] [php:error] [pid 58491] [client 45.67.97.192:0] script '/domains/frog.interport1/mariju.php' not found or unable to stat
[Sat Feb 21 01:06:54.442410 2026] [php:error] [pid 58474] [client 45.67.97.17:0] script '/domains/magicjim/radio.php' not found or unable to stat
[Sat Feb 21 01:06:54.472160 2026] [php:error] [pid 58494] [client 45.67.97.17:0] script '/domains/pookie.dnai/class.php' not found or unable to stat
[Sat Feb 21 01:06:54.496073 2026] [php:error] [pid 58453] [client 20.194.153.120:0] script '/domains/ebon/f35.php' not found or unable to stat
[Sat Feb 21 01:06:54.548702 2026] [php:error] [pid 58543] [client 45.67.97.192:0] script '/domains/perless2web/init.php' not found or unable to stat
[Sat Feb 21 01:06:54.577272 2026] [php:error] [pid 58482] [client 45.67.97.16:0] script '/domains/astweb/edit.php' not found or unable to stat
[Sat Feb 21 01:06:54.585448 2026] [php:error] [pid 58513] [client 45.67.97.16:0] script '/domains/system_default/options-reading.php' not found or unable to stat
[Sat Feb 21 01:06:54.643246 2026] [php:error] [pid 58472] [client 45.67.97.17:0] script '/domains/peterbmiller/xex.php' not found or unable to stat
[Sat Feb 21 01:06:54.687261 2026] [php:error] [pid 58526] [client 45.67.97.192:0] script '/domains/sjsachs/images/index22.php' not found or unable to stat
[Sat Feb 21 01:06:54.702488 2026] [php:error] [pid 58542] [client 45.67.97.16:0] script '/domains/system_suspended/wso.php' not found or unable to stat
[Sat Feb 21 01:06:54.807272 2026] [php:error] [pid 58479] [client 45.67.97.15:0] script '/domains/system_default/edit.php' not found or unable to stat
[Sat Feb 21 01:06:54.862359 2026] [php:error] [pid 58491] [client 45.67.97.192:0] script '/domains/frog.interport1/waf_defender.php' not found or unable to stat
[Sat Feb 21 01:06:55.052982 2026] [php:error] [pid 58513] [client 45.67.97.16:0] script '/domains/system_default/wsad.php' not found or unable to stat
[Sat Feb 21 01:06:55.070239 2026] [php:error] [pid 58547] [client 45.67.97.17:0] script '/domains/familyplayhouse2/alfa.php' not found or unable to stat
[Sat Feb 21 01:06:55.130429 2026] [php:error] [pid 58539] [client 45.67.97.17:0] script '/domains/micra/makeasmtp.php' not found or unable to stat
[Sat Feb 21 01:06:55.153757 2026] [php:error] [pid 58526] [client 45.67.97.192:0] script '/domains/sjsachs/wp-user.php' not found or unable to stat
[Sat Feb 21 01:06:55.174896 2026] [php:error] [pid 58522] [client 45.67.97.192:0] script '/domains/antiqueweb1/dropdown.php' not found or unable to stat
[Sat Feb 21 01:06:55.233880 2026] [php:error] [pid 58525] [client 45.67.97.17:0] script '/domains/byardrealestate/system_log.php' not found or unable to stat
[Sat Feb 21 01:06:55.259618 2026] [php:error] [pid 58453] [client 20.194.153.120:0] script '/domains/ebon/class-t.api.php' not found or unable to stat
[Sat Feb 21 01:06:55.262666 2026] [php:error] [pid 58464] [client 45.67.97.15:0] script '/domains/homesbyaudrey1/lv.php' not found or unable to stat
[Sat Feb 21 01:06:55.325225 2026] [php:error] [pid 58524] [client 45.67.97.192:0] script '/domains/tmandel/byp.php' not found or unable to stat
[Sat Feb 21 01:06:55.325778 2026] [php:error] [pid 58439] [client 45.67.97.16:0] script '/domains/bruceweb/xl2023.php' not found or unable to stat
[Sat Feb 21 01:06:55.365932 2026] [php:error] [pid 58470] [client 45.67.97.16:0] script '/domains/system_suspended/xex.php' not found or unable to stat
[Sat Feb 21 01:06:55.427201 2026] [php:error] [pid 58453] [client 20.194.153.120:0] script '/domains/ebon/blurbs18.php' not found or unable to stat
[Sat Feb 21 01:06:55.428080 2026] [php:error] [pid 58476] [client 45.67.97.16:0] script '/domains/system_suspended/mariju.php' not found or unable to stat
[Sat Feb 21 01:06:55.447675 2026] [php:error] [pid 58502] [client 45.67.97.16:0] script '/domains/system_default/gifclass.php' not found or unable to stat
[Sat Feb 21 01:06:55.468220 2026] [php:error] [pid 58515] [client 45.67.97.15:0] script '/domains/trodine/natural.php' not found or unable to stat
[Sat Feb 21 01:06:55.514337 2026] [php:error] [pid 58482] [client 45.67.97.16:0] script '/domains/astweb/cgi-bin/autoload_classmap.php' not found or unable to stat
[Sat Feb 21 01:06:55.521342 2026] [php:error] [pid 58513] [client 45.67.97.16:0] script '/domains/system_default/nation.php' not found or unable to stat
[Sat Feb 21 01:06:55.544669 2026] [php:error] [pid 58508] [client 45.67.97.192:0] script '/domains/system_suspended/memberfuns.php' not found or unable to stat
[Sat Feb 21 01:06:55.596190 2026] [php:error] [pid 58473] [client 45.67.97.192:0] script '/domains/system_default/wp-user.php' not found or unable to stat
[Sat Feb 21 01:06:55.619562 2026] [php:error] [pid 58500] [client 45.67.97.15:0] script '/domains/acagolf1/contacts.php' not found or unable to stat
[Sat Feb 21 01:06:55.640182 2026] [php:error] [pid 58542] [client 45.67.97.16:0] script '/domains/system_suspended/flower.php' not found or unable to stat
[Sat Feb 21 01:06:55.642390 2026] [php:error] [pid 58522] [client 45.67.97.192:0] script '/domains/antiqueweb1/images/admin.php' not found or unable to stat
[Sat Feb 21 01:06:55.702699 2026] [php:error] [pid 58525] [client 45.67.97.17:0] script '/domains/byardrealestate/.alf.php' not found or unable to stat
[Sat Feb 21 01:06:55.716544 2026] [php:error] [pid 58507] [client 45.67.97.192:0] script '/domains/windsorweb/ff2.php' not found or unable to stat
[Sat Feb 21 01:06:55.797947 2026] [php:error] [pid 58490] [client 45.67.97.15:0] script '/domains/nsmd2/wp-l0gin.php' not found or unable to stat
[Sat Feb 21 01:06:55.802843 2026] [php:error] [pid 58439] [client 45.67.97.16:0] script '/domains/bruceweb/go.php' not found or unable to stat
[Sat Feb 21 01:06:55.804020 2026] [php:error] [pid 58491] [client 45.67.97.192:0] script '/domains/frog.interport1/av.php' not found or unable to stat
[Sat Feb 21 01:06:55.902173 2026] [php:error] [pid 58476] [client 45.67.97.16:0] script '/domains/system_suspended/waf_defender.php' not found or unable to stat
[Sat Feb 21 01:06:55.918579 2026] [php:error] [pid 58502] [client 45.67.97.16:0] script '/domains/system_default/plugin.php' not found or unable to stat
[Sat Feb 21 01:06:55.929857 2026] [php:error] [pid 58531] [client 45.67.97.16:0] script '/domains/csiniaws/webdb.php' not found or unable to stat
[Sat Feb 21 01:06:55.936969 2026] [php:error] [pid 58515] [client 45.67.97.15:0] script '/domains/trodine/item.php' not found or unable to stat
[Sat Feb 21 01:06:55.983661 2026] [php:error] [pid 58482] [client 45.67.97.16:0] script '/domains/astweb/wp-links-opml.php' not found or unable to stat
[Sat Feb 21 01:06:56.013434 2026] [php:error] [pid 58508] [client 45.67.97.192:0] script '/domains/system_suspended/infos.php' not found or unable to stat
[Sat Feb 21 01:06:56.089223 2026] [php:error] [pid 58500] [client 45.67.97.15:0] script '/domains/acagolf1/wsa.php' not found or unable to stat
[Sat Feb 21 01:06:56.093148 2026] [php:error] [pid 58469] [client 45.67.97.16:0] script '/domains/pmglobal/class.api.php' not found or unable to stat
[Sat Feb 21 01:06:56.109005 2026] [php:error] [pid 58501] [client 45.67.97.15:0] script '/domains/hungariantasteweb/gifclass.php' not found or unable to stat
[Sat Feb 21 01:06:56.113148 2026] [php:error] [pid 58522] [client 45.67.97.192:0] script '/domains/antiqueweb1/db.php' not found or unable to stat
[Sat Feb 21 01:06:56.154220 2026] [php:error] [pid 58480] [client 45.67.97.192:0] script '/domains/druckrey/xex.php' not found or unable to stat
[Sat Feb 21 01:06:56.177039 2026] [php:error] [pid 58525] [client 45.67.97.17:0] script '/domains/byardrealestate/wso.php' not found or unable to stat
[Sat Feb 21 01:06:56.228466 2026] [php:error] [pid 58479] [client 45.67.97.15:0] script '/domains/system_default/wp-links-opml.php' not found or unable to stat
[Sat Feb 21 01:06:56.317681 2026] [php:error] [pid 58474] [client 45.67.97.17:0] script '/domains/magicjim/wp-conflg.php' not found or unable to stat
[Sat Feb 21 01:06:56.536699 2026] [php:error] [pid 58539] [client 45.67.97.17:0] script '/domains/micra/images/bypass.php' not found or unable to stat
[Sat Feb 21 01:06:56.558634 2026] [php:error] [pid 58526] [client 45.67.97.192:0] script '/domains/sjsachs/config.php' not found or unable to stat
[Sat Feb 21 01:06:56.585902 2026] [php:error] [pid 58501] [client 45.67.97.15:0] script '/domains/hungariantasteweb/plugin.php' not found or unable to stat
[Sat Feb 21 01:06:56.715871 2026] [php:error] [pid 58453] [client 20.194.153.120:0] script '/domains/ebon/bless11.php' not found or unable to stat
[Sat Feb 21 01:06:56.732499 2026] [php:error] [pid 58550] [client 45.67.97.16:0] script '/domains/fbardin/shell.php' not found or unable to stat
[Sat Feb 21 01:06:56.735229 2026] [php:error] [pid 58490] [client 45.67.97.15:0] script '/domains/nsmd2/new.php' not found or unable to stat
[Sat Feb 21 01:06:56.735789 2026] [php:error] [pid 58535] [client 45.67.97.17:0] script '/domains/proinc/customize.php' not found or unable to stat
[Sat Feb 21 01:06:56.787543 2026] [php:error] [pid 58474] [client 45.67.97.17:0] script '/domains/magicjim/wp-setup.php' not found or unable to stat
[Sat Feb 21 01:06:56.836024 2026] [php:error] [pid 58476] [client 45.67.97.16:0] script '/domains/system_suspended/av.php' not found or unable to stat
[Sat Feb 21 01:06:56.858450 2026] [php:error] [pid 58502] [client 45.67.97.16:0] script '/domains/system_default/update-core.php' not found or unable to stat
[Sat Feb 21 01:06:56.871458 2026] [php:error] [pid 58531] [client 45.67.97.16:0] script '/domains/csiniaws/file2.php' not found or unable to stat
[Sat Feb 21 01:06:56.885933 2026] [php:error] [pid 58453] [client 20.194.153.120:0] script '/domains/ebon/init.php' not found or unable to stat
[Sat Feb 21 01:06:56.920596 2026] [php:error] [pid 58482] [client 45.67.97.16:0] script '/domains/astweb/atomlib.php' not found or unable to stat
[Sat Feb 21 01:06:56.985961 2026] [php:error] [pid 58472] [client 45.67.97.17:0] script '/domains/peterbmiller/wp-head.php' not found or unable to stat
[Sat Feb 21 01:06:57.002364 2026] [php:error] [pid 58473] [client 45.67.97.192:0] script '/domains/system_default/config.php' not found or unable to stat
[Sat Feb 21 01:06:57.034634 2026] [php:error] [pid 58526] [client 45.67.97.192:0] script '/domains/sjsachs/special.php' not found or unable to stat
[Sat Feb 21 01:06:57.115685 2026] [php:error] [pid 58525] [client 45.67.97.17:0] script '/domains/byardrealestate/flower.php' not found or unable to stat
[Sat Feb 21 01:06:57.171026 2026] [php:error] [pid 58479] [client 45.67.97.15:0] script '/domains/system_default/atomlib.php' not found or unable to stat
[Sat Feb 21 01:06:57.203058 2026] [php:error] [pid 58535] [client 45.67.97.17:0] script '/domains/proinc/license.php' not found or unable to stat
[Sat Feb 21 01:06:57.220372 2026] [php:error] [pid 58548] [client 45.67.97.192:0] script '/domains/jaspen/wp-content.php' not found or unable to stat
[Sat Feb 21 01:06:57.223882 2026] [php:error] [pid 58545] [client 45.67.97.17:0] script '/domains/system_suspended/wp-good.php' not found or unable to stat
[Sat Feb 21 01:06:57.230194 2026] [php:error] [pid 58453] [client 20.194.153.120:0] script '/domains/ebon/k.php' not found or unable to stat
[Sat Feb 21 01:06:57.258827 2026] [php:error] [pid 58474] [client 45.67.97.17:0] script '/domains/magicjim/ms-themes.php' not found or unable to stat
[Sat Feb 21 01:06:57.419030 2026] [php:error] [pid 58453] [client 20.194.153.120:0] script '/domains/ebon/bless.php' not found or unable to stat
[Sat Feb 21 01:06:57.470222 2026] [php:error] [pid 58473] [client 45.67.97.192:0] script '/domains/system_default/special.php' not found or unable to stat
[Sat Feb 21 01:06:57.512578 2026] [php:error] [pid 58469] [client 45.67.97.16:0] script '/domains/pmglobal/system_log.php' not found or unable to stat
[Sat Feb 21 01:06:57.524653 2026] [php:error] [pid 58501] [client 45.67.97.15:0] script '/domains/hungariantasteweb/update-core.php' not found or unable to stat
[Sat Feb 21 01:06:57.583576 2026] [php:error] [pid 58453] [client 20.194.153.120:0] script '/domains/ebon/X7x.php' not found or unable to stat
[Sat Feb 21 01:06:57.668295 2026] [php:error] [pid 58540] [client 45.67.97.17:0] script '/domains/braniff/inc.php' not found or unable to stat
[Sat Feb 21 01:06:57.715352 2026] [php:error] [pid 58470] [client 45.67.97.16:0] script '/domains/system_suspended/wp-head.php' not found or unable to stat
[Sat Feb 21 01:06:57.753185 2026] [php:error] [pid 58453] [client 20.194.153.120:0] script '/domains/ebon/166.php' not found or unable to stat
[Sat Feb 21 01:06:57.784221 2026] [php:error] [pid 58494] [client 45.67.97.17:0] script '/domains/pookie.dnai/init.php' not found or unable to stat
[Sat Feb 21 01:06:57.792940 2026] [php:error] [pid 58488] [client 45.67.97.16:0] script '/domains/fdcarter/tox.php' not found or unable to stat
[Sat Feb 21 01:06:57.796906 2026] [php:error] [pid 58502] [client 45.67.97.16:0] script '/domains/system_default/wp-mail.php' not found or unable to stat
[Sat Feb 21 01:06:57.824701 2026] [php:error] [pid 58531] [client 45.67.97.16:0] script '/domains/csiniaws/alfa.php' not found or unable to stat
[Sat Feb 21 01:06:57.824953 2026] [php:error] [pid 58542] [client 45.67.97.16:0] script '/domains/system_suspended/ioxi-o.php' not found or unable to stat
[Sat Feb 21 01:06:57.870340 2026] [php:error] [pid 58513] [client 45.67.97.16:0] script '/domains/system_default/wp-atomx.php' not found or unable to stat
[Sat Feb 21 01:06:57.920398 2026] [php:error] [pid 58453] [client 20.194.153.120:0] script '/domains/ebon/plss3.php' not found or unable to stat
[Sat Feb 21 01:06:57.982177 2026] [php:error] [pid 58469] [client 45.67.97.16:0] script '/domains/pmglobal/.alf.php' not found or unable to stat
[Sat Feb 21 01:06:58.016287 2026] [php:error] [pid 58507] [client 45.67.97.192:0] script '/domains/windsorweb/jp.php' not found or unable to stat
[Sat Feb 21 01:06:58.146866 2026] [php:error] [pid 58535] [client 45.67.97.17:0] script '/domains/proinc/lock.php' not found or unable to stat
[Sat Feb 21 01:06:58.148607 2026] [php:error] [pid 58490] [client 45.67.97.15:0] script '/domains/nsmd2/images/DJP9.php' not found or unable to stat
[Sat Feb 21 01:06:58.203966 2026] [php:error] [pid 58474] [client 45.67.97.17:0] script '/domains/magicjim/style.php' not found or unable to stat
[Sat Feb 21 01:06:58.215111 2026] [php:error] [pid 58508] [client 45.67.97.192:0] script '/domains/system_suspended/options-writing.php' not found or unable to stat
[Sat Feb 21 01:06:58.263654 2026] [php:error] [pid 58453] [client 20.194.153.120:0] script '/domains/ebon/admins.php' not found or unable to stat
[Sat Feb 21 01:06:58.264676 2026] [php:error] [pid 58541] [client 45.67.97.17:0] script '/domains/biehlweb/gm.php' not found or unable to stat
[Sat Feb 21 01:06:58.300341 2026] [php:error] [pid 58542] [client 45.67.97.16:0] script '/domains/system_suspended/info.php' not found or unable to stat
[Sat Feb 21 01:06:58.308922 2026] [php:error] [pid 58543] [client 45.67.97.192:0] script '/domains/perless2web/adminfuns.php' not found or unable to stat
[Sat Feb 21 01:06:58.340579 2026] [php:error] [pid 58513] [client 45.67.97.16:0] script '/domains/system_default/admin-footer.php' not found or unable to stat
[Sat Feb 21 01:06:58.355812 2026] [php:error] [pid 58549] [client 45.67.97.16:0] script '/domains/system_suspended/f35_SpaceTn.php' not found or unable to stat
[Sat Feb 21 01:06:58.428358 2026] [php:error] [pid 58453] [client 20.194.153.120:0] script '/domains/ebon/wp.php' not found or unable to stat
[Sat Feb 21 01:06:58.447230 2026] [php:error] [pid 58500] [client 45.67.97.15:0] script '/domains/acagolf1/lv.php' not found or unable to stat
[Sat Feb 21 01:06:58.450160 2026] [php:error] [pid 58469] [client 45.67.97.16:0] script '/domains/pmglobal/wso.php' not found or unable to stat
[Sat Feb 21 01:06:58.461677 2026] [php:error] [pid 58501] [client 45.67.97.15:0] script '/domains/hungariantasteweb/wp-mail.php' not found or unable to stat
[Sat Feb 21 01:06:58.478207 2026] [php:error] [pid 58480] [client 45.67.97.192:0] script '/domains/druckrey/wp-head.php' not found or unable to stat
[Sat Feb 21 01:06:58.488893 2026] [php:error] [pid 58507] [client 45.67.97.192:0] script '/domains/windsorweb/wp-atom.php' not found or unable to stat
[Sat Feb 21 01:06:58.598753 2026] [php:error] [pid 58453] [client 20.194.153.120:0] script '/domains/ebon/main.php' not found or unable to stat
[Sat Feb 21 01:06:58.602803 2026] [php:error] [pid 58540] [client 45.67.97.17:0] script '/domains/braniff/filemanager.php' not found or unable to stat
[Sat Feb 21 01:06:58.615661 2026] [php:error] [pid 58529] [client 45.67.97.192:0] script '/domains/pbuilder/assets/bypass.php' not found or unable to stat
[Sat Feb 21 01:06:58.686798 2026] [php:error] [pid 58508] [client 45.67.97.192:0] script '/domains/system_suspended/options-reading.php' not found or unable to stat
[Sat Feb 21 01:06:58.727135 2026] [php:error] [pid 58520] [client 45.67.97.15:0] script '/domains/hpveweb/theme.php' not found or unable to stat
[Sat Feb 21 01:06:58.776905 2026] [php:error] [pid 58542] [client 45.67.97.16:0] script '/domains/system_suspended/setup.php' not found or unable to stat
[Sat Feb 21 01:06:58.844021 2026] [php:error] [pid 58453] [client 20.194.153.120:0] script '/domains/ebon/a1.php' not found or unable to stat
[Sat Feb 21 01:06:58.888529 2026] [php:error] [pid 58472] [client 45.67.97.17:0] script '/domains/peterbmiller/makeasmtp.php' not found or unable to stat
[Sat Feb 21 01:06:58.921245 2026] [php:error] [pid 58500] [client 45.67.97.15:0] script '/domains/acagolf1/images/js1.php' not found or unable to stat
[Sat Feb 21 01:06:58.997487 2026] [php:error] [pid 58525] [client 45.67.97.17:0] script '/domains/byardrealestate/ioxi-o.php' not found or unable to stat
[Sat Feb 21 01:06:59.016450 2026] [php:error] [pid 58453] [client 20.194.153.120:0] script '/domains/ebon/lala.php' not found or unable to stat
[Sat Feb 21 01:06:59.080163 2026] [php:error] [pid 58550] [client 45.67.97.16:0] script '/domains/fbardin/hehe.php' not found or unable to stat
[Sat Feb 21 01:06:59.083496 2026] [php:error] [pid 58529] [client 45.67.97.192:0] script '/domains/pbuilder/aa.php' not found or unable to stat
[Sat Feb 21 01:06:59.084767 2026] [php:error] [pid 58524] [client 45.67.97.192:0] script '/domains/tmandel/class.api.php' not found or unable to stat
[Sat Feb 21 01:06:59.181161 2026] [php:error] [pid 58453] [client 20.194.153.120:0] script '/domains/ebon/aaa.php' not found or unable to stat
[Sat Feb 21 01:06:59.200299 2026] [php:error] [pid 58541] [client 45.67.97.17:0] script '/domains/biehlweb/js/content-type.php' not found or unable to stat
[Sat Feb 21 01:06:59.246630 2026] [php:error] [pid 58543] [client 45.67.97.192:0] script '/domains/perless2web/wp_wlx.php' not found or unable to stat
[Sat Feb 21 01:06:59.265631 2026] [php:error] [pid 58482] [client 45.67.97.16:0] script '/domains/astweb/xp.php' not found or unable to stat
[Sat Feb 21 01:06:59.284043 2026] [php:error] [pid 58513] [client 45.67.97.16:0] script '/domains/system_default/XxX.php' not found or unable to stat
[Sat Feb 21 01:06:59.349314 2026] [php:error] [pid 58453] [client 20.194.153.120:0] script '/domains/ebon/a2.php' not found or unable to stat
[Sat Feb 21 01:06:59.392318 2026] [php:error] [pid 58469] [client 45.67.97.16:0] script '/domains/pmglobal/flower.php' not found or unable to stat
[Sat Feb 21 01:06:59.438287 2026] [php:error] [pid 58507] [client 45.67.97.192:0] script '/domains/windsorweb/up.php' not found or unable to stat
[Sat Feb 21 01:06:59.466027 2026] [php:error] [pid 58525] [client 45.67.97.17:0] script '/domains/byardrealestate/info.php' not found or unable to stat
[Sat Feb 21 01:06:59.528743 2026] [php:error] [pid 58470] [client 45.67.97.16:0] script '/domains/system_suspended/makeasmtp.php' not found or unable to stat
[Sat Feb 21 01:06:59.529820 2026] [php:error] [pid 58479] [client 45.67.97.15:0] script '/domains/system_default/xp.php' not found or unable to stat
[Sat Feb 21 01:06:59.550810 2026] [php:error] [pid 58529] [client 45.67.97.192:0] script '/domains/pbuilder/index2.php' not found or unable to stat
[Sat Feb 21 01:06:59.552385 2026] [php:error] [pid 58490] [client 45.67.97.15:0] script '/domains/nsmd2/natural.php' not found or unable to stat
[Sat Feb 21 01:06:59.571284 2026] [php:error] [pid 58547] [client 45.67.97.17:0] script '/domains/familyplayhouse2/edit.php' not found or unable to stat
[Sat Feb 21 01:06:59.571438 2026] [php:error] [pid 58508] [client 45.67.97.192:0] script '/domains/system_suspended/wsad.php' not found or unable to stat
[Sat Feb 21 01:06:59.679522 2026] [php:error] [pid 58453] [client 20.194.153.120:0] script '/domains/ebon/jsond.php' not found or unable to stat
[Sat Feb 21 01:06:59.687620 2026] [php:error] [pid 58488] [client 45.67.97.16:0] script '/domains/fdcarter/tiny.php' not found or unable to stat
[Sat Feb 21 01:06:59.880065 2026] [php:error] [pid 58480] [client 45.67.97.192:0] script '/domains/druckrey/makeasmtp.php' not found or unable to stat
[Sat Feb 21 01:06:59.941775 2026] [php:error] [pid 58525] [client 45.67.97.17:0] script '/domains/byardrealestate/setup.php' not found or unable to stat
[Sat Feb 21 01:06:59.957719 2026] [php:error] [pid 58548] [client 45.67.97.192:0] script '/domains/jaspen/customize.php' not found or unable to stat
[Sat Feb 21 01:06:59.962495 2026] [php:error] [pid 58532] [client 45.67.97.17:0] script '/domains/gohover/webdb.php' not found or unable to stat
[Sat Feb 21 01:07:00.013350 2026] [php:error] [pid 58474] [client 45.67.97.17:0] script '/domains/magicjim/x.php' not found or unable to stat
[Sat Feb 21 01:07:00.020169 2026] [php:error] [pid 58490] [client 45.67.97.15:0] script '/domains/nsmd2/item.php' not found or unable to stat
[Sat Feb 21 01:07:00.038886 2026] [php:error] [pid 58508] [client 45.67.97.192:0] script '/domains/system_suspended/nation.php' not found or unable to stat
[Sat Feb 21 01:07:00.140462 2026] [php:error] [pid 58520] [client 45.67.97.15:0] script '/domains/hpveweb/Simple.php' not found or unable to stat
[Sat Feb 21 01:07:00.298859 2026] [php:error] [pid 58472] [client 45.67.97.17:0] script '/domains/peterbmiller/images/bypass.php' not found or unable to stat
[Sat Feb 21 01:07:00.482410 2026] [php:error] [pid 58550] [client 45.67.97.16:0] script '/domains/fbardin/dir.php' not found or unable to stat
[Sat Feb 21 01:07:00.490385 2026] [php:error] [pid 58524] [client 45.67.97.192:0] script '/domains/tmandel/system_log.php' not found or unable to stat
[Sat Feb 21 01:07:00.506147 2026] [php:error] [pid 58509] [client 45.67.97.16:0] script '/domains/frog.interport1/theme.php' not found or unable to stat
[Sat Feb 21 01:07:00.507418 2026] [php:error] [pid 58547] [client 45.67.97.17:0] script '/domains/familyplayhouse2/cgi-bin/autoload_classmap.php' not found or unable to stat
[Sat Feb 21 01:07:00.631285 2026] [php:error] [pid 58488] [client 45.67.97.16:0] script '/domains/fdcarter/themes.php' not found or unable to stat
[Sat Feb 21 01:07:00.656672 2026] [php:error] [pid 58543] [client 45.67.97.192:0] script '/domains/perless2web/wp.php' not found or unable to stat
[Sat Feb 21 01:07:00.683941 2026] [php:error] [pid 58482] [client 45.67.97.16:0] script '/domains/astweb/wp-links.php' not found or unable to stat
[Sat Feb 21 01:07:00.745263 2026] [php:error] [pid 58522] [client 45.67.97.192:0] script '/domains/antiqueweb1/install.php' not found or unable to stat
[Sat Feb 21 01:07:00.781598 2026] [php:error] [pid 58551] [client 45.67.97.16:0] script '/domains/sjsachs/cgi-bin/class.api.php' not found or unable to stat
[Sat Feb 21 01:07:00.842089 2026] [php:error] [pid 58519] [client 45.67.97.192:0] script '/domains/rnachum/click.php' not found or unable to stat
[Sat Feb 21 01:07:00.875140 2026] [php:error] [pid 58533] [client 45.67.97.16:0] script '/domains/memanuel/classwithtostring.php' not found or unable to stat
[Sat Feb 21 01:07:00.902936 2026] [php:error] [pid 58532] [client 45.67.97.17:0] script '/domains/gohover/file2.php' not found or unable to stat
[Sat Feb 21 01:07:00.946599 2026] [php:error] [pid 58479] [client 45.67.97.15:0] script '/domains/system_default/wp-links.php' not found or unable to stat
[Sat Feb 21 01:07:00.962977 2026] [php:error] [pid 58524] [client 45.67.97.192:0] script '/domains/tmandel/.alf.php' not found or unable to stat
[Sat Feb 21 01:07:00.975913 2026] [php:error] [pid 58547] [client 45.67.97.17:0] script '/domains/familyplayhouse2/wp-links-opml.php' not found or unable to stat
[Sat Feb 21 01:07:01.053394 2026] [php:error] [pid 58493] [client 45.67.97.17:0] script '/domains/testregisgroup/Sanskrit.php' not found or unable to stat
[Sat Feb 21 01:07:01.077093 2026] [php:error] [pid 58548] [client 45.67.97.192:0] script '/domains/jaspen/license.php' not found or unable to stat
[Sat Feb 21 01:07:01.128384 2026] [php:error] [pid 58488] [client 45.67.97.16:0] script '/domains/fdcarter/wp-themes.php' not found or unable to stat
[Sat Feb 21 01:07:01.138264 2026] [php:error] [pid 58542] [client 45.67.97.16:0] script '/domains/system_suspended/as.php' not found or unable to stat
[Sat Feb 21 01:07:01.187628 2026] [php:error] [pid 58504] [client 45.67.97.15:0] script '/domains/resourceandeventweb/Sanskrit.php' not found or unable to stat
[Sat Feb 21 01:07:01.296794 2026] [php:error] [pid 58469] [client 45.67.97.16:0] script '/domains/pmglobal/ioxi-o.php' not found or unable to stat
[Sat Feb 21 01:07:01.413076 2026] [php:error] [pid 58540] [client 45.67.97.17:0] script '/domains/braniff/function.php' not found or unable to stat
[Sat Feb 21 01:07:01.420259 2026] [php:error] [pid 58535] [client 45.67.97.17:0] script '/domains/proinc/wp-good.php' not found or unable to stat
[Sat Feb 21 01:07:01.430661 2026] [php:error] [pid 58524] [client 45.67.97.192:0] script '/domains/tmandel/wso.php' not found or unable to stat
[Sat Feb 21 01:07:01.521509 2026] [php:error] [pid 58493] [client 45.67.97.17:0] script '/domains/testregisgroup/wp-fmfile.php' not found or unable to stat
[Sat Feb 21 01:07:01.584479 2026] [php:error] [pid 58494] [client 45.67.97.17:0] script '/domains/pookie.dnai/adminfuns.php' not found or unable to stat
[Sat Feb 21 01:07:01.599453 2026] [php:error] [pid 58546] [client 45.67.97.192:0] script '/domains/trodine/default.php' not found or unable to stat
[Sat Feb 21 01:07:01.606078 2026] [php:error] [pid 58542] [client 45.67.97.16:0] script '/domains/system_suspended/cc.php' not found or unable to stat
[Sat Feb 21 01:07:01.610245 2026] [php:error] [pid 58531] [client 45.67.97.16:0] script '/domains/csiniaws/edit.php' not found or unable to stat
[Sat Feb 21 01:07:01.610648 2026] [php:error] [pid 58545] [client 45.67.97.17:0] script '/domains/system_suspended/ff2.php' not found or unable to stat
[Sat Feb 21 01:07:01.654894 2026] [php:error] [pid 58504] [client 45.67.97.15:0] script '/domains/resourceandeventweb/wp-fmfile.php' not found or unable to stat
[Sat Feb 21 01:07:01.680675 2026] [php:error] [pid 58522] [client 45.67.97.192:0] script '/domains/antiqueweb1/images/class-config.php' not found or unable to stat
[Sat Feb 21 01:07:01.767209 2026] [php:error] [pid 58469] [client 45.67.97.16:0] script '/domains/pmglobal/info.php' not found or unable to stat
[Sat Feb 21 01:07:01.842889 2026] [php:error] [pid 58464] [client 45.67.97.192:0] script '/domains/homesbyaudrey1/tox.php' not found or unable to stat
[Sat Feb 21 01:07:01.889360 2026] [php:error] [pid 58474] [client 45.67.97.17:0] script '/domains/magicjim/wp-user.php' not found or unable to stat
[Sat Feb 21 01:07:01.897157 2026] [php:error] [pid 58529] [client 45.67.97.192:0] script '/domains/pbuilder/shell.php' not found or unable to stat
[Sat Feb 21 01:07:01.920812 2026] [php:error] [pid 58509] [client 45.67.97.16:0] script '/domains/frog.interport1/Simple.php' not found or unable to stat
[Sat Feb 21 01:07:01.927363 2026] [php:error] [pid 58547] [client 45.67.97.17:0] script '/domains/familyplayhouse2/atomlib.php' not found or unable to stat
[Sat Feb 21 01:07:02.006561 2026] [php:error] [pid 58548] [client 45.67.97.192:0] script '/domains/jaspen/lock.php' not found or unable to stat
[Sat Feb 21 01:07:02.070075 2026] [php:error] [pid 58543] [client 45.67.97.192:0] script '/domains/perless2web/wp-header.php' not found or unable to stat
[Sat Feb 21 01:07:02.120023 2026] [php:error] [pid 58526] [client 45.67.97.16:0] script '/domains/system_suspended/theme.php' not found or unable to stat
[Sat Feb 21 01:07:02.235318 2026] [php:error] [pid 58469] [client 45.67.97.16:0] script '/domains/pmglobal/setup.php' not found or unable to stat
[Sat Feb 21 01:07:02.258024 2026] [php:error] [pid 58532] [client 45.67.97.17:0] script '/domains/gohover/alfa.php' not found or unable to stat
[Sat Feb 21 01:07:02.274715 2026] [php:error] [pid 58507] [client 45.67.97.192:0] script '/domains/windsorweb/worm.PhP' not found or unable to stat
[Sat Feb 21 01:07:02.287733 2026] [php:error] [pid 58533] [client 45.67.97.16:0] script '/domains/memanuel/tinyfilemanager.php' not found or unable to stat
[Sat Feb 21 01:07:02.296922 2026] [php:error] [pid 58525] [client 45.67.97.17:0] script '/domains/byardrealestate/as.php' not found or unable to stat
[Sat Feb 21 01:07:02.355724 2026] [php:error] [pid 58540] [client 45.67.97.17:0] script '/domains/braniff/wp-signup.php' not found or unable to stat
[Sat Feb 21 01:07:02.359357 2026] [php:error] [pid 58550] [client 45.67.97.16:0] script '/domains/fbardin/nf_tracking.php' not found or unable to stat
[Sat Feb 21 01:07:02.368750 2026] [php:error] [pid 58524] [client 45.67.97.192:0] script '/domains/tmandel/flower.php' not found or unable to stat
[Sat Feb 21 01:07:02.398082 2026] [php:error] [pid 58508] [client 45.67.97.192:0] script '/domains/system_suspended/wp-atomx.php' not found or unable to stat
[Sat Feb 21 01:07:02.527501 2026] [php:error] [pid 58494] [client 45.67.97.17:0] script '/domains/pookie.dnai/wp_wlx.php' not found or unable to stat
[Sat Feb 21 01:07:02.541045 2026] [php:error] [pid 58542] [client 45.67.97.16:0] script '/domains/system_suspended/ab.php' not found or unable to stat
[Sat Feb 21 01:07:02.541685 2026] [php:error] [pid 58488] [client 45.67.97.16:0] script '/domains/fdcarter/mariju.php' not found or unable to stat
[Sat Feb 21 01:07:02.665503 2026] [php:error] [pid 58551] [client 45.67.97.16:0] script '/domains/sjsachs/webdb.php' not found or unable to stat
[Sat Feb 21 01:07:02.747469 2026] [php:error] [pid 58507] [client 45.67.97.192:0] script '/domains/windsorweb/ext.php' not found or unable to stat
[Sat Feb 21 01:07:02.765647 2026] [php:error] [pid 58525] [client 45.67.97.17:0] script '/domains/byardrealestate/cc.php' not found or unable to stat
[Sat Feb 21 01:07:02.784934 2026] [php:error] [pid 58506] [client 45.67.97.17:0] script '/domains/system_cancel/new.php' not found or unable to stat
[Sat Feb 21 01:07:02.874025 2026] [php:error] [pid 58508] [client 45.67.97.192:0] script '/domains/system_suspended/admin-footer.php' not found or unable to stat
[Sat Feb 21 01:07:03.005964 2026] [php:error] [pid 58543] [client 45.67.97.192:0] script '/domains/perless2web/Marvins.php' not found or unable to stat
[Sat Feb 21 01:07:03.012076 2026] [php:error] [pid 58488] [client 45.67.97.16:0] script '/domains/fdcarter/waf_defender.php' not found or unable to stat
[Sat Feb 21 01:07:03.026536 2026] [php:error] [pid 58531] [client 45.67.97.16:0] script '/domains/csiniaws/wp-links-opml.php' not found or unable to stat
