[Sat Feb 21 01:09:34.505492 2026] [php:error] [pid 58506] [client 45.67.97.17:0] script '/domains/astweb/wp-fmfile.php' not found or unable to stat
[Sat Feb 21 01:09:34.530813 2026] [php:error] [pid 58573] [client 45.67.97.192:0] script '/domains/perless2web/tox.php' not found or unable to stat
[Sat Feb 21 01:09:34.531733 2026] [php:error] [pid 58592] [client 45.67.97.15:0] script '/domains/fbardin/page.php' not found or unable to stat
[Sat Feb 21 01:09:34.532925 2026] [php:error] [pid 58589] [client 45.67.97.192:0] script '/domains/system_default/setup.php' not found or unable to stat
[Sat Feb 21 01:09:34.533257 2026] [php:error] [pid 58620] [client 45.67.97.15:0] script '/domains/rnachum/top.php' not found or unable to stat
[Sat Feb 21 01:09:34.545371 2026] [php:error] [pid 58579] [client 45.67.97.192:0] script '/domains/bfitpro2/function.php' not found or unable to stat
[Sat Feb 21 01:09:34.569180 2026] [php:error] [pid 58509] [client 45.67.97.16:0] script '/domains/quintet/class.php' not found or unable to stat
[Sat Feb 21 01:09:34.614723 2026] [php:error] [pid 58555] [client 45.67.97.17:0] script '/domains/tbarnhil/wp-class.php' not found or unable to stat
[Sat Feb 21 01:09:34.614984 2026] [php:error] [pid 58605] [client 45.67.97.17:0] script '/domains/tmandel/click.php' not found or unable to stat
[Sat Feb 21 01:09:34.685192 2026] [php:error] [pid 58590] [client 45.67.97.192:0] script '/domains/fdcarter/wp-error_log.php' not found or unable to stat
[Sat Feb 21 01:09:34.692222 2026] [php:error] [pid 58504] [client 45.67.97.17:0] script '/domains/icrse/function.php' not found or unable to stat
[Sat Feb 21 01:09:34.701976 2026] [php:error] [pid 58522] [client 45.67.97.16:0] script '/domains/trodine/index2.php' not found or unable to stat
[Sat Feb 21 01:09:34.732321 2026] [php:error] [pid 58582] [client 45.67.97.192:0] script '/domains/bels/wp-head.php' not found or unable to stat
[Sat Feb 21 01:09:34.751517 2026] [php:error] [pid 58550] [client 45.67.97.192:0] script '/domains/dcoffman/classwithtostring.php' not found or unable to stat
[Sat Feb 21 01:09:34.751734 2026] [php:error] [pid 58568] [client 45.67.97.17:0] script '/domains/fryer/filemanager.php' not found or unable to stat
[Sat Feb 21 01:09:34.826096 2026] [php:error] [pid 58545] [client 45.67.97.192:0] script '/domains/memanuel/customize.php' not found or unable to stat
[Sat Feb 21 01:09:34.967117 2026] [php:error] [pid 58529] [client 45.67.97.15:0] script '/domains/tcrlle/adminfuns.php' not found or unable to stat
[Sat Feb 21 01:09:35.068856 2026] [php:error] [pid 58525] [client 45.67.97.16:0] script '/domains/system_suspended/atomlib.php' not found or unable to stat
[Sat Feb 21 01:09:35.142220 2026] [php:error] [pid 58469] [client 45.67.97.15:0] script '/domains/antiqueweb1/nf_tracking.php' not found or unable to stat
[Sat Feb 21 01:09:35.216389 2026] [php:error] [pid 58541] [client 45.67.97.17:0] script '/domains/biehlweb/images/file.php' not found or unable to stat
[Sat Feb 21 01:09:35.297017 2026] [php:error] [pid 58545] [client 45.67.97.192:0] script '/domains/memanuel/license.php' not found or unable to stat
[Sat Feb 21 01:09:35.492178 2026] [php:error] [pid 58579] [client 45.67.97.192:0] script '/domains/bfitpro2/wp-signup.php' not found or unable to stat
[Sat Feb 21 01:09:35.549707 2026] [php:error] [pid 58555] [client 45.67.97.17:0] script '/domains/tbarnhil/xx.php' not found or unable to stat
[Sat Feb 21 01:09:35.590936 2026] [php:error] [pid 58559] [client 45.67.97.17:0] script '/domains/lover/wp-header.php' not found or unable to stat
[Sat Feb 21 01:09:35.631779 2026] [php:error] [pid 58596] [client 45.67.97.17:0] script '/domains/braniff/worm.PhP' not found or unable to stat
[Sat Feb 21 01:09:35.635323 2026] [php:error] [pid 58479] [client 45.67.97.192:0] script '/domains/byardrealestate/wp-editor.php' not found or unable to stat
[Sat Feb 21 01:09:35.648306 2026] [php:error] [pid 58504] [client 45.67.97.17:0] script '/domains/icrse/wp-signup.php' not found or unable to stat
[Sat Feb 21 01:09:35.666752 2026] [php:error] [pid 58500] [client 45.67.97.192:0] script '/domains/system_suspended/adminfusm.php' not found or unable to stat
[Sat Feb 21 01:09:35.787084 2026] [php:error] [pid 58601] [client 45.67.97.17:0] script '/domains/miles.interport/xl2023.php' not found or unable to stat
[Sat Feb 21 01:09:35.901854 2026] [php:error] [pid 58529] [client 45.67.97.15:0] script '/domains/tcrlle/wp_wlx.php' not found or unable to stat
[Sat Feb 21 01:09:35.960699 2026] [php:error] [pid 58491] [client 45.67.97.16:0] script '/domains/acagolf1/ws.php' not found or unable to stat
[Sat Feb 21 01:09:36.014961 2026] [php:error] [pid 58555] [client 45.67.97.17:0] script '/domains/tbarnhil/autoload_classmap.php' not found or unable to stat
[Sat Feb 21 01:09:36.077227 2026] [php:error] [pid 58469] [client 45.67.97.15:0] script '/domains/antiqueweb1/filefuns.php' not found or unable to stat
[Sat Feb 21 01:09:36.099899 2026] [php:error] [pid 58596] [client 45.67.97.17:0] script '/domains/braniff/ext.php' not found or unable to stat
[Sat Feb 21 01:09:36.121378 2026] [php:error] [pid 58619] [client 45.67.97.15:0] script '/domains/system_suspended/dropdown.php' not found or unable to stat
[Sat Feb 21 01:09:36.127986 2026] [php:error] [pid 58582] [client 45.67.97.192:0] script '/domains/bels/makeasmtp.php' not found or unable to stat
[Sat Feb 21 01:09:36.152670 2026] [php:error] [pid 58550] [client 45.67.97.192:0] script '/domains/dcoffman/tinyfilemanager.php' not found or unable to stat
[Sat Feb 21 01:09:36.167415 2026] [php:error] [pid 58598] [client 45.67.97.16:0] script '/domains/pmglobal/wp-editor.php' not found or unable to stat
[Sat Feb 21 01:09:36.169056 2026] [php:error] [pid 58598] [client 45.67.97.15:0] script '/domains/afglcweb/manager.php' not found or unable to stat
[Sat Feb 21 01:09:36.184776 2026] [php:error] [pid 58622] [client 45.67.97.16:0] script '/domains/system_suspended/pages.php' not found or unable to stat
[Sat Feb 21 01:09:36.228011 2026] [php:error] [pid 58545] [client 45.67.97.192:0] script '/domains/memanuel/lock.php' not found or unable to stat
[Sat Feb 21 01:09:36.259821 2026] [php:error] [pid 58574] [client 45.67.97.17:0] script '/domains/amisol/function.php' not found or unable to stat
[Sat Feb 21 01:09:36.260399 2026] [php:error] [pid 58601] [client 45.67.97.17:0] script '/domains/miles.interport/go.php' not found or unable to stat
[Sat Feb 21 01:09:36.341958 2026] [php:error] [pid 58610] [client 45.67.97.16:0] script '/domains/magicjim/wp-files.php' not found or unable to stat
[Sat Feb 21 01:09:36.393936 2026] [php:error] [pid 58506] [client 45.67.97.17:0] script '/domains/astweb/memberfuns.php' not found or unable to stat
[Sat Feb 21 01:09:36.404701 2026] [php:error] [pid 58573] [client 45.67.97.192:0] script '/domains/perless2web/tiny.php' not found or unable to stat
[Sat Feb 21 01:09:36.417281 2026] [php:error] [pid 58616] [client 45.67.97.15:0] script '/domains/homesbyaudrey1/wp-api.php' not found or unable to stat
[Sat Feb 21 01:09:36.529464 2026] [php:error] [pid 58559] [client 45.67.97.17:0] script '/domains/lover/Marvins.php' not found or unable to stat
[Sat Feb 21 01:09:36.567743 2026] [php:error] [pid 58596] [client 45.67.97.17:0] script '/domains/braniff/delpaths.php' not found or unable to stat
[Sat Feb 21 01:09:36.584859 2026] [php:error] [pid 58571] [client 45.67.97.17:0] script '/domains/fayemoran/classwithtostring.php' not found or unable to stat
[Sat Feb 21 01:09:36.640441 2026] [php:error] [pid 58598] [client 45.67.97.15:0] script '/domains/afglcweb/bless.php' not found or unable to stat
[Sat Feb 21 01:09:36.807668 2026] [php:error] [pid 58610] [client 45.67.97.16:0] script '/domains/magicjim/functions.php' not found or unable to stat
[Sat Feb 21 01:09:36.860878 2026] [php:error] [pid 58589] [client 45.67.97.192:0] script '/domains/system_default/as.php' not found or unable to stat
[Sat Feb 21 01:09:36.864554 2026] [php:error] [pid 58506] [client 45.67.97.17:0] script '/domains/astweb/infos.php' not found or unable to stat
[Sat Feb 21 01:09:36.916555 2026] [php:error] [pid 58579] [client 45.67.97.192:0] script '/domains/bfitpro2/wp-blog.php' not found or unable to stat
[Sat Feb 21 01:09:36.989719 2026] [php:error] [pid 58603] [client 45.67.97.16:0] script '/domains/system_default/Sanskrit.php' not found or unable to stat
[Sat Feb 21 01:09:37.007547 2026] [php:error] [pid 58469] [client 45.67.97.15:0] script '/domains/antiqueweb1/l.php' not found or unable to stat
[Sat Feb 21 01:09:37.049084 2026] [php:error] [pid 58522] [client 45.67.97.16:0] script '/domains/trodine/shell.php' not found or unable to stat
[Sat Feb 21 01:09:37.060563 2026] [php:error] [pid 58504] [client 45.67.97.17:0] script '/domains/icrse/wp-blog.php' not found or unable to stat
[Sat Feb 21 01:09:37.063156 2026] [php:error] [pid 58619] [client 45.67.97.15:0] script '/domains/system_suspended/db.php' not found or unable to stat
[Sat Feb 21 01:09:37.080747 2026] [php:error] [pid 58623] [client 45.67.97.16:0] script '/domains/ceonlinenews/byp.php' not found or unable to stat
[Sat Feb 21 01:09:37.110661 2026] [php:error] [pid 58598] [client 45.67.97.15:0] script '/domains/afglcweb/O-Simple.php' not found or unable to stat
[Sat Feb 21 01:09:37.141061 2026] [php:error] [pid 58558] [client 45.67.97.15:0] script '/domains/drsuper/function.php' not found or unable to stat
[Sat Feb 21 01:09:37.196093 2026] [php:error] [pid 58574] [client 45.67.97.17:0] script '/domains/amisol/wp-signup.php' not found or unable to stat
[Sat Feb 21 01:09:37.219478 2026] [php:error] [pid 58588] [client 45.67.97.192:0] script '/domains/frog.interport1/files.php' not found or unable to stat
[Sat Feb 21 01:09:37.240153 2026] [php:error] [pid 58565] [client 45.67.97.16:0] script '/domains/deltaele/classwithtostring.php' not found or unable to stat
[Sat Feb 21 01:09:37.251563 2026] [php:error] [pid 58625] [client 45.67.97.16:0] script '/domains/tinatina/manager.php' not found or unable to stat
[Sat Feb 21 01:09:37.299066 2026] [php:error] [pid 58529] [client 45.67.97.15:0] script '/domains/tcrlle/wp.php' not found or unable to stat
[Sat Feb 21 01:09:37.325541 2026] [php:error] [pid 58589] [client 45.67.97.192:0] script '/domains/system_default/cc.php' not found or unable to stat
[Sat Feb 21 01:09:37.342084 2026] [php:error] [pid 58573] [client 45.67.97.192:0] script '/domains/perless2web/themes.php' not found or unable to stat
[Sat Feb 21 01:09:37.359929 2026] [php:error] [pid 58616] [client 45.67.97.15:0] script '/domains/homesbyaudrey1/css.php' not found or unable to stat
[Sat Feb 21 01:09:37.366259 2026] [php:error] [pid 58491] [client 45.67.97.16:0] script '/domains/acagolf1/shop.php' not found or unable to stat
[Sat Feb 21 01:09:37.414190 2026] [php:error] [pid 58555] [client 45.67.97.17:0] script '/domains/tbarnhil/content.php' not found or unable to stat
[Sat Feb 21 01:09:37.418961 2026] [php:error] [pid 58525] [client 45.67.97.16:0] script '/domains/system_suspended/xp.php' not found or unable to stat
[Sat Feb 21 01:09:37.464516 2026] [php:error] [pid 58603] [client 45.67.97.16:0] script '/domains/system_default/wp-fmfile.php' not found or unable to stat
[Sat Feb 21 01:09:37.466049 2026] [php:error] [pid 58559] [client 45.67.97.17:0] script '/domains/lover/wp-class.php' not found or unable to stat
[Sat Feb 21 01:09:37.472611 2026] [php:error] [pid 58469] [client 45.67.97.15:0] script '/domains/antiqueweb1/repeater.php' not found or unable to stat
[Sat Feb 21 01:09:37.519338 2026] [php:error] [pid 58618] [client 45.67.97.192:0] script '/domains/micra/top.php' not found or unable to stat
[Sat Feb 21 01:09:37.522290 2026] [php:error] [pid 58502] [client 45.67.97.17:0] script '/domains/bruceweb/images/buy.php' not found or unable to stat
[Sat Feb 21 01:09:37.551212 2026] [php:error] [pid 58550] [client 45.67.97.192:0] script '/domains/dcoffman/file.php' not found or unable to stat
[Sat Feb 21 01:09:37.583810 2026] [php:error] [pid 58598] [client 45.67.97.15:0] script '/domains/afglcweb/lock360.php' not found or unable to stat
[Sat Feb 21 01:09:37.597112 2026] [php:error] [pid 58540] [client 45.67.97.16:0] script '/domains/system_suspended/files.php' not found or unable to stat
[Sat Feb 21 01:09:37.623375 2026] [php:error] [pid 58508] [client 45.67.97.15:0] script '/domains/system_suspended/goat.php' not found or unable to stat
[Sat Feb 21 01:09:37.714681 2026] [php:error] [pid 58615] [client 45.67.97.17:0] script '/domains/cccweb/images/upload.php' not found or unable to stat
[Sat Feb 21 01:09:37.717494 2026] [php:error] [pid 58625] [client 45.67.97.16:0] script '/domains/tinatina/bless.php' not found or unable to stat
[Sat Feb 21 01:09:37.800003 2026] [php:error] [pid 58624] [client 45.67.97.192:0] script '/domains/byardrealestate/images/install.php' not found or unable to stat
[Sat Feb 21 01:09:37.813988 2026] [php:error] [pid 58573] [client 45.67.97.192:0] script '/domains/perless2web/wp-themes.php' not found or unable to stat
[Sat Feb 21 01:09:37.857347 2026] [php:error] [pid 58568] [client 45.67.97.17:0] script '/domains/fryer/function.php' not found or unable to stat
[Sat Feb 21 01:09:37.866615 2026] [php:error] [pid 58509] [client 45.67.97.16:0] script '/domains/quintet/init.php' not found or unable to stat
[Sat Feb 21 01:09:37.932809 2026] [php:error] [pid 58602] [client 45.67.97.17:0] script '/domains/hans.interport/default.php' not found or unable to stat
[Sat Feb 21 01:09:37.989683 2026] [php:error] [pid 58571] [client 45.67.97.17:0] script '/domains/fayemoran/tinyfilemanager.php' not found or unable to stat
[Sat Feb 21 01:09:37.994121 2026] [php:error] [pid 58621] [client 45.67.97.17:0] script '/domains/system_default/adminfus.php' not found or unable to stat
[Sat Feb 21 01:09:38.054906 2026] [php:error] [pid 58598] [client 45.67.97.15:0] script '/domains/afglcweb/zwso.php' not found or unable to stat
[Sat Feb 21 01:09:38.087056 2026] [php:error] [pid 58558] [client 45.67.97.15:0] script '/domains/drsuper/wp-signup.php' not found or unable to stat
[Sat Feb 21 01:09:38.185329 2026] [php:error] [pid 58625] [client 45.67.97.16:0] script '/domains/tinatina/O-Simple.php' not found or unable to stat
[Sat Feb 21 01:09:38.238492 2026] [php:error] [pid 58519] [client 45.67.97.15:0] script '/domains/nsmd2/aa.php' not found or unable to stat
[Sat Feb 21 01:09:38.253225 2026] [php:error] [pid 58575] [client 45.67.97.15:0] script '/domains/carynm/install.php' not found or unable to stat
[Sat Feb 21 01:09:38.257756 2026] [php:error] [pid 58589] [client 45.67.97.192:0] script '/domains/system_default/ab.php' not found or unable to stat
[Sat Feb 21 01:09:38.263271 2026] [php:error] [pid 58627] [client 45.67.97.15:0] script '/domains/lover/default.php' not found or unable to stat
[Sat Feb 21 01:09:38.353475 2026] [php:error] [pid 58524] [client 45.67.97.192:0] script '/domains/pmglobal/images/install.php' not found or unable to stat
[Sat Feb 21 01:09:38.405203 2026] [php:error] [pid 58559] [client 45.67.97.17:0] script '/domains/lover/xx.php' not found or unable to stat
[Sat Feb 21 01:09:38.530451 2026] [php:error] [pid 58598] [client 45.67.97.15:0] script '/domains/afglcweb/chosen.php' not found or unable to stat
[Sat Feb 21 01:09:38.553146 2026] [php:error] [pid 58472] [client 45.67.97.16:0] script '/domains/tamara1/inc.php' not found or unable to stat
[Sat Feb 21 01:09:38.602368 2026] [php:error] [pid 58574] [client 45.67.97.17:0] script '/domains/amisol/wp-blog.php' not found or unable to stat
[Sat Feb 21 01:09:38.652306 2026] [php:error] [pid 58625] [client 45.67.97.16:0] script '/domains/tinatina/lock360.php' not found or unable to stat
[Sat Feb 21 01:09:38.655080 2026] [php:error] [pid 58565] [client 45.67.97.16:0] script '/domains/deltaele/tinyfilemanager.php' not found or unable to stat
[Sat Feb 21 01:09:38.704599 2026] [php:error] [pid 58529] [client 45.67.97.15:0] script '/domains/tcrlle/wp-header.php' not found or unable to stat
[Sat Feb 21 01:09:38.704601 2026] [php:error] [pid 58519] [client 45.67.97.15:0] script '/domains/nsmd2/index2.php' not found or unable to stat
[Sat Feb 21 01:09:38.739650 2026] [php:error] [pid 58624] [client 45.67.97.192:0] script '/domains/byardrealestate/adminfusm.php' not found or unable to stat
[Sat Feb 21 01:09:38.758640 2026] [php:error] [pid 58506] [client 45.67.97.17:0] script '/domains/astweb/options-writing.php' not found or unable to stat
[Sat Feb 21 01:09:38.788343 2026] [php:error] [pid 58568] [client 45.67.97.17:0] script '/domains/fryer/wp-signup.php' not found or unable to stat
[Sat Feb 21 01:09:38.804437 2026] [php:error] [pid 58579] [client 45.67.97.192:0] script '/domains/bfitpro2/wp-l0gin.php' not found or unable to stat
[Sat Feb 21 01:09:38.815506 2026] [php:error] [pid 58605] [client 45.67.97.17:0] script '/domains/tmandel/wp-admin.php' not found or unable to stat
[Sat Feb 21 01:09:38.821696 2026] [php:error] [pid 58584] [client 45.67.97.16:0] script '/domains/hpveweb/blog.php' not found or unable to stat
[Sat Feb 21 01:09:38.824935 2026] [php:error] [pid 58525] [client 45.67.97.16:0] script '/domains/system_suspended/wp-links.php' not found or unable to stat
[Sat Feb 21 01:09:38.869075 2026] [php:error] [pid 58629] [client 45.67.97.192:0] script '/domains/rainho/default.php' not found or unable to stat
[Sat Feb 21 01:09:38.873823 2026] [php:error] [pid 58559] [client 45.67.97.17:0] script '/domains/lover/autoload_classmap.php' not found or unable to stat
[Sat Feb 21 01:09:38.873978 2026] [php:error] [pid 58469] [client 45.67.97.15:0] script '/domains/antiqueweb1/contacts.php' not found or unable to stat
[Sat Feb 21 01:09:38.959533 2026] [php:error] [pid 58550] [client 45.67.97.192:0] script '/domains/dcoffman/buy.php' not found or unable to stat
[Sat Feb 21 01:09:39.004826 2026] [php:error] [pid 58598] [client 45.67.97.15:0] script '/domains/afglcweb/about.php' not found or unable to stat
[Sat Feb 21 01:09:39.126173 2026] [php:error] [pid 58625] [client 45.67.97.16:0] script '/domains/tinatina/zwso.php' not found or unable to stat
[Sat Feb 21 01:09:39.151654 2026] [php:error] [pid 58610] [client 45.67.97.16:0] script '/domains/magicjim/aks.php' not found or unable to stat
[Sat Feb 21 01:09:39.194876 2026] [php:error] [pid 58575] [client 45.67.97.15:0] script '/domains/carynm/images/class-config.php' not found or unable to stat
[Sat Feb 21 01:09:39.222971 2026] [php:error] [pid 58573] [client 45.67.97.192:0] script '/domains/perless2web/mariju.php' not found or unable to stat
[Sat Feb 21 01:09:39.231322 2026] [php:error] [pid 58506] [client 45.67.97.17:0] script '/domains/astweb/options-reading.php' not found or unable to stat
[Sat Feb 21 01:09:39.252968 2026] [php:error] [pid 58612] [client 45.67.97.16:0] script '/domains/system_suspended/b.php' not found or unable to stat
[Sat Feb 21 01:09:39.257021 2026] [php:error] [pid 58504] [client 45.67.97.17:0] script '/domains/icrse/wp-l0gin.php' not found or unable to stat
[Sat Feb 21 01:09:39.261826 2026] [php:error] [pid 58560] [client 45.67.97.192:0] script '/domains/aatweb/byp.php' not found or unable to stat
[Sat Feb 21 01:09:39.294906 2026] [php:error] [pid 58524] [client 45.67.97.192:0] script '/domains/pmglobal/adminfusm.php' not found or unable to stat
[Sat Feb 21 01:09:39.358708 2026] [php:error] [pid 58469] [client 45.67.97.15:0] script '/domains/antiqueweb1/wsa.php' not found or unable to stat
[Sat Feb 21 01:09:39.361542 2026] [php:error] [pid 58603] [client 45.67.97.16:0] script '/domains/system_default/memberfuns.php' not found or unable to stat
[Sat Feb 21 01:09:39.387932 2026] [php:error] [pid 58596] [client 45.67.97.17:0] script '/domains/braniff/gifclass.php' not found or unable to stat
[Sat Feb 21 01:09:39.389325 2026] [php:error] [pid 58522] [client 45.67.97.16:0] script '/domains/trodine/hehe.php' not found or unable to stat
[Sat Feb 21 01:09:39.398100 2026] [php:error] [pid 58571] [client 45.67.97.17:0] script '/domains/fayemoran/file.php' not found or unable to stat
[Sat Feb 21 01:09:39.475815 2026] [php:error] [pid 58598] [client 45.67.97.15:0] script '/domains/afglcweb/admin.php' not found or unable to stat
[Sat Feb 21 01:09:39.489195 2026] [php:error] [pid 58472] [client 45.67.97.16:0] script '/domains/tamara1/filemanager.php' not found or unable to stat
[Sat Feb 21 01:09:39.490398 2026] [php:error] [pid 58558] [client 45.67.97.15:0] script '/domains/drsuper/wp-blog.php' not found or unable to stat
[Sat Feb 21 01:09:39.493667 2026] [php:error] [pid 58545] [client 45.67.97.192:0] script '/domains/memanuel/wp-good.php' not found or unable to stat
[Sat Feb 21 01:09:39.594561 2026] [php:error] [pid 58625] [client 45.67.97.16:0] script '/domains/tinatina/chosen.php' not found or unable to stat
[Sat Feb 21 01:09:39.617457 2026] [php:error] [pid 58610] [client 45.67.97.16:0] script '/domains/magicjim/litespeed.php' not found or unable to stat
[Sat Feb 21 01:09:39.636888 2026] [php:error] [pid 58529] [client 45.67.97.15:0] script '/domains/tcrlle/Marvins.php' not found or unable to stat
[Sat Feb 21 01:09:39.651101 2026] [php:error] [pid 58549] [client 45.67.97.192:0] script '/domains/peterbmiller/top.php' not found or unable to stat
[Sat Feb 21 01:09:39.658243 2026] [php:error] [pid 58589] [client 45.67.97.192:0] script '/domains/system_default/doc.php' not found or unable to stat
[Sat Feb 21 01:09:39.692301 2026] [php:error] [pid 58573] [client 45.67.97.192:0] script '/domains/perless2web/waf_defender.php' not found or unable to stat
[Sat Feb 21 01:09:39.701992 2026] [php:error] [pid 58506] [client 45.67.97.17:0] script '/domains/astweb/wsad.php' not found or unable to stat
[Sat Feb 21 01:09:39.751105 2026] [php:error] [pid 58579] [client 45.67.97.192:0] script '/domains/bfitpro2/new.php' not found or unable to stat
[Sat Feb 21 01:09:39.831117 2026] [php:error] [pid 58603] [client 45.67.97.16:0] script '/domains/system_default/infos.php' not found or unable to stat
[Sat Feb 21 01:09:39.859156 2026] [php:error] [pid 58596] [client 45.67.97.17:0] script '/domains/braniff/plugin.php' not found or unable to stat
[Sat Feb 21 01:09:39.913115 2026] [php:error] [pid 58623] [client 45.67.97.16:0] script '/domains/ceonlinenews/cgi-bin/install.php' not found or unable to stat
[Sat Feb 21 01:09:39.962117 2026] [php:error] [pid 58622] [client 45.67.97.16:0] script '/domains/system_suspended/adminfus.php' not found or unable to stat
[Sat Feb 21 01:09:40.031565 2026] [php:error] [pid 58617] [client 45.67.97.17:0] script '/domains/sjsachs/images/wp-aespa.php' not found or unable to stat
[Sat Feb 21 01:09:40.069097 2026] [php:error] [pid 58625] [client 45.67.97.16:0] script '/domains/tinatina/about.php' not found or unable to stat
[Sat Feb 21 01:09:40.075645 2026] [php:error] [pid 58565] [client 45.67.97.16:0] script '/domains/deltaele/file.php' not found or unable to stat
[Sat Feb 21 01:09:40.172485 2026] [php:error] [pid 58506] [client 45.67.97.17:0] script '/domains/astweb/nation.php' not found or unable to stat
[Sat Feb 21 01:09:40.193974 2026] [php:error] [pid 58616] [client 45.67.97.15:0] script '/domains/homesbyaudrey1/wp-error_log.php' not found or unable to stat
[Sat Feb 21 01:09:40.197295 2026] [php:error] [pid 58504] [client 45.67.97.17:0] script '/domains/icrse/new.php' not found or unable to stat
[Sat Feb 21 01:09:40.222965 2026] [php:error] [pid 58470] [client 45.67.97.16:0] script '/domains/familyplayhouse2/Sanskrit.php' not found or unable to stat
[Sat Feb 21 01:09:40.298417 2026] [php:error] [pid 58559] [client 45.67.97.17:0] script '/domains/lover/content.php' not found or unable to stat
[Sat Feb 21 01:09:40.346539 2026] [php:error] [pid 58621] [client 45.67.97.17:0] script '/domains/system_default/cong.php' not found or unable to stat
[Sat Feb 21 01:09:40.418108 2026] [php:error] [pid 58598] [client 45.67.97.15:0] script '/domains/afglcweb/mah.php' not found or unable to stat
[Sat Feb 21 01:09:40.480392 2026] [php:error] [pid 58574] [client 45.67.97.17:0] script '/domains/amisol/wp-l0gin.php' not found or unable to stat
[Sat Feb 21 01:09:40.498937 2026] [php:error] [pid 58568] [client 45.67.97.17:0] script '/domains/fryer/wp-blog.php' not found or unable to stat
[Sat Feb 21 01:09:40.538637 2026] [php:error] [pid 58625] [client 45.67.97.16:0] script '/domains/tinatina/admin.php' not found or unable to stat
[Sat Feb 21 01:09:40.544521 2026] [php:error] [pid 58626] [client 45.67.97.192:0] script '/domains/pookie.dnai/tox.php' not found or unable to stat
[Sat Feb 21 01:09:40.570142 2026] [php:error] [pid 58529] [client 45.67.97.15:0] script '/domains/tcrlle/wp-class.php' not found or unable to stat
[Sat Feb 21 01:09:40.605254 2026] [php:error] [pid 58575] [client 45.67.97.15:0] script '/domains/carynm/bypass.php' not found or unable to stat
[Sat Feb 21 01:09:40.616049 2026] [php:error] [pid 58624] [client 45.67.97.192:0] script '/domains/byardrealestate/images/habhan.php' not found or unable to stat
[Sat Feb 21 01:09:40.626625 2026] [php:error] [pid 58491] [client 45.67.97.16:0] script '/domains/acagolf1/wp-api.php' not found or unable to stat
[Sat Feb 21 01:09:40.629088 2026] [php:error] [pid 58573] [client 45.67.97.192:0] script '/domains/perless2web/av.php' not found or unable to stat
[Sat Feb 21 01:09:40.678598 2026] [php:error] [pid 58605] [client 45.67.97.17:0] script '/domains/tmandel/wp-editor.php' not found or unable to stat
[Sat Feb 21 01:09:40.701571 2026] [php:error] [pid 58470] [client 45.67.97.16:0] script '/domains/familyplayhouse2/wp-fmfile.php' not found or unable to stat
[Sat Feb 21 01:09:40.703248 2026] [php:error] [pid 58584] [client 45.67.97.16:0] script '/domains/hpveweb/images/av.php' not found or unable to stat
[Sat Feb 21 01:09:40.769416 2026] [php:error] [pid 58546] [client 45.67.97.17:0] script '/domains/proinc/b.php' not found or unable to stat
[Sat Feb 21 01:09:40.781481 2026] [php:error] [pid 58602] [client 45.67.97.17:0] script '/domains/hans.interport/dropdown.php' not found or unable to stat
[Sat Feb 21 01:09:40.795371 2026] [php:error] [pid 58535] [client 45.67.97.16:0] script '/domains/vangoghagainweb/inc.php' not found or unable to stat
[Sat Feb 21 01:09:40.795890 2026] [php:error] [pid 58596] [client 45.67.97.17:0] script '/domains/braniff/update-core.php' not found or unable to stat
[Sat Feb 21 01:09:40.815797 2026] [php:error] [pid 58571] [client 45.67.97.17:0] script '/domains/fayemoran/buy.php' not found or unable to stat
[Sat Feb 21 01:09:40.853470 2026] [php:error] [pid 58623] [client 45.67.97.16:0] script '/domains/ceonlinenews/class.api.php' not found or unable to stat
[Sat Feb 21 01:09:41.019300 2026] [php:error] [pid 58610] [client 45.67.97.16:0] script '/domains/magicjim/wpn.php' not found or unable to stat
[Sat Feb 21 01:09:41.020632 2026] [php:error] [pid 58564] [client 45.67.97.16:0] script '/domains/resourceandeventweb/media-new.php' not found or unable to stat
[Sat Feb 21 01:09:41.035626 2026] [php:error] [pid 58519] [client 45.67.97.15:0] script '/domains/nsmd2/shell.php' not found or unable to stat
[Sat Feb 21 01:09:41.057008 2026] [php:error] [pid 58589] [client 45.67.97.192:0] script '/domains/system_default/wp-login.php' not found or unable to stat
[Sat Feb 21 01:09:41.059773 2026] [php:error] [pid 58627] [client 45.67.97.15:0] script '/domains/lover/dropdown.php' not found or unable to stat
[Sat Feb 21 01:09:41.081767 2026] [php:error] [pid 58575] [client 45.67.97.15:0] script '/domains/carynm/class.php' not found or unable to stat
[Sat Feb 21 01:09:41.148106 2026] [php:error] [pid 58453] [client 45.67.97.16:0] script '/domains/csiniaws/Sanskrit.php' not found or unable to stat
[Sat Feb 21 01:09:41.163845 2026] [php:error] [pid 58632] [client 45.67.97.16:0] script '/domains/pbuilder/bs1.php' not found or unable to stat
[Sat Feb 21 01:09:41.173452 2026] [php:error] [pid 58579] [client 45.67.97.192:0] script '/domains/bfitpro2/images/DJP9.php' not found or unable to stat
[Sat Feb 21 01:09:41.183766 2026] [php:error] [pid 58524] [client 45.67.97.192:0] script '/domains/pmglobal/images/habhan.php' not found or unable to stat
[Sat Feb 21 01:09:41.200377 2026] [php:error] [pid 58522] [client 45.67.97.16:0] script '/domains/trodine/dir.php' not found or unable to stat
[Sat Feb 21 01:09:41.327945 2026] [php:error] [pid 58619] [client 45.67.97.15:0] script '/domains/system_suspended/install.php' not found or unable to stat
[Sat Feb 21 01:09:41.370536 2026] [php:error] [pid 58598] [client 45.67.97.15:0] script '/domains/afglcweb/core.php' not found or unable to stat
[Sat Feb 21 01:09:41.388004 2026] [php:error] [pid 58558] [client 45.67.97.15:0] script '/domains/drsuper/wp-l0gin.php' not found or unable to stat
[Sat Feb 21 01:09:41.426745 2026] [php:error] [pid 58574] [client 45.67.97.17:0] script '/domains/amisol/new.php' not found or unable to stat
[Sat Feb 21 01:09:41.473412 2026] [php:error] [pid 58625] [client 45.67.97.16:0] script '/domains/tinatina/mah.php' not found or unable to stat
[Sat Feb 21 01:09:41.484498 2026] [php:error] [pid 58565] [client 45.67.97.16:0] script '/domains/deltaele/buy.php' not found or unable to stat
[Sat Feb 21 01:09:41.502065 2026] [php:error] [pid 58529] [client 45.67.97.15:0] script '/domains/tcrlle/xx.php' not found or unable to stat
[Sat Feb 21 01:09:41.522268 2026] [php:error] [pid 58589] [client 45.67.97.192:0] script '/domains/system_default/mar.php' not found or unable to stat
[Sat Feb 21 01:09:41.563516 2026] [php:error] [pid 58491] [client 45.67.97.16:0] script '/domains/acagolf1/css.php' not found or unable to stat
[Sat Feb 21 01:09:41.610895 2026] [php:error] [pid 58504] [client 45.67.97.17:0] script '/domains/icrse/images/DJP9.php' not found or unable to stat
[Sat Feb 21 01:09:41.614252 2026] [php:error] [pid 58509] [client 45.67.97.16:0] script '/domains/quintet/adminfuns.php' not found or unable to stat
[Sat Feb 21 01:09:41.624939 2026] [php:error] [pid 58453] [client 45.67.97.16:0] script '/domains/csiniaws/wp-fmfile.php' not found or unable to stat
[Sat Feb 21 01:09:41.703046 2026] [php:error] [pid 58469] [client 45.67.97.15:0] script '/domains/antiqueweb1/lv.php' not found or unable to stat
[Sat Feb 21 01:09:41.710815 2026] [php:error] [pid 58629] [client 45.67.97.192:0] script '/domains/rainho/dropdown.php' not found or unable to stat
[Sat Feb 21 01:09:41.711103 2026] [php:error] [pid 58603] [client 45.67.97.16:0] script '/domains/system_default/options-writing.php' not found or unable to stat
[Sat Feb 21 01:09:41.722444 2026] [php:error] [pid 58602] [client 45.67.97.17:0] script '/domains/hans.interport/db.php' not found or unable to stat
[Sat Feb 21 01:09:41.736053 2026] [php:error] [pid 58535] [client 45.67.97.16:0] script '/domains/vangoghagainweb/filemanager.php' not found or unable to stat
[Sat Feb 21 01:09:41.738469 2026] [php:error] [pid 58596] [client 45.67.97.17:0] script '/domains/braniff/wp-mail.php' not found or unable to stat
[Sat Feb 21 01:09:41.842431 2026] [php:error] [pid 58598] [client 45.67.97.15:0] script '/domains/afglcweb/robots.php' not found or unable to stat
[Sat Feb 21 01:09:41.954759 2026] [php:error] [pid 58588] [client 45.67.97.192:0] script '/domains/frog.interport1/blog.php' not found or unable to stat
[Sat Feb 21 01:09:41.969607 2026] [php:error] [pid 58529] [client 45.67.97.15:0] script '/domains/tcrlle/autoload_classmap.php' not found or unable to stat
[Sat Feb 21 01:09:41.990149 2026] [php:error] [pid 58627] [client 45.67.97.15:0] script '/domains/lover/db.php' not found or unable to stat
[Sat Feb 21 01:09:41.996970 2026] [php:error] [pid 58638] [client 45.67.97.17:0] script '/domains/fbardin/images/autoload_classmap.php' not found or unable to stat
[Sat Feb 21 01:09:42.074132 2026] [php:error] [pid 58560] [client 45.67.97.192:0] script '/domains/aatweb/cgi-bin/install.php' not found or unable to stat
[Sat Feb 21 01:09:42.082816 2026] [php:error] [pid 58612] [client 45.67.97.16:0] script '/domains/system_suspended/wsax.php' not found or unable to stat
[Sat Feb 21 01:09:42.089912 2026] [php:error] [pid 58500] [client 45.67.97.192:0] script '/domains/system_suspended/f35_SpaceTn.php' not found or unable to stat
[Sat Feb 21 01:09:42.171039 2026] [php:error] [pid 58469] [client 45.67.97.15:0] script '/domains/antiqueweb1/images/js1.php' not found or unable to stat
[Sat Feb 21 01:09:42.186595 2026] [php:error] [pid 58603] [client 45.67.97.16:0] script '/domains/system_default/options-reading.php' not found or unable to stat
[Sat Feb 21 01:09:42.272904 2026] [php:error] [pid 58623] [client 45.67.97.16:0] script '/domains/ceonlinenews/system_log.php' not found or unable to stat
[Sat Feb 21 01:09:42.313385 2026] [php:error] [pid 58598] [client 45.67.97.15:0] script '/domains/afglcweb/inputs.php' not found or unable to stat
[Sat Feb 21 01:09:42.325849 2026] [php:error] [pid 58472] [client 45.67.97.16:0] script '/domains/tamara1/function.php' not found or unable to stat
[Sat Feb 21 01:09:42.327990 2026] [php:error] [pid 58558] [client 45.67.97.15:0] script '/domains/drsuper/new.php' not found or unable to stat
[Sat Feb 21 01:09:42.336189 2026] [php:error] [pid 58622] [client 45.67.97.16:0] script '/domains/system_suspended/cong.php' not found or unable to stat
[Sat Feb 21 01:09:42.380255 2026] [php:error] [pid 58568] [client 45.67.97.17:0] script '/domains/fryer/wp-l0gin.php' not found or unable to stat
[Sat Feb 21 01:09:42.408200 2026] [php:error] [pid 58625] [client 45.67.97.16:0] script '/domains/tinatina/core.php' not found or unable to stat
[Sat Feb 21 01:09:42.428681 2026] [php:error] [pid 58626] [client 45.67.97.192:0] script '/domains/pookie.dnai/tiny.php' not found or unable to stat
[Sat Feb 21 01:09:42.469001 2026] [php:error] [pid 58597] [client 45.67.97.16:0] script '/domains/windsorweb/images/Marvins.php' not found or unable to stat
[Sat Feb 21 01:09:42.537594 2026] [php:error] [pid 58506] [client 45.67.97.17:0] script '/domains/astweb/wp-atomx.php' not found or unable to stat
[Sat Feb 21 01:09:42.549291 2026] [php:error] [pid 58509] [client 45.67.97.16:0] script '/domains/quintet/wp_wlx.php' not found or unable to stat
[Sat Feb 21 01:09:42.564037 2026] [php:error] [pid 58632] [client 45.67.97.16:0] script '/domains/pbuilder/page.php' not found or unable to stat
[Sat Feb 21 01:09:42.582292 2026] [php:error] [pid 58584] [client 45.67.97.16:0] script '/domains/hpveweb/elp.php' not found or unable to stat
[Sat Feb 21 01:09:42.654693 2026] [php:error] [pid 58603] [client 45.67.97.16:0] script '/domains/system_default/wsad.php' not found or unable to stat
[Sat Feb 21 01:09:42.657545 2026] [php:error] [pid 58629] [client 45.67.97.192:0] script '/domains/rainho/db.php' not found or unable to stat
[Sat Feb 21 01:09:42.736035 2026] [php:error] [pid 58540] [client 45.67.97.16:0] script '/domains/system_suspended/blog.php' not found or unable to stat
[Sat Feb 21 01:09:42.746369 2026] [php:error] [pid 58623] [client 45.67.97.16:0] script '/domains/ceonlinenews/.alf.php' not found or unable to stat
[Sat Feb 21 01:09:42.747848 2026] [php:error] [pid 58608] [client 45.67.97.15:0] script '/domains/druckrey/top.php' not found or unable to stat
[Sat Feb 21 01:09:42.771610 2026] [php:error] [pid 58556] [client 45.67.97.16:0] script '/domains/jrp.interport/byp.php' not found or unable to stat
[Sat Feb 21 01:09:42.785258 2026] [php:error] [pid 58598] [client 45.67.97.15:0] script '/domains/afglcweb/mini.php' not found or unable to stat
[Sat Feb 21 01:09:42.837705 2026] [php:error] [pid 58574] [client 45.67.97.17:0] script '/domains/amisol/images/DJP9.php' not found or unable to stat
[Sat Feb 21 01:09:42.875170 2026] [php:error] [pid 58625] [client 45.67.97.16:0] script '/domains/tinatina/robots.php' not found or unable to stat
[Sat Feb 21 01:09:42.904278 2026] [php:error] [pid 58515] [client 45.67.97.17:0] script '/domains/system_suspended/top.php' not found or unable to stat
[Sat Feb 21 01:09:42.915192 2026] [php:error] [pid 58470] [client 45.67.97.16:0] script '/domains/familyplayhouse2/memberfuns.php' not found or unable to stat
[Sat Feb 21 01:09:42.918440 2026] [php:error] [pid 58579] [client 45.67.97.192:0] script '/domains/bfitpro2/natural.php' not found or unable to stat
[Sat Feb 21 01:09:42.930277 2026] [php:error] [pid 58589] [client 45.67.97.192:0] script '/domains/system_default/1.php' not found or unable to stat
[Sat Feb 21 01:09:42.949378 2026] [php:error] [pid 58595] [client 45.67.97.16:0] script '/domains/testregisgroup/media-new.php' not found or unable to stat
[Sat Feb 21 01:09:43.010629 2026] [php:error] [pid 58506] [client 45.67.97.17:0] script '/domains/astweb/admin-footer.php' not found or unable to stat
[Sat Feb 21 01:09:43.012213 2026] [php:error] [pid 58560] [client 45.67.97.192:0] script '/domains/aatweb/class.api.php' not found or unable to stat
[Sat Feb 21 01:09:43.027647 2026] [php:error] [pid 58637] [client 45.67.97.15:0] script '/domains/tmandel/adminfusm.php' not found or unable to stat
[Sat Feb 21 01:09:43.030735 2026] [php:error] [pid 58504] [client 45.67.97.17:0] script '/domains/icrse/natural.php' not found or unable to stat
[Sat Feb 21 01:09:43.032454 2026] [php:error] [pid 58590] [client 45.67.97.192:0] script '/domains/fdcarter/files.php' not found or unable to stat
[Sat Feb 21 01:09:43.123960 2026] [php:error] [pid 58603] [client 45.67.97.16:0] script '/domains/system_default/nation.php' not found or unable to stat
[Sat Feb 21 01:09:43.218060 2026] [php:error] [pid 58623] [client 45.67.97.16:0] script '/domains/ceonlinenews/wso.php' not found or unable to stat
[Sat Feb 21 01:09:43.242890 2026] [php:error] [pid 58545] [client 45.67.97.192:0] script '/domains/memanuel/ff2.php' not found or unable to stat
[Sat Feb 21 01:09:43.255750 2026] [php:error] [pid 58598] [client 45.67.97.15:0] script '/domains/afglcweb/goods.php' not found or unable to stat
[Sat Feb 21 01:09:43.263257 2026] [php:error] [pid 58472] [client 45.67.97.16:0] script '/domains/tamara1/wp-signup.php' not found or unable to stat
[Sat Feb 21 01:09:43.314390 2026] [php:error] [pid 58568] [client 45.67.97.17:0] script '/domains/fryer/new.php' not found or unable to stat
[Sat Feb 21 01:09:43.342771 2026] [php:error] [pid 58625] [client 45.67.97.16:0] script '/domains/tinatina/inputs.php' not found or unable to stat
[Sat Feb 21 01:09:43.371087 2026] [php:error] [pid 58626] [client 45.67.97.192:0] script '/domains/pookie.dnai/themes.php' not found or unable to stat
[Sat Feb 21 01:09:43.380314 2026] [php:error] [pid 58529] [client 45.67.97.15:0] script '/domains/tcrlle/content.php' not found or unable to stat
[Sat Feb 21 01:09:43.380419 2026] [php:error] [pid 58519] [client 45.67.97.15:0] script '/domains/nsmd2/hehe.php' not found or unable to stat
[Sat Feb 21 01:09:43.386275 2026] [php:error] [pid 58470] [client 45.67.97.16:0] script '/domains/familyplayhouse2/infos.php' not found or unable to stat
[Sat Feb 21 01:09:43.394324 2026] [php:error] [pid 58579] [client 45.67.97.192:0] script '/domains/bfitpro2/item.php' not found or unable to stat
[Sat Feb 21 01:09:43.422707 2026] [php:error] [pid 58595] [client 45.67.97.16:0] script '/domains/testregisgroup/js/class_api.php' not found or unable to stat
[Sat Feb 21 01:09:43.481936 2026] [php:error] [pid 58522] [client 45.67.97.16:0] script '/domains/trodine/nf_tracking.php' not found or unable to stat
[Sat Feb 21 01:09:43.504382 2026] [php:error] [pid 58504] [client 45.67.97.17:0] script '/domains/icrse/item.php' not found or unable to stat
[Sat Feb 21 01:09:43.517271 2026] [php:error] [pid 58453] [client 45.67.97.16:0] script '/domains/csiniaws/memberfuns.php' not found or unable to stat
[Sat Feb 21 01:09:43.583591 2026] [php:error] [pid 58546] [client 45.67.97.17:0] script '/domains/proinc/wsax.php' not found or unable to stat
[Sat Feb 21 01:09:43.649064 2026] [php:error] [pid 58621] [client 45.67.97.17:0] script '/domains/system_default/wp-configs.php' not found or unable to stat
[Sat Feb 21 01:09:43.688346 2026] [php:error] [pid 58619] [client 45.67.97.15:0] script '/domains/system_suspended/bypass.php' not found or unable to stat
[Sat Feb 21 01:09:43.733273 2026] [php:error] [pid 58598] [client 45.67.97.15:0] script '/domains/afglcweb/file5.php' not found or unable to stat
[Sat Feb 21 01:09:43.733604 2026] [php:error] [pid 58558] [client 45.67.97.15:0] script '/domains/drsuper/images/DJP9.php' not found or unable to stat
[Sat Feb 21 01:09:43.808736 2026] [php:error] [pid 58625] [client 45.67.97.16:0] script '/domains/tinatina/mini.php' not found or unable to stat
[Sat Feb 21 01:09:43.838389 2026] [php:error] [pid 58626] [client 45.67.97.192:0] script '/domains/pookie.dnai/wp-themes.php' not found or unable to stat
[Sat Feb 21 01:09:43.847185 2026] [php:error] [pid 58588] [client 45.67.97.192:0] script '/domains/frog.interport1/images/av.php' not found or unable to stat
[Sat Feb 21 01:09:43.908146 2026] [php:error] [pid 58575] [client 45.67.97.15:0] script '/domains/carynm/css/css.php' not found or unable to stat
[Sat Feb 21 01:09:43.947188 2026] [php:error] [pid 58555] [client 45.67.97.17:0] script '/domains/tbarnhil/web.php' not found or unable to stat
[Sat Feb 21 01:09:43.952104 2026] [php:error] [pid 58506] [client 45.67.97.17:0] script '/domains/astweb/XxX.php' not found or unable to stat
[Sat Feb 21 01:09:43.954467 2026] [php:error] [pid 58509] [client 45.67.97.16:0] script '/domains/quintet/wp.php' not found or unable to stat
[Sat Feb 21 01:09:43.988271 2026] [php:error] [pid 58525] [client 45.67.97.16:0] script '/domains/system_suspended/moon.php' not found or unable to stat
[Sat Feb 21 01:09:43.988636 2026] [php:error] [pid 58453] [client 45.67.97.16:0] script '/domains/csiniaws/infos.php' not found or unable to stat
[Sat Feb 21 01:09:44.062069 2026] [php:error] [pid 58582] [client 45.67.97.192:0] script '/domains/bels/click.php' not found or unable to stat
[Sat Feb 21 01:09:44.161590 2026] [php:error] [pid 58619] [client 45.67.97.15:0] script '/domains/system_suspended/class.php' not found or unable to stat
[Sat Feb 21 01:09:44.161863 2026] [php:error] [pid 58623] [client 45.67.97.16:0] script '/domains/ceonlinenews/flower.php' not found or unable to stat
[Sat Feb 21 01:09:44.211568 2026] [php:error] [pid 58598] [client 45.67.97.15:0] script '/domains/afglcweb/ahax.php' not found or unable to stat
[Sat Feb 21 01:09:44.247942 2026] [php:error] [pid 58574] [client 45.67.97.17:0] script '/domains/amisol/natural.php' not found or unable to stat
[Sat Feb 21 01:09:44.274408 2026] [php:error] [pid 58625] [client 45.67.97.16:0] script '/domains/tinatina/goods.php' not found or unable to stat
[Sat Feb 21 01:09:44.306695 2026] [php:error] [pid 58615] [client 45.67.97.17:0] script '/domains/cccweb/classwithtostring.php' not found or unable to stat
[Sat Feb 21 01:09:44.380370 2026] [php:error] [pid 58491] [client 45.67.97.16:0] script '/domains/acagolf1/wp-error_log.php' not found or unable to stat
[Sat Feb 21 01:09:44.383716 2026] [php:error] [pid 58575] [client 45.67.97.15:0] script '/domains/carynm/init.php' not found or unable to stat
[Sat Feb 21 01:09:44.421632 2026] [php:error] [pid 58522] [client 45.67.97.16:0] script '/domains/trodine/filefuns.php' not found or unable to stat
[Sat Feb 21 01:09:44.422573 2026] [php:error] [pid 58560] [client 45.67.97.192:0] script '/domains/aatweb/system_log.php' not found or unable to stat
[Sat Feb 21 01:09:44.472493 2026] [php:error] [pid 58501] [client 45.67.97.16:0] script '/domains/hand-hammerweb/manager.php' not found or unable to stat
[Sat Feb 21 01:09:44.547620 2026] [php:error] [pid 58610] [client 45.67.97.16:0] script '/domains/hungariantasteweb/bs1.php' not found or unable to stat
[Sat Feb 21 01:09:44.547872 2026] [php:error] [pid 58535] [client 45.67.97.16:0] script '/domains/vangoghagainweb/function.php' not found or unable to stat
[Sat Feb 21 01:09:44.576787 2026] [php:error] [pid 58592] [client 45.67.97.192:0] script '/domains/system_cancel/aa.php' not found or unable to stat
[Sat Feb 21 01:09:44.636774 2026] [php:error] [pid 58564] [client 45.67.97.16:0] script '/domains/resourceandeventweb/pages.php' not found or unable to stat
[Sat Feb 21 01:09:44.677810 2026] [php:error] [pid 58472] [client 45.67.97.16:0] script '/domains/tamara1/wp-blog.php' not found or unable to stat
[Sat Feb 21 01:09:44.682666 2026] [php:error] [pid 58598] [client 45.67.97.15:0] script '/domains/afglcweb/f35.php' not found or unable to stat
[Sat Feb 21 01:09:44.716650 2026] [php:error] [pid 58601] [client 45.67.97.17:0] script '/domains/miles.interport/hehehehe.php' not found or unable to stat
[Sat Feb 21 01:09:44.716669 2026] [php:error] [pid 58574] [client 45.67.97.17:0] script '/domains/amisol/item.php' not found or unable to stat
[Sat Feb 21 01:09:44.739596 2026] [php:error] [pid 58625] [client 45.67.97.16:0] script '/domains/tinatina/file5.php' not found or unable to stat
[Sat Feb 21 01:09:44.782216 2026] [php:error] [pid 58519] [client 45.67.97.15:0] script '/domains/nsmd2/dir.php' not found or unable to stat
[Sat Feb 21 01:09:44.834143 2026] [php:error] [pid 58624] [client 45.67.97.192:0] script '/domains/byardrealestate/f35_SpaceTn.php' not found or unable to stat
[Sat Feb 21 01:09:44.892985 2026] [php:error] [pid 58560] [client 45.67.97.192:0] script '/domains/aatweb/.alf.php' not found or unable to stat
[Sat Feb 21 01:09:44.921724 2026] [php:error] [pid 58502] [client 45.67.97.17:0] script '/domains/bruceweb/xex.php' not found or unable to stat
[Sat Feb 21 01:09:44.942874 2026] [php:error] [pid 58501] [client 45.67.97.16:0] script '/domains/hand-hammerweb/bless.php' not found or unable to stat
[Sat Feb 21 01:09:45.048102 2026] [php:error] [pid 58592] [client 45.67.97.192:0] script '/domains/system_cancel/index2.php' not found or unable to stat
[Sat Feb 21 01:09:45.104428 2026] [php:error] [pid 58545] [client 45.67.97.192:0] script '/domains/memanuel/jp.php' not found or unable to stat
[Sat Feb 21 01:09:45.149329 2026] [php:error] [pid 58558] [client 45.67.97.15:0] script '/domains/drsuper/natural.php' not found or unable to stat
[Sat Feb 21 01:09:45.162297 2026] [php:error] [pid 58598] [client 45.67.97.15:0] script '/domains/afglcweb/simple.php' not found or unable to stat
[Sat Feb 21 01:09:45.207077 2026] [php:error] [pid 58625] [client 45.67.97.16:0] script '/domains/tinatina/ahax.php' not found or unable to stat
[Sat Feb 21 01:09:45.259552 2026] [php:error] [pid 58626] [client 45.67.97.192:0] script '/domains/pookie.dnai/mariju.php' not found or unable to stat
[Sat Feb 21 01:09:45.334705 2026] [php:error] [pid 58479] [client 45.67.97.16:0] script '/domains/perless2web/theme.php' not found or unable to stat
[Sat Feb 21 01:09:45.358811 2026] [php:error] [pid 58522] [client 45.67.97.16:0] script '/domains/trodine/l.php' not found or unable to stat
[Sat Feb 21 01:09:45.360206 2026] [php:error] [pid 58560] [client 45.67.97.192:0] script '/domains/aatweb/wso.php' not found or unable to stat
[Sat Feb 21 01:09:45.368781 2026] [php:error] [pid 58632] [client 45.67.97.16:0] script '/domains/pbuilder/assets/info.php' not found or unable to stat
[Sat Feb 21 01:09:45.395551 2026] [php:error] [pid 58525] [client 45.67.97.16:0] script '/domains/system_suspended/webadmin.php' not found or unable to stat
[Sat Feb 21 01:09:45.397699 2026] [php:error] [pid 58596] [client 45.67.97.192:0] script '/domains/system_default/manager.php' not found or unable to stat
[Sat Feb 21 01:09:45.414780 2026] [php:error] [pid 58501] [client 45.67.97.16:0] script '/domains/hand-hammerweb/O-Simple.php' not found or unable to stat
[Sat Feb 21 01:09:45.443394 2026] [php:error] [pid 58524] [client 45.67.97.192:0] script '/domains/pmglobal/f35_SpaceTn.php' not found or unable to stat
[Sat Feb 21 01:09:45.486599 2026] [php:error] [pid 58535] [client 45.67.97.16:0] script '/domains/vangoghagainweb/wp-signup.php' not found or unable to stat
[Sat Feb 21 01:09:45.488522 2026] [php:error] [pid 58603] [client 45.67.97.16:0] script '/domains/system_default/wp-atomx.php' not found or unable to stat
[Sat Feb 21 01:09:45.507339 2026] [php:error] [pid 58550] [client 45.67.97.192:0] script '/domains/dcoffman/inc.php' not found or unable to stat
[Sat Feb 21 01:09:45.573336 2026] [php:error] [pid 58545] [client 45.67.97.192:0] script '/domains/memanuel/wp-atom.php' not found or unable to stat
[Sat Feb 21 01:09:45.584240 2026] [php:error] [pid 58470] [client 45.67.97.16:0] script '/domains/familyplayhouse2/options-writing.php' not found or unable to stat
[Sat Feb 21 01:09:45.617709 2026] [php:error] [pid 58558] [client 45.67.97.15:0] script '/domains/drsuper/item.php' not found or unable to stat
[Sat Feb 21 01:09:45.674478 2026] [php:error] [pid 58625] [client 45.67.97.16:0] script '/domains/tinatina/f35.php' not found or unable to stat
[Sat Feb 21 01:09:45.729650 2026] [php:error] [pid 58626] [client 45.67.97.192:0] script '/domains/pookie.dnai/waf_defender.php' not found or unable to stat
[Sat Feb 21 01:09:45.731175 2026] [php:error] [pid 58615] [client 45.67.97.17:0] script '/domains/cccweb/tinyfilemanager.php' not found or unable to stat
[Sat Feb 21 01:09:45.739802 2026] [php:error] [pid 58588] [client 45.67.97.192:0] script '/domains/frog.interport1/elp.php' not found or unable to stat
[Sat Feb 21 01:09:45.780528 2026] [php:error] [pid 58531] [client 45.67.97.15:0] script '/domains/jaspen/b.php' not found or unable to stat
[Sat Feb 21 01:09:45.786052 2026] [php:error] [pid 58509] [client 45.67.97.16:0] script '/domains/quintet/wp-header.php' not found or unable to stat
[Sat Feb 21 01:09:45.833850 2026] [php:error] [pid 58522] [client 45.67.97.16:0] script '/domains/trodine/repeater.php' not found or unable to stat
[Sat Feb 21 01:09:45.859909 2026] [php:error] [pid 58638] [client 45.67.97.17:0] script '/domains/fbardin/ws.php' not found or unable to stat
[Sat Feb 21 01:09:45.869108 2026] [php:error] [pid 58596] [client 45.67.97.192:0] script '/domains/system_default/bless.php' not found or unable to stat
