[Sat Feb 21 01:06:12.396393 2026] [php:error] [pid 58497] [client 45.67.97.17:0] script '/domains/hungariantasteweb/wso.php' not found or unable to stat
[Sat Feb 21 01:06:12.435950 2026] [php:error] [pid 58532] [client 45.67.97.15:0] script '/domains/system_suspended/aks.php' not found or unable to stat
[Sat Feb 21 01:06:12.444540 2026] [php:error] [pid 58527] [client 45.67.97.17:0] script '/domains/frog.interport1/wp-atom.php' not found or unable to stat
[Sat Feb 21 01:06:12.465482 2026] [php:error] [pid 58523] [client 45.67.97.192:0] script '/domains/pmglobal/alfa.php' not found or unable to stat
[Sat Feb 21 01:06:12.504274 2026] [php:error] [pid 58509] [client 45.67.97.15:0] script '/domains/pookie.dnai/classwithtostring.php' not found or unable to stat
[Sat Feb 21 01:06:12.524693 2026] [php:error] [pid 58480] [client 45.67.97.16:0] script '/domains/pbuilder/as.php' not found or unable to stat
[Sat Feb 21 01:06:12.536898 2026] [php:error] [pid 58533] [client 45.67.97.15:0] script '/domains/byardrealestate/edit.php' not found or unable to stat
[Sat Feb 21 01:06:12.564778 2026] [php:error] [pid 58488] [client 45.67.97.15:0] script '/domains/csiniaws/images/class-config.php' not found or unable to stat
[Sat Feb 21 01:06:12.582361 2026] [php:error] [pid 58439] [client 45.67.97.192:0] script '/domains/bels/style.php' not found or unable to stat
[Sat Feb 21 01:06:12.688195 2026] [php:error] [pid 58524] [client 45.67.97.192:0] script '/domains/fbardin/wp-login.php' not found or unable to stat
[Sat Feb 21 01:06:12.745903 2026] [php:error] [pid 58483] [client 4.193.228.15:0] script '/domains/system_suspended/wp-cron.php' not found or unable to stat
[Sat Feb 21 01:06:12.904409 2026] [php:error] [pid 58532] [client 45.67.97.15:0] script '/domains/system_suspended/litespeed.php' not found or unable to stat
[Sat Feb 21 01:06:12.977530 2026] [php:error] [pid 58491] [client 45.67.97.17:0] script '/domains/system_suspended/up.php' not found or unable to stat
[Sat Feb 21 01:06:12.998797 2026] [php:error] [pid 58480] [client 45.67.97.16:0] script '/domains/pbuilder/cc.php' not found or unable to stat
[Sat Feb 21 01:06:13.047406 2026] [php:error] [pid 58504] [client 45.67.97.16:0] script '/domains/biehlweb/XxX.php' not found or unable to stat
[Sat Feb 21 01:06:13.158080 2026] [php:error] [pid 58524] [client 45.67.97.192:0] script '/domains/fbardin/mar.php' not found or unable to stat
[Sat Feb 21 01:06:13.167019 2026] [php:error] [pid 58526] [client 45.67.97.192:0] script '/domains/sjsachs/dropdown.php' not found or unable to stat
[Sat Feb 21 01:06:13.322738 2026] [php:error] [pid 58515] [client 45.67.97.15:0] script '/domains/trodine/manager.php' not found or unable to stat
[Sat Feb 21 01:06:13.333965 2026] [php:error] [pid 58497] [client 45.67.97.17:0] script '/domains/hungariantasteweb/flower.php' not found or unable to stat
[Sat Feb 21 01:06:13.382782 2026] [php:error] [pid 58531] [client 45.67.97.16:0] script '/domains/system_suspended/options-writing.php' not found or unable to stat
[Sat Feb 21 01:06:13.594617 2026] [php:error] [pid 58472] [client 45.67.97.16:0] script '/domains/peterbmiller/wpn.php' not found or unable to stat
[Sat Feb 21 01:06:13.595870 2026] [php:error] [pid 58536] [client 45.67.97.17:0] script '/domains/system_suspended/wp-links-opml.php' not found or unable to stat
[Sat Feb 21 01:06:13.634585 2026] [php:error] [pid 58526] [client 45.67.97.192:0] script '/domains/sjsachs/images/admin.php' not found or unable to stat
[Sat Feb 21 01:06:13.676887 2026] [php:error] [pid 58494] [client 45.67.97.16:0] script '/domains/perless2web/file.php' not found or unable to stat
[Sat Feb 21 01:06:13.682375 2026] [php:error] [pid 58502] [client 45.67.97.15:0] script '/domains/druckrey/aks.php' not found or unable to stat
[Sat Feb 21 01:06:13.788730 2026] [php:error] [pid 58527] [client 45.67.97.17:0] script '/domains/frog.interport1/up.php' not found or unable to stat
[Sat Feb 21 01:06:13.791109 2026] [php:error] [pid 58515] [client 45.67.97.15:0] script '/domains/trodine/bless.php' not found or unable to stat
[Sat Feb 21 01:06:13.850382 2026] [php:error] [pid 58531] [client 45.67.97.16:0] script '/domains/system_suspended/options-reading.php' not found or unable to stat
[Sat Feb 21 01:06:13.911938 2026] [php:error] [pid 58508] [client 45.67.97.16:0] script '/domains/tmandel/webdb.php' not found or unable to stat
[Sat Feb 21 01:06:13.943641 2026] [php:error] [pid 58480] [client 45.67.97.16:0] script '/domains/pbuilder/ab.php' not found or unable to stat
[Sat Feb 21 01:06:13.949308 2026] [php:error] [pid 58533] [client 45.67.97.15:0] script '/domains/byardrealestate/wp-links-opml.php' not found or unable to stat
[Sat Feb 21 01:06:13.960201 2026] [php:error] [pid 58522] [client 45.67.97.192:0] script '/domains/system_suspended/mariju.php' not found or unable to stat
[Sat Feb 21 01:06:13.975073 2026] [php:error] [pid 58505] [client 45.67.97.17:0] script '/domains/system_default/ioxi-o.php' not found or unable to stat
[Sat Feb 21 01:06:13.976523 2026] [php:error] [pid 58488] [client 45.67.97.15:0] script '/domains/csiniaws/bypass.php' not found or unable to stat
[Sat Feb 21 01:06:13.985775 2026] [php:error] [pid 58439] [client 45.67.97.192:0] script '/domains/bels/x.php' not found or unable to stat
[Sat Feb 21 01:06:14.067618 2026] [php:error] [pid 58506] [client 45.67.97.16:0] script '/domains/hpveweb/worm.PhP' not found or unable to stat
[Sat Feb 21 01:06:14.100841 2026] [php:error] [pid 58526] [client 45.67.97.192:0] script '/domains/sjsachs/db.php' not found or unable to stat
[Sat Feb 21 01:06:14.152384 2026] [php:error] [pid 58502] [client 45.67.97.15:0] script '/domains/druckrey/litespeed.php' not found or unable to stat
[Sat Feb 21 01:06:14.165871 2026] [php:error] [pid 58483] [client 4.193.228.15:0] script '/domains/system_suspended/backup.php' not found or unable to stat
[Sat Feb 21 01:06:14.226831 2026] [php:error] [pid 58500] [client 45.67.97.17:0] script '/domains/acagolf1/wp-content.php' not found or unable to stat
[Sat Feb 21 01:06:14.268572 2026] [php:error] [pid 58515] [client 45.67.97.15:0] script '/domains/trodine/O-Simple.php' not found or unable to stat
[Sat Feb 21 01:06:14.298850 2026] [php:error] [pid 58509] [client 45.67.97.15:0] script '/domains/pookie.dnai/tinyfilemanager.php' not found or unable to stat
[Sat Feb 21 01:06:14.310979 2026] [php:error] [pid 58473] [client 45.67.97.192:0] script '/domains/system_default/dropdown.php' not found or unable to stat
[Sat Feb 21 01:06:14.318945 2026] [php:error] [pid 58531] [client 45.67.97.16:0] script '/domains/system_suspended/wsad.php' not found or unable to stat
[Sat Feb 21 01:06:14.420687 2026] [php:error] [pid 58475] [client 45.67.97.17:0] script '/domains/homesbyaudrey1/customize.php' not found or unable to stat
[Sat Feb 21 01:06:14.433645 2026] [php:error] [pid 58474] [client 45.67.97.15:0] script '/domains/jaspen/hehehehe.php' not found or unable to stat
[Sat Feb 21 01:06:14.434062 2026] [php:error] [pid 58522] [client 45.67.97.192:0] script '/domains/system_suspended/waf_defender.php' not found or unable to stat
[Sat Feb 21 01:06:14.447114 2026] [php:error] [pid 58505] [client 45.67.97.17:0] script '/domains/system_default/info.php' not found or unable to stat
[Sat Feb 21 01:06:14.448530 2026] [php:error] [pid 58488] [client 45.67.97.15:0] script '/domains/csiniaws/class.php' not found or unable to stat
[Sat Feb 21 01:06:14.531902 2026] [php:error] [pid 58536] [client 45.67.97.17:0] script '/domains/system_suspended/atomlib.php' not found or unable to stat
[Sat Feb 21 01:06:14.532180 2026] [php:error] [pid 58453] [client 45.67.97.15:0] script '/domains/astweb/adminfuns.php' not found or unable to stat
[Sat Feb 21 01:06:14.539840 2026] [php:error] [pid 58506] [client 45.67.97.16:0] script '/domains/hpveweb/ext.php' not found or unable to stat
[Sat Feb 21 01:06:14.567215 2026] [php:error] [pid 58524] [client 45.67.97.192:0] script '/domains/fbardin/1.php' not found or unable to stat
[Sat Feb 21 01:06:14.623023 2026] [php:error] [pid 58529] [client 45.67.97.192:0] script '/domains/system_default/theme.php' not found or unable to stat
[Sat Feb 21 01:06:14.655371 2026] [php:error] [pid 58483] [client 4.193.228.15:0] script '/domains/system_suspended/wp-admin.php' not found or unable to stat
[Sat Feb 21 01:06:14.735563 2026] [php:error] [pid 58515] [client 45.67.97.15:0] script '/domains/trodine/lock360.php' not found or unable to stat
[Sat Feb 21 01:06:14.748042 2026] [php:error] [pid 58493] [client 45.67.97.15:0] script '/domains/fdcarter/wp-good.php' not found or unable to stat
[Sat Feb 21 01:06:14.786346 2026] [php:error] [pid 58531] [client 45.67.97.16:0] script '/domains/system_suspended/nation.php' not found or unable to stat
[Sat Feb 21 01:06:14.855890 2026] [php:error] [pid 58508] [client 45.67.97.16:0] script '/domains/tmandel/file2.php' not found or unable to stat
[Sat Feb 21 01:06:14.888488 2026] [php:error] [pid 58475] [client 45.67.97.17:0] script '/domains/homesbyaudrey1/license.php' not found or unable to stat
[Sat Feb 21 01:06:14.892890 2026] [php:error] [pid 58532] [client 45.67.97.15:0] script '/domains/system_suspended/wpn.php' not found or unable to stat
[Sat Feb 21 01:06:14.893956 2026] [php:error] [pid 58533] [client 45.67.97.15:0] script '/domains/byardrealestate/atomlib.php' not found or unable to stat
[Sat Feb 21 01:06:14.895615 2026] [php:error] [pid 58483] [client 4.193.228.15:0] script '/domains/system_suspended/akc.php' not found or unable to stat
[Sat Feb 21 01:06:14.899432 2026] [php:error] [pid 58517] [client 45.67.97.16:0] script '/domains/familyplayhouse2/init.php' not found or unable to stat
[Sat Feb 21 01:06:14.918091 2026] [php:error] [pid 58505] [client 45.67.97.17:0] script '/domains/system_default/setup.php' not found or unable to stat
[Sat Feb 21 01:06:15.017368 2026] [php:error] [pid 58506] [client 45.67.97.16:0] script '/domains/hpveweb/delpaths.php' not found or unable to stat
[Sat Feb 21 01:06:15.087949 2026] [php:error] [pid 58494] [client 45.67.97.16:0] script '/domains/perless2web/buy.php' not found or unable to stat
[Sat Feb 21 01:06:15.178641 2026] [php:error] [pid 58470] [client 35.247.243.254:0] script '/domains/gk3c/adminer-5.0.5-en.php' not found or unable to stat
[Sat Feb 21 01:06:15.207599 2026] [php:error] [pid 58515] [client 45.67.97.15:0] script '/domains/trodine/zwso.php' not found or unable to stat
[Sat Feb 21 01:06:15.221755 2026] [php:error] [pid 58497] [client 45.67.97.17:0] script '/domains/hungariantasteweb/ioxi-o.php' not found or unable to stat
[Sat Feb 21 01:06:15.246273 2026] [php:error] [pid 58473] [client 45.67.97.192:0] script '/domains/system_default/db.php' not found or unable to stat
[Sat Feb 21 01:06:15.358707 2026] [php:error] [pid 58480] [client 45.67.97.16:0] script '/domains/pbuilder/doc.php' not found or unable to stat
[Sat Feb 21 01:06:15.377527 2026] [php:error] [pid 58522] [client 45.67.97.192:0] script '/domains/system_suspended/av.php' not found or unable to stat
[Sat Feb 21 01:06:15.402794 2026] [php:error] [pid 58507] [client 45.67.97.15:0] script '/domains/bruceweb/images/class.php' not found or unable to stat
[Sat Feb 21 01:06:15.441976 2026] [php:error] [pid 58479] [client 45.67.97.192:0] script '/domains/system_default/adminfuns.php' not found or unable to stat
[Sat Feb 21 01:06:15.478402 2026] [php:error] [pid 58453] [client 45.67.97.15:0] script '/domains/astweb/wp_wlx.php' not found or unable to stat
[Sat Feb 21 01:06:15.559512 2026] [php:error] [pid 58502] [client 45.67.97.15:0] script '/domains/druckrey/wpn.php' not found or unable to stat
[Sat Feb 21 01:06:15.641540 2026] [php:error] [pid 58483] [client 4.193.228.15:0] script '/domains/system_suspended/test1.php' not found or unable to stat
[Sat Feb 21 01:06:15.676348 2026] [php:error] [pid 58515] [client 45.67.97.15:0] script '/domains/trodine/chosen.php' not found or unable to stat
[Sat Feb 21 01:06:15.692199 2026] [php:error] [pid 58497] [client 45.67.97.17:0] script '/domains/hungariantasteweb/info.php' not found or unable to stat
[Sat Feb 21 01:06:15.702963 2026] [php:error] [pid 58509] [client 45.67.97.15:0] script '/domains/pookie.dnai/file.php' not found or unable to stat
[Sat Feb 21 01:06:15.714053 2026] [php:error] [pid 58482] [client 45.67.97.15:0] script '/domains/windsorweb/byp.php' not found or unable to stat
[Sat Feb 21 01:06:15.795966 2026] [php:error] [pid 58508] [client 45.67.97.16:0] script '/domains/tmandel/alfa.php' not found or unable to stat
[Sat Feb 21 01:06:15.820277 2026] [php:error] [pid 58475] [client 45.67.97.17:0] script '/domains/homesbyaudrey1/lock.php' not found or unable to stat
[Sat Feb 21 01:06:15.869280 2026] [php:error] [pid 58483] [client 4.193.228.15:0] script '/domains/system_suspended/bolt.php' not found or unable to stat
[Sat Feb 21 01:06:15.873542 2026] [php:error] [pid 58439] [client 45.67.97.192:0] script '/domains/bels/wp-user.php' not found or unable to stat
[Sat Feb 21 01:06:15.987749 2026] [php:error] [pid 58535] [client 45.67.97.16:0] script '/domains/antiqueweb1/images/upload.php' not found or unable to stat
[Sat Feb 21 01:06:16.036748 2026] [php:error] [pid 58529] [client 45.67.97.192:0] script '/domains/system_default/Simple.php' not found or unable to stat
[Sat Feb 21 01:06:16.109366 2026] [php:error] [pid 58512] [client 45.67.97.16:0] script '/domains/gohover/install.php' not found or unable to stat
[Sat Feb 21 01:06:16.118158 2026] [php:error] [pid 58483] [client 4.193.228.15:0] script '/domains/system_suspended/help.php' not found or unable to stat
[Sat Feb 21 01:06:16.155199 2026] [php:error] [pid 58515] [client 45.67.97.15:0] script '/domains/trodine/about.php' not found or unable to stat
[Sat Feb 21 01:06:16.163954 2026] [php:error] [pid 58497] [client 45.67.97.17:0] script '/domains/hungariantasteweb/setup.php' not found or unable to stat
[Sat Feb 21 01:06:16.205231 2026] [php:error] [pid 58491] [client 45.67.97.17:0] script '/domains/system_suspended/worm.PhP' not found or unable to stat
[Sat Feb 21 01:06:16.234639 2026] [php:error] [pid 58523] [client 45.67.97.192:0] script '/domains/pmglobal/edit.php' not found or unable to stat
[Sat Feb 21 01:06:16.285178 2026] [php:error] [pid 58490] [client 45.67.97.15:0] script '/domains/nsmd2/manager.php' not found or unable to stat
[Sat Feb 21 01:06:16.345484 2026] [php:error] [pid 58507] [client 45.67.97.15:0] script '/domains/bruceweb/web.php' not found or unable to stat
[Sat Feb 21 01:06:16.388329 2026] [php:error] [pid 58479] [client 45.67.97.192:0] script '/domains/system_default/wp_wlx.php' not found or unable to stat
[Sat Feb 21 01:06:16.567072 2026] [php:error] [pid 58500] [client 45.67.97.17:0] script '/domains/acagolf1/customize.php' not found or unable to stat
[Sat Feb 21 01:06:16.575896 2026] [php:error] [pid 58483] [client 4.193.228.15:0] script '/domains/system_suspended/atomlib.php' not found or unable to stat
[Sat Feb 21 01:06:16.622420 2026] [php:error] [pid 58527] [client 45.67.97.17:0] script '/domains/frog.interport1/worm.PhP' not found or unable to stat
[Sat Feb 21 01:06:16.625076 2026] [php:error] [pid 58515] [client 45.67.97.15:0] script '/domains/trodine/admin.php' not found or unable to stat
[Sat Feb 21 01:06:16.680091 2026] [php:error] [pid 58491] [client 45.67.97.17:0] script '/domains/system_suspended/ext.php' not found or unable to stat
[Sat Feb 21 01:06:16.752345 2026] [php:error] [pid 58490] [client 45.67.97.15:0] script '/domains/nsmd2/bless.php' not found or unable to stat
[Sat Feb 21 01:06:16.763497 2026] [php:error] [pid 58474] [client 45.67.97.17:0] script '/domains/magicjim/default.php' not found or unable to stat
[Sat Feb 21 01:06:16.779170 2026] [php:error] [pid 58480] [client 45.67.97.16:0] script '/domains/pbuilder/wp-login.php' not found or unable to stat
[Sat Feb 21 01:06:16.803598 2026] [php:error] [pid 58483] [client 4.193.228.15:0] script '/domains/system_suspended/wp-good.php' not found or unable to stat
[Sat Feb 21 01:06:16.895143 2026] [php:error] [pid 58536] [client 45.67.97.17:0] script '/domains/system_suspended/xp.php' not found or unable to stat
[Sat Feb 21 01:06:16.895277 2026] [php:error] [pid 58518] [client 45.67.97.16:0] script '/domains/ferguson.interport/xex.php' not found or unable to stat
[Sat Feb 21 01:06:16.895383 2026] [php:error] [pid 58453] [client 45.67.97.15:0] script '/domains/astweb/wp.php' not found or unable to stat
[Sat Feb 21 01:06:17.035877 2026] [php:error] [pid 58500] [client 45.67.97.17:0] script '/domains/acagolf1/license.php' not found or unable to stat
[Sat Feb 21 01:06:17.043972 2026] [php:error] [pid 58483] [client 4.193.228.15:0] script '/domains/system_suspended/gecko.php' not found or unable to stat
[Sat Feb 21 01:06:17.056391 2026] [php:error] [pid 58485] [client 45.67.97.16:0] script '/domains/resourceandeventweb/tox.php' not found or unable to stat
[Sat Feb 21 01:06:17.089902 2026] [php:error] [pid 58527] [client 45.67.97.17:0] script '/domains/frog.interport1/ext.php' not found or unable to stat
[Sat Feb 21 01:06:17.106669 2026] [php:error] [pid 58509] [client 45.67.97.15:0] script '/domains/pookie.dnai/buy.php' not found or unable to stat
[Sat Feb 21 01:06:17.130362 2026] [php:error] [pid 58531] [client 45.67.97.16:0] script '/domains/system_suspended/wp-atomx.php' not found or unable to stat
[Sat Feb 21 01:06:17.219596 2026] [php:error] [pid 58490] [client 45.67.97.15:0] script '/domains/nsmd2/O-Simple.php' not found or unable to stat
[Sat Feb 21 01:06:17.251216 2026] [php:error] [pid 58480] [client 45.67.97.16:0] script '/domains/pbuilder/mar.php' not found or unable to stat
[Sat Feb 21 01:06:17.252018 2026] [php:error] [pid 58533] [client 45.67.97.15:0] script '/domains/byardrealestate/xp.php' not found or unable to stat
[Sat Feb 21 01:06:17.283027 2026] [php:error] [pid 58439] [client 45.67.97.192:0] script '/domains/bels/config.php' not found or unable to stat
[Sat Feb 21 01:06:17.284267 2026] [php:error] [pid 58505] [client 45.67.97.17:0] script '/domains/system_default/as.php' not found or unable to stat
[Sat Feb 21 01:06:17.287539 2026] [php:error] [pid 58507] [client 45.67.97.15:0] script '/domains/bruceweb/images/index.php' not found or unable to stat
[Sat Feb 21 01:06:17.321767 2026] [php:error] [pid 58525] [client 45.67.97.16:0] script '/domains/testregisgroup/tox.php' not found or unable to stat
[Sat Feb 21 01:06:17.506737 2026] [php:error] [pid 58483] [client 4.193.228.15:0] script '/domains/system_suspended/news.php' not found or unable to stat
[Sat Feb 21 01:06:17.556907 2026] [php:error] [pid 58527] [client 45.67.97.17:0] script '/domains/frog.interport1/delpaths.php' not found or unable to stat
[Sat Feb 21 01:06:17.559775 2026] [php:error] [pid 58515] [client 45.67.97.15:0] script '/domains/trodine/mah.php' not found or unable to stat
[Sat Feb 21 01:06:17.599817 2026] [php:error] [pid 58531] [client 45.67.97.16:0] script '/domains/system_suspended/admin-footer.php' not found or unable to stat
[Sat Feb 21 01:06:17.640340 2026] [php:error] [pid 58523] [client 45.67.97.192:0] script '/domains/pmglobal/wp-links-opml.php' not found or unable to stat
[Sat Feb 21 01:06:17.691138 2026] [php:error] [pid 58490] [client 45.67.97.15:0] script '/domains/nsmd2/lock360.php' not found or unable to stat
[Sat Feb 21 01:06:17.742975 2026] [php:error] [pid 58483] [client 4.193.228.15:0] script '/domains/system_suspended/xmlrpc.php' not found or unable to stat
[Sat Feb 21 01:06:17.747908 2026] [php:error] [pid 58491] [client 45.67.97.17:0] script '/domains/system_suspended/delpaths.php' not found or unable to stat
[Sat Feb 21 01:06:17.750363 2026] [php:error] [pid 58504] [client 45.67.97.16:0] script '/domains/biehlweb/css/media-widget-vide02.php' not found or unable to stat
[Sat Feb 21 01:06:17.752508 2026] [php:error] [pid 58439] [client 45.67.97.192:0] script '/domains/bels/special.php' not found or unable to stat
[Sat Feb 21 01:06:17.757269 2026] [php:error] [pid 58505] [client 45.67.97.17:0] script '/domains/system_default/cc.php' not found or unable to stat
[Sat Feb 21 01:06:17.760837 2026] [php:error] [pid 58488] [client 45.67.97.15:0] script '/domains/csiniaws/init.php' not found or unable to stat
[Sat Feb 21 01:06:17.800954 2026] [php:error] [pid 58479] [client 45.67.97.192:0] script '/domains/system_default/wp.php' not found or unable to stat
[Sat Feb 21 01:06:17.862203 2026] [php:error] [pid 58506] [client 45.67.97.16:0] script '/domains/hpveweb/gifclass.php' not found or unable to stat
[Sat Feb 21 01:06:17.972929 2026] [php:error] [pid 58500] [client 45.67.97.17:0] script '/domains/acagolf1/lock.php' not found or unable to stat
[Sat Feb 21 01:06:17.982922 2026] [php:error] [pid 58483] [client 4.193.228.15:0] script '/domains/system_suspended/new.php' not found or unable to stat
[Sat Feb 21 01:06:18.315235 2026] [php:error] [pid 58536] [client 45.67.97.17:0] script '/domains/system_suspended/wp-links.php' not found or unable to stat
[Sat Feb 21 01:06:18.316578 2026] [php:error] [pid 58453] [client 45.67.97.15:0] script '/domains/astweb/wp-header.php' not found or unable to stat
[Sat Feb 21 01:06:18.316581 2026] [php:error] [pid 58526] [client 45.67.97.192:0] script '/domains/sjsachs/install.php' not found or unable to stat
[Sat Feb 21 01:06:18.332460 2026] [php:error] [pid 58524] [client 45.67.97.192:0] script '/domains/fbardin/fm.php' not found or unable to stat
[Sat Feb 21 01:06:18.334239 2026] [php:error] [pid 58506] [client 45.67.97.16:0] script '/domains/hpveweb/plugin.php' not found or unable to stat
[Sat Feb 21 01:06:18.437401 2026] [php:error] [pid 58512] [client 45.67.97.16:0] script '/domains/gohover/bypass.php' not found or unable to stat
[Sat Feb 21 01:06:18.485003 2026] [php:error] [pid 58493] [client 45.67.97.15:0] script '/domains/fdcarter/ff2.php' not found or unable to stat
[Sat Feb 21 01:06:18.499428 2026] [php:error] [pid 58515] [client 45.67.97.15:0] script '/domains/trodine/core.php' not found or unable to stat
[Sat Feb 21 01:06:18.503626 2026] [php:error] [pid 58497] [client 45.67.97.17:0] script '/domains/hungariantasteweb/as.php' not found or unable to stat
[Sat Feb 21 01:06:18.528736 2026] [php:error] [pid 58482] [client 45.67.97.15:0] script '/domains/windsorweb/cgi-bin/install.php' not found or unable to stat
[Sat Feb 21 01:06:18.539293 2026] [php:error] [pid 58531] [client 45.67.97.16:0] script '/domains/system_suspended/XxX.php' not found or unable to stat
[Sat Feb 21 01:06:18.579142 2026] [php:error] [pid 58523] [client 45.67.97.192:0] script '/domains/pmglobal/atomlib.php' not found or unable to stat
[Sat Feb 21 01:06:18.671332 2026] [php:error] [pid 58480] [client 45.67.97.16:0] script '/domains/pbuilder/1.php' not found or unable to stat
[Sat Feb 21 01:06:18.676263 2026] [php:error] [pid 58533] [client 45.67.97.15:0] script '/domains/byardrealestate/wp-links.php' not found or unable to stat
[Sat Feb 21 01:06:18.692562 2026] [php:error] [pid 58504] [client 45.67.97.16:0] script '/domains/biehlweb/images/buy.php' not found or unable to stat
[Sat Feb 21 01:06:18.701503 2026] [php:error] [pid 58505] [client 45.67.97.17:0] script '/domains/system_default/ab.php' not found or unable to stat
[Sat Feb 21 01:06:18.746440 2026] [php:error] [pid 58490] [client 45.67.97.15:0] script '/domains/nsmd2/zwso.php' not found or unable to stat
[Sat Feb 21 01:06:18.902546 2026] [php:error] [pid 58512] [client 45.67.97.16:0] script '/domains/gohover/class.php' not found or unable to stat
[Sat Feb 21 01:06:18.927708 2026] [php:error] [pid 58485] [client 45.67.97.16:0] script '/domains/resourceandeventweb/tiny.php' not found or unable to stat
[Sat Feb 21 01:06:18.970779 2026] [php:error] [pid 58515] [client 45.67.97.15:0] script '/domains/trodine/robots.php' not found or unable to stat
[Sat Feb 21 01:06:18.972717 2026] [php:error] [pid 58497] [client 45.67.97.17:0] script '/domains/hungariantasteweb/cc.php' not found or unable to stat
[Sat Feb 21 01:06:19.089120 2026] [php:error] [pid 58475] [client 45.67.97.17:0] script '/domains/homesbyaudrey1/wp-good.php' not found or unable to stat
[Sat Feb 21 01:06:19.126734 2026] [php:error] [pid 58483] [client 4.193.228.15:0] script '/domains/system_suspended/server.php' not found or unable to stat
[Sat Feb 21 01:06:19.180227 2026] [php:error] [pid 58507] [client 45.67.97.15:0] script '/domains/bruceweb/wp-trackback.php' not found or unable to stat
[Sat Feb 21 01:06:19.211278 2026] [php:error] [pid 58525] [client 45.67.97.16:0] script '/domains/testregisgroup/tiny.php' not found or unable to stat
[Sat Feb 21 01:06:19.220399 2026] [php:error] [pid 58490] [client 45.67.97.15:0] script '/domains/nsmd2/chosen.php' not found or unable to stat
[Sat Feb 21 01:06:19.222368 2026] [php:error] [pid 58479] [client 45.67.97.192:0] script '/domains/system_default/wp-header.php' not found or unable to stat
[Sat Feb 21 01:06:19.251293 2026] [php:error] [pid 58526] [client 45.67.97.192:0] script '/domains/sjsachs/images/class-config.php' not found or unable to stat
[Sat Feb 21 01:06:19.255491 2026] [php:error] [pid 58518] [client 45.67.97.16:0] script '/domains/ferguson.interport/wp-head.php' not found or unable to stat
[Sat Feb 21 01:06:19.256458 2026] [php:error] [pid 58453] [client 45.67.97.15:0] script '/domains/astweb/Marvins.php' not found or unable to stat
[Sat Feb 21 01:06:19.278316 2026] [php:error] [pid 58506] [client 45.67.97.16:0] script '/domains/hpveweb/update-core.php' not found or unable to stat
[Sat Feb 21 01:06:19.318410 2026] [php:error] [pid 58517] [client 45.67.97.16:0] script '/domains/familyplayhouse2/adminfuns.php' not found or unable to stat
[Sat Feb 21 01:06:19.353257 2026] [php:error] [pid 58483] [client 4.193.228.15:0] script '/domains/system_suspended/wp-signin.php' not found or unable to stat
[Sat Feb 21 01:06:19.366379 2026] [php:error] [pid 58476] [client 45.67.97.192:0] script '/domains/system_suspended/byp.php' not found or unable to stat
[Sat Feb 21 01:06:19.440175 2026] [php:error] [pid 58515] [client 45.67.97.15:0] script '/domains/trodine/inputs.php' not found or unable to stat
[Sat Feb 21 01:06:19.446231 2026] [php:error] [pid 58473] [client 45.67.97.192:0] script '/domains/system_default/install.php' not found or unable to stat
[Sat Feb 21 01:06:19.465878 2026] [php:error] [pid 58482] [client 45.67.97.15:0] script '/domains/windsorweb/class.api.php' not found or unable to stat
[Sat Feb 21 01:06:19.554301 2026] [php:error] [pid 58508] [client 45.67.97.16:0] script '/domains/tmandel/edit.php' not found or unable to stat
[Sat Feb 21 01:06:19.588015 2026] [php:error] [pid 58474] [client 45.67.97.17:0] script '/domains/magicjim/dropdown.php' not found or unable to stat
[Sat Feb 21 01:06:19.688200 2026] [php:error] [pid 58490] [client 45.67.97.15:0] script '/domains/nsmd2/about.php' not found or unable to stat
[Sat Feb 21 01:06:19.744454 2026] [php:error] [pid 58464] [client 45.67.97.16:0] script '/domains/micra/images/wp-aespa.php' not found or unable to stat
[Sat Feb 21 01:06:19.868063 2026] [php:error] [pid 58485] [client 45.67.97.16:0] script '/domains/resourceandeventweb/themes.php' not found or unable to stat
[Sat Feb 21 01:06:19.909628 2026] [php:error] [pid 58515] [client 45.67.97.15:0] script '/domains/trodine/mini.php' not found or unable to stat
[Sat Feb 21 01:06:19.910483 2026] [php:error] [pid 58497] [client 45.67.97.17:0] script '/domains/hungariantasteweb/ab.php' not found or unable to stat
[Sat Feb 21 01:06:20.083528 2026] [php:error] [pid 58522] [client 45.67.97.192:0] script '/domains/system_suspended/theme.php' not found or unable to stat
[Sat Feb 21 01:06:20.119703 2026] [php:error] [pid 58505] [client 45.67.97.17:0] script '/domains/system_default/doc.php' not found or unable to stat
[Sat Feb 21 01:06:20.133838 2026] [php:error] [pid 58507] [client 45.67.97.15:0] script '/domains/bruceweb/radio.php' not found or unable to stat
[Sat Feb 21 01:06:20.156787 2026] [php:error] [pid 58525] [client 45.67.97.16:0] script '/domains/testregisgroup/themes.php' not found or unable to stat
[Sat Feb 21 01:06:20.158473 2026] [php:error] [pid 58490] [client 45.67.97.15:0] script '/domains/nsmd2/admin.php' not found or unable to stat
[Sat Feb 21 01:06:20.170161 2026] [php:error] [pid 58479] [client 45.67.97.192:0] script '/domains/system_default/Marvins.php' not found or unable to stat
[Sat Feb 21 01:06:20.201013 2026] [php:error] [pid 58453] [client 45.67.97.15:0] script '/domains/astweb/wp-class.php' not found or unable to stat
[Sat Feb 21 01:06:20.214671 2026] [php:error] [pid 58524] [client 45.67.97.192:0] script '/domains/fbardin/ini.php' not found or unable to stat
[Sat Feb 21 01:06:20.221971 2026] [php:error] [pid 58506] [client 45.67.97.16:0] script '/domains/hpveweb/wp-mail.php' not found or unable to stat
[Sat Feb 21 01:06:20.272241 2026] [php:error] [pid 58517] [client 45.67.97.16:0] script '/domains/familyplayhouse2/wp_wlx.php' not found or unable to stat
[Sat Feb 21 01:06:20.336660 2026] [php:error] [pid 58485] [client 45.67.97.16:0] script '/domains/resourceandeventweb/wp-themes.php' not found or unable to stat
[Sat Feb 21 01:06:20.350346 2026] [php:error] [pid 58493] [client 45.67.97.15:0] script '/domains/fdcarter/jp.php' not found or unable to stat
[Sat Feb 21 01:06:20.376845 2026] [php:error] [pid 58527] [client 45.67.97.17:0] script '/domains/frog.interport1/gifclass.php' not found or unable to stat
[Sat Feb 21 01:06:20.379205 2026] [php:error] [pid 58515] [client 45.67.97.15:0] script '/domains/trodine/goods.php' not found or unable to stat
[Sat Feb 21 01:06:20.460353 2026] [php:error] [pid 58483] [client 4.193.228.15:0] script '/domains/system_suspended/class.php' not found or unable to stat
[Sat Feb 21 01:06:20.524914 2026] [php:error] [pid 58474] [client 45.67.97.17:0] script '/domains/magicjim/db.php' not found or unable to stat
[Sat Feb 21 01:06:20.627818 2026] [php:error] [pid 58525] [client 45.67.97.16:0] script '/domains/testregisgroup/wp-themes.php' not found or unable to stat
[Sat Feb 21 01:06:20.656865 2026] [php:error] [pid 58526] [client 45.67.97.192:0] script '/domains/sjsachs/bypass.php' not found or unable to stat
[Sat Feb 21 01:06:20.661718 2026] [php:error] [pid 58518] [client 45.67.97.16:0] script '/domains/ferguson.interport/makeasmtp.php' not found or unable to stat
[Sat Feb 21 01:06:20.701567 2026] [php:error] [pid 58483] [client 4.193.228.15:0] script '/domains/system_suspended/wp.php' not found or unable to stat
[Sat Feb 21 01:06:20.815541 2026] [php:error] [pid 58493] [client 45.67.97.15:0] script '/domains/fdcarter/wp-atom.php' not found or unable to stat
[Sat Feb 21 01:06:20.845178 2026] [php:error] [pid 58527] [client 45.67.97.17:0] script '/domains/frog.interport1/plugin.php' not found or unable to stat
[Sat Feb 21 01:06:20.846817 2026] [php:error] [pid 58515] [client 45.67.97.15:0] script '/domains/trodine/file5.php' not found or unable to stat
[Sat Feb 21 01:06:20.875390 2026] [php:error] [pid 58482] [client 45.67.97.15:0] script '/domains/windsorweb/system_log.php' not found or unable to stat
[Sat Feb 21 01:06:20.925940 2026] [php:error] [pid 58523] [client 45.67.97.192:0] script '/domains/pmglobal/xp.php' not found or unable to stat
[Sat Feb 21 01:06:20.960732 2026] [php:error] [pid 58508] [client 45.67.97.16:0] script '/domains/tmandel/wp-links-opml.php' not found or unable to stat
[Sat Feb 21 01:06:20.963680 2026] [php:error] [pid 58491] [client 45.67.97.17:0] script '/domains/system_suspended/gifclass.php' not found or unable to stat
[Sat Feb 21 01:06:21.095085 2026] [php:error] [pid 58490] [client 45.67.97.15:0] script '/domains/nsmd2/mah.php' not found or unable to stat
[Sat Feb 21 01:06:21.118127 2026] [php:error] [pid 58479] [client 45.67.97.192:0] script '/domains/system_default/wp-class.php' not found or unable to stat
[Sat Feb 21 01:06:21.131185 2026] [php:error] [pid 58526] [client 45.67.97.192:0] script '/domains/sjsachs/class.php' not found or unable to stat
[Sat Feb 21 01:06:21.146774 2026] [php:error] [pid 58453] [client 45.67.97.15:0] script '/domains/astweb/xx.php' not found or unable to stat
[Sat Feb 21 01:06:21.320560 2026] [php:error] [pid 58515] [client 45.67.97.15:0] script '/domains/trodine/ahax.php' not found or unable to stat
[Sat Feb 21 01:06:21.320676 2026] [php:error] [pid 58497] [client 45.67.97.17:0] script '/domains/hungariantasteweb/doc.php' not found or unable to stat
[Sat Feb 21 01:06:21.344512 2026] [php:error] [pid 58482] [client 45.67.97.15:0] script '/domains/windsorweb/.alf.php' not found or unable to stat
[Sat Feb 21 01:06:21.434313 2026] [php:error] [pid 58491] [client 45.67.97.17:0] script '/domains/system_suspended/plugin.php' not found or unable to stat
[Sat Feb 21 01:06:21.493071 2026] [php:error] [pid 58522] [client 45.67.97.192:0] script '/domains/system_suspended/Simple.php' not found or unable to stat
[Sat Feb 21 01:06:21.494164 2026] [php:error] [pid 58502] [client 45.67.97.16:0] script '/domains/system_default/small.php' not found or unable to stat
[Sat Feb 21 01:06:21.539316 2026] [php:error] [pid 58505] [client 45.67.97.17:0] script '/domains/system_default/wp-login.php' not found or unable to stat
[Sat Feb 21 01:06:21.548987 2026] [php:error] [pid 58488] [client 45.67.97.15:0] script '/domains/csiniaws/adminfuns.php' not found or unable to stat
[Sat Feb 21 01:06:21.619954 2026] [php:error] [pid 58453] [client 45.67.97.15:0] script '/domains/astweb/autoload_classmap.php' not found or unable to stat
[Sat Feb 21 01:06:21.663725 2026] [php:error] [pid 58494] [client 45.67.97.16:0] script '/domains/perless2web/inc.php' not found or unable to stat
[Sat Feb 21 01:06:21.668940 2026] [php:error] [pid 58500] [client 45.67.97.17:0] script '/domains/acagolf1/wp-good.php' not found or unable to stat
[Sat Feb 21 01:06:21.683799 2026] [php:error] [pid 58517] [client 45.67.97.16:0] script '/domains/familyplayhouse2/wp.php' not found or unable to stat
[Sat Feb 21 01:06:21.747525 2026] [php:error] [pid 58485] [client 45.67.97.16:0] script '/domains/resourceandeventweb/mariju.php' not found or unable to stat
[Sat Feb 21 01:06:21.747553 2026] [php:error] [pid 58493] [client 45.67.97.15:0] script '/domains/fdcarter/up.php' not found or unable to stat
[Sat Feb 21 01:06:21.788406 2026] [php:error] [pid 58473] [client 45.67.97.192:0] script '/domains/system_default/bypass.php' not found or unable to stat
[Sat Feb 21 01:06:21.790693 2026] [php:error] [pid 58527] [client 45.67.97.17:0] script '/domains/frog.interport1/update-core.php' not found or unable to stat
[Sat Feb 21 01:06:21.792585 2026] [php:error] [pid 58515] [client 45.67.97.15:0] script '/domains/trodine/f35.php' not found or unable to stat
[Sat Feb 21 01:06:21.812682 2026] [php:error] [pid 58482] [client 45.67.97.15:0] script '/domains/windsorweb/wso.php' not found or unable to stat
[Sat Feb 21 01:06:21.908727 2026] [php:error] [pid 58508] [client 45.67.97.16:0] script '/domains/tmandel/atomlib.php' not found or unable to stat
[Sat Feb 21 01:06:22.010528 2026] [php:error] [pid 58505] [client 45.67.97.17:0] script '/domains/system_default/mar.php' not found or unable to stat
[Sat Feb 21 01:06:22.020519 2026] [php:error] [pid 58507] [client 45.67.97.15:0] script '/domains/bruceweb/wp-conflg.php' not found or unable to stat
[Sat Feb 21 01:06:22.032126 2026] [php:error] [pid 58490] [client 45.67.97.15:0] script '/domains/nsmd2/core.php' not found or unable to stat
[Sat Feb 21 01:06:22.039569 2026] [php:error] [pid 58525] [client 45.67.97.16:0] script '/domains/testregisgroup/mariju.php' not found or unable to stat
[Sat Feb 21 01:06:22.076332 2026] [php:error] [pid 58479] [client 45.67.97.192:0] script '/domains/system_default/xx.php' not found or unable to stat
[Sat Feb 21 01:06:22.191112 2026] [php:error] [pid 58512] [client 45.67.97.16:0] script '/domains/gohover/init.php' not found or unable to stat
[Sat Feb 21 01:06:22.218584 2026] [php:error] [pid 58485] [client 45.67.97.16:0] script '/domains/resourceandeventweb/waf_defender.php' not found or unable to stat
[Sat Feb 21 01:06:22.255571 2026] [php:error] [pid 58473] [client 45.67.97.192:0] script '/domains/system_default/class.php' not found or unable to stat
[Sat Feb 21 01:06:22.260032 2026] [php:error] [pid 58515] [client 45.67.97.15:0] script '/domains/trodine/simple.php' not found or unable to stat
[Sat Feb 21 01:06:22.330641 2026] [php:error] [pid 58523] [client 45.67.97.192:0] script '/domains/pmglobal/wp-links.php' not found or unable to stat
[Sat Feb 21 01:06:22.380801 2026] [php:error] [pid 58491] [client 45.67.97.17:0] script '/domains/system_suspended/update-core.php' not found or unable to stat
[Sat Feb 21 01:06:22.438530 2026] [php:error] [pid 58502] [client 45.67.97.16:0] script '/domains/system_default/NewFile.php' not found or unable to stat
[Sat Feb 21 01:06:22.456279 2026] [php:error] [pid 58480] [client 45.67.97.16:0] script '/domains/pbuilder/fm.php' not found or unable to stat
[Sat Feb 21 01:06:22.490191 2026] [php:error] [pid 58488] [client 45.67.97.15:0] script '/domains/csiniaws/wp_wlx.php' not found or unable to stat
[Sat Feb 21 01:06:22.491407 2026] [php:error] [pid 58507] [client 45.67.97.15:0] script '/domains/bruceweb/wp-setup.php' not found or unable to stat
[Sat Feb 21 01:06:22.499753 2026] [php:error] [pid 58490] [client 45.67.97.15:0] script '/domains/nsmd2/robots.php' not found or unable to stat
[Sat Feb 21 01:06:22.509608 2026] [php:error] [pid 58525] [client 45.67.97.16:0] script '/domains/testregisgroup/waf_defender.php' not found or unable to stat
[Sat Feb 21 01:06:22.548458 2026] [php:error] [pid 58479] [client 45.67.97.192:0] script '/domains/system_default/autoload_classmap.php' not found or unable to stat
[Sat Feb 21 01:06:22.602133 2026] [php:error] [pid 58494] [client 45.67.97.16:0] script '/domains/perless2web/filemanager.php' not found or unable to stat
[Sat Feb 21 01:06:22.729023 2026] [php:error] [pid 58527] [client 45.67.97.17:0] script '/domains/frog.interport1/wp-mail.php' not found or unable to stat
[Sat Feb 21 01:06:22.729818 2026] [php:error] [pid 58497] [client 45.67.97.17:0] script '/domains/hungariantasteweb/wp-login.php' not found or unable to stat
[Sat Feb 21 01:06:22.747419 2026] [php:error] [pid 58482] [client 45.67.97.15:0] script '/domains/windsorweb/flower.php' not found or unable to stat
[Sat Feb 21 01:06:22.821305 2026] [php:error] [pid 58475] [client 45.67.97.17:0] script '/domains/homesbyaudrey1/ff2.php' not found or unable to stat
[Sat Feb 21 01:06:22.884968 2026] [php:error] [pid 58535] [client 45.67.97.16:0] script '/domains/antiqueweb1/classwithtostring.php' not found or unable to stat
[Sat Feb 21 01:06:22.962363 2026] [php:error] [pid 58507] [client 45.67.97.15:0] script '/domains/bruceweb/ms-themes.php' not found or unable to stat
[Sat Feb 21 01:06:22.966973 2026] [php:error] [pid 58490] [client 45.67.97.15:0] script '/domains/nsmd2/inputs.php' not found or unable to stat
[Sat Feb 21 01:06:22.979343 2026] [php:error] [pid 58439] [client 4.193.228.15:0] script '/domains/system_suspended/special.php' not found or unable to stat
[Sat Feb 21 01:06:23.022750 2026] [php:error] [pid 58453] [client 45.67.97.15:0] script '/domains/astweb/content.php' not found or unable to stat
[Sat Feb 21 01:06:23.052182 2026] [php:error] [pid 58472] [client 45.67.97.192:0] script '/domains/peterbmiller/images/wp-aespa.php' not found or unable to stat
[Sat Feb 21 01:06:23.099170 2026] [php:error] [pid 58517] [client 45.67.97.16:0] script '/domains/familyplayhouse2/wp-header.php' not found or unable to stat
[Sat Feb 21 01:06:23.138608 2026] [php:error] [pid 58476] [client 45.67.97.192:0] script '/domains/system_suspended/class.api.php' not found or unable to stat
[Sat Feb 21 01:06:23.154276 2026] [php:error] [pid 58485] [client 45.67.97.16:0] script '/domains/resourceandeventweb/av.php' not found or unable to stat
[Sat Feb 21 01:06:23.200952 2026] [php:error] [pid 58497] [client 45.67.97.17:0] script '/domains/hungariantasteweb/mar.php' not found or unable to stat
[Sat Feb 21 01:06:23.326295 2026] [php:error] [pid 58491] [client 45.67.97.17:0] script '/domains/system_suspended/wp-mail.php' not found or unable to stat
[Sat Feb 21 01:06:23.374416 2026] [php:error] [pid 58506] [client 45.67.97.17:0] script '/domains/system_cancel/manager.php' not found or unable to stat
[Sat Feb 21 01:06:23.385856 2026] [php:error] [pid 58502] [client 45.67.97.16:0] script '/domains/system_default/error.php' not found or unable to stat
[Sat Feb 21 01:06:23.414965 2026] [php:error] [pid 58538] [client 45.67.97.17:0] script '/domains/bels/webdb.php' not found or unable to stat
[Sat Feb 21 01:06:23.425262 2026] [php:error] [pid 58505] [client 45.67.97.17:0] script '/domains/system_default/1.php' not found or unable to stat
[Sat Feb 21 01:06:23.434487 2026] [php:error] [pid 58490] [client 45.67.97.15:0] script '/domains/nsmd2/mini.php' not found or unable to stat
[Sat Feb 21 01:06:23.450094 2026] [php:error] [pid 58525] [client 45.67.97.16:0] script '/domains/testregisgroup/av.php' not found or unable to stat
[Sat Feb 21 01:06:23.479142 2026] [php:error] [pid 58536] [client 45.67.97.17:0] script '/domains/system_suspended/moon.php' not found or unable to stat
[Sat Feb 21 01:06:23.909182 2026] [php:error] [pid 58488] [client 45.67.97.15:0] script '/domains/csiniaws/wp.php' not found or unable to stat
[Sat Feb 21 01:06:23.909203 2026] [php:error] [pid 58490] [client 45.67.97.15:0] script '/domains/nsmd2/goods.php' not found or unable to stat
[Sat Feb 21 01:06:23.909300 2026] [php:error] [pid 58507] [client 45.67.97.15:0] script '/domains/bruceweb/style.php' not found or unable to stat
[Sat Feb 21 01:06:23.966832 2026] [php:error] [pid 58479] [client 45.67.97.192:0] script '/domains/system_default/content.php' not found or unable to stat
[Sat Feb 21 01:06:24.045285 2026] [php:error] [pid 58517] [client 45.67.97.16:0] script '/domains/familyplayhouse2/Marvins.php' not found or unable to stat
[Sat Feb 21 01:06:24.267749 2026] [php:error] [pid 58508] [client 45.67.97.16:0] script '/domains/tmandel/xp.php' not found or unable to stat
[Sat Feb 21 01:06:24.296705 2026] [php:error] [pid 58509] [client 45.67.97.15:0] script '/domains/pookie.dnai/inc.php' not found or unable to stat
[Sat Feb 21 01:06:24.296736 2026] [php:error] [pid 58535] [client 45.67.97.16:0] script '/domains/antiqueweb1/tinyfilemanager.php' not found or unable to stat
[Sat Feb 21 01:06:24.352460 2026] [php:error] [pid 58480] [client 45.67.97.16:0] script '/domains/pbuilder/ini.php' not found or unable to stat
[Sat Feb 21 01:06:24.357267 2026] [php:error] [pid 58538] [client 45.67.97.17:0] script '/domains/bels/file2.php' not found or unable to stat
[Sat Feb 21 01:06:24.377264 2026] [php:error] [pid 58490] [client 45.67.97.15:0] script '/domains/nsmd2/file5.php' not found or unable to stat
[Sat Feb 21 01:06:24.408721 2026] [php:error] [pid 58526] [client 45.67.97.192:0] script '/domains/sjsachs/init.php' not found or unable to stat
[Sat Feb 21 01:06:24.551902 2026] [php:error] [pid 58493] [client 45.67.97.15:0] script '/domains/fdcarter/worm.PhP' not found or unable to stat
[Sat Feb 21 01:06:24.610119 2026] [php:error] [pid 58520] [client 45.67.97.16:0] script '/domains/proinc/byp.php' not found or unable to stat
[Sat Feb 21 01:06:24.611269 2026] [php:error] [pid 58497] [client 45.67.97.17:0] script '/domains/hungariantasteweb/1.php' not found or unable to stat
[Sat Feb 21 01:06:24.633214 2026] [php:error] [pid 58482] [client 45.67.97.15:0] script '/domains/windsorweb/ioxi-o.php' not found or unable to stat
[Sat Feb 21 01:06:24.682916 2026] [php:error] [pid 58475] [client 45.67.97.17:0] script '/domains/homesbyaudrey1/jp.php' not found or unable to stat
[Sat Feb 21 01:06:24.765511 2026] [php:error] [pid 58474] [client 45.67.97.17:0] script '/domains/magicjim/install.php' not found or unable to stat
[Sat Feb 21 01:06:24.779349 2026] [php:error] [pid 58506] [client 45.67.97.17:0] script '/domains/system_cancel/lock360.php' not found or unable to stat
[Sat Feb 21 01:06:24.848661 2026] [php:error] [pid 58490] [client 45.67.97.15:0] script '/domains/nsmd2/ahax.php' not found or unable to stat
[Sat Feb 21 01:06:24.888429 2026] [php:error] [pid 58536] [client 45.67.97.17:0] script '/domains/system_suspended/webadmin.php' not found or unable to stat
[Sat Feb 21 01:06:24.901066 2026] [php:error] [pid 58533] [client 45.67.97.15:0] script '/domains/byardrealestate/moon.php' not found or unable to stat
[Sat Feb 21 01:06:24.957529 2026] [php:error] [pid 58476] [client 45.67.97.192:0] script '/domains/system_suspended/system_log.php' not found or unable to stat
[Sat Feb 21 01:06:24.992080 2026] [php:error] [pid 58517] [client 45.67.97.16:0] script '/domains/familyplayhouse2/wp-class.php' not found or unable to stat
[Sat Feb 21 01:06:25.016703 2026] [php:error] [pid 58493] [client 45.67.97.15:0] script '/domains/fdcarter/ext.php' not found or unable to stat
[Sat Feb 21 01:06:25.100707 2026] [php:error] [pid 58482] [client 45.67.97.15:0] script '/domains/windsorweb/info.php' not found or unable to stat
[Sat Feb 21 01:06:25.153767 2026] [php:error] [pid 58475] [client 45.67.97.17:0] script '/domains/homesbyaudrey1/wp-atom.php' not found or unable to stat
[Sat Feb 21 01:06:25.236569 2026] [php:error] [pid 58509] [client 45.67.97.15:0] script '/domains/pookie.dnai/filemanager.php' not found or unable to stat
[Sat Feb 21 01:06:25.261221 2026] [php:error] [pid 58502] [client 45.67.97.16:0] script '/domains/system_default/wp-files.php' not found or unable to stat
[Sat Feb 21 01:06:25.298182 2026] [php:error] [pid 58538] [client 45.67.97.17:0] script '/domains/bels/alfa.php' not found or unable to stat
[Sat Feb 21 01:06:25.318089 2026] [php:error] [pid 58490] [client 45.67.97.15:0] script '/domains/nsmd2/f35.php' not found or unable to stat
[Sat Feb 21 01:06:25.324829 2026] [php:error] [pid 58488] [client 45.67.97.15:0] script '/domains/csiniaws/wp-header.php' not found or unable to stat
[Sat Feb 21 01:06:25.326040 2026] [php:error] [pid 58507] [client 45.67.97.15:0] script '/domains/bruceweb/x.php' not found or unable to stat
[Sat Feb 21 01:06:25.422475 2026] [php:error] [pid 58494] [client 45.67.97.16:0] script '/domains/perless2web/function.php' not found or unable to stat
[Sat Feb 21 01:06:25.425512 2026] [php:error] [pid 58476] [client 45.67.97.192:0] script '/domains/system_suspended/.alf.php' not found or unable to stat
[Sat Feb 21 01:06:25.482381 2026] [php:error] [pid 58493] [client 45.67.97.15:0] script '/domains/fdcarter/delpaths.php' not found or unable to stat
[Sat Feb 21 01:06:25.521049 2026] [php:error] [pid 58473] [client 45.67.97.192:0] script '/domains/system_default/init.php' not found or unable to stat
[Sat Feb 21 01:06:25.568691 2026] [php:error] [pid 58482] [client 45.67.97.15:0] script '/domains/windsorweb/setup.php' not found or unable to stat
[Sat Feb 21 01:06:25.670396 2026] [php:error] [pid 58508] [client 45.67.97.16:0] script '/domains/tmandel/wp-links.php' not found or unable to stat
[Sat Feb 21 01:06:25.687116 2026] [php:error] [pid 58522] [client 45.67.97.17:0] script '/domains/fbardin/wp-content.php' not found or unable to stat
[Sat Feb 21 01:06:25.688842 2026] [php:error] [pid 58483] [client 45.67.97.16:0] script '/domains/hpveweb/aa.php' not found or unable to stat
[Sat Feb 21 01:06:25.704297 2026] [php:error] [pid 58535] [client 45.67.97.16:0] script '/domains/antiqueweb1/file.php' not found or unable to stat
[Sat Feb 21 01:06:25.720413 2026] [php:error] [pid 58506] [client 45.67.97.17:0] script '/domains/system_cancel/chosen.php' not found or unable to stat
[Sat Feb 21 01:06:25.790100 2026] [php:error] [pid 58490] [client 45.67.97.15:0] script '/domains/nsmd2/simple.php' not found or unable to stat
[Sat Feb 21 01:06:25.795463 2026] [php:error] [pid 58519] [client 45.67.97.192:0] script '/domains/rnachum/Sanskrit.php' not found or unable to stat
[Sat Feb 21 01:06:25.895485 2026] [php:error] [pid 58476] [client 45.67.97.192:0] script '/domains/system_suspended/wso.php' not found or unable to stat
[Sat Feb 21 01:06:25.933117 2026] [php:error] [pid 58512] [client 45.67.97.16:0] script '/domains/gohover/adminfuns.php' not found or unable to stat
[Sat Feb 21 01:06:26.021764 2026] [php:error] [pid 58500] [client 45.67.97.17:0] script '/domains/acagolf1/ff2.php' not found or unable to stat
[Sat Feb 21 01:06:26.026110 2026] [php:error] [pid 58515] [client 45.67.97.15:0] script '/domains/trodine/images/upload.php' not found or unable to stat
[Sat Feb 21 01:06:26.086114 2026] [php:error] [pid 58475] [client 45.67.97.17:0] script '/domains/homesbyaudrey1/up.php' not found or unable to stat
[Sat Feb 21 01:06:26.138960 2026] [php:error] [pid 58504] [client 45.67.97.16:0] script '/domains/biehlweb/xex.php' not found or unable to stat
[Sat Feb 21 01:06:26.139231 2026] [php:error] [pid 58502] [client 45.67.97.16:0] script '/domains/system_default/functions.php' not found or unable to stat
[Sat Feb 21 01:06:26.159489 2026] [php:error] [pid 58464] [client 45.67.97.16:0] script '/domains/system_suspended/small.php' not found or unable to stat
[Sat Feb 21 01:06:26.159746 2026] [php:error] [pid 58483] [client 45.67.97.16:0] script '/domains/hpveweb/index2.php' not found or unable to stat
[Sat Feb 21 01:06:26.188869 2026] [php:error] [pid 58506] [client 45.67.97.17:0] script '/domains/system_cancel/about.php' not found or unable to stat
[Sat Feb 21 01:06:26.246695 2026] [php:error] [pid 58517] [client 45.67.97.16:0] script '/domains/familyplayhouse2/xx.php' not found or unable to stat
[Sat Feb 21 01:06:26.265887 2026] [php:error] [pid 58488] [client 45.67.97.15:0] script '/domains/csiniaws/Marvins.php' not found or unable to stat
[Sat Feb 21 01:06:26.266219 2026] [php:error] [pid 58519] [client 45.67.97.192:0] script '/domains/rnachum/wp-fmfile.php' not found or unable to stat
[Sat Feb 21 01:06:26.290593 2026] [php:error] [pid 58536] [client 45.67.97.17:0] script '/domains/system_suspended/xl2023.php' not found or unable to stat
