[Sat Feb 21 01:09:01.394264 2026] [php:error] [pid 58515] [client 45.67.97.16:0] script '/domains/carynm/tinyfilemanager.php' not found or unable to stat
[Sat Feb 21 01:09:01.405451 2026] [php:error] [pid 58605] [client 45.67.97.17:0] script '/domains/tmandel/memberfuns.php' not found or unable to stat
[Sat Feb 21 01:09:01.405982 2026] [php:error] [pid 58549] [client 45.67.97.17:0] script '/domains/ceonlinenews/wp-links-opml.php' not found or unable to stat
[Sat Feb 21 01:09:01.406409 2026] [php:error] [pid 58524] [client 45.67.97.15:0] script '/domains/pbuilder/gm.php' not found or unable to stat
[Sat Feb 21 01:09:01.406854 2026] [php:error] [pid 58579] [client 45.67.97.192:0] script '/domains/bfitpro2/lock360.php' not found or unable to stat
[Sat Feb 21 01:09:01.408286 2026] [php:error] [pid 58535] [client 45.67.97.16:0] script '/domains/miles.interport/style.php' not found or unable to stat
[Sat Feb 21 01:09:01.532381 2026] [php:error] [pid 58488] [client 20.24.204.137:0] script '/domains/ebon/file.php' not found or unable to stat
[Sat Feb 21 01:09:01.604673 2026] [php:error] [pid 58574] [client 45.67.97.17:0] script '/domains/amisol/manager.php' not found or unable to stat
[Sat Feb 21 01:09:01.627960 2026] [php:error] [pid 58584] [client 45.67.97.17:0] script '/domains/lover/wp-blog.php' not found or unable to stat
[Sat Feb 21 01:09:01.654217 2026] [php:error] [pid 58520] [client 45.67.97.17:0] script '/domains/familyplayhouse2/waf_defender.php' not found or unable to stat
[Sat Feb 21 01:09:01.654288 2026] [php:error] [pid 58604] [client 45.67.97.16:0] script '/domains/bruceweb/aks.php' not found or unable to stat
[Sat Feb 21 01:09:01.657230 2026] [php:error] [pid 58493] [client 45.67.97.15:0] script '/domains/pookie.dnai/jp.php' not found or unable to stat
[Sat Feb 21 01:09:01.660172 2026] [php:error] [pid 58565] [client 45.67.97.192:0] script '/domains/system_default/webadmin.php' not found or unable to stat
[Sat Feb 21 01:09:01.694877 2026] [php:error] [pid 58555] [client 45.67.97.15:0] script '/domains/perless2web/ext.php' not found or unable to stat
[Sat Feb 21 01:09:01.701954 2026] [php:error] [pid 58598] [client 45.67.97.16:0] script '/domains/pmglobal/nation.php' not found or unable to stat
[Sat Feb 21 01:09:01.736856 2026] [php:error] [pid 58504] [client 45.67.97.17:0] script '/domains/icrse/zwso.php' not found or unable to stat
[Sat Feb 21 01:09:01.783739 2026] [php:error] [pid 58500] [client 45.67.97.192:0] script '/domains/acagolf1/b.php' not found or unable to stat
[Sat Feb 21 01:09:01.876728 2026] [php:error] [pid 58605] [client 45.67.97.17:0] script '/domains/tmandel/infos.php' not found or unable to stat
[Sat Feb 21 01:09:01.876877 2026] [php:error] [pid 58572] [client 45.67.97.192:0] script '/domains/tbarnhil/new.php' not found or unable to stat
[Sat Feb 21 01:09:01.876880 2026] [php:error] [pid 58595] [client 45.67.97.16:0] script '/domains/system_suspended/XxX.php' not found or unable to stat
[Sat Feb 21 01:09:01.895977 2026] [php:error] [pid 58515] [client 45.67.97.16:0] script '/domains/carynm/js/bas.php' not found or unable to stat
[Sat Feb 21 01:09:01.901615 2026] [php:error] [pid 58472] [client 45.67.97.15:0] script '/domains/nsmd2/fm.php' not found or unable to stat
[Sat Feb 21 01:09:01.903156 2026] [php:error] [pid 58579] [client 45.67.97.192:0] script '/domains/bfitpro2/zwso.php' not found or unable to stat
[Sat Feb 21 01:09:01.906186 2026] [php:error] [pid 58597] [client 45.67.97.16:0] script '/domains/windsorweb/images/install.php' not found or unable to stat
[Sat Feb 21 01:09:01.960437 2026] [php:error] [pid 58488] [client 20.24.204.137:0] script '/domains/ebon/lc.php' not found or unable to stat
[Sat Feb 21 01:09:02.078946 2026] [php:error] [pid 58574] [client 45.67.97.17:0] script '/domains/amisol/bless.php' not found or unable to stat
[Sat Feb 21 01:09:02.113852 2026] [php:error] [pid 58608] [client 45.67.97.16:0] script '/domains/csiniaws/mariju.php' not found or unable to stat
[Sat Feb 21 01:09:02.123236 2026] [php:error] [pid 58604] [client 45.67.97.16:0] script '/domains/bruceweb/litespeed.php' not found or unable to stat
[Sat Feb 21 01:09:02.128986 2026] [php:error] [pid 58493] [client 45.67.97.15:0] script '/domains/pookie.dnai/wp-atom.php' not found or unable to stat
[Sat Feb 21 01:09:02.143891 2026] [php:error] [pid 58527] [client 45.67.97.15:0] script '/domains/astweb/Simple.php' not found or unable to stat
[Sat Feb 21 01:09:02.165271 2026] [php:error] [pid 58555] [client 45.67.97.15:0] script '/domains/perless2web/delpaths.php' not found or unable to stat
[Sat Feb 21 01:09:02.165273 2026] [php:error] [pid 58587] [client 45.67.97.15:0] script '/domains/braniff/ab.php' not found or unable to stat
[Sat Feb 21 01:09:02.166784 2026] [php:error] [pid 58588] [client 45.67.97.15:0] script '/domains/tcrlle/wp-signup.php' not found or unable to stat
[Sat Feb 21 01:09:02.184964 2026] [php:error] [pid 58488] [client 20.24.204.137:0] script '/domains/ebon/cbrfo.php' not found or unable to stat
[Sat Feb 21 01:09:02.224172 2026] [php:error] [pid 58504] [client 45.67.97.17:0] script '/domains/icrse/chosen.php' not found or unable to stat
[Sat Feb 21 01:09:02.367291 2026] [php:error] [pid 58601] [client 45.67.97.192:0] script '/domains/magicjim/filefuns.php' not found or unable to stat
[Sat Feb 21 01:09:02.368239 2026] [php:error] [pid 58549] [client 45.67.97.17:0] script '/domains/ceonlinenews/atomlib.php' not found or unable to stat
[Sat Feb 21 01:09:02.403261 2026] [php:error] [pid 58488] [client 20.24.204.137:0] script '/domains/ebon/inc.php' not found or unable to stat
[Sat Feb 21 01:09:02.410740 2026] [php:error] [pid 58579] [client 45.67.97.192:0] script '/domains/bfitpro2/chosen.php' not found or unable to stat
[Sat Feb 21 01:09:02.469174 2026] [php:error] [pid 58558] [client 45.67.97.15:0] script '/domains/drsuper/manager.php' not found or unable to stat
[Sat Feb 21 01:09:02.551894 2026] [php:error] [pid 58574] [client 45.67.97.17:0] script '/domains/amisol/O-Simple.php' not found or unable to stat
[Sat Feb 21 01:09:02.582572 2026] [php:error] [pid 58608] [client 45.67.97.16:0] script '/domains/csiniaws/waf_defender.php' not found or unable to stat
[Sat Feb 21 01:09:02.594703 2026] [php:error] [pid 58520] [client 45.67.97.17:0] script '/domains/familyplayhouse2/av.php' not found or unable to stat
[Sat Feb 21 01:09:02.594742 2026] [php:error] [pid 58522] [client 45.67.97.192:0] script '/domains/memanuel/byp.php' not found or unable to stat
[Sat Feb 21 01:09:02.697242 2026] [php:error] [pid 58504] [client 45.67.97.17:0] script '/domains/icrse/about.php' not found or unable to stat
[Sat Feb 21 01:09:02.873630 2026] [php:error] [pid 58515] [client 45.67.97.16:0] script '/domains/carynm/file.php' not found or unable to stat
[Sat Feb 21 01:09:02.879216 2026] [php:error] [pid 58597] [client 45.67.97.16:0] script '/domains/windsorweb/adminfusm.php' not found or unable to stat
[Sat Feb 21 01:09:02.881714 2026] [php:error] [pid 58579] [client 45.67.97.192:0] script '/domains/bfitpro2/about.php' not found or unable to stat
[Sat Feb 21 01:09:02.881941 2026] [php:error] [pid 58535] [client 45.67.97.16:0] script '/domains/miles.interport/x.php' not found or unable to stat
[Sat Feb 21 01:09:02.936866 2026] [php:error] [pid 58558] [client 45.67.97.15:0] script '/domains/drsuper/bless.php' not found or unable to stat
[Sat Feb 21 01:09:02.949109 2026] [php:error] [pid 58527] [client 20.24.204.137:0] script '/domains/ebon/gifclass.php' not found or unable to stat
[Sat Feb 21 01:09:03.020762 2026] [php:error] [pid 58525] [client 45.67.97.16:0] script '/domains/fdcarter/images/Marvins.php' not found or unable to stat
[Sat Feb 21 01:09:03.022029 2026] [php:error] [pid 58574] [client 45.67.97.17:0] script '/domains/amisol/lock360.php' not found or unable to stat
[Sat Feb 21 01:09:03.062022 2026] [php:error] [pid 58565] [client 45.67.97.192:0] script '/domains/system_default/xl2023.php' not found or unable to stat
[Sat Feb 21 01:09:03.062923 2026] [php:error] [pid 58564] [client 45.67.97.192:0] script '/domains/resourceandeventweb/files.php' not found or unable to stat
[Sat Feb 21 01:09:03.084527 2026] [php:error] [pid 58493] [client 45.67.97.15:0] script '/domains/pookie.dnai/up.php' not found or unable to stat
[Sat Feb 21 01:09:03.105813 2026] [php:error] [pid 58586] [client 45.67.97.16:0] script '/domains/system_cancel/mar.php' not found or unable to stat
[Sat Feb 21 01:09:03.168404 2026] [php:error] [pid 58504] [client 45.67.97.17:0] script '/domains/icrse/admin.php' not found or unable to stat
[Sat Feb 21 01:09:03.169964 2026] [php:error] [pid 58527] [client 20.24.204.137:0] script '/domains/ebon/miansha.php' not found or unable to stat
[Sat Feb 21 01:09:03.220707 2026] [php:error] [pid 58610] [client 45.67.97.16:0] script '/domains/aatweb/edit.php' not found or unable to stat
[Sat Feb 21 01:09:03.241888 2026] [php:error] [pid 58500] [client 45.67.97.192:0] script '/domains/acagolf1/css/as.php' not found or unable to stat
[Sat Feb 21 01:09:03.308322 2026] [php:error] [pid 58601] [client 45.67.97.192:0] script '/domains/magicjim/l.php' not found or unable to stat
[Sat Feb 21 01:09:03.354407 2026] [php:error] [pid 58579] [client 45.67.97.192:0] script '/domains/bfitpro2/admin.php' not found or unable to stat
[Sat Feb 21 01:09:03.387094 2026] [php:error] [pid 58527] [client 20.24.204.137:0] script '/domains/ebon/tinyfilemanager.php' not found or unable to stat
[Sat Feb 21 01:09:03.404563 2026] [php:error] [pid 58558] [client 45.67.97.15:0] script '/domains/drsuper/O-Simple.php' not found or unable to stat
[Sat Feb 21 01:09:03.404991 2026] [php:error] [pid 58568] [client 45.67.97.17:0] script '/domains/fryer/manager.php' not found or unable to stat
[Sat Feb 21 01:09:03.488395 2026] [php:error] [pid 58526] [client 45.67.97.17:0] script '/domains/system_default/f35_SpaceTn.php' not found or unable to stat
[Sat Feb 21 01:09:03.496575 2026] [php:error] [pid 58574] [client 45.67.97.17:0] script '/domains/amisol/zwso.php' not found or unable to stat
[Sat Feb 21 01:09:03.503835 2026] [php:error] [pid 58596] [client 45.67.97.17:0] script '/domains/system_default/theme.php' not found or unable to stat
[Sat Feb 21 01:09:03.519700 2026] [php:error] [pid 58608] [client 45.67.97.16:0] script '/domains/csiniaws/av.php' not found or unable to stat
[Sat Feb 21 01:09:03.525246 2026] [php:error] [pid 58584] [client 45.67.97.17:0] script '/domains/lover/wp-l0gin.php' not found or unable to stat
[Sat Feb 21 01:09:03.531208 2026] [php:error] [pid 58565] [client 45.67.97.192:0] script '/domains/system_default/go.php' not found or unable to stat
[Sat Feb 21 01:09:03.533987 2026] [php:error] [pid 58479] [client 45.67.97.192:0] script '/domains/byardrealestate/wp-atomx.php' not found or unable to stat
[Sat Feb 21 01:09:03.534997 2026] [php:error] [pid 58604] [client 45.67.97.16:0] script '/domains/bruceweb/wpn.php' not found or unable to stat
[Sat Feb 21 01:09:03.580970 2026] [php:error] [pid 58587] [client 45.67.97.15:0] script '/domains/braniff/doc.php' not found or unable to stat
[Sat Feb 21 01:09:03.586440 2026] [php:error] [pid 58588] [client 45.67.97.15:0] script '/domains/tcrlle/wp-blog.php' not found or unable to stat
[Sat Feb 21 01:09:03.605953 2026] [php:error] [pid 58527] [client 20.24.204.137:0] script '/domains/ebon/admin.php' not found or unable to stat
[Sat Feb 21 01:09:03.737591 2026] [php:error] [pid 58491] [client 45.67.97.192:0] script '/domains/antiqueweb1/wp-good.php' not found or unable to stat
[Sat Feb 21 01:09:03.754411 2026] [php:error] [pid 58600] [client 45.67.97.192:0] script '/domains/ferguson.interport/top.php' not found or unable to stat
[Sat Feb 21 01:09:03.785575 2026] [php:error] [pid 58605] [client 45.67.97.17:0] script '/domains/tmandel/options-writing.php' not found or unable to stat
[Sat Feb 21 01:09:03.803627 2026] [php:error] [pid 58601] [client 45.67.97.192:0] script '/domains/magicjim/repeater.php' not found or unable to stat
[Sat Feb 21 01:09:03.812588 2026] [php:error] [pid 58472] [client 45.67.97.15:0] script '/domains/nsmd2/ini.php' not found or unable to stat
[Sat Feb 21 01:09:03.835313 2026] [php:error] [pid 58575] [client 45.67.97.15:0] script '/domains/system_suspended/elp.php' not found or unable to stat
[Sat Feb 21 01:09:03.837085 2026] [php:error] [pid 58546] [client 45.67.97.17:0] script '/domains/proinc/click.php' not found or unable to stat
[Sat Feb 21 01:09:03.840134 2026] [php:error] [pid 58527] [client 20.24.204.137:0] script '/domains/ebon/ok.php' not found or unable to stat
[Sat Feb 21 01:09:03.875504 2026] [php:error] [pid 58568] [client 45.67.97.17:0] script '/domains/fryer/bless.php' not found or unable to stat
[Sat Feb 21 01:09:03.877911 2026] [php:error] [pid 58558] [client 45.67.97.15:0] script '/domains/drsuper/lock360.php' not found or unable to stat
[Sat Feb 21 01:09:03.963394 2026] [php:error] [pid 58559] [client 45.67.97.192:0] script '/domains/gohover/tox.php' not found or unable to stat
[Sat Feb 21 01:09:03.963694 2026] [php:error] [pid 58574] [client 45.67.97.17:0] script '/domains/amisol/chosen.php' not found or unable to stat
[Sat Feb 21 01:09:04.002049 2026] [php:error] [pid 58479] [client 45.67.97.192:0] script '/domains/byardrealestate/admin-footer.php' not found or unable to stat
[Sat Feb 21 01:09:04.048574 2026] [php:error] [pid 58598] [client 45.67.97.16:0] script '/domains/pmglobal/wp-atomx.php' not found or unable to stat
[Sat Feb 21 01:09:04.056720 2026] [php:error] [pid 58527] [client 20.24.204.137:0] script '/domains/ebon/fi.php' not found or unable to stat
[Sat Feb 21 01:09:04.113640 2026] [php:error] [pid 58504] [client 45.67.97.17:0] script '/domains/icrse/mah.php' not found or unable to stat
[Sat Feb 21 01:09:04.158880 2026] [php:error] [pid 58610] [client 45.67.97.16:0] script '/domains/aatweb/cgi-bin/autoload_classmap.php' not found or unable to stat
[Sat Feb 21 01:09:04.251854 2026] [php:error] [pid 58605] [client 45.67.97.17:0] script '/domains/tmandel/options-reading.php' not found or unable to stat
[Sat Feb 21 01:09:04.273477 2026] [php:error] [pid 58488] [client 45.67.97.15:0] script '/domains/hpveweb/bs1.php' not found or unable to stat
[Sat Feb 21 01:09:04.282259 2026] [php:error] [pid 58527] [client 20.24.204.137:0] script '/domains/ebon/muzu.php' not found or unable to stat
[Sat Feb 21 01:09:04.289628 2026] [php:error] [pid 58515] [client 45.67.97.16:0] script '/domains/carynm/buy.php' not found or unable to stat
[Sat Feb 21 01:09:04.297154 2026] [php:error] [pid 58579] [client 45.67.97.192:0] script '/domains/bfitpro2/mah.php' not found or unable to stat
[Sat Feb 21 01:09:04.297234 2026] [php:error] [pid 58535] [client 45.67.97.16:0] script '/domains/miles.interport/images/index22.php' not found or unable to stat
[Sat Feb 21 01:09:04.348723 2026] [php:error] [pid 58568] [client 45.67.97.17:0] script '/domains/fryer/O-Simple.php' not found or unable to stat
[Sat Feb 21 01:09:04.349585 2026] [php:error] [pid 58558] [client 45.67.97.15:0] script '/domains/drsuper/zwso.php' not found or unable to stat
[Sat Feb 21 01:09:04.426649 2026] [php:error] [pid 58573] [client 45.67.97.15:0] script '/domains/rnachum/media-new.php' not found or unable to stat
[Sat Feb 21 01:09:04.432413 2026] [php:error] [pid 58574] [client 45.67.97.17:0] script '/domains/amisol/about.php' not found or unable to stat
[Sat Feb 21 01:09:04.471560 2026] [php:error] [pid 58584] [client 45.67.97.17:0] script '/domains/lover/new.php' not found or unable to stat
[Sat Feb 21 01:09:04.471712 2026] [php:error] [pid 58470] [client 45.67.97.17:0] script '/domains/system_suspended/classwithtostring.php' not found or unable to stat
[Sat Feb 21 01:09:04.477170 2026] [php:error] [pid 58519] [client 45.67.97.192:0] script '/domains/system_suspended/wp-admin.php' not found or unable to stat
[Sat Feb 21 01:09:04.515129 2026] [php:error] [pid 58598] [client 45.67.97.16:0] script '/domains/pmglobal/admin-footer.php' not found or unable to stat
[Sat Feb 21 01:09:04.629024 2026] [php:error] [pid 58610] [client 45.67.97.16:0] script '/domains/aatweb/wp-links-opml.php' not found or unable to stat
[Sat Feb 21 01:09:04.649644 2026] [php:error] [pid 58500] [client 45.67.97.192:0] script '/domains/acagolf1/wsax.php' not found or unable to stat
[Sat Feb 21 01:09:04.725947 2026] [php:error] [pid 58605] [client 45.67.97.17:0] script '/domains/tmandel/wsad.php' not found or unable to stat
[Sat Feb 21 01:09:04.728359 2026] [php:error] [pid 58572] [client 45.67.97.192:0] script '/domains/tbarnhil/natural.php' not found or unable to stat
[Sat Feb 21 01:09:04.750486 2026] [php:error] [pid 58502] [client 45.67.97.192:0] script '/domains/sjsachs/tox.php' not found or unable to stat
[Sat Feb 21 01:09:04.754799 2026] [php:error] [pid 58549] [client 45.67.97.17:0] script '/domains/ceonlinenews/xp.php' not found or unable to stat
[Sat Feb 21 01:09:04.756986 2026] [php:error] [pid 58597] [client 45.67.97.16:0] script '/domains/windsorweb/images/habhan.php' not found or unable to stat
[Sat Feb 21 01:09:04.770947 2026] [php:error] [pid 58535] [client 45.67.97.16:0] script '/domains/miles.interport/wp-user.php' not found or unable to stat
[Sat Feb 21 01:09:04.782377 2026] [php:error] [pid 58527] [client 20.24.204.137:0] script '/domains/ebon/reze.php' not found or unable to stat
[Sat Feb 21 01:09:04.816853 2026] [php:error] [pid 58568] [client 45.67.97.17:0] script '/domains/fryer/lock360.php' not found or unable to stat
[Sat Feb 21 01:09:04.819554 2026] [php:error] [pid 58558] [client 45.67.97.15:0] script '/domains/drsuper/chosen.php' not found or unable to stat
[Sat Feb 21 01:09:04.905023 2026] [php:error] [pid 58574] [client 45.67.97.17:0] script '/domains/amisol/admin.php' not found or unable to stat
[Sat Feb 21 01:09:04.918916 2026] [php:error] [pid 58596] [client 45.67.97.17:0] script '/domains/system_default/Simple.php' not found or unable to stat
[Sat Feb 21 01:09:04.943678 2026] [php:error] [pid 58479] [client 45.67.97.192:0] script '/domains/byardrealestate/XxX.php' not found or unable to stat
[Sat Feb 21 01:09:04.999505 2026] [php:error] [pid 58587] [client 45.67.97.15:0] script '/domains/braniff/wp-login.php' not found or unable to stat
[Sat Feb 21 01:09:05.000195 2026] [php:error] [pid 58555] [client 45.67.97.15:0] script '/domains/perless2web/gifclass.php' not found or unable to stat
[Sat Feb 21 01:09:05.031814 2026] [php:error] [pid 58527] [client 20.24.204.137:0] script '/domains/ebon/styll.php' not found or unable to stat
[Sat Feb 21 01:09:05.053695 2026] [php:error] [pid 58453] [client 45.67.97.17:0] script '/domains/system_default/entrepreneuse.php' not found or unable to stat
[Sat Feb 21 01:09:05.056674 2026] [php:error] [pid 58504] [client 45.67.97.17:0] script '/domains/icrse/core.php' not found or unable to stat
[Sat Feb 21 01:09:05.195147 2026] [php:error] [pid 58605] [client 45.67.97.17:0] script '/domains/tmandel/nation.php' not found or unable to stat
[Sat Feb 21 01:09:05.197193 2026] [php:error] [pid 58572] [client 45.67.97.192:0] script '/domains/tbarnhil/item.php' not found or unable to stat
[Sat Feb 21 01:09:05.226267 2026] [php:error] [pid 58593] [client 45.67.97.16:0] script '/domains/testregisgroup/files.php' not found or unable to stat
[Sat Feb 21 01:09:05.226634 2026] [php:error] [pid 58601] [client 45.67.97.192:0] script '/domains/magicjim/contacts.php' not found or unable to stat
[Sat Feb 21 01:09:05.233241 2026] [php:error] [pid 58556] [client 45.67.97.15:0] script '/domains/jrp.interport/edit.php' not found or unable to stat
[Sat Feb 21 01:09:05.244396 2026] [php:error] [pid 58579] [client 45.67.97.192:0] script '/domains/bfitpro2/core.php' not found or unable to stat
[Sat Feb 21 01:09:05.249920 2026] [php:error] [pid 58527] [client 20.24.204.137:0] script '/domains/ebon/x7.php' not found or unable to stat
[Sat Feb 21 01:09:05.260022 2026] [php:error] [pid 58508] [client 45.67.97.15:0] script '/domains/system_suspended/ms-users.php' not found or unable to stat
[Sat Feb 21 01:09:05.287461 2026] [php:error] [pid 58568] [client 45.67.97.17:0] script '/domains/fryer/zwso.php' not found or unable to stat
[Sat Feb 21 01:09:05.291285 2026] [php:error] [pid 58558] [client 45.67.97.15:0] script '/domains/drsuper/about.php' not found or unable to stat
[Sat Feb 21 01:09:05.375451 2026] [php:error] [pid 58611] [client 45.67.97.192:0] script '/domains/trodine/wp-content.php' not found or unable to stat
[Sat Feb 21 01:09:05.465207 2026] [php:error] [pid 58598] [client 45.67.97.16:0] script '/domains/pmglobal/XxX.php' not found or unable to stat
[Sat Feb 21 01:09:05.468679 2026] [php:error] [pid 58555] [client 45.67.97.15:0] script '/domains/perless2web/plugin.php' not found or unable to stat
[Sat Feb 21 01:09:05.471484 2026] [php:error] [pid 58587] [client 45.67.97.15:0] script '/domains/braniff/mar.php' not found or unable to stat
[Sat Feb 21 01:09:05.480327 2026] [php:error] [pid 58588] [client 45.67.97.15:0] script '/domains/tcrlle/wp-l0gin.php' not found or unable to stat
[Sat Feb 21 01:09:05.481651 2026] [php:error] [pid 58527] [client 20.24.204.137:0] script '/domains/ebon/thebe.php' not found or unable to stat
[Sat Feb 21 01:09:05.528085 2026] [php:error] [pid 58504] [client 45.67.97.17:0] script '/domains/icrse/robots.php' not found or unable to stat
[Sat Feb 21 01:09:05.562186 2026] [php:error] [pid 58610] [client 45.67.97.16:0] script '/domains/aatweb/atomlib.php' not found or unable to stat
[Sat Feb 21 01:09:05.700060 2026] [php:error] [pid 58488] [client 45.67.97.15:0] script '/domains/hpveweb/page.php' not found or unable to stat
[Sat Feb 21 01:09:05.712216 2026] [php:error] [pid 58601] [client 45.67.97.192:0] script '/domains/magicjim/wsa.php' not found or unable to stat
[Sat Feb 21 01:09:05.721744 2026] [php:error] [pid 58579] [client 45.67.97.192:0] script '/domains/bfitpro2/robots.php' not found or unable to stat
[Sat Feb 21 01:09:05.725221 2026] [php:error] [pid 58527] [client 20.24.204.137:0] script '/domains/ebon/ddd.php' not found or unable to stat
[Sat Feb 21 01:09:05.751757 2026] [php:error] [pid 58568] [client 45.67.97.17:0] script '/domains/fryer/chosen.php' not found or unable to stat
[Sat Feb 21 01:09:05.762766 2026] [php:error] [pid 58558] [client 45.67.97.15:0] script '/domains/drsuper/admin.php' not found or unable to stat
[Sat Feb 21 01:09:05.765909 2026] [php:error] [pid 58609] [client 45.67.97.16:0] script '/domains/hungariantasteweb/gm.php' not found or unable to stat
[Sat Feb 21 01:09:05.827876 2026] [php:error] [pid 58469] [client 45.67.97.192:0] script '/domains/quintet/inc.php' not found or unable to stat
[Sat Feb 21 01:09:05.854151 2026] [php:error] [pid 58574] [client 45.67.97.17:0] script '/domains/amisol/mah.php' not found or unable to stat
[Sat Feb 21 01:09:05.855396 2026] [php:error] [pid 58559] [client 45.67.97.192:0] script '/domains/gohover/tiny.php' not found or unable to stat
[Sat Feb 21 01:09:05.883763 2026] [php:error] [pid 58470] [client 45.67.97.17:0] script '/domains/system_suspended/tinyfilemanager.php' not found or unable to stat
[Sat Feb 21 01:09:05.918976 2026] [php:error] [pid 58493] [client 45.67.97.15:0] script '/domains/pookie.dnai/worm.PhP' not found or unable to stat
[Sat Feb 21 01:09:05.942161 2026] [php:error] [pid 58540] [client 45.67.97.15:0] script '/domains/astweb/images/waf_defender.php' not found or unable to stat
[Sat Feb 21 01:09:05.952456 2026] [php:error] [pid 58527] [client 20.24.204.137:0] script '/domains/ebon/bgymj.php' not found or unable to stat
[Sat Feb 21 01:09:06.001186 2026] [php:error] [pid 58504] [client 45.67.97.17:0] script '/domains/icrse/inputs.php' not found or unable to stat
[Sat Feb 21 01:09:06.149615 2026] [php:error] [pid 58589] [client 45.67.97.192:0] script '/domains/system_default/tox.php' not found or unable to stat
[Sat Feb 21 01:09:06.169331 2026] [php:error] [pid 58527] [client 20.24.204.137:0] script '/domains/ebon/8xyz.php' not found or unable to stat
[Sat Feb 21 01:09:06.179165 2026] [php:error] [pid 58549] [client 45.67.97.17:0] script '/domains/ceonlinenews/wp-links.php' not found or unable to stat
[Sat Feb 21 01:09:06.184787 2026] [php:error] [pid 58592] [client 45.67.97.17:0] script '/domains/fbardin/images/mah.php' not found or unable to stat
[Sat Feb 21 01:09:06.192805 2026] [php:error] [pid 58579] [client 45.67.97.192:0] script '/domains/bfitpro2/inputs.php' not found or unable to stat
[Sat Feb 21 01:09:06.193153 2026] [php:error] [pid 58535] [client 45.67.97.16:0] script '/domains/miles.interport/config.php' not found or unable to stat
[Sat Feb 21 01:09:06.219736 2026] [php:error] [pid 58568] [client 45.67.97.17:0] script '/domains/fryer/about.php' not found or unable to stat
[Sat Feb 21 01:09:06.362470 2026] [php:error] [pid 58522] [client 45.67.97.192:0] script '/domains/memanuel/class.api.php' not found or unable to stat
[Sat Feb 21 01:09:06.365625 2026] [php:error] [pid 58519] [client 45.67.97.192:0] script '/domains/system_suspended/wp-editor.php' not found or unable to stat
[Sat Feb 21 01:09:06.385902 2026] [php:error] [pid 58527] [client 20.24.204.137:0] script '/domains/ebon/ioxi.php' not found or unable to stat
[Sat Feb 21 01:09:06.398917 2026] [php:error] [pid 58493] [client 45.67.97.15:0] script '/domains/pookie.dnai/ext.php' not found or unable to stat
[Sat Feb 21 01:09:06.408639 2026] [php:error] [pid 58555] [client 45.67.97.15:0] script '/domains/perless2web/update-core.php' not found or unable to stat
[Sat Feb 21 01:09:06.410589 2026] [php:error] [pid 58590] [client 45.67.97.15:0] script '/domains/system_suspended/web.php' not found or unable to stat
[Sat Feb 21 01:09:06.422594 2026] [php:error] [pid 58588] [client 45.67.97.15:0] script '/domains/tcrlle/new.php' not found or unable to stat
[Sat Feb 21 01:09:06.483064 2026] [php:error] [pid 58504] [client 45.67.97.17:0] script '/domains/icrse/mini.php' not found or unable to stat
[Sat Feb 21 01:09:06.648076 2026] [php:error] [pid 58502] [client 45.67.97.192:0] script '/domains/sjsachs/tiny.php' not found or unable to stat
[Sat Feb 21 01:09:06.670125 2026] [php:error] [pid 58556] [client 45.67.97.15:0] script '/domains/jrp.interport/wp-links-opml.php' not found or unable to stat
[Sat Feb 21 01:09:06.671407 2026] [php:error] [pid 58535] [client 45.67.97.16:0] script '/domains/miles.interport/special.php' not found or unable to stat
[Sat Feb 21 01:09:06.671981 2026] [php:error] [pid 58579] [client 45.67.97.192:0] script '/domains/bfitpro2/mini.php' not found or unable to stat
[Sat Feb 21 01:09:06.675802 2026] [php:error] [pid 58527] [client 20.24.204.137:0] script '/domains/ebon/xpwer1.php' not found or unable to stat
[Sat Feb 21 01:09:06.686550 2026] [php:error] [pid 58568] [client 45.67.97.17:0] script '/domains/fryer/admin.php' not found or unable to stat
[Sat Feb 21 01:09:06.702887 2026] [php:error] [pid 58558] [client 45.67.97.15:0] script '/domains/drsuper/mah.php' not found or unable to stat
[Sat Feb 21 01:09:06.773400 2026] [php:error] [pid 58469] [client 45.67.97.192:0] script '/domains/quintet/filemanager.php' not found or unable to stat
[Sat Feb 21 01:09:06.790552 2026] [php:error] [pid 58559] [client 45.67.97.192:0] script '/domains/gohover/themes.php' not found or unable to stat
[Sat Feb 21 01:09:06.794820 2026] [php:error] [pid 58574] [client 45.67.97.17:0] script '/domains/amisol/core.php' not found or unable to stat
[Sat Feb 21 01:09:06.869760 2026] [php:error] [pid 58493] [client 45.67.97.15:0] script '/domains/pookie.dnai/delpaths.php' not found or unable to stat
[Sat Feb 21 01:09:06.877794 2026] [php:error] [pid 58587] [client 45.67.97.15:0] script '/domains/braniff/1.php' not found or unable to stat
[Sat Feb 21 01:09:06.882154 2026] [php:error] [pid 58540] [client 45.67.97.15:0] script '/domains/astweb/small.php' not found or unable to stat
[Sat Feb 21 01:09:06.912123 2026] [php:error] [pid 58527] [client 20.24.204.137:0] script '/domains/ebon/lala.php' not found or unable to stat
[Sat Feb 21 01:09:06.921946 2026] [php:error] [pid 58472] [client 45.67.97.16:0] script '/domains/tamara1/manager.php' not found or unable to stat
[Sat Feb 21 01:09:07.143939 2026] [php:error] [pid 58579] [client 45.67.97.192:0] script '/domains/bfitpro2/goods.php' not found or unable to stat
[Sat Feb 21 01:09:07.144796 2026] [php:error] [pid 58527] [client 20.24.204.137:0] script '/domains/ebon/about.php' not found or unable to stat
[Sat Feb 21 01:09:07.160539 2026] [php:error] [pid 58535] [client 45.67.97.16:0] script '/domains/miles.interport/assets/script.js.php' not found or unable to stat
[Sat Feb 21 01:09:07.217735 2026] [php:error] [pid 58524] [client 45.67.97.15:0] script '/domains/pbuilder/plugin-install.php' not found or unable to stat
[Sat Feb 21 01:09:07.250341 2026] [php:error] [pid 58469] [client 45.67.97.192:0] script '/domains/quintet/cgi-bin/bypass.php' not found or unable to stat
[Sat Feb 21 01:09:07.259940 2026] [php:error] [pid 58559] [client 45.67.97.192:0] script '/domains/gohover/wp-themes.php' not found or unable to stat
[Sat Feb 21 01:09:07.268933 2026] [php:error] [pid 58574] [client 45.67.97.17:0] script '/domains/amisol/robots.php' not found or unable to stat
[Sat Feb 21 01:09:07.299662 2026] [php:error] [pid 58470] [client 45.67.97.17:0] script '/domains/system_suspended/file.php' not found or unable to stat
[Sat Feb 21 01:09:07.301861 2026] [php:error] [pid 58584] [client 45.67.97.17:0] script '/domains/lover/natural.php' not found or unable to stat
[Sat Feb 21 01:09:07.347130 2026] [php:error] [pid 58555] [client 45.67.97.15:0] script '/domains/perless2web/wp-mail.php' not found or unable to stat
[Sat Feb 21 01:09:07.350127 2026] [php:error] [pid 58501] [client 45.67.97.192:0] script '/domains/hans.interport/classwithtostring.php' not found or unable to stat
[Sat Feb 21 01:09:07.368864 2026] [php:error] [pid 58504] [client 45.67.97.17:0] script '/domains/icrse/goods.php' not found or unable to stat
[Sat Feb 21 01:09:07.392904 2026] [php:error] [pid 58472] [client 45.67.97.16:0] script '/domains/tamara1/bless.php' not found or unable to stat
[Sat Feb 21 01:09:07.488322 2026] [php:error] [pid 58491] [client 45.67.97.192:0] script '/domains/antiqueweb1/ff2.php' not found or unable to stat
[Sat Feb 21 01:09:07.547372 2026] [php:error] [pid 58605] [client 45.67.97.17:0] script '/domains/tmandel/wp-atomx.php' not found or unable to stat
[Sat Feb 21 01:09:07.567887 2026] [php:error] [pid 58520] [client 45.67.97.15:0] script '/domains/familyplayhouse2/theme.php' not found or unable to stat
[Sat Feb 21 01:09:07.593576 2026] [php:error] [pid 58502] [client 45.67.97.192:0] script '/domains/sjsachs/themes.php' not found or unable to stat
[Sat Feb 21 01:09:07.610478 2026] [php:error] [pid 58531] [client 45.67.97.192:0] script '/domains/frog.interport1/bs1.php' not found or unable to stat
[Sat Feb 21 01:09:07.619336 2026] [php:error] [pid 58579] [client 45.67.97.192:0] script '/domains/bfitpro2/file5.php' not found or unable to stat
[Sat Feb 21 01:09:07.621944 2026] [php:error] [pid 58568] [client 45.67.97.17:0] script '/domains/fryer/mah.php' not found or unable to stat
[Sat Feb 21 01:09:07.707583 2026] [php:error] [pid 58573] [client 45.67.97.15:0] script '/domains/rnachum/pages.php' not found or unable to stat
[Sat Feb 21 01:09:07.748627 2026] [php:error] [pid 58574] [client 45.67.97.17:0] script '/domains/amisol/inputs.php' not found or unable to stat
[Sat Feb 21 01:09:07.750012 2026] [php:error] [pid 58611] [client 45.67.97.192:0] script '/domains/trodine/customize.php' not found or unable to stat
[Sat Feb 21 01:09:07.752341 2026] [php:error] [pid 58564] [client 45.67.97.192:0] script '/domains/resourceandeventweb/blog.php' not found or unable to stat
[Sat Feb 21 01:09:07.772026 2026] [php:error] [pid 58522] [client 45.67.97.192:0] script '/domains/memanuel/system_log.php' not found or unable to stat
[Sat Feb 21 01:09:07.773390 2026] [php:error] [pid 58584] [client 45.67.97.17:0] script '/domains/lover/item.php' not found or unable to stat
[Sat Feb 21 01:09:07.824760 2026] [php:error] [pid 58540] [client 45.67.97.15:0] script '/domains/astweb/NewFile.php' not found or unable to stat
[Sat Feb 21 01:09:07.842647 2026] [php:error] [pid 58504] [client 45.67.97.17:0] script '/domains/icrse/file5.php' not found or unable to stat
[Sat Feb 21 01:09:07.842715 2026] [php:error] [pid 58529] [client 45.67.97.17:0] script '/domains/jaspen/click.php' not found or unable to stat
[Sat Feb 21 01:09:07.939478 2026] [php:error] [pid 58556] [client 45.67.97.15:0] script '/domains/jrp.interport/atomlib.php' not found or unable to stat
[Sat Feb 21 01:09:07.955271 2026] [php:error] [pid 58558] [client 45.67.97.15:0] script '/domains/drsuper/core.php' not found or unable to stat
[Sat Feb 21 01:09:08.014770 2026] [php:error] [pid 58605] [client 45.67.97.17:0] script '/domains/tmandel/admin-footer.php' not found or unable to stat
[Sat Feb 21 01:09:08.042919 2026] [php:error] [pid 58589] [client 45.67.97.192:0] script '/domains/system_default/tiny.php' not found or unable to stat
[Sat Feb 21 01:09:08.047990 2026] [php:error] [pid 58546] [client 45.67.97.17:0] script '/domains/proinc/wp-admin.php' not found or unable to stat
[Sat Feb 21 01:09:08.074947 2026] [php:error] [pid 58502] [client 45.67.97.192:0] script '/domains/sjsachs/wp-themes.php' not found or unable to stat
[Sat Feb 21 01:09:08.077030 2026] [php:error] [pid 58601] [client 45.67.97.192:0] script '/domains/magicjim/lv.php' not found or unable to stat
[Sat Feb 21 01:09:08.097889 2026] [php:error] [pid 58575] [client 45.67.97.15:0] script '/domains/system_suspended/entrepreneuse.php' not found or unable to stat
[Sat Feb 21 01:09:08.099086 2026] [php:error] [pid 58579] [client 45.67.97.192:0] script '/domains/bfitpro2/ahax.php' not found or unable to stat
[Sat Feb 21 01:09:08.215884 2026] [php:error] [pid 58574] [client 45.67.97.17:0] script '/domains/amisol/mini.php' not found or unable to stat
[Sat Feb 21 01:09:08.218365 2026] [php:error] [pid 58611] [client 45.67.97.192:0] script '/domains/trodine/license.php' not found or unable to stat
[Sat Feb 21 01:09:08.246072 2026] [php:error] [pid 58522] [client 45.67.97.192:0] script '/domains/memanuel/.alf.php' not found or unable to stat
[Sat Feb 21 01:09:08.306442 2026] [php:error] [pid 58610] [client 45.67.97.16:0] script '/domains/aatweb/xp.php' not found or unable to stat
[Sat Feb 21 01:09:08.313383 2026] [php:error] [pid 58504] [client 45.67.97.17:0] script '/domains/icrse/ahax.php' not found or unable to stat
[Sat Feb 21 01:09:08.319175 2026] [php:error] [pid 58527] [client 20.24.204.137:0] script '/domains/ebon/info.php' not found or unable to stat
[Sat Feb 21 01:09:08.427491 2026] [php:error] [pid 58558] [client 45.67.97.15:0] script '/domains/drsuper/robots.php' not found or unable to stat
[Sat Feb 21 01:09:08.447606 2026] [php:error] [pid 58472] [client 45.67.97.16:0] script '/domains/tamara1/O-Simple.php' not found or unable to stat
[Sat Feb 21 01:09:08.514336 2026] [php:error] [pid 58506] [client 45.67.97.16:0] script '/domains/csiniaws/theme.php' not found or unable to stat
[Sat Feb 21 01:09:08.532539 2026] [php:error] [pid 58599] [client 45.67.97.15:0] script '/domains/lover/classwithtostring.php' not found or unable to stat
[Sat Feb 21 01:09:08.535502 2026] [php:error] [pid 58527] [client 20.24.204.137:0] script '/domains/ebon/about.php' not found or unable to stat
[Sat Feb 21 01:09:08.540024 2026] [php:error] [pid 58596] [client 45.67.97.17:0] script '/domains/system_suspended/bs1.php' not found or unable to stat
[Sat Feb 21 01:09:08.560827 2026] [php:error] [pid 58568] [client 45.67.97.17:0] script '/domains/fryer/core.php' not found or unable to stat
[Sat Feb 21 01:09:08.574269 2026] [php:error] [pid 58579] [client 45.67.97.192:0] script '/domains/bfitpro2/f35.php' not found or unable to stat
[Sat Feb 21 01:09:08.655908 2026] [php:error] [pid 58526] [client 45.67.97.17:0] script '/domains/system_default/gm.php' not found or unable to stat
[Sat Feb 21 01:09:08.683748 2026] [php:error] [pid 58574] [client 45.67.97.17:0] script '/domains/amisol/goods.php' not found or unable to stat
[Sat Feb 21 01:09:08.690988 2026] [php:error] [pid 58559] [client 45.67.97.192:0] script '/domains/gohover/mariju.php' not found or unable to stat
[Sat Feb 21 01:09:08.711685 2026] [php:error] [pid 58470] [client 45.67.97.17:0] script '/domains/system_suspended/buy.php' not found or unable to stat
[Sat Feb 21 01:09:08.718343 2026] [php:error] [pid 58522] [client 45.67.97.192:0] script '/domains/memanuel/wso.php' not found or unable to stat
[Sat Feb 21 01:09:08.732031 2026] [php:error] [pid 58581] [client 45.67.97.192:0] script '/domains/micra/media-new.php' not found or unable to stat
[Sat Feb 21 01:09:08.766752 2026] [php:error] [pid 58501] [client 45.67.97.192:0] script '/domains/hans.interport/tinyfilemanager.php' not found or unable to stat
[Sat Feb 21 01:09:08.769833 2026] [php:error] [pid 58540] [client 45.67.97.15:0] script '/domains/astweb/error.php' not found or unable to stat
[Sat Feb 21 01:09:08.791799 2026] [php:error] [pid 58504] [client 45.67.97.17:0] script '/domains/icrse/f35.php' not found or unable to stat
[Sat Feb 21 01:09:08.898138 2026] [php:error] [pid 58558] [client 45.67.97.15:0] script '/domains/drsuper/inputs.php' not found or unable to stat
[Sat Feb 21 01:09:08.918047 2026] [php:error] [pid 58472] [client 45.67.97.16:0] script '/domains/tamara1/lock360.php' not found or unable to stat
[Sat Feb 21 01:09:08.958097 2026] [php:error] [pid 58605] [client 45.67.97.17:0] script '/domains/tmandel/XxX.php' not found or unable to stat
[Sat Feb 21 01:09:08.970582 2026] [php:error] [pid 58527] [client 20.24.204.137:0] script '/domains/ebon/222.php' not found or unable to stat
[Sat Feb 21 01:09:08.981503 2026] [php:error] [pid 58520] [client 45.67.97.15:0] script '/domains/familyplayhouse2/Simple.php' not found or unable to stat
[Sat Feb 21 01:09:08.983000 2026] [php:error] [pid 58589] [client 45.67.97.192:0] script '/domains/system_default/themes.php' not found or unable to stat
[Sat Feb 21 01:09:08.987007 2026] [php:error] [pid 58597] [client 45.67.97.16:0] script '/domains/windsorweb/f35_SpaceTn.php' not found or unable to stat
[Sat Feb 21 01:09:09.015383 2026] [php:error] [pid 58612] [client 45.67.97.16:0] script '/domains/system_suspended/adminfusm.php' not found or unable to stat
[Sat Feb 21 01:09:09.032630 2026] [php:error] [pid 58531] [client 45.67.97.192:0] script '/domains/frog.interport1/page.php' not found or unable to stat
[Sat Feb 21 01:09:09.034196 2026] [php:error] [pid 58568] [client 45.67.97.17:0] script '/domains/fryer/robots.php' not found or unable to stat
[Sat Feb 21 01:09:09.158602 2026] [php:error] [pid 58574] [client 45.67.97.17:0] script '/domains/amisol/file5.php' not found or unable to stat
[Sat Feb 21 01:09:09.162388 2026] [php:error] [pid 58559] [client 45.67.97.192:0] script '/domains/gohover/waf_defender.php' not found or unable to stat
[Sat Feb 21 01:09:09.166171 2026] [php:error] [pid 58611] [client 45.67.97.192:0] script '/domains/trodine/lock.php' not found or unable to stat
[Sat Feb 21 01:09:09.187968 2026] [php:error] [pid 58527] [client 20.24.204.137:0] script '/domains/ebon/adminfuns.php' not found or unable to stat
[Sat Feb 21 01:09:09.258292 2026] [php:error] [pid 58588] [client 45.67.97.15:0] script '/domains/tcrlle/natural.php' not found or unable to stat
[Sat Feb 21 01:09:09.262152 2026] [php:error] [pid 58504] [client 45.67.97.17:0] script '/domains/icrse/simple.php' not found or unable to stat
[Sat Feb 21 01:09:09.278761 2026] [php:error] [pid 58590] [client 45.67.97.15:0] script '/domains/system_suspended/wp-trackback.php' not found or unable to stat
[Sat Feb 21 01:09:09.347370 2026] [php:error] [pid 58579] [client 45.67.97.192:0] script '/domains/bfitpro2/simple.php' not found or unable to stat
[Sat Feb 21 01:09:09.357662 2026] [php:error] [pid 58519] [client 45.67.97.15:0] script '/domains/nsmd2/wp-content.php' not found or unable to stat
[Sat Feb 21 01:09:09.362550 2026] [php:error] [pid 58582] [client 45.67.97.192:0] script '/domains/bels/Sanskrit.php' not found or unable to stat
[Sat Feb 21 01:09:09.369204 2026] [php:error] [pid 58558] [client 45.67.97.15:0] script '/domains/drsuper/mini.php' not found or unable to stat
[Sat Feb 21 01:09:09.386631 2026] [php:error] [pid 58472] [client 45.67.97.16:0] script '/domains/tamara1/zwso.php' not found or unable to stat
[Sat Feb 21 01:09:09.450555 2026] [php:error] [pid 58589] [client 45.67.97.192:0] script '/domains/system_default/wp-themes.php' not found or unable to stat
[Sat Feb 21 01:09:09.489146 2026] [php:error] [pid 58502] [client 45.67.97.192:0] script '/domains/sjsachs/mariju.php' not found or unable to stat
[Sat Feb 21 01:09:09.501605 2026] [php:error] [pid 58568] [client 45.67.97.17:0] script '/domains/fryer/inputs.php' not found or unable to stat
[Sat Feb 21 01:09:09.591598 2026] [php:error] [pid 58469] [client 45.67.97.192:0] script '/domains/quintet/function.php' not found or unable to stat
[Sat Feb 21 01:09:09.623716 2026] [php:error] [pid 58527] [client 20.24.204.137:0] script '/domains/ebon/xx.php' not found or unable to stat
[Sat Feb 21 01:09:09.631556 2026] [php:error] [pid 58574] [client 45.67.97.17:0] script '/domains/amisol/ahax.php' not found or unable to stat
[Sat Feb 21 01:09:09.638854 2026] [php:error] [pid 58608] [client 45.67.97.17:0] script '/domains/system_default/small.php' not found or unable to stat
[Sat Feb 21 01:09:09.664189 2026] [php:error] [pid 58522] [client 45.67.97.192:0] script '/domains/memanuel/flower.php' not found or unable to stat
[Sat Feb 21 01:09:09.668602 2026] [php:error] [pid 58602] [client 45.67.97.17:0] script '/domains/rainho/classwithtostring.php' not found or unable to stat
[Sat Feb 21 01:09:09.701343 2026] [php:error] [pid 58555] [client 35.247.243.251:0] script '/domains/gk3c/adminer-4.8.1-mysql.php' not found or unable to stat
[Sat Feb 21 01:09:09.709360 2026] [php:error] [pid 58610] [client 45.67.97.16:0] script '/domains/aatweb/wp-links.php' not found or unable to stat
[Sat Feb 21 01:09:09.719006 2026] [php:error] [pid 58493] [client 45.67.97.15:0] script '/domains/pookie.dnai/gifclass.php' not found or unable to stat
[Sat Feb 21 01:09:09.726745 2026] [php:error] [pid 58588] [client 45.67.97.15:0] script '/domains/tcrlle/item.php' not found or unable to stat
[Sat Feb 21 01:09:09.766122 2026] [php:error] [pid 58491] [client 45.67.97.192:0] script '/domains/antiqueweb1/jp.php' not found or unable to stat
[Sat Feb 21 01:09:09.828375 2026] [php:error] [pid 58582] [client 45.67.97.192:0] script '/domains/bels/wp-fmfile.php' not found or unable to stat
[Sat Feb 21 01:09:09.837433 2026] [php:error] [pid 58558] [client 45.67.97.15:0] script '/domains/drsuper/goods.php' not found or unable to stat
[Sat Feb 21 01:09:09.854723 2026] [php:error] [pid 58472] [client 45.67.97.16:0] script '/domains/tamara1/chosen.php' not found or unable to stat
[Sat Feb 21 01:09:09.920195 2026] [php:error] [pid 58546] [client 45.67.97.17:0] script '/domains/proinc/wp-editor.php' not found or unable to stat
[Sat Feb 21 01:09:09.925922 2026] [php:error] [pid 58506] [client 45.67.97.16:0] script '/domains/csiniaws/Simple.php' not found or unable to stat
[Sat Feb 21 01:09:09.930821 2026] [php:error] [pid 58564] [client 45.67.97.192:0] script '/domains/resourceandeventweb/images/av.php' not found or unable to stat
[Sat Feb 21 01:09:09.940975 2026] [php:error] [pid 58599] [client 45.67.97.15:0] script '/domains/lover/tinyfilemanager.php' not found or unable to stat
[Sat Feb 21 01:09:09.944515 2026] [php:error] [pid 58593] [client 45.67.97.16:0] script '/domains/testregisgroup/blog.php' not found or unable to stat
[Sat Feb 21 01:09:09.947010 2026] [php:error] [pid 58596] [client 45.67.97.17:0] script '/domains/system_suspended/page.php' not found or unable to stat
[Sat Feb 21 01:09:09.965177 2026] [php:error] [pid 58502] [client 45.67.97.192:0] script '/domains/sjsachs/waf_defender.php' not found or unable to stat
[Sat Feb 21 01:09:09.967308 2026] [php:error] [pid 58568] [client 45.67.97.17:0] script '/domains/fryer/mini.php' not found or unable to stat
[Sat Feb 21 01:09:10.040652 2026] [php:error] [pid 58573] [client 45.67.97.15:0] script '/domains/rnachum/assets/comfunctions.php' not found or unable to stat
[Sat Feb 21 01:09:10.085473 2026] [php:error] [pid 58527] [client 20.24.204.137:0] script '/domains/ebon/f5.php' not found or unable to stat
[Sat Feb 21 01:09:10.099483 2026] [php:error] [pid 58574] [client 45.67.97.17:0] script '/domains/amisol/f35.php' not found or unable to stat
[Sat Feb 21 01:09:10.106913 2026] [php:error] [pid 58559] [client 45.67.97.192:0] script '/domains/gohover/av.php' not found or unable to stat
[Sat Feb 21 01:09:10.177617 2026] [php:error] [pid 58501] [client 45.67.97.192:0] script '/domains/hans.interport/file.php' not found or unable to stat
[Sat Feb 21 01:09:10.194159 2026] [php:error] [pid 58493] [client 45.67.97.15:0] script '/domains/pookie.dnai/plugin.php' not found or unable to stat
[Sat Feb 21 01:09:10.227587 2026] [php:error] [pid 58590] [client 45.67.97.15:0] script '/domains/system_suspended/radio.php' not found or unable to stat
[Sat Feb 21 01:09:10.305328 2026] [php:error] [pid 58558] [client 45.67.97.15:0] script '/domains/drsuper/file5.php' not found or unable to stat
[Sat Feb 21 01:09:10.322584 2026] [php:error] [pid 58556] [client 45.67.97.15:0] script '/domains/jrp.interport/xp.php' not found or unable to stat
[Sat Feb 21 01:09:10.324767 2026] [php:error] [pid 58472] [client 45.67.97.16:0] script '/domains/tamara1/about.php' not found or unable to stat
[Sat Feb 21 01:09:10.360887 2026] [php:error] [pid 58527] [client 20.24.204.137:0] script '/domains/ebon/flower.php' not found or unable to stat
[Sat Feb 21 01:09:10.365642 2026] [php:error] [pid 58535] [client 45.67.97.16:0] script '/domains/vangoghagainweb/manager.php' not found or unable to stat
[Sat Feb 21 01:09:10.433302 2026] [php:error] [pid 58568] [client 45.67.97.17:0] script '/domains/fryer/goods.php' not found or unable to stat
[Sat Feb 21 01:09:10.544923 2026] [php:error] [pid 58469] [client 45.67.97.192:0] script '/domains/quintet/wp-signup.php' not found or unable to stat
[Sat Feb 21 01:09:10.574479 2026] [php:error] [pid 58574] [client 45.67.97.17:0] script '/domains/amisol/simple.php' not found or unable to stat
[Sat Feb 21 01:09:10.587625 2026] [php:error] [pid 58608] [client 45.67.97.17:0] script '/domains/system_default/NewFile.php' not found or unable to stat
[Sat Feb 21 01:09:10.612955 2026] [php:error] [pid 58527] [client 20.24.204.137:0] script '/domains/ebon/f6.php' not found or unable to stat
[Sat Feb 21 01:09:10.624289 2026] [php:error] [pid 58479] [client 45.67.97.192:0] script '/domains/byardrealestate/images/buy.php' not found or unable to stat
[Sat Feb 21 01:09:10.644979 2026] [php:error] [pid 58587] [client 45.67.97.15:0] script '/domains/braniff/fm.php' not found or unable to stat
[Sat Feb 21 01:09:10.648218 2026] [php:error] [pid 58491] [client 45.67.97.192:0] script '/domains/antiqueweb1/wp-atom.php' not found or unable to stat
[Sat Feb 21 01:09:10.671247 2026] [php:error] [pid 58540] [client 45.67.97.15:0] script '/domains/astweb/wp-files.php' not found or unable to stat
[Sat Feb 21 01:09:10.774521 2026] [php:error] [pid 58558] [client 45.67.97.15:0] script '/domains/drsuper/ahax.php' not found or unable to stat
[Sat Feb 21 01:09:10.801615 2026] [php:error] [pid 58472] [client 45.67.97.16:0] script '/domains/tamara1/admin.php' not found or unable to stat
[Sat Feb 21 01:09:10.834680 2026] [php:error] [pid 58535] [client 45.67.97.16:0] script '/domains/vangoghagainweb/bless.php' not found or unable to stat
[Sat Feb 21 01:09:10.850709 2026] [php:error] [pid 58527] [client 20.24.204.137:0] script '/domains/ebon/edit.php' not found or unable to stat
[Sat Feb 21 01:09:10.862082 2026] [php:error] [pid 58555] [client 45.67.97.17:0] script '/domains/tbarnhil/default.php' not found or unable to stat
[Sat Feb 21 01:09:10.878563 2026] [php:error] [pid 58560] [client 45.67.97.16:0] script '/domains/peterbmiller/media-new.php' not found or unable to stat
[Sat Feb 21 01:09:10.883719 2026] [php:error] [pid 58586] [client 45.67.97.16:0] script '/domains/system_cancel/ini.php' not found or unable to stat
[Sat Feb 21 01:09:10.900862 2026] [php:error] [pid 58568] [client 45.67.97.17:0] script '/domains/fryer/file5.php' not found or unable to stat
[Sat Feb 21 01:09:10.910130 2026] [php:error] [pid 58502] [client 45.67.97.192:0] script '/domains/sjsachs/av.php' not found or unable to stat
[Sat Feb 21 01:09:10.981157 2026] [php:error] [pid 58541] [client 45.67.97.17:0] script '/domains/biehlweb/top.php' not found or unable to stat
[Sat Feb 21 01:09:11.069947 2026] [php:error] [pid 58598] [client 45.67.97.16:0] script '/domains/pmglobal/images/buy.php' not found or unable to stat
[Sat Feb 21 01:09:11.092654 2026] [php:error] [pid 58602] [client 45.67.97.17:0] script '/domains/rainho/tinyfilemanager.php' not found or unable to stat
[Sat Feb 21 01:09:11.152535 2026] [php:error] [pid 58540] [client 45.67.97.15:0] script '/domains/astweb/functions.php' not found or unable to stat
[Sat Feb 21 01:09:11.170800 2026] [php:error] [pid 58453] [client 45.67.97.17:0] script '/domains/system_default/testt.php' not found or unable to stat
[Sat Feb 21 01:09:11.242048 2026] [php:error] [pid 58558] [client 45.67.97.15:0] script '/domains/drsuper/f35.php' not found or unable to stat
[Sat Feb 21 01:09:11.273023 2026] [php:error] [pid 58609] [client 45.67.97.16:0] script '/domains/hungariantasteweb/plugin-install.php' not found or unable to stat
[Sat Feb 21 01:09:11.304565 2026] [php:error] [pid 58535] [client 45.67.97.16:0] script '/domains/vangoghagainweb/O-Simple.php' not found or unable to stat
[Sat Feb 21 01:09:11.339889 2026] [php:error] [pid 58589] [client 45.67.97.192:0] script '/domains/system_default/mariju.php' not found or unable to stat
