[Sat Feb 21 01:07:58.089263 2026] [php:error] [pid 58558] [client 45.67.97.192:0] script '/domains/hpveweb/makeasmtp.php' not found or unable to stat
[Sat Feb 21 01:07:58.146516 2026] [php:error] [pid 58559] [client 45.67.97.17:0] script '/domains/jrp.interport/new.php' not found or unable to stat
[Sat Feb 21 01:07:58.182309 2026] [php:error] [pid 58472] [client 45.67.97.192:0] script '/domains/nsmd2/webdb.php' not found or unable to stat
[Sat Feb 21 01:07:58.191340 2026] [php:error] [pid 58522] [client 45.67.97.17:0] script '/domains/magicjim/wso.php' not found or unable to stat
[Sat Feb 21 01:07:58.193355 2026] [php:error] [pid 58527] [client 45.67.97.16:0] script '/domains/bels/wp-mail.php' not found or unable to stat
[Sat Feb 21 01:07:58.251814 2026] [php:error] [pid 58520] [client 45.67.97.192:0] script '/domains/gohover/doc.php' not found or unable to stat
[Sat Feb 21 01:07:58.257243 2026] [php:error] [pid 58513] [client 45.67.97.17:0] script '/domains/byardrealestate/filefuns.php' not found or unable to stat
[Sat Feb 21 01:07:58.364843 2026] [php:error] [pid 58508] [client 45.67.97.17:0] script '/domains/tmandel/hehe.php' not found or unable to stat
[Sat Feb 21 01:07:58.386927 2026] [php:error] [pid 58564] [client 45.67.97.15:0] script '/domains/acagolf1/admin-footer.php' not found or unable to stat
[Sat Feb 21 01:07:58.404292 2026] [php:error] [pid 58531] [client 45.67.97.192:0] script '/domains/system_suspended/xex.php' not found or unable to stat
[Sat Feb 21 01:07:58.547306 2026] [php:error] [pid 58572] [client 45.67.97.15:0] script '/domains/trodine/edit.php' not found or unable to stat
[Sat Feb 21 01:07:58.597179 2026] [php:error] [pid 58488] [client 45.67.97.192:0] script '/domains/pmglobal/nf_tracking.php' not found or unable to stat
[Sat Feb 21 01:07:58.610705 2026] [php:error] [pid 58556] [client 45.67.97.16:0] script '/domains/aatweb/natural.php' not found or unable to stat
[Sat Feb 21 01:07:58.678794 2026] [php:error] [pid 58541] [client 45.67.97.15:0] script '/domains/system_suspended/contacts.php' not found or unable to stat
[Sat Feb 21 01:07:58.778501 2026] [php:error] [pid 58560] [client 45.67.97.17:0] script '/domains/bruceweb/ff2.php' not found or unable to stat
[Sat Feb 21 01:07:58.840000 2026] [php:error] [pid 58439] [client 45.67.97.17:0] script '/domains/familyplayhouse2/fm.php' not found or unable to stat
[Sat Feb 21 01:07:58.869123 2026] [php:error] [pid 58566] [client 45.67.97.16:0] script '/domains/windsorweb/aks.php' not found or unable to stat
[Sat Feb 21 01:07:58.900280 2026] [php:error] [pid 58565] [client 45.67.97.16:0] script '/domains/system_default/ab.php' not found or unable to stat
[Sat Feb 21 01:07:58.933268 2026] [php:error] [pid 58502] [client 45.67.97.15:0] script '/domains/sjsachs/ab.php' not found or unable to stat
[Sat Feb 21 01:07:58.934519 2026] [php:error] [pid 58540] [client 45.67.97.17:0] script '/domains/braniff/images/index22.php' not found or unable to stat
[Sat Feb 21 01:07:58.952080 2026] [php:error] [pid 58479] [client 45.67.97.15:0] script '/domains/system_suspended/wp-api.php' not found or unable to stat
[Sat Feb 21 01:07:58.979558 2026] [php:error] [pid 58554] [client 45.67.97.192:0] script '/domains/jaspen/theme.php' not found or unable to stat
[Sat Feb 21 01:07:58.991950 2026] [php:error] [pid 58524] [client 45.67.97.192:0] script '/domains/rnachum/bs1.php' not found or unable to stat
[Sat Feb 21 01:07:59.018019 2026] [php:error] [pid 58550] [client 45.67.97.192:0] script '/domains/frog.interport1/wp-head.php' not found or unable to stat
[Sat Feb 21 01:07:59.049197 2026] [php:error] [pid 58504] [client 45.67.97.16:0] script '/domains/system_suspended/small.php' not found or unable to stat
[Sat Feb 21 01:07:59.079468 2026] [php:error] [pid 58556] [client 45.67.97.16:0] script '/domains/aatweb/item.php' not found or unable to stat
[Sat Feb 21 01:07:59.115859 2026] [php:error] [pid 58472] [client 45.67.97.192:0] script '/domains/nsmd2/file2.php' not found or unable to stat
[Sat Feb 21 01:07:59.129049 2026] [php:error] [pid 58522] [client 45.67.97.17:0] script '/domains/magicjim/flower.php' not found or unable to stat
[Sat Feb 21 01:07:59.150744 2026] [php:error] [pid 58541] [client 45.67.97.15:0] script '/domains/system_suspended/wsa.php' not found or unable to stat
[Sat Feb 21 01:07:59.189056 2026] [php:error] [pid 58513] [client 45.67.97.17:0] script '/domains/byardrealestate/l.php' not found or unable to stat
[Sat Feb 21 01:07:59.327672 2026] [php:error] [pid 58564] [client 45.67.97.15:0] script '/domains/acagolf1/XxX.php' not found or unable to stat
[Sat Feb 21 01:07:59.338692 2026] [php:error] [pid 58566] [client 45.67.97.16:0] script '/domains/windsorweb/litespeed.php' not found or unable to stat
[Sat Feb 21 01:07:59.400394 2026] [php:error] [pid 58540] [client 45.67.97.17:0] script '/domains/braniff/wp-user.php' not found or unable to stat
[Sat Feb 21 01:07:59.473515 2026] [php:error] [pid 58469] [client 45.67.97.15:0] script '/domains/astweb/wp-content.php' not found or unable to stat
[Sat Feb 21 01:07:59.522888 2026] [php:error] [pid 58558] [client 45.67.97.192:0] script '/domains/hpveweb/images/bypass.php' not found or unable to stat
[Sat Feb 21 01:07:59.536792 2026] [php:error] [pid 58488] [client 45.67.97.192:0] script '/domains/pmglobal/filefuns.php' not found or unable to stat
[Sat Feb 21 01:07:59.559844 2026] [php:error] [pid 58559] [client 45.67.97.17:0] script '/domains/jrp.interport/images/DJP9.php' not found or unable to stat
[Sat Feb 21 01:07:59.654997 2026] [php:error] [pid 58513] [client 45.67.97.17:0] script '/domains/byardrealestate/repeater.php' not found or unable to stat
[Sat Feb 21 01:07:59.664307 2026] [php:error] [pid 58520] [client 45.67.97.192:0] script '/domains/gohover/wp-login.php' not found or unable to stat
[Sat Feb 21 01:07:59.714700 2026] [php:error] [pid 58515] [client 45.67.97.17:0] script '/domains/fbardin/Sanskrit.php' not found or unable to stat
[Sat Feb 21 01:07:59.783300 2026] [php:error] [pid 58508] [client 45.67.97.17:0] script '/domains/tmandel/dir.php' not found or unable to stat
[Sat Feb 21 01:07:59.875355 2026] [php:error] [pid 58568] [client 45.67.97.15:0] script '/domains/system_default/install.php' not found or unable to stat
[Sat Feb 21 01:07:59.887253 2026] [php:error] [pid 58479] [client 45.67.97.15:0] script '/domains/system_suspended/css.php' not found or unable to stat
[Sat Feb 21 01:07:59.933258 2026] [php:error] [pid 58542] [client 45.67.97.17:0] script '/domains/csiniaws/fm.php' not found or unable to stat
[Sat Feb 21 01:07:59.971686 2026] [php:error] [pid 58572] [client 45.67.97.15:0] script '/domains/trodine/wp-links-opml.php' not found or unable to stat
[Sat Feb 21 01:07:59.988101 2026] [php:error] [pid 58504] [client 45.67.97.16:0] script '/domains/system_suspended/NewFile.php' not found or unable to stat
[Sat Feb 21 01:08:00.046529 2026] [php:error] [pid 58472] [client 45.67.97.192:0] script '/domains/nsmd2/alfa.php' not found or unable to stat
[Sat Feb 21 01:08:00.128459 2026] [php:error] [pid 58494] [client 45.67.97.192:0] script '/domains/pookie.dnai/cgi-bin/index.php' not found or unable to stat
[Sat Feb 21 01:08:00.136675 2026] [php:error] [pid 58520] [client 45.67.97.192:0] script '/domains/gohover/mar.php' not found or unable to stat
[Sat Feb 21 01:08:00.188603 2026] [php:error] [pid 58515] [client 45.67.97.17:0] script '/domains/fbardin/wp-fmfile.php' not found or unable to stat
[Sat Feb 21 01:08:00.207184 2026] [php:error] [pid 58526] [client 45.67.97.16:0] script '/domains/system_default/wp-content.php' not found or unable to stat
[Sat Feb 21 01:08:00.340468 2026] [php:error] [pid 58565] [client 45.67.97.16:0] script '/domains/system_default/doc.php' not found or unable to stat
[Sat Feb 21 01:08:00.346001 2026] [php:error] [pid 58502] [client 45.67.97.15:0] script '/domains/sjsachs/doc.php' not found or unable to stat
[Sat Feb 21 01:08:00.387043 2026] [php:error] [pid 58554] [client 45.67.97.192:0] script '/domains/jaspen/Simple.php' not found or unable to stat
[Sat Feb 21 01:08:00.397296 2026] [php:error] [pid 58524] [client 45.67.97.192:0] script '/domains/rnachum/page.php' not found or unable to stat
[Sat Feb 21 01:08:00.445605 2026] [php:error] [pid 58550] [client 45.67.97.192:0] script '/domains/frog.interport1/makeasmtp.php' not found or unable to stat
[Sat Feb 21 01:08:00.485351 2026] [php:error] [pid 58488] [client 45.67.97.192:0] script '/domains/pmglobal/l.php' not found or unable to stat
[Sat Feb 21 01:08:00.533986 2026] [php:error] [pid 58551] [client 45.67.97.17:0] script '/domains/resourceandeventweb/plugin-install.php' not found or unable to stat
[Sat Feb 21 01:08:00.671503 2026] [php:error] [pid 58560] [client 45.67.97.17:0] script '/domains/bruceweb/jp.php' not found or unable to stat
[Sat Feb 21 01:08:00.727968 2026] [php:error] [pid 58439] [client 45.67.97.17:0] script '/domains/familyplayhouse2/ini.php' not found or unable to stat
[Sat Feb 21 01:08:00.754406 2026] [php:error] [pid 58566] [client 45.67.97.16:0] script '/domains/windsorweb/wpn.php' not found or unable to stat
[Sat Feb 21 01:08:00.770221 2026] [php:error] [pid 58531] [client 45.67.97.192:0] script '/domains/system_suspended/wp-head.php' not found or unable to stat
[Sat Feb 21 01:08:00.814618 2026] [php:error] [pid 58540] [client 45.67.97.17:0] script '/domains/braniff/config.php' not found or unable to stat
[Sat Feb 21 01:08:00.910500 2026] [php:error] [pid 58572] [client 45.67.97.15:0] script '/domains/trodine/atomlib.php' not found or unable to stat
[Sat Feb 21 01:08:00.931554 2026] [php:error] [pid 58504] [client 45.67.97.16:0] script '/domains/system_suspended/error.php' not found or unable to stat
[Sat Feb 21 01:08:00.956787 2026] [php:error] [pid 58488] [client 45.67.97.192:0] script '/domains/pmglobal/repeater.php' not found or unable to stat
[Sat Feb 21 01:08:00.992828 2026] [php:error] [pid 58559] [client 45.67.97.17:0] script '/domains/jrp.interport/natural.php' not found or unable to stat
[Sat Feb 21 01:08:01.044547 2026] [php:error] [pid 58522] [client 45.67.97.17:0] script '/domains/magicjim/ioxi-o.php' not found or unable to stat
[Sat Feb 21 01:08:01.066804 2026] [php:error] [pid 58513] [client 45.67.97.17:0] script '/domains/byardrealestate/contacts.php' not found or unable to stat
[Sat Feb 21 01:08:01.146950 2026] [php:error] [pid 58560] [client 45.67.97.17:0] script '/domains/bruceweb/wp-atom.php' not found or unable to stat
[Sat Feb 21 01:08:01.172676 2026] [php:error] [pid 58497] [client 45.67.97.16:0] script '/domains/memanuel/images/class.php' not found or unable to stat
[Sat Feb 21 01:08:01.217423 2026] [php:error] [pid 58561] [client 45.67.97.15:0] script '/domains/perless2web/hehehehe.php' not found or unable to stat
[Sat Feb 21 01:08:01.290468 2026] [php:error] [pid 58540] [client 45.67.97.17:0] script '/domains/braniff/special.php' not found or unable to stat
[Sat Feb 21 01:08:01.294276 2026] [php:error] [pid 58535] [client 45.67.97.17:0] script '/domains/system_default/b.php' not found or unable to stat
[Sat Feb 21 01:08:01.464049 2026] [php:error] [pid 58559] [client 45.67.97.17:0] script '/domains/jrp.interport/item.php' not found or unable to stat
[Sat Feb 21 01:08:01.511693 2026] [php:error] [pid 58522] [client 45.67.97.17:0] script '/domains/magicjim/info.php' not found or unable to stat
[Sat Feb 21 01:08:01.532102 2026] [php:error] [pid 58541] [client 45.67.97.15:0] script '/domains/system_suspended/lv.php' not found or unable to stat
[Sat Feb 21 01:08:01.533943 2026] [php:error] [pid 58513] [client 45.67.97.17:0] script '/domains/byardrealestate/wsa.php' not found or unable to stat
[Sat Feb 21 01:08:01.552343 2026] [php:error] [pid 58520] [client 45.67.97.192:0] script '/domains/gohover/1.php' not found or unable to stat
[Sat Feb 21 01:08:01.557408 2026] [php:error] [pid 58549] [client 45.67.97.16:0] script '/domains/ceonlinenews/default.php' not found or unable to stat
[Sat Feb 21 01:08:01.677617 2026] [php:error] [pid 58508] [client 45.67.97.17:0] script '/domains/tmandel/nf_tracking.php' not found or unable to stat
[Sat Feb 21 01:08:01.755468 2026] [php:error] [pid 58565] [client 45.67.97.16:0] script '/domains/system_default/wp-login.php' not found or unable to stat
[Sat Feb 21 01:08:01.757078 2026] [php:error] [pid 58502] [client 45.67.97.15:0] script '/domains/sjsachs/wp-login.php' not found or unable to stat
[Sat Feb 21 01:08:01.821555 2026] [php:error] [pid 58542] [client 45.67.97.17:0] script '/domains/csiniaws/ini.php' not found or unable to stat
[Sat Feb 21 01:08:01.835193 2026] [php:error] [pid 58469] [client 45.67.97.15:0] script '/domains/astweb/customize.php' not found or unable to stat
[Sat Feb 21 01:08:01.869510 2026] [php:error] [pid 58550] [client 45.67.97.192:0] script '/domains/frog.interport1/images/bypass.php' not found or unable to stat
[Sat Feb 21 01:08:01.905517 2026] [php:error] [pid 58500] [client 45.67.97.16:0] script '/domains/system_suspended/classwithtostring.php' not found or unable to stat
[Sat Feb 21 01:08:01.907439 2026] [php:error] [pid 58529] [client 45.67.97.16:0] script '/domains/antiqueweb1/moon.php' not found or unable to stat
[Sat Feb 21 01:08:01.979519 2026] [php:error] [pid 58522] [client 45.67.97.17:0] script '/domains/magicjim/setup.php' not found or unable to stat
[Sat Feb 21 01:08:01.987485 2026] [php:error] [pid 58491] [client 45.67.97.192:0] script '/domains/hungariantasteweb/images/wp-aespa.php' not found or unable to stat
[Sat Feb 21 01:08:02.004187 2026] [php:error] [pid 58532] [client 45.67.97.192:0] script '/domains/miles.interport/inc.php' not found or unable to stat
[Sat Feb 21 01:08:02.083418 2026] [php:error] [pid 58515] [client 45.67.97.17:0] script '/domains/fbardin/memberfuns.php' not found or unable to stat
[Sat Feb 21 01:08:02.086995 2026] [php:error] [pid 58546] [client 45.67.97.192:0] script '/domains/proinc/small.php' not found or unable to stat
[Sat Feb 21 01:08:02.101981 2026] [php:error] [pid 58560] [client 45.67.97.17:0] script '/domains/bruceweb/up.php' not found or unable to stat
[Sat Feb 21 01:08:02.107676 2026] [php:error] [pid 58497] [client 45.67.97.16:0] script '/domains/memanuel/web.php' not found or unable to stat
[Sat Feb 21 01:08:02.185657 2026] [php:error] [pid 58507] [client 45.67.97.192:0] script '/domains/testregisgroup/plugin-install.php' not found or unable to stat
[Sat Feb 21 01:08:02.194290 2026] [php:error] [pid 58531] [client 45.67.97.192:0] script '/domains/system_suspended/makeasmtp.php' not found or unable to stat
[Sat Feb 21 01:08:02.223192 2026] [php:error] [pid 58565] [client 45.67.97.16:0] script '/domains/system_default/mar.php' not found or unable to stat
[Sat Feb 21 01:08:02.223203 2026] [php:error] [pid 58502] [client 45.67.97.15:0] script '/domains/sjsachs/mar.php' not found or unable to stat
[Sat Feb 21 01:08:02.236901 2026] [php:error] [pid 58568] [client 45.67.97.15:0] script '/domains/system_default/bypass.php' not found or unable to stat
[Sat Feb 21 01:08:02.305730 2026] [php:error] [pid 58469] [client 45.67.97.15:0] script '/domains/astweb/license.php' not found or unable to stat
[Sat Feb 21 01:08:02.379406 2026] [php:error] [pid 58488] [client 45.67.97.192:0] script '/domains/pmglobal/contacts.php' not found or unable to stat
[Sat Feb 21 01:08:02.462378 2026] [php:error] [pid 58567] [client 45.67.97.17:0] script '/domains/ferguson.interport/blog.php' not found or unable to stat
[Sat Feb 21 01:08:02.551986 2026] [php:error] [pid 58515] [client 45.67.97.17:0] script '/domains/fbardin/infos.php' not found or unable to stat
[Sat Feb 21 01:08:02.567789 2026] [php:error] [pid 58526] [client 45.67.97.16:0] script '/domains/system_default/customize.php' not found or unable to stat
[Sat Feb 21 01:08:02.619534 2026] [php:error] [pid 58508] [client 45.67.97.17:0] script '/domains/tmandel/filefuns.php' not found or unable to stat
[Sat Feb 21 01:08:02.702141 2026] [php:error] [pid 58479] [client 45.67.97.15:0] script '/domains/system_suspended/wp-error_log.php' not found or unable to stat
[Sat Feb 21 01:08:02.704948 2026] [php:error] [pid 58568] [client 45.67.97.15:0] script '/domains/system_default/class.php' not found or unable to stat
[Sat Feb 21 01:08:02.762622 2026] [php:error] [pid 58574] [client 45.67.97.192:0] script '/domains/micra/bs1.php' not found or unable to stat
[Sat Feb 21 01:08:02.815554 2026] [php:error] [pid 58504] [client 45.67.97.16:0] script '/domains/system_suspended/wp-files.php' not found or unable to stat
[Sat Feb 21 01:08:02.849528 2026] [php:error] [pid 58488] [client 45.67.97.192:0] script '/domains/pmglobal/wsa.php' not found or unable to stat
[Sat Feb 21 01:08:02.948596 2026] [php:error] [pid 58532] [client 45.67.97.192:0] script '/domains/miles.interport/filemanager.php' not found or unable to stat
[Sat Feb 21 01:08:03.022814 2026] [php:error] [pid 58546] [client 45.67.97.192:0] script '/domains/proinc/NewFile.php' not found or unable to stat
[Sat Feb 21 01:08:03.042116 2026] [php:error] [pid 58526] [client 45.67.97.16:0] script '/domains/system_default/license.php' not found or unable to stat
[Sat Feb 21 01:08:03.044448 2026] [php:error] [pid 58497] [client 45.67.97.16:0] script '/domains/memanuel/images/index.php' not found or unable to stat
[Sat Feb 21 01:08:03.222826 2026] [php:error] [pid 58524] [client 45.67.97.192:0] script '/domains/rnachum/assets/info.php' not found or unable to stat
[Sat Feb 21 01:08:03.249771 2026] [php:error] [pid 58469] [client 45.67.97.15:0] script '/domains/astweb/lock.php' not found or unable to stat
[Sat Feb 21 01:08:03.271480 2026] [php:error] [pid 58572] [client 45.67.97.15:0] script '/domains/trodine/xp.php' not found or unable to stat
[Sat Feb 21 01:08:03.283307 2026] [php:error] [pid 58504] [client 45.67.97.16:0] script '/domains/system_suspended/functions.php' not found or unable to stat
[Sat Feb 21 01:08:03.332205 2026] [php:error] [pid 58529] [client 45.67.97.16:0] script '/domains/antiqueweb1/webadmin.php' not found or unable to stat
[Sat Feb 21 01:08:03.556555 2026] [php:error] [pid 58508] [client 45.67.97.17:0] script '/domains/tmandel/l.php' not found or unable to stat
[Sat Feb 21 01:08:03.620840 2026] [php:error] [pid 58565] [client 45.67.97.16:0] script '/domains/system_default/1.php' not found or unable to stat
[Sat Feb 21 01:08:03.622576 2026] [php:error] [pid 58502] [client 45.67.97.15:0] script '/domains/sjsachs/1.php' not found or unable to stat
[Sat Feb 21 01:08:03.653060 2026] [php:error] [pid 58470] [client 45.67.97.192:0] script '/domains/fdcarter/xex.php' not found or unable to stat
[Sat Feb 21 01:08:03.832091 2026] [php:error] [pid 58472] [client 45.67.97.192:0] script '/domains/nsmd2/edit.php' not found or unable to stat
[Sat Feb 21 01:08:03.869743 2026] [php:error] [pid 58513] [client 45.67.97.17:0] script '/domains/byardrealestate/lv.php' not found or unable to stat
[Sat Feb 21 01:08:03.874547 2026] [php:error] [pid 58474] [client 45.67.97.192:0] script '/domains/bels/aa.php' not found or unable to stat
[Sat Feb 21 01:08:03.913372 2026] [php:error] [pid 58500] [client 45.67.97.16:0] script '/domains/system_suspended/tinyfilemanager.php' not found or unable to stat
[Sat Feb 21 01:08:03.959207 2026] [php:error] [pid 58546] [client 45.67.97.192:0] script '/domains/proinc/error.php' not found or unable to stat
[Sat Feb 21 01:08:03.980458 2026] [php:error] [pid 58526] [client 45.67.97.16:0] script '/domains/system_default/lock.php' not found or unable to stat
[Sat Feb 21 01:08:04.025738 2026] [php:error] [pid 58508] [client 45.67.97.17:0] script '/domains/tmandel/repeater.php' not found or unable to stat
[Sat Feb 21 01:08:04.052102 2026] [php:error] [pid 58564] [client 45.67.97.15:0] script '/domains/acagolf1/css/media-widget-vide02.php' not found or unable to stat
[Sat Feb 21 01:08:04.101306 2026] [php:error] [pid 58535] [client 45.67.97.17:0] script '/domains/system_default/wsax.php' not found or unable to stat
[Sat Feb 21 01:08:04.182950 2026] [php:error] [pid 58574] [client 45.67.97.192:0] script '/domains/micra/page.php' not found or unable to stat
[Sat Feb 21 01:08:04.331046 2026] [php:error] [pid 58522] [client 45.67.97.17:0] script '/domains/magicjim/as.php' not found or unable to stat
[Sat Feb 21 01:08:04.344069 2026] [php:error] [pid 58575] [client 45.67.97.15:0] script '/domains/peterbmiller/bs1.php' not found or unable to stat
[Sat Feb 21 01:08:04.346265 2026] [php:error] [pid 58513] [client 45.67.97.17:0] script '/domains/byardrealestate/images/js1.php' not found or unable to stat
[Sat Feb 21 01:08:04.352107 2026] [php:error] [pid 58474] [client 45.67.97.192:0] script '/domains/bels/index2.php' not found or unable to stat
[Sat Feb 21 01:08:04.391585 2026] [php:error] [pid 58549] [client 45.67.97.16:0] script '/domains/ceonlinenews/dropdown.php' not found or unable to stat
[Sat Feb 21 01:08:04.426467 2026] [php:error] [pid 58515] [client 45.67.97.17:0] script '/domains/fbardin/options-writing.php' not found or unable to stat
[Sat Feb 21 01:08:04.676134 2026] [php:error] [pid 58572] [client 45.67.97.15:0] script '/domains/trodine/wp-links.php' not found or unable to stat
[Sat Feb 21 01:08:04.684700 2026] [php:error] [pid 58556] [client 45.67.97.17:0] script '/domains/aatweb/default.php' not found or unable to stat
[Sat Feb 21 01:08:04.743893 2026] [php:error] [pid 58529] [client 45.67.97.16:0] script '/domains/antiqueweb1/xl2023.php' not found or unable to stat
[Sat Feb 21 01:08:04.798486 2026] [php:error] [pid 58522] [client 45.67.97.17:0] script '/domains/magicjim/cc.php' not found or unable to stat
[Sat Feb 21 01:08:04.863652 2026] [php:error] [pid 58549] [client 45.67.97.16:0] script '/domains/ceonlinenews/images/admin.php' not found or unable to stat
[Sat Feb 21 01:08:04.894761 2026] [php:error] [pid 58515] [client 45.67.97.17:0] script '/domains/fbardin/options-reading.php' not found or unable to stat
[Sat Feb 21 01:08:04.895730 2026] [php:error] [pid 58525] [client 45.67.97.192:0] script '/domains/system_suspended/b.php' not found or unable to stat
[Sat Feb 21 01:08:04.897043 2026] [php:error] [pid 58493] [client 45.67.97.16:0] script '/domains/biehlweb/files.php' not found or unable to stat
[Sat Feb 21 01:08:04.911920 2026] [php:error] [pid 58497] [client 45.67.97.16:0] script '/domains/memanuel/wp-trackback.php' not found or unable to stat
[Sat Feb 21 01:08:04.917361 2026] [php:error] [pid 58560] [client 45.67.97.17:0] script '/domains/bruceweb/worm.PhP' not found or unable to stat
[Sat Feb 21 01:08:05.001034 2026] [php:error] [pid 58564] [client 45.67.97.15:0] script '/domains/acagolf1/images/buy.php' not found or unable to stat
[Sat Feb 21 01:08:05.206817 2026] [php:error] [pid 58488] [client 45.67.97.192:0] script '/domains/pmglobal/lv.php' not found or unable to stat
[Sat Feb 21 01:08:05.215532 2026] [php:error] [pid 58529] [client 45.67.97.16:0] script '/domains/antiqueweb1/go.php' not found or unable to stat
[Sat Feb 21 01:08:05.227347 2026] [php:error] [pid 58472] [client 45.67.97.192:0] script '/domains/nsmd2/wp-links-opml.php' not found or unable to stat
[Sat Feb 21 01:08:05.231846 2026] [php:error] [pid 58545] [client 45.67.97.15:0] script '/domains/system_cancel/alfa.php' not found or unable to stat
[Sat Feb 21 01:08:05.333447 2026] [php:error] [pid 58520] [client 45.67.97.192:0] script '/domains/gohover/fm.php' not found or unable to stat
[Sat Feb 21 01:08:05.334389 2026] [php:error] [pid 58549] [client 45.67.97.16:0] script '/domains/ceonlinenews/db.php' not found or unable to stat
[Sat Feb 21 01:08:05.334734 2026] [php:error] [pid 58500] [client 45.67.97.16:0] script '/domains/system_suspended/file.php' not found or unable to stat
[Sat Feb 21 01:08:05.362947 2026] [php:error] [pid 58515] [client 45.67.97.17:0] script '/domains/fbardin/wsad.php' not found or unable to stat
[Sat Feb 21 01:08:05.385283 2026] [php:error] [pid 58560] [client 45.67.97.17:0] script '/domains/bruceweb/ext.php' not found or unable to stat
[Sat Feb 21 01:08:05.430970 2026] [php:error] [pid 58508] [client 45.67.97.17:0] script '/domains/tmandel/contacts.php' not found or unable to stat
[Sat Feb 21 01:08:05.461598 2026] [php:error] [pid 58561] [client 45.67.97.15:0] script '/domains/jaspen/small.php' not found or unable to stat
[Sat Feb 21 01:08:05.627528 2026] [php:error] [pid 58504] [client 45.67.97.16:0] script '/domains/system_suspended/aks.php' not found or unable to stat
[Sat Feb 21 01:08:05.682585 2026] [php:error] [pid 58488] [client 45.67.97.192:0] script '/domains/pmglobal/images/js1.php' not found or unable to stat
[Sat Feb 21 01:08:05.733395 2026] [php:error] [pid 58522] [client 45.67.97.17:0] script '/domains/magicjim/ab.php' not found or unable to stat
[Sat Feb 21 01:08:05.737339 2026] [php:error] [pid 58575] [client 45.67.97.15:0] script '/domains/peterbmiller/page.php' not found or unable to stat
[Sat Feb 21 01:08:05.831971 2026] [php:error] [pid 58546] [client 45.67.97.192:0] script '/domains/proinc/wp-files.php' not found or unable to stat
[Sat Feb 21 01:08:05.832419 2026] [php:error] [pid 58515] [client 45.67.97.17:0] script '/domains/fbardin/nation.php' not found or unable to stat
[Sat Feb 21 01:08:05.850139 2026] [php:error] [pid 58497] [client 45.67.97.16:0] script '/domains/memanuel/radio.php' not found or unable to stat
[Sat Feb 21 01:08:05.853095 2026] [php:error] [pid 58560] [client 45.67.97.17:0] script '/domains/bruceweb/delpaths.php' not found or unable to stat
[Sat Feb 21 01:08:05.902811 2026] [php:error] [pid 58541] [client 45.67.97.16:0] script '/domains/familyplayhouse2/wp-content.php' not found or unable to stat
[Sat Feb 21 01:08:05.902846 2026] [php:error] [pid 58508] [client 45.67.97.17:0] script '/domains/tmandel/wsa.php' not found or unable to stat
[Sat Feb 21 01:08:05.987759 2026] [php:error] [pid 58501] [client 45.67.97.16:0] script '/domains/druckrey/bs1.php' not found or unable to stat
[Sat Feb 21 01:08:05.993671 2026] [php:error] [pid 58568] [client 45.67.97.15:0] script '/domains/system_default/init.php' not found or unable to stat
[Sat Feb 21 01:08:05.998271 2026] [php:error] [pid 58470] [client 45.67.97.192:0] script '/domains/fdcarter/wp-head.php' not found or unable to stat
[Sat Feb 21 01:08:06.088420 2026] [php:error] [pid 58494] [client 45.67.97.192:0] script '/domains/pookie.dnai/hehehehe.php' not found or unable to stat
[Sat Feb 21 01:08:06.094524 2026] [php:error] [pid 58504] [client 45.67.97.16:0] script '/domains/system_suspended/litespeed.php' not found or unable to stat
[Sat Feb 21 01:08:06.124534 2026] [php:error] [pid 58532] [client 45.67.97.192:0] script '/domains/miles.interport/function.php' not found or unable to stat
[Sat Feb 21 01:08:06.149956 2026] [php:error] [pid 58558] [client 45.67.97.192:0] script '/domains/hpveweb/click.php' not found or unable to stat
[Sat Feb 21 01:08:06.169974 2026] [php:error] [pid 58472] [client 45.67.97.192:0] script '/domains/nsmd2/atomlib.php' not found or unable to stat
[Sat Feb 21 01:08:06.254892 2026] [php:error] [pid 58573] [client 45.67.97.16:0] script '/domains/pbuilder/Sanskrit.php' not found or unable to stat
[Sat Feb 21 01:08:06.299748 2026] [php:error] [pid 58546] [client 45.67.97.192:0] script '/domains/proinc/functions.php' not found or unable to stat
[Sat Feb 21 01:08:06.400191 2026] [php:error] [pid 58561] [client 45.67.97.15:0] script '/domains/jaspen/NewFile.php' not found or unable to stat
[Sat Feb 21 01:08:06.507315 2026] [php:error] [pid 58567] [client 45.67.97.17:0] script '/domains/ferguson.interport/elp.php' not found or unable to stat
[Sat Feb 21 01:08:06.545569 2026] [php:error] [pid 58469] [client 45.67.97.15:0] script '/domains/astweb/wp-good.php' not found or unable to stat
[Sat Feb 21 01:08:06.696365 2026] [php:error] [pid 58474] [client 45.67.97.192:0] script '/domains/bels/shell.php' not found or unable to stat
[Sat Feb 21 01:08:06.696397 2026] [php:error] [pid 58551] [client 45.67.97.17:0] script '/domains/resourceandeventweb/images/mah.php' not found or unable to stat
[Sat Feb 21 01:08:06.719997 2026] [php:error] [pid 58573] [client 45.67.97.16:0] script '/domains/pbuilder/wp-fmfile.php' not found or unable to stat
[Sat Feb 21 01:08:06.758927 2026] [php:error] [pid 58500] [client 45.67.97.16:0] script '/domains/system_suspended/buy.php' not found or unable to stat
[Sat Feb 21 01:08:06.914558 2026] [php:error] [pid 58540] [client 45.67.97.15:0] script '/domains/braniff/webdb.php' not found or unable to stat
[Sat Feb 21 01:08:06.993112 2026] [php:error] [pid 58505] [client 45.67.97.192:0] script '/domains/csiniaws/wp-content.php' not found or unable to stat
[Sat Feb 21 01:08:07.071648 2026] [php:error] [pid 58532] [client 45.67.97.192:0] script '/domains/miles.interport/wp-signup.php' not found or unable to stat
[Sat Feb 21 01:08:07.132115 2026] [php:error] [pid 58513] [client 45.67.97.17:0] script '/domains/jrp.interport/default.php' not found or unable to stat
[Sat Feb 21 01:08:07.134961 2026] [php:error] [pid 58522] [client 45.67.97.17:0] script '/domains/magicjim/doc.php' not found or unable to stat
[Sat Feb 21 01:08:07.231290 2026] [php:error] [pid 58520] [client 45.67.97.192:0] script '/domains/gohover/ini.php' not found or unable to stat
[Sat Feb 21 01:08:07.257017 2026] [php:error] [pid 58526] [client 45.67.97.16:0] script '/domains/system_default/wp-good.php' not found or unable to stat
[Sat Feb 21 01:08:07.335065 2026] [php:error] [pid 58561] [client 45.67.97.15:0] script '/domains/jaspen/error.php' not found or unable to stat
[Sat Feb 21 01:08:07.359556 2026] [php:error] [pid 58502] [client 45.67.97.15:0] script '/domains/sjsachs/fm.php' not found or unable to stat
[Sat Feb 21 01:08:07.359890 2026] [php:error] [pid 58565] [client 45.67.97.16:0] script '/domains/system_default/fm.php' not found or unable to stat
[Sat Feb 21 01:08:07.401768 2026] [php:error] [pid 58470] [client 45.67.97.192:0] script '/domains/fdcarter/makeasmtp.php' not found or unable to stat
[Sat Feb 21 01:08:07.415427 2026] [php:error] [pid 58501] [client 45.67.97.16:0] script '/domains/druckrey/page.php' not found or unable to stat
[Sat Feb 21 01:08:07.483068 2026] [php:error] [pid 58542] [client 45.67.97.15:0] script '/domains/system_suspended/bs1.php' not found or unable to stat
[Sat Feb 21 01:08:07.503382 2026] [php:error] [pid 58504] [client 45.67.97.16:0] script '/domains/system_suspended/wpn.php' not found or unable to stat
[Sat Feb 21 01:08:07.506297 2026] [php:error] [pid 58556] [client 45.67.97.17:0] script '/domains/aatweb/dropdown.php' not found or unable to stat
[Sat Feb 21 01:08:07.709790 2026] [php:error] [pid 58525] [client 45.67.97.192:0] script '/domains/system_suspended/wsax.php' not found or unable to stat
[Sat Feb 21 01:08:07.711754 2026] [php:error] [pid 58497] [client 45.67.97.16:0] script '/domains/memanuel/wp-conflg.php' not found or unable to stat
[Sat Feb 21 01:08:07.850353 2026] [php:error] [pid 58540] [client 45.67.97.15:0] script '/domains/braniff/file2.php' not found or unable to stat
[Sat Feb 21 01:08:07.973919 2026] [php:error] [pid 58556] [client 45.67.97.17:0] script '/domains/aatweb/images/admin.php' not found or unable to stat
[Sat Feb 21 01:08:08.062415 2026] [php:error] [pid 58529] [client 45.67.97.16:0] script '/domains/antiqueweb1/cgi-bin/index.php' not found or unable to stat
[Sat Feb 21 01:08:08.144718 2026] [php:error] [pid 58453] [client 45.67.97.15:0] script '/domains/system_suspended/tox.php' not found or unable to stat
[Sat Feb 21 01:08:08.179190 2026] [php:error] [pid 58497] [client 45.67.97.16:0] script '/domains/memanuel/wp-setup.php' not found or unable to stat
[Sat Feb 21 01:08:08.180533 2026] [php:error] [pid 58515] [client 45.67.97.17:0] script '/domains/fbardin/wp-atomx.php' not found or unable to stat
[Sat Feb 21 01:08:08.251906 2026] [php:error] [pid 58508] [client 45.67.97.17:0] script '/domains/tmandel/lv.php' not found or unable to stat
[Sat Feb 21 01:08:08.252562 2026] [php:error] [pid 58541] [client 45.67.97.16:0] script '/domains/familyplayhouse2/customize.php' not found or unable to stat
[Sat Feb 21 01:08:08.430059 2026] [php:error] [pid 58550] [client 45.67.97.192:0] script '/domains/frog.interport1/click.php' not found or unable to stat
[Sat Feb 21 01:08:08.444343 2026] [php:error] [pid 58556] [client 45.67.97.17:0] script '/domains/aatweb/db.php' not found or unable to stat
[Sat Feb 21 01:08:08.463467 2026] [php:error] [pid 58571] [client 45.67.97.192:0] script '/domains/homesbyaudrey1/xex.php' not found or unable to stat
[Sat Feb 21 01:08:08.490693 2026] [php:error] [pid 58532] [client 45.67.97.192:0] script '/domains/miles.interport/wp-blog.php' not found or unable to stat
[Sat Feb 21 01:08:08.508044 2026] [php:error] [pid 58472] [client 45.67.97.192:0] script '/domains/nsmd2/xp.php' not found or unable to stat
[Sat Feb 21 01:08:08.539814 2026] [php:error] [pid 58522] [client 45.67.97.17:0] script '/domains/magicjim/wp-login.php' not found or unable to stat
[Sat Feb 21 01:08:08.599813 2026] [php:error] [pid 58573] [client 45.67.97.16:0] script '/domains/pbuilder/memberfuns.php' not found or unable to stat
[Sat Feb 21 01:08:08.647410 2026] [php:error] [pid 58497] [client 45.67.97.16:0] script '/domains/memanuel/ms-themes.php' not found or unable to stat
[Sat Feb 21 01:08:08.648789 2026] [php:error] [pid 58546] [client 45.67.97.192:0] script '/domains/proinc/aks.php' not found or unable to stat
[Sat Feb 21 01:08:08.656607 2026] [php:error] [pid 58515] [client 45.67.97.17:0] script '/domains/fbardin/admin-footer.php' not found or unable to stat
[Sat Feb 21 01:08:08.664123 2026] [php:error] [pid 58560] [client 45.67.97.17:0] script '/domains/bruceweb/gifclass.php' not found or unable to stat
[Sat Feb 21 01:08:08.729210 2026] [php:error] [pid 58507] [client 45.67.97.192:0] script '/domains/testregisgroup/images/mah.php' not found or unable to stat
[Sat Feb 21 01:08:08.785674 2026] [php:error] [pid 58540] [client 45.67.97.15:0] script '/domains/braniff/alfa.php' not found or unable to stat
[Sat Feb 21 01:08:08.809132 2026] [php:error] [pid 58470] [client 45.67.97.192:0] script '/domains/fdcarter/images/bypass.php' not found or unable to stat
[Sat Feb 21 01:08:08.985942 2026] [php:error] [pid 58545] [client 45.67.97.15:0] script '/domains/system_cancel/edit.php' not found or unable to stat
[Sat Feb 21 01:08:09.038153 2026] [php:error] [pid 58541] [client 45.67.97.16:0] script '/domains/familyplayhouse2/license.php' not found or unable to stat
[Sat Feb 21 01:08:09.045917 2026] [php:error] [pid 58474] [client 45.67.97.192:0] script '/domains/bels/hehe.php' not found or unable to stat
[Sat Feb 21 01:08:09.064189 2026] [php:error] [pid 58573] [client 45.67.97.16:0] script '/domains/pbuilder/infos.php' not found or unable to stat
[Sat Feb 21 01:08:09.121987 2026] [php:error] [pid 58546] [client 45.67.97.192:0] script '/domains/proinc/litespeed.php' not found or unable to stat
[Sat Feb 21 01:08:09.132139 2026] [php:error] [pid 58560] [client 45.67.97.17:0] script '/domains/bruceweb/plugin.php' not found or unable to stat
[Sat Feb 21 01:08:09.226477 2026] [php:error] [pid 58565] [client 45.67.97.16:0] script '/domains/system_default/ini.php' not found or unable to stat
[Sat Feb 21 01:08:09.226880 2026] [php:error] [pid 58502] [client 45.67.97.15:0] script '/domains/sjsachs/ini.php' not found or unable to stat
[Sat Feb 21 01:08:09.284971 2026] [php:error] [pid 58542] [client 45.67.97.15:0] script '/domains/system_suspended/page.php' not found or unable to stat
[Sat Feb 21 01:08:09.319851 2026] [php:error] [pid 58505] [client 45.67.97.192:0] script '/domains/csiniaws/customize.php' not found or unable to stat
[Sat Feb 21 01:08:09.581116 2026] [php:error] [pid 58497] [client 45.67.97.16:0] script '/domains/memanuel/style.php' not found or unable to stat
[Sat Feb 21 01:08:09.593420 2026] [php:error] [pid 58515] [client 45.67.97.17:0] script '/domains/fbardin/XxX.php' not found or unable to stat
[Sat Feb 21 01:08:09.595030 2026] [php:error] [pid 58493] [client 45.67.97.16:0] script '/domains/biehlweb/blog.php' not found or unable to stat
[Sat Feb 21 01:08:09.596619 2026] [php:error] [pid 58549] [client 45.67.97.16:0] script '/domains/ceonlinenews/install.php' not found or unable to stat
[Sat Feb 21 01:08:09.633464 2026] [php:error] [pid 58561] [client 45.67.97.15:0] script '/domains/jaspen/wp-files.php' not found or unable to stat
[Sat Feb 21 01:08:09.751041 2026] [php:error] [pid 58568] [client 45.67.97.15:0] script '/domains/system_default/adminfuns.php' not found or unable to stat
[Sat Feb 21 01:08:09.786576 2026] [php:error] [pid 58505] [client 45.67.97.192:0] script '/domains/csiniaws/license.php' not found or unable to stat
[Sat Feb 21 01:08:09.834507 2026] [php:error] [pid 58572] [client 45.67.97.15:0] script '/domains/trodine/moon.php' not found or unable to stat
[Sat Feb 21 01:08:09.910341 2026] [php:error] [pid 58472] [client 45.67.97.192:0] script '/domains/nsmd2/wp-links.php' not found or unable to stat
[Sat Feb 21 01:08:09.973974 2026] [php:error] [pid 58541] [client 45.67.97.16:0] script '/domains/familyplayhouse2/lock.php' not found or unable to stat
[Sat Feb 21 01:08:10.019773 2026] [php:error] [pid 58522] [client 45.67.97.17:0] script '/domains/magicjim/mar.php' not found or unable to stat
[Sat Feb 21 01:08:10.028428 2026] [php:error] [pid 58453] [client 45.67.97.15:0] script '/domains/system_suspended/tiny.php' not found or unable to stat
[Sat Feb 21 01:08:10.067222 2026] [php:error] [pid 58560] [client 45.67.97.17:0] script '/domains/bruceweb/update-core.php' not found or unable to stat
[Sat Feb 21 01:08:10.204462 2026] [php:error] [pid 58566] [client 45.67.97.17:0] script '/domains/windsorweb/images/wp-aespa.php' not found or unable to stat
[Sat Feb 21 01:08:10.219838 2026] [php:error] [pid 58531] [client 45.67.97.192:0] script '/domains/system_suspended/click.php' not found or unable to stat
[Sat Feb 21 01:08:10.317519 2026] [php:error] [pid 58469] [client 45.67.97.15:0] script '/domains/astweb/ff2.php' not found or unable to stat
[Sat Feb 21 01:08:10.336782 2026] [php:error] [pid 58513] [client 45.67.97.17:0] script '/domains/jrp.interport/dropdown.php' not found or unable to stat
[Sat Feb 21 01:08:10.383288 2026] [php:error] [pid 58532] [client 45.67.97.192:0] script '/domains/miles.interport/wp-l0gin.php' not found or unable to stat
[Sat Feb 21 01:08:10.408970 2026] [php:error] [pid 58561] [client 45.67.97.15:0] script '/domains/jaspen/functions.php' not found or unable to stat
[Sat Feb 21 01:08:10.410290 2026] [php:error] [pid 58558] [client 45.67.97.192:0] script '/domains/hpveweb/wp-admin.php' not found or unable to stat
[Sat Feb 21 01:08:10.445935 2026] [php:error] [pid 58578] [client 45.67.97.16:0] script '/domains/byardrealestate/tox.php' not found or unable to stat
[Sat Feb 21 01:08:10.450354 2026] [php:error] [pid 58474] [client 45.67.97.192:0] script '/domains/bels/dir.php' not found or unable to stat
[Sat Feb 21 01:08:10.500242 2026] [php:error] [pid 58491] [client 45.67.97.15:0] script '/domains/hungariantasteweb/Sanskrit.php' not found or unable to stat
[Sat Feb 21 01:08:10.524952 2026] [php:error] [pid 58546] [client 45.67.97.192:0] script '/domains/proinc/wpn.php' not found or unable to stat
[Sat Feb 21 01:08:10.538379 2026] [php:error] [pid 58549] [client 45.67.97.16:0] script '/domains/ceonlinenews/images/class-config.php' not found or unable to stat
[Sat Feb 21 01:08:10.625103 2026] [php:error] [pid 58479] [client 45.67.97.15:0] script '/domains/system_suspended/files.php' not found or unable to stat
[Sat Feb 21 01:08:10.686272 2026] [php:error] [pid 58568] [client 45.67.97.15:0] script '/domains/system_default/wp_wlx.php' not found or unable to stat
[Sat Feb 21 01:08:10.721100 2026] [php:error] [pid 58567] [client 45.67.97.17:0] script '/domains/ferguson.interport/entrepreneuse.php' not found or unable to stat
[Sat Feb 21 01:08:10.721100 2026] [php:error] [pid 58505] [client 45.67.97.192:0] script '/domains/csiniaws/lock.php' not found or unable to stat
[Sat Feb 21 01:08:10.815416 2026] [php:error] [pid 58513] [client 45.67.97.17:0] script '/domains/jrp.interport/images/admin.php' not found or unable to stat
[Sat Feb 21 01:08:10.822826 2026] [php:error] [pid 58571] [client 45.67.97.192:0] script '/domains/homesbyaudrey1/wp-head.php' not found or unable to stat
[Sat Feb 21 01:08:10.938104 2026] [php:error] [pid 58573] [client 45.67.97.16:0] script '/domains/pbuilder/options-writing.php' not found or unable to stat
[Sat Feb 21 01:08:10.974328 2026] [php:error] [pid 58453] [client 45.67.97.15:0] script '/domains/system_suspended/themes.php' not found or unable to stat
[Sat Feb 21 01:08:10.974681 2026] [php:error] [pid 58491] [client 45.67.97.15:0] script '/domains/hungariantasteweb/wp-fmfile.php' not found or unable to stat
[Sat Feb 21 01:08:10.977299 2026] [php:error] [pid 58497] [client 45.67.97.16:0] script '/domains/memanuel/x.php' not found or unable to stat
[Sat Feb 21 01:08:11.002142 2026] [php:error] [pid 58560] [client 45.67.97.17:0] script '/domains/bruceweb/wp-mail.php' not found or unable to stat
[Sat Feb 21 01:08:11.012963 2026] [php:error] [pid 58526] [client 45.67.97.16:0] script '/domains/system_default/ff2.php' not found or unable to stat
[Sat Feb 21 01:08:11.196939 2026] [php:error] [pid 58559] [client 45.67.97.192:0] script '/domains/rnachum/ws.php' not found or unable to stat
[Sat Feb 21 01:08:11.238695 2026] [php:error] [pid 58572] [client 45.67.97.15:0] script '/domains/trodine/webadmin.php' not found or unable to stat
[Sat Feb 21 01:08:11.285743 2026] [php:error] [pid 58513] [client 45.67.97.17:0] script '/domains/jrp.interport/db.php' not found or unable to stat
[Sat Feb 21 01:08:11.313684 2026] [php:error] [pid 58545] [client 45.67.97.15:0] script '/domains/system_cancel/atomlib.php' not found or unable to stat
[Sat Feb 21 01:08:11.325242 2026] [php:error] [pid 58532] [client 45.67.97.192:0] script '/domains/miles.interport/new.php' not found or unable to stat
[Sat Feb 21 01:08:11.410778 2026] [php:error] [pid 58573] [client 45.67.97.16:0] script '/domains/pbuilder/options-reading.php' not found or unable to stat
[Sat Feb 21 01:08:11.424981 2026] [php:error] [pid 58522] [client 45.67.97.17:0] script '/domains/magicjim/1.php' not found or unable to stat
[Sat Feb 21 01:08:11.454497 2026] [php:error] [pid 58453] [client 45.67.97.15:0] script '/domains/system_suspended/wp-themes.php' not found or unable to stat
[Sat Feb 21 01:08:11.465598 2026] [php:error] [pid 58493] [client 45.67.97.16:0] script '/domains/biehlweb/images/av.php' not found or unable to stat
[Sat Feb 21 01:08:11.711874 2026] [php:error] [pid 58579] [client 45.67.97.17:0] script '/domains/micra/images/autoload_classmap.php' not found or unable to stat
[Sat Feb 21 01:08:11.784787 2026] [php:error] [pid 58506] [client 45.67.97.15:0] script '/domains/pmglobal/tox.php' not found or unable to stat
[Sat Feb 21 01:08:11.879214 2026] [php:error] [pid 58551] [client 45.67.97.17:0] script '/domains/resourceandeventweb/b.php' not found or unable to stat
[Sat Feb 21 01:08:11.879388 2026] [php:error] [pid 58573] [client 45.67.97.16:0] script '/domains/pbuilder/wsad.php' not found or unable to stat
[Sat Feb 21 01:08:11.962971 2026] [php:error] [pid 58549] [client 45.67.97.16:0] script '/domains/ceonlinenews/bypass.php' not found or unable to stat
[Sat Feb 21 01:08:12.092187 2026] [php:error] [pid 58568] [client 45.67.97.15:0] script '/domains/system_default/wp.php' not found or unable to stat
[Sat Feb 21 01:08:12.202964 2026] [php:error] [pid 58469] [client 45.67.97.15:0] script '/domains/astweb/jp.php' not found or unable to stat
[Sat Feb 21 01:08:12.242174 2026] [php:error] [pid 58571] [client 45.67.97.192:0] script '/domains/homesbyaudrey1/makeasmtp.php' not found or unable to stat
[Sat Feb 21 01:08:12.306494 2026] [php:error] [pid 58558] [client 45.67.97.192:0] script '/domains/hpveweb/wp-editor.php' not found or unable to stat
[Sat Feb 21 01:08:12.327459 2026] [php:error] [pid 58578] [client 45.67.97.16:0] script '/domains/byardrealestate/tiny.php' not found or unable to stat
[Sat Feb 21 01:08:12.353110 2026] [php:error] [pid 58474] [client 45.67.97.192:0] script '/domains/bels/nf_tracking.php' not found or unable to stat
[Sat Feb 21 01:08:12.393445 2026] [php:error] [pid 58497] [client 45.67.97.16:0] script '/domains/memanuel/images/index22.php' not found or unable to stat
[Sat Feb 21 01:08:12.401222 2026] [php:error] [pid 58493] [client 45.67.97.16:0] script '/domains/biehlweb/js/mrx.php' not found or unable to stat
[Sat Feb 21 01:08:12.434994 2026] [php:error] [pid 58549] [client 45.67.97.16:0] script '/domains/ceonlinenews/class.php' not found or unable to stat
[Sat Feb 21 01:08:12.598026 2026] [php:error] [pid 58559] [client 45.67.97.192:0] script '/domains/rnachum/shop.php' not found or unable to stat
[Sat Feb 21 01:08:12.651080 2026] [php:error] [pid 58572] [client 45.67.97.15:0] script '/domains/trodine/xl2023.php' not found or unable to stat
[Sat Feb 21 01:08:12.662589 2026] [php:error] [pid 58488] [client 45.67.97.192:0] script '/domains/gohover/wp-content.php' not found or unable to stat
[Sat Feb 21 01:08:12.663883 2026] [php:error] [pid 58550] [client 45.67.97.192:0] script '/domains/frog.interport1/wp-admin.php' not found or unable to stat
[Sat Feb 21 01:08:12.669785 2026] [php:error] [pid 58556] [client 45.67.97.17:0] script '/domains/aatweb/install.php' not found or unable to stat
[Sat Feb 21 01:08:12.672672 2026] [php:error] [pid 58469] [client 45.67.97.15:0] script '/domains/astweb/wp-atom.php' not found or unable to stat
[Sat Feb 21 01:08:12.738539 2026] [php:error] [pid 58532] [client 45.67.97.192:0] script '/domains/miles.interport/images/DJP9.php' not found or unable to stat
[Sat Feb 21 01:08:12.756783 2026] [php:error] [pid 58561] [client 45.67.97.15:0] script '/domains/jaspen/aks.php' not found or unable to stat
[Sat Feb 21 01:08:12.804992 2026] [php:error] [pid 58564] [client 45.67.97.15:0] script '/domains/acagolf1/xex.php' not found or unable to stat
[Sat Feb 21 01:08:12.843474 2026] [php:error] [pid 58540] [client 45.67.97.15:0] script '/domains/braniff/edit.php' not found or unable to stat
[Sat Feb 21 01:08:12.859030 2026] [php:error] [pid 58497] [client 45.67.97.16:0] script '/domains/memanuel/wp-user.php' not found or unable to stat
[Sat Feb 21 01:08:12.872917 2026] [php:error] [pid 58491] [client 45.67.97.15:0] script '/domains/hungariantasteweb/memberfuns.php' not found or unable to stat
[Sat Feb 21 01:08:12.891976 2026] [php:error] [pid 58526] [client 45.67.97.16:0] script '/domains/system_default/jp.php' not found or unable to stat
[Sat Feb 21 01:08:12.951863 2026] [php:error] [pid 58573] [client 45.67.97.16:0] script '/domains/pbuilder/nation.php' not found or unable to stat
[Sat Feb 21 01:08:12.968250 2026] [php:error] [pid 58509] [client 45.67.97.16:0] script '/domains/system_default/Sanskrit.php' not found or unable to stat
[Sat Feb 21 01:08:13.120133 2026] [php:error] [pid 58572] [client 45.67.97.15:0] script '/domains/trodine/go.php' not found or unable to stat
[Sat Feb 21 01:08:13.223929 2026] [php:error] [pid 58561] [client 45.67.97.15:0] script '/domains/jaspen/litespeed.php' not found or unable to stat
[Sat Feb 21 01:08:13.233964 2026] [php:error] [pid 58453] [client 45.67.97.15:0] script '/domains/system_suspended/mariju.php' not found or unable to stat
[Sat Feb 21 01:08:13.264023 2026] [php:error] [pid 58578] [client 45.67.97.16:0] script '/domains/byardrealestate/themes.php' not found or unable to stat
[Sat Feb 21 01:08:13.291815 2026] [php:error] [pid 58474] [client 45.67.97.192:0] script '/domains/bels/filefuns.php' not found or unable to stat
[Sat Feb 21 01:08:13.345364 2026] [php:error] [pid 58493] [client 45.67.97.16:0] script '/domains/biehlweb/elp.php' not found or unable to stat
[Sat Feb 21 01:08:13.349205 2026] [php:error] [pid 58491] [client 45.67.97.15:0] script '/domains/hungariantasteweb/infos.php' not found or unable to stat
[Sat Feb 21 01:08:13.359906 2026] [php:error] [pid 58526] [client 45.67.97.16:0] script '/domains/system_default/wp-atom.php' not found or unable to stat
[Sat Feb 21 01:08:13.435863 2026] [php:error] [pid 58509] [client 45.67.97.16:0] script '/domains/system_default/wp-fmfile.php' not found or unable to stat
[Sat Feb 21 01:08:13.505589 2026] [php:error] [pid 58568] [client 45.67.97.15:0] script '/domains/system_default/wp-header.php' not found or unable to stat
[Sat Feb 21 01:08:13.581677 2026] [php:error] [pid 58541] [client 45.67.97.16:0] script '/domains/familyplayhouse2/wp-good.php' not found or unable to stat
[Sat Feb 21 01:08:13.612050 2026] [php:error] [pid 58556] [client 45.67.97.17:0] script '/domains/aatweb/images/class-config.php' not found or unable to stat
[Sat Feb 21 01:08:13.617599 2026] [php:error] [pid 58469] [client 45.67.97.15:0] script '/domains/astweb/up.php' not found or unable to stat
[Sat Feb 21 01:08:13.650014 2026] [php:error] [pid 58508] [client 45.67.97.192:0] script '/domains/peterbmiller/images/autoload_classmap.php' not found or unable to stat
[Sat Feb 21 01:08:13.676394 2026] [php:error] [pid 58506] [client 45.67.97.15:0] script '/domains/pmglobal/tiny.php' not found or unable to stat
[Sat Feb 21 01:08:13.706081 2026] [php:error] [pid 58453] [client 45.67.97.15:0] script '/domains/system_suspended/waf_defender.php' not found or unable to stat
[Sat Feb 21 01:08:13.732942 2026] [php:error] [pid 58578] [client 45.67.97.16:0] script '/domains/byardrealestate/wp-themes.php' not found or unable to stat
[Sat Feb 21 01:08:13.738509 2026] [php:error] [pid 58500] [client 45.67.97.16:0] script '/domains/system_suspended/inc.php' not found or unable to stat
[Sat Feb 21 01:08:13.951438 2026] [php:error] [pid 58545] [client 45.67.97.15:0] script '/domains/system_cancel/xp.php' not found or unable to stat
[Sat Feb 21 01:08:14.006124 2026] [php:error] [pid 58558] [client 45.67.97.15:0] script '/domains/hpveweb/images/install.php' not found or unable to stat
