[Sat Feb 21 01:06:37.251531 2026] [php:error] [pid 58509] [client 45.67.97.15:0] script '/domains/pookie.dnai/item.php' not found or unable to stat
[Sat Feb 21 01:06:37.259423 2026] [php:error] [pid 58472] [client 45.67.97.17:0] script '/domains/peterbmiller/options-reading.php' not found or unable to stat
[Sat Feb 21 01:06:37.280882 2026] [php:error] [pid 58539] [client 45.67.97.17:0] script '/domains/micra/wp-atomx.php' not found or unable to stat
[Sat Feb 21 01:06:37.283401 2026] [php:error] [pid 58524] [client 20.194.153.120:0] script '/domains/ebon/ol.php' not found or unable to stat
[Sat Feb 21 01:06:37.303402 2026] [php:error] [pid 58491] [client 45.67.97.192:0] script '/domains/system_suspended/nf_tracking.php' not found or unable to stat
[Sat Feb 21 01:06:37.316532 2026] [php:error] [pid 58500] [client 45.67.97.17:0] script '/domains/acagolf1/update-core.php' not found or unable to stat
[Sat Feb 21 01:06:37.320011 2026] [php:error] [pid 58520] [client 45.67.97.16:0] script '/domains/proinc/cc.php' not found or unable to stat
[Sat Feb 21 01:06:37.329868 2026] [php:error] [pid 58479] [client 45.67.97.192:0] script '/domains/system_default/ms-themes.php' not found or unable to stat
[Sat Feb 21 01:06:37.391045 2026] [php:error] [pid 58527] [client 45.67.97.16:0] script '/domains/frog.interport1/filefuns.php' not found or unable to stat
[Sat Feb 21 01:06:37.457748 2026] [php:error] [pid 58524] [client 20.194.153.120:0] script '/domains/ebon/Sanskrit.php' not found or unable to stat
[Sat Feb 21 01:06:37.464837 2026] [php:error] [pid 58439] [client 45.67.97.16:0] script '/domains/bruceweb/alfa.php' not found or unable to stat
[Sat Feb 21 01:06:37.508085 2026] [php:error] [pid 58470] [client 45.67.97.16:0] script '/domains/system_suspended/options-writing.php' not found or unable to stat
[Sat Feb 21 01:06:37.526844 2026] [php:error] [pid 58529] [client 45.67.97.17:0] script '/domains/jaspen/info.php' not found or unable to stat
[Sat Feb 21 01:06:37.574324 2026] [php:error] [pid 58497] [client 45.67.97.16:0] script '/domains/ferguson.interport/adminfusm.php' not found or unable to stat
[Sat Feb 21 01:06:37.609973 2026] [php:error] [pid 58517] [client 45.67.97.16:0] script '/domains/familyplayhouse2/wp-trackback.php' not found or unable to stat
[Sat Feb 21 01:06:37.622451 2026] [php:error] [pid 58524] [client 20.194.153.120:0] script '/domains/ebon/vxrl.php' not found or unable to stat
[Sat Feb 21 01:06:37.699407 2026] [php:error] [pid 58488] [client 45.67.97.15:0] script '/domains/csiniaws/images/index.php' not found or unable to stat
[Sat Feb 21 01:06:37.726698 2026] [php:error] [pid 58472] [client 45.67.97.17:0] script '/domains/peterbmiller/wsad.php' not found or unable to stat
[Sat Feb 21 01:06:37.729385 2026] [php:error] [pid 58473] [client 45.67.97.192:0] script '/domains/system_default/content.php' not found or unable to stat
[Sat Feb 21 01:06:37.731722 2026] [php:error] [pid 58474] [client 45.67.97.17:0] script '/domains/magicjim/wp.php' not found or unable to stat
[Sat Feb 21 01:06:37.732207 2026] [php:error] [pid 58485] [client 45.67.97.15:0] script '/domains/resourceandeventweb/wp-files.php' not found or unable to stat
[Sat Feb 21 01:06:37.751634 2026] [php:error] [pid 58539] [client 45.67.97.17:0] script '/domains/micra/admin-footer.php' not found or unable to stat
[Sat Feb 21 01:06:37.785973 2026] [php:error] [pid 58501] [client 45.67.97.15:0] script '/domains/hungariantasteweb/customize.php' not found or unable to stat
[Sat Feb 21 01:06:37.786593 2026] [php:error] [pid 58524] [client 20.194.153.120:0] script '/domains/ebon/re.php' not found or unable to stat
[Sat Feb 21 01:06:37.794139 2026] [php:error] [pid 58482] [client 45.67.97.15:0] script '/domains/windsorweb/fm.php' not found or unable to stat
[Sat Feb 21 01:06:37.874075 2026] [php:error] [pid 58535] [client 45.67.97.16:0] script '/domains/antiqueweb1/function.php' not found or unable to stat
[Sat Feb 21 01:06:37.919297 2026] [php:error] [pid 58504] [client 45.67.97.16:0] script '/domains/biehlweb/click.php' not found or unable to stat
[Sat Feb 21 01:06:37.952043 2026] [php:error] [pid 58524] [client 20.194.153.120:0] script '/domains/ebon/num.php' not found or unable to stat
[Sat Feb 21 01:06:37.965952 2026] [php:error] [pid 58490] [client 45.67.97.15:0] script '/domains/nsmd2/tinyfilemanager.php' not found or unable to stat
[Sat Feb 21 01:06:37.975399 2026] [php:error] [pid 58470] [client 45.67.97.16:0] script '/domains/system_suspended/options-reading.php' not found or unable to stat
[Sat Feb 21 01:06:37.994271 2026] [php:error] [pid 58529] [client 45.67.97.17:0] script '/domains/jaspen/setup.php' not found or unable to stat
[Sat Feb 21 01:06:38.021723 2026] [php:error] [pid 58541] [client 45.67.97.15:0] script '/domains/testregisgroup/wp-files.php' not found or unable to stat
[Sat Feb 21 01:06:38.111637 2026] [php:error] [pid 58480] [client 45.67.97.192:0] script '/domains/druckrey/options-writing.php' not found or unable to stat
[Sat Feb 21 01:06:38.131353 2026] [php:error] [pid 58453] [client 45.67.97.15:0] script '/domains/astweb/style.php' not found or unable to stat
[Sat Feb 21 01:06:38.131649 2026] [php:error] [pid 58502] [client 45.67.97.16:0] script '/domains/system_default/lock.php' not found or unable to stat
[Sat Feb 21 01:06:38.134356 2026] [php:error] [pid 58524] [client 20.194.153.120:0] script '/domains/ebon/axx.php' not found or unable to stat
[Sat Feb 21 01:06:38.193929 2026] [php:error] [pid 58472] [client 45.67.97.17:0] script '/domains/peterbmiller/nation.php' not found or unable to stat
[Sat Feb 21 01:06:38.197255 2026] [php:error] [pid 58485] [client 45.67.97.15:0] script '/domains/resourceandeventweb/functions.php' not found or unable to stat
[Sat Feb 21 01:06:38.235869 2026] [php:error] [pid 58491] [client 45.67.97.192:0] script '/domains/system_suspended/filefuns.php' not found or unable to stat
[Sat Feb 21 01:06:38.240050 2026] [php:error] [pid 58483] [client 45.67.97.16:0] script '/domains/hpveweb/contacts.php' not found or unable to stat
[Sat Feb 21 01:06:38.253798 2026] [php:error] [pid 58501] [client 45.67.97.15:0] script '/domains/hungariantasteweb/license.php' not found or unable to stat
[Sat Feb 21 01:06:38.253801 2026] [php:error] [pid 58500] [client 45.67.97.17:0] script '/domains/acagolf1/wp-mail.php' not found or unable to stat
[Sat Feb 21 01:06:38.256357 2026] [php:error] [pid 58520] [client 45.67.97.16:0] script '/domains/proinc/ab.php' not found or unable to stat
[Sat Feb 21 01:06:38.273763 2026] [php:error] [pid 58479] [client 45.67.97.192:0] script '/domains/system_default/style.php' not found or unable to stat
[Sat Feb 21 01:06:38.300050 2026] [php:error] [pid 58524] [client 20.194.153.120:0] script '/domains/ebon/vxrl.php' not found or unable to stat
[Sat Feb 21 01:06:38.336824 2026] [php:error] [pid 58527] [client 45.67.97.16:0] script '/domains/frog.interport1/l.php' not found or unable to stat
[Sat Feb 21 01:06:38.395319 2026] [php:error] [pid 58522] [client 45.67.97.17:0] script '/domains/fbardin/jp.php' not found or unable to stat
[Sat Feb 21 01:06:38.453876 2026] [php:error] [pid 58470] [client 45.67.97.16:0] script '/domains/system_suspended/wsad.php' not found or unable to stat
[Sat Feb 21 01:06:38.502123 2026] [php:error] [pid 58541] [client 45.67.97.15:0] script '/domains/testregisgroup/functions.php' not found or unable to stat
[Sat Feb 21 01:06:38.547625 2026] [php:error] [pid 58524] [client 20.194.153.120:0] script '/domains/ebon/in.php' not found or unable to stat
[Sat Feb 21 01:06:38.560954 2026] [php:error] [pid 58517] [client 45.67.97.16:0] script '/domains/familyplayhouse2/radio.php' not found or unable to stat
[Sat Feb 21 01:06:38.586252 2026] [php:error] [pid 58480] [client 45.67.97.192:0] script '/domains/druckrey/options-reading.php' not found or unable to stat
[Sat Feb 21 01:06:38.617302 2026] [php:error] [pid 58476] [client 45.67.97.192:0] script '/domains/system_suspended/1.php' not found or unable to stat
[Sat Feb 21 01:06:38.678910 2026] [php:error] [pid 58493] [client 45.67.97.15:0] script '/domains/fdcarter/shell.php' not found or unable to stat
[Sat Feb 21 01:06:38.691719 2026] [php:error] [pid 58539] [client 45.67.97.17:0] script '/domains/micra/XxX.php' not found or unable to stat
[Sat Feb 21 01:06:38.704813 2026] [php:error] [pid 58483] [client 45.67.97.16:0] script '/domains/hpveweb/wsa.php' not found or unable to stat
[Sat Feb 21 01:06:38.733713 2026] [php:error] [pid 58524] [client 20.194.153.120:0] script '/domains/ebon/style.php' not found or unable to stat
[Sat Feb 21 01:06:38.808183 2026] [php:error] [pid 58527] [client 45.67.97.16:0] script '/domains/frog.interport1/repeater.php' not found or unable to stat
[Sat Feb 21 01:06:38.810986 2026] [php:error] [pid 58535] [client 45.67.97.16:0] script '/domains/antiqueweb1/wp-signup.php' not found or unable to stat
[Sat Feb 21 01:06:38.865660 2026] [php:error] [pid 58522] [client 45.67.97.17:0] script '/domains/fbardin/wp-atom.php' not found or unable to stat
[Sat Feb 21 01:06:38.921978 2026] [php:error] [pid 58470] [client 45.67.97.16:0] script '/domains/system_suspended/nation.php' not found or unable to stat
[Sat Feb 21 01:06:39.051791 2026] [php:error] [pid 58480] [client 45.67.97.192:0] script '/domains/druckrey/wsad.php' not found or unable to stat
[Sat Feb 21 01:06:39.073279 2026] [php:error] [pid 58524] [client 20.194.153.120:0] script '/domains/ebon/we.php' not found or unable to stat
[Sat Feb 21 01:06:39.165660 2026] [php:error] [pid 58491] [client 45.67.97.192:0] script '/domains/system_suspended/l.php' not found or unable to stat
[Sat Feb 21 01:06:39.188835 2026] [php:error] [pid 58501] [client 45.67.97.15:0] script '/domains/hungariantasteweb/lock.php' not found or unable to stat
[Sat Feb 21 01:06:39.375331 2026] [php:error] [pid 58490] [client 45.67.97.15:0] script '/domains/nsmd2/file.php' not found or unable to stat
[Sat Feb 21 01:06:39.427294 2026] [php:error] [pid 58524] [client 20.194.153.120:0] script '/domains/ebon/zwso.php' not found or unable to stat
[Sat Feb 21 01:06:39.439578 2026] [php:error] [pid 58474] [client 45.67.97.17:0] script '/domains/magicjim/wp-header.php' not found or unable to stat
[Sat Feb 21 01:06:39.518428 2026] [php:error] [pid 58480] [client 45.67.97.192:0] script '/domains/druckrey/nation.php' not found or unable to stat
[Sat Feb 21 01:06:39.546495 2026] [php:error] [pid 58453] [client 45.67.97.15:0] script '/domains/astweb/x.php' not found or unable to stat
[Sat Feb 21 01:06:39.594550 2026] [php:error] [pid 58488] [client 45.67.97.15:0] script '/domains/csiniaws/wp-trackback.php' not found or unable to stat
[Sat Feb 21 01:06:39.611496 2026] [php:error] [pid 58524] [client 20.194.153.120:0] script '/domains/ebon/karak.php' not found or unable to stat
[Sat Feb 21 01:06:39.630136 2026] [php:error] [pid 58491] [client 45.67.97.192:0] script '/domains/system_suspended/repeater.php' not found or unable to stat
[Sat Feb 21 01:06:39.657918 2026] [php:error] [pid 58523] [client 45.67.97.192:0] script '/domains/pmglobal/hehehehe.php' not found or unable to stat
[Sat Feb 21 01:06:39.660696 2026] [php:error] [pid 58520] [client 45.67.97.16:0] script '/domains/proinc/doc.php' not found or unable to stat
[Sat Feb 21 01:06:39.675586 2026] [php:error] [pid 58482] [client 45.67.97.15:0] script '/domains/windsorweb/ini.php' not found or unable to stat
[Sat Feb 21 01:06:39.704532 2026] [php:error] [pid 58479] [client 45.67.97.192:0] script '/domains/system_default/x.php' not found or unable to stat
[Sat Feb 21 01:06:39.789476 2026] [php:error] [pid 58524] [client 20.194.153.120:0] script '/domains/ebon/prv8.php' not found or unable to stat
[Sat Feb 21 01:06:39.801810 2026] [php:error] [pid 58522] [client 45.67.97.17:0] script '/domains/fbardin/up.php' not found or unable to stat
[Sat Feb 21 01:06:39.841282 2026] [php:error] [pid 58543] [client 45.67.97.192:0] script '/domains/perless2web/default.php' not found or unable to stat
[Sat Feb 21 01:06:39.953748 2026] [php:error] [pid 58524] [client 20.194.153.120:0] script '/domains/ebon/i.php' not found or unable to stat
[Sat Feb 21 01:06:40.154340 2026] [php:error] [pid 58464] [client 45.67.97.15:0] script '/domains/homesbyaudrey1/aa.php' not found or unable to stat
[Sat Feb 21 01:06:40.189772 2026] [php:error] [pid 58524] [client 20.194.153.120:0] script '/domains/ebon/a.php' not found or unable to stat
[Sat Feb 21 01:06:40.228567 2026] [php:error] [pid 58535] [client 45.67.97.16:0] script '/domains/antiqueweb1/wp-blog.php' not found or unable to stat
[Sat Feb 21 01:06:40.234323 2026] [php:error] [pid 58527] [client 45.67.97.16:0] script '/domains/frog.interport1/contacts.php' not found or unable to stat
[Sat Feb 21 01:06:40.248416 2026] [php:error] [pid 58540] [client 45.67.97.17:0] script '/domains/braniff/images/upload.php' not found or unable to stat
[Sat Feb 21 01:06:40.332404 2026] [php:error] [pid 58529] [client 45.67.97.17:0] script '/domains/jaspen/as.php' not found or unable to stat
[Sat Feb 21 01:06:40.374119 2026] [php:error] [pid 58474] [client 45.67.97.17:0] script '/domains/magicjim/Marvins.php' not found or unable to stat
[Sat Feb 21 01:06:40.396577 2026] [php:error] [pid 58524] [client 20.194.153.120:0] script '/domains/ebon/xmlrpc.php' not found or unable to stat
[Sat Feb 21 01:06:40.447114 2026] [php:error] [pid 58538] [client 45.67.97.17:0] script '/domains/bels/moon.php' not found or unable to stat
[Sat Feb 21 01:06:40.453384 2026] [php:error] [pid 58517] [client 45.67.97.16:0] script '/domains/familyplayhouse2/wp-conflg.php' not found or unable to stat
[Sat Feb 21 01:06:40.523119 2026] [php:error] [pid 58485] [client 45.67.97.15:0] script '/domains/resourceandeventweb/aks.php' not found or unable to stat
[Sat Feb 21 01:06:40.536406 2026] [php:error] [pid 58488] [client 45.67.97.15:0] script '/domains/csiniaws/radio.php' not found or unable to stat
[Sat Feb 21 01:06:40.550358 2026] [php:error] [pid 58472] [client 45.67.97.17:0] script '/domains/peterbmiller/wp-atomx.php' not found or unable to stat
[Sat Feb 21 01:06:40.560594 2026] [php:error] [pid 58524] [client 20.194.153.120:0] script '/domains/ebon/aw.php' not found or unable to stat
[Sat Feb 21 01:06:40.624290 2026] [php:error] [pid 58464] [client 45.67.97.15:0] script '/domains/homesbyaudrey1/index2.php' not found or unable to stat
[Sat Feb 21 01:06:40.704688 2026] [php:error] [pid 58527] [client 45.67.97.16:0] script '/domains/frog.interport1/wsa.php' not found or unable to stat
[Sat Feb 21 01:06:40.725155 2026] [php:error] [pid 58524] [client 20.194.153.120:0] script '/domains/ebon/dev.php' not found or unable to stat
[Sat Feb 21 01:06:40.787836 2026] [php:error] [pid 58490] [client 45.67.97.15:0] script '/domains/nsmd2/buy.php' not found or unable to stat
[Sat Feb 21 01:06:40.804627 2026] [php:error] [pid 58529] [client 45.67.97.17:0] script '/domains/jaspen/cc.php' not found or unable to stat
[Sat Feb 21 01:06:40.824685 2026] [php:error] [pid 58532] [client 45.67.97.17:0] script '/domains/pbuilder/ff2.php' not found or unable to stat
[Sat Feb 21 01:06:40.856539 2026] [php:error] [pid 58541] [client 45.67.97.15:0] script '/domains/testregisgroup/aks.php' not found or unable to stat
[Sat Feb 21 01:06:40.889234 2026] [php:error] [pid 58524] [client 20.194.153.120:0] script '/domains/ebon/lock360.php' not found or unable to stat
[Sat Feb 21 01:06:40.923521 2026] [php:error] [pid 58517] [client 45.67.97.16:0] script '/domains/familyplayhouse2/wp-setup.php' not found or unable to stat
[Sat Feb 21 01:06:40.958942 2026] [php:error] [pid 58453] [client 45.67.97.15:0] script '/domains/astweb/images/index22.php' not found or unable to stat
[Sat Feb 21 01:06:40.960068 2026] [php:error] [pid 58512] [client 45.67.97.16:0] script '/domains/gohover/web.php' not found or unable to stat
[Sat Feb 21 01:06:40.988329 2026] [php:error] [pid 58485] [client 45.67.97.15:0] script '/domains/resourceandeventweb/litespeed.php' not found or unable to stat
[Sat Feb 21 01:06:41.017026 2026] [php:error] [pid 58472] [client 45.67.97.17:0] script '/domains/peterbmiller/admin-footer.php' not found or unable to stat
[Sat Feb 21 01:06:41.022793 2026] [php:error] [pid 58493] [client 45.67.97.15:0] script '/domains/fdcarter/hehe.php' not found or unable to stat
[Sat Feb 21 01:06:41.024100 2026] [php:error] [pid 58491] [client 45.67.97.192:0] script '/domains/system_suspended/contacts.php' not found or unable to stat
[Sat Feb 21 01:06:41.037563 2026] [php:error] [pid 58483] [client 45.67.97.16:0] script '/domains/hpveweb/lv.php' not found or unable to stat
[Sat Feb 21 01:06:41.054312 2026] [php:error] [pid 58524] [client 20.194.153.120:0] script '/domains/ebon/155.php' not found or unable to stat
[Sat Feb 21 01:06:41.063154 2026] [php:error] [pid 58520] [client 45.67.97.16:0] script '/domains/proinc/wp-login.php' not found or unable to stat
[Sat Feb 21 01:06:41.222010 2026] [php:error] [pid 58439] [client 45.67.97.16:0] script '/domains/bruceweb/edit.php' not found or unable to stat
[Sat Feb 21 01:06:41.235968 2026] [php:error] [pid 58524] [client 20.194.153.120:0] script '/domains/ebon/goat.php' not found or unable to stat
[Sat Feb 21 01:06:41.273426 2026] [php:error] [pid 58470] [client 45.67.97.16:0] script '/domains/system_suspended/wp-atomx.php' not found or unable to stat
[Sat Feb 21 01:06:41.314678 2026] [php:error] [pid 58474] [client 45.67.97.17:0] script '/domains/magicjim/wp-class.php' not found or unable to stat
[Sat Feb 21 01:06:41.336340 2026] [php:error] [pid 58541] [client 45.67.97.15:0] script '/domains/testregisgroup/litespeed.php' not found or unable to stat
[Sat Feb 21 01:06:41.395192 2026] [php:error] [pid 58517] [client 45.67.97.16:0] script '/domains/familyplayhouse2/ms-themes.php' not found or unable to stat
[Sat Feb 21 01:06:41.423922 2026] [php:error] [pid 58533] [client 45.67.97.16:0] script '/domains/memanuel/manager.php' not found or unable to stat
[Sat Feb 21 01:06:41.426581 2026] [php:error] [pid 58453] [client 45.67.97.15:0] script '/domains/astweb/wp-user.php' not found or unable to stat
[Sat Feb 21 01:06:41.429809 2026] [php:error] [pid 58502] [client 45.67.97.16:0] script '/domains/system_default/wp-good.php' not found or unable to stat
[Sat Feb 21 01:06:41.448897 2026] [php:error] [pid 58524] [client 20.194.153.120:0] script '/domains/ebon/tcp.php' not found or unable to stat
[Sat Feb 21 01:06:41.489433 2026] [php:error] [pid 58491] [client 45.67.97.192:0] script '/domains/system_suspended/wsa.php' not found or unable to stat
[Sat Feb 21 01:06:41.509947 2026] [php:error] [pid 58483] [client 45.67.97.16:0] script '/domains/hpveweb/images/js1.php' not found or unable to stat
[Sat Feb 21 01:06:41.532930 2026] [php:error] [pid 58520] [client 45.67.97.16:0] script '/domains/proinc/mar.php' not found or unable to stat
[Sat Feb 21 01:06:41.599007 2026] [php:error] [pid 58479] [client 45.67.97.192:0] script '/domains/system_default/wp-user.php' not found or unable to stat
[Sat Feb 21 01:06:41.621429 2026] [php:error] [pid 58524] [client 20.194.153.120:0] script '/domains/ebon/ext.php' not found or unable to stat
[Sat Feb 21 01:06:41.743239 2026] [php:error] [pid 58529] [client 45.67.97.17:0] script '/domains/jaspen/ab.php' not found or unable to stat
[Sat Feb 21 01:06:41.745446 2026] [php:error] [pid 58470] [client 45.67.97.16:0] script '/domains/system_suspended/admin-footer.php' not found or unable to stat
[Sat Feb 21 01:06:41.785440 2026] [php:error] [pid 58524] [client 20.194.153.120:0] script '/domains/ebon/inputs.php' not found or unable to stat
[Sat Feb 21 01:06:41.848593 2026] [php:error] [pid 58480] [client 45.67.97.192:0] script '/domains/druckrey/wp-atomx.php' not found or unable to stat
[Sat Feb 21 01:06:41.891421 2026] [php:error] [pid 58533] [client 45.67.97.16:0] script '/domains/memanuel/bless.php' not found or unable to stat
[Sat Feb 21 01:06:41.949301 2026] [php:error] [pid 58524] [client 20.194.153.120:0] script '/domains/ebon/ioxi.php' not found or unable to stat
[Sat Feb 21 01:06:41.953485 2026] [php:error] [pid 58472] [client 45.67.97.17:0] script '/domains/peterbmiller/XxX.php' not found or unable to stat
[Sat Feb 21 01:06:42.114324 2026] [php:error] [pid 58524] [client 20.194.153.120:0] script '/domains/ebon/fe5.php' not found or unable to stat
[Sat Feb 21 01:06:42.116624 2026] [php:error] [pid 58535] [client 45.67.97.16:0] script '/domains/antiqueweb1/wp-l0gin.php' not found or unable to stat
[Sat Feb 21 01:06:42.155486 2026] [php:error] [pid 58504] [client 45.67.97.16:0] script '/domains/biehlweb/wp-admin.php' not found or unable to stat
[Sat Feb 21 01:06:42.250730 2026] [php:error] [pid 58474] [client 45.67.97.17:0] script '/domains/magicjim/xx.php' not found or unable to stat
[Sat Feb 21 01:06:42.287312 2026] [php:error] [pid 58538] [client 45.67.97.17:0] script '/domains/bels/webadmin.php' not found or unable to stat
[Sat Feb 21 01:06:42.305023 2026] [php:error] [pid 58524] [client 20.194.153.120:0] script '/domains/ebon/ov.php' not found or unable to stat
[Sat Feb 21 01:06:42.316331 2026] [php:error] [pid 58480] [client 45.67.97.192:0] script '/domains/druckrey/admin-footer.php' not found or unable to stat
[Sat Feb 21 01:06:42.342533 2026] [php:error] [pid 58517] [client 45.67.97.16:0] script '/domains/familyplayhouse2/style.php' not found or unable to stat
[Sat Feb 21 01:06:42.356054 2026] [php:error] [pid 58533] [client 45.67.97.16:0] script '/domains/memanuel/O-Simple.php' not found or unable to stat
[Sat Feb 21 01:06:42.369052 2026] [php:error] [pid 58476] [client 45.67.97.192:0] script '/domains/system_suspended/fm.php' not found or unable to stat
[Sat Feb 21 01:06:42.427295 2026] [php:error] [pid 58488] [client 45.67.97.15:0] script '/domains/csiniaws/wp-conflg.php' not found or unable to stat
[Sat Feb 21 01:06:42.429927 2026] [php:error] [pid 58493] [client 45.67.97.15:0] script '/domains/fdcarter/dir.php' not found or unable to stat
[Sat Feb 21 01:06:42.476909 2026] [php:error] [pid 58501] [client 45.67.97.15:0] script '/domains/hungariantasteweb/wp-good.php' not found or unable to stat
[Sat Feb 21 01:06:42.607594 2026] [php:error] [pid 58508] [client 45.67.97.16:0] script '/domains/tmandel/hehehehe.php' not found or unable to stat
[Sat Feb 21 01:06:42.623345 2026] [php:error] [pid 58522] [client 45.67.97.17:0] script '/domains/fbardin/worm.PhP' not found or unable to stat
[Sat Feb 21 01:06:42.634634 2026] [php:error] [pid 58439] [client 45.67.97.16:0] script '/domains/bruceweb/wp-links-opml.php' not found or unable to stat
[Sat Feb 21 01:06:42.645740 2026] [php:error] [pid 58524] [client 20.194.153.120:0] script '/domains/ebon/default.php' not found or unable to stat
[Sat Feb 21 01:06:42.649458 2026] [php:error] [pid 58506] [client 45.67.97.17:0] script '/domains/system_cancel/classwithtostring.php' not found or unable to stat
[Sat Feb 21 01:06:42.661563 2026] [php:error] [pid 58543] [client 45.67.97.192:0] script '/domains/perless2web/dropdown.php' not found or unable to stat
[Sat Feb 21 01:06:42.681069 2026] [php:error] [pid 58470] [client 45.67.97.16:0] script '/domains/system_suspended/XxX.php' not found or unable to stat
[Sat Feb 21 01:06:42.695809 2026] [php:error] [pid 58485] [client 45.67.97.15:0] script '/domains/resourceandeventweb/wpn.php' not found or unable to stat
[Sat Feb 21 01:06:42.718441 2026] [php:error] [pid 58474] [client 45.67.97.17:0] script '/domains/magicjim/autoload_classmap.php' not found or unable to stat
[Sat Feb 21 01:06:42.721433 2026] [php:error] [pid 58532] [client 45.67.97.17:0] script '/domains/pbuilder/jp.php' not found or unable to stat
[Sat Feb 21 01:06:42.811661 2026] [php:error] [pid 58524] [client 20.194.153.120:0] script '/domains/ebon/goods.php' not found or unable to stat
[Sat Feb 21 01:06:42.822079 2026] [php:error] [pid 58533] [client 45.67.97.16:0] script '/domains/memanuel/lock360.php' not found or unable to stat
[Sat Feb 21 01:06:42.830301 2026] [php:error] [pid 58453] [client 45.67.97.15:0] script '/domains/astweb/config.php' not found or unable to stat
[Sat Feb 21 01:06:42.894222 2026] [php:error] [pid 58494] [client 45.67.97.17:0] script '/domains/pookie.dnai/default.php' not found or unable to stat
[Sat Feb 21 01:06:42.899577 2026] [php:error] [pid 58488] [client 45.67.97.15:0] script '/domains/csiniaws/wp-setup.php' not found or unable to stat
[Sat Feb 21 01:06:42.945365 2026] [php:error] [pid 58520] [client 45.67.97.16:0] script '/domains/proinc/1.php' not found or unable to stat
[Sat Feb 21 01:06:42.975629 2026] [php:error] [pid 58524] [client 20.194.153.120:0] script '/domains/ebon/abcd.php' not found or unable to stat
[Sat Feb 21 01:06:42.979131 2026] [php:error] [pid 58464] [client 45.67.97.15:0] script '/domains/homesbyaudrey1/shell.php' not found or unable to stat
[Sat Feb 21 01:06:43.011832 2026] [php:error] [pid 58479] [client 45.67.97.192:0] script '/domains/system_default/config.php' not found or unable to stat
[Sat Feb 21 01:06:43.079699 2026] [php:error] [pid 58527] [client 45.67.97.16:0] script '/domains/frog.interport1/lv.php' not found or unable to stat
[Sat Feb 21 01:06:43.096170 2026] [php:error] [pid 58522] [client 45.67.97.17:0] script '/domains/fbardin/ext.php' not found or unable to stat
[Sat Feb 21 01:06:43.114287 2026] [php:error] [pid 58541] [client 45.67.97.15:0] script '/domains/testregisgroup/wpn.php' not found or unable to stat
[Sat Feb 21 01:06:43.129557 2026] [php:error] [pid 58543] [client 45.67.97.192:0] script '/domains/perless2web/images/admin.php' not found or unable to stat
[Sat Feb 21 01:06:43.148105 2026] [php:error] [pid 58524] [client 20.194.153.120:0] script '/domains/ebon/class.1.php' not found or unable to stat
[Sat Feb 21 01:06:43.148400 2026] [php:error] [pid 58529] [client 45.67.97.17:0] script '/domains/jaspen/doc.php' not found or unable to stat
[Sat Feb 21 01:06:43.172813 2026] [php:error] [pid 58526] [client 45.67.97.192:0] script '/domains/sjsachs/images/class.php' not found or unable to stat
[Sat Feb 21 01:06:43.195350 2026] [php:error] [pid 58532] [client 45.67.97.17:0] script '/domains/pbuilder/wp-atom.php' not found or unable to stat
[Sat Feb 21 01:06:43.247721 2026] [php:error] [pid 58480] [client 45.67.97.192:0] script '/domains/druckrey/XxX.php' not found or unable to stat
[Sat Feb 21 01:06:43.287186 2026] [php:error] [pid 58533] [client 45.67.97.16:0] script '/domains/memanuel/zwso.php' not found or unable to stat
[Sat Feb 21 01:06:43.297218 2026] [php:error] [pid 58453] [client 45.67.97.15:0] script '/domains/astweb/special.php' not found or unable to stat
[Sat Feb 21 01:06:43.326675 2026] [php:error] [pid 58524] [client 20.194.153.120:0] script '/domains/ebon/async.php' not found or unable to stat
[Sat Feb 21 01:06:43.373467 2026] [php:error] [pid 58488] [client 45.67.97.15:0] script '/domains/csiniaws/ms-themes.php' not found or unable to stat
[Sat Feb 21 01:06:43.399472 2026] [php:error] [pid 58531] [client 45.67.97.16:0] script '/domains/system_suspended/click.php' not found or unable to stat
[Sat Feb 21 01:06:43.401304 2026] [php:error] [pid 58515] [client 45.67.97.15:0] script '/domains/trodine/inc.php' not found or unable to stat
[Sat Feb 21 01:06:43.412956 2026] [php:error] [pid 58500] [client 45.67.97.15:0] script '/domains/acagolf1/aa.php' not found or unable to stat
[Sat Feb 21 01:06:43.446471 2026] [php:error] [pid 58535] [client 45.67.97.16:0] script '/domains/antiqueweb1/new.php' not found or unable to stat
[Sat Feb 21 01:06:43.482238 2026] [php:error] [pid 58479] [client 45.67.97.192:0] script '/domains/system_default/special.php' not found or unable to stat
[Sat Feb 21 01:06:43.550703 2026] [php:error] [pid 58527] [client 45.67.97.16:0] script '/domains/frog.interport1/images/js1.php' not found or unable to stat
[Sat Feb 21 01:06:43.564238 2026] [php:error] [pid 58522] [client 45.67.97.17:0] script '/domains/fbardin/delpaths.php' not found or unable to stat
[Sat Feb 21 01:06:43.572259 2026] [php:error] [pid 58439] [client 45.67.97.16:0] script '/domains/bruceweb/atomlib.php' not found or unable to stat
[Sat Feb 21 01:06:43.597319 2026] [php:error] [pid 58543] [client 45.67.97.192:0] script '/domains/perless2web/db.php' not found or unable to stat
[Sat Feb 21 01:06:43.610191 2026] [php:error] [pid 58524] [client 20.194.153.120:0] script '/domains/ebon/ff.php' not found or unable to stat
[Sat Feb 21 01:06:43.631163 2026] [php:error] [pid 58497] [client 45.67.97.16:0] script '/domains/ferguson.interport/f35_SpaceTn.php' not found or unable to stat
[Sat Feb 21 01:06:43.718003 2026] [php:error] [pid 58538] [client 45.67.97.17:0] script '/domains/bels/xl2023.php' not found or unable to stat
[Sat Feb 21 01:06:43.753169 2026] [php:error] [pid 58533] [client 45.67.97.16:0] script '/domains/memanuel/chosen.php' not found or unable to stat
[Sat Feb 21 01:06:43.760207 2026] [php:error] [pid 58517] [client 45.67.97.16:0] script '/domains/familyplayhouse2/x.php' not found or unable to stat
[Sat Feb 21 01:06:43.774353 2026] [php:error] [pid 58524] [client 20.194.153.120:0] script '/domains/ebon/ioxi-o.php' not found or unable to stat
[Sat Feb 21 01:06:43.818486 2026] [php:error] [pid 58491] [client 45.67.97.192:0] script '/domains/system_suspended/lv.php' not found or unable to stat
[Sat Feb 21 01:06:43.881737 2026] [php:error] [pid 58500] [client 45.67.97.15:0] script '/domains/acagolf1/index2.php' not found or unable to stat
[Sat Feb 21 01:06:43.956905 2026] [php:error] [pid 58524] [client 20.194.153.120:0] script '/domains/ebon/manager.php' not found or unable to stat
[Sat Feb 21 01:06:44.033457 2026] [php:error] [pid 58504] [client 45.67.97.16:0] script '/domains/biehlweb/wp-editor.php' not found or unable to stat
[Sat Feb 21 01:06:44.056047 2026] [php:error] [pid 58506] [client 45.67.97.17:0] script '/domains/system_cancel/tinyfilemanager.php' not found or unable to stat
[Sat Feb 21 01:06:44.128956 2026] [php:error] [pid 58474] [client 45.67.97.17:0] script '/domains/magicjim/content.php' not found or unable to stat
[Sat Feb 21 01:06:44.137097 2026] [php:error] [pid 58532] [client 45.67.97.17:0] script '/domains/pbuilder/up.php' not found or unable to stat
[Sat Feb 21 01:06:44.141984 2026] [php:error] [pid 58524] [client 20.194.153.120:0] script '/domains/ebon/wp-update.php' not found or unable to stat
[Sat Feb 21 01:06:44.182045 2026] [php:error] [pid 58512] [client 45.67.97.16:0] script '/domains/gohover/wp-trackback.php' not found or unable to stat
[Sat Feb 21 01:06:44.189723 2026] [php:error] [pid 58538] [client 45.67.97.17:0] script '/domains/bels/go.php' not found or unable to stat
[Sat Feb 21 01:06:44.217640 2026] [php:error] [pid 58533] [client 45.67.97.16:0] script '/domains/memanuel/about.php' not found or unable to stat
[Sat Feb 21 01:06:44.240362 2026] [php:error] [pid 58476] [client 45.67.97.192:0] script '/domains/system_suspended/ini.php' not found or unable to stat
[Sat Feb 21 01:06:44.306259 2026] [php:error] [pid 58524] [client 20.194.153.120:0] script '/domains/ebon/file.php' not found or unable to stat
[Sat Feb 21 01:06:44.315150 2026] [php:error] [pid 58493] [client 45.67.97.15:0] script '/domains/fdcarter/nf_tracking.php' not found or unable to stat
[Sat Feb 21 01:06:44.317587 2026] [php:error] [pid 58488] [client 45.67.97.15:0] script '/domains/csiniaws/style.php' not found or unable to stat
[Sat Feb 21 01:06:44.325607 2026] [php:error] [pid 58539] [client 45.67.97.17:0] script '/domains/micra/images/buy.php' not found or unable to stat
[Sat Feb 21 01:06:44.337474 2026] [php:error] [pid 58515] [client 45.67.97.15:0] script '/domains/trodine/filemanager.php' not found or unable to stat
[Sat Feb 21 01:06:44.445565 2026] [php:error] [pid 58526] [client 45.67.97.192:0] script '/domains/sjsachs/web.php' not found or unable to stat
[Sat Feb 21 01:06:44.559389 2026] [php:error] [pid 58529] [client 45.67.97.17:0] script '/domains/jaspen/wp-login.php' not found or unable to stat
[Sat Feb 21 01:06:44.648130 2026] [php:error] [pid 58524] [client 20.194.153.120:0] script '/domains/ebon/lc.php' not found or unable to stat
[Sat Feb 21 01:06:44.682417 2026] [php:error] [pid 58533] [client 45.67.97.16:0] script '/domains/memanuel/admin.php' not found or unable to stat
[Sat Feb 21 01:06:44.812046 2026] [php:error] [pid 58524] [client 20.194.153.120:0] script '/domains/ebon/cbrfo.php' not found or unable to stat
[Sat Feb 21 01:06:44.847510 2026] [php:error] [pid 58473] [client 45.67.97.192:0] script '/domains/system_default/web.php' not found or unable to stat
[Sat Feb 21 01:06:44.854092 2026] [php:error] [pid 58535] [client 45.67.97.16:0] script '/domains/antiqueweb1/images/DJP9.php' not found or unable to stat
[Sat Feb 21 01:06:44.856781 2026] [php:error] [pid 58507] [client 45.67.97.192:0] script '/domains/windsorweb/wp-content.php' not found or unable to stat
[Sat Feb 21 01:06:44.976170 2026] [php:error] [pid 58524] [client 20.194.153.120:0] script '/domains/ebon/inc.php' not found or unable to stat
[Sat Feb 21 01:06:45.030706 2026] [php:error] [pid 58529] [client 45.67.97.17:0] script '/domains/jaspen/mar.php' not found or unable to stat
[Sat Feb 21 01:06:45.112697 2026] [php:error] [pid 58512] [client 45.67.97.16:0] script '/domains/gohover/radio.php' not found or unable to stat
[Sat Feb 21 01:06:45.183103 2026] [php:error] [pid 58517] [client 45.67.97.16:0] script '/domains/familyplayhouse2/images/index22.php' not found or unable to stat
[Sat Feb 21 01:06:45.253178 2026] [php:error] [pid 58493] [client 45.67.97.15:0] script '/domains/fdcarter/filefuns.php' not found or unable to stat
[Sat Feb 21 01:06:45.348408 2026] [php:error] [pid 58464] [client 45.67.97.15:0] script '/domains/homesbyaudrey1/hehe.php' not found or unable to stat
[Sat Feb 21 01:06:45.376674 2026] [php:error] [pid 58526] [client 45.67.97.192:0] script '/domains/sjsachs/images/index.php' not found or unable to stat
[Sat Feb 21 01:06:45.444300 2026] [php:error] [pid 58541] [client 45.67.97.17:0] script '/domains/biehlweb/images/install.php' not found or unable to stat
[Sat Feb 21 01:06:45.582923 2026] [php:error] [pid 58453] [client 20.194.153.120:0] script '/domains/ebon/gifclass.php' not found or unable to stat
[Sat Feb 21 01:06:45.588539 2026] [php:error] [pid 58502] [client 45.67.97.16:0] script '/domains/system_default/ff2.php' not found or unable to stat
[Sat Feb 21 01:06:45.621737 2026] [php:error] [pid 58533] [client 45.67.97.16:0] script '/domains/memanuel/mah.php' not found or unable to stat
[Sat Feb 21 01:06:45.657667 2026] [php:error] [pid 58517] [client 45.67.97.16:0] script '/domains/familyplayhouse2/wp-user.php' not found or unable to stat
[Sat Feb 21 01:06:45.704245 2026] [php:error] [pid 58494] [client 45.67.97.17:0] script '/domains/pookie.dnai/dropdown.php' not found or unable to stat
[Sat Feb 21 01:06:45.758100 2026] [php:error] [pid 58453] [client 20.194.153.120:0] script '/domains/ebon/miansha.php' not found or unable to stat
[Sat Feb 21 01:06:45.919211 2026] [php:error] [pid 58439] [client 45.67.97.16:0] script '/domains/bruceweb/xp.php' not found or unable to stat
[Sat Feb 21 01:06:45.939888 2026] [php:error] [pid 58453] [client 20.194.153.120:0] script '/domains/ebon/tinyfilemanager.php' not found or unable to stat
[Sat Feb 21 01:06:46.117588 2026] [php:error] [pid 58453] [client 20.194.153.120:0] script '/domains/ebon/admin.php' not found or unable to stat
[Sat Feb 21 01:06:46.177739 2026] [php:error] [pid 58488] [client 45.67.97.15:0] script '/domains/csiniaws/x.php' not found or unable to stat
[Sat Feb 21 01:06:46.190526 2026] [php:error] [pid 58493] [client 45.67.97.15:0] script '/domains/fdcarter/l.php' not found or unable to stat
[Sat Feb 21 01:06:46.226901 2026] [php:error] [pid 58500] [client 45.67.97.15:0] script '/domains/acagolf1/shell.php' not found or unable to stat
[Sat Feb 21 01:06:46.246642 2026] [php:error] [pid 58501] [client 45.67.97.15:0] script '/domains/hungariantasteweb/ff2.php' not found or unable to stat
[Sat Feb 21 01:06:46.263365 2026] [php:error] [pid 58535] [client 45.67.97.16:0] script '/domains/antiqueweb1/natural.php' not found or unable to stat
[Sat Feb 21 01:06:46.379674 2026] [php:error] [pid 58522] [client 45.67.97.17:0] script '/domains/fbardin/gifclass.php' not found or unable to stat
[Sat Feb 21 01:06:46.386600 2026] [php:error] [pid 58541] [client 45.67.97.17:0] script '/domains/biehlweb/adminfusm.php' not found or unable to stat
[Sat Feb 21 01:06:46.393241 2026] [php:error] [pid 58453] [client 20.194.153.120:0] script '/domains/ebon/ok.php' not found or unable to stat
[Sat Feb 21 01:06:46.446717 2026] [php:error] [pid 58529] [client 45.67.97.17:0] script '/domains/jaspen/1.php' not found or unable to stat
[Sat Feb 21 01:06:46.552573 2026] [php:error] [pid 58533] [client 45.67.97.16:0] script '/domains/memanuel/core.php' not found or unable to stat
[Sat Feb 21 01:06:46.557735 2026] [php:error] [pid 58453] [client 20.194.153.120:0] script '/domains/ebon/fi.php' not found or unable to stat
[Sat Feb 21 01:06:46.649522 2026] [php:error] [pid 58494] [client 45.67.97.17:0] script '/domains/pookie.dnai/db.php' not found or unable to stat
[Sat Feb 21 01:06:46.658309 2026] [php:error] [pid 58493] [client 45.67.97.15:0] script '/domains/fdcarter/repeater.php' not found or unable to stat
[Sat Feb 21 01:06:46.731730 2026] [php:error] [pid 58535] [client 45.67.97.16:0] script '/domains/antiqueweb1/item.php' not found or unable to stat
[Sat Feb 21 01:06:46.737075 2026] [php:error] [pid 58453] [client 20.194.153.120:0] script '/domains/ebon/muzu.php' not found or unable to stat
[Sat Feb 21 01:06:46.765363 2026] [php:error] [pid 58464] [client 45.67.97.15:0] script '/domains/homesbyaudrey1/dir.php' not found or unable to stat
[Sat Feb 21 01:06:46.836631 2026] [php:error] [pid 58540] [client 45.67.97.17:0] script '/domains/braniff/classwithtostring.php' not found or unable to stat
[Sat Feb 21 01:06:46.851989 2026] [php:error] [pid 58522] [client 45.67.97.17:0] script '/domains/fbardin/plugin.php' not found or unable to stat
[Sat Feb 21 01:06:46.854967 2026] [php:error] [pid 58541] [client 45.67.97.17:0] script '/domains/biehlweb/js/js1.php' not found or unable to stat
[Sat Feb 21 01:06:46.901478 2026] [php:error] [pid 58453] [client 20.194.153.120:0] script '/domains/ebon/reze.php' not found or unable to stat
[Sat Feb 21 01:06:46.977291 2026] [php:error] [pid 58532] [client 45.67.97.17:0] script '/domains/pbuilder/worm.PhP' not found or unable to stat
[Sat Feb 21 01:06:46.982661 2026] [php:error] [pid 58512] [client 45.67.97.16:0] script '/domains/gohover/wp-conflg.php' not found or unable to stat
[Sat Feb 21 01:06:47.025952 2026] [php:error] [pid 58533] [client 45.67.97.16:0] script '/domains/memanuel/robots.php' not found or unable to stat
[Sat Feb 21 01:06:47.054561 2026] [php:error] [pid 58482] [client 45.67.97.16:0] script '/domains/astweb/cgi-bin/class.api.php' not found or unable to stat
[Sat Feb 21 01:06:47.066448 2026] [php:error] [pid 58453] [client 20.194.153.120:0] script '/domains/ebon/styll.php' not found or unable to stat
[Sat Feb 21 01:06:47.078438 2026] [php:error] [pid 58517] [client 45.67.97.16:0] script '/domains/familyplayhouse2/config.php' not found or unable to stat
[Sat Feb 21 01:06:47.215013 2026] [php:error] [pid 58507] [client 45.67.97.192:0] script '/domains/windsorweb/customize.php' not found or unable to stat
[Sat Feb 21 01:06:47.238778 2026] [php:error] [pid 58526] [client 45.67.97.192:0] script '/domains/sjsachs/wp-trackback.php' not found or unable to stat
[Sat Feb 21 01:06:47.292347 2026] [php:error] [pid 58453] [client 20.194.153.120:0] script '/domains/ebon/x7.php' not found or unable to stat
[Sat Feb 21 01:06:47.307403 2026] [php:error] [pid 58520] [client 45.67.97.16:0] script '/domains/proinc/fm.php' not found or unable to stat
[Sat Feb 21 01:06:47.327349 2026] [php:error] [pid 58439] [client 45.67.97.16:0] script '/domains/bruceweb/wp-links.php' not found or unable to stat
[Sat Feb 21 01:06:47.448143 2026] [php:error] [pid 58532] [client 45.67.97.17:0] script '/domains/pbuilder/ext.php' not found or unable to stat
[Sat Feb 21 01:06:47.450361 2026] [php:error] [pid 58512] [client 45.67.97.16:0] script '/domains/gohover/wp-setup.php' not found or unable to stat
[Sat Feb 21 01:06:47.458833 2026] [php:error] [pid 58453] [client 20.194.153.120:0] script '/domains/ebon/thebe.php' not found or unable to stat
[Sat Feb 21 01:06:47.463066 2026] [php:error] [pid 58502] [client 45.67.97.16:0] script '/domains/system_default/jp.php' not found or unable to stat
[Sat Feb 21 01:06:47.469020 2026] [php:error] [pid 58515] [client 45.67.97.15:0] script '/domains/trodine/function.php' not found or unable to stat
[Sat Feb 21 01:06:47.490986 2026] [php:error] [pid 58533] [client 45.67.97.16:0] script '/domains/memanuel/inputs.php' not found or unable to stat
[Sat Feb 21 01:06:47.549086 2026] [php:error] [pid 58517] [client 45.67.97.16:0] script '/domains/familyplayhouse2/special.php' not found or unable to stat
[Sat Feb 21 01:06:47.594669 2026] [php:error] [pid 58472] [client 45.67.97.17:0] script '/domains/peterbmiller/images/buy.php' not found or unable to stat
[Sat Feb 21 01:06:47.597735 2026] [php:error] [pid 58509] [client 45.67.97.17:0] script '/domains/hpveweb/tox.php' not found or unable to stat
[Sat Feb 21 01:06:47.600252 2026] [php:error] [pid 58488] [client 45.67.97.15:0] script '/domains/csiniaws/images/index22.php' not found or unable to stat
[Sat Feb 21 01:06:47.626558 2026] [php:error] [pid 58453] [client 20.194.153.120:0] script '/domains/ebon/ddd.php' not found or unable to stat
[Sat Feb 21 01:06:47.648697 2026] [php:error] [pid 58473] [client 45.67.97.192:0] script '/domains/system_default/wp-trackback.php' not found or unable to stat
[Sat Feb 21 01:06:47.693416 2026] [php:error] [pid 58507] [client 45.67.97.192:0] script '/domains/windsorweb/license.php' not found or unable to stat
[Sat Feb 21 01:06:47.763213 2026] [php:error] [pid 58490] [client 45.67.97.15:0] script '/domains/nsmd2/inc.php' not found or unable to stat
[Sat Feb 21 01:06:47.793871 2026] [php:error] [pid 58522] [client 45.67.97.17:0] script '/domains/fbardin/update-core.php' not found or unable to stat
[Sat Feb 21 01:06:47.798956 2026] [php:error] [pid 58453] [client 20.194.153.120:0] script '/domains/ebon/bgymj.php' not found or unable to stat
[Sat Feb 21 01:06:47.915816 2026] [php:error] [pid 58512] [client 45.67.97.16:0] script '/domains/gohover/ms-themes.php' not found or unable to stat
[Sat Feb 21 01:06:47.919100 2026] [php:error] [pid 58532] [client 45.67.97.17:0] script '/domains/pbuilder/delpaths.php' not found or unable to stat
[Sat Feb 21 01:06:47.932147 2026] [php:error] [pid 58502] [client 45.67.97.16:0] script '/domains/system_default/wp-atom.php' not found or unable to stat
[Sat Feb 21 01:06:47.956617 2026] [php:error] [pid 58533] [client 45.67.97.16:0] script '/domains/memanuel/mini.php' not found or unable to stat
[Sat Feb 21 01:06:48.021006 2026] [php:error] [pid 58531] [client 45.67.97.16:0] script '/domains/system_suspended/wp-admin.php' not found or unable to stat
[Sat Feb 21 01:06:48.055477 2026] [php:error] [pid 58453] [client 20.194.153.120:0] script '/domains/ebon/8xyz.php' not found or unable to stat
[Sat Feb 21 01:06:48.073026 2026] [php:error] [pid 58493] [client 45.67.97.15:0] script '/domains/fdcarter/contacts.php' not found or unable to stat
[Sat Feb 21 01:06:48.074990 2026] [php:error] [pid 58488] [client 45.67.97.15:0] script '/domains/csiniaws/wp-user.php' not found or unable to stat
[Sat Feb 21 01:06:48.119934 2026] [php:error] [pid 58501] [client 45.67.97.15:0] script '/domains/hungariantasteweb/jp.php' not found or unable to stat
[Sat Feb 21 01:06:48.167764 2026] [php:error] [pid 58526] [client 45.67.97.192:0] script '/domains/sjsachs/radio.php' not found or unable to stat
[Sat Feb 21 01:06:48.226667 2026] [php:error] [pid 58453] [client 20.194.153.120:0] script '/domains/ebon/ioxi.php' not found or unable to stat
[Sat Feb 21 01:06:48.243181 2026] [php:error] [pid 58540] [client 45.67.97.17:0] script '/domains/braniff/tinyfilemanager.php' not found or unable to stat
[Sat Feb 21 01:06:48.261634 2026] [php:error] [pid 58541] [client 45.67.97.17:0] script '/domains/biehlweb/images/habhan.php' not found or unable to stat
[Sat Feb 21 01:06:48.411307 2026] [php:error] [pid 58453] [client 20.194.153.120:0] script '/domains/ebon/xpwer1.php' not found or unable to stat
[Sat Feb 21 01:06:48.414084 2026] [php:error] [pid 58515] [client 45.67.97.15:0] script '/domains/trodine/wp-signup.php' not found or unable to stat
[Sat Feb 21 01:06:48.423483 2026] [php:error] [pid 58533] [client 45.67.97.16:0] script '/domains/memanuel/goods.php' not found or unable to stat
[Sat Feb 21 01:06:48.439626 2026] [php:error] [pid 58543] [client 45.67.97.192:0] script '/domains/perless2web/install.php' not found or unable to stat
[Sat Feb 21 01:06:48.546265 2026] [php:error] [pid 58493] [client 45.67.97.15:0] script '/domains/fdcarter/wsa.php' not found or unable to stat
[Sat Feb 21 01:06:48.575102 2026] [php:error] [pid 58500] [client 45.67.97.15:0] script '/domains/acagolf1/hehe.php' not found or unable to stat
[Sat Feb 21 01:06:48.583765 2026] [php:error] [pid 58453] [client 20.194.153.120:0] script '/domains/ebon/lala.php' not found or unable to stat
[Sat Feb 21 01:06:48.584891 2026] [php:error] [pid 58473] [client 45.67.97.192:0] script '/domains/system_default/radio.php' not found or unable to stat
[Sat Feb 21 01:06:48.599590 2026] [php:error] [pid 58501] [client 45.67.97.15:0] script '/domains/hungariantasteweb/wp-atom.php' not found or unable to stat
[Sat Feb 21 01:06:48.601721 2026] [php:error] [pid 58542] [client 45.67.97.16:0] script '/domains/system_suspended/byp.php' not found or unable to stat
[Sat Feb 21 01:06:48.636919 2026] [php:error] [pid 58507] [client 45.67.97.192:0] script '/domains/windsorweb/lock.php' not found or unable to stat
[Sat Feb 21 01:06:48.652251 2026] [php:error] [pid 58464] [client 45.67.97.15:0] script '/domains/homesbyaudrey1/nf_tracking.php' not found or unable to stat
[Sat Feb 21 01:06:48.700989 2026] [php:error] [pid 58490] [client 45.67.97.15:0] script '/domains/nsmd2/filemanager.php' not found or unable to stat
[Sat Feb 21 01:06:48.736362 2026] [php:error] [pid 58522] [client 45.67.97.17:0] script '/domains/fbardin/wp-mail.php' not found or unable to stat
[Sat Feb 21 01:06:48.798859 2026] [php:error] [pid 58453] [client 20.194.153.120:0] script '/domains/ebon/about.php' not found or unable to stat
[Sat Feb 21 01:06:48.869929 2026] [php:error] [pid 58502] [client 45.67.97.16:0] script '/domains/system_default/up.php' not found or unable to stat
[Sat Feb 21 01:06:48.893809 2026] [php:error] [pid 58533] [client 45.67.97.16:0] script '/domains/memanuel/file5.php' not found or unable to stat
[Sat Feb 21 01:06:48.928724 2026] [php:error] [pid 58482] [client 45.67.97.16:0] script '/domains/astweb/webdb.php' not found or unable to stat
[Sat Feb 21 01:06:49.018032 2026] [php:error] [pid 58519] [client 45.67.97.192:0] script '/domains/rnachum/xex.php' not found or unable to stat
[Sat Feb 21 01:06:49.149882 2026] [php:error] [pid 58479] [client 45.67.97.15:0] script '/domains/system_default/webdb.php' not found or unable to stat
[Sat Feb 21 01:06:49.179123 2026] [php:error] [pid 58497] [client 45.67.97.16:0] script '/domains/ferguson.interport/gm.php' not found or unable to stat
[Sat Feb 21 01:06:49.184553 2026] [php:error] [pid 58520] [client 45.67.97.16:0] script '/domains/proinc/ini.php' not found or unable to stat
[Sat Feb 21 01:06:49.212859 2026] [php:error] [pid 58512] [client 45.67.97.16:0] script '/domains/gohover/style.php' not found or unable to stat
[Sat Feb 21 01:06:49.359913 2026] [php:error] [pid 58533] [client 45.67.97.16:0] script '/domains/memanuel/ahax.php' not found or unable to stat
[Sat Feb 21 01:06:49.387934 2026] [php:error] [pid 58543] [client 45.67.97.192:0] script '/domains/perless2web/images/class-config.php' not found or unable to stat
[Sat Feb 21 01:06:49.392362 2026] [php:error] [pid 58513] [client 45.67.97.16:0] script '/domains/system_default/Sanskrit.php' not found or unable to stat
[Sat Feb 21 01:06:49.512912 2026] [php:error] [pid 58500] [client 45.67.97.15:0] script '/domains/acagolf1/css/slider.php' not found or unable to stat
[Sat Feb 21 01:06:49.540658 2026] [php:error] [pid 58501] [client 45.67.97.15:0] script '/domains/hungariantasteweb/up.php' not found or unable to stat
[Sat Feb 21 01:06:49.596028 2026] [php:error] [pid 58464] [client 45.67.97.15:0] script '/domains/homesbyaudrey1/filefuns.php' not found or unable to stat
[Sat Feb 21 01:06:49.662606 2026] [php:error] [pid 58540] [client 45.67.97.17:0] script '/domains/braniff/file.php' not found or unable to stat
[Sat Feb 21 01:06:49.668661 2026] [php:error] [pid 58491] [client 45.67.97.192:0] script '/domains/frog.interport1/tox.php' not found or unable to stat
[Sat Feb 21 01:06:49.779100 2026] [php:error] [pid 58509] [client 45.67.97.17:0] script '/domains/hpveweb/tiny.php' not found or unable to stat
[Sat Feb 21 01:06:49.794488 2026] [php:error] [pid 58488] [client 45.67.97.15:0] script '/domains/csiniaws/config.php' not found or unable to stat
[Sat Feb 21 01:06:49.821532 2026] [php:error] [pid 58515] [client 45.67.97.15:0] script '/domains/trodine/wp-blog.php' not found or unable to stat
[Sat Feb 21 01:06:49.825276 2026] [php:error] [pid 58533] [client 45.67.97.16:0] script '/domains/memanuel/f35.php' not found or unable to stat
[Sat Feb 21 01:06:49.860255 2026] [php:error] [pid 58513] [client 45.67.97.16:0] script '/domains/system_default/wp-fmfile.php' not found or unable to stat
[Sat Feb 21 01:06:49.865157 2026] [php:error] [pid 58482] [client 45.67.97.16:0] script '/domains/astweb/file2.php' not found or unable to stat
[Sat Feb 21 01:06:49.894106 2026] [php:error] [pid 58531] [client 45.67.97.16:0] script '/domains/system_suspended/wp-editor.php' not found or unable to stat
