[Sat Feb 21 01:09:45.874178 2026] [php:error] [pid 58453] [client 45.67.97.16:0] script '/domains/csiniaws/options-writing.php' not found or unable to stat
[Sat Feb 21 01:09:45.885345 2026] [php:error] [pid 58501] [client 45.67.97.16:0] script '/domains/hand-hammerweb/lock360.php' not found or unable to stat
[Sat Feb 21 01:09:45.957613 2026] [php:error] [pid 58603] [client 45.67.97.16:0] script '/domains/system_default/admin-footer.php' not found or unable to stat
[Sat Feb 21 01:09:45.964638 2026] [php:error] [pid 58610] [client 45.67.97.16:0] script '/domains/hungariantasteweb/page.php' not found or unable to stat
[Sat Feb 21 01:09:46.046129 2026] [php:error] [pid 58623] [client 45.67.97.16:0] script '/domains/ceonlinenews/ioxi-o.php' not found or unable to stat
[Sat Feb 21 01:09:46.056220 2026] [php:error] [pid 58470] [client 45.67.97.16:0] script '/domains/familyplayhouse2/options-reading.php' not found or unable to stat
[Sat Feb 21 01:09:46.123886 2026] [php:error] [pid 58568] [client 45.67.97.17:0] script '/domains/fryer/natural.php' not found or unable to stat
[Sat Feb 21 01:09:46.147857 2026] [php:error] [pid 58625] [client 45.67.97.16:0] script '/domains/tinatina/simple.php' not found or unable to stat
[Sat Feb 21 01:09:46.196923 2026] [php:error] [pid 58627] [client 45.67.97.15:0] script '/domains/lover/install.php' not found or unable to stat
[Sat Feb 21 01:09:46.253154 2026] [php:error] [pid 58595] [client 45.67.97.16:0] script '/domains/testregisgroup/pages.php' not found or unable to stat
[Sat Feb 21 01:09:46.302354 2026] [php:error] [pid 58560] [client 45.67.97.192:0] script '/domains/aatweb/flower.php' not found or unable to stat
[Sat Feb 21 01:09:46.344368 2026] [php:error] [pid 58596] [client 45.67.97.192:0] script '/domains/system_default/O-Simple.php' not found or unable to stat
[Sat Feb 21 01:09:46.347423 2026] [php:error] [pid 58453] [client 45.67.97.16:0] script '/domains/csiniaws/options-reading.php' not found or unable to stat
[Sat Feb 21 01:09:46.355613 2026] [php:error] [pid 58501] [client 45.67.97.16:0] script '/domains/hand-hammerweb/zwso.php' not found or unable to stat
[Sat Feb 21 01:09:46.383595 2026] [php:error] [pid 58622] [client 45.67.97.16:0] script '/domains/system_suspended/wp-configs.php' not found or unable to stat
[Sat Feb 21 01:09:46.441132 2026] [php:error] [pid 58550] [client 45.67.97.192:0] script '/domains/dcoffman/filemanager.php' not found or unable to stat
[Sat Feb 21 01:09:46.508140 2026] [php:error] [pid 58545] [client 45.67.97.192:0] script '/domains/memanuel/up.php' not found or unable to stat
[Sat Feb 21 01:09:46.510965 2026] [php:error] [pid 58540] [client 45.67.97.16:0] script '/domains/system_suspended/elp.php' not found or unable to stat
[Sat Feb 21 01:09:46.518422 2026] [php:error] [pid 58623] [client 45.67.97.16:0] script '/domains/ceonlinenews/info.php' not found or unable to stat
[Sat Feb 21 01:09:46.530945 2026] [php:error] [pid 58556] [client 45.67.97.16:0] script '/domains/jrp.interport/class.api.php' not found or unable to stat
[Sat Feb 21 01:09:46.535388 2026] [php:error] [pid 58470] [client 45.67.97.16:0] script '/domains/familyplayhouse2/wsad.php' not found or unable to stat
[Sat Feb 21 01:09:46.577365 2026] [php:error] [pid 58472] [client 45.67.97.16:0] script '/domains/tamara1/wp-l0gin.php' not found or unable to stat
[Sat Feb 21 01:09:46.580812 2026] [php:error] [pid 58469] [client 45.67.97.16:0] script '/domains/system_default/bs1.php' not found or unable to stat
[Sat Feb 21 01:09:46.590070 2026] [php:error] [pid 58568] [client 45.67.97.17:0] script '/domains/fryer/item.php' not found or unable to stat
[Sat Feb 21 01:09:46.592821 2026] [php:error] [pid 58602] [client 45.67.97.17:0] script '/domains/hans.interport/install.php' not found or unable to stat
[Sat Feb 21 01:09:46.657155 2026] [php:error] [pid 58519] [client 45.67.97.15:0] script '/domains/nsmd2/nf_tracking.php' not found or unable to stat
[Sat Feb 21 01:09:46.666947 2026] [php:error] [pid 58626] [client 45.67.97.192:0] script '/domains/pookie.dnai/av.php' not found or unable to stat
[Sat Feb 21 01:09:46.668133 2026] [php:error] [pid 58589] [client 45.67.97.192:0] script '/domains/system_default/fm.php' not found or unable to stat
[Sat Feb 21 01:09:46.728688 2026] [php:error] [pid 58509] [client 45.67.97.16:0] script '/domains/quintet/Marvins.php' not found or unable to stat
[Sat Feb 21 01:09:46.748419 2026] [php:error] [pid 58555] [client 45.67.97.17:0] script '/domains/tbarnhil/wp-trackback.php' not found or unable to stat
[Sat Feb 21 01:09:46.749576 2026] [php:error] [pid 58479] [client 45.67.97.16:0] script '/domains/perless2web/Simple.php' not found or unable to stat
[Sat Feb 21 01:09:46.811085 2026] [php:error] [pid 58584] [client 45.67.97.16:0] script '/domains/hpveweb/entrepreneuse.php' not found or unable to stat
[Sat Feb 21 01:09:46.812037 2026] [php:error] [pid 58525] [client 45.67.97.16:0] script '/domains/system_suspended/xl2023.php' not found or unable to stat
[Sat Feb 21 01:09:46.812302 2026] [php:error] [pid 58596] [client 45.67.97.192:0] script '/domains/system_default/lock360.php' not found or unable to stat
[Sat Feb 21 01:09:46.825586 2026] [php:error] [pid 58453] [client 45.67.97.16:0] script '/domains/csiniaws/wsad.php' not found or unable to stat
[Sat Feb 21 01:09:46.828977 2026] [php:error] [pid 58501] [client 45.67.97.16:0] script '/domains/hand-hammerweb/chosen.php' not found or unable to stat
[Sat Feb 21 01:09:46.889720 2026] [php:error] [pid 58629] [client 45.67.97.192:0] script '/domains/rainho/install.php' not found or unable to stat
[Sat Feb 21 01:09:46.896442 2026] [php:error] [pid 58603] [client 45.67.97.16:0] script '/domains/system_default/XxX.php' not found or unable to stat
[Sat Feb 21 01:09:46.897488 2026] [php:error] [pid 58535] [client 45.67.97.16:0] script '/domains/vangoghagainweb/wp-blog.php' not found or unable to stat
[Sat Feb 21 01:09:46.989336 2026] [php:error] [pid 58623] [client 45.67.97.16:0] script '/domains/ceonlinenews/setup.php' not found or unable to stat
[Sat Feb 21 01:09:47.006952 2026] [php:error] [pid 58470] [client 45.67.97.16:0] script '/domains/familyplayhouse2/nation.php' not found or unable to stat
[Sat Feb 21 01:09:47.072423 2026] [php:error] [pid 58574] [client 45.67.97.17:0] script '/domains/amisol/about/function.php' not found or unable to stat
[Sat Feb 21 01:09:47.138609 2026] [php:error] [pid 58615] [client 45.67.97.17:0] script '/domains/cccweb/file.php' not found or unable to stat
[Sat Feb 21 01:09:47.247333 2026] [php:error] [pid 58522] [client 45.67.97.16:0] script '/domains/trodine/contacts.php' not found or unable to stat
[Sat Feb 21 01:09:47.266086 2026] [php:error] [pid 58638] [client 45.67.97.17:0] script '/domains/fbardin/shop.php' not found or unable to stat
[Sat Feb 21 01:09:47.267856 2026] [php:error] [pid 58500] [client 45.67.97.192:0] script '/domains/system_suspended/gm.php' not found or unable to stat
[Sat Feb 21 01:09:47.280030 2026] [php:error] [pid 58525] [client 45.67.97.16:0] script '/domains/system_suspended/go.php' not found or unable to stat
[Sat Feb 21 01:09:47.280113 2026] [php:error] [pid 58596] [client 45.67.97.192:0] script '/domains/system_default/zwso.php' not found or unable to stat
[Sat Feb 21 01:09:47.295942 2026] [php:error] [pid 58502] [client 45.67.97.17:0] script '/domains/bruceweb/wp-head.php' not found or unable to stat
[Sat Feb 21 01:09:47.297198 2026] [php:error] [pid 58573] [client 45.67.97.192:0] script '/domains/braniff/aa.php' not found or unable to stat
[Sat Feb 21 01:09:47.299243 2026] [php:error] [pid 58453] [client 45.67.97.16:0] script '/domains/csiniaws/nation.php' not found or unable to stat
[Sat Feb 21 01:09:47.301585 2026] [php:error] [pid 58501] [client 45.67.97.16:0] script '/domains/hand-hammerweb/about.php' not found or unable to stat
[Sat Feb 21 01:09:47.397134 2026] [php:error] [pid 58571] [client 45.67.97.17:0] script '/domains/fayemoran/inc.php' not found or unable to stat
[Sat Feb 21 01:09:47.462424 2026] [php:error] [pid 58619] [client 45.67.97.15:0] script '/domains/system_suspended/init.php' not found or unable to stat
[Sat Feb 21 01:09:47.514474 2026] [php:error] [pid 58472] [client 45.67.97.16:0] script '/domains/tamara1/new.php' not found or unable to stat
[Sat Feb 21 01:09:47.516713 2026] [php:error] [pid 58559] [client 45.67.97.17:0] script '/domains/lover/web.php' not found or unable to stat
[Sat Feb 21 01:09:47.586697 2026] [php:error] [pid 58519] [client 45.67.97.15:0] script '/domains/nsmd2/filefuns.php' not found or unable to stat
[Sat Feb 21 01:09:47.670466 2026] [php:error] [pid 58509] [client 45.67.97.16:0] script '/domains/quintet/wp-class.php' not found or unable to stat
[Sat Feb 21 01:09:47.683666 2026] [php:error] [pid 58575] [client 45.67.97.15:0] script '/domains/carynm/css/admin.php' not found or unable to stat
[Sat Feb 21 01:09:47.690757 2026] [php:error] [pid 58555] [client 45.67.97.17:0] script '/domains/tbarnhil/radio.php' not found or unable to stat
[Sat Feb 21 01:09:47.721018 2026] [php:error] [pid 58522] [client 45.67.97.16:0] script '/domains/trodine/wsa.php' not found or unable to stat
[Sat Feb 21 01:09:47.753050 2026] [php:error] [pid 58596] [client 45.67.97.192:0] script '/domains/system_default/chosen.php' not found or unable to stat
[Sat Feb 21 01:09:47.770722 2026] [php:error] [pid 58573] [client 45.67.97.192:0] script '/domains/braniff/index2.php' not found or unable to stat
[Sat Feb 21 01:09:47.771004 2026] [php:error] [pid 58590] [client 45.67.97.192:0] script '/domains/fdcarter/blog.php' not found or unable to stat
[Sat Feb 21 01:09:47.776392 2026] [php:error] [pid 58501] [client 45.67.97.16:0] script '/domains/hand-hammerweb/admin.php' not found or unable to stat
[Sat Feb 21 01:09:47.939801 2026] [php:error] [pid 58556] [client 45.67.97.16:0] script '/domains/jrp.interport/system_log.php' not found or unable to stat
[Sat Feb 21 01:09:47.999743 2026] [php:error] [pid 58469] [client 45.67.97.16:0] script '/domains/system_default/page.php' not found or unable to stat
[Sat Feb 21 01:09:48.061508 2026] [php:error] [pid 58565] [client 45.67.97.16:0] script '/domains/deltaele/inc.php' not found or unable to stat
[Sat Feb 21 01:09:48.153792 2026] [php:error] [pid 58575] [client 45.67.97.15:0] script '/domains/carynm/adminfuns.php' not found or unable to stat
[Sat Feb 21 01:09:48.191601 2026] [php:error] [pid 58560] [client 45.67.97.192:0] script '/domains/aatweb/ioxi-o.php' not found or unable to stat
[Sat Feb 21 01:09:48.222750 2026] [php:error] [pid 58596] [client 45.67.97.192:0] script '/domains/system_default/about.php' not found or unable to stat
[Sat Feb 21 01:09:48.243271 2026] [php:error] [pid 58609] [client 45.67.97.16:0] script '/domains/antiqueweb1/tox.php' not found or unable to stat
[Sat Feb 21 01:09:48.244016 2026] [php:error] [pid 58616] [client 45.67.97.15:0] script '/domains/homesbyaudrey1/files.php' not found or unable to stat
[Sat Feb 21 01:09:48.282229 2026] [php:error] [pid 58582] [client 45.67.97.192:0] script '/domains/bels/wp-admin.php' not found or unable to stat
[Sat Feb 21 01:09:48.338257 2026] [php:error] [pid 58571] [client 45.67.97.17:0] script '/domains/fayemoran/filemanager.php' not found or unable to stat
[Sat Feb 21 01:09:48.340595 2026] [php:error] [pid 58631] [client 45.67.97.17:0] script '/domains/system_default/ms-users.php' not found or unable to stat
[Sat Feb 21 01:09:48.370559 2026] [php:error] [pid 58564] [client 45.67.97.16:0] script '/domains/resourceandeventweb/adminfus.php' not found or unable to stat
[Sat Feb 21 01:09:48.408666 2026] [php:error] [pid 58556] [client 45.67.97.16:0] script '/domains/jrp.interport/.alf.php' not found or unable to stat
[Sat Feb 21 01:09:48.518665 2026] [php:error] [pid 58519] [client 45.67.97.15:0] script '/domains/nsmd2/l.php' not found or unable to stat
[Sat Feb 21 01:09:48.524195 2026] [php:error] [pid 58627] [client 45.67.97.15:0] script '/domains/lover/bypass.php' not found or unable to stat
[Sat Feb 21 01:09:48.530882 2026] [php:error] [pid 58589] [client 45.67.97.192:0] script '/domains/system_default/ini.php' not found or unable to stat
[Sat Feb 21 01:09:48.546296 2026] [php:error] [pid 58620] [client 45.67.97.15:0] script '/domains/rnachum/setup-config.php' not found or unable to stat
[Sat Feb 21 01:09:48.549264 2026] [php:error] [pid 58615] [client 45.67.97.17:0] script '/domains/cccweb/buy.php' not found or unable to stat
[Sat Feb 21 01:09:48.592439 2026] [php:error] [pid 58531] [client 45.67.97.15:0] script '/domains/jaspen/wsax.php' not found or unable to stat
[Sat Feb 21 01:09:48.612009 2026] [php:error] [pid 58509] [client 45.67.97.16:0] script '/domains/quintet/xx.php' not found or unable to stat
[Sat Feb 21 01:09:48.664984 2026] [php:error] [pid 58560] [client 45.67.97.192:0] script '/domains/aatweb/info.php' not found or unable to stat
[Sat Feb 21 01:09:48.670753 2026] [php:error] [pid 58600] [client 45.67.97.15:0] script '/domains/gohover/Sanskrit.php' not found or unable to stat
[Sat Feb 21 01:09:48.691055 2026] [php:error] [pid 58596] [client 45.67.97.192:0] script '/domains/system_default/admin.php' not found or unable to stat
[Sat Feb 21 01:09:48.720819 2026] [php:error] [pid 58502] [client 45.67.97.17:0] script '/domains/bruceweb/makeasmtp.php' not found or unable to stat
[Sat Feb 21 01:09:48.723084 2026] [php:error] [pid 58501] [client 45.67.97.16:0] script '/domains/hand-hammerweb/mah.php' not found or unable to stat
[Sat Feb 21 01:09:48.769843 2026] [php:error] [pid 58535] [client 45.67.97.16:0] script '/domains/vangoghagainweb/wp-l0gin.php' not found or unable to stat
[Sat Feb 21 01:09:48.826819 2026] [php:error] [pid 58605] [client 45.67.97.16:0] script '/domains/sjsachs/Sanskrit.php' not found or unable to stat
[Sat Feb 21 01:09:48.876983 2026] [php:error] [pid 58556] [client 45.67.97.16:0] script '/domains/jrp.interport/wso.php' not found or unable to stat
[Sat Feb 21 01:09:48.921806 2026] [php:error] [pid 58472] [client 45.67.97.16:0] script '/domains/tamara1/images/DJP9.php' not found or unable to stat
[Sat Feb 21 01:09:48.959914 2026] [php:error] [pid 58602] [client 45.67.97.17:0] script '/domains/hans.interport/bypass.php' not found or unable to stat
[Sat Feb 21 01:09:48.985953 2026] [php:error] [pid 58519] [client 45.67.97.15:0] script '/domains/nsmd2/repeater.php' not found or unable to stat
[Sat Feb 21 01:09:48.989003 2026] [php:error] [pid 58627] [client 45.67.97.15:0] script '/domains/lover/class.php' not found or unable to stat
[Sat Feb 21 01:09:48.997323 2026] [php:error] [pid 58565] [client 45.67.97.16:0] script '/domains/deltaele/filemanager.php' not found or unable to stat
[Sat Feb 21 01:09:49.068975 2026] [php:error] [pid 58479] [client 45.67.97.17:0] script '/domains/bfitpro2/default.php' not found or unable to stat
[Sat Feb 21 01:09:49.080206 2026] [php:error] [pid 58509] [client 45.67.97.16:0] script '/domains/quintet/autoload_classmap.php' not found or unable to stat
[Sat Feb 21 01:09:49.089808 2026] [php:error] [pid 58575] [client 45.67.97.15:0] script '/domains/carynm/wp_wlx.php' not found or unable to stat
[Sat Feb 21 01:09:49.136944 2026] [php:error] [pid 58600] [client 45.67.97.15:0] script '/domains/gohover/wp-fmfile.php' not found or unable to stat
[Sat Feb 21 01:09:49.138144 2026] [php:error] [pid 58560] [client 45.67.97.192:0] script '/domains/aatweb/setup.php' not found or unable to stat
[Sat Feb 21 01:09:49.147686 2026] [php:error] [pid 58637] [client 45.67.97.15:0] script '/domains/tmandel/f35_SpaceTn.php' not found or unable to stat
[Sat Feb 21 01:09:49.183557 2026] [php:error] [pid 58618] [client 45.67.97.192:0] script '/domains/micra/images/c99.php' not found or unable to stat
[Sat Feb 21 01:09:49.193492 2026] [php:error] [pid 58579] [client 45.67.97.15:0] script '/domains/icrse/default.php' not found or unable to stat
[Sat Feb 21 01:09:49.238604 2026] [php:error] [pid 58629] [client 45.67.97.192:0] script '/domains/rainho/bypass.php' not found or unable to stat
[Sat Feb 21 01:09:49.255906 2026] [php:error] [pid 58598] [client 45.67.97.15:0] script '/domains/afglcweb/images/upload.php' not found or unable to stat
[Sat Feb 21 01:09:49.259182 2026] [php:error] [pid 58550] [client 45.67.97.192:0] script '/domains/dcoffman/function.php' not found or unable to stat
[Sat Feb 21 01:09:49.296740 2026] [php:error] [pid 58605] [client 45.67.97.16:0] script '/domains/sjsachs/wp-fmfile.php' not found or unable to stat
[Sat Feb 21 01:09:49.304786 2026] [php:error] [pid 58545] [client 45.67.97.192:0] script '/domains/memanuel/worm.PhP' not found or unable to stat
[Sat Feb 21 01:09:49.306406 2026] [php:error] [pid 58564] [client 45.67.97.16:0] script '/domains/resourceandeventweb/images/as.php' not found or unable to stat
[Sat Feb 21 01:09:49.349732 2026] [php:error] [pid 58623] [client 45.67.97.16:0] script '/domains/ceonlinenews/as.php' not found or unable to stat
[Sat Feb 21 01:09:49.368294 2026] [php:error] [pid 58470] [client 45.67.97.16:0] script '/domains/familyplayhouse2/wp-atomx.php' not found or unable to stat
[Sat Feb 21 01:09:49.431049 2026] [php:error] [pid 58602] [client 45.67.97.17:0] script '/domains/hans.interport/class.php' not found or unable to stat
[Sat Feb 21 01:09:49.555640 2026] [php:error] [pid 58555] [client 45.67.97.17:0] script '/domains/tbarnhil/wp-conflg.php' not found or unable to stat
[Sat Feb 21 01:09:49.628984 2026] [php:error] [pid 58596] [client 45.67.97.192:0] script '/domains/system_default/mah.php' not found or unable to stat
[Sat Feb 21 01:09:49.638634 2026] [php:error] [pid 58506] [client 45.67.97.17:0] script '/domains/astweb/images/buy.php' not found or unable to stat
[Sat Feb 21 01:09:49.673666 2026] [php:error] [pid 58453] [client 45.67.97.16:0] script '/domains/csiniaws/wp-atomx.php' not found or unable to stat
[Sat Feb 21 01:09:49.673699 2026] [php:error] [pid 58590] [client 45.67.97.192:0] script '/domains/fdcarter/images/av.php' not found or unable to stat
[Sat Feb 21 01:09:49.674519 2026] [php:error] [pid 58501] [client 45.67.97.16:0] script '/domains/hand-hammerweb/core.php' not found or unable to stat
[Sat Feb 21 01:09:49.711887 2026] [php:error] [pid 58535] [client 45.67.97.16:0] script '/domains/vangoghagainweb/new.php' not found or unable to stat
[Sat Feb 21 01:09:49.714432 2026] [php:error] [pid 58629] [client 45.67.97.192:0] script '/domains/rainho/class.php' not found or unable to stat
[Sat Feb 21 01:09:49.776975 2026] [php:error] [pid 58545] [client 45.67.97.192:0] script '/domains/memanuel/ext.php' not found or unable to stat
[Sat Feb 21 01:09:49.779725 2026] [php:error] [pid 58592] [client 45.67.97.192:0] script '/domains/system_cancel/hehe.php' not found or unable to stat
[Sat Feb 21 01:09:49.820162 2026] [php:error] [pid 58623] [client 45.67.97.16:0] script '/domains/ceonlinenews/cc.php' not found or unable to stat
[Sat Feb 21 01:09:49.822221 2026] [php:error] [pid 58556] [client 45.67.97.16:0] script '/domains/jrp.interport/flower.php' not found or unable to stat
[Sat Feb 21 01:09:49.841112 2026] [php:error] [pid 58470] [client 45.67.97.16:0] script '/domains/familyplayhouse2/admin-footer.php' not found or unable to stat
[Sat Feb 21 01:09:49.860370 2026] [php:error] [pid 58581] [client 45.67.97.15:0] script '/domains/system_default/Sanskrit.php' not found or unable to stat
[Sat Feb 21 01:09:49.922539 2026] [php:error] [pid 58529] [client 45.67.97.15:0] script '/domains/tcrlle/web.php' not found or unable to stat
[Sat Feb 21 01:09:49.994524 2026] [php:error] [pid 58588] [client 45.67.97.192:0] script '/domains/frog.interport1/entrepreneuse.php' not found or unable to stat
[Sat Feb 21 01:09:50.022719 2026] [php:error] [pid 58555] [client 45.67.97.17:0] script '/domains/tbarnhil/wp-setup.php' not found or unable to stat
[Sat Feb 21 01:09:50.039126 2026] [php:error] [pid 58595] [client 45.67.97.16:0] script '/domains/testregisgroup/adminfus.php' not found or unable to stat
[Sat Feb 21 01:09:50.057747 2026] [php:error] [pid 58632] [client 45.67.97.17:0] script '/domains/pbuilder/images/autoload_classmap.php' not found or unable to stat
[Sat Feb 21 01:09:50.079659 2026] [php:error] [pid 58522] [client 45.67.97.16:0] script '/domains/trodine/lv.php' not found or unable to stat
[Sat Feb 21 01:09:50.133365 2026] [php:error] [pid 58573] [client 45.67.97.192:0] script '/domains/braniff/shell.php' not found or unable to stat
[Sat Feb 21 01:09:50.133377 2026] [php:error] [pid 58609] [client 45.67.97.16:0] script '/domains/antiqueweb1/tiny.php' not found or unable to stat
[Sat Feb 21 01:09:50.149260 2026] [php:error] [pid 58453] [client 45.67.97.16:0] script '/domains/csiniaws/admin-footer.php' not found or unable to stat
[Sat Feb 21 01:09:50.150191 2026] [php:error] [pid 58502] [client 45.67.97.17:0] script '/domains/bruceweb/images/bypass.php' not found or unable to stat
[Sat Feb 21 01:09:50.150917 2026] [php:error] [pid 58501] [client 45.67.97.16:0] script '/domains/hand-hammerweb/robots.php' not found or unable to stat
[Sat Feb 21 01:09:50.161261 2026] [php:error] [pid 58582] [client 45.67.97.192:0] script '/domains/bels/wp-editor.php' not found or unable to stat
[Sat Feb 21 01:09:50.189127 2026] [php:error] [pid 58550] [client 45.67.97.192:0] script '/domains/dcoffman/wp-signup.php' not found or unable to stat
[Sat Feb 21 01:09:50.247832 2026] [php:error] [pid 58545] [client 45.67.97.192:0] script '/domains/memanuel/delpaths.php' not found or unable to stat
[Sat Feb 21 01:09:50.304223 2026] [php:error] [pid 58625] [client 45.67.97.16:0] script '/domains/tinatina/images/upload.php' not found or unable to stat
[Sat Feb 21 01:09:50.325299 2026] [php:error] [pid 58581] [client 45.67.97.15:0] script '/domains/system_default/wp-fmfile.php' not found or unable to stat
[Sat Feb 21 01:09:50.330175 2026] [php:error] [pid 58472] [client 45.67.97.16:0] script '/domains/tamara1/natural.php' not found or unable to stat
[Sat Feb 21 01:09:50.334610 2026] [php:error] [pid 58559] [client 45.67.97.17:0] script '/domains/lover/wp-trackback.php' not found or unable to stat
[Sat Feb 21 01:09:50.358595 2026] [php:error] [pid 58622] [client 45.67.97.192:0] script '/domains/amisol/default.php' not found or unable to stat
[Sat Feb 21 01:09:50.387072 2026] [php:error] [pid 58519] [client 45.67.97.15:0] script '/domains/nsmd2/contacts.php' not found or unable to stat
[Sat Feb 21 01:09:50.423295 2026] [php:error] [pid 58620] [client 45.67.97.15:0] script '/domains/rnachum/type.php' not found or unable to stat
[Sat Feb 21 01:09:50.485472 2026] [php:error] [pid 58509] [client 45.67.97.16:0] script '/domains/quintet/content.php' not found or unable to stat
[Sat Feb 21 01:09:50.488014 2026] [php:error] [pid 58555] [client 45.67.97.17:0] script '/domains/tbarnhil/ms-themes.php' not found or unable to stat
[Sat Feb 21 01:09:50.500513 2026] [php:error] [pid 58575] [client 45.67.97.15:0] script '/domains/carynm/wp.php' not found or unable to stat
[Sat Feb 21 01:09:50.520336 2026] [php:error] [pid 58601] [client 45.67.97.192:0] script '/domains/perless2web/images/waf_defender.php' not found or unable to stat
[Sat Feb 21 01:09:50.544480 2026] [php:error] [pid 58638] [client 45.67.97.17:0] script '/domains/fbardin/wp-api.php' not found or unable to stat
[Sat Feb 21 01:09:50.548414 2026] [php:error] [pid 58522] [client 45.67.97.16:0] script '/domains/trodine/images/js1.php' not found or unable to stat
[Sat Feb 21 01:09:50.566443 2026] [php:error] [pid 58596] [client 45.67.97.192:0] script '/domains/system_default/core.php' not found or unable to stat
[Sat Feb 21 01:09:50.621422 2026] [php:error] [pid 58501] [client 45.67.97.16:0] script '/domains/hand-hammerweb/inputs.php' not found or unable to stat
[Sat Feb 21 01:09:50.713084 2026] [php:error] [pid 58564] [client 45.67.97.16:0] script '/domains/resourceandeventweb/cong.php' not found or unable to stat
[Sat Feb 21 01:09:50.726088 2026] [php:error] [pid 58540] [client 45.67.97.16:0] script '/domains/system_suspended/entrepreneuse.php' not found or unable to stat
[Sat Feb 21 01:09:50.766490 2026] [php:error] [pid 58623] [client 45.67.97.16:0] script '/domains/ceonlinenews/ab.php' not found or unable to stat
[Sat Feb 21 01:09:50.779030 2026] [php:error] [pid 58624] [client 45.67.97.192:0] script '/domains/byardrealestate/gm.php' not found or unable to stat
[Sat Feb 21 01:09:50.783878 2026] [php:error] [pid 58470] [client 45.67.97.16:0] script '/domains/familyplayhouse2/XxX.php' not found or unable to stat
[Sat Feb 21 01:09:50.797927 2026] [php:error] [pid 58472] [client 45.67.97.16:0] script '/domains/tamara1/item.php' not found or unable to stat
[Sat Feb 21 01:09:50.851785 2026] [php:error] [pid 58519] [client 45.67.97.15:0] script '/domains/nsmd2/wsa.php' not found or unable to stat
[Sat Feb 21 01:09:50.984945 2026] [php:error] [pid 58595] [client 45.67.97.16:0] script '/domains/testregisgroup/images/as.php' not found or unable to stat
[Sat Feb 21 01:09:51.015254 2026] [php:error] [pid 58600] [client 45.67.97.15:0] script '/domains/gohover/memberfuns.php' not found or unable to stat
[Sat Feb 21 01:09:51.035070 2026] [php:error] [pid 58596] [client 45.67.97.192:0] script '/domains/system_default/robots.php' not found or unable to stat
[Sat Feb 21 01:09:51.064822 2026] [php:error] [pid 58618] [client 45.67.97.192:0] script '/domains/micra/setup-config.php' not found or unable to stat
[Sat Feb 21 01:09:51.066219 2026] [php:error] [pid 58609] [client 45.67.97.16:0] script '/domains/antiqueweb1/themes.php' not found or unable to stat
[Sat Feb 21 01:09:51.098033 2026] [php:error] [pid 58453] [client 45.67.97.16:0] script '/domains/csiniaws/XxX.php' not found or unable to stat
[Sat Feb 21 01:09:51.098424 2026] [php:error] [pid 58501] [client 45.67.97.16:0] script '/domains/hand-hammerweb/mini.php' not found or unable to stat
[Sat Feb 21 01:09:51.119267 2026] [php:error] [pid 58535] [client 45.67.97.16:0] script '/domains/vangoghagainweb/images/DJP9.php' not found or unable to stat
[Sat Feb 21 01:09:51.127556 2026] [php:error] [pid 58541] [client 45.67.97.15:0] script '/domains/system_suspended/ms-users.php' not found or unable to stat
[Sat Feb 21 01:09:51.175915 2026] [php:error] [pid 58571] [client 45.67.97.17:0] script '/domains/fayemoran/function.php' not found or unable to stat
[Sat Feb 21 01:09:51.189041 2026] [php:error] [pid 58605] [client 45.67.97.16:0] script '/domains/sjsachs/memberfuns.php' not found or unable to stat
[Sat Feb 21 01:09:51.195081 2026] [php:error] [pid 58592] [client 45.67.97.192:0] script '/domains/system_cancel/dir.php' not found or unable to stat
[Sat Feb 21 01:09:51.247678 2026] [php:error] [pid 58580] [client 45.67.97.15:0] script '/domains/drsuper/default.php' not found or unable to stat
[Sat Feb 21 01:09:51.249368 2026] [php:error] [pid 58619] [client 45.67.97.15:0] script '/domains/system_suspended/adminfuns.php' not found or unable to stat
[Sat Feb 21 01:09:51.251231 2026] [php:error] [pid 58524] [client 45.67.97.192:0] script '/domains/pmglobal/gm.php' not found or unable to stat
[Sat Feb 21 01:09:51.276522 2026] [php:error] [pid 58559] [client 45.67.97.17:0] script '/domains/lover/radio.php' not found or unable to stat
[Sat Feb 21 01:09:51.361847 2026] [php:error] [pid 58504] [client 45.67.97.17:0] script '/domains/pookie.dnai/theme.php' not found or unable to stat
[Sat Feb 21 01:09:51.402506 2026] [php:error] [pid 58549] [client 45.67.97.192:0] script '/domains/peterbmiller/images/c99.php' not found or unable to stat
[Sat Feb 21 01:09:51.421156 2026] [php:error] [pid 58555] [client 45.67.97.17:0] script '/domains/tbarnhil/style.php' not found or unable to stat
[Sat Feb 21 01:09:51.456699 2026] [php:error] [pid 58601] [client 45.67.97.192:0] script '/domains/perless2web/small.php' not found or unable to stat
[Sat Feb 21 01:09:51.482988 2026] [php:error] [pid 58600] [client 45.67.97.15:0] script '/domains/gohover/infos.php' not found or unable to stat
[Sat Feb 21 01:09:51.490595 2026] [php:error] [pid 58638] [client 45.67.97.17:0] script '/domains/fbardin/css.php' not found or unable to stat
[Sat Feb 21 01:09:51.494312 2026] [php:error] [pid 58560] [client 45.67.97.192:0] script '/domains/aatweb/as.php' not found or unable to stat
[Sat Feb 21 01:09:51.506074 2026] [php:error] [pid 58596] [client 45.67.97.192:0] script '/domains/system_default/inputs.php' not found or unable to stat
[Sat Feb 21 01:09:51.534843 2026] [php:error] [pid 58609] [client 45.67.97.16:0] script '/domains/antiqueweb1/wp-themes.php' not found or unable to stat
[Sat Feb 21 01:09:51.569867 2026] [php:error] [pid 58501] [client 45.67.97.16:0] script '/domains/hand-hammerweb/goods.php' not found or unable to stat
[Sat Feb 21 01:09:51.577688 2026] [php:error] [pid 58590] [client 45.67.97.192:0] script '/domains/fdcarter/elp.php' not found or unable to stat
[Sat Feb 21 01:09:51.590126 2026] [php:error] [pid 58550] [client 45.67.97.192:0] script '/domains/dcoffman/wp-blog.php' not found or unable to stat
[Sat Feb 21 01:09:51.659287 2026] [php:error] [pid 58605] [client 45.67.97.16:0] script '/domains/sjsachs/infos.php' not found or unable to stat
[Sat Feb 21 01:09:51.703058 2026] [php:error] [pid 58556] [client 45.67.97.16:0] script '/domains/jrp.interport/ioxi-o.php' not found or unable to stat
[Sat Feb 21 01:09:51.827827 2026] [php:error] [pid 58565] [client 45.67.97.16:0] script '/domains/deltaele/function.php' not found or unable to stat
[Sat Feb 21 01:09:51.870138 2026] [php:error] [pid 58479] [client 45.67.97.17:0] script '/domains/bfitpro2/dropdown.php' not found or unable to stat
[Sat Feb 21 01:09:51.919850 2026] [php:error] [pid 58575] [client 45.67.97.15:0] script '/domains/carynm/wp-header.php' not found or unable to stat
[Sat Feb 21 01:09:51.962881 2026] [php:error] [pid 58560] [client 45.67.97.192:0] script '/domains/aatweb/cc.php' not found or unable to stat
[Sat Feb 21 01:09:51.973727 2026] [php:error] [pid 58596] [client 45.67.97.192:0] script '/domains/system_default/mini.php' not found or unable to stat
[Sat Feb 21 01:09:52.021321 2026] [php:error] [pid 58579] [client 45.67.97.15:0] script '/domains/icrse/dropdown.php' not found or unable to stat
[Sat Feb 21 01:09:52.047891 2026] [php:error] [pid 58501] [client 45.67.97.16:0] script '/domains/hand-hammerweb/file5.php' not found or unable to stat
[Sat Feb 21 01:09:52.121908 2026] [php:error] [pid 58571] [client 45.67.97.17:0] script '/domains/fayemoran/wp-signup.php' not found or unable to stat
[Sat Feb 21 01:09:52.171012 2026] [php:error] [pid 58556] [client 45.67.97.16:0] script '/domains/jrp.interport/info.php' not found or unable to stat
[Sat Feb 21 01:09:52.188972 2026] [php:error] [pid 58623] [client 45.67.97.16:0] script '/domains/ceonlinenews/doc.php' not found or unable to stat
[Sat Feb 21 01:09:52.192067 2026] [php:error] [pid 58619] [client 45.67.97.15:0] script '/domains/system_suspended/wp_wlx.php' not found or unable to stat
[Sat Feb 21 01:09:52.197024 2026] [php:error] [pid 58589] [client 45.67.97.15:0] script '/domains/fryer/default.php' not found or unable to stat
[Sat Feb 21 01:09:52.198810 2026] [php:error] [pid 58581] [client 45.67.97.15:0] script '/domains/system_default/memberfuns.php' not found or unable to stat
[Sat Feb 21 01:09:52.328468 2026] [php:error] [pid 58491] [client 45.67.97.16:0] script '/domains/acagolf1/files.php' not found or unable to stat
[Sat Feb 21 01:09:52.337282 2026] [php:error] [pid 58479] [client 45.67.97.17:0] script '/domains/bfitpro2/images/admin.php' not found or unable to stat
[Sat Feb 21 01:09:52.412420 2026] [php:error] [pid 58601] [client 45.67.97.192:0] script '/domains/perless2web/NewFile.php' not found or unable to stat
[Sat Feb 21 01:09:52.412856 2026] [php:error] [pid 58595] [client 45.67.97.16:0] script '/domains/testregisgroup/cong.php' not found or unable to stat
[Sat Feb 21 01:09:52.441792 2026] [php:error] [pid 58596] [client 45.67.97.192:0] script '/domains/system_default/goods.php' not found or unable to stat
[Sat Feb 21 01:09:52.446288 2026] [php:error] [pid 58584] [client 45.67.97.16:0] script '/domains/hpveweb/testt.php' not found or unable to stat
[Sat Feb 21 01:09:52.476980 2026] [php:error] [pid 58573] [client 45.67.97.192:0] script '/domains/braniff/hehe.php' not found or unable to stat
[Sat Feb 21 01:09:52.496451 2026] [php:error] [pid 58579] [client 45.67.97.15:0] script '/domains/icrse/images/admin.php' not found or unable to stat
[Sat Feb 21 01:09:52.526809 2026] [php:error] [pid 58535] [client 45.67.97.16:0] script '/domains/vangoghagainweb/natural.php' not found or unable to stat
[Sat Feb 21 01:09:52.643649 2026] [php:error] [pid 58556] [client 45.67.97.16:0] script '/domains/jrp.interport/setup.php' not found or unable to stat
[Sat Feb 21 01:09:52.667199 2026] [php:error] [pid 58581] [client 45.67.97.15:0] script '/domains/system_default/infos.php' not found or unable to stat
[Sat Feb 21 01:09:52.742419 2026] [php:error] [pid 58529] [client 45.67.97.15:0] script '/domains/tcrlle/wp-trackback.php' not found or unable to stat
[Sat Feb 21 01:09:52.764656 2026] [php:error] [pid 58500] [client 45.67.97.192:0] script '/domains/system_suspended/plugin-install.php' not found or unable to stat
[Sat Feb 21 01:09:52.767527 2026] [php:error] [pid 58602] [client 45.67.97.17:0] script '/domains/hans.interport/init.php' not found or unable to stat
[Sat Feb 21 01:09:52.771919 2026] [php:error] [pid 58504] [client 45.67.97.17:0] script '/domains/pookie.dnai/Simple.php' not found or unable to stat
[Sat Feb 21 01:09:52.800169 2026] [php:error] [pid 58636] [client 45.67.97.16:0] script '/domains/windsorweb/bs1.php' not found or unable to stat
[Sat Feb 21 01:09:52.804570 2026] [php:error] [pid 58479] [client 45.67.97.17:0] script '/domains/bfitpro2/db.php' not found or unable to stat
[Sat Feb 21 01:09:52.826792 2026] [php:error] [pid 58501] [client 45.67.97.16:0] script '/domains/hand-hammerweb/ahax.php' not found or unable to stat
[Sat Feb 21 01:09:52.827599 2026] [php:error] [pid 58555] [client 45.67.97.17:0] script '/domains/tbarnhil/x.php' not found or unable to stat
[Sat Feb 21 01:09:52.873345 2026] [php:error] [pid 58575] [client 45.67.97.15:0] script '/domains/carynm/Marvins.php' not found or unable to stat
[Sat Feb 21 01:09:52.907296 2026] [php:error] [pid 58560] [client 45.67.97.192:0] script '/domains/aatweb/ab.php' not found or unable to stat
[Sat Feb 21 01:09:52.911021 2026] [php:error] [pid 58596] [client 45.67.97.192:0] script '/domains/system_default/file5.php' not found or unable to stat
[Sat Feb 21 01:09:52.932982 2026] [php:error] [pid 58609] [client 45.67.97.16:0] script '/domains/antiqueweb1/mariju.php' not found or unable to stat
[Sat Feb 21 01:09:52.932991 2026] [php:error] [pid 58618] [client 45.67.97.192:0] script '/domains/micra/type.php' not found or unable to stat
[Sat Feb 21 01:09:52.969885 2026] [php:error] [pid 58579] [client 45.67.97.15:0] script '/domains/icrse/db.php' not found or unable to stat
[Sat Feb 21 01:09:53.003048 2026] [php:error] [pid 58535] [client 45.67.97.16:0] script '/domains/vangoghagainweb/item.php' not found or unable to stat
[Sat Feb 21 01:09:53.005518 2026] [php:error] [pid 58616] [client 45.67.97.15:0] script '/domains/homesbyaudrey1/blog.php' not found or unable to stat
[Sat Feb 21 01:09:53.006526 2026] [php:error] [pid 58629] [client 45.67.97.192:0] script '/domains/rainho/init.php' not found or unable to stat
[Sat Feb 21 01:09:53.061821 2026] [php:error] [pid 58545] [client 45.67.97.192:0] script '/domains/memanuel/gifclass.php' not found or unable to stat
[Sat Feb 21 01:09:53.099654 2026] [php:error] [pid 58592] [client 45.67.97.192:0] script '/domains/system_cancel/nf_tracking.php' not found or unable to stat
[Sat Feb 21 01:09:53.177302 2026] [php:error] [pid 58622] [client 45.67.97.192:0] script '/domains/amisol/dropdown.php' not found or unable to stat
[Sat Feb 21 01:09:53.177840 2026] [php:error] [pid 58559] [client 45.67.97.17:0] script '/domains/lover/wp-conflg.php' not found or unable to stat
[Sat Feb 21 01:09:53.182503 2026] [php:error] [pid 58565] [client 45.67.97.16:0] script '/domains/deltaele/wp-signup.php' not found or unable to stat
[Sat Feb 21 01:09:53.206458 2026] [php:error] [pid 58519] [client 45.67.97.15:0] script '/domains/nsmd2/lv.php' not found or unable to stat
[Sat Feb 21 01:09:53.235316 2026] [php:error] [pid 58627] [client 45.67.97.15:0] script '/domains/lover/init.php' not found or unable to stat
[Sat Feb 21 01:09:53.277868 2026] [php:error] [pid 58549] [client 45.67.97.192:0] script '/domains/peterbmiller/setup-config.php' not found or unable to stat
[Sat Feb 21 01:09:53.297481 2026] [php:error] [pid 58501] [client 45.67.97.16:0] script '/domains/hand-hammerweb/f35.php' not found or unable to stat
[Sat Feb 21 01:09:53.351052 2026] [php:error] [pid 58601] [client 45.67.97.192:0] script '/domains/perless2web/error.php' not found or unable to stat
[Sat Feb 21 01:09:53.354344 2026] [php:error] [pid 58600] [client 45.67.97.15:0] script '/domains/gohover/options-writing.php' not found or unable to stat
[Sat Feb 21 01:09:53.356788 2026] [php:error] [pid 58632] [client 45.67.97.17:0] script '/domains/pbuilder/ws.php' not found or unable to stat
[Sat Feb 21 01:09:53.383698 2026] [php:error] [pid 58596] [client 45.67.97.192:0] script '/domains/system_default/ahax.php' not found or unable to stat
[Sat Feb 21 01:09:53.398534 2026] [php:error] [pid 58609] [client 45.67.97.16:0] script '/domains/antiqueweb1/waf_defender.php' not found or unable to stat
[Sat Feb 21 01:09:53.457517 2026] [php:error] [pid 58550] [client 45.67.97.192:0] script '/domains/dcoffman/wp-l0gin.php' not found or unable to stat
[Sat Feb 21 01:09:53.526850 2026] [php:error] [pid 58545] [client 45.67.97.192:0] script '/domains/memanuel/plugin.php' not found or unable to stat
[Sat Feb 21 01:09:53.526881 2026] [php:error] [pid 58597] [client 45.67.97.17:0] script '/domains/bels/adminfusm.php' not found or unable to stat
[Sat Feb 21 01:09:53.536717 2026] [php:error] [pid 58571] [client 45.67.97.17:0] script '/domains/fayemoran/wp-blog.php' not found or unable to stat
[Sat Feb 21 01:09:53.541158 2026] [php:error] [pid 58605] [client 45.67.97.16:0] script '/domains/sjsachs/options-writing.php' not found or unable to stat
[Sat Feb 21 01:09:53.570708 2026] [php:error] [pid 58522] [client 45.67.97.16:0] script '/domains/hungariantasteweb/images/autoload_classmap.php' not found or unable to stat
[Sat Feb 21 01:09:53.603330 2026] [php:error] [pid 58623] [client 45.67.97.16:0] script '/domains/ceonlinenews/wp-login.php' not found or unable to stat
[Sat Feb 21 01:09:53.609832 2026] [php:error] [pid 58619] [client 45.67.97.15:0] script '/domains/system_suspended/wp.php' not found or unable to stat
[Sat Feb 21 01:09:53.648099 2026] [php:error] [pid 58622] [client 45.67.97.192:0] script '/domains/amisol/images/admin.php' not found or unable to stat
[Sat Feb 21 01:09:53.651448 2026] [php:error] [pid 58559] [client 45.67.97.17:0] script '/domains/lover/wp-setup.php' not found or unable to stat
[Sat Feb 21 01:09:53.678514 2026] [php:error] [pid 58529] [client 45.67.97.15:0] script '/domains/tcrlle/radio.php' not found or unable to stat
[Sat Feb 21 01:09:53.771351 2026] [php:error] [pid 58501] [client 45.67.97.16:0] script '/domains/hand-hammerweb/simple.php' not found or unable to stat
[Sat Feb 21 01:09:53.814083 2026] [php:error] [pid 58575] [client 45.67.97.15:0] script '/domains/carynm/wp-class.php' not found or unable to stat
[Sat Feb 21 01:09:53.821776 2026] [php:error] [pid 58600] [client 45.67.97.15:0] script '/domains/gohover/options-reading.php' not found or unable to stat
[Sat Feb 21 01:09:53.852864 2026] [php:error] [pid 58596] [client 45.67.97.192:0] script '/domains/system_default/f35.php' not found or unable to stat
[Sat Feb 21 01:09:53.979537 2026] [php:error] [pid 58519] [client 45.67.97.15:0] script '/domains/nsmd2/images/js1.php' not found or unable to stat
[Sat Feb 21 01:09:53.994578 2026] [php:error] [pid 58564] [client 45.67.97.16:0] script '/domains/resourceandeventweb/wp-configs.php' not found or unable to stat
[Sat Feb 21 01:09:54.014860 2026] [php:error] [pid 58605] [client 45.67.97.16:0] script '/domains/sjsachs/options-reading.php' not found or unable to stat
[Sat Feb 21 01:09:54.067455 2026] [php:error] [pid 58580] [client 45.67.97.15:0] script '/domains/drsuper/dropdown.php' not found or unable to stat
[Sat Feb 21 01:09:54.073980 2026] [php:error] [pid 58623] [client 45.67.97.16:0] script '/domains/ceonlinenews/mar.php' not found or unable to stat
[Sat Feb 21 01:09:54.116067 2026] [php:error] [pid 58622] [client 45.67.97.192:0] script '/domains/amisol/db.php' not found or unable to stat
[Sat Feb 21 01:09:54.121005 2026] [php:error] [pid 58559] [client 45.67.97.17:0] script '/domains/lover/ms-themes.php' not found or unable to stat
[Sat Feb 21 01:09:54.181563 2026] [php:error] [pid 58558] [client 45.67.97.192:0] script '/domains/system_default/wp-content.php' not found or unable to stat
[Sat Feb 21 01:09:54.198984 2026] [php:error] [pid 58636] [client 45.67.97.16:0] script '/domains/windsorweb/page.php' not found or unable to stat
[Sat Feb 21 01:09:54.291676 2026] [php:error] [pid 58600] [client 45.67.97.15:0] script '/domains/gohover/wsad.php' not found or unable to stat
[Sat Feb 21 01:09:54.312474 2026] [php:error] [pid 58638] [client 45.67.97.17:0] script '/domains/fbardin/wp-error_log.php' not found or unable to stat
[Sat Feb 21 01:09:54.316782 2026] [php:error] [pid 58560] [client 45.67.97.192:0] script '/domains/aatweb/doc.php' not found or unable to stat
[Sat Feb 21 01:09:54.321683 2026] [php:error] [pid 58637] [client 45.67.97.15:0] script '/domains/tmandel/gm.php' not found or unable to stat
[Sat Feb 21 01:09:54.325345 2026] [php:error] [pid 58596] [client 45.67.97.192:0] script '/domains/system_default/simple.php' not found or unable to stat
[Sat Feb 21 01:09:54.337528 2026] [php:error] [pid 58609] [client 45.67.97.16:0] script '/domains/antiqueweb1/av.php' not found or unable to stat
[Sat Feb 21 01:09:54.486626 2026] [php:error] [pid 58605] [client 45.67.97.16:0] script '/domains/sjsachs/wsad.php' not found or unable to stat
[Sat Feb 21 01:09:54.532730 2026] [php:error] [pid 58581] [client 45.67.97.15:0] script '/domains/system_default/options-writing.php' not found or unable to stat
[Sat Feb 21 01:09:54.540897 2026] [php:error] [pid 58580] [client 45.67.97.15:0] script '/domains/drsuper/images/admin.php' not found or unable to stat
[Sat Feb 21 01:09:54.696013 2026] [php:error] [pid 58555] [client 45.67.97.17:0] script '/domains/tbarnhil/wp-user.php' not found or unable to stat
[Sat Feb 21 01:09:54.760597 2026] [php:error] [pid 58600] [client 45.67.97.15:0] script '/domains/gohover/nation.php' not found or unable to stat
[Sat Feb 21 01:09:54.764575 2026] [php:error] [pid 58575] [client 45.67.97.15:0] script '/domains/carynm/xx.php' not found or unable to stat
[Sat Feb 21 01:09:54.774832 2026] [php:error] [pid 58632] [client 45.67.97.17:0] script '/domains/pbuilder/shop.php' not found or unable to stat
[Sat Feb 21 01:09:54.789519 2026] [php:error] [pid 58550] [client 45.67.97.192:0] script '/domains/dcoffman/new.php' not found or unable to stat
[Sat Feb 21 01:09:54.858515 2026] [php:error] [pid 58545] [client 45.67.97.192:0] script '/domains/memanuel/update-core.php' not found or unable to stat
[Sat Feb 21 01:09:54.873030 2026] [php:error] [pid 58573] [client 45.67.97.192:0] script '/domains/braniff/dir.php' not found or unable to stat
[Sat Feb 21 01:09:54.913439 2026] [php:error] [pid 58565] [client 45.67.97.16:0] script '/domains/deltaele/wp-blog.php' not found or unable to stat
[Sat Feb 21 01:09:54.955565 2026] [php:error] [pid 58605] [client 45.67.97.16:0] script '/domains/sjsachs/nation.php' not found or unable to stat
[Sat Feb 21 01:09:54.999156 2026] [php:error] [pid 58592] [client 45.67.97.192:0] script '/domains/system_cancel/l.php' not found or unable to stat
[Sat Feb 21 01:09:54.999272 2026] [php:error] [pid 58581] [client 45.67.97.15:0] script '/domains/system_default/options-reading.php' not found or unable to stat
[Sat Feb 21 01:09:55.001422 2026] [php:error] [pid 58556] [client 45.67.97.16:0] script '/domains/jrp.interport/as.php' not found or unable to stat
[Sat Feb 21 01:09:55.010235 2026] [php:error] [pid 58580] [client 45.67.97.15:0] script '/domains/drsuper/db.php' not found or unable to stat
[Sat Feb 21 01:09:55.028009 2026] [php:error] [pid 58619] [client 45.67.97.15:0] script '/domains/system_suspended/wp-header.php' not found or unable to stat
[Sat Feb 21 01:09:55.028182 2026] [php:error] [pid 58589] [client 45.67.97.15:0] script '/domains/fryer/dropdown.php' not found or unable to stat
[Sat Feb 21 01:09:55.069134 2026] [php:error] [pid 58559] [client 45.67.97.17:0] script '/domains/lover/style.php' not found or unable to stat
[Sat Feb 21 01:09:55.167164 2026] [php:error] [pid 58549] [client 45.67.97.192:0] script '/domains/peterbmiller/type.php' not found or unable to stat
[Sat Feb 21 01:09:55.238498 2026] [php:error] [pid 58575] [client 45.67.97.15:0] script '/domains/carynm/autoload_classmap.php' not found or unable to stat
[Sat Feb 21 01:09:55.241196 2026] [php:error] [pid 58601] [client 45.67.97.192:0] script '/domains/perless2web/wp-files.php' not found or unable to stat
[Sat Feb 21 01:09:55.432810 2026] [php:error] [pid 58571] [client 45.67.97.17:0] script '/domains/fayemoran/wp-l0gin.php' not found or unable to stat
[Sat Feb 21 01:09:55.465216 2026] [php:error] [pid 58581] [client 45.67.97.15:0] script '/domains/system_default/wsad.php' not found or unable to stat
[Sat Feb 21 01:09:55.469708 2026] [php:error] [pid 58556] [client 45.67.97.16:0] script '/domains/jrp.interport/cc.php' not found or unable to stat
[Sat Feb 21 01:09:55.470613 2026] [php:error] [pid 58592] [client 45.67.97.192:0] script '/domains/system_cancel/repeater.php' not found or unable to stat
[Sat Feb 21 01:09:55.489962 2026] [php:error] [pid 58623] [client 45.67.97.16:0] script '/domains/ceonlinenews/1.php' not found or unable to stat
[Sat Feb 21 01:09:55.554238 2026] [php:error] [pid 58529] [client 45.67.97.15:0] script '/domains/tcrlle/wp-conflg.php' not found or unable to stat
[Sat Feb 21 01:09:55.666319 2026] [php:error] [pid 58588] [client 45.67.97.192:0] script '/domains/frog.interport1/testt.php' not found or unable to stat
[Sat Feb 21 01:09:55.708988 2026] [php:error] [pid 58601] [client 45.67.97.192:0] script '/domains/perless2web/functions.php' not found or unable to stat
[Sat Feb 21 01:09:55.736759 2026] [php:error] [pid 58620] [client 45.67.97.15:0] script '/domains/rnachum/goat.php' not found or unable to stat
[Sat Feb 21 01:09:55.740137 2026] [php:error] [pid 58560] [client 45.67.97.192:0] script '/domains/aatweb/wp-login.php' not found or unable to stat
[Sat Feb 21 01:09:55.740321 2026] [php:error] [pid 58595] [client 45.67.97.16:0] script '/domains/testregisgroup/wp-configs.php' not found or unable to stat
[Sat Feb 21 01:09:55.741271 2026] [php:error] [pid 58584] [client 45.67.97.16:0] script '/domains/hpveweb/network.php' not found or unable to stat
[Sat Feb 21 01:09:55.794726 2026] [php:error] [pid 58545] [client 45.67.97.192:0] script '/domains/memanuel/wp-mail.php' not found or unable to stat
[Sat Feb 21 01:09:55.866372 2026] [php:error] [pid 58615] [client 45.67.97.17:0] script '/domains/cccweb/inc.php' not found or unable to stat
[Sat Feb 21 01:09:55.941436 2026] [php:error] [pid 58581] [client 45.67.97.15:0] script '/domains/system_default/nation.php' not found or unable to stat
[Sat Feb 21 01:09:55.972189 2026] [php:error] [pid 58619] [client 45.67.97.15:0] script '/domains/system_suspended/Marvins.php' not found or unable to stat
[Sat Feb 21 01:09:55.972383 2026] [php:error] [pid 58589] [client 45.67.97.15:0] script '/domains/fryer/db.php' not found or unable to stat
[Sat Feb 21 01:09:56.027083 2026] [php:error] [pid 58529] [client 45.67.97.15:0] script '/domains/tcrlle/wp-setup.php' not found or unable to stat
[Sat Feb 21 01:09:56.111664 2026] [php:error] [pid 58555] [client 45.67.97.17:0] script '/domains/tbarnhil/config.php' not found or unable to stat
[Sat Feb 21 01:09:56.177631 2026] [php:error] [pid 58525] [client 45.67.97.16:0] script '/domains/system_suspended/hehehehe.php' not found or unable to stat
[Sat Feb 21 01:09:56.183328 2026] [php:error] [pid 58598] [client 45.67.97.15:0] script '/domains/afglcweb/classwithtostring.php' not found or unable to stat
[Sat Feb 21 01:09:56.208204 2026] [php:error] [pid 58560] [client 45.67.97.192:0] script '/domains/aatweb/mar.php' not found or unable to stat
[Sat Feb 21 01:09:56.247140 2026] [php:error] [pid 58590] [client 45.67.97.192:0] script '/domains/fdcarter/entrepreneuse.php' not found or unable to stat
[Sat Feb 21 01:09:56.381459 2026] [php:error] [pid 58571] [client 45.67.97.17:0] script '/domains/fayemoran/new.php' not found or unable to stat
[Sat Feb 21 01:09:56.410370 2026] [php:error] [pid 58556] [client 45.67.97.16:0] script '/domains/jrp.interport/ab.php' not found or unable to stat
[Sat Feb 21 01:09:56.442301 2026] [php:error] [pid 58524] [client 45.67.97.192:0] script '/domains/pmglobal/plugin-install.php' not found or unable to stat
[Sat Feb 21 01:09:56.486002 2026] [php:error] [pid 58559] [client 45.67.97.17:0] script '/domains/lover/x.php' not found or unable to stat
[Sat Feb 21 01:09:56.492949 2026] [php:error] [pid 58529] [client 45.67.97.15:0] script '/domains/tcrlle/ms-themes.php' not found or unable to stat
[Sat Feb 21 01:09:56.535450 2026] [php:error] [pid 58558] [client 45.67.97.192:0] script '/domains/system_default/customize.php' not found or unable to stat
[Sat Feb 21 01:09:56.583541 2026] [php:error] [pid 58602] [client 45.67.97.17:0] script '/domains/hans.interport/adminfuns.php' not found or unable to stat
[Sat Feb 21 01:09:56.653934 2026] [php:error] [pid 58575] [client 45.67.97.15:0] script '/domains/carynm/content.php' not found or unable to stat
