[Sat Feb 21 01:09:21.860098 2026] [php:error] [pid 58502] [client 45.67.97.17:0] script '/domains/bruceweb/Sanskrit.php' not found or unable to stat
[Sat Feb 21 01:09:21.885877 2026] [php:error] [pid 58602] [client 45.67.97.17:0] script '/domains/rainho/filemanager.php' not found or unable to stat
[Sat Feb 21 01:09:21.963426 2026] [php:error] [pid 58614] [client 45.67.97.192:0] script '/domains/perless2web/filefuns.php' not found or unable to stat
[Sat Feb 21 01:09:21.983796 2026] [php:error] [pid 58515] [client 45.67.97.16:0] script '/domains/carynm/images/DJP9.php' not found or unable to stat
[Sat Feb 21 01:09:22.041573 2026] [php:error] [pid 58524] [client 45.67.97.15:0] script '/domains/pbuilder/wsax.php' not found or unable to stat
[Sat Feb 21 01:09:22.053690 2026] [php:error] [pid 58571] [client 45.67.97.17:0] script '/domains/fayemoran/robots.php' not found or unable to stat
[Sat Feb 21 01:09:22.126785 2026] [php:error] [pid 58617] [client 45.67.97.16:0] script '/domains/sjsachs/small.php' not found or unable to stat
[Sat Feb 21 01:09:22.130134 2026] [php:error] [pid 58598] [client 45.67.97.16:0] script '/domains/pmglobal/makeasmtp.php' not found or unable to stat
[Sat Feb 21 01:09:22.154092 2026] [php:error] [pid 58550] [client 45.67.97.192:0] script '/domains/dcoffman/goods.php' not found or unable to stat
[Sat Feb 21 01:09:22.158941 2026] [php:error] [pid 58565] [client 45.67.97.16:0] script '/domains/deltaele/mah.php' not found or unable to stat
[Sat Feb 21 01:09:22.204566 2026] [php:error] [pid 58540] [client 45.67.97.16:0] script '/domains/system_suspended/shop.php' not found or unable to stat
[Sat Feb 21 01:09:22.268203 2026] [php:error] [pid 58564] [client 45.67.97.192:0] script '/domains/resourceandeventweb/testt.php' not found or unable to stat
[Sat Feb 21 01:09:22.268276 2026] [php:error] [pid 58509] [client 45.67.97.17:0] script '/domains/familyplayhouse2/wpn.php' not found or unable to stat
[Sat Feb 21 01:09:22.306327 2026] [php:error] [pid 58584] [client 45.67.97.16:0] script '/domains/hpveweb/wp-api.php' not found or unable to stat
[Sat Feb 21 01:09:22.338848 2026] [php:error] [pid 58502] [client 45.67.97.17:0] script '/domains/bruceweb/wp-fmfile.php' not found or unable to stat
[Sat Feb 21 01:09:22.403865 2026] [php:error] [pid 58596] [client 45.67.97.17:0] script '/domains/braniff/lock.php' not found or unable to stat
[Sat Feb 21 01:09:22.480499 2026] [php:error] [pid 58580] [client 45.67.97.15:0] script '/domains/gohover/NewFile.php' not found or unable to stat
[Sat Feb 21 01:09:22.521279 2026] [php:error] [pid 58571] [client 45.67.97.17:0] script '/domains/fayemoran/inputs.php' not found or unable to stat
[Sat Feb 21 01:09:22.528575 2026] [php:error] [pid 58558] [client 45.67.97.15:0] script '/domains/drsuper/classwithtostring.php' not found or unable to stat
[Sat Feb 21 01:09:22.571753 2026] [php:error] [pid 58501] [client 45.67.97.192:0] script '/domains/hans.interport/function.php' not found or unable to stat
[Sat Feb 21 01:09:22.601081 2026] [php:error] [pid 58605] [client 45.67.97.17:0] script '/domains/tmandel/xex.php' not found or unable to stat
[Sat Feb 21 01:09:22.619536 2026] [php:error] [pid 58550] [client 45.67.97.192:0] script '/domains/dcoffman/file5.php' not found or unable to stat
[Sat Feb 21 01:09:22.619592 2026] [php:error] [pid 58568] [client 45.67.97.17:0] script '/domains/fryer/classwithtostring.php' not found or unable to stat
[Sat Feb 21 01:09:22.638284 2026] [php:error] [pid 58579] [client 45.67.97.192:0] script '/domains/bfitpro2/file.php' not found or unable to stat
[Sat Feb 21 01:09:22.674907 2026] [php:error] [pid 58519] [client 45.67.97.15:0] script '/domains/nsmd2/jp.php' not found or unable to stat
[Sat Feb 21 01:09:22.721330 2026] [php:error] [pid 58592] [client 45.67.97.17:0] script '/domains/fbardin/images/Marvins.php' not found or unable to stat
[Sat Feb 21 01:09:22.843875 2026] [php:error] [pid 58590] [client 45.67.97.192:0] script '/domains/fdcarter/images/autoload_classmap.php' not found or unable to stat
[Sat Feb 21 01:09:22.849039 2026] [php:error] [pid 58504] [client 45.67.97.17:0] script '/domains/icrse/file.php' not found or unable to stat
[Sat Feb 21 01:09:22.882500 2026] [php:error] [pid 58620] [client 45.67.97.15:0] script '/domains/rnachum/ms-users.php' not found or unable to stat
[Sat Feb 21 01:09:22.895080 2026] [php:error] [pid 58611] [client 45.67.97.192:0] script '/domains/trodine/worm.PhP' not found or unable to stat
[Sat Feb 21 01:09:22.895225 2026] [php:error] [pid 58603] [client 45.67.97.192:0] script '/domains/druckrey/cong.php' not found or unable to stat
[Sat Feb 21 01:09:22.905237 2026] [php:error] [pid 58614] [client 45.67.97.192:0] script '/domains/perless2web/l.php' not found or unable to stat
[Sat Feb 21 01:09:22.905257 2026] [php:error] [pid 58479] [client 45.67.97.192:0] script '/domains/byardrealestate/images/bypass.php' not found or unable to stat
[Sat Feb 21 01:09:22.988465 2026] [php:error] [pid 58571] [client 45.67.97.17:0] script '/domains/fayemoran/mini.php' not found or unable to stat
[Sat Feb 21 01:09:23.018962 2026] [php:error] [pid 58601] [client 45.67.97.17:0] script '/domains/miles.interport/atomlib.php' not found or unable to stat
[Sat Feb 21 01:09:23.061495 2026] [php:error] [pid 58574] [client 45.67.97.17:0] script '/domains/amisol/tinyfilemanager.php' not found or unable to stat
[Sat Feb 21 01:09:23.074861 2026] [php:error] [pid 58617] [client 45.67.97.16:0] script '/domains/sjsachs/NewFile.php' not found or unable to stat
[Sat Feb 21 01:09:23.079284 2026] [php:error] [pid 58535] [client 45.67.97.16:0] script '/domains/vangoghagainweb/images/upload.php' not found or unable to stat
[Sat Feb 21 01:09:23.085456 2026] [php:error] [pid 58550] [client 45.67.97.192:0] script '/domains/dcoffman/ahax.php' not found or unable to stat
[Sat Feb 21 01:09:23.098617 2026] [php:error] [pid 58565] [client 45.67.97.16:0] script '/domains/deltaele/core.php' not found or unable to stat
[Sat Feb 21 01:09:23.145093 2026] [php:error] [pid 58519] [client 45.67.97.15:0] script '/domains/nsmd2/wp-atom.php' not found or unable to stat
[Sat Feb 21 01:09:23.157739 2026] [php:error] [pid 58545] [client 45.67.97.17:0] script '/domains/system_suspended/cong.php' not found or unable to stat
[Sat Feb 21 01:09:23.157947 2026] [php:error] [pid 58572] [client 45.67.97.15:0] script '/domains/csiniaws/wpn.php' not found or unable to stat
[Sat Feb 21 01:09:23.244552 2026] [php:error] [pid 58584] [client 45.67.97.16:0] script '/domains/hpveweb/css.php' not found or unable to stat
[Sat Feb 21 01:09:23.288485 2026] [php:error] [pid 58493] [client 45.67.97.15:0] script '/domains/pookie.dnai/hehe.php' not found or unable to stat
[Sat Feb 21 01:09:23.293216 2026] [php:error] [pid 58609] [client 45.67.97.16:0] script '/domains/hungariantasteweb/b.php' not found or unable to stat
[Sat Feb 21 01:09:23.362509 2026] [php:error] [pid 58470] [client 45.67.97.17:0] script '/domains/system_suspended/wp-l0gin.php' not found or unable to stat
[Sat Feb 21 01:09:23.363347 2026] [php:error] [pid 58611] [client 45.67.97.192:0] script '/domains/trodine/ext.php' not found or unable to stat
[Sat Feb 21 01:09:23.373186 2026] [php:error] [pid 58614] [client 45.67.97.192:0] script '/domains/perless2web/repeater.php' not found or unable to stat
[Sat Feb 21 01:09:23.421112 2026] [php:error] [pid 58515] [client 45.67.97.16:0] script '/domains/carynm/natural.php' not found or unable to stat
[Sat Feb 21 01:09:23.462629 2026] [php:error] [pid 58571] [client 45.67.97.17:0] script '/domains/fayemoran/goods.php' not found or unable to stat
[Sat Feb 21 01:09:23.490772 2026] [php:error] [pid 58549] [client 45.67.97.17:0] script '/domains/ceonlinenews/hehehehe.php' not found or unable to stat
[Sat Feb 21 01:09:23.503589 2026] [php:error] [pid 58541] [client 45.67.97.17:0] script '/domains/biehlweb/images/c99.php' not found or unable to stat
[Sat Feb 21 01:09:23.506946 2026] [php:error] [pid 58531] [client 45.67.97.15:0] script '/domains/jaspen/f35_SpaceTn.php' not found or unable to stat
[Sat Feb 21 01:09:23.521777 2026] [php:error] [pid 58599] [client 45.67.97.15:0] script '/domains/lover/function.php' not found or unable to stat
[Sat Feb 21 01:09:23.522104 2026] [php:error] [pid 58501] [client 45.67.97.192:0] script '/domains/hans.interport/wp-signup.php' not found or unable to stat
[Sat Feb 21 01:09:23.527188 2026] [php:error] [pid 58598] [client 45.67.97.16:0] script '/domains/pmglobal/images/bypass.php' not found or unable to stat
[Sat Feb 21 01:09:23.551234 2026] [php:error] [pid 58550] [client 45.67.97.192:0] script '/domains/dcoffman/f35.php' not found or unable to stat
[Sat Feb 21 01:09:23.569509 2026] [php:error] [pid 58565] [client 45.67.97.16:0] script '/domains/deltaele/robots.php' not found or unable to stat
[Sat Feb 21 01:09:23.573658 2026] [php:error] [pid 58500] [client 45.67.97.17:0] script '/domains/system_default/small.php' not found or unable to stat
[Sat Feb 21 01:09:23.613577 2026] [php:error] [pid 58560] [client 45.67.97.16:0] script '/domains/peterbmiller/wp-configs.php' not found or unable to stat
[Sat Feb 21 01:09:23.714739 2026] [php:error] [pid 58509] [client 45.67.97.16:0] script '/domains/quintet/default.php' not found or unable to stat
[Sat Feb 21 01:09:23.739030 2026] [php:error] [pid 58491] [client 45.67.97.16:0] script '/domains/acagolf1/bs1.php' not found or unable to stat
[Sat Feb 21 01:09:23.825702 2026] [php:error] [pid 58580] [client 45.67.97.15:0] script '/domains/gohover/error.php' not found or unable to stat
[Sat Feb 21 01:09:23.830800 2026] [php:error] [pid 58611] [client 45.67.97.192:0] script '/domains/trodine/delpaths.php' not found or unable to stat
[Sat Feb 21 01:09:23.844622 2026] [php:error] [pid 58559] [client 45.67.97.17:0] script '/domains/lover/bypass.php' not found or unable to stat
[Sat Feb 21 01:09:23.896144 2026] [php:error] [pid 58515] [client 45.67.97.16:0] script '/domains/carynm/item.php' not found or unable to stat
[Sat Feb 21 01:09:23.935122 2026] [php:error] [pid 58571] [client 45.67.97.17:0] script '/domains/fayemoran/file5.php' not found or unable to stat
[Sat Feb 21 01:09:23.937963 2026] [php:error] [pid 58558] [client 45.67.97.15:0] script '/domains/drsuper/tinyfilemanager.php' not found or unable to stat
[Sat Feb 21 01:09:24.016671 2026] [php:error] [pid 58550] [client 45.67.97.192:0] script '/domains/dcoffman/simple.php' not found or unable to stat
[Sat Feb 21 01:09:24.017990 2026] [php:error] [pid 58568] [client 45.67.97.17:0] script '/domains/fryer/tinyfilemanager.php' not found or unable to stat
[Sat Feb 21 01:09:24.020702 2026] [php:error] [pid 58617] [client 45.67.97.16:0] script '/domains/sjsachs/error.php' not found or unable to stat
[Sat Feb 21 01:09:24.040884 2026] [php:error] [pid 58565] [client 45.67.97.16:0] script '/domains/deltaele/inputs.php' not found or unable to stat
[Sat Feb 21 01:09:24.082479 2026] [php:error] [pid 58579] [client 45.67.97.192:0] script '/domains/bfitpro2/buy.php' not found or unable to stat
[Sat Feb 21 01:09:24.086101 2026] [php:error] [pid 58519] [client 45.67.97.15:0] script '/domains/nsmd2/up.php' not found or unable to stat
[Sat Feb 21 01:09:24.207683 2026] [php:error] [pid 58600] [client 45.67.97.192:0] script '/domains/ferguson.interport/goat.php' not found or unable to stat
[Sat Feb 21 01:09:24.225602 2026] [php:error] [pid 58502] [client 45.67.97.17:0] script '/domains/bruceweb/memberfuns.php' not found or unable to stat
[Sat Feb 21 01:09:24.235714 2026] [php:error] [pid 58546] [client 45.67.97.17:0] script '/domains/proinc/gm.php' not found or unable to stat
[Sat Feb 21 01:09:24.279625 2026] [php:error] [pid 58504] [client 45.67.97.17:0] script '/domains/icrse/buy.php' not found or unable to stat
[Sat Feb 21 01:09:24.305490 2026] [php:error] [pid 58470] [client 45.67.97.17:0] script '/domains/system_suspended/new.php' not found or unable to stat
[Sat Feb 21 01:09:24.314648 2026] [php:error] [pid 58559] [client 45.67.97.17:0] script '/domains/lover/class.php' not found or unable to stat
[Sat Feb 21 01:09:24.403111 2026] [php:error] [pid 58571] [client 45.67.97.17:0] script '/domains/fayemoran/ahax.php' not found or unable to stat
[Sat Feb 21 01:09:24.466978 2026] [php:error] [pid 58599] [client 45.67.97.15:0] script '/domains/lover/wp-signup.php' not found or unable to stat
[Sat Feb 21 01:09:24.476215 2026] [php:error] [pid 58574] [client 45.67.97.17:0] script '/domains/amisol/file.php' not found or unable to stat
[Sat Feb 21 01:09:24.505465 2026] [php:error] [pid 58500] [client 45.67.97.17:0] script '/domains/system_default/NewFile.php' not found or unable to stat
[Sat Feb 21 01:09:24.515382 2026] [php:error] [pid 58565] [client 45.67.97.16:0] script '/domains/deltaele/mini.php' not found or unable to stat
[Sat Feb 21 01:09:24.649770 2026] [php:error] [pid 58588] [client 45.67.97.192:0] script '/domains/frog.interport1/wp-api.php' not found or unable to stat
[Sat Feb 21 01:09:24.656338 2026] [php:error] [pid 58593] [client 45.67.97.16:0] script '/domains/testregisgroup/testt.php' not found or unable to stat
[Sat Feb 21 01:09:24.683194 2026] [php:error] [pid 58589] [client 45.67.97.192:0] script '/domains/system_default/byp.php' not found or unable to stat
[Sat Feb 21 01:09:24.703369 2026] [php:error] [pid 58493] [client 45.67.97.15:0] script '/domains/pookie.dnai/dir.php' not found or unable to stat
[Sat Feb 21 01:09:24.706115 2026] [php:error] [pid 58502] [client 45.67.97.17:0] script '/domains/bruceweb/infos.php' not found or unable to stat
[Sat Feb 21 01:09:24.735742 2026] [php:error] [pid 58602] [client 45.67.97.17:0] script '/domains/rainho/function.php' not found or unable to stat
[Sat Feb 21 01:09:24.797127 2026] [php:error] [pid 58614] [client 45.67.97.192:0] script '/domains/perless2web/contacts.php' not found or unable to stat
[Sat Feb 21 01:09:24.858668 2026] [php:error] [pid 58506] [client 45.67.97.192:0] script '/domains/astweb/images/wp-aespa.php' not found or unable to stat
[Sat Feb 21 01:09:24.883696 2026] [php:error] [pid 58571] [client 45.67.97.17:0] script '/domains/fayemoran/f35.php' not found or unable to stat
[Sat Feb 21 01:09:24.937717 2026] [php:error] [pid 58555] [client 45.67.97.17:0] script '/domains/tbarnhil/init.php' not found or unable to stat
[Sat Feb 21 01:09:24.938869 2026] [php:error] [pid 58501] [client 45.67.97.192:0] script '/domains/hans.interport/wp-blog.php' not found or unable to stat
[Sat Feb 21 01:09:24.942627 2026] [php:error] [pid 58605] [client 45.67.97.17:0] script '/domains/tmandel/wp-head.php' not found or unable to stat
[Sat Feb 21 01:09:24.984249 2026] [php:error] [pid 58565] [client 45.67.97.16:0] script '/domains/deltaele/goods.php' not found or unable to stat
[Sat Feb 21 01:09:24.994873 2026] [php:error] [pid 58615] [client 45.67.97.17:0] script '/domains/cccweb/manager.php' not found or unable to stat
[Sat Feb 21 01:09:25.080451 2026] [php:error] [pid 58529] [client 45.67.97.15:0] script '/domains/tcrlle/install.php' not found or unable to stat
[Sat Feb 21 01:09:25.151453 2026] [php:error] [pid 58491] [client 45.67.97.16:0] script '/domains/acagolf1/page.php' not found or unable to stat
[Sat Feb 21 01:09:25.268280 2026] [php:error] [pid 58614] [client 45.67.97.192:0] script '/domains/perless2web/wsa.php' not found or unable to stat
[Sat Feb 21 01:09:25.354466 2026] [php:error] [pid 58571] [client 45.67.97.17:0] script '/domains/fayemoran/simple.php' not found or unable to stat
[Sat Feb 21 01:09:25.357519 2026] [php:error] [pid 58558] [client 45.67.97.15:0] script '/domains/drsuper/file.php' not found or unable to stat
[Sat Feb 21 01:09:25.380803 2026] [php:error] [pid 58541] [client 45.67.97.17:0] script '/domains/biehlweb/setup-config.php' not found or unable to stat
[Sat Feb 21 01:09:25.420798 2026] [php:error] [pid 58568] [client 45.67.97.17:0] script '/domains/fryer/file.php' not found or unable to stat
[Sat Feb 21 01:09:25.422110 2026] [php:error] [pid 58522] [client 45.67.97.192:0] script '/domains/memanuel/fm.php' not found or unable to stat
[Sat Feb 21 01:09:25.436765 2026] [php:error] [pid 58500] [client 45.67.97.17:0] script '/domains/system_default/error.php' not found or unable to stat
[Sat Feb 21 01:09:25.459087 2026] [php:error] [pid 58565] [client 45.67.97.16:0] script '/domains/deltaele/file5.php' not found or unable to stat
[Sat Feb 21 01:09:25.465114 2026] [php:error] [pid 58615] [client 45.67.97.17:0] script '/domains/cccweb/bless.php' not found or unable to stat
[Sat Feb 21 01:09:25.482889 2026] [php:error] [pid 58526] [client 45.67.97.17:0] script '/domains/system_default/b.php' not found or unable to stat
[Sat Feb 21 01:09:25.511363 2026] [php:error] [pid 58540] [client 45.67.97.16:0] script '/domains/system_suspended/wp-api.php' not found or unable to stat
[Sat Feb 21 01:09:25.572459 2026] [php:error] [pid 58575] [client 45.67.97.17:0] script '/domains/magicjim/theme.php' not found or unable to stat
[Sat Feb 21 01:09:25.672650 2026] [php:error] [pid 58602] [client 45.67.97.17:0] script '/domains/rainho/wp-signup.php' not found or unable to stat
[Sat Feb 21 01:09:25.694701 2026] [php:error] [pid 58596] [client 45.67.97.17:0] script '/domains/braniff/wp-good.php' not found or unable to stat
[Sat Feb 21 01:09:25.695626 2026] [php:error] [pid 58580] [client 45.67.97.15:0] script '/domains/gohover/wp-files.php' not found or unable to stat
[Sat Feb 21 01:09:25.847640 2026] [php:error] [pid 58564] [client 45.67.97.192:0] script '/domains/resourceandeventweb/network.php' not found or unable to stat
[Sat Feb 21 01:09:25.896362 2026] [php:error] [pid 58574] [client 45.67.97.17:0] script '/domains/amisol/buy.php' not found or unable to stat
[Sat Feb 21 01:09:25.910685 2026] [php:error] [pid 58617] [client 45.67.97.16:0] script '/domains/sjsachs/wp-files.php' not found or unable to stat
[Sat Feb 21 01:09:25.943525 2026] [php:error] [pid 58565] [client 45.67.97.16:0] script '/domains/deltaele/ahax.php' not found or unable to stat
[Sat Feb 21 01:09:25.943548 2026] [php:error] [pid 58615] [client 45.67.97.17:0] script '/domains/cccweb/O-Simple.php' not found or unable to stat
[Sat Feb 21 01:09:25.989438 2026] [php:error] [pid 58601] [client 45.67.97.17:0] script '/domains/miles.interport/xp.php' not found or unable to stat
[Sat Feb 21 01:09:26.014146 2026] [php:error] [pid 58588] [client 45.67.97.192:0] script '/domains/frog.interport1/css.php' not found or unable to stat
[Sat Feb 21 01:09:26.076410 2026] [php:error] [pid 58469] [client 45.67.97.15:0] script '/domains/antiqueweb1/aa.php' not found or unable to stat
[Sat Feb 21 01:09:26.083088 2026] [php:error] [pid 58584] [client 45.67.97.16:0] script '/domains/hpveweb/wp-error_log.php' not found or unable to stat
[Sat Feb 21 01:09:26.129294 2026] [php:error] [pid 58609] [client 45.67.97.16:0] script '/domains/hungariantasteweb/wsax.php' not found or unable to stat
[Sat Feb 21 01:09:26.163728 2026] [php:error] [pid 58590] [client 45.67.97.192:0] script '/domains/fdcarter/ws.php' not found or unable to stat
[Sat Feb 21 01:09:26.171009 2026] [php:error] [pid 58580] [client 45.67.97.15:0] script '/domains/gohover/functions.php' not found or unable to stat
[Sat Feb 21 01:09:26.182600 2026] [php:error] [pid 58599] [client 45.67.97.15:0] script '/domains/lover/wp-blog.php' not found or unable to stat
[Sat Feb 21 01:09:26.186775 2026] [php:error] [pid 58620] [client 45.67.97.15:0] script '/domains/rnachum/assets/content.php' not found or unable to stat
[Sat Feb 21 01:09:26.234119 2026] [php:error] [pid 58603] [client 45.67.97.192:0] script '/domains/druckrey/wp-configs.php' not found or unable to stat
[Sat Feb 21 01:09:26.274292 2026] [php:error] [pid 58618] [client 45.67.97.192:0] script '/domains/micra/ms-users.php' not found or unable to stat
[Sat Feb 21 01:09:26.342894 2026] [php:error] [pid 58605] [client 45.67.97.17:0] script '/domains/tmandel/makeasmtp.php' not found or unable to stat
[Sat Feb 21 01:09:26.383615 2026] [php:error] [pid 58617] [client 45.67.97.16:0] script '/domains/sjsachs/functions.php' not found or unable to stat
[Sat Feb 21 01:09:26.410758 2026] [php:error] [pid 58615] [client 45.67.97.17:0] script '/domains/cccweb/lock360.php' not found or unable to stat
[Sat Feb 21 01:09:26.414441 2026] [php:error] [pid 58565] [client 45.67.97.16:0] script '/domains/deltaele/f35.php' not found or unable to stat
[Sat Feb 21 01:09:26.430331 2026] [php:error] [pid 58597] [client 45.67.97.16:0] script '/domains/windsorweb/images/mah.php' not found or unable to stat
[Sat Feb 21 01:09:26.440099 2026] [php:error] [pid 58525] [client 45.67.97.16:0] script '/domains/system_suspended/webdb.php' not found or unable to stat
[Sat Feb 21 01:09:26.446793 2026] [php:error] [pid 58540] [client 45.67.97.16:0] script '/domains/system_suspended/css.php' not found or unable to stat
[Sat Feb 21 01:09:26.460010 2026] [php:error] [pid 58545] [client 45.67.97.17:0] script '/domains/system_suspended/wp-configs.php' not found or unable to stat
[Sat Feb 21 01:09:26.545551 2026] [php:error] [pid 58509] [client 45.67.97.16:0] script '/domains/quintet/dropdown.php' not found or unable to stat
[Sat Feb 21 01:09:26.545889 2026] [php:error] [pid 58469] [client 45.67.97.15:0] script '/domains/antiqueweb1/index2.php' not found or unable to stat
[Sat Feb 21 01:09:26.557028 2026] [php:error] [pid 58610] [client 45.67.97.16:0] script '/domains/aatweb/hehehehe.php' not found or unable to stat
[Sat Feb 21 01:09:26.594786 2026] [php:error] [pid 58493] [client 45.67.97.15:0] script '/domains/pookie.dnai/nf_tracking.php' not found or unable to stat
[Sat Feb 21 01:09:26.598995 2026] [php:error] [pid 58502] [client 45.67.97.17:0] script '/domains/bruceweb/options-writing.php' not found or unable to stat
[Sat Feb 21 01:09:26.655647 2026] [php:error] [pid 58611] [client 45.67.97.192:0] script '/domains/trodine/gifclass.php' not found or unable to stat
[Sat Feb 21 01:09:26.766878 2026] [php:error] [pid 58558] [client 45.67.97.15:0] script '/domains/drsuper/buy.php' not found or unable to stat
[Sat Feb 21 01:09:26.830971 2026] [php:error] [pid 58568] [client 45.67.97.17:0] script '/domains/fryer/buy.php' not found or unable to stat
[Sat Feb 21 01:09:26.832427 2026] [php:error] [pid 58501] [client 45.67.97.192:0] script '/domains/hans.interport/wp-l0gin.php' not found or unable to stat
[Sat Feb 21 01:09:26.879971 2026] [php:error] [pid 58615] [client 45.67.97.17:0] script '/domains/cccweb/zwso.php' not found or unable to stat
[Sat Feb 21 01:09:26.888273 2026] [php:error] [pid 58565] [client 45.67.97.16:0] script '/domains/deltaele/simple.php' not found or unable to stat
[Sat Feb 21 01:09:26.920034 2026] [php:error] [pid 58519] [client 45.67.97.15:0] script '/domains/nsmd2/worm.PhP' not found or unable to stat
[Sat Feb 21 01:09:26.980767 2026] [php:error] [pid 58575] [client 45.67.97.17:0] script '/domains/magicjim/Simple.php' not found or unable to stat
[Sat Feb 21 01:09:27.013056 2026] [php:error] [pid 58509] [client 45.67.97.16:0] script '/domains/quintet/images/admin.php' not found or unable to stat
[Sat Feb 21 01:09:27.071351 2026] [php:error] [pid 58502] [client 45.67.97.17:0] script '/domains/bruceweb/options-reading.php' not found or unable to stat
[Sat Feb 21 01:09:27.091588 2026] [php:error] [pid 58602] [client 45.67.97.17:0] script '/domains/rainho/wp-blog.php' not found or unable to stat
[Sat Feb 21 01:09:27.128916 2026] [php:error] [pid 58611] [client 45.67.97.192:0] script '/domains/trodine/plugin.php' not found or unable to stat
[Sat Feb 21 01:09:27.147165 2026] [php:error] [pid 58470] [client 45.67.97.17:0] script '/domains/system_suspended/natural.php' not found or unable to stat
[Sat Feb 21 01:09:27.207834 2026] [php:error] [pid 58595] [client 45.67.97.16:0] script '/domains/system_suspended/click.php' not found or unable to stat
[Sat Feb 21 01:09:27.251420 2026] [php:error] [pid 58564] [client 45.67.97.192:0] script '/domains/resourceandeventweb/wikindex.php' not found or unable to stat
[Sat Feb 21 01:09:27.251426 2026] [php:error] [pid 58541] [client 45.67.97.17:0] script '/domains/biehlweb/type.php' not found or unable to stat
[Sat Feb 21 01:09:27.271607 2026] [php:error] [pid 58472] [client 45.67.97.16:0] script '/domains/tamara1/classwithtostring.php' not found or unable to stat
[Sat Feb 21 01:09:27.310295 2026] [php:error] [pid 58500] [client 45.67.97.17:0] script '/domains/system_default/wp-files.php' not found or unable to stat
[Sat Feb 21 01:09:27.312208 2026] [php:error] [pid 58522] [client 45.67.97.192:0] script '/domains/memanuel/ini.php' not found or unable to stat
[Sat Feb 21 01:09:27.362522 2026] [php:error] [pid 58615] [client 45.67.97.17:0] script '/domains/cccweb/chosen.php' not found or unable to stat
[Sat Feb 21 01:09:27.399528 2026] [php:error] [pid 58525] [client 45.67.97.16:0] script '/domains/system_suspended/file2.php' not found or unable to stat
[Sat Feb 21 01:09:27.400054 2026] [php:error] [pid 58519] [client 45.67.97.15:0] script '/domains/nsmd2/ext.php' not found or unable to stat
[Sat Feb 21 01:09:27.406611 2026] [php:error] [pid 58601] [client 45.67.97.17:0] script '/domains/miles.interport/wp-links.php' not found or unable to stat
[Sat Feb 21 01:09:27.429541 2026] [php:error] [pid 58612] [client 45.67.97.16:0] script '/domains/system_suspended/plugin-install.php' not found or unable to stat
[Sat Feb 21 01:09:27.447823 2026] [php:error] [pid 58529] [client 45.67.97.15:0] script '/domains/tcrlle/bypass.php' not found or unable to stat
[Sat Feb 21 01:09:27.483273 2026] [php:error] [pid 58509] [client 45.67.97.16:0] script '/domains/quintet/db.php' not found or unable to stat
[Sat Feb 21 01:09:27.517471 2026] [php:error] [pid 58560] [client 130.49.79.178:0] script '/domains/wsmith.enteract/wp-login.php' not found or unable to stat
[Sat Feb 21 01:09:27.547083 2026] [php:error] [pid 58493] [client 45.67.97.15:0] script '/domains/pookie.dnai/filefuns.php' not found or unable to stat
[Sat Feb 21 01:09:27.553398 2026] [php:error] [pid 58502] [client 45.67.97.17:0] script '/domains/bruceweb/wsad.php' not found or unable to stat
[Sat Feb 21 01:09:27.595488 2026] [php:error] [pid 58590] [client 45.67.97.192:0] script '/domains/fdcarter/shop.php' not found or unable to stat
[Sat Feb 21 01:09:27.622354 2026] [php:error] [pid 58470] [client 45.67.97.17:0] script '/domains/system_suspended/item.php' not found or unable to stat
[Sat Feb 21 01:09:27.775071 2026] [php:error] [pid 58501] [client 45.67.97.192:0] script '/domains/hans.interport/new.php' not found or unable to stat
[Sat Feb 21 01:09:27.775817 2026] [php:error] [pid 58500] [client 45.67.97.17:0] script '/domains/system_default/functions.php' not found or unable to stat
[Sat Feb 21 01:09:27.832686 2026] [php:error] [pid 58615] [client 45.67.97.17:0] script '/domains/cccweb/about.php' not found or unable to stat
[Sat Feb 21 01:09:27.882979 2026] [php:error] [pid 58519] [client 45.67.97.15:0] script '/domains/nsmd2/delpaths.php' not found or unable to stat
[Sat Feb 21 01:09:27.915213 2026] [php:error] [pid 58529] [client 45.67.97.15:0] script '/domains/tcrlle/class.php' not found or unable to stat
[Sat Feb 21 01:09:27.931026 2026] [php:error] [pid 58614] [client 45.67.97.192:0] script '/domains/perless2web/lv.php' not found or unable to stat
[Sat Feb 21 01:09:27.959101 2026] [php:error] [pid 58593] [client 45.67.97.16:0] script '/domains/testregisgroup/network.php' not found or unable to stat
[Sat Feb 21 01:09:28.026899 2026] [php:error] [pid 58502] [client 45.67.97.17:0] script '/domains/bruceweb/nation.php' not found or unable to stat
[Sat Feb 21 01:09:28.037867 2026] [php:error] [pid 58559] [client 45.67.97.17:0] script '/domains/lover/init.php' not found or unable to stat
[Sat Feb 21 01:09:28.067187 2026] [php:error] [pid 58599] [client 45.67.97.15:0] script '/domains/lover/wp-l0gin.php' not found or unable to stat
[Sat Feb 21 01:09:28.068396 2026] [php:error] [pid 58611] [client 45.67.97.192:0] script '/domains/trodine/update-core.php' not found or unable to stat
[Sat Feb 21 01:09:28.297980 2026] [php:error] [pid 58526] [client 45.67.97.17:0] script '/domains/system_default/wsax.php' not found or unable to stat
[Sat Feb 21 01:09:28.302043 2026] [php:error] [pid 58615] [client 45.67.97.17:0] script '/domains/cccweb/admin.php' not found or unable to stat
[Sat Feb 21 01:09:28.311899 2026] [php:error] [pid 58549] [client 45.67.97.192:0] script '/domains/peterbmiller/ms-users.php' not found or unable to stat
[Sat Feb 21 01:09:28.399998 2026] [php:error] [pid 58614] [client 45.67.97.192:0] script '/domains/perless2web/images/js1.php' not found or unable to stat
[Sat Feb 21 01:09:28.430927 2026] [php:error] [pid 58589] [client 45.67.97.192:0] script '/domains/system_default/class.api.php' not found or unable to stat
[Sat Feb 21 01:09:28.492526 2026] [php:error] [pid 58493] [client 45.67.97.15:0] script '/domains/pookie.dnai/l.php' not found or unable to stat
[Sat Feb 21 01:09:28.531897 2026] [php:error] [pid 58580] [client 45.67.97.15:0] script '/domains/gohover/aks.php' not found or unable to stat
[Sat Feb 21 01:09:28.670611 2026] [php:error] [pid 58555] [client 45.67.97.17:0] script '/domains/tbarnhil/adminfuns.php' not found or unable to stat
[Sat Feb 21 01:09:28.687364 2026] [php:error] [pid 58531] [client 45.67.97.15:0] script '/domains/jaspen/gm.php' not found or unable to stat
[Sat Feb 21 01:09:28.689206 2026] [php:error] [pid 58472] [client 45.67.97.16:0] script '/domains/tamara1/tinyfilemanager.php' not found or unable to stat
[Sat Feb 21 01:09:28.747237 2026] [php:error] [pid 58617] [client 45.67.97.16:0] script '/domains/sjsachs/aks.php' not found or unable to stat
[Sat Feb 21 01:09:28.939580 2026] [php:error] [pid 58525] [client 45.67.97.16:0] script '/domains/system_suspended/alfa.php' not found or unable to stat
[Sat Feb 21 01:09:28.963275 2026] [php:error] [pid 58493] [client 45.67.97.15:0] script '/domains/pookie.dnai/repeater.php' not found or unable to stat
[Sat Feb 21 01:09:28.985918 2026] [php:error] [pid 58602] [client 45.67.97.17:0] script '/domains/rainho/wp-l0gin.php' not found or unable to stat
[Sat Feb 21 01:09:29.001490 2026] [php:error] [pid 58580] [client 45.67.97.15:0] script '/domains/gohover/litespeed.php' not found or unable to stat
[Sat Feb 21 01:09:29.008697 2026] [php:error] [pid 58611] [client 45.67.97.192:0] script '/domains/trodine/wp-mail.php' not found or unable to stat
[Sat Feb 21 01:09:29.009860 2026] [php:error] [pid 58599] [client 45.67.97.15:0] script '/domains/lover/new.php' not found or unable to stat
[Sat Feb 21 01:09:29.182886 2026] [php:error] [pid 58588] [client 45.67.97.192:0] script '/domains/frog.interport1/wp-error_log.php' not found or unable to stat
[Sat Feb 21 01:09:29.215431 2026] [php:error] [pid 58556] [client 45.67.97.15:0] script '/domains/jrp.interport/hehehehe.php' not found or unable to stat
[Sat Feb 21 01:09:29.217168 2026] [php:error] [pid 58617] [client 45.67.97.16:0] script '/domains/sjsachs/litespeed.php' not found or unable to stat
[Sat Feb 21 01:09:29.239276 2026] [php:error] [pid 58615] [client 45.67.97.17:0] script '/domains/cccweb/mah.php' not found or unable to stat
[Sat Feb 21 01:09:29.282133 2026] [php:error] [pid 58540] [client 45.67.97.16:0] script '/domains/system_suspended/wp-error_log.php' not found or unable to stat
[Sat Feb 21 01:09:29.371884 2026] [php:error] [pid 58593] [client 45.67.97.16:0] script '/domains/testregisgroup/wikindex.php' not found or unable to stat
[Sat Feb 21 01:09:29.431138 2026] [php:error] [pid 58546] [client 45.67.97.17:0] script '/domains/proinc/plugin-install.php' not found or unable to stat
[Sat Feb 21 01:09:29.478115 2026] [php:error] [pid 58596] [client 45.67.97.17:0] script '/domains/braniff/ff2.php' not found or unable to stat
[Sat Feb 21 01:09:29.497631 2026] [php:error] [pid 58479] [client 45.67.97.192:0] script '/domains/byardrealestate/click.php' not found or unable to stat
[Sat Feb 21 01:09:29.502031 2026] [php:error] [pid 58469] [client 45.67.97.15:0] script '/domains/antiqueweb1/shell.php' not found or unable to stat
[Sat Feb 21 01:09:29.540749 2026] [php:error] [pid 58571] [client 45.67.97.17:0] script '/domains/fayemoran/images/upload.php' not found or unable to stat
[Sat Feb 21 01:09:29.593713 2026] [php:error] [pid 58575] [client 45.67.97.15:0] script '/domains/carynm/default.php' not found or unable to stat
[Sat Feb 21 01:09:29.663691 2026] [php:error] [pid 58535] [client 45.67.97.16:0] script '/domains/vangoghagainweb/classwithtostring.php' not found or unable to stat
[Sat Feb 21 01:09:29.835078 2026] [php:error] [pid 58589] [client 45.67.97.192:0] script '/domains/system_default/system_log.php' not found or unable to stat
[Sat Feb 21 01:09:29.916707 2026] [php:error] [pid 58555] [client 45.67.97.17:0] script '/domains/tbarnhil/wp_wlx.php' not found or unable to stat
[Sat Feb 21 01:09:29.923628 2026] [php:error] [pid 58602] [client 45.67.97.17:0] script '/domains/rainho/new.php' not found or unable to stat
[Sat Feb 21 01:09:30.069249 2026] [php:error] [pid 58541] [client 45.67.97.17:0] script '/domains/biehlweb/css/about.php' not found or unable to stat
[Sat Feb 21 01:09:30.080537 2026] [php:error] [pid 58598] [client 45.67.97.16:0] script '/domains/pmglobal/click.php' not found or unable to stat
[Sat Feb 21 01:09:30.120703 2026] [php:error] [pid 58472] [client 45.67.97.16:0] script '/domains/tamara1/file.php' not found or unable to stat
[Sat Feb 21 01:09:30.125319 2026] [php:error] [pid 58500] [client 45.67.97.17:0] script '/domains/system_default/aks.php' not found or unable to stat
[Sat Feb 21 01:09:30.177396 2026] [php:error] [pid 58615] [client 45.67.97.17:0] script '/domains/cccweb/core.php' not found or unable to stat
[Sat Feb 21 01:09:30.306528 2026] [php:error] [pid 58589] [client 45.67.97.192:0] script '/domains/system_default/.alf.php' not found or unable to stat
[Sat Feb 21 01:09:30.345800 2026] [php:error] [pid 58621] [client 45.67.97.17:0] script '/domains/system_default/media-new.php' not found or unable to stat
[Sat Feb 21 01:09:30.375098 2026] [php:error] [pid 58493] [client 45.67.97.15:0] script '/domains/pookie.dnai/contacts.php' not found or unable to stat
[Sat Feb 21 01:09:30.393854 2026] [php:error] [pid 58502] [client 45.67.97.17:0] script '/domains/bruceweb/wp-atomx.php' not found or unable to stat
[Sat Feb 21 01:09:30.401970 2026] [php:error] [pid 58580] [client 45.67.97.15:0] script '/domains/gohover/wpn.php' not found or unable to stat
[Sat Feb 21 01:09:30.536836 2026] [php:error] [pid 58541] [client 45.67.97.17:0] script '/domains/biehlweb/css/hekokstyle.php' not found or unable to stat
[Sat Feb 21 01:09:30.593995 2026] [php:error] [pid 58500] [client 45.67.97.17:0] script '/domains/system_default/litespeed.php' not found or unable to stat
[Sat Feb 21 01:09:30.629241 2026] [php:error] [pid 58617] [client 45.67.97.16:0] script '/domains/sjsachs/wpn.php' not found or unable to stat
[Sat Feb 21 01:09:30.653191 2026] [php:error] [pid 58615] [client 45.67.97.17:0] script '/domains/cccweb/robots.php' not found or unable to stat
[Sat Feb 21 01:09:30.702270 2026] [php:error] [pid 58519] [client 45.67.97.15:0] script '/domains/nsmd2/gifclass.php' not found or unable to stat
[Sat Feb 21 01:09:30.734740 2026] [php:error] [pid 58579] [client 45.67.97.192:0] script '/domains/bfitpro2/inc.php' not found or unable to stat
[Sat Feb 21 01:09:30.737843 2026] [php:error] [pid 58529] [client 45.67.97.15:0] script '/domains/tcrlle/css/css.php' not found or unable to stat
[Sat Feb 21 01:09:30.774865 2026] [php:error] [pid 58589] [client 45.67.97.192:0] script '/domains/system_default/wso.php' not found or unable to stat
[Sat Feb 21 01:09:30.807797 2026] [php:error] [pid 58524] [client 45.67.97.15:0] script '/domains/pbuilder/images/Marvins.php' not found or unable to stat
[Sat Feb 21 01:09:30.842424 2026] [php:error] [pid 58493] [client 45.67.97.15:0] script '/domains/pookie.dnai/wsa.php' not found or unable to stat
[Sat Feb 21 01:09:30.865044 2026] [php:error] [pid 58502] [client 45.67.97.17:0] script '/domains/bruceweb/admin-footer.php' not found or unable to stat
[Sat Feb 21 01:09:30.892833 2026] [php:error] [pid 58590] [client 45.67.97.192:0] script '/domains/fdcarter/wp-api.php' not found or unable to stat
[Sat Feb 21 01:09:30.910744 2026] [php:error] [pid 58504] [client 45.67.97.17:0] script '/domains/icrse/inc.php' not found or unable to stat
[Sat Feb 21 01:09:30.989467 2026] [php:error] [pid 58608] [client 45.67.97.15:0] script '/domains/druckrey/ms-users.php' not found or unable to stat
[Sat Feb 21 01:09:31.003294 2026] [php:error] [pid 58501] [client 45.67.97.192:0] script '/domains/hans.interport/natural.php' not found or unable to stat
[Sat Feb 21 01:09:31.036631 2026] [php:error] [pid 58508] [client 45.67.97.15:0] script '/domains/system_suspended/setup-config.php' not found or unable to stat
[Sat Feb 21 01:09:31.082923 2026] [php:error] [pid 58535] [client 45.67.97.16:0] script '/domains/vangoghagainweb/tinyfilemanager.php' not found or unable to stat
[Sat Feb 21 01:09:31.135359 2026] [php:error] [pid 58615] [client 45.67.97.17:0] script '/domains/cccweb/inputs.php' not found or unable to stat
[Sat Feb 21 01:09:31.219655 2026] [php:error] [pid 58519] [client 45.67.97.15:0] script '/domains/nsmd2/plugin.php' not found or unable to stat
[Sat Feb 21 01:09:31.235607 2026] [php:error] [pid 58515] [client 45.67.97.17:0] script '/domains/system_suspended/ms-users.php' not found or unable to stat
[Sat Feb 21 01:09:31.237878 2026] [php:error] [pid 58529] [client 45.67.97.15:0] script '/domains/tcrlle/init.php' not found or unable to stat
[Sat Feb 21 01:09:31.345138 2026] [php:error] [pid 58555] [client 45.67.97.17:0] script '/domains/tbarnhil/wp.php' not found or unable to stat
[Sat Feb 21 01:09:31.367290 2026] [php:error] [pid 58596] [client 45.67.97.17:0] script '/domains/braniff/jp.php' not found or unable to stat
[Sat Feb 21 01:09:31.455062 2026] [php:error] [pid 58595] [client 45.67.97.16:0] script '/domains/system_suspended/wp-admin.php' not found or unable to stat
[Sat Feb 21 01:09:31.484515 2026] [php:error] [pid 58501] [client 45.67.97.192:0] script '/domains/hans.interport/item.php' not found or unable to stat
[Sat Feb 21 01:09:31.558466 2026] [php:error] [pid 58535] [client 45.67.97.16:0] script '/domains/vangoghagainweb/js/bas.php' not found or unable to stat
[Sat Feb 21 01:09:31.613664 2026] [php:error] [pid 58615] [client 45.67.97.17:0] script '/domains/cccweb/mini.php' not found or unable to stat
[Sat Feb 21 01:09:31.680233 2026] [php:error] [pid 58616] [client 45.67.97.15:0] script '/domains/homesbyaudrey1/ws.php' not found or unable to stat
[Sat Feb 21 01:09:31.687018 2026] [php:error] [pid 58597] [client 45.67.97.16:0] script '/domains/windsorweb/b.php' not found or unable to stat
[Sat Feb 21 01:09:31.699037 2026] [php:error] [pid 58610] [client 45.67.97.16:0] script '/domains/magicjim/small.php' not found or unable to stat
[Sat Feb 21 01:09:31.715095 2026] [php:error] [pid 58579] [client 45.67.97.192:0] script '/domains/bfitpro2/filemanager.php' not found or unable to stat
[Sat Feb 21 01:09:31.718910 2026] [php:error] [pid 58589] [client 45.67.97.192:0] script '/domains/system_default/flower.php' not found or unable to stat
[Sat Feb 21 01:09:31.722314 2026] [php:error] [pid 58572] [client 45.67.97.192:0] script '/domains/familyplayhouse2/images/wp-aespa.php' not found or unable to stat
[Sat Feb 21 01:09:31.736785 2026] [php:error] [pid 58509] [client 45.67.97.16:0] script '/domains/quintet/install.php' not found or unable to stat
[Sat Feb 21 01:09:31.826046 2026] [php:error] [pid 58559] [client 45.67.97.17:0] script '/domains/lover/adminfuns.php' not found or unable to stat
[Sat Feb 21 01:09:31.832661 2026] [php:error] [pid 58502] [client 45.67.97.17:0] script '/domains/bruceweb/XxX.php' not found or unable to stat
[Sat Feb 21 01:09:31.840361 2026] [php:error] [pid 58590] [client 45.67.97.192:0] script '/domains/fdcarter/css.php' not found or unable to stat
[Sat Feb 21 01:09:31.844157 2026] [php:error] [pid 58596] [client 45.67.97.17:0] script '/domains/braniff/wp-atom.php' not found or unable to stat
[Sat Feb 21 01:09:31.846170 2026] [php:error] [pid 58599] [client 45.67.97.15:0] script '/domains/lover/natural.php' not found or unable to stat
[Sat Feb 21 01:09:31.851029 2026] [php:error] [pid 58469] [client 45.67.97.15:0] script '/domains/antiqueweb1/hehe.php' not found or unable to stat
[Sat Feb 21 01:09:31.862171 2026] [php:error] [pid 58504] [client 45.67.97.17:0] script '/domains/icrse/filemanager.php' not found or unable to stat
[Sat Feb 21 01:09:31.945834 2026] [php:error] [pid 58541] [client 45.67.97.17:0] script '/domains/biehlweb/goat.php' not found or unable to stat
[Sat Feb 21 01:09:31.953090 2026] [php:error] [pid 58472] [client 45.67.97.16:0] script '/domains/tamara1/buy.php' not found or unable to stat
[Sat Feb 21 01:09:32.022072 2026] [php:error] [pid 58500] [client 45.67.97.17:0] script '/domains/system_default/wpn.php' not found or unable to stat
[Sat Feb 21 01:09:32.084887 2026] [php:error] [pid 58615] [client 45.67.97.17:0] script '/domains/cccweb/goods.php' not found or unable to stat
[Sat Feb 21 01:09:32.158230 2026] [php:error] [pid 58519] [client 45.67.97.15:0] script '/domains/nsmd2/update-core.php' not found or unable to stat
[Sat Feb 21 01:09:32.190178 2026] [php:error] [pid 58579] [client 45.67.97.192:0] script '/domains/bfitpro2/cgi-bin/bypass.php' not found or unable to stat
[Sat Feb 21 01:09:32.322405 2026] [php:error] [pid 58599] [client 45.67.97.15:0] script '/domains/lover/item.php' not found or unable to stat
[Sat Feb 21 01:09:32.406324 2026] [php:error] [pid 58582] [client 45.67.97.192:0] script '/domains/bels/xex.php' not found or unable to stat
[Sat Feb 21 01:09:32.494857 2026] [php:error] [pid 58545] [client 45.67.97.192:0] script '/domains/memanuel/wp-content.php' not found or unable to stat
[Sat Feb 21 01:09:32.499444 2026] [php:error] [pid 58535] [client 45.67.97.16:0] script '/domains/vangoghagainweb/file.php' not found or unable to stat
[Sat Feb 21 01:09:32.501977 2026] [php:error] [pid 58574] [client 45.67.97.17:0] script '/domains/amisol/inc.php' not found or unable to stat
[Sat Feb 21 01:09:32.553869 2026] [php:error] [pid 58615] [client 45.67.97.17:0] script '/domains/cccweb/file5.php' not found or unable to stat
[Sat Feb 21 01:09:32.642178 2026] [php:error] [pid 58601] [client 45.67.97.17:0] script '/domains/miles.interport/moon.php' not found or unable to stat
[Sat Feb 21 01:09:32.643901 2026] [php:error] [pid 58453] [client 45.67.97.15:0] script '/domains/csiniaws/images/wp-aespa.php' not found or unable to stat
[Sat Feb 21 01:09:32.679963 2026] [php:error] [pid 58509] [client 45.67.97.16:0] script '/domains/quintet/images/class-config.php' not found or unable to stat
[Sat Feb 21 01:09:32.699728 2026] [php:error] [pid 58491] [client 45.67.97.16:0] script '/domains/acagolf1/images/autoload_classmap.php' not found or unable to stat
[Sat Feb 21 01:09:32.724043 2026] [php:error] [pid 58525] [client 45.67.97.16:0] script '/domains/system_suspended/edit.php' not found or unable to stat
[Sat Feb 21 01:09:32.743140 2026] [php:error] [pid 58555] [client 45.67.97.17:0] script '/domains/tbarnhil/wp-header.php' not found or unable to stat
[Sat Feb 21 01:09:32.763125 2026] [php:error] [pid 58602] [client 45.67.97.17:0] script '/domains/rainho/natural.php' not found or unable to stat
[Sat Feb 21 01:09:32.773002 2026] [php:error] [pid 58559] [client 45.67.97.17:0] script '/domains/lover/wp_wlx.php' not found or unable to stat
[Sat Feb 21 01:09:32.793548 2026] [php:error] [pid 58596] [client 45.67.97.17:0] script '/domains/braniff/up.php' not found or unable to stat
[Sat Feb 21 01:09:32.879322 2026] [php:error] [pid 58622] [client 45.67.97.16:0] script '/domains/system_suspended/media-new.php' not found or unable to stat
[Sat Feb 21 01:09:32.919504 2026] [php:error] [pid 58508] [client 45.67.97.15:0] script '/domains/system_suspended/type.php' not found or unable to stat
[Sat Feb 21 01:09:33.021545 2026] [php:error] [pid 58615] [client 45.67.97.17:0] script '/domains/cccweb/ahax.php' not found or unable to stat
[Sat Feb 21 01:09:33.086752 2026] [php:error] [pid 58575] [client 45.67.97.15:0] script '/domains/carynm/dropdown.php' not found or unable to stat
[Sat Feb 21 01:09:33.096016 2026] [php:error] [pid 58519] [client 45.67.97.15:0] script '/domains/nsmd2/wp-mail.php' not found or unable to stat
[Sat Feb 21 01:09:33.104738 2026] [php:error] [pid 58616] [client 45.67.97.15:0] script '/domains/homesbyaudrey1/shop.php' not found or unable to stat
[Sat Feb 21 01:09:33.124565 2026] [php:error] [pid 58592] [client 45.67.97.15:0] script '/domains/fbardin/bs1.php' not found or unable to stat
[Sat Feb 21 01:09:33.223580 2026] [php:error] [pid 58493] [client 45.67.97.15:0] script '/domains/pookie.dnai/lv.php' not found or unable to stat
[Sat Feb 21 01:09:33.234641 2026] [php:error] [pid 58610] [client 45.67.97.16:0] script '/domains/magicjim/NewFile.php' not found or unable to stat
[Sat Feb 21 01:09:33.238910 2026] [php:error] [pid 58602] [client 45.67.97.17:0] script '/domains/rainho/item.php' not found or unable to stat
[Sat Feb 21 01:09:33.260362 2026] [php:error] [pid 58469] [client 45.67.97.15:0] script '/domains/antiqueweb1/dir.php' not found or unable to stat
[Sat Feb 21 01:09:33.293677 2026] [php:error] [pid 58619] [client 45.67.97.15:0] script '/domains/system_suspended/default.php' not found or unable to stat
[Sat Feb 21 01:09:33.316120 2026] [php:error] [pid 58595] [client 45.67.97.16:0] script '/domains/system_suspended/wp-editor.php' not found or unable to stat
[Sat Feb 21 01:09:33.369897 2026] [php:error] [pid 58558] [client 45.67.97.15:0] script '/domains/drsuper/inc.php' not found or unable to stat
[Sat Feb 21 01:09:33.438000 2026] [php:error] [pid 58574] [client 45.67.97.17:0] script '/domains/amisol/filemanager.php' not found or unable to stat
[Sat Feb 21 01:09:33.489208 2026] [php:error] [pid 58615] [client 45.67.97.17:0] script '/domains/cccweb/f35.php' not found or unable to stat
[Sat Feb 21 01:09:33.555507 2026] [php:error] [pid 58575] [client 45.67.97.15:0] script '/domains/carynm/images/admin.php' not found or unable to stat
[Sat Feb 21 01:09:33.596262 2026] [php:error] [pid 58589] [client 45.67.97.192:0] script '/domains/system_default/ioxi-o.php' not found or unable to stat
[Sat Feb 21 01:09:33.681437 2026] [php:error] [pid 58555] [client 45.67.97.17:0] script '/domains/tbarnhil/Marvins.php' not found or unable to stat
[Sat Feb 21 01:09:33.740923 2026] [php:error] [pid 58479] [client 45.67.97.192:0] script '/domains/byardrealestate/wp-admin.php' not found or unable to stat
[Sat Feb 21 01:09:33.793099 2026] [php:error] [pid 58586] [client 45.67.97.192:0] script '/domains/system_cancel/ext.php' not found or unable to stat
[Sat Feb 21 01:09:33.815055 2026] [php:error] [pid 58568] [client 45.67.97.17:0] script '/domains/fryer/inc.php' not found or unable to stat
[Sat Feb 21 01:09:33.906821 2026] [php:error] [pid 58531] [client 45.67.97.15:0] script '/domains/jaspen/plugin-install.php' not found or unable to stat
[Sat Feb 21 01:09:33.907472 2026] [php:error] [pid 58535] [client 45.67.97.16:0] script '/domains/vangoghagainweb/buy.php' not found or unable to stat
[Sat Feb 21 01:09:33.959681 2026] [php:error] [pid 58615] [client 45.67.97.17:0] script '/domains/cccweb/simple.php' not found or unable to stat
[Sat Feb 21 01:09:34.027896 2026] [php:error] [pid 58575] [client 45.67.97.15:0] script '/domains/carynm/db.php' not found or unable to stat
[Sat Feb 21 01:09:34.035877 2026] [php:error] [pid 58506] [client 45.67.97.17:0] script '/domains/astweb/Sanskrit.php' not found or unable to stat
[Sat Feb 21 01:09:34.066151 2026] [php:error] [pid 58589] [client 45.67.97.192:0] script '/domains/system_default/info.php' not found or unable to stat
[Sat Feb 21 01:09:34.101934 2026] [php:error] [pid 58509] [client 45.67.97.16:0] script '/domains/quintet/bypass.php' not found or unable to stat
[Sat Feb 21 01:09:34.104553 2026] [php:error] [pid 58584] [client 45.67.97.16:0] script '/domains/hpveweb/files.php' not found or unable to stat
[Sat Feb 21 01:09:34.132727 2026] [php:error] [pid 58525] [client 45.67.97.16:0] script '/domains/system_suspended/wp-links-opml.php' not found or unable to stat
[Sat Feb 21 01:09:34.167670 2026] [php:error] [pid 58610] [client 45.67.97.16:0] script '/domains/magicjim/error.php' not found or unable to stat
[Sat Feb 21 01:09:34.177661 2026] [php:error] [pid 58609] [client 45.67.97.16:0] script '/domains/hungariantasteweb/images/Marvins.php' not found or unable to stat
[Sat Feb 21 01:09:34.184529 2026] [php:error] [pid 58559] [client 45.67.97.17:0] script '/domains/lover/wp.php' not found or unable to stat
[Sat Feb 21 01:09:34.233825 2026] [php:error] [pid 58522] [client 45.67.97.16:0] script '/domains/trodine/aa.php' not found or unable to stat
[Sat Feb 21 01:09:34.240402 2026] [php:error] [pid 58621] [client 45.67.97.17:0] script '/domains/system_default/pages.php' not found or unable to stat
[Sat Feb 21 01:09:34.263886 2026] [php:error] [pid 58586] [client 45.67.97.192:0] script '/domains/system_cancel/delpaths.php' not found or unable to stat
[Sat Feb 21 01:09:34.302208 2026] [php:error] [pid 58598] [client 45.67.97.16:0] script '/domains/pmglobal/wp-admin.php' not found or unable to stat
[Sat Feb 21 01:09:34.318108 2026] [php:error] [pid 58558] [client 45.67.97.15:0] script '/domains/drsuper/filemanager.php' not found or unable to stat
[Sat Feb 21 01:09:34.384831 2026] [php:error] [pid 58601] [client 45.67.97.17:0] script '/domains/miles.interport/webadmin.php' not found or unable to stat
[Sat Feb 21 01:09:34.496918 2026] [php:error] [pid 58597] [client 45.67.97.16:0] script '/domains/windsorweb/wsax.php' not found or unable to stat
[Sat Feb 21 01:09:34.501998 2026] [php:error] [pid 58529] [client 45.67.97.15:0] script '/domains/tcrlle/css/admin.php' not found or unable to stat
