[Sat Feb 21 01:08:51.252633 2026] [php:error] [pid 58513] [client 45.67.97.17:0] script '/domains/jrp.interport/wp-user.php' not found or unable to stat
[Sat Feb 21 01:08:51.297778 2026] [php:error] [pid 58520] [client 45.67.97.17:0] script '/domains/csiniaws/images/js1.php' not found or unable to stat
[Sat Feb 21 01:08:51.325148 2026] [php:error] [pid 58565] [client 45.67.97.192:0] script '/domains/system_default/atomlib.php' not found or unable to stat
[Sat Feb 21 01:08:51.328533 2026] [php:error] [pid 58546] [client 45.67.97.17:0] script '/domains/proinc/xex.php' not found or unable to stat
[Sat Feb 21 01:08:51.329616 2026] [php:error] [pid 58488] [client 20.24.204.137:0] script '/domains/ebon/ff1.php' not found or unable to stat
[Sat Feb 21 01:08:51.340084 2026] [php:error] [pid 58586] [client 45.67.97.16:0] script '/domains/system_cancel/.alf.php' not found or unable to stat
[Sat Feb 21 01:08:51.340520 2026] [php:error] [pid 58555] [client 45.67.97.15:0] script '/domains/perless2web/wp-good.php' not found or unable to stat
[Sat Feb 21 01:08:51.390944 2026] [php:error] [pid 58602] [client 45.67.97.17:0] script '/domains/rainho/lock360.php' not found or unable to stat
[Sat Feb 21 01:08:51.419770 2026] [php:error] [pid 58491] [client 45.67.97.15:0] script '/domains/hungariantasteweb/wp-editor.php' not found or unable to stat
[Sat Feb 21 01:08:51.478362 2026] [php:error] [pid 58507] [client 45.67.97.15:0] script '/domains/sjsachs/nf_tracking.php' not found or unable to stat
[Sat Feb 21 01:08:51.516559 2026] [php:error] [pid 58590] [client 45.67.97.15:0] script '/domains/system_suspended/wp_wlx.php' not found or unable to stat
[Sat Feb 21 01:08:51.531475 2026] [php:error] [pid 58599] [client 45.67.97.15:0] script '/domains/lover/chosen.php' not found or unable to stat
[Sat Feb 21 01:08:51.540926 2026] [php:error] [pid 58549] [client 45.67.97.17:0] script '/domains/ceonlinenews/cgi-bin/class.api.php' not found or unable to stat
[Sat Feb 21 01:08:51.544186 2026] [php:error] [pid 58488] [client 20.24.204.137:0] script '/domains/ebon/forbidals.php' not found or unable to stat
[Sat Feb 21 01:08:51.556116 2026] [php:error] [pid 58527] [client 45.67.97.192:0] script '/domains/astweb/tiny.php' not found or unable to stat
[Sat Feb 21 01:08:51.611264 2026] [php:error] [pid 58556] [client 45.67.97.17:0] script '/domains/aatweb/special.php' not found or unable to stat
[Sat Feb 21 01:08:51.615640 2026] [php:error] [pid 58470] [client 45.67.97.17:0] script '/domains/system_suspended/mini.php' not found or unable to stat
[Sat Feb 21 01:08:51.721381 2026] [php:error] [pid 58519] [client 45.67.97.192:0] script '/domains/system_suspended/makeasmtp.php' not found or unable to stat
[Sat Feb 21 01:08:51.759055 2026] [php:error] [pid 58488] [client 20.24.204.137:0] script '/domains/ebon/erty.php' not found or unable to stat
[Sat Feb 21 01:08:51.811783 2026] [php:error] [pid 58581] [client 45.67.97.15:0] script '/domains/gohover/l.php' not found or unable to stat
[Sat Feb 21 01:08:51.858433 2026] [php:error] [pid 58602] [client 45.67.97.17:0] script '/domains/rainho/zwso.php' not found or unable to stat
[Sat Feb 21 01:08:51.875855 2026] [php:error] [pid 58564] [client 45.67.97.192:0] script '/domains/resourceandeventweb/css.php' not found or unable to stat
[Sat Feb 21 01:08:51.883762 2026] [php:error] [pid 58502] [client 45.67.97.16:0] script '/domains/system_default/nf_tracking.php' not found or unable to stat
[Sat Feb 21 01:08:51.974489 2026] [php:error] [pid 58488] [client 20.24.204.137:0] script '/domains/ebon/dev1s.php' not found or unable to stat
[Sat Feb 21 01:08:51.976378 2026] [php:error] [pid 58524] [client 45.67.97.15:0] script '/domains/pbuilder/images/habhan.php' not found or unable to stat
[Sat Feb 21 01:08:52.000062 2026] [php:error] [pid 58599] [client 45.67.97.15:0] script '/domains/lover/about.php' not found or unable to stat
[Sat Feb 21 01:08:52.006661 2026] [php:error] [pid 58472] [client 45.67.97.15:0] script '/domains/nsmd2/as.php' not found or unable to stat
[Sat Feb 21 01:08:52.021929 2026] [php:error] [pid 58493] [client 45.67.97.15:0] script '/domains/pookie.dnai/lock.php' not found or unable to stat
[Sat Feb 21 01:08:52.023494 2026] [php:error] [pid 58595] [client 45.67.97.16:0] script '/domains/system_suspended/Sanskrit.php' not found or unable to stat
[Sat Feb 21 01:08:52.067424 2026] [php:error] [pid 58600] [client 45.67.97.192:0] script '/domains/ferguson.interport/ms-users.php' not found or unable to stat
[Sat Feb 21 01:08:52.084551 2026] [php:error] [pid 58470] [client 45.67.97.17:0] script '/domains/system_suspended/goods.php' not found or unable to stat
[Sat Feb 21 01:08:52.114005 2026] [php:error] [pid 58525] [client 45.67.97.16:0] script '/domains/fdcarter/b.php' not found or unable to stat
[Sat Feb 21 01:08:52.191354 2026] [php:error] [pid 58488] [client 20.24.204.137:0] script '/domains/ebon/ffd.php' not found or unable to stat
[Sat Feb 21 01:08:52.201633 2026] [php:error] [pid 58453] [client 45.67.97.17:0] script '/domains/system_default/files.php' not found or unable to stat
[Sat Feb 21 01:08:52.283143 2026] [php:error] [pid 58581] [client 45.67.97.15:0] script '/domains/gohover/repeater.php' not found or unable to stat
[Sat Feb 21 01:08:52.284696 2026] [php:error] [pid 58587] [client 45.67.97.15:0] script '/domains/braniff/class.api.php' not found or unable to stat
[Sat Feb 21 01:08:52.284941 2026] [php:error] [pid 58501] [client 45.67.97.192:0] script '/domains/hans.interport/mah.php' not found or unable to stat
[Sat Feb 21 01:08:52.285385 2026] [php:error] [pid 58597] [client 45.67.97.192:0] script '/domains/system_default/tox.php' not found or unable to stat
[Sat Feb 21 01:08:52.331228 2026] [php:error] [pid 58582] [client 45.67.97.16:0] script '/domains/trodine/wp-login.php' not found or unable to stat
[Sat Feb 21 01:08:52.331469 2026] [php:error] [pid 58602] [client 45.67.97.17:0] script '/domains/rainho/chosen.php' not found or unable to stat
[Sat Feb 21 01:08:52.340766 2026] [php:error] [pid 58572] [client 45.67.97.192:0] script '/domains/tbarnhil/inc.php' not found or unable to stat
[Sat Feb 21 01:08:52.431938 2026] [php:error] [pid 58507] [client 45.67.97.15:0] script '/domains/sjsachs/filefuns.php' not found or unable to stat
[Sat Feb 21 01:08:52.455158 2026] [php:error] [pid 58488] [client 20.24.204.137:0] script '/domains/ebon/admiin.php' not found or unable to stat
[Sat Feb 21 01:08:52.455234 2026] [php:error] [pid 58601] [client 45.67.97.192:0] script '/domains/magicjim/aa.php' not found or unable to stat
[Sat Feb 21 01:08:52.467673 2026] [php:error] [pid 58599] [client 45.67.97.15:0] script '/domains/lover/admin.php' not found or unable to stat
[Sat Feb 21 01:08:52.474049 2026] [php:error] [pid 58472] [client 45.67.97.15:0] script '/domains/nsmd2/cc.php' not found or unable to stat
[Sat Feb 21 01:08:52.488453 2026] [php:error] [pid 58527] [client 45.67.97.192:0] script '/domains/astweb/themes.php' not found or unable to stat
[Sat Feb 21 01:08:52.489285 2026] [php:error] [pid 58595] [client 45.67.97.16:0] script '/domains/system_suspended/wp-fmfile.php' not found or unable to stat
[Sat Feb 21 01:08:52.561965 2026] [php:error] [pid 58470] [client 45.67.97.17:0] script '/domains/system_suspended/file5.php' not found or unable to stat
[Sat Feb 21 01:08:52.575308 2026] [php:error] [pid 58541] [client 45.67.97.192:0] script '/domains/biehlweb/css/install.php' not found or unable to stat
[Sat Feb 21 01:08:52.621111 2026] [php:error] [pid 58508] [client 45.67.97.192:0] script '/domains/peterbmiller/testt.php' not found or unable to stat
[Sat Feb 21 01:08:52.667763 2026] [php:error] [pid 58513] [client 45.67.97.17:0] script '/domains/jrp.interport/config.php' not found or unable to stat
[Sat Feb 21 01:08:52.669410 2026] [php:error] [pid 58488] [client 20.24.204.137:0] script '/domains/ebon/ol.php' not found or unable to stat
[Sat Feb 21 01:08:52.738837 2026] [php:error] [pid 58509] [client 45.67.97.16:0] script '/domains/system_default/wp-admin.php' not found or unable to stat
[Sat Feb 21 01:08:52.817476 2026] [php:error] [pid 58582] [client 45.67.97.16:0] script '/domains/trodine/mar.php' not found or unable to stat
[Sat Feb 21 01:08:52.818749 2026] [php:error] [pid 58602] [client 45.67.97.17:0] script '/domains/rainho/about.php' not found or unable to stat
[Sat Feb 21 01:08:52.822868 2026] [php:error] [pid 58502] [client 45.67.97.16:0] script '/domains/system_default/filefuns.php' not found or unable to stat
[Sat Feb 21 01:08:52.851150 2026] [php:error] [pid 58535] [client 45.67.97.16:0] script '/domains/miles.interport/images/class.php' not found or unable to stat
[Sat Feb 21 01:08:52.883419 2026] [php:error] [pid 58488] [client 20.24.204.137:0] script '/domains/ebon/Sanskrit.php' not found or unable to stat
[Sat Feb 21 01:08:52.925502 2026] [php:error] [pid 58601] [client 45.67.97.192:0] script '/domains/magicjim/index2.php' not found or unable to stat
[Sat Feb 21 01:08:52.928125 2026] [php:error] [pid 58590] [client 45.67.97.15:0] script '/domains/system_suspended/wp.php' not found or unable to stat
[Sat Feb 21 01:08:52.953838 2026] [php:error] [pid 58527] [client 45.67.97.192:0] script '/domains/astweb/wp-themes.php' not found or unable to stat
[Sat Feb 21 01:08:53.032034 2026] [php:error] [pid 58470] [client 45.67.97.17:0] script '/domains/system_suspended/ahax.php' not found or unable to stat
[Sat Feb 21 01:08:53.049496 2026] [php:error] [pid 58560] [client 45.67.97.15:0] script '/domains/druckrey/testt.php' not found or unable to stat
[Sat Feb 21 01:08:53.104663 2026] [php:error] [pid 58609] [client 45.67.97.16:0] script '/domains/hungariantasteweb/images/install.php' not found or unable to stat
[Sat Feb 21 01:08:53.135919 2026] [php:error] [pid 58513] [client 45.67.97.17:0] script '/domains/jrp.interport/special.php' not found or unable to stat
[Sat Feb 21 01:08:53.220694 2026] [php:error] [pid 58501] [client 45.67.97.192:0] script '/domains/hans.interport/core.php' not found or unable to stat
[Sat Feb 21 01:08:53.255801 2026] [php:error] [pid 58488] [client 20.24.204.137:0] script '/domains/ebon/vxrl.php' not found or unable to stat
[Sat Feb 21 01:08:53.290874 2026] [php:error] [pid 58572] [client 45.67.97.192:0] script '/domains/tbarnhil/filemanager.php' not found or unable to stat
[Sat Feb 21 01:08:53.292359 2026] [php:error] [pid 58602] [client 45.67.97.17:0] script '/domains/rainho/admin.php' not found or unable to stat
[Sat Feb 21 01:08:53.317423 2026] [php:error] [pid 58515] [client 45.67.97.16:0] script '/domains/carynm/images/upload.php' not found or unable to stat
[Sat Feb 21 01:08:53.369161 2026] [php:error] [pid 58507] [client 45.67.97.15:0] script '/domains/sjsachs/l.php' not found or unable to stat
[Sat Feb 21 01:08:53.383606 2026] [php:error] [pid 58593] [client 45.67.97.16:0] script '/domains/testregisgroup/wp-api.php' not found or unable to stat
[Sat Feb 21 01:08:53.403130 2026] [php:error] [pid 58599] [client 45.67.97.15:0] script '/domains/lover/mah.php' not found or unable to stat
[Sat Feb 21 01:08:53.414356 2026] [php:error] [pid 58472] [client 45.67.97.15:0] script '/domains/nsmd2/ab.php' not found or unable to stat
[Sat Feb 21 01:08:53.469820 2026] [php:error] [pid 58488] [client 20.24.204.137:0] script '/domains/ebon/re.php' not found or unable to stat
[Sat Feb 21 01:08:53.508296 2026] [php:error] [pid 58470] [client 45.67.97.17:0] script '/domains/system_suspended/f35.php' not found or unable to stat
[Sat Feb 21 01:08:53.650795 2026] [php:error] [pid 58579] [client 45.67.97.17:0] script '/domains/micra/network.php' not found or unable to stat
[Sat Feb 21 01:08:53.661526 2026] [php:error] [pid 58565] [client 45.67.97.192:0] script '/domains/system_default/xp.php' not found or unable to stat
[Sat Feb 21 01:08:53.683165 2026] [php:error] [pid 58581] [client 45.67.97.15:0] script '/domains/gohover/contacts.php' not found or unable to stat
[Sat Feb 21 01:08:53.684722 2026] [php:error] [pid 58488] [client 20.24.204.137:0] script '/domains/ebon/num.php' not found or unable to stat
[Sat Feb 21 01:08:53.687510 2026] [php:error] [pid 58587] [client 45.67.97.15:0] script '/domains/braniff/system_log.php' not found or unable to stat
[Sat Feb 21 01:08:53.689398 2026] [php:error] [pid 58501] [client 45.67.97.192:0] script '/domains/hans.interport/robots.php' not found or unable to stat
[Sat Feb 21 01:08:53.758008 2026] [php:error] [pid 58502] [client 45.67.97.16:0] script '/domains/system_default/l.php' not found or unable to stat
[Sat Feb 21 01:08:53.798075 2026] [php:error] [pid 58535] [client 45.67.97.16:0] script '/domains/miles.interport/web.php' not found or unable to stat
[Sat Feb 21 01:08:53.805317 2026] [php:error] [pid 58558] [client 45.67.97.15:0] script '/domains/hpveweb/images/Marvins.php' not found or unable to stat
[Sat Feb 21 01:08:53.839662 2026] [php:error] [pid 58507] [client 45.67.97.15:0] script '/domains/sjsachs/repeater.php' not found or unable to stat
[Sat Feb 21 01:08:53.976023 2026] [php:error] [pid 58546] [client 45.67.97.17:0] script '/domains/proinc/wp-head.php' not found or unable to stat
[Sat Feb 21 01:08:53.979907 2026] [php:error] [pid 58541] [client 45.67.97.192:0] script '/domains/biehlweb/wp-configs.php' not found or unable to stat
[Sat Feb 21 01:08:53.981235 2026] [php:error] [pid 58470] [client 45.67.97.17:0] script '/domains/system_suspended/simple.php' not found or unable to stat
[Sat Feb 21 01:08:54.027424 2026] [php:error] [pid 58549] [client 45.67.97.17:0] script '/domains/ceonlinenews/webdb.php' not found or unable to stat
[Sat Feb 21 01:08:54.059377 2026] [php:error] [pid 58609] [client 45.67.97.16:0] script '/domains/hungariantasteweb/adminfusm.php' not found or unable to stat
[Sat Feb 21 01:08:54.069956 2026] [php:error] [pid 58604] [client 45.67.97.16:0] script '/domains/bruceweb/images/waf_defender.php' not found or unable to stat
[Sat Feb 21 01:08:54.102399 2026] [php:error] [pid 58488] [client 20.24.204.137:0] script '/domains/ebon/axx.php' not found or unable to stat
[Sat Feb 21 01:08:54.125283 2026] [php:error] [pid 58574] [client 45.67.97.192:0] script '/domains/windsorweb/click.php' not found or unable to stat
[Sat Feb 21 01:08:54.151235 2026] [php:error] [pid 58581] [client 45.67.97.15:0] script '/domains/gohover/wsa.php' not found or unable to stat
[Sat Feb 21 01:08:54.159747 2026] [php:error] [pid 58587] [client 45.67.97.15:0] script '/domains/braniff/.alf.php' not found or unable to stat
[Sat Feb 21 01:08:54.160628 2026] [php:error] [pid 58597] [client 45.67.97.192:0] script '/domains/system_default/tiny.php' not found or unable to stat
[Sat Feb 21 01:08:54.161997 2026] [php:error] [pid 58501] [client 45.67.97.192:0] script '/domains/hans.interport/inputs.php' not found or unable to stat
[Sat Feb 21 01:08:54.222867 2026] [php:error] [pid 58502] [client 45.67.97.16:0] script '/domains/system_default/repeater.php' not found or unable to stat
[Sat Feb 21 01:08:54.227398 2026] [php:error] [pid 58582] [client 45.67.97.16:0] script '/domains/trodine/1.php' not found or unable to stat
[Sat Feb 21 01:08:54.235373 2026] [php:error] [pid 58602] [client 45.67.97.17:0] script '/domains/rainho/mah.php' not found or unable to stat
[Sat Feb 21 01:08:54.320916 2026] [php:error] [pid 58593] [client 45.67.97.16:0] script '/domains/testregisgroup/css.php' not found or unable to stat
[Sat Feb 21 01:08:54.342916 2026] [php:error] [pid 58599] [client 45.67.97.15:0] script '/domains/lover/core.php' not found or unable to stat
[Sat Feb 21 01:08:54.356250 2026] [php:error] [pid 58488] [client 20.24.204.137:0] script '/domains/ebon/vxrl.php' not found or unable to stat
[Sat Feb 21 01:08:54.357430 2026] [php:error] [pid 58527] [client 45.67.97.192:0] script '/domains/astweb/mariju.php' not found or unable to stat
[Sat Feb 21 01:08:54.357432 2026] [php:error] [pid 58595] [client 45.67.97.16:0] script '/domains/system_suspended/memberfuns.php' not found or unable to stat
[Sat Feb 21 01:08:54.575126 2026] [php:error] [pid 58488] [client 20.24.204.137:0] script '/domains/ebon/in.php' not found or unable to stat
[Sat Feb 21 01:08:54.619266 2026] [php:error] [pid 58509] [client 45.67.97.16:0] script '/domains/system_default/wp-editor.php' not found or unable to stat
[Sat Feb 21 01:08:54.626802 2026] [php:error] [pid 58587] [client 45.67.97.15:0] script '/domains/braniff/wso.php' not found or unable to stat
[Sat Feb 21 01:08:54.630674 2026] [php:error] [pid 58501] [client 45.67.97.192:0] script '/domains/hans.interport/mini.php' not found or unable to stat
[Sat Feb 21 01:08:54.644987 2026] [php:error] [pid 58590] [client 45.67.97.15:0] script '/domains/system_suspended/wp-header.php' not found or unable to stat
[Sat Feb 21 01:08:54.651390 2026] [php:error] [pid 58586] [client 45.67.97.16:0] script '/domains/system_cancel/ioxi-o.php' not found or unable to stat
[Sat Feb 21 01:08:54.688734 2026] [php:error] [pid 58564] [client 45.67.97.192:0] script '/domains/resourceandeventweb/wp-error_log.php' not found or unable to stat
[Sat Feb 21 01:08:54.756833 2026] [php:error] [pid 58535] [client 45.67.97.16:0] script '/domains/miles.interport/images/index.php' not found or unable to stat
[Sat Feb 21 01:08:54.767050 2026] [php:error] [pid 58592] [client 45.67.97.17:0] script '/domains/fbardin/gm.php' not found or unable to stat
[Sat Feb 21 01:08:54.789287 2026] [php:error] [pid 58488] [client 20.24.204.137:0] script '/domains/ebon/style.php' not found or unable to stat
[Sat Feb 21 01:08:54.810388 2026] [php:error] [pid 58599] [client 45.67.97.15:0] script '/domains/lover/robots.php' not found or unable to stat
[Sat Feb 21 01:08:54.818749 2026] [php:error] [pid 58472] [client 45.67.97.15:0] script '/domains/nsmd2/doc.php' not found or unable to stat
[Sat Feb 21 01:08:54.822337 2026] [php:error] [pid 58527] [client 45.67.97.192:0] script '/domains/astweb/waf_defender.php' not found or unable to stat
[Sat Feb 21 01:08:54.822647 2026] [php:error] [pid 58595] [client 45.67.97.16:0] script '/domains/system_suspended/infos.php' not found or unable to stat
[Sat Feb 21 01:08:54.889686 2026] [php:error] [pid 58568] [client 45.67.97.16:0] script '/domains/system_suspended/adminfus.php' not found or unable to stat
[Sat Feb 21 01:08:54.916375 2026] [php:error] [pid 58469] [client 45.67.97.192:0] script '/domains/quintet/classwithtostring.php' not found or unable to stat
[Sat Feb 21 01:08:54.918263 2026] [php:error] [pid 58525] [client 45.67.97.16:0] script '/domains/fdcarter/wsax.php' not found or unable to stat
[Sat Feb 21 01:08:54.967846 2026] [php:error] [pid 58575] [client 45.67.97.15:0] script '/domains/system_suspended/files.php' not found or unable to stat
[Sat Feb 21 01:08:54.967866 2026] [php:error] [pid 58549] [client 45.67.97.17:0] script '/domains/ceonlinenews/file2.php' not found or unable to stat
[Sat Feb 21 01:08:55.003275 2026] [php:error] [pid 58488] [client 20.24.204.137:0] script '/domains/ebon/we.php' not found or unable to stat
[Sat Feb 21 01:08:55.016522 2026] [php:error] [pid 58604] [client 45.67.97.16:0] script '/domains/bruceweb/small.php' not found or unable to stat
[Sat Feb 21 01:08:55.020362 2026] [php:error] [pid 58479] [client 45.67.97.192:0] script '/domains/byardrealestate/Sanskrit.php' not found or unable to stat
[Sat Feb 21 01:08:55.059791 2026] [php:error] [pid 58565] [client 45.67.97.192:0] script '/domains/system_default/wp-links.php' not found or unable to stat
[Sat Feb 21 01:08:55.061851 2026] [php:error] [pid 58579] [client 45.67.97.17:0] script '/domains/micra/wikindex.php' not found or unable to stat
[Sat Feb 21 01:08:55.098711 2026] [php:error] [pid 58555] [client 45.67.97.15:0] script '/domains/perless2web/ff2.php' not found or unable to stat
[Sat Feb 21 01:08:55.098943 2026] [php:error] [pid 58597] [client 45.67.97.192:0] script '/domains/system_default/themes.php' not found or unable to stat
[Sat Feb 21 01:08:55.100189 2026] [php:error] [pid 58501] [client 45.67.97.192:0] script '/domains/hans.interport/goods.php' not found or unable to stat
[Sat Feb 21 01:08:55.114777 2026] [php:error] [pid 58580] [client 45.67.97.15:0] script '/domains/system_suspended/testt.php' not found or unable to stat
[Sat Feb 21 01:08:55.121923 2026] [php:error] [pid 58586] [client 45.67.97.16:0] script '/domains/system_cancel/info.php' not found or unable to stat
[Sat Feb 21 01:08:55.181837 2026] [php:error] [pid 58602] [client 45.67.97.17:0] script '/domains/rainho/core.php' not found or unable to stat
[Sat Feb 21 01:08:55.217724 2026] [php:error] [pid 58488] [client 20.24.204.137:0] script '/domains/ebon/zwso.php' not found or unable to stat
[Sat Feb 21 01:08:55.242723 2026] [php:error] [pid 58507] [client 45.67.97.15:0] script '/domains/sjsachs/contacts.php' not found or unable to stat
[Sat Feb 21 01:08:55.281951 2026] [php:error] [pid 58599] [client 45.67.97.15:0] script '/domains/lover/inputs.php' not found or unable to stat
[Sat Feb 21 01:08:55.283453 2026] [php:error] [pid 58601] [client 45.67.97.192:0] script '/domains/magicjim/shell.php' not found or unable to stat
[Sat Feb 21 01:08:55.321898 2026] [php:error] [pid 58500] [client 45.67.97.192:0] script '/domains/acagolf1/css/fan.php' not found or unable to stat
[Sat Feb 21 01:08:55.334185 2026] [php:error] [pid 58493] [client 45.67.97.15:0] script '/domains/pookie.dnai/wp-good.php' not found or unable to stat
[Sat Feb 21 01:08:55.381143 2026] [php:error] [pid 58546] [client 45.67.97.17:0] script '/domains/proinc/makeasmtp.php' not found or unable to stat
[Sat Feb 21 01:08:55.441645 2026] [php:error] [pid 58584] [client 45.67.97.17:0] script '/domains/lover/inc.php' not found or unable to stat
[Sat Feb 21 01:08:55.450472 2026] [php:error] [pid 58488] [client 20.24.204.137:0] script '/domains/ebon/karak.php' not found or unable to stat
[Sat Feb 21 01:08:55.490381 2026] [php:error] [pid 58479] [client 45.67.97.192:0] script '/domains/byardrealestate/wp-fmfile.php' not found or unable to stat
[Sat Feb 21 01:08:55.568529 2026] [php:error] [pid 58587] [client 45.67.97.15:0] script '/domains/braniff/flower.php' not found or unable to stat
[Sat Feb 21 01:08:55.569230 2026] [php:error] [pid 58597] [client 45.67.97.192:0] script '/domains/system_default/wp-themes.php' not found or unable to stat
[Sat Feb 21 01:08:55.572284 2026] [php:error] [pid 58501] [client 45.67.97.192:0] script '/domains/hans.interport/file5.php' not found or unable to stat
[Sat Feb 21 01:08:55.586307 2026] [php:error] [pid 58590] [client 45.67.97.15:0] script '/domains/system_suspended/Marvins.php' not found or unable to stat
[Sat Feb 21 01:08:55.616027 2026] [php:error] [pid 58598] [client 45.67.97.16:0] script '/domains/pmglobal/Sanskrit.php' not found or unable to stat
[Sat Feb 21 01:08:55.629717 2026] [php:error] [pid 58502] [client 45.67.97.16:0] script '/domains/system_default/contacts.php' not found or unable to stat
[Sat Feb 21 01:08:55.648634 2026] [php:error] [pid 58610] [client 45.67.97.16:0] script '/domains/aatweb/cgi-bin/class.api.php' not found or unable to stat
[Sat Feb 21 01:08:55.655635 2026] [php:error] [pid 58602] [client 45.67.97.17:0] script '/domains/rainho/robots.php' not found or unable to stat
[Sat Feb 21 01:08:55.675725 2026] [php:error] [pid 58488] [client 20.24.204.137:0] script '/domains/ebon/prv8.php' not found or unable to stat
[Sat Feb 21 01:08:55.711913 2026] [php:error] [pid 58507] [client 45.67.97.15:0] script '/domains/sjsachs/wsa.php' not found or unable to stat
[Sat Feb 21 01:08:55.750641 2026] [php:error] [pid 58599] [client 45.67.97.15:0] script '/domains/lover/mini.php' not found or unable to stat
[Sat Feb 21 01:08:55.770858 2026] [php:error] [pid 58527] [client 45.67.97.192:0] script '/domains/astweb/av.php' not found or unable to stat
[Sat Feb 21 01:08:55.907217 2026] [php:error] [pid 58549] [client 45.67.97.17:0] script '/domains/ceonlinenews/alfa.php' not found or unable to stat
[Sat Feb 21 01:08:55.909874 2026] [php:error] [pid 58488] [client 20.24.204.137:0] script '/domains/ebon/i.php' not found or unable to stat
[Sat Feb 21 01:08:55.913462 2026] [php:error] [pid 58508] [client 45.67.97.192:0] script '/domains/peterbmiller/network.php' not found or unable to stat
[Sat Feb 21 01:08:55.937252 2026] [php:error] [pid 58609] [client 45.67.97.16:0] script '/domains/hungariantasteweb/images/habhan.php' not found or unable to stat
[Sat Feb 21 01:08:55.958171 2026] [php:error] [pid 58604] [client 45.67.97.16:0] script '/domains/bruceweb/NewFile.php' not found or unable to stat
[Sat Feb 21 01:08:55.995177 2026] [php:error] [pid 58529] [client 45.67.97.17:0] script '/domains/jaspen/xex.php' not found or unable to stat
[Sat Feb 21 01:08:56.042358 2026] [php:error] [pid 58501] [client 45.67.97.192:0] script '/domains/hans.interport/ahax.php' not found or unable to stat
[Sat Feb 21 01:08:56.080974 2026] [php:error] [pid 58598] [client 45.67.97.16:0] script '/domains/pmglobal/wp-fmfile.php' not found or unable to stat
[Sat Feb 21 01:08:56.098138 2026] [php:error] [pid 58502] [client 45.67.97.16:0] script '/domains/system_default/wsa.php' not found or unable to stat
[Sat Feb 21 01:08:56.128228 2026] [php:error] [pid 58602] [client 45.67.97.17:0] script '/domains/rainho/inputs.php' not found or unable to stat
[Sat Feb 21 01:08:56.142557 2026] [php:error] [pid 58488] [client 20.24.204.137:0] script '/domains/ebon/a.php' not found or unable to stat
[Sat Feb 21 01:08:56.221065 2026] [php:error] [pid 58524] [client 45.67.97.15:0] script '/domains/pbuilder/f35_SpaceTn.php' not found or unable to stat
[Sat Feb 21 01:08:56.223665 2026] [php:error] [pid 58599] [client 45.67.97.15:0] script '/domains/lover/goods.php' not found or unable to stat
[Sat Feb 21 01:08:56.243854 2026] [php:error] [pid 58472] [client 45.67.97.15:0] script '/domains/nsmd2/wp-login.php' not found or unable to stat
[Sat Feb 21 01:08:56.261157 2026] [php:error] [pid 58500] [client 45.67.97.192:0] script '/domains/acagolf1/images/mah.php' not found or unable to stat
[Sat Feb 21 01:08:56.324151 2026] [php:error] [pid 58469] [client 45.67.97.192:0] script '/domains/quintet/tinyfilemanager.php' not found or unable to stat
[Sat Feb 21 01:08:56.338950 2026] [php:error] [pid 58560] [client 45.67.97.15:0] script '/domains/druckrey/network.php' not found or unable to stat
[Sat Feb 21 01:08:56.363586 2026] [php:error] [pid 58488] [client 20.24.204.137:0] script '/domains/ebon/xmlrpc.php' not found or unable to stat
[Sat Feb 21 01:08:56.381085 2026] [php:error] [pid 58584] [client 45.67.97.17:0] script '/domains/lover/filemanager.php' not found or unable to stat
[Sat Feb 21 01:08:56.401051 2026] [php:error] [pid 58572] [client 45.67.97.192:0] script '/domains/tbarnhil/function.php' not found or unable to stat
[Sat Feb 21 01:08:56.423219 2026] [php:error] [pid 58520] [client 45.67.97.17:0] script '/domains/familyplayhouse2/tox.php' not found or unable to stat
[Sat Feb 21 01:08:56.481175 2026] [php:error] [pid 58581] [client 45.67.97.15:0] script '/domains/gohover/lv.php' not found or unable to stat
[Sat Feb 21 01:08:56.510550 2026] [php:error] [pid 58501] [client 45.67.97.192:0] script '/domains/hans.interport/f35.php' not found or unable to stat
[Sat Feb 21 01:08:56.529333 2026] [php:error] [pid 58590] [client 45.67.97.15:0] script '/domains/system_suspended/wp-class.php' not found or unable to stat
[Sat Feb 21 01:08:56.582073 2026] [php:error] [pid 58488] [client 20.24.204.137:0] script '/domains/ebon/aw.php' not found or unable to stat
[Sat Feb 21 01:08:56.596285 2026] [php:error] [pid 58602] [client 45.67.97.17:0] script '/domains/rainho/mini.php' not found or unable to stat
[Sat Feb 21 01:08:56.646597 2026] [php:error] [pid 58535] [client 45.67.97.16:0] script '/domains/miles.interport/wp-trackback.php' not found or unable to stat
[Sat Feb 21 01:08:56.651406 2026] [php:error] [pid 58491] [client 45.67.97.192:0] script '/domains/antiqueweb1/wp-content.php' not found or unable to stat
[Sat Feb 21 01:08:56.694202 2026] [php:error] [pid 58599] [client 45.67.97.15:0] script '/domains/lover/file5.php' not found or unable to stat
[Sat Feb 21 01:08:56.709691 2026] [php:error] [pid 58595] [client 45.67.97.16:0] script '/domains/system_suspended/options-writing.php' not found or unable to stat
[Sat Feb 21 01:08:56.712087 2026] [php:error] [pid 58472] [client 45.67.97.15:0] script '/domains/nsmd2/mar.php' not found or unable to stat
[Sat Feb 21 01:08:56.801202 2026] [php:error] [pid 58488] [client 20.24.204.137:0] script '/domains/ebon/dev.php' not found or unable to stat
[Sat Feb 21 01:08:56.901365 2026] [php:error] [pid 58604] [client 45.67.97.16:0] script '/domains/bruceweb/error.php' not found or unable to stat
[Sat Feb 21 01:08:56.954229 2026] [php:error] [pid 58453] [client 45.67.97.17:0] script '/domains/system_default/blog.php' not found or unable to stat
[Sat Feb 21 01:08:56.980714 2026] [php:error] [pid 58555] [client 45.67.97.15:0] script '/domains/perless2web/jp.php' not found or unable to stat
[Sat Feb 21 01:08:56.980834 2026] [php:error] [pid 58597] [client 45.67.97.192:0] script '/domains/system_default/mariju.php' not found or unable to stat
[Sat Feb 21 01:08:56.982899 2026] [php:error] [pid 58501] [client 45.67.97.192:0] script '/domains/hans.interport/simple.php' not found or unable to stat
[Sat Feb 21 01:08:57.064134 2026] [php:error] [pid 58602] [client 45.67.97.17:0] script '/domains/rainho/goods.php' not found or unable to stat
[Sat Feb 21 01:08:57.070625 2026] [php:error] [pid 58488] [client 20.24.204.137:0] script '/domains/ebon/lock360.php' not found or unable to stat
[Sat Feb 21 01:08:57.157745 2026] [php:error] [pid 58593] [client 45.67.97.16:0] script '/domains/testregisgroup/wp-error_log.php' not found or unable to stat
[Sat Feb 21 01:08:57.163590 2026] [php:error] [pid 58599] [client 45.67.97.15:0] script '/domains/lover/ahax.php' not found or unable to stat
[Sat Feb 21 01:08:57.177930 2026] [php:error] [pid 58595] [client 45.67.97.16:0] script '/domains/system_suspended/options-reading.php' not found or unable to stat
[Sat Feb 21 01:08:57.197606 2026] [php:error] [pid 58550] [client 45.67.97.192:0] script '/domains/frog.interport1/images/Marvins.php' not found or unable to stat
[Sat Feb 21 01:08:57.220957 2026] [php:error] [pid 58568] [client 45.67.97.16:0] script '/domains/system_suspended/cong.php' not found or unable to stat
[Sat Feb 21 01:08:57.265321 2026] [php:error] [pid 58526] [client 45.67.97.17:0] script '/domains/system_default/adminfusm.php' not found or unable to stat
[Sat Feb 21 01:08:57.285401 2026] [php:error] [pid 58488] [client 20.24.204.137:0] script '/domains/ebon/155.php' not found or unable to stat
[Sat Feb 21 01:08:57.332601 2026] [php:error] [pid 58508] [client 45.67.97.192:0] script '/domains/peterbmiller/wikindex.php' not found or unable to stat
[Sat Feb 21 01:08:57.376115 2026] [php:error] [pid 58479] [client 45.67.97.192:0] script '/domains/byardrealestate/memberfuns.php' not found or unable to stat
[Sat Feb 21 01:08:57.383859 2026] [php:error] [pid 58608] [client 45.67.97.16:0] script '/domains/csiniaws/tox.php' not found or unable to stat
[Sat Feb 21 01:08:57.451732 2026] [php:error] [pid 58555] [client 45.67.97.15:0] script '/domains/perless2web/wp-atom.php' not found or unable to stat
[Sat Feb 21 01:08:57.451930 2026] [php:error] [pid 58597] [client 45.67.97.192:0] script '/domains/system_default/waf_defender.php' not found or unable to stat
[Sat Feb 21 01:08:57.452211 2026] [php:error] [pid 58587] [client 45.67.97.15:0] script '/domains/braniff/ioxi-o.php' not found or unable to stat
[Sat Feb 21 01:08:57.457957 2026] [php:error] [pid 58588] [client 45.67.97.15:0] script '/domains/tcrlle/inc.php' not found or unable to stat
[Sat Feb 21 01:08:57.472385 2026] [php:error] [pid 58590] [client 45.67.97.15:0] script '/domains/system_suspended/xx.php' not found or unable to stat
[Sat Feb 21 01:08:57.500974 2026] [php:error] [pid 58488] [client 20.24.204.137:0] script '/domains/ebon/goat.php' not found or unable to stat
[Sat Feb 21 01:08:57.557250 2026] [php:error] [pid 58610] [client 45.67.97.16:0] script '/domains/aatweb/webdb.php' not found or unable to stat
[Sat Feb 21 01:08:57.562632 2026] [php:error] [pid 58602] [client 45.67.97.17:0] script '/domains/rainho/file5.php' not found or unable to stat
[Sat Feb 21 01:08:57.599011 2026] [php:error] [pid 58535] [client 45.67.97.16:0] script '/domains/miles.interport/radio.php' not found or unable to stat
[Sat Feb 21 01:08:57.632570 2026] [php:error] [pid 58599] [client 45.67.97.15:0] script '/domains/lover/f35.php' not found or unable to stat
[Sat Feb 21 01:08:57.645837 2026] [php:error] [pid 58572] [client 45.67.97.192:0] script '/domains/tbarnhil/wp-signup.php' not found or unable to stat
[Sat Feb 21 01:08:57.646823 2026] [php:error] [pid 58595] [client 45.67.97.16:0] script '/domains/system_suspended/wsad.php' not found or unable to stat
[Sat Feb 21 01:08:57.654766 2026] [php:error] [pid 58601] [client 45.67.97.192:0] script '/domains/magicjim/hehe.php' not found or unable to stat
[Sat Feb 21 01:08:57.714993 2026] [php:error] [pid 58488] [client 20.24.204.137:0] script '/domains/ebon/tcp.php' not found or unable to stat
[Sat Feb 21 01:08:57.796683 2026] [php:error] [pid 58469] [client 45.67.97.192:0] script '/domains/quintet/file.php' not found or unable to stat
[Sat Feb 21 01:08:57.798169 2026] [php:error] [pid 58560] [client 45.67.97.15:0] script '/domains/druckrey/wikindex.php' not found or unable to stat
[Sat Feb 21 01:08:57.844935 2026] [php:error] [pid 58479] [client 45.67.97.192:0] script '/domains/byardrealestate/infos.php' not found or unable to stat
[Sat Feb 21 01:08:57.921463 2026] [php:error] [pid 58587] [client 45.67.97.15:0] script '/domains/braniff/info.php' not found or unable to stat
[Sat Feb 21 01:08:57.929401 2026] [php:error] [pid 58488] [client 20.24.204.137:0] script '/domains/ebon/ext.php' not found or unable to stat
[Sat Feb 21 01:08:57.940906 2026] [php:error] [pid 58598] [client 45.67.97.16:0] script '/domains/pmglobal/memberfuns.php' not found or unable to stat
[Sat Feb 21 01:08:57.942758 2026] [php:error] [pid 58590] [client 45.67.97.15:0] script '/domains/system_suspended/autoload_classmap.php' not found or unable to stat
[Sat Feb 21 01:08:57.960392 2026] [php:error] [pid 58586] [client 45.67.97.16:0] script '/domains/system_cancel/as.php' not found or unable to stat
[Sat Feb 21 01:08:57.986781 2026] [php:error] [pid 58582] [client 45.67.97.16:0] script '/domains/trodine/fm.php' not found or unable to stat
[Sat Feb 21 01:08:58.030944 2026] [php:error] [pid 58602] [client 45.67.97.17:0] script '/domains/rainho/ahax.php' not found or unable to stat
[Sat Feb 21 01:08:58.046456 2026] [php:error] [pid 58571] [client 45.67.97.15:0] script '/domains/homesbyaudrey1/b.php' not found or unable to stat
[Sat Feb 21 01:08:58.068984 2026] [php:error] [pid 58507] [client 45.67.97.15:0] script '/domains/sjsachs/lv.php' not found or unable to stat
[Sat Feb 21 01:08:58.109407 2026] [php:error] [pid 58599] [client 45.67.97.15:0] script '/domains/lover/simple.php' not found or unable to stat
[Sat Feb 21 01:08:58.116309 2026] [php:error] [pid 58595] [client 45.67.97.16:0] script '/domains/system_suspended/nation.php' not found or unable to stat
[Sat Feb 21 01:08:58.119677 2026] [php:error] [pid 58472] [client 45.67.97.15:0] script '/domains/nsmd2/1.php' not found or unable to stat
[Sat Feb 21 01:08:58.143260 2026] [php:error] [pid 58488] [client 20.24.204.137:0] script '/domains/ebon/inputs.php' not found or unable to stat
[Sat Feb 21 01:08:58.313109 2026] [php:error] [pid 58520] [client 45.67.97.17:0] script '/domains/familyplayhouse2/tiny.php' not found or unable to stat
[Sat Feb 21 01:08:58.325276 2026] [php:error] [pid 58574] [client 45.67.97.192:0] script '/domains/windsorweb/wp-admin.php' not found or unable to stat
[Sat Feb 21 01:08:58.356936 2026] [php:error] [pid 58529] [client 45.67.97.17:0] script '/domains/jaspen/wp-head.php' not found or unable to stat
[Sat Feb 21 01:08:58.358809 2026] [php:error] [pid 58488] [client 20.24.204.137:0] script '/domains/ebon/ioxi.php' not found or unable to stat
[Sat Feb 21 01:08:58.389898 2026] [php:error] [pid 58555] [client 45.67.97.15:0] script '/domains/perless2web/up.php' not found or unable to stat
[Sat Feb 21 01:08:58.389919 2026] [php:error] [pid 58587] [client 45.67.97.15:0] script '/domains/braniff/setup.php' not found or unable to stat
[Sat Feb 21 01:08:58.390315 2026] [php:error] [pid 58597] [client 45.67.97.192:0] script '/domains/system_default/av.php' not found or unable to stat
[Sat Feb 21 01:08:58.393491 2026] [php:error] [pid 58588] [client 45.67.97.15:0] script '/domains/tcrlle/filemanager.php' not found or unable to stat
[Sat Feb 21 01:08:58.396491 2026] [php:error] [pid 58580] [client 45.67.97.15:0] script '/domains/system_suspended/network.php' not found or unable to stat
[Sat Feb 21 01:08:58.408881 2026] [php:error] [pid 58598] [client 45.67.97.16:0] script '/domains/pmglobal/infos.php' not found or unable to stat
[Sat Feb 21 01:08:58.431460 2026] [php:error] [pid 58586] [client 45.67.97.16:0] script '/domains/system_cancel/cc.php' not found or unable to stat
[Sat Feb 21 01:08:58.442124 2026] [php:error] [pid 58502] [client 45.67.97.16:0] script '/domains/system_default/lv.php' not found or unable to stat
[Sat Feb 21 01:08:58.488572 2026] [php:error] [pid 58610] [client 45.67.97.16:0] script '/domains/aatweb/file2.php' not found or unable to stat
[Sat Feb 21 01:08:58.502214 2026] [php:error] [pid 58602] [client 45.67.97.17:0] script '/domains/rainho/f35.php' not found or unable to stat
[Sat Feb 21 01:08:58.538386 2026] [php:error] [pid 58507] [client 45.67.97.15:0] script '/domains/sjsachs/images/js1.php' not found or unable to stat
[Sat Feb 21 01:08:58.698096 2026] [php:error] [pid 58488] [client 20.24.204.137:0] script '/domains/ebon/fe5.php' not found or unable to stat
[Sat Feb 21 01:08:58.780885 2026] [php:error] [pid 58604] [client 45.67.97.16:0] script '/domains/bruceweb/wp-files.php' not found or unable to stat
[Sat Feb 21 01:08:58.935875 2026] [php:error] [pid 58488] [client 20.24.204.137:0] script '/domains/ebon/ov.php' not found or unable to stat
[Sat Feb 21 01:08:58.972048 2026] [php:error] [pid 58602] [client 45.67.97.17:0] script '/domains/rainho/simple.php' not found or unable to stat
[Sat Feb 21 01:08:58.993939 2026] [php:error] [pid 58491] [client 45.67.97.192:0] script '/domains/antiqueweb1/customize.php' not found or unable to stat
[Sat Feb 21 01:08:59.048341 2026] [php:error] [pid 58605] [client 45.67.97.17:0] script '/domains/tmandel/Sanskrit.php' not found or unable to stat
[Sat Feb 21 01:08:59.052872 2026] [php:error] [pid 58572] [client 45.67.97.192:0] script '/domains/tbarnhil/wp-blog.php' not found or unable to stat
[Sat Feb 21 01:08:59.065084 2026] [php:error] [pid 58601] [client 45.67.97.192:0] script '/domains/magicjim/dir.php' not found or unable to stat
[Sat Feb 21 01:08:59.070468 2026] [php:error] [pid 58556] [client 45.67.97.15:0] script '/domains/jrp.interport/webdb.php' not found or unable to stat
[Sat Feb 21 01:08:59.198596 2026] [php:error] [pid 58469] [client 45.67.97.192:0] script '/domains/quintet/buy.php' not found or unable to stat
[Sat Feb 21 01:08:59.208225 2026] [php:error] [pid 58584] [client 45.67.97.17:0] script '/domains/lover/function.php' not found or unable to stat
[Sat Feb 21 01:08:59.244775 2026] [php:error] [pid 58608] [client 45.67.97.16:0] script '/domains/csiniaws/tiny.php' not found or unable to stat
[Sat Feb 21 01:08:59.259620 2026] [php:error] [pid 58520] [client 45.67.97.17:0] script '/domains/familyplayhouse2/themes.php' not found or unable to stat
[Sat Feb 21 01:08:59.260291 2026] [php:error] [pid 58604] [client 45.67.97.16:0] script '/domains/bruceweb/functions.php' not found or unable to stat
[Sat Feb 21 01:08:59.332213 2026] [php:error] [pid 58541] [client 45.67.97.17:0] script '/domains/biehlweb/ms-users.php' not found or unable to stat
[Sat Feb 21 01:08:59.361917 2026] [php:error] [pid 58590] [client 45.67.97.15:0] script '/domains/system_suspended/content.php' not found or unable to stat
[Sat Feb 21 01:08:59.373680 2026] [php:error] [pid 58586] [client 45.67.97.16:0] script '/domains/system_cancel/ab.php' not found or unable to stat
[Sat Feb 21 01:08:59.398866 2026] [php:error] [pid 58488] [client 20.24.204.137:0] script '/domains/ebon/default.php' not found or unable to stat
[Sat Feb 21 01:08:59.430963 2026] [php:error] [pid 58610] [client 45.67.97.16:0] script '/domains/aatweb/alfa.php' not found or unable to stat
[Sat Feb 21 01:08:59.458905 2026] [php:error] [pid 58491] [client 45.67.97.192:0] script '/domains/antiqueweb1/license.php' not found or unable to stat
[Sat Feb 21 01:08:59.498970 2026] [php:error] [pid 58535] [client 45.67.97.16:0] script '/domains/miles.interport/wp-conflg.php' not found or unable to stat
[Sat Feb 21 01:08:59.512878 2026] [php:error] [pid 58605] [client 45.67.97.17:0] script '/domains/tmandel/wp-fmfile.php' not found or unable to stat
[Sat Feb 21 01:08:59.613075 2026] [php:error] [pid 58488] [client 20.24.204.137:0] script '/domains/ebon/goods.php' not found or unable to stat
[Sat Feb 21 01:08:59.680094 2026] [php:error] [pid 58575] [client 45.67.97.15:0] script '/domains/system_suspended/blog.php' not found or unable to stat
[Sat Feb 21 01:08:59.720222 2026] [php:error] [pid 58493] [client 45.67.97.15:0] script '/domains/pookie.dnai/ff2.php' not found or unable to stat
[Sat Feb 21 01:08:59.734009 2026] [php:error] [pid 58520] [client 45.67.97.17:0] script '/domains/familyplayhouse2/wp-themes.php' not found or unable to stat
[Sat Feb 21 01:08:59.736020 2026] [php:error] [pid 58479] [client 45.67.97.192:0] script '/domains/byardrealestate/options-writing.php' not found or unable to stat
[Sat Feb 21 01:08:59.736023 2026] [php:error] [pid 58519] [client 45.67.97.192:0] script '/domains/system_suspended/click.php' not found or unable to stat
[Sat Feb 21 01:08:59.785543 2026] [php:error] [pid 58529] [client 45.67.97.17:0] script '/domains/jaspen/makeasmtp.php' not found or unable to stat
[Sat Feb 21 01:08:59.809032 2026] [php:error] [pid 58580] [client 45.67.97.15:0] script '/domains/system_suspended/wikindex.php' not found or unable to stat
[Sat Feb 21 01:08:59.827840 2026] [php:error] [pid 58504] [client 45.67.97.17:0] script '/domains/icrse/manager.php' not found or unable to stat
[Sat Feb 21 01:08:59.837014 2026] [php:error] [pid 58488] [client 20.24.204.137:0] script '/domains/ebon/abcd.php' not found or unable to stat
[Sat Feb 21 01:08:59.890243 2026] [php:error] [pid 58582] [client 45.67.97.16:0] script '/domains/trodine/ini.php' not found or unable to stat
[Sat Feb 21 01:08:59.945317 2026] [php:error] [pid 58515] [client 45.67.97.16:0] script '/domains/carynm/classwithtostring.php' not found or unable to stat
[Sat Feb 21 01:08:59.968643 2026] [php:error] [pid 58592] [client 45.67.97.17:0] script '/domains/fbardin/plugin-install.php' not found or unable to stat
[Sat Feb 21 01:08:59.970294 2026] [php:error] [pid 58535] [client 45.67.97.16:0] script '/domains/miles.interport/wp-setup.php' not found or unable to stat
[Sat Feb 21 01:08:59.979132 2026] [php:error] [pid 58579] [client 45.67.97.192:0] script '/domains/bfitpro2/manager.php' not found or unable to stat
[Sat Feb 21 01:08:59.993074 2026] [php:error] [pid 58549] [client 45.67.97.17:0] script '/domains/ceonlinenews/edit.php' not found or unable to stat
[Sat Feb 21 01:09:00.015462 2026] [php:error] [pid 58556] [client 45.67.97.15:0] script '/domains/jrp.interport/file2.php' not found or unable to stat
[Sat Feb 21 01:09:00.106360 2026] [php:error] [pid 58488] [client 20.24.204.137:0] script '/domains/ebon/class.1.php' not found or unable to stat
[Sat Feb 21 01:09:00.145309 2026] [php:error] [pid 58584] [client 45.67.97.17:0] script '/domains/lover/wp-signup.php' not found or unable to stat
[Sat Feb 21 01:09:00.185618 2026] [php:error] [pid 58608] [client 45.67.97.16:0] script '/domains/csiniaws/themes.php' not found or unable to stat
[Sat Feb 21 01:09:00.189905 2026] [php:error] [pid 58609] [client 45.67.97.16:0] script '/domains/hungariantasteweb/f35_SpaceTn.php' not found or unable to stat
[Sat Feb 21 01:09:00.205884 2026] [php:error] [pid 58479] [client 45.67.97.192:0] script '/domains/byardrealestate/options-reading.php' not found or unable to stat
[Sat Feb 21 01:09:00.209666 2026] [php:error] [pid 58574] [client 45.67.97.192:0] script '/domains/windsorweb/wp-editor.php' not found or unable to stat
[Sat Feb 21 01:09:00.219133 2026] [php:error] [pid 58565] [client 45.67.97.192:0] script '/domains/system_default/moon.php' not found or unable to stat
[Sat Feb 21 01:09:00.282414 2026] [php:error] [pid 58598] [client 45.67.97.16:0] script '/domains/pmglobal/options-writing.php' not found or unable to stat
[Sat Feb 21 01:09:00.299254 2026] [php:error] [pid 58504] [client 45.67.97.17:0] script '/domains/icrse/bless.php' not found or unable to stat
[Sat Feb 21 01:09:00.332856 2026] [php:error] [pid 58488] [client 20.24.204.137:0] script '/domains/ebon/async.php' not found or unable to stat
[Sat Feb 21 01:09:00.395949 2026] [php:error] [pid 58491] [client 45.67.97.192:0] script '/domains/antiqueweb1/lock.php' not found or unable to stat
[Sat Feb 21 01:09:00.447972 2026] [php:error] [pid 58535] [client 45.67.97.16:0] script '/domains/miles.interport/ms-themes.php' not found or unable to stat
[Sat Feb 21 01:09:00.453126 2026] [php:error] [pid 58579] [client 45.67.97.192:0] script '/domains/bfitpro2/bless.php' not found or unable to stat
[Sat Feb 21 01:09:00.457348 2026] [php:error] [pid 58595] [client 45.67.97.16:0] script '/domains/system_suspended/wp-atomx.php' not found or unable to stat
[Sat Feb 21 01:09:00.499815 2026] [php:error] [pid 58568] [client 45.67.97.16:0] script '/domains/system_suspended/wp-configs.php' not found or unable to stat
[Sat Feb 21 01:09:00.609372 2026] [php:error] [pid 58488] [client 20.24.204.137:0] script '/domains/ebon/ff.php' not found or unable to stat
[Sat Feb 21 01:09:00.650555 2026] [php:error] [pid 58608] [client 45.67.97.16:0] script '/domains/csiniaws/wp-themes.php' not found or unable to stat
[Sat Feb 21 01:09:00.677000 2026] [php:error] [pid 58479] [client 45.67.97.192:0] script '/domains/byardrealestate/wsad.php' not found or unable to stat
[Sat Feb 21 01:09:00.736095 2026] [php:error] [pid 58527] [client 45.67.97.15:0] script '/domains/astweb/theme.php' not found or unable to stat
[Sat Feb 21 01:09:00.740049 2026] [php:error] [pid 58587] [client 45.67.97.15:0] script '/domains/braniff/as.php' not found or unable to stat
[Sat Feb 21 01:09:00.747294 2026] [php:error] [pid 58453] [client 45.67.97.17:0] script '/domains/system_default/elp.php' not found or unable to stat
[Sat Feb 21 01:09:00.748790 2026] [php:error] [pid 58598] [client 45.67.97.16:0] script '/domains/pmglobal/options-reading.php' not found or unable to stat
[Sat Feb 21 01:09:00.769722 2026] [php:error] [pid 58504] [client 45.67.97.17:0] script '/domains/icrse/O-Simple.php' not found or unable to stat
[Sat Feb 21 01:09:00.858019 2026] [php:error] [pid 58488] [client 20.24.204.137:0] script '/domains/ebon/ioxi-o.php' not found or unable to stat
[Sat Feb 21 01:09:00.884573 2026] [php:error] [pid 58571] [client 45.67.97.15:0] script '/domains/homesbyaudrey1/wsax.php' not found or unable to stat
[Sat Feb 21 01:09:00.921835 2026] [php:error] [pid 58572] [client 45.67.97.192:0] script '/domains/tbarnhil/wp-l0gin.php' not found or unable to stat
[Sat Feb 21 01:09:00.922837 2026] [php:error] [pid 58595] [client 45.67.97.16:0] script '/domains/system_suspended/admin-footer.php' not found or unable to stat
[Sat Feb 21 01:09:00.924328 2026] [php:error] [pid 58579] [client 45.67.97.192:0] script '/domains/bfitpro2/O-Simple.php' not found or unable to stat
[Sat Feb 21 01:09:00.930969 2026] [php:error] [pid 58549] [client 45.67.97.17:0] script '/domains/ceonlinenews/cgi-bin/autoload_classmap.php' not found or unable to stat
[Sat Feb 21 01:09:01.096564 2026] [php:error] [pid 58488] [client 20.24.204.137:0] script '/domains/ebon/manager.php' not found or unable to stat
[Sat Feb 21 01:09:01.177248 2026] [php:error] [pid 58520] [client 45.67.97.17:0] script '/domains/familyplayhouse2/mariju.php' not found or unable to stat
[Sat Feb 21 01:09:01.179955 2026] [php:error] [pid 58479] [client 45.67.97.192:0] script '/domains/byardrealestate/nation.php' not found or unable to stat
[Sat Feb 21 01:09:01.199205 2026] [php:error] [pid 58586] [client 45.67.97.16:0] script '/domains/system_cancel/doc.php' not found or unable to stat
[Sat Feb 21 01:09:01.199901 2026] [php:error] [pid 58541] [client 45.67.97.17:0] script '/domains/biehlweb/css/file.php' not found or unable to stat
[Sat Feb 21 01:09:01.207990 2026] [php:error] [pid 58587] [client 45.67.97.15:0] script '/domains/braniff/cc.php' not found or unable to stat
[Sat Feb 21 01:09:01.210317 2026] [php:error] [pid 58588] [client 45.67.97.15:0] script '/domains/tcrlle/function.php' not found or unable to stat
[Sat Feb 21 01:09:01.210496 2026] [php:error] [pid 58555] [client 45.67.97.15:0] script '/domains/perless2web/worm.PhP' not found or unable to stat
[Sat Feb 21 01:09:01.217592 2026] [php:error] [pid 58598] [client 45.67.97.16:0] script '/domains/pmglobal/wsad.php' not found or unable to stat
[Sat Feb 21 01:09:01.247325 2026] [php:error] [pid 58504] [client 45.67.97.17:0] script '/domains/icrse/lock360.php' not found or unable to stat
[Sat Feb 21 01:09:01.318370 2026] [php:error] [pid 58488] [client 20.24.204.137:0] script '/domains/ebon/wp-update.php' not found or unable to stat
[Sat Feb 21 01:09:01.393196 2026] [php:error] [pid 58601] [client 45.67.97.192:0] script '/domains/magicjim/nf_tracking.php' not found or unable to stat
[Sat Feb 21 01:09:01.393205 2026] [php:error] [pid 58556] [client 45.67.97.15:0] script '/domains/jrp.interport/alfa.php' not found or unable to stat
