[Sat Feb 21 01:07:31.132230 2026] [php:error] [pid 58505] [client 45.67.97.15:0] script '/domains/nsmd2/xx.php' not found or unable to stat
[Sat Feb 21 01:07:31.137227 2026] [php:error] [pid 58520] [client 45.67.97.15:0] script '/domains/acagolf1/wpn.php' not found or unable to stat
[Sat Feb 21 01:07:31.191813 2026] [php:error] [pid 58558] [client 45.67.97.192:0] script '/domains/hpveweb/Sanskrit.php' not found or unable to stat
[Sat Feb 21 01:07:31.207130 2026] [php:error] [pid 58529] [client 45.67.97.15:0] script '/domains/system_suspended/contacts.php' not found or unable to stat
[Sat Feb 21 01:07:31.245408 2026] [php:error] [pid 58509] [client 45.67.97.192:0] script '/domains/byardrealestate/ff2.php' not found or unable to stat
[Sat Feb 21 01:07:31.434739 2026] [php:error] [pid 58545] [client 45.67.97.17:0] script '/domains/system_suspended/wp-atom.php' not found or unable to stat
[Sat Feb 21 01:07:31.447120 2026] [php:error] [pid 58488] [client 45.67.97.16:0] script '/domains/bruceweb/cc.php' not found or unable to stat
[Sat Feb 21 01:07:31.560541 2026] [php:error] [pid 58525] [client 45.67.97.17:0] script '/domains/system_default/mariju.php' not found or unable to stat
[Sat Feb 21 01:07:31.602974 2026] [php:error] [pid 58505] [client 45.67.97.15:0] script '/domains/nsmd2/autoload_classmap.php' not found or unable to stat
[Sat Feb 21 01:07:31.663840 2026] [php:error] [pid 58558] [client 45.67.97.192:0] script '/domains/hpveweb/wp-fmfile.php' not found or unable to stat
[Sat Feb 21 01:07:31.668482 2026] [php:error] [pid 58561] [client 45.67.97.15:0] script '/domains/perless2web/webdb.php' not found or unable to stat
[Sat Feb 21 01:07:31.671987 2026] [php:error] [pid 58559] [client 45.67.97.17:0] script '/domains/jrp.interport/images/upload.php' not found or unable to stat
[Sat Feb 21 01:07:31.677028 2026] [php:error] [pid 58529] [client 45.67.97.15:0] script '/domains/system_suspended/wsa.php' not found or unable to stat
[Sat Feb 21 01:07:31.746941 2026] [php:error] [pid 58532] [client 45.67.97.192:0] script '/domains/miles.interport/manager.php' not found or unable to stat
[Sat Feb 21 01:07:31.833289 2026] [php:error] [pid 58474] [client 45.67.97.192:0] script '/domains/peterbmiller/plugin-install.php' not found or unable to stat
[Sat Feb 21 01:07:31.835066 2026] [php:error] [pid 58519] [client 45.67.97.16:0] script '/domains/ceonlinenews/classwithtostring.php' not found or unable to stat
[Sat Feb 21 01:07:31.839907 2026] [php:error] [pid 58502] [client 45.67.97.17:0] script '/domains/hungariantasteweb/mariju.php' not found or unable to stat
[Sat Feb 21 01:07:31.846200 2026] [php:error] [pid 58524] [client 45.67.97.192:0] script '/domains/jaspen/hehe.php' not found or unable to stat
[Sat Feb 21 01:07:31.846575 2026] [php:error] [pid 58472] [client 45.67.97.15:0] script '/domains/tmandel/wp-good.php' not found or unable to stat
[Sat Feb 21 01:07:31.942416 2026] [php:error] [pid 58482] [client 45.67.97.16:0] script '/domains/proinc/filefuns.php' not found or unable to stat
[Sat Feb 21 01:07:32.039687 2026] [php:error] [pid 58507] [client 45.67.97.17:0] script '/domains/fbardin/images/waf_defender.php' not found or unable to stat
[Sat Feb 21 01:07:32.039915 2026] [php:error] [pid 58525] [client 45.67.97.17:0] script '/domains/system_default/waf_defender.php' not found or unable to stat
[Sat Feb 21 01:07:32.161467 2026] [php:error] [pid 58522] [client 45.67.97.192:0] script '/domains/antiqueweb1/wp-conflg.php' not found or unable to stat
[Sat Feb 21 01:07:32.185762 2026] [php:error] [pid 58497] [client 45.67.97.16:0] script '/domains/memanuel/dropdown.php' not found or unable to stat
[Sat Feb 21 01:07:32.218947 2026] [php:error] [pid 58532] [client 45.67.97.192:0] script '/domains/miles.interport/bless.php' not found or unable to stat
[Sat Feb 21 01:07:32.308137 2026] [php:error] [pid 58551] [client 45.67.97.16:0] script '/domains/sjsachs/hehehehe.php' not found or unable to stat
[Sat Feb 21 01:07:32.315885 2026] [php:error] [pid 58502] [client 45.67.97.17:0] script '/domains/hungariantasteweb/waf_defender.php' not found or unable to stat
[Sat Feb 21 01:07:32.340635 2026] [php:error] [pid 58560] [client 45.67.97.16:0] script '/domains/pbuilder/theme.php' not found or unable to stat
[Sat Feb 21 01:07:32.376225 2026] [php:error] [pid 58545] [client 45.67.97.17:0] script '/domains/system_suspended/up.php' not found or unable to stat
[Sat Feb 21 01:07:32.401336 2026] [php:error] [pid 58488] [client 45.67.97.16:0] script '/domains/bruceweb/ab.php' not found or unable to stat
[Sat Feb 21 01:07:32.508417 2026] [php:error] [pid 58508] [client 45.67.97.192:0] script '/domains/system_suspended/wp-admin.php' not found or unable to stat
[Sat Feb 21 01:07:32.606944 2026] [php:error] [pid 58561] [client 45.67.97.15:0] script '/domains/perless2web/file2.php' not found or unable to stat
[Sat Feb 21 01:07:32.639365 2026] [php:error] [pid 58522] [client 45.67.97.192:0] script '/domains/antiqueweb1/wp-setup.php' not found or unable to stat
[Sat Feb 21 01:07:32.641398 2026] [php:error] [pid 58470] [client 45.67.97.17:0] script '/domains/fdcarter/images/wp-aespa.php' not found or unable to stat
[Sat Feb 21 01:07:32.650564 2026] [php:error] [pid 58497] [client 45.67.97.16:0] script '/domains/memanuel/images/admin.php' not found or unable to stat
[Sat Feb 21 01:07:32.695203 2026] [php:error] [pid 58532] [client 45.67.97.192:0] script '/domains/miles.interport/O-Simple.php' not found or unable to stat
[Sat Feb 21 01:07:32.698694 2026] [php:error] [pid 58479] [client 45.67.97.16:0] script '/domains/pmglobal/ff2.php' not found or unable to stat
[Sat Feb 21 01:07:32.698928 2026] [php:error] [pid 58491] [client 45.67.97.192:0] script '/domains/system_default/hehehehe.php' not found or unable to stat
[Sat Feb 21 01:07:32.905059 2026] [php:error] [pid 58482] [client 45.67.97.16:0] script '/domains/proinc/l.php' not found or unable to stat
[Sat Feb 21 01:07:32.975835 2026] [php:error] [pid 58507] [client 45.67.97.17:0] script '/domains/fbardin/small.php' not found or unable to stat
[Sat Feb 21 01:07:32.978985 2026] [php:error] [pid 58525] [client 45.67.97.17:0] script '/domains/system_default/av.php' not found or unable to stat
[Sat Feb 21 01:07:33.008761 2026] [php:error] [pid 58505] [client 45.67.97.15:0] script '/domains/nsmd2/content.php' not found or unable to stat
[Sat Feb 21 01:07:33.068455 2026] [php:error] [pid 58555] [client 45.67.97.17:0] script '/domains/druckrey/plugin-install.php' not found or unable to stat
[Sat Feb 21 01:07:33.114070 2026] [php:error] [pid 58509] [client 45.67.97.192:0] script '/domains/byardrealestate/jp.php' not found or unable to stat
[Sat Feb 21 01:07:33.115429 2026] [php:error] [pid 58522] [client 45.67.97.192:0] script '/domains/antiqueweb1/ms-themes.php' not found or unable to stat
[Sat Feb 21 01:07:33.115472 2026] [php:error] [pid 58469] [client 45.67.97.192:0] script '/domains/astweb/cgi-bin/install.php' not found or unable to stat
[Sat Feb 21 01:07:33.122114 2026] [php:error] [pid 58497] [client 45.67.97.16:0] script '/domains/memanuel/db.php' not found or unable to stat
[Sat Feb 21 01:07:33.166892 2026] [php:error] [pid 58532] [client 45.67.97.192:0] script '/domains/miles.interport/lock360.php' not found or unable to stat
[Sat Feb 21 01:07:33.239351 2026] [php:error] [pid 58535] [client 45.67.97.17:0] script '/domains/system_default/adminfusm.php' not found or unable to stat
[Sat Feb 21 01:07:33.244728 2026] [php:error] [pid 58524] [client 45.67.97.192:0] script '/domains/jaspen/dir.php' not found or unable to stat
[Sat Feb 21 01:07:33.251661 2026] [php:error] [pid 58519] [client 45.67.97.16:0] script '/domains/ceonlinenews/tinyfilemanager.php' not found or unable to stat
[Sat Feb 21 01:07:33.258725 2026] [php:error] [pid 58502] [client 45.67.97.17:0] script '/domains/hungariantasteweb/av.php' not found or unable to stat
[Sat Feb 21 01:07:33.377107 2026] [php:error] [pid 58482] [client 45.67.97.16:0] script '/domains/proinc/repeater.php' not found or unable to stat
[Sat Feb 21 01:07:33.444427 2026] [php:error] [pid 58501] [client 45.67.97.15:0] script '/domains/system_suspended/plugin-install.php' not found or unable to stat
[Sat Feb 21 01:07:33.542767 2026] [php:error] [pid 58561] [client 45.67.97.15:0] script '/domains/perless2web/alfa.php' not found or unable to stat
[Sat Feb 21 01:07:33.557581 2026] [php:error] [pid 58558] [client 45.67.97.192:0] script '/domains/hpveweb/memberfuns.php' not found or unable to stat
[Sat Feb 21 01:07:33.579642 2026] [php:error] [pid 58509] [client 45.67.97.192:0] script '/domains/byardrealestate/wp-atom.php' not found or unable to stat
[Sat Feb 21 01:07:33.607325 2026] [php:error] [pid 58546] [client 45.67.97.192:0] script '/domains/trodine/images/class.php' not found or unable to stat
[Sat Feb 21 01:07:33.641609 2026] [php:error] [pid 58532] [client 45.67.97.192:0] script '/domains/miles.interport/zwso.php' not found or unable to stat
[Sat Feb 21 01:07:33.699544 2026] [php:error] [pid 58540] [client 45.67.97.17:0] script '/domains/braniff/adminfuns.php' not found or unable to stat
[Sat Feb 21 01:07:33.746702 2026] [php:error] [pid 58560] [client 45.67.97.16:0] script '/domains/pbuilder/Simple.php' not found or unable to stat
[Sat Feb 21 01:07:33.809657 2026] [php:error] [pid 58488] [client 45.67.97.16:0] script '/domains/bruceweb/doc.php' not found or unable to stat
[Sat Feb 21 01:07:33.916422 2026] [php:error] [pid 58507] [client 45.67.97.17:0] script '/domains/fbardin/NewFile.php' not found or unable to stat
[Sat Feb 21 01:07:34.007165 2026] [php:error] [pid 58529] [client 45.67.97.15:0] script '/domains/system_suspended/lv.php' not found or unable to stat
[Sat Feb 21 01:07:34.033340 2026] [php:error] [pid 58558] [client 45.67.97.192:0] script '/domains/hpveweb/infos.php' not found or unable to stat
[Sat Feb 21 01:07:34.051836 2026] [php:error] [pid 58522] [client 45.67.97.192:0] script '/domains/antiqueweb1/style.php' not found or unable to stat
[Sat Feb 21 01:07:34.053397 2026] [php:error] [pid 58550] [client 45.67.97.192:0] script '/domains/frog.interport1/Sanskrit.php' not found or unable to stat
[Sat Feb 21 01:07:34.053999 2026] [php:error] [pid 58469] [client 45.67.97.192:0] script '/domains/astweb/class.api.php' not found or unable to stat
[Sat Feb 21 01:07:34.056598 2026] [php:error] [pid 58515] [client 45.67.97.15:0] script '/domains/system_default/inc.php' not found or unable to stat
[Sat Feb 21 01:07:34.082521 2026] [php:error] [pid 58494] [client 45.67.97.192:0] script '/domains/pookie.dnai/cgi-bin/class.api.php' not found or unable to stat
[Sat Feb 21 01:07:34.113971 2026] [php:error] [pid 58532] [client 45.67.97.192:0] script '/domains/miles.interport/chosen.php' not found or unable to stat
[Sat Feb 21 01:07:34.393933 2026] [php:error] [pid 58508] [client 45.67.97.192:0] script '/domains/system_suspended/wp-editor.php' not found or unable to stat
[Sat Feb 21 01:07:34.510322 2026] [php:error] [pid 58509] [client 45.67.97.192:0] script '/domains/byardrealestate/up.php' not found or unable to stat
[Sat Feb 21 01:07:34.522747 2026] [php:error] [pid 58550] [client 45.67.97.192:0] script '/domains/frog.interport1/wp-fmfile.php' not found or unable to stat
[Sat Feb 21 01:07:34.546697 2026] [php:error] [pid 58546] [client 45.67.97.192:0] script '/domains/trodine/web.php' not found or unable to stat
[Sat Feb 21 01:07:34.580204 2026] [php:error] [pid 58479] [client 45.67.97.16:0] script '/domains/pmglobal/jp.php' not found or unable to stat
[Sat Feb 21 01:07:34.587747 2026] [php:error] [pid 58532] [client 45.67.97.192:0] script '/domains/miles.interport/about.php' not found or unable to stat
[Sat Feb 21 01:07:34.632304 2026] [php:error] [pid 58540] [client 45.67.97.17:0] script '/domains/braniff/wp_wlx.php' not found or unable to stat
[Sat Feb 21 01:07:34.633214 2026] [php:error] [pid 58531] [client 45.67.97.192:0] script '/domains/system_suspended/Sanskrit.php' not found or unable to stat
[Sat Feb 21 01:07:34.675655 2026] [php:error] [pid 58527] [client 45.67.97.16:0] script '/domains/bels/wp-content.php' not found or unable to stat
[Sat Feb 21 01:07:34.690246 2026] [php:error] [pid 58519] [client 45.67.97.16:0] script '/domains/ceonlinenews/file.php' not found or unable to stat
[Sat Feb 21 01:07:34.776495 2026] [php:error] [pid 58526] [client 45.67.97.192:0] script '/domains/system_default/class.api.php' not found or unable to stat
[Sat Feb 21 01:07:34.781848 2026] [php:error] [pid 58482] [client 45.67.97.16:0] script '/domains/proinc/contacts.php' not found or unable to stat
[Sat Feb 21 01:07:34.860774 2026] [php:error] [pid 58507] [client 45.67.97.17:0] script '/domains/fbardin/error.php' not found or unable to stat
[Sat Feb 21 01:07:34.997336 2026] [php:error] [pid 58515] [client 45.67.97.15:0] script '/domains/system_default/filemanager.php' not found or unable to stat
[Sat Feb 21 01:07:35.051141 2026] [php:error] [pid 58479] [client 45.67.97.16:0] script '/domains/pmglobal/wp-atom.php' not found or unable to stat
[Sat Feb 21 01:07:35.058565 2026] [php:error] [pid 58532] [client 45.67.97.192:0] script '/domains/miles.interport/admin.php' not found or unable to stat
[Sat Feb 21 01:07:35.106833 2026] [php:error] [pid 58531] [client 45.67.97.192:0] script '/domains/system_suspended/wp-fmfile.php' not found or unable to stat
[Sat Feb 21 01:07:35.142220 2026] [php:error] [pid 58524] [client 45.67.97.192:0] script '/domains/jaspen/nf_tracking.php' not found or unable to stat
[Sat Feb 21 01:07:35.182447 2026] [php:error] [pid 58545] [client 45.67.97.17:0] script '/domains/system_suspended/worm.PhP' not found or unable to stat
[Sat Feb 21 01:07:35.215832 2026] [php:error] [pid 58513] [client 45.67.97.17:0] script '/domains/windsorweb/tox.php' not found or unable to stat
[Sat Feb 21 01:07:35.224661 2026] [php:error] [pid 58488] [client 45.67.97.16:0] script '/domains/bruceweb/wp-login.php' not found or unable to stat
[Sat Feb 21 01:07:35.251111 2026] [php:error] [pid 58482] [client 45.67.97.16:0] script '/domains/proinc/wsa.php' not found or unable to stat
[Sat Feb 21 01:07:35.466128 2026] [php:error] [pid 58556] [client 45.67.97.16:0] script '/domains/aatweb/classwithtostring.php' not found or unable to stat
[Sat Feb 21 01:07:35.470216 2026] [php:error] [pid 58522] [client 45.67.97.192:0] script '/domains/antiqueweb1/x.php' not found or unable to stat
[Sat Feb 21 01:07:35.472687 2026] [php:error] [pid 58469] [client 45.67.97.192:0] script '/domains/astweb/system_log.php' not found or unable to stat
[Sat Feb 21 01:07:35.492370 2026] [php:error] [pid 58546] [client 45.67.97.192:0] script '/domains/trodine/images/index.php' not found or unable to stat
[Sat Feb 21 01:07:35.645070 2026] [php:error] [pid 58472] [client 45.67.97.15:0] script '/domains/tmandel/ff2.php' not found or unable to stat
[Sat Feb 21 01:07:35.652929 2026] [php:error] [pid 58504] [client 45.67.97.15:0] script '/domains/resourceandeventweb/click.php' not found or unable to stat
[Sat Feb 21 01:07:35.653088 2026] [php:error] [pid 58545] [client 45.67.97.17:0] script '/domains/system_suspended/ext.php' not found or unable to stat
[Sat Feb 21 01:07:35.696056 2026] [php:error] [pid 58488] [client 45.67.97.16:0] script '/domains/bruceweb/mar.php' not found or unable to stat
[Sat Feb 21 01:07:35.929032 2026] [php:error] [pid 58558] [client 45.67.97.192:0] script '/domains/hpveweb/options-writing.php' not found or unable to stat
[Sat Feb 21 01:07:35.932510 2026] [php:error] [pid 58539] [client 45.67.97.16:0] script '/domains/micra/images/mah.php' not found or unable to stat
[Sat Feb 21 01:07:35.943990 2026] [php:error] [pid 58469] [client 45.67.97.192:0] script '/domains/astweb/.alf.php' not found or unable to stat
[Sat Feb 21 01:07:35.962710 2026] [php:error] [pid 58494] [client 45.67.97.192:0] script '/domains/pookie.dnai/webdb.php' not found or unable to stat
[Sat Feb 21 01:07:35.990935 2026] [php:error] [pid 58479] [client 45.67.97.16:0] script '/domains/pmglobal/up.php' not found or unable to stat
[Sat Feb 21 01:07:36.004786 2026] [php:error] [pid 58532] [client 45.67.97.192:0] script '/domains/miles.interport/mah.php' not found or unable to stat
[Sat Feb 21 01:07:36.034641 2026] [php:error] [pid 58540] [client 45.67.97.17:0] script '/domains/braniff/wp.php' not found or unable to stat
[Sat Feb 21 01:07:36.071159 2026] [php:error] [pid 58524] [client 45.67.97.192:0] script '/domains/jaspen/filefuns.php' not found or unable to stat
[Sat Feb 21 01:07:36.087008 2026] [php:error] [pid 58506] [client 45.67.97.192:0] script '/domains/system_cancel/xx.php' not found or unable to stat
[Sat Feb 21 01:07:36.118395 2026] [php:error] [pid 58519] [client 45.67.97.16:0] script '/domains/ceonlinenews/buy.php' not found or unable to stat
[Sat Feb 21 01:07:36.118836 2026] [php:error] [pid 58545] [client 45.67.97.17:0] script '/domains/system_suspended/delpaths.php' not found or unable to stat
[Sat Feb 21 01:07:36.191884 2026] [php:error] [pid 58526] [client 45.67.97.192:0] script '/domains/system_default/system_log.php' not found or unable to stat
[Sat Feb 21 01:07:36.268738 2026] [php:error] [pid 58560] [client 45.67.97.17:0] script '/domains/biehlweb/bs1.php' not found or unable to stat
[Sat Feb 21 01:07:36.399189 2026] [php:error] [pid 58558] [client 45.67.97.192:0] script '/domains/hpveweb/options-reading.php' not found or unable to stat
[Sat Feb 21 01:07:36.410925 2026] [php:error] [pid 58550] [client 45.67.97.192:0] script '/domains/frog.interport1/memberfuns.php' not found or unable to stat
[Sat Feb 21 01:07:36.411438 2026] [php:error] [pid 58469] [client 45.67.97.192:0] script '/domains/astweb/wso.php' not found or unable to stat
[Sat Feb 21 01:07:36.552242 2026] [php:error] [pid 58506] [client 45.67.97.192:0] script '/domains/system_cancel/autoload_classmap.php' not found or unable to stat
[Sat Feb 21 01:07:36.663862 2026] [php:error] [pid 58526] [client 45.67.97.192:0] script '/domains/system_default/.alf.php' not found or unable to stat
[Sat Feb 21 01:07:36.717439 2026] [php:error] [pid 58439] [client 45.67.97.17:0] script '/domains/familyplayhouse2/byp.php' not found or unable to stat
[Sat Feb 21 01:07:36.740824 2026] [php:error] [pid 58507] [client 45.67.97.17:0] script '/domains/fbardin/wp-files.php' not found or unable to stat
[Sat Feb 21 01:07:36.742202 2026] [php:error] [pid 58525] [client 45.67.97.192:0] script '/domains/system_suspended/adminfusm.php' not found or unable to stat
[Sat Feb 21 01:07:36.832826 2026] [php:error] [pid 58493] [client 45.67.97.17:0] script '/domains/testregisgroup/click.php' not found or unable to stat
[Sat Feb 21 01:07:36.862537 2026] [php:error] [pid 58556] [client 45.67.97.16:0] script '/domains/aatweb/tinyfilemanager.php' not found or unable to stat
[Sat Feb 21 01:07:36.870225 2026] [php:error] [pid 58558] [client 45.67.97.192:0] script '/domains/hpveweb/wsad.php' not found or unable to stat
[Sat Feb 21 01:07:36.873798 2026] [php:error] [pid 58522] [client 45.67.97.192:0] script '/domains/antiqueweb1/images/index22.php' not found or unable to stat
[Sat Feb 21 01:07:36.880098 2026] [php:error] [pid 58550] [client 45.67.97.192:0] script '/domains/frog.interport1/infos.php' not found or unable to stat
[Sat Feb 21 01:07:36.910215 2026] [php:error] [pid 58494] [client 45.67.97.192:0] script '/domains/pookie.dnai/file2.php' not found or unable to stat
[Sat Feb 21 01:07:36.947297 2026] [php:error] [pid 58532] [client 45.67.97.192:0] script '/domains/miles.interport/core.php' not found or unable to stat
[Sat Feb 21 01:07:36.998827 2026] [php:error] [pid 58531] [client 45.67.97.192:0] script '/domains/system_suspended/memberfuns.php' not found or unable to stat
[Sat Feb 21 01:07:37.001409 2026] [php:error] [pid 58524] [client 45.67.97.192:0] script '/domains/jaspen/l.php' not found or unable to stat
[Sat Feb 21 01:07:37.095578 2026] [php:error] [pid 58513] [client 45.67.97.17:0] script '/domains/windsorweb/tiny.php' not found or unable to stat
[Sat Feb 21 01:07:37.102456 2026] [php:error] [pid 58488] [client 45.67.97.16:0] script '/domains/bruceweb/1.php' not found or unable to stat
[Sat Feb 21 01:07:37.132161 2026] [php:error] [pid 58526] [client 45.67.97.192:0] script '/domains/system_default/wso.php' not found or unable to stat
[Sat Feb 21 01:07:37.208572 2026] [php:error] [pid 58507] [client 45.67.97.17:0] script '/domains/fbardin/functions.php' not found or unable to stat
[Sat Feb 21 01:07:37.282705 2026] [php:error] [pid 58561] [client 45.67.97.15:0] script '/domains/perless2web/edit.php' not found or unable to stat
[Sat Feb 21 01:07:37.316251 2026] [php:error] [pid 58509] [client 45.67.97.192:0] script '/domains/byardrealestate/worm.PhP' not found or unable to stat
[Sat Feb 21 01:07:37.326745 2026] [php:error] [pid 58497] [client 45.67.97.16:0] script '/domains/memanuel/install.php' not found or unable to stat
[Sat Feb 21 01:07:37.346089 2026] [php:error] [pid 58522] [client 45.67.97.192:0] script '/domains/antiqueweb1/wp-user.php' not found or unable to stat
[Sat Feb 21 01:07:37.346382 2026] [php:error] [pid 58558] [client 45.67.97.192:0] script '/domains/hpveweb/nation.php' not found or unable to stat
[Sat Feb 21 01:07:37.349308 2026] [php:error] [pid 58469] [client 45.67.97.192:0] script '/domains/astweb/flower.php' not found or unable to stat
[Sat Feb 21 01:07:37.379286 2026] [php:error] [pid 58546] [client 45.67.97.192:0] script '/domains/trodine/wp-trackback.php' not found or unable to stat
[Sat Feb 21 01:07:37.420804 2026] [php:error] [pid 58532] [client 45.67.97.192:0] script '/domains/miles.interport/robots.php' not found or unable to stat
[Sat Feb 21 01:07:37.429006 2026] [php:error] [pid 58540] [client 45.67.97.17:0] script '/domains/braniff/wp-header.php' not found or unable to stat
[Sat Feb 21 01:07:37.449849 2026] [php:error] [pid 58527] [client 45.67.97.16:0] script '/domains/bels/customize.php' not found or unable to stat
[Sat Feb 21 01:07:37.466586 2026] [php:error] [pid 58524] [client 45.67.97.192:0] script '/domains/jaspen/repeater.php' not found or unable to stat
[Sat Feb 21 01:07:37.469225 2026] [php:error] [pid 58531] [client 45.67.97.192:0] script '/domains/system_suspended/infos.php' not found or unable to stat
[Sat Feb 21 01:07:37.539641 2026] [php:error] [pid 58472] [client 45.67.97.15:0] script '/domains/tmandel/jp.php' not found or unable to stat
[Sat Feb 21 01:07:37.612401 2026] [php:error] [pid 58482] [client 45.67.97.16:0] script '/domains/proinc/lv.php' not found or unable to stat
[Sat Feb 21 01:07:37.665170 2026] [php:error] [pid 58560] [client 45.67.97.17:0] script '/domains/biehlweb/page.php' not found or unable to stat
[Sat Feb 21 01:07:37.678273 2026] [php:error] [pid 58529] [client 45.67.97.192:0] script '/domains/system_default/theme.php' not found or unable to stat
[Sat Feb 21 01:07:37.788618 2026] [php:error] [pid 58509] [client 45.67.97.192:0] script '/domains/byardrealestate/ext.php' not found or unable to stat
[Sat Feb 21 01:07:37.800779 2026] [php:error] [pid 58515] [client 45.67.97.15:0] script '/domains/system_default/function.php' not found or unable to stat
[Sat Feb 21 01:07:37.815052 2026] [php:error] [pid 58542] [client 45.67.97.17:0] script '/domains/csiniaws/byp.php' not found or unable to stat
[Sat Feb 21 01:07:37.818124 2026] [php:error] [pid 58554] [client 45.67.97.15:0] script '/domains/rnachum/b.php' not found or unable to stat
[Sat Feb 21 01:07:37.846326 2026] [php:error] [pid 58494] [client 45.67.97.192:0] script '/domains/pookie.dnai/alfa.php' not found or unable to stat
[Sat Feb 21 01:07:37.890951 2026] [php:error] [pid 58532] [client 45.67.97.192:0] script '/domains/miles.interport/inputs.php' not found or unable to stat
[Sat Feb 21 01:07:37.959708 2026] [php:error] [pid 58527] [client 45.67.97.16:0] script '/domains/bels/license.php' not found or unable to stat
[Sat Feb 21 01:07:37.964745 2026] [php:error] [pid 58506] [client 45.67.97.192:0] script '/domains/system_cancel/content.php' not found or unable to stat
[Sat Feb 21 01:07:37.985966 2026] [php:error] [pid 58474] [client 45.67.97.192:0] script '/domains/peterbmiller/images/mah.php' not found or unable to stat
[Sat Feb 21 01:07:38.002926 2026] [php:error] [pid 58563] [client 45.67.97.16:0] script '/domains/hungariantasteweb/theme.php' not found or unable to stat
[Sat Feb 21 01:07:38.011910 2026] [php:error] [pid 58472] [client 45.67.97.15:0] script '/domains/tmandel/wp-atom.php' not found or unable to stat
[Sat Feb 21 01:07:38.038557 2026] [php:error] [pid 58513] [client 45.67.97.17:0] script '/domains/windsorweb/themes.php' not found or unable to stat
[Sat Feb 21 01:07:38.070170 2026] [php:error] [pid 58526] [client 45.67.97.192:0] script '/domains/system_default/flower.php' not found or unable to stat
[Sat Feb 21 01:07:38.254207 2026] [php:error] [pid 58509] [client 45.67.97.192:0] script '/domains/byardrealestate/delpaths.php' not found or unable to stat
[Sat Feb 21 01:07:38.259778 2026] [php:error] [pid 58497] [client 45.67.97.16:0] script '/domains/memanuel/images/class-config.php' not found or unable to stat
[Sat Feb 21 01:07:38.262016 2026] [php:error] [pid 58556] [client 45.67.97.16:0] script '/domains/aatweb/file.php' not found or unable to stat
[Sat Feb 21 01:07:38.290216 2026] [php:error] [pid 58559] [client 45.67.97.17:0] script '/domains/jrp.interport/classwithtostring.php' not found or unable to stat
[Sat Feb 21 01:07:38.322227 2026] [php:error] [pid 58546] [client 45.67.97.192:0] script '/domains/trodine/radio.php' not found or unable to stat
[Sat Feb 21 01:07:38.361180 2026] [php:error] [pid 58540] [client 45.67.97.17:0] script '/domains/braniff/Marvins.php' not found or unable to stat
[Sat Feb 21 01:07:38.366246 2026] [php:error] [pid 58532] [client 45.67.97.192:0] script '/domains/miles.interport/mini.php' not found or unable to stat
[Sat Feb 21 01:07:38.471340 2026] [php:error] [pid 58508] [client 45.67.97.15:0] script '/domains/pbuilder/images/waf_defender.php' not found or unable to stat
[Sat Feb 21 01:07:38.505619 2026] [php:error] [pid 58513] [client 45.67.97.17:0] script '/domains/windsorweb/wp-themes.php' not found or unable to stat
[Sat Feb 21 01:07:38.675757 2026] [php:error] [pid 58561] [client 45.67.97.15:0] script '/domains/perless2web/wp-links-opml.php' not found or unable to stat
[Sat Feb 21 01:07:38.730232 2026] [php:error] [pid 58515] [client 45.67.97.15:0] script '/domains/system_default/wp-signup.php' not found or unable to stat
[Sat Feb 21 01:07:38.751102 2026] [php:error] [pid 58522] [client 45.67.97.192:0] script '/domains/antiqueweb1/config.php' not found or unable to stat
[Sat Feb 21 01:07:38.758159 2026] [php:error] [pid 58550] [client 45.67.97.192:0] script '/domains/frog.interport1/options-writing.php' not found or unable to stat
[Sat Feb 21 01:07:38.807659 2026] [php:error] [pid 58479] [client 45.67.97.16:0] script '/domains/pmglobal/worm.PhP' not found or unable to stat
[Sat Feb 21 01:07:38.838884 2026] [php:error] [pid 58490] [client 45.67.97.192:0] script '/domains/magicjim/hehehehe.php' not found or unable to stat
[Sat Feb 21 01:07:38.839751 2026] [php:error] [pid 58532] [client 45.67.97.192:0] script '/domains/miles.interport/goods.php' not found or unable to stat
[Sat Feb 21 01:07:38.899224 2026] [php:error] [pid 58524] [client 45.67.97.192:0] script '/domains/jaspen/contacts.php' not found or unable to stat
[Sat Feb 21 01:07:38.904581 2026] [php:error] [pid 58527] [client 45.67.97.16:0] script '/domains/bels/lock.php' not found or unable to stat
[Sat Feb 21 01:07:38.926261 2026] [php:error] [pid 58545] [client 45.67.97.17:0] script '/domains/system_suspended/gifclass.php' not found or unable to stat
[Sat Feb 21 01:07:38.956056 2026] [php:error] [pid 58505] [client 45.67.97.15:0] script '/domains/nsmd2/images/class.php' not found or unable to stat
[Sat Feb 21 01:07:38.961147 2026] [php:error] [pid 58472] [client 45.67.97.15:0] script '/domains/tmandel/up.php' not found or unable to stat
[Sat Feb 21 01:07:39.082626 2026] [php:error] [pid 58529] [client 45.67.97.192:0] script '/domains/system_default/Simple.php' not found or unable to stat
[Sat Feb 21 01:07:39.220933 2026] [php:error] [pid 58522] [client 45.67.97.192:0] script '/domains/antiqueweb1/special.php' not found or unable to stat
[Sat Feb 21 01:07:39.225245 2026] [php:error] [pid 58469] [client 45.67.97.192:0] script '/domains/astweb/ioxi-o.php' not found or unable to stat
[Sat Feb 21 01:07:39.241694 2026] [php:error] [pid 58550] [client 45.67.97.192:0] script '/domains/frog.interport1/options-reading.php' not found or unable to stat
[Sat Feb 21 01:07:39.275678 2026] [php:error] [pid 58479] [client 45.67.97.16:0] script '/domains/pmglobal/ext.php' not found or unable to stat
[Sat Feb 21 01:07:39.292500 2026] [php:error] [pid 58540] [client 45.67.97.17:0] script '/domains/braniff/wp-class.php' not found or unable to stat
[Sat Feb 21 01:07:39.311074 2026] [php:error] [pid 58532] [client 45.67.97.192:0] script '/domains/miles.interport/file5.php' not found or unable to stat
[Sat Feb 21 01:07:39.363795 2026] [php:error] [pid 58524] [client 45.67.97.192:0] script '/domains/jaspen/wsa.php' not found or unable to stat
[Sat Feb 21 01:07:39.366503 2026] [php:error] [pid 58535] [client 45.67.97.17:0] script '/domains/system_default/f35_SpaceTn.php' not found or unable to stat
[Sat Feb 21 01:07:39.380826 2026] [php:error] [pid 58531] [client 45.67.97.192:0] script '/domains/system_suspended/options-writing.php' not found or unable to stat
[Sat Feb 21 01:07:39.391976 2026] [php:error] [pid 58545] [client 45.67.97.17:0] script '/domains/system_suspended/plugin.php' not found or unable to stat
[Sat Feb 21 01:07:39.408536 2026] [php:error] [pid 58508] [client 45.67.97.15:0] script '/domains/pbuilder/small.php' not found or unable to stat
[Sat Feb 21 01:07:39.412051 2026] [php:error] [pid 58563] [client 45.67.97.16:0] script '/domains/hungariantasteweb/Simple.php' not found or unable to stat
[Sat Feb 21 01:07:39.538939 2026] [php:error] [pid 58439] [client 45.67.97.17:0] script '/domains/familyplayhouse2/cgi-bin/install.php' not found or unable to stat
[Sat Feb 21 01:07:39.547918 2026] [php:error] [pid 58507] [client 45.67.97.17:0] script '/domains/fbardin/aks.php' not found or unable to stat
[Sat Feb 21 01:07:39.614896 2026] [php:error] [pid 58561] [client 45.67.97.15:0] script '/domains/perless2web/atomlib.php' not found or unable to stat
[Sat Feb 21 01:07:39.652796 2026] [php:error] [pid 58497] [client 45.67.97.16:0] script '/domains/memanuel/bypass.php' not found or unable to stat
[Sat Feb 21 01:07:39.658062 2026] [php:error] [pid 58556] [client 45.67.97.16:0] script '/domains/aatweb/buy.php' not found or unable to stat
[Sat Feb 21 01:07:39.703291 2026] [php:error] [pid 58469] [client 45.67.97.192:0] script '/domains/astweb/info.php' not found or unable to stat
[Sat Feb 21 01:07:39.712932 2026] [php:error] [pid 58550] [client 45.67.97.192:0] script '/domains/frog.interport1/wsad.php' not found or unable to stat
[Sat Feb 21 01:07:39.714889 2026] [php:error] [pid 58558] [client 45.67.97.192:0] script '/domains/hpveweb/wp-atomx.php' not found or unable to stat
[Sat Feb 21 01:07:39.714904 2026] [php:error] [pid 58559] [client 45.67.97.17:0] script '/domains/jrp.interport/tinyfilemanager.php' not found or unable to stat
[Sat Feb 21 01:07:39.747163 2026] [php:error] [pid 58479] [client 45.67.97.16:0] script '/domains/pmglobal/delpaths.php' not found or unable to stat
[Sat Feb 21 01:07:39.788717 2026] [php:error] [pid 58532] [client 45.67.97.192:0] script '/domains/miles.interport/ahax.php' not found or unable to stat
[Sat Feb 21 01:07:39.853903 2026] [php:error] [pid 58531] [client 45.67.97.192:0] script '/domains/system_suspended/options-reading.php' not found or unable to stat
[Sat Feb 21 01:07:39.858291 2026] [php:error] [pid 58504] [client 45.67.97.15:0] script '/domains/resourceandeventweb/wp-admin.php' not found or unable to stat
[Sat Feb 21 01:07:39.902007 2026] [php:error] [pid 58505] [client 45.67.97.15:0] script '/domains/nsmd2/web.php' not found or unable to stat
[Sat Feb 21 01:07:39.910513 2026] [php:error] [pid 58513] [client 45.67.97.17:0] script '/domains/windsorweb/mariju.php' not found or unable to stat
[Sat Feb 21 01:07:39.950244 2026] [php:error] [pid 58526] [client 45.67.97.192:0] script '/domains/system_default/ioxi-o.php' not found or unable to stat
[Sat Feb 21 01:07:40.018996 2026] [php:error] [pid 58507] [client 45.67.97.17:0] script '/domains/fbardin/litespeed.php' not found or unable to stat
[Sat Feb 21 01:07:40.117708 2026] [php:error] [pid 58497] [client 45.67.97.16:0] script '/domains/memanuel/class.php' not found or unable to stat
[Sat Feb 21 01:07:40.138384 2026] [php:error] [pid 58515] [client 45.67.97.15:0] script '/domains/system_default/wp-blog.php' not found or unable to stat
[Sat Feb 21 01:07:40.170748 2026] [php:error] [pid 58469] [client 45.67.97.192:0] script '/domains/astweb/setup.php' not found or unable to stat
[Sat Feb 21 01:07:40.182435 2026] [php:error] [pid 58550] [client 45.67.97.192:0] script '/domains/frog.interport1/nation.php' not found or unable to stat
[Sat Feb 21 01:07:40.189021 2026] [php:error] [pid 58558] [client 45.67.97.192:0] script '/domains/hpveweb/admin-footer.php' not found or unable to stat
[Sat Feb 21 01:07:40.192192 2026] [php:error] [pid 58546] [client 45.67.97.192:0] script '/domains/trodine/wp-conflg.php' not found or unable to stat
[Sat Feb 21 01:07:40.223407 2026] [php:error] [pid 58540] [client 45.67.97.17:0] script '/domains/braniff/xx.php' not found or unable to stat
[Sat Feb 21 01:07:40.259913 2026] [php:error] [pid 58532] [client 45.67.97.192:0] script '/domains/miles.interport/f35.php' not found or unable to stat
[Sat Feb 21 01:07:40.320971 2026] [php:error] [pid 58545] [client 45.67.97.17:0] script '/domains/system_suspended/update-core.php' not found or unable to stat
[Sat Feb 21 01:07:40.327503 2026] [php:error] [pid 58531] [client 45.67.97.192:0] script '/domains/system_suspended/wsad.php' not found or unable to stat
[Sat Feb 21 01:07:40.342549 2026] [php:error] [pid 58508] [client 45.67.97.15:0] script '/domains/pbuilder/NewFile.php' not found or unable to stat
[Sat Feb 21 01:07:40.379532 2026] [php:error] [pid 58513] [client 45.67.97.17:0] script '/domains/windsorweb/waf_defender.php' not found or unable to stat
[Sat Feb 21 01:07:40.420342 2026] [php:error] [pid 58526] [client 45.67.97.192:0] script '/domains/system_default/info.php' not found or unable to stat
[Sat Feb 21 01:07:40.481726 2026] [php:error] [pid 58439] [client 45.67.97.17:0] script '/domains/familyplayhouse2/class.api.php' not found or unable to stat
[Sat Feb 21 01:07:40.520052 2026] [php:error] [pid 58567] [client 45.67.97.17:0] script '/domains/ferguson.interport/ws.php' not found or unable to stat
[Sat Feb 21 01:07:40.647296 2026] [php:error] [pid 58554] [client 45.67.97.15:0] script '/domains/rnachum/wsax.php' not found or unable to stat
[Sat Feb 21 01:07:40.660403 2026] [php:error] [pid 58546] [client 45.67.97.192:0] script '/domains/trodine/wp-setup.php' not found or unable to stat
[Sat Feb 21 01:07:40.689044 2026] [php:error] [pid 58540] [client 45.67.97.17:0] script '/domains/braniff/autoload_classmap.php' not found or unable to stat
[Sat Feb 21 01:07:40.731341 2026] [php:error] [pid 58532] [client 45.67.97.192:0] script '/domains/miles.interport/simple.php' not found or unable to stat
[Sat Feb 21 01:07:40.800934 2026] [php:error] [pid 58531] [client 45.67.97.192:0] script '/domains/system_suspended/nation.php' not found or unable to stat
[Sat Feb 21 01:07:40.835929 2026] [php:error] [pid 58505] [client 45.67.97.15:0] script '/domains/nsmd2/images/index.php' not found or unable to stat
[Sat Feb 21 01:07:40.848222 2026] [php:error] [pid 58488] [client 45.67.97.16:0] script '/domains/bruceweb/fm.php' not found or unable to stat
[Sat Feb 21 01:07:40.883895 2026] [php:error] [pid 58541] [client 45.67.97.15:0] script '/domains/acagolf1/images/wp-aespa.php' not found or unable to stat
[Sat Feb 21 01:07:40.888882 2026] [php:error] [pid 58526] [client 45.67.97.192:0] script '/domains/system_default/setup.php' not found or unable to stat
[Sat Feb 21 01:07:41.051574 2026] [php:error] [pid 58509] [client 45.67.97.192:0] script '/domains/byardrealestate/gifclass.php' not found or unable to stat
[Sat Feb 21 01:07:41.051668 2026] [php:error] [pid 58539] [client 45.67.97.16:0] script '/domains/micra/b.php' not found or unable to stat
[Sat Feb 21 01:07:41.062409 2026] [php:error] [pid 58493] [client 45.67.97.17:0] script '/domains/testregisgroup/wp-admin.php' not found or unable to stat
[Sat Feb 21 01:07:41.093770 2026] [php:error] [pid 58470] [client 45.67.97.192:0] script '/domains/fdcarter/Sanskrit.php' not found or unable to stat
[Sat Feb 21 01:07:41.136972 2026] [php:error] [pid 58546] [client 45.67.97.192:0] script '/domains/trodine/ms-themes.php' not found or unable to stat
[Sat Feb 21 01:07:41.139060 2026] [php:error] [pid 58558] [client 45.67.97.192:0] script '/domains/hpveweb/XxX.php' not found or unable to stat
[Sat Feb 21 01:07:41.139173 2026] [php:error] [pid 58559] [client 45.67.97.17:0] script '/domains/jrp.interport/file.php' not found or unable to stat
[Sat Feb 21 01:07:41.163962 2026] [php:error] [pid 58568] [client 45.67.97.192:0] script '/domains/system_suspended/tox.php' not found or unable to stat
[Sat Feb 21 01:07:41.255401 2026] [php:error] [pid 58545] [client 45.67.97.17:0] script '/domains/system_suspended/wp-mail.php' not found or unable to stat
[Sat Feb 21 01:07:41.277808 2026] [php:error] [pid 58508] [client 45.67.97.15:0] script '/domains/pbuilder/error.php' not found or unable to stat
[Sat Feb 21 01:07:41.313960 2026] [php:error] [pid 58513] [client 45.67.97.17:0] script '/domains/windsorweb/av.php' not found or unable to stat
[Sat Feb 21 01:07:41.428464 2026] [php:error] [pid 58507] [client 45.67.97.17:0] script '/domains/fbardin/wpn.php' not found or unable to stat
[Sat Feb 21 01:07:41.481166 2026] [php:error] [pid 58549] [client 45.67.97.15:0] script '/domains/system_suspended/bs1.php' not found or unable to stat
[Sat Feb 21 01:07:41.516906 2026] [php:error] [pid 58509] [client 45.67.97.192:0] script '/domains/byardrealestate/plugin.php' not found or unable to stat
[Sat Feb 21 01:07:41.564478 2026] [php:error] [pid 58470] [client 45.67.97.192:0] script '/domains/fdcarter/wp-fmfile.php' not found or unable to stat
[Sat Feb 21 01:07:41.584308 2026] [php:error] [pid 58542] [client 45.67.97.17:0] script '/domains/csiniaws/class.api.php' not found or unable to stat
[Sat Feb 21 01:07:41.700921 2026] [php:error] [pid 58524] [client 45.67.97.192:0] script '/domains/jaspen/lv.php' not found or unable to stat
[Sat Feb 21 01:07:41.725702 2026] [php:error] [pid 58504] [client 45.67.97.15:0] script '/domains/resourceandeventweb/wp-editor.php' not found or unable to stat
[Sat Feb 21 01:07:41.803993 2026] [php:error] [pid 58472] [client 45.67.97.15:0] script '/domains/tmandel/worm.PhP' not found or unable to stat
[Sat Feb 21 01:07:41.897731 2026] [php:error] [pid 58439] [client 45.67.97.17:0] script '/domains/familyplayhouse2/system_log.php' not found or unable to stat
[Sat Feb 21 01:07:41.928208 2026] [php:error] [pid 58494] [client 45.67.97.192:0] script '/domains/pookie.dnai/edit.php' not found or unable to stat
[Sat Feb 21 01:07:41.948669 2026] [php:error] [pid 58561] [client 45.67.97.15:0] script '/domains/perless2web/xp.php' not found or unable to stat
[Sat Feb 21 01:07:42.013709 2026] [php:error] [pid 58515] [client 45.67.97.15:0] script '/domains/system_default/wp-l0gin.php' not found or unable to stat
[Sat Feb 21 01:07:42.076282 2026] [php:error] [pid 58546] [client 45.67.97.192:0] script '/domains/trodine/style.php' not found or unable to stat
[Sat Feb 21 01:07:42.090517 2026] [php:error] [pid 58540] [client 45.67.97.17:0] script '/domains/braniff/content.php' not found or unable to stat
[Sat Feb 21 01:07:42.199009 2026] [php:error] [pid 58527] [client 45.67.97.16:0] script '/domains/bels/wp-good.php' not found or unable to stat
[Sat Feb 21 01:07:42.275923 2026] [php:error] [pid 58472] [client 45.67.97.15:0] script '/domains/tmandel/ext.php' not found or unable to stat
[Sat Feb 21 01:07:42.374114 2026] [php:error] [pid 58439] [client 45.67.97.17:0] script '/domains/familyplayhouse2/.alf.php' not found or unable to stat
[Sat Feb 21 01:07:42.447830 2026] [php:error] [pid 58509] [client 45.67.97.192:0] script '/domains/byardrealestate/update-core.php' not found or unable to stat
[Sat Feb 21 01:07:42.479901 2026] [php:error] [pid 58500] [client 45.67.97.16:0] script '/domains/system_suspended/manager.php' not found or unable to stat
[Sat Feb 21 01:07:42.504391 2026] [php:error] [pid 58567] [client 45.67.97.17:0] script '/domains/ferguson.interport/shop.php' not found or unable to stat
[Sat Feb 21 01:07:42.517114 2026] [php:error] [pid 58469] [client 45.67.97.192:0] script '/domains/astweb/as.php' not found or unable to stat
[Sat Feb 21 01:07:42.544033 2026] [php:error] [pid 58550] [client 45.67.97.192:0] script '/domains/frog.interport1/wp-atomx.php' not found or unable to stat
[Sat Feb 21 01:07:42.551946 2026] [php:error] [pid 58559] [client 45.67.97.17:0] script '/domains/jrp.interport/buy.php' not found or unable to stat
[Sat Feb 21 01:07:42.568777 2026] [php:error] [pid 58479] [client 45.67.97.16:0] script '/domains/pmglobal/gifclass.php' not found or unable to stat
[Sat Feb 21 01:07:42.709508 2026] [php:error] [pid 58505] [client 45.67.97.15:0] script '/domains/nsmd2/wp-trackback.php' not found or unable to stat
[Sat Feb 21 01:07:42.737384 2026] [php:error] [pid 58488] [client 45.67.97.16:0] script '/domains/bruceweb/ini.php' not found or unable to stat
[Sat Feb 21 01:07:42.746549 2026] [php:error] [pid 58472] [client 45.67.97.15:0] script '/domains/tmandel/delpaths.php' not found or unable to stat
[Sat Feb 21 01:07:42.841145 2026] [php:error] [pid 58439] [client 45.67.97.17:0] script '/domains/familyplayhouse2/wso.php' not found or unable to stat
[Sat Feb 21 01:07:42.844442 2026] [php:error] [pid 58520] [client 45.67.97.192:0] script '/domains/gohover/byp.php' not found or unable to stat
[Sat Feb 21 01:07:42.870442 2026] [php:error] [pid 58494] [client 45.67.97.192:0] script '/domains/pookie.dnai/cgi-bin/autoload_classmap.php' not found or unable to stat
[Sat Feb 21 01:07:42.942173 2026] [php:error] [pid 58493] [client 45.67.97.17:0] script '/domains/testregisgroup/wp-editor.php' not found or unable to stat
[Sat Feb 21 01:07:42.949951 2026] [php:error] [pid 58500] [client 45.67.97.16:0] script '/domains/system_suspended/bless.php' not found or unable to stat
[Sat Feb 21 01:07:42.954379 2026] [php:error] [pid 58515] [client 45.67.97.15:0] script '/domains/system_default/new.php' not found or unable to stat
[Sat Feb 21 01:07:42.987756 2026] [php:error] [pid 58469] [client 45.67.97.192:0] script '/domains/astweb/cc.php' not found or unable to stat
[Sat Feb 21 01:07:43.010223 2026] [php:error] [pid 58542] [client 45.67.97.17:0] script '/domains/csiniaws/system_log.php' not found or unable to stat
[Sat Feb 21 01:07:43.011006 2026] [php:error] [pid 58529] [client 45.67.97.16:0] script '/domains/antiqueweb1/cgi-bin/class.api.php' not found or unable to stat
[Sat Feb 21 01:07:43.022901 2026] [php:error] [pid 58550] [client 45.67.97.192:0] script '/domains/frog.interport1/admin-footer.php' not found or unable to stat
[Sat Feb 21 01:07:43.040335 2026] [php:error] [pid 58479] [client 45.67.97.16:0] script '/domains/pmglobal/plugin.php' not found or unable to stat
[Sat Feb 21 01:07:43.129237 2026] [php:error] [pid 58551] [client 45.67.97.17:0] script '/domains/resourceandeventweb/images/install.php' not found or unable to stat
[Sat Feb 21 01:07:43.157971 2026] [php:error] [pid 58508] [client 45.67.97.15:0] script '/domains/pbuilder/wp-files.php' not found or unable to stat
[Sat Feb 21 01:07:43.179020 2026] [php:error] [pid 58474] [client 45.67.97.192:0] script '/domains/peterbmiller/b.php' not found or unable to stat
[Sat Feb 21 01:07:43.186014 2026] [php:error] [pid 58490] [client 45.67.97.192:0] script '/domains/hungariantasteweb/images/waf_defender.php' not found or unable to stat
[Sat Feb 21 01:07:43.235100 2026] [php:error] [pid 58525] [client 45.67.97.192:0] script '/domains/system_suspended/f35_SpaceTn.php' not found or unable to stat
[Sat Feb 21 01:07:43.244965 2026] [php:error] [pid 58526] [client 45.67.97.192:0] script '/domains/system_default/as.php' not found or unable to stat
[Sat Feb 21 01:07:43.338282 2026] [php:error] [pid 58494] [client 45.67.97.192:0] script '/domains/pookie.dnai/wp-links-opml.php' not found or unable to stat
[Sat Feb 21 01:07:43.349515 2026] [php:error] [pid 58561] [client 45.67.97.15:0] script '/domains/perless2web/wp-links.php' not found or unable to stat
[Sat Feb 21 01:07:43.384551 2026] [php:error] [pid 58497] [client 45.67.97.16:0] script '/domains/memanuel/init.php' not found or unable to stat
[Sat Feb 21 01:07:43.384776 2026] [php:error] [pid 58509] [client 45.67.97.192:0] script '/domains/byardrealestate/wp-mail.php' not found or unable to stat
[Sat Feb 21 01:07:43.420089 2026] [php:error] [pid 58500] [client 45.67.97.16:0] script '/domains/system_suspended/O-Simple.php' not found or unable to stat
[Sat Feb 21 01:07:43.439677 2026] [php:error] [pid 58568] [client 45.67.97.192:0] script '/domains/system_suspended/tiny.php' not found or unable to stat
[Sat Feb 21 01:07:43.443454 2026] [php:error] [pid 58470] [client 45.67.97.192:0] script '/domains/fdcarter/memberfuns.php' not found or unable to stat
[Sat Feb 21 01:07:43.478087 2026] [php:error] [pid 58542] [client 45.67.97.17:0] script '/domains/csiniaws/.alf.php' not found or unable to stat
[Sat Feb 21 01:07:43.491861 2026] [php:error] [pid 58546] [client 45.67.97.192:0] script '/domains/trodine/x.php' not found or unable to stat
[Sat Feb 21 01:07:43.492857 2026] [php:error] [pid 58549] [client 45.67.97.15:0] script '/domains/system_suspended/page.php' not found or unable to stat
[Sat Feb 21 01:07:43.596206 2026] [php:error] [pid 58519] [client 45.67.97.16:0] script '/domains/ceonlinenews/inc.php' not found or unable to stat
[Sat Feb 21 01:07:43.624751 2026] [php:error] [pid 58508] [client 45.67.97.15:0] script '/domains/pbuilder/functions.php' not found or unable to stat
[Sat Feb 21 01:07:43.658592 2026] [php:error] [pid 58505] [client 45.67.97.15:0] script '/domains/nsmd2/radio.php' not found or unable to stat
[Sat Feb 21 01:07:43.714678 2026] [php:error] [pid 58526] [client 45.67.97.192:0] script '/domains/system_default/cc.php' not found or unable to stat
[Sat Feb 21 01:07:43.778070 2026] [php:error] [pid 58439] [client 45.67.97.17:0] script '/domains/familyplayhouse2/flower.php' not found or unable to stat
[Sat Feb 21 01:07:43.778949 2026] [php:error] [pid 58531] [client 45.67.97.192:0] script '/domains/system_suspended/wp-atomx.php' not found or unable to stat
[Sat Feb 21 01:07:43.850247 2026] [php:error] [pid 58539] [client 45.67.97.16:0] script '/domains/micra/wsax.php' not found or unable to stat
[Sat Feb 21 01:07:43.894267 2026] [php:error] [pid 58500] [client 45.67.97.16:0] script '/domains/system_suspended/lock360.php' not found or unable to stat
[Sat Feb 21 01:07:43.914406 2026] [php:error] [pid 58470] [client 45.67.97.192:0] script '/domains/fdcarter/infos.php' not found or unable to stat
[Sat Feb 21 01:07:43.925133 2026] [php:error] [pid 58469] [client 45.67.97.192:0] script '/domains/astweb/ab.php' not found or unable to stat
[Sat Feb 21 01:07:43.946163 2026] [php:error] [pid 58542] [client 45.67.97.17:0] script '/domains/csiniaws/wso.php' not found or unable to stat
[Sat Feb 21 01:07:43.960306 2026] [php:error] [pid 58550] [client 45.67.97.192:0] script '/domains/frog.interport1/XxX.php' not found or unable to stat
[Sat Feb 21 01:07:43.975425 2026] [php:error] [pid 58479] [client 45.67.97.16:0] script '/domains/pmglobal/update-core.php' not found or unable to stat
[Sat Feb 21 01:07:44.065219 2026] [php:error] [pid 58551] [client 45.67.97.17:0] script '/domains/resourceandeventweb/adminfusm.php' not found or unable to stat
[Sat Feb 21 01:07:44.121061 2026] [php:error] [pid 58490] [client 45.67.97.192:0] script '/domains/hungariantasteweb/small.php' not found or unable to stat
[Sat Feb 21 01:07:44.172409 2026] [php:error] [pid 58491] [client 45.67.97.16:0] script '/domains/proinc/tox.php' not found or unable to stat
[Sat Feb 21 01:07:44.250077 2026] [php:error] [pid 58531] [client 45.67.97.192:0] script '/domains/system_suspended/admin-footer.php' not found or unable to stat
[Sat Feb 21 01:07:44.279653 2026] [php:error] [pid 58494] [client 45.67.97.192:0] script '/domains/pookie.dnai/atomlib.php' not found or unable to stat
[Sat Feb 21 01:07:44.360680 2026] [php:error] [pid 58507] [client 45.67.97.192:0] script '/domains/testregisgroup/images/install.php' not found or unable to stat
[Sat Feb 21 01:07:44.371848 2026] [php:error] [pid 58500] [client 45.67.97.16:0] script '/domains/system_suspended/zwso.php' not found or unable to stat
[Sat Feb 21 01:07:44.380063 2026] [php:error] [pid 58568] [client 45.67.97.192:0] script '/domains/system_suspended/themes.php' not found or unable to stat
[Sat Feb 21 01:07:44.505842 2026] [php:error] [pid 58535] [client 45.67.97.17:0] script '/domains/system_default/gm.php' not found or unable to stat
[Sat Feb 21 01:07:44.514405 2026] [php:error] [pid 58532] [client 45.67.97.192:0] script '/domains/miles.interport/images/upload.php' not found or unable to stat
[Sat Feb 21 01:07:44.538209 2026] [php:error] [pid 58519] [client 45.67.97.16:0] script '/domains/ceonlinenews/filemanager.php' not found or unable to stat
[Sat Feb 21 01:07:44.651069 2026] [php:error] [pid 58526] [client 45.67.97.192:0] script '/domains/system_default/ab.php' not found or unable to stat
[Sat Feb 21 01:07:44.695884 2026] [php:error] [pid 58453] [client 45.67.97.192:0] script '/domains/system_default/small.php' not found or unable to stat
