[Sat Feb 21 00:19:01.934224 2026] [php:error] [pid 57991] [client 172.190.142.176:0] script '/domains/thuebner/cu.php' not found or unable to stat
[Sat Feb 21 00:19:01.937972 2026] [php:error] [pid 57991] [client 172.190.142.176:0] script '/domains/thuebner/lul.php' not found or unable to stat
[Sat Feb 21 00:19:01.941942 2026] [php:error] [pid 57991] [client 172.190.142.176:0] script '/domains/thuebner/0.php' not found or unable to stat
[Sat Feb 21 00:19:01.946233 2026] [php:error] [pid 57991] [client 172.190.142.176:0] script '/domains/thuebner/ms-edit.php' not found or unable to stat
[Sat Feb 21 00:19:01.950270 2026] [php:error] [pid 57991] [client 172.190.142.176:0] script '/domains/thuebner/ya.php' not found or unable to stat
[Sat Feb 21 00:19:01.954020 2026] [php:error] [pid 57991] [client 172.190.142.176:0] script '/domains/thuebner/grsiuk.php' not found or unable to stat
[Sat Feb 21 00:19:01.957878 2026] [php:error] [pid 57991] [client 172.190.142.176:0] script '/domains/thuebner/wp-blog.php' not found or unable to stat
[Sat Feb 21 00:19:01.961751 2026] [php:error] [pid 57991] [client 172.190.142.176:0] script '/domains/thuebner/wp-access.php' not found or unable to stat
[Sat Feb 21 00:19:01.965833 2026] [php:error] [pid 57991] [client 172.190.142.176:0] script '/domains/thuebner/a1vx.php' not found or unable to stat
[Sat Feb 21 00:19:01.969476 2026] [php:error] [pid 57991] [client 172.190.142.176:0] script '/domains/thuebner/sbhu.php' not found or unable to stat
[Sat Feb 21 00:19:01.976163 2026] [php:error] [pid 57991] [client 172.190.142.176:0] script '/domains/thuebner/wp-the.php' not found or unable to stat
[Sat Feb 21 00:19:01.989012 2026] [php:error] [pid 57991] [client 172.190.142.176:0] script '/domains/thuebner/06.php' not found or unable to stat
[Sat Feb 21 00:19:01.992896 2026] [php:error] [pid 57991] [client 172.190.142.176:0] script '/domains/thuebner/wp5.php' not found or unable to stat
[Sat Feb 21 00:19:01.994655 2026] [php:error] [pid 57999] [client 20.100.195.34:0] script '/domains/system_suspended/ioxi.php' not found or unable to stat
[Sat Feb 21 00:19:01.996780 2026] [php:error] [pid 57991] [client 172.190.142.176:0] script '/domains/thuebner/fot.php' not found or unable to stat
[Sat Feb 21 00:19:02.000535 2026] [php:error] [pid 57991] [client 172.190.142.176:0] script '/domains/thuebner/ff1.php' not found or unable to stat
[Sat Feb 21 00:19:02.004274 2026] [php:error] [pid 57991] [client 172.190.142.176:0] script '/domains/thuebner/forbidals.php' not found or unable to stat
[Sat Feb 21 00:19:02.008137 2026] [php:error] [pid 57991] [client 172.190.142.176:0] script '/domains/thuebner/erty.php' not found or unable to stat
[Sat Feb 21 00:19:02.012190 2026] [php:error] [pid 57991] [client 172.190.142.176:0] script '/domains/thuebner/dev1s.php' not found or unable to stat
[Sat Feb 21 00:19:02.016201 2026] [php:error] [pid 57991] [client 172.190.142.176:0] script '/domains/thuebner/ffd.php' not found or unable to stat
[Sat Feb 21 00:19:02.020119 2026] [php:error] [pid 57991] [client 172.190.142.176:0] script '/domains/thuebner/admiin.php' not found or unable to stat
[Sat Feb 21 00:19:02.023783 2026] [php:error] [pid 57991] [client 172.190.142.176:0] script '/domains/thuebner/ol.php' not found or unable to stat
[Sat Feb 21 00:19:02.027448 2026] [php:error] [pid 57991] [client 172.190.142.176:0] script '/domains/thuebner/Sanskrit.php' not found or unable to stat
[Sat Feb 21 00:19:02.031261 2026] [php:error] [pid 57991] [client 172.190.142.176:0] script '/domains/thuebner/vxrl.php' not found or unable to stat
[Sat Feb 21 00:19:02.035032 2026] [php:error] [pid 57991] [client 172.190.142.176:0] script '/domains/thuebner/re.php' not found or unable to stat
[Sat Feb 21 00:19:02.038934 2026] [php:error] [pid 57991] [client 172.190.142.176:0] script '/domains/thuebner/num.php' not found or unable to stat
[Sat Feb 21 00:19:02.042593 2026] [php:error] [pid 57991] [client 172.190.142.176:0] script '/domains/thuebner/axx.php' not found or unable to stat
[Sat Feb 21 00:19:02.046268 2026] [php:error] [pid 57991] [client 172.190.142.176:0] script '/domains/thuebner/vxrl.php' not found or unable to stat
[Sat Feb 21 00:19:02.050188 2026] [php:error] [pid 57991] [client 172.190.142.176:0] script '/domains/thuebner/in.php' not found or unable to stat
[Sat Feb 21 00:19:02.054208 2026] [php:error] [pid 57991] [client 172.190.142.176:0] script '/domains/thuebner/style.php' not found or unable to stat
[Sat Feb 21 00:19:02.058179 2026] [php:error] [pid 57991] [client 172.190.142.176:0] script '/domains/thuebner/we.php' not found or unable to stat
[Sat Feb 21 00:19:02.062073 2026] [php:error] [pid 57991] [client 172.190.142.176:0] script '/domains/thuebner/zwso.php' not found or unable to stat
[Sat Feb 21 00:19:02.065743 2026] [php:error] [pid 57991] [client 172.190.142.176:0] script '/domains/thuebner/karak.php' not found or unable to stat
[Sat Feb 21 00:19:02.069422 2026] [php:error] [pid 57991] [client 172.190.142.176:0] script '/domains/thuebner/prv8.php' not found or unable to stat
[Sat Feb 21 00:19:02.073282 2026] [php:error] [pid 57991] [client 172.190.142.176:0] script '/domains/thuebner/i.php' not found or unable to stat
[Sat Feb 21 00:19:02.076968 2026] [php:error] [pid 57991] [client 172.190.142.176:0] script '/domains/thuebner/a.php' not found or unable to stat
[Sat Feb 21 00:19:02.080577 2026] [php:error] [pid 57991] [client 172.190.142.176:0] script '/domains/thuebner/xmlrpc.php' not found or unable to stat
[Sat Feb 21 00:19:02.084530 2026] [php:error] [pid 57991] [client 172.190.142.176:0] script '/domains/thuebner/aw.php' not found or unable to stat
[Sat Feb 21 00:19:02.088453 2026] [php:error] [pid 57991] [client 172.190.142.176:0] script '/domains/thuebner/dev.php' not found or unable to stat
[Sat Feb 21 00:19:02.092533 2026] [php:error] [pid 57991] [client 172.190.142.176:0] script '/domains/thuebner/lock360.php' not found or unable to stat
[Sat Feb 21 00:19:02.092552 2026] [php:error] [pid 57999] [client 20.100.195.34:0] script '/domains/system_suspended/xpwer1.php' not found or unable to stat
[Sat Feb 21 00:19:02.098554 2026] [php:error] [pid 57991] [client 172.190.142.176:0] script '/domains/thuebner/155.php' not found or unable to stat
[Sat Feb 21 00:19:02.108148 2026] [php:error] [pid 57991] [client 172.190.142.176:0] script '/domains/thuebner/goat.php' not found or unable to stat
[Sat Feb 21 00:19:02.128976 2026] [php:error] [pid 57991] [client 172.190.142.176:0] script '/domains/thuebner/tcp.php' not found or unable to stat
[Sat Feb 21 00:19:02.136420 2026] [php:error] [pid 57991] [client 172.190.142.176:0] script '/domains/thuebner/ext.php' not found or unable to stat
[Sat Feb 21 00:19:02.141165 2026] [php:error] [pid 57991] [client 172.190.142.176:0] script '/domains/thuebner/inputs.php' not found or unable to stat
[Sat Feb 21 00:19:02.146573 2026] [php:error] [pid 57991] [client 172.190.142.176:0] script '/domains/thuebner/ioxi.php' not found or unable to stat
[Sat Feb 21 00:19:02.150450 2026] [php:error] [pid 57991] [client 172.190.142.176:0] script '/domains/thuebner/fe5.php' not found or unable to stat
[Sat Feb 21 00:19:02.154274 2026] [php:error] [pid 57991] [client 172.190.142.176:0] script '/domains/thuebner/ov.php' not found or unable to stat
[Sat Feb 21 00:19:02.162676 2026] [php:error] [pid 57991] [client 172.190.142.176:0] script '/domains/thuebner/default.php' not found or unable to stat
[Sat Feb 21 00:19:02.167412 2026] [php:error] [pid 57991] [client 172.190.142.176:0] script '/domains/thuebner/goods.php' not found or unable to stat
[Sat Feb 21 00:19:02.171049 2026] [php:error] [pid 57991] [client 172.190.142.176:0] script '/domains/thuebner/abcd.php' not found or unable to stat
[Sat Feb 21 00:19:02.174748 2026] [php:error] [pid 57991] [client 172.190.142.176:0] script '/domains/thuebner/class.1.php' not found or unable to stat
[Sat Feb 21 00:19:02.178535 2026] [php:error] [pid 57991] [client 172.190.142.176:0] script '/domains/thuebner/async.php' not found or unable to stat
[Sat Feb 21 00:19:02.184192 2026] [php:error] [pid 57991] [client 172.190.142.176:0] script '/domains/thuebner/ff.php' not found or unable to stat
[Sat Feb 21 00:19:02.185806 2026] [php:error] [pid 57999] [client 20.100.195.34:0] script '/domains/system_suspended/lala.php' not found or unable to stat
[Sat Feb 21 00:19:02.189091 2026] [php:error] [pid 57991] [client 172.190.142.176:0] script '/domains/thuebner/ioxi-o.php' not found or unable to stat
[Sat Feb 21 00:19:02.192794 2026] [php:error] [pid 57991] [client 172.190.142.176:0] script '/domains/thuebner/manager.php' not found or unable to stat
[Sat Feb 21 00:19:02.196512 2026] [php:error] [pid 57991] [client 172.190.142.176:0] script '/domains/thuebner/wp-update.php' not found or unable to stat
[Sat Feb 21 00:19:02.207399 2026] [php:error] [pid 57991] [client 172.190.142.176:0] script '/domains/thuebner/file.php' not found or unable to stat
[Sat Feb 21 00:19:02.221160 2026] [php:error] [pid 57991] [client 172.190.142.176:0] script '/domains/thuebner/lc.php' not found or unable to stat
[Sat Feb 21 00:19:02.224848 2026] [php:error] [pid 57991] [client 172.190.142.176:0] script '/domains/thuebner/cbrfo.php' not found or unable to stat
[Sat Feb 21 00:19:02.232068 2026] [php:error] [pid 57991] [client 172.190.142.176:0] script '/domains/thuebner/inc.php' not found or unable to stat
[Sat Feb 21 00:19:02.251232 2026] [php:error] [pid 57994] [client 20.203.180.135:0] script '/domains/system_cancel/async.php' not found or unable to stat
[Sat Feb 21 00:19:02.253200 2026] [php:error] [pid 57971] [client 172.190.142.176:0] script '/domains/thuebner/gifclass.php' not found or unable to stat
[Sat Feb 21 00:19:02.257117 2026] [php:error] [pid 57971] [client 172.190.142.176:0] script '/domains/thuebner/miansha.php' not found or unable to stat
[Sat Feb 21 00:19:02.268466 2026] [php:error] [pid 57971] [client 172.190.142.176:0] script '/domains/thuebner/tinyfilemanager.php' not found or unable to stat
[Sat Feb 21 00:19:02.272248 2026] [php:error] [pid 57971] [client 172.190.142.176:0] script '/domains/thuebner/admin.php' not found or unable to stat
[Sat Feb 21 00:19:02.276068 2026] [php:error] [pid 57971] [client 172.190.142.176:0] script '/domains/thuebner/ok.php' not found or unable to stat
[Sat Feb 21 00:19:02.279872 2026] [php:error] [pid 57971] [client 172.190.142.176:0] script '/domains/thuebner/fi.php' not found or unable to stat
[Sat Feb 21 00:19:02.283837 2026] [php:error] [pid 57971] [client 172.190.142.176:0] script '/domains/thuebner/muzu.php' not found or unable to stat
[Sat Feb 21 00:19:02.288142 2026] [php:error] [pid 57971] [client 172.190.142.176:0] script '/domains/thuebner/reze.php' not found or unable to stat
[Sat Feb 21 00:19:02.292005 2026] [php:error] [pid 57999] [client 20.100.195.34:0] script '/domains/system_suspended/about.php' not found or unable to stat
[Sat Feb 21 00:19:02.297546 2026] [php:error] [pid 57971] [client 172.190.142.176:0] script '/domains/thuebner/styll.php' not found or unable to stat
[Sat Feb 21 00:19:02.301444 2026] [php:error] [pid 57971] [client 172.190.142.176:0] script '/domains/thuebner/x7.php' not found or unable to stat
[Sat Feb 21 00:19:02.305626 2026] [php:error] [pid 57971] [client 172.190.142.176:0] script '/domains/thuebner/thebe.php' not found or unable to stat
[Sat Feb 21 00:19:02.314450 2026] [php:error] [pid 57971] [client 172.190.142.176:0] script '/domains/thuebner/ddd.php' not found or unable to stat
[Sat Feb 21 00:19:02.325710 2026] [php:error] [pid 57971] [client 172.190.142.176:0] script '/domains/thuebner/bgymj.php' not found or unable to stat
[Sat Feb 21 00:19:02.329479 2026] [php:error] [pid 57971] [client 172.190.142.176:0] script '/domains/thuebner/8xyz.php' not found or unable to stat
[Sat Feb 21 00:19:02.332995 2026] [php:error] [pid 57971] [client 172.190.142.176:0] script '/domains/thuebner/ioxi.php' not found or unable to stat
[Sat Feb 21 00:19:02.339340 2026] [php:error] [pid 57971] [client 172.190.142.176:0] script '/domains/thuebner/xpwer1.php' not found or unable to stat
[Sat Feb 21 00:19:02.349618 2026] [php:error] [pid 57971] [client 172.190.142.176:0] script '/domains/thuebner/lala.php' not found or unable to stat
[Sat Feb 21 00:19:02.353863 2026] [php:error] [pid 57971] [client 172.190.142.176:0] script '/domains/thuebner/about.php' not found or unable to stat
[Sat Feb 21 00:19:02.378031 2026] [php:error] [pid 57971] [client 172.190.142.176:0] script '/domains/thuebner/info.php' not found or unable to stat
[Sat Feb 21 00:19:02.383262 2026] [php:error] [pid 57971] [client 172.190.142.176:0] script '/domains/thuebner/about.php' not found or unable to stat
[Sat Feb 21 00:19:02.391375 2026] [php:error] [pid 57971] [client 172.190.142.176:0] script '/domains/thuebner/222.php' not found or unable to stat
[Sat Feb 21 00:19:02.395125 2026] [php:error] [pid 57971] [client 172.190.142.176:0] script '/domains/thuebner/adminfuns.php' not found or unable to stat
[Sat Feb 21 00:19:02.405310 2026] [php:error] [pid 57971] [client 172.190.142.176:0] script '/domains/thuebner/xx.php' not found or unable to stat
[Sat Feb 21 00:19:02.413230 2026] [php:error] [pid 57971] [client 172.190.142.176:0] script '/domains/thuebner/f5.php' not found or unable to stat
[Sat Feb 21 00:19:02.417293 2026] [php:error] [pid 57971] [client 172.190.142.176:0] script '/domains/thuebner/flower.php' not found or unable to stat
[Sat Feb 21 00:19:02.421180 2026] [php:error] [pid 57971] [client 172.190.142.176:0] script '/domains/thuebner/f6.php' not found or unable to stat
[Sat Feb 21 00:19:02.425155 2026] [php:error] [pid 57971] [client 172.190.142.176:0] script '/domains/thuebner/edit.php' not found or unable to stat
[Sat Feb 21 00:19:02.438078 2026] [php:error] [pid 57971] [client 172.190.142.176:0] script '/domains/thuebner/av.php' not found or unable to stat
[Sat Feb 21 00:19:02.446180 2026] [php:error] [pid 57971] [client 172.190.142.176:0] script '/domains/thuebner/wsd.php' not found or unable to stat
[Sat Feb 21 00:19:02.449957 2026] [php:error] [pid 57971] [client 172.190.142.176:0] script '/domains/thuebner/jane.php' not found or unable to stat
[Sat Feb 21 00:19:02.453915 2026] [php:error] [pid 57971] [client 172.190.142.176:0] script '/domains/thuebner/css.php' not found or unable to stat
[Sat Feb 21 00:19:02.457760 2026] [php:error] [pid 57971] [client 172.190.142.176:0] script '/domains/thuebner/alfa.php' not found or unable to stat
[Sat Feb 21 00:19:02.462223 2026] [php:error] [pid 57971] [client 172.190.142.176:0] script '/domains/thuebner/wen.php' not found or unable to stat
[Sat Feb 21 00:19:02.466329 2026] [php:error] [pid 57971] [client 172.190.142.176:0] script '/domains/thuebner/x.php' not found or unable to stat
[Sat Feb 21 00:19:02.470398 2026] [php:error] [pid 57971] [client 172.190.142.176:0] script '/domains/thuebner/xxxx.php' not found or unable to stat
[Sat Feb 21 00:19:02.474247 2026] [php:error] [pid 57971] [client 172.190.142.176:0] script '/domains/thuebner/class.php' not found or unable to stat
[Sat Feb 21 00:19:02.478174 2026] [php:error] [pid 57971] [client 172.190.142.176:0] script '/domains/thuebner/f35.php' not found or unable to stat
[Sat Feb 21 00:19:02.508144 2026] [php:error] [pid 57971] [client 172.190.142.176:0] script '/domains/thuebner/class-t.api.php' not found or unable to stat
[Sat Feb 21 00:19:02.511939 2026] [php:error] [pid 57971] [client 172.190.142.176:0] script '/domains/thuebner/blurbs18.php' not found or unable to stat
[Sat Feb 21 00:19:02.534220 2026] [php:error] [pid 57996] [client 20.203.180.135:0] script '/domains/system_cancel/ioxi-o.php' not found or unable to stat
[Sat Feb 21 00:19:02.550001 2026] [php:error] [pid 57971] [client 172.190.142.176:0] script '/domains/thuebner/bless11.php' not found or unable to stat
[Sat Feb 21 00:19:02.553737 2026] [php:error] [pid 57971] [client 172.190.142.176:0] script '/domains/thuebner/init.php' not found or unable to stat
[Sat Feb 21 00:19:02.561527 2026] [php:error] [pid 57971] [client 172.190.142.176:0] script '/domains/thuebner/k.php' not found or unable to stat
[Sat Feb 21 00:19:02.565453 2026] [php:error] [pid 57971] [client 172.190.142.176:0] script '/domains/thuebner/bless.php' not found or unable to stat
[Sat Feb 21 00:19:02.569351 2026] [php:error] [pid 57971] [client 172.190.142.176:0] script '/domains/thuebner/X7x.php' not found or unable to stat
[Sat Feb 21 00:19:02.573440 2026] [php:error] [pid 57971] [client 172.190.142.176:0] script '/domains/thuebner/166.php' not found or unable to stat
[Sat Feb 21 00:19:02.579809 2026] [php:error] [pid 57971] [client 172.190.142.176:0] script '/domains/thuebner/plss3.php' not found or unable to stat
[Sat Feb 21 00:19:02.593189 2026] [php:error] [pid 57971] [client 172.190.142.176:0] script '/domains/thuebner/admins.php' not found or unable to stat
[Sat Feb 21 00:19:02.597187 2026] [php:error] [pid 57971] [client 172.190.142.176:0] script '/domains/thuebner/wp.php' not found or unable to stat
[Sat Feb 21 00:19:02.601078 2026] [php:error] [pid 57971] [client 172.190.142.176:0] script '/domains/thuebner/main.php' not found or unable to stat
[Sat Feb 21 00:19:02.605407 2026] [php:error] [pid 57971] [client 172.190.142.176:0] script '/domains/thuebner/a1.php' not found or unable to stat
[Sat Feb 21 00:19:02.609255 2026] [php:error] [pid 57971] [client 172.190.142.176:0] script '/domains/thuebner/lala.php' not found or unable to stat
[Sat Feb 21 00:19:02.613590 2026] [php:error] [pid 57971] [client 172.190.142.176:0] script '/domains/thuebner/aaa.php' not found or unable to stat
[Sat Feb 21 00:19:02.627473 2026] [php:error] [pid 57971] [client 172.190.142.176:0] script '/domains/thuebner/a2.php' not found or unable to stat
[Sat Feb 21 00:19:02.632197 2026] [php:error] [pid 57996] [client 20.203.180.135:0] script '/domains/system_cancel/manager.php' not found or unable to stat
[Sat Feb 21 00:19:02.635786 2026] [php:error] [pid 57971] [client 172.190.142.176:0] script '/domains/thuebner/jsond.php' not found or unable to stat
[Sat Feb 21 00:19:02.782873 2026] [php:error] [pid 57999] [client 20.100.195.34:0] script '/domains/system_suspended/info.php' not found or unable to stat
[Sat Feb 21 00:19:02.876005 2026] [php:error] [pid 57999] [client 20.100.195.34:0] script '/domains/system_suspended/about.php' not found or unable to stat
[Sat Feb 21 00:19:03.062320 2026] [php:error] [pid 57999] [client 20.100.195.34:0] script '/domains/system_suspended/222.php' not found or unable to stat
[Sat Feb 21 00:19:03.162482 2026] [php:error] [pid 57999] [client 20.100.195.34:0] script '/domains/system_suspended/adminfuns.php' not found or unable to stat
[Sat Feb 21 00:19:03.349383 2026] [php:error] [pid 57999] [client 20.100.195.34:0] script '/domains/system_suspended/xx.php' not found or unable to stat
[Sat Feb 21 00:19:03.547879 2026] [php:error] [pid 57996] [client 20.203.180.135:0] script '/domains/system_cancel/lc.php' not found or unable to stat
[Sat Feb 21 00:19:03.548809 2026] [php:error] [pid 57999] [client 20.100.195.34:0] script '/domains/system_suspended/f5.php' not found or unable to stat
[Sat Feb 21 00:19:03.642776 2026] [php:error] [pid 57996] [client 20.203.180.135:0] script '/domains/system_cancel/hexx.php' not found or unable to stat
[Sat Feb 21 00:19:03.643490 2026] [php:error] [pid 57999] [client 20.100.195.34:0] script '/domains/system_suspended/flower.php' not found or unable to stat
[Sat Feb 21 00:19:03.736826 2026] [php:error] [pid 57996] [client 20.203.180.135:0] script '/domains/system_cancel/cbrfo.php' not found or unable to stat
[Sat Feb 21 00:19:03.742239 2026] [php:error] [pid 57999] [client 20.100.195.34:0] script '/domains/system_suspended/f6.php' not found or unable to stat
[Sat Feb 21 00:19:03.831933 2026] [php:error] [pid 57996] [client 20.203.180.135:0] script '/domains/system_cancel/inc.php' not found or unable to stat
[Sat Feb 21 00:19:03.835214 2026] [php:error] [pid 57999] [client 20.100.195.34:0] script '/domains/system_suspended/edit.php' not found or unable to stat
[Sat Feb 21 00:19:03.936858 2026] [php:error] [pid 57999] [client 20.100.195.34:0] script '/domains/system_suspended/aa.php' not found or unable to stat
[Sat Feb 21 00:19:04.144309 2026] [php:error] [pid 57996] [client 20.203.180.135:0] script '/domains/system_cancel/miansha.php' not found or unable to stat
[Sat Feb 21 00:19:04.231879 2026] [php:error] [pid 57999] [client 20.100.195.34:0] script '/domains/system_suspended/av.php' not found or unable to stat
[Sat Feb 21 00:19:04.263877 2026] [php:error] [pid 57996] [client 20.203.180.135:0] script '/domains/system_cancel/tinyfilemanager.php' not found or unable to stat
[Sat Feb 21 00:19:04.360675 2026] [php:error] [pid 57996] [client 20.203.180.135:0] script '/domains/system_cancel/xfile25.php' not found or unable to stat
[Sat Feb 21 00:19:04.443247 2026] [php:error] [pid 57999] [client 20.100.195.34:0] script '/domains/system_suspended/wsd.php' not found or unable to stat
[Sat Feb 21 00:19:04.565741 2026] [php:error] [pid 57999] [client 20.100.195.34:0] script '/domains/system_suspended/jane.php' not found or unable to stat
[Sat Feb 21 00:19:04.658560 2026] [php:error] [pid 57999] [client 20.100.195.34:0] script '/domains/system_suspended/css.php' not found or unable to stat
[Sat Feb 21 00:19:04.763743 2026] [php:error] [pid 57999] [client 20.100.195.34:0] script '/domains/system_suspended/alfa.php' not found or unable to stat
[Sat Feb 21 00:19:04.856492 2026] [php:error] [pid 57999] [client 20.100.195.34:0] script '/domains/system_suspended/wen.php' not found or unable to stat
[Sat Feb 21 00:19:04.866248 2026] [php:error] [pid 57994] [client 20.203.180.135:0] script '/domains/system_cancel/muzu.php' not found or unable to stat
[Sat Feb 21 00:19:04.961103 2026] [php:error] [pid 57994] [client 20.203.180.135:0] script '/domains/system_cancel/reze.php' not found or unable to stat
[Sat Feb 21 00:19:04.967534 2026] [php:error] [pid 57999] [client 20.100.195.34:0] script '/domains/system_suspended/x.php' not found or unable to stat
[Sat Feb 21 00:19:05.060266 2026] [php:error] [pid 57999] [client 20.100.195.34:0] script '/domains/system_suspended/xxxx.php' not found or unable to stat
[Sat Feb 21 00:19:05.157186 2026] [php:error] [pid 57999] [client 20.100.195.34:0] script '/domains/system_suspended/class.php' not found or unable to stat
[Sat Feb 21 00:19:05.263660 2026] [php:error] [pid 57999] [client 20.100.195.34:0] script '/domains/system_suspended/f35.php' not found or unable to stat
[Sat Feb 21 00:19:05.264686 2026] [php:error] [pid 57994] [client 20.203.180.135:0] script '/domains/system_cancel/x7.php' not found or unable to stat
[Sat Feb 21 00:19:05.359220 2026] [php:error] [pid 57994] [client 20.203.180.135:0] script '/domains/system_cancel/thebe.php' not found or unable to stat
[Sat Feb 21 00:19:05.454511 2026] [php:error] [pid 57994] [client 20.203.180.135:0] script '/domains/system_cancel/ddd.php' not found or unable to stat
[Sat Feb 21 00:19:05.549500 2026] [php:error] [pid 57994] [client 20.203.180.135:0] script '/domains/system_cancel/ccs.php' not found or unable to stat
[Sat Feb 21 00:19:05.639656 2026] [php:error] [pid 57999] [client 20.100.195.34:0] script '/domains/system_suspended/class-t.api.php' not found or unable to stat
[Sat Feb 21 00:19:05.733240 2026] [php:error] [pid 57999] [client 20.100.195.34:0] script '/domains/system_suspended/blurbs18.php' not found or unable to stat
[Sat Feb 21 00:19:06.078600 2026] [php:error] [pid 57994] [client 20.203.180.135:0] script '/domains/system_cancel/la.php' not found or unable to stat
[Sat Feb 21 00:19:06.195010 2026] [php:error] [pid 57994] [client 20.203.180.135:0] script '/domains/system_cancel/ioxi.php' not found or unable to stat
[Sat Feb 21 00:19:06.290430 2026] [php:error] [pid 57994] [client 20.203.180.135:0] script '/domains/system_cancel/xpwer1.php' not found or unable to stat
[Sat Feb 21 00:19:06.385111 2026] [php:error] [pid 57994] [client 20.203.180.135:0] script '/domains/system_cancel/lala.php' not found or unable to stat
[Sat Feb 21 00:19:06.469253 2026] [php:error] [pid 57999] [client 20.100.195.34:0] script '/domains/system_suspended/bless11.php' not found or unable to stat
[Sat Feb 21 00:19:06.480061 2026] [php:error] [pid 57994] [client 20.203.180.135:0] script '/domains/system_cancel/about.php' not found or unable to stat
[Sat Feb 21 00:19:06.566920 2026] [php:error] [pid 57999] [client 20.100.195.34:0] script '/domains/system_suspended/init.php' not found or unable to stat
[Sat Feb 21 00:19:06.752921 2026] [php:error] [pid 57999] [client 20.100.195.34:0] script '/domains/system_suspended/k.php' not found or unable to stat
[Sat Feb 21 00:19:06.845883 2026] [php:error] [pid 57999] [client 20.100.195.34:0] script '/domains/system_suspended/bless.php' not found or unable to stat
[Sat Feb 21 00:19:06.944495 2026] [php:error] [pid 57999] [client 20.100.195.34:0] script '/domains/system_suspended/X7x.php' not found or unable to stat
[Sat Feb 21 00:19:07.038450 2026] [php:error] [pid 57999] [client 20.100.195.34:0] script '/domains/system_suspended/166.php' not found or unable to stat
[Sat Feb 21 00:19:07.149828 2026] [php:error] [pid 57999] [client 20.100.195.34:0] script '/domains/system_suspended/plss3.php' not found or unable to stat
[Sat Feb 21 00:19:07.260288 2026] [php:error] [pid 57994] [client 20.203.180.135:0] script '/domains/system_cancel/info.php' not found or unable to stat
[Sat Feb 21 00:19:07.335983 2026] [php:error] [pid 57999] [client 20.100.195.34:0] script '/domains/system_suspended/admins.php' not found or unable to stat
[Sat Feb 21 00:19:07.354957 2026] [php:error] [pid 57994] [client 20.203.180.135:0] script '/domains/system_cancel/about.php' not found or unable to stat
[Sat Feb 21 00:19:07.430403 2026] [php:error] [pid 57999] [client 20.100.195.34:0] script '/domains/system_suspended/wp.php' not found or unable to stat
[Sat Feb 21 00:19:07.526594 2026] [php:error] [pid 57999] [client 20.100.195.34:0] script '/domains/system_suspended/main.php' not found or unable to stat
[Sat Feb 21 00:19:07.639750 2026] [php:error] [pid 57999] [client 20.100.195.34:0] script '/domains/system_suspended/a1.php' not found or unable to stat
[Sat Feb 21 00:19:07.732616 2026] [php:error] [pid 57999] [client 20.100.195.34:0] script '/domains/system_suspended/lala.php' not found or unable to stat
[Sat Feb 21 00:19:07.755699 2026] [php:error] [pid 57994] [client 20.203.180.135:0] script '/domains/system_cancel/adminfuns.php' not found or unable to stat
[Sat Feb 21 00:19:07.845264 2026] [php:error] [pid 57999] [client 20.100.195.34:0] script '/domains/system_suspended/aaa.php' not found or unable to stat
[Sat Feb 21 00:19:07.938250 2026] [php:error] [pid 57999] [client 20.100.195.34:0] script '/domains/system_suspended/a2.php' not found or unable to stat
[Sat Feb 21 00:19:08.045551 2026] [php:error] [pid 57994] [client 20.203.180.135:0] script '/domains/system_cancel/xx.php' not found or unable to stat
[Sat Feb 21 00:19:08.229481 2026] [php:error] [pid 57999] [client 20.100.195.34:0] script '/domains/system_suspended/nyan.php' not found or unable to stat
[Sat Feb 21 00:19:08.289011 2026] [php:error] [pid 57992] [client 89.187.168.122:0] script '/domains/highlandlabs/archivarix.cms.php' not found or unable to stat, referer: http://highlandlabs.com/archivarix.cms.php
[Sat Feb 21 00:19:08.356833 2026] [php:error] [pid 57999] [client 20.100.195.34:0] script '/domains/system_suspended/jsond.php' not found or unable to stat
[Sat Feb 21 00:19:09.135809 2026] [php:error] [pid 57994] [client 20.203.180.135:0] script '/domains/system_cancel/edit.php' not found or unable to stat
[Sat Feb 21 00:19:09.230698 2026] [php:error] [pid 57994] [client 20.203.180.135:0] script '/domains/system_cancel/aa.php' not found or unable to stat
[Sat Feb 21 00:19:09.713079 2026] [php:error] [pid 57994] [client 20.203.180.135:0] script '/domains/system_cancel/av.php' not found or unable to stat
[Sat Feb 21 00:19:10.347233 2026] [php:error] [pid 57998] [client 89.187.168.122:0] script '/domains/highlandlabs/archivarix.cms.php' not found or unable to stat, referer: http://www.highlandlabs.com/archivarix.cms.php
[Sat Feb 21 00:19:10.426973 2026] [php:error] [pid 57991] [client 20.203.180.135:0] script '/domains/system_cancel/css.php' not found or unable to stat
[Sat Feb 21 00:19:10.520950 2026] [php:error] [pid 57991] [client 20.203.180.135:0] script '/domains/system_cancel/alfa.php' not found or unable to stat
[Sat Feb 21 00:19:10.824532 2026] [php:error] [pid 57991] [client 20.203.180.135:0] script '/domains/system_cancel/x.php' not found or unable to stat
[Sat Feb 21 00:19:10.921256 2026] [php:error] [pid 57991] [client 20.203.180.135:0] script '/domains/system_cancel/xxxx.php' not found or unable to stat
[Sat Feb 21 00:19:11.014715 2026] [php:error] [pid 57991] [client 20.203.180.135:0] script '/domains/system_cancel/class.php' not found or unable to stat
[Sat Feb 21 00:19:11.903214 2026] [php:error] [pid 57991] [client 20.203.180.135:0] script '/domains/system_cancel/class-t.api.php' not found or unable to stat
[Sat Feb 21 00:19:13.436896 2026] [php:error] [pid 57991] [client 20.203.180.135:0] script '/domains/system_cancel/init.php' not found or unable to stat
[Sat Feb 21 00:19:14.473792 2026] [php:error] [pid 57994] [client 104.211.93.67:0] script '/domains/byardrealestate/9.php' not found or unable to stat
[Sat Feb 21 00:19:14.676962 2026] [php:error] [pid 57994] [client 104.211.93.67:0] script '/domains/byardrealestate/70.php' not found or unable to stat
[Sat Feb 21 00:19:14.880357 2026] [php:error] [pid 57994] [client 104.211.93.67:0] script '/domains/byardrealestate/y.php' not found or unable to stat
[Sat Feb 21 00:19:14.964632 2026] [php:error] [pid 57991] [client 20.203.180.135:0] script '/domains/system_cancel/admins.php' not found or unable to stat
[Sat Feb 21 00:19:15.083928 2026] [php:error] [pid 57994] [client 104.211.93.67:0] script '/domains/byardrealestate/yas.php' not found or unable to stat
[Sat Feb 21 00:19:15.258223 2026] [php:error] [pid 57991] [client 20.203.180.135:0] script '/domains/system_cancel/main.php' not found or unable to stat
[Sat Feb 21 00:19:15.287423 2026] [php:error] [pid 57994] [client 104.211.93.67:0] script '/domains/byardrealestate/19.php' not found or unable to stat
[Sat Feb 21 00:19:15.364834 2026] [php:error] [pid 57991] [client 20.203.180.135:0] script '/domains/system_cancel/a1.php' not found or unable to stat
[Sat Feb 21 00:19:15.474488 2026] [php:error] [pid 57991] [client 20.203.180.135:0] script '/domains/system_cancel/lala.php' not found or unable to stat
[Sat Feb 21 00:19:15.490415 2026] [php:error] [pid 57994] [client 104.211.93.67:0] script '/domains/byardrealestate/86.php' not found or unable to stat
[Sat Feb 21 00:19:15.568112 2026] [php:error] [pid 57991] [client 20.203.180.135:0] script '/domains/system_cancel/aaa.php' not found or unable to stat
[Sat Feb 21 00:19:15.662327 2026] [php:error] [pid 57991] [client 20.203.180.135:0] script '/domains/system_cancel/a2.php' not found or unable to stat
[Sat Feb 21 00:19:15.699952 2026] [php:error] [pid 57994] [client 104.211.93.67:0] script '/domains/byardrealestate/v.php' not found or unable to stat
[Sat Feb 21 00:19:15.904069 2026] [php:error] [pid 57994] [client 104.211.93.67:0] script '/domains/byardrealestate/i.php' not found or unable to stat
[Sat Feb 21 00:19:16.051443 2026] [php:error] [pid 57991] [client 20.203.180.135:0] script '/domains/system_cancel/nyan.php' not found or unable to stat
[Sat Feb 21 00:19:16.111318 2026] [php:error] [pid 57994] [client 104.211.93.67:0] script '/domains/byardrealestate/66.php' not found or unable to stat
[Sat Feb 21 00:19:16.316756 2026] [php:error] [pid 57994] [client 104.211.93.67:0] script '/domains/byardrealestate/p.php' not found or unable to stat
[Sat Feb 21 00:19:16.519559 2026] [php:error] [pid 57994] [client 104.211.93.67:0] script '/domains/byardrealestate/t.php' not found or unable to stat
[Sat Feb 21 00:19:16.723316 2026] [php:error] [pid 57994] [client 104.211.93.67:0] script '/domains/byardrealestate/e.php' not found or unable to stat
[Sat Feb 21 00:19:16.927559 2026] [php:error] [pid 57994] [client 104.211.93.67:0] script '/domains/byardrealestate/5.php' not found or unable to stat
[Sat Feb 21 00:19:35.058167 2026] [php:error] [pid 58000] [client 74.248.96.218:0] script '/domains/king1969/sm.php' not found or unable to stat
[Sat Feb 21 00:19:35.158590 2026] [php:error] [pid 58000] [client 74.248.96.218:0] script '/domains/king1969/sc.php' not found or unable to stat
[Sat Feb 21 00:19:35.257595 2026] [php:error] [pid 58000] [client 74.248.96.218:0] script '/domains/king1969/admin.php' not found or unable to stat
[Sat Feb 21 00:19:48.712566 2026] [php:error] [pid 57998] [client 154.192.232.110:0] script '/domains/navarrospring/xmlrpc.php' not found or unable to stat
[Sat Feb 21 00:19:54.107730 2026] [autoindex:error] [pid 57999] [client 20.194.29.45:0] AH01276: Cannot serve directory /domains/conceptlabs1/cgi-bin/: No matching DirectoryIndex (index.html,suspended_index.rcn.html,index.php,index.pl,index.cgi,index.htm,index.html,index.shtml,index.shtm,default.htm) found, and server-generated directory index forbidden by Options directive
[Sat Feb 21 00:19:54.296124 2026] [php:error] [pid 57999] [client 20.194.29.45:0] script '/domains/conceptlabs1/doc.php' not found or unable to stat
[Sat Feb 21 00:19:54.488568 2026] [php:error] [pid 57999] [client 20.194.29.45:0] script '/domains/conceptlabs1/edit.php' not found or unable to stat
[Sat Feb 21 00:19:54.687497 2026] [php:error] [pid 57999] [client 20.194.29.45:0] script '/domains/conceptlabs1/functions.php' not found or unable to stat
[Sat Feb 21 00:19:54.874471 2026] [php:error] [pid 57999] [client 20.194.29.45:0] script '/domains/conceptlabs1/img/post.php' not found or unable to stat
[Sat Feb 21 00:19:55.074715 2026] [php:error] [pid 57999] [client 20.194.29.45:0] script '/domains/conceptlabs1/manager.php' not found or unable to stat
[Sat Feb 21 00:19:55.276026 2026] [php:error] [pid 57999] [client 20.194.29.45:0] script '/domains/conceptlabs1/radio.php' not found or unable to stat
[Sat Feb 21 00:19:55.470746 2026] [php:error] [pid 57999] [client 20.194.29.45:0] script '/domains/conceptlabs1/root.php' not found or unable to stat
[Sat Feb 21 00:19:55.669450 2026] [php:error] [pid 57999] [client 20.194.29.45:0] script '/domains/conceptlabs1/sim.php' not found or unable to stat
[Sat Feb 21 00:19:55.865939 2026] [php:error] [pid 57999] [client 20.194.29.45:0] script '/domains/conceptlabs1/system_log.php' not found or unable to stat
[Sat Feb 21 00:19:56.046280 2026] [php:error] [pid 58010] [client 20.194.153.120:0] script '/domains/gohover/new4.php' not found or unable to stat
[Sat Feb 21 00:19:56.227191 2026] [php:error] [pid 58010] [client 20.194.153.120:0] script '/domains/gohover/sc.php' not found or unable to stat
[Sat Feb 21 00:19:56.392540 2026] [php:error] [pid 58010] [client 20.194.153.120:0] script '/domains/gohover/aq.php' not found or unable to stat
[Sat Feb 21 00:19:56.557759 2026] [php:error] [pid 58010] [client 20.194.153.120:0] script '/domains/gohover/opts.php' not found or unable to stat
[Sat Feb 21 00:19:56.622787 2026] [php:error] [pid 57999] [client 20.194.29.45:0] script '/domains/conceptlabs1/gecko.php' not found or unable to stat
[Sat Feb 21 00:19:56.723196 2026] [php:error] [pid 58010] [client 20.194.153.120:0] script '/domains/gohover/wp-act.php' not found or unable to stat
[Sat Feb 21 00:19:56.824410 2026] [php:error] [pid 57999] [client 20.194.29.45:0] script '/domains/conceptlabs1/xmrlpc.php' not found or unable to stat
[Sat Feb 21 00:19:56.915932 2026] [php:error] [pid 58010] [client 20.194.153.120:0] script '/domains/gohover/myfile.php' not found or unable to stat
[Sat Feb 21 00:19:57.094415 2026] [php:error] [pid 58010] [client 20.194.153.120:0] script '/domains/gohover/work.php' not found or unable to stat
[Sat Feb 21 00:19:57.187532 2026] [php:error] [pid 57999] [client 20.194.29.45:0] script '/domains/conceptlabs1/moon.php' not found or unable to stat
[Sat Feb 21 00:19:57.304940 2026] [php:error] [pid 58010] [client 20.194.153.120:0] script '/domains/gohover/C.php' not found or unable to stat
[Sat Feb 21 00:19:57.472002 2026] [php:error] [pid 58010] [client 20.194.153.120:0] script '/domains/gohover/ze.php' not found or unable to stat
[Sat Feb 21 00:19:57.637386 2026] [php:error] [pid 58010] [client 20.194.153.120:0] script '/domains/gohover/seetox.php' not found or unable to stat
[Sat Feb 21 00:19:57.767442 2026] [php:error] [pid 57999] [client 20.194.29.45:0] script '/domains/conceptlabs1/info.php' not found or unable to stat
[Sat Feb 21 00:19:57.805047 2026] [php:error] [pid 58010] [client 20.194.153.120:0] script '/domains/gohover/dom.php' not found or unable to stat
[Sat Feb 21 00:19:57.958965 2026] [php:error] [pid 57999] [client 20.194.29.45:0] script '/domains/conceptlabs1/k.php' not found or unable to stat
[Sat Feb 21 00:19:58.144573 2026] [php:error] [pid 57999] [client 20.194.29.45:0] script '/domains/conceptlabs1/nc4.php' not found or unable to stat
[Sat Feb 21 00:19:58.214319 2026] [php:error] [pid 58010] [client 20.194.153.120:0] script '/domains/gohover/samiri.php' not found or unable to stat
[Sat Feb 21 00:19:58.489346 2026] [php:error] [pid 58010] [client 20.194.153.120:0] script '/domains/gohover/plugins.php' not found or unable to stat
[Sat Feb 21 00:19:58.538505 2026] [php:error] [pid 57999] [client 20.194.29.45:0] script '/domains/conceptlabs1/file2.php' not found or unable to stat
[Sat Feb 21 00:19:58.714912 2026] [php:error] [pid 58010] [client 20.194.153.120:0] script '/domains/gohover/xoot.php' not found or unable to stat
[Sat Feb 21 00:19:58.895297 2026] [php:error] [pid 58010] [client 20.194.153.120:0] script '/domains/gohover/X57.php' not found or unable to stat
[Sat Feb 21 00:19:59.071376 2026] [php:error] [pid 58010] [client 20.194.153.120:0] script '/domains/gohover/vx.php' not found or unable to stat
[Sat Feb 21 00:19:59.236649 2026] [php:error] [pid 58010] [client 20.194.153.120:0] script '/domains/gohover/file59.php' not found or unable to stat
[Sat Feb 21 00:19:59.572831 2026] [php:error] [pid 58010] [client 20.194.153.120:0] script '/domains/gohover/shas.php' not found or unable to stat
[Sat Feb 21 00:19:59.774587 2026] [php:error] [pid 58010] [client 20.194.153.120:0] script '/domains/gohover/xa.php' not found or unable to stat
[Sat Feb 21 00:19:59.939973 2026] [php:error] [pid 58010] [client 20.194.153.120:0] script '/domains/gohover/xda.php' not found or unable to stat
[Sat Feb 21 00:20:00.118524 2026] [php:error] [pid 58010] [client 20.194.153.120:0] script '/domains/gohover/er.php' not found or unable to stat
[Sat Feb 21 00:20:00.283781 2026] [php:error] [pid 58010] [client 20.194.153.120:0] script '/domains/gohover/fault.php' not found or unable to stat
[Sat Feb 21 00:20:00.449327 2026] [php:error] [pid 58010] [client 20.194.153.120:0] script '/domains/gohover/motu.php' not found or unable to stat
[Sat Feb 21 00:20:00.729142 2026] [php:error] [pid 58010] [client 20.194.153.120:0] script '/domains/gohover/66.php' not found or unable to stat
[Sat Feb 21 00:20:00.743723 2026] [php:error] [pid 57999] [client 20.194.29.45:0] script '/domains/conceptlabs1/WSO.php' not found or unable to stat
[Sat Feb 21 00:20:00.760288 2026] [php:error] [pid 58011] [client 20.205.120.43:0] script '/domains/markrose/doc.php' not found or unable to stat
[Sat Feb 21 00:20:00.894345 2026] [php:error] [pid 58010] [client 20.194.153.120:0] script '/domains/gohover/leuk.php' not found or unable to stat
[Sat Feb 21 00:20:00.972857 2026] [php:error] [pid 58011] [client 20.205.120.43:0] script '/domains/markrose/edit.php' not found or unable to stat
[Sat Feb 21 00:20:01.061011 2026] [php:error] [pid 58010] [client 20.194.153.120:0] script '/domains/gohover/xqq.php' not found or unable to stat
[Sat Feb 21 00:20:01.193557 2026] [php:error] [pid 58011] [client 20.205.120.43:0] script '/domains/markrose/functions.php' not found or unable to stat
[Sat Feb 21 00:20:01.226644 2026] [php:error] [pid 58010] [client 20.194.153.120:0] script '/domains/gohover/kolda.php' not found or unable to stat
[Sat Feb 21 00:20:01.452010 2026] [php:error] [pid 58010] [client 20.194.153.120:0] script '/domains/gohover/nw.php' not found or unable to stat
[Sat Feb 21 00:20:01.619259 2026] [php:error] [pid 58011] [client 20.205.120.43:0] script '/domains/markrose/manager.php' not found or unable to stat
[Sat Feb 21 00:20:01.719812 2026] [php:error] [pid 58010] [client 20.194.153.120:0] script '/domains/gohover/god.php' not found or unable to stat
[Sat Feb 21 00:20:01.831926 2026] [php:error] [pid 58011] [client 20.205.120.43:0] script '/domains/markrose/radio.php' not found or unable to stat
[Sat Feb 21 00:20:01.924283 2026] [php:error] [pid 58010] [client 20.194.153.120:0] script '/domains/gohover/666.php' not found or unable to stat
[Sat Feb 21 00:20:02.044687 2026] [php:error] [pid 58011] [client 20.205.120.43:0] script '/domains/markrose/root.php' not found or unable to stat
[Sat Feb 21 00:20:02.089439 2026] [php:error] [pid 58010] [client 20.194.153.120:0] script '/domains/gohover/kj.php' not found or unable to stat
[Sat Feb 21 00:20:02.255330 2026] [php:error] [pid 58010] [client 20.194.153.120:0] script '/domains/gohover/un.php' not found or unable to stat
[Sat Feb 21 00:20:02.257570 2026] [php:error] [pid 58011] [client 20.205.120.43:0] script '/domains/markrose/sim.php' not found or unable to stat
[Sat Feb 21 00:20:02.454116 2026] [php:error] [pid 58010] [client 20.194.153.120:0] script '/domains/gohover/fs.php' not found or unable to stat
[Sat Feb 21 00:20:02.471051 2026] [php:error] [pid 58011] [client 20.205.120.43:0] script '/domains/markrose/system_log.php' not found or unable to stat
[Sat Feb 21 00:20:02.690186 2026] [php:error] [pid 58010] [client 20.194.153.120:0] script '/domains/gohover/ms.php' not found or unable to stat
[Sat Feb 21 00:20:02.855539 2026] [php:error] [pid 58010] [client 20.194.153.120:0] script '/domains/gohover/login8.php' not found or unable to stat
[Sat Feb 21 00:20:03.075208 2026] [php:error] [pid 58010] [client 20.194.153.120:0] script '/domains/gohover/nnyvn.php' not found or unable to stat
[Sat Feb 21 00:20:03.339073 2026] [php:error] [pid 58010] [client 20.194.153.120:0] script '/domains/gohover/cu.php' not found or unable to stat
[Sat Feb 21 00:20:03.368022 2026] [php:error] [pid 58011] [client 20.205.120.43:0] script '/domains/markrose/gecko.php' not found or unable to stat
[Sat Feb 21 00:20:03.527768 2026] [php:error] [pid 58010] [client 20.194.153.120:0] script '/domains/gohover/lul.php' not found or unable to stat
[Sat Feb 21 00:20:03.581319 2026] [php:error] [pid 58011] [client 20.205.120.43:0] script '/domains/markrose/xmrlpc.php' not found or unable to stat
[Sat Feb 21 00:20:03.812233 2026] [php:error] [pid 58010] [client 20.194.153.120:0] script '/domains/gohover/0.php' not found or unable to stat
[Sat Feb 21 00:20:03.977699 2026] [php:error] [pid 58010] [client 20.194.153.120:0] script '/domains/gohover/ms-edit.php' not found or unable to stat
[Sat Feb 21 00:20:04.010198 2026] [php:error] [pid 58011] [client 20.205.120.43:0] script '/domains/markrose/moon.php' not found or unable to stat
[Sat Feb 21 00:20:04.154979 2026] [php:error] [pid 58010] [client 20.194.153.120:0] script '/domains/gohover/ya.php' not found or unable to stat
[Sat Feb 21 00:20:04.320797 2026] [php:error] [pid 58010] [client 20.194.153.120:0] script '/domains/gohover/grsiuk.php' not found or unable to stat
[Sat Feb 21 00:20:04.485909 2026] [php:error] [pid 58010] [client 20.194.153.120:0] script '/domains/gohover/wp-blog.php' not found or unable to stat
[Sat Feb 21 00:20:04.650480 2026] [php:error] [pid 58011] [client 20.205.120.43:0] script '/domains/markrose/info.php' not found or unable to stat
[Sat Feb 21 00:20:04.657347 2026] [php:error] [pid 58010] [client 20.194.153.120:0] script '/domains/gohover/wp-access.php' not found or unable to stat
[Sat Feb 21 00:20:04.863198 2026] [php:error] [pid 58011] [client 20.205.120.43:0] script '/domains/markrose/k.php' not found or unable to stat
[Sat Feb 21 00:20:04.965036 2026] [php:error] [pid 58010] [client 20.194.153.120:0] script '/domains/gohover/a1vx.php' not found or unable to stat
[Sat Feb 21 00:20:05.078212 2026] [php:error] [pid 58011] [client 20.205.120.43:0] script '/domains/markrose/nc4.php' not found or unable to stat
[Sat Feb 21 00:20:05.169385 2026] [php:error] [pid 58010] [client 20.194.153.120:0] script '/domains/gohover/sbhu.php' not found or unable to stat
[Sat Feb 21 00:20:05.349408 2026] [php:error] [pid 58010] [client 20.194.153.120:0] script '/domains/gohover/wp-the.php' not found or unable to stat
[Sat Feb 21 00:20:05.504549 2026] [php:error] [pid 58011] [client 20.205.120.43:0] script '/domains/markrose/file2.php' not found or unable to stat
[Sat Feb 21 00:20:05.526358 2026] [php:error] [pid 58010] [client 20.194.153.120:0] script '/domains/gohover/06.php' not found or unable to stat
[Sat Feb 21 00:20:05.691677 2026] [php:error] [pid 58010] [client 20.194.153.120:0] script '/domains/gohover/wp5.php' not found or unable to stat
[Sat Feb 21 00:20:05.875659 2026] [php:error] [pid 58010] [client 20.194.153.120:0] script '/domains/gohover/fot.php' not found or unable to stat
[Sat Feb 21 00:20:06.044350 2026] [php:error] [pid 58010] [client 20.194.153.120:0] script '/domains/gohover/ff1.php' not found or unable to stat
[Sat Feb 21 00:20:06.233866 2026] [php:error] [pid 58010] [client 20.194.153.120:0] script '/domains/gohover/forbidals.php' not found or unable to stat
[Sat Feb 21 00:20:06.399176 2026] [php:error] [pid 58010] [client 20.194.153.120:0] script '/domains/gohover/erty.php' not found or unable to stat
[Sat Feb 21 00:20:06.668360 2026] [php:error] [pid 58010] [client 20.194.153.120:0] script '/domains/gohover/dev1s.php' not found or unable to stat
[Sat Feb 21 00:20:06.842781 2026] [php:error] [pid 58010] [client 20.194.153.120:0] script '/domains/gohover/ffd.php' not found or unable to stat
[Sat Feb 21 00:20:07.008185 2026] [php:error] [pid 58010] [client 20.194.153.120:0] script '/domains/gohover/admiin.php' not found or unable to stat
[Sat Feb 21 00:20:07.270875 2026] [php:error] [pid 58010] [client 20.194.153.120:0] script '/domains/gohover/ol.php' not found or unable to stat
[Sat Feb 21 00:20:07.533546 2026] [php:error] [pid 58010] [client 20.194.153.120:0] script '/domains/gohover/Sanskrit.php' not found or unable to stat
[Sat Feb 21 00:20:07.702610 2026] [php:error] [pid 58010] [client 20.194.153.120:0] script '/domains/gohover/vxrl.php' not found or unable to stat
[Sat Feb 21 00:20:07.867728 2026] [php:error] [pid 58010] [client 20.194.153.120:0] script '/domains/gohover/re.php' not found or unable to stat
[Sat Feb 21 00:20:07.961607 2026] [php:error] [pid 58011] [client 20.205.120.43:0] script '/domains/markrose/WSO.php' not found or unable to stat
[Sat Feb 21 00:20:08.089199 2026] [php:error] [pid 58010] [client 20.194.153.120:0] script '/domains/gohover/num.php' not found or unable to stat
[Sat Feb 21 00:20:08.257087 2026] [php:error] [pid 58010] [client 20.194.153.120:0] script '/domains/gohover/axx.php' not found or unable to stat
[Sat Feb 21 00:20:08.435443 2026] [php:error] [pid 58010] [client 20.194.153.120:0] script '/domains/gohover/vxrl.php' not found or unable to stat
[Sat Feb 21 00:20:08.604911 2026] [php:error] [pid 58010] [client 20.194.153.120:0] script '/domains/gohover/in.php' not found or unable to stat
[Sat Feb 21 00:20:08.770215 2026] [php:error] [pid 58010] [client 20.194.153.120:0] script '/domains/gohover/style.php' not found or unable to stat
[Sat Feb 21 00:20:08.935361 2026] [php:error] [pid 58010] [client 20.194.153.120:0] script '/domains/gohover/we.php' not found or unable to stat
[Sat Feb 21 00:20:09.127351 2026] [php:error] [pid 58010] [client 20.194.153.120:0] script '/domains/gohover/zwso.php' not found or unable to stat
[Sat Feb 21 00:20:09.482862 2026] [php:error] [pid 58010] [client 20.194.153.120:0] script '/domains/gohover/karak.php' not found or unable to stat
[Sat Feb 21 00:20:09.685082 2026] [php:error] [pid 58010] [client 20.194.153.120:0] script '/domains/gohover/prv8.php' not found or unable to stat
[Sat Feb 21 00:20:09.861305 2026] [php:error] [pid 58010] [client 20.194.153.120:0] script '/domains/gohover/i.php' not found or unable to stat
[Sat Feb 21 00:20:10.071321 2026] [php:error] [pid 58010] [client 20.194.153.120:0] script '/domains/gohover/a.php' not found or unable to stat
[Sat Feb 21 00:20:10.237128 2026] [php:error] [pid 58010] [client 20.194.153.120:0] script '/domains/gohover/xmlrpc.php' not found or unable to stat
[Sat Feb 21 00:20:10.558759 2026] [php:error] [pid 58010] [client 20.194.153.120:0] script '/domains/gohover/aw.php' not found or unable to stat
[Sat Feb 21 00:20:10.776623 2026] [php:error] [pid 58010] [client 20.194.153.120:0] script '/domains/gohover/dev.php' not found or unable to stat
[Sat Feb 21 00:20:11.107248 2026] [php:error] [pid 58010] [client 20.194.153.120:0] script '/domains/gohover/lock360.php' not found or unable to stat
[Sat Feb 21 00:20:11.438137 2026] [php:error] [pid 58010] [client 20.194.153.120:0] script '/domains/gohover/155.php' not found or unable to stat
[Sat Feb 21 00:20:11.605136 2026] [php:error] [pid 58010] [client 20.194.153.120:0] script '/domains/gohover/goat.php' not found or unable to stat
[Sat Feb 21 00:20:11.770717 2026] [php:error] [pid 58010] [client 20.194.153.120:0] script '/domains/gohover/tcp.php' not found or unable to stat
[Sat Feb 21 00:20:11.936262 2026] [php:error] [pid 58010] [client 20.194.153.120:0] script '/domains/gohover/ext.php' not found or unable to stat
