[Sat Feb 21 01:09:11.371560 2026] [php:error] [pid 58568] [client 45.67.97.17:0] script '/domains/fryer/ahax.php' not found or unable to stat
[Sat Feb 21 01:09:11.392163 2026] [php:error] [pid 58549] [client 45.67.97.17:0] script '/domains/ceonlinenews/moon.php' not found or unable to stat
[Sat Feb 21 01:09:11.453622 2026] [php:error] [pid 58573] [client 45.67.97.15:0] script '/domains/rnachum/adminfus.php' not found or unable to stat
[Sat Feb 21 01:09:11.531855 2026] [php:error] [pid 58608] [client 45.67.97.17:0] script '/domains/system_default/error.php' not found or unable to stat
[Sat Feb 21 01:09:11.546173 2026] [php:error] [pid 58515] [client 45.67.97.16:0] script '/domains/carynm/inc.php' not found or unable to stat
[Sat Feb 21 01:09:11.548057 2026] [php:error] [pid 58527] [client 20.24.204.137:0] script '/domains/ebon/av.php' not found or unable to stat
[Sat Feb 21 01:09:11.548366 2026] [php:error] [pid 58522] [client 45.67.97.192:0] script '/domains/memanuel/ioxi-o.php' not found or unable to stat
[Sat Feb 21 01:09:11.551134 2026] [php:error] [pid 58493] [client 45.67.97.15:0] script '/domains/pookie.dnai/update-core.php' not found or unable to stat
[Sat Feb 21 01:09:11.584379 2026] [php:error] [pid 58501] [client 45.67.97.192:0] script '/domains/hans.interport/buy.php' not found or unable to stat
[Sat Feb 21 01:09:11.584397 2026] [php:error] [pid 58491] [client 45.67.97.192:0] script '/domains/antiqueweb1/up.php' not found or unable to stat
[Sat Feb 21 01:09:11.713572 2026] [php:error] [pid 58519] [client 45.67.97.15:0] script '/domains/nsmd2/customize.php' not found or unable to stat
[Sat Feb 21 01:09:11.713580 2026] [php:error] [pid 58558] [client 45.67.97.15:0] script '/domains/drsuper/simple.php' not found or unable to stat
[Sat Feb 21 01:09:11.719336 2026] [php:error] [pid 58582] [client 45.67.97.192:0] script '/domains/bels/memberfuns.php' not found or unable to stat
[Sat Feb 21 01:09:11.742835 2026] [php:error] [pid 58472] [client 45.67.97.16:0] script '/domains/tamara1/mah.php' not found or unable to stat
[Sat Feb 21 01:09:11.747988 2026] [php:error] [pid 58556] [client 45.67.97.15:0] script '/domains/jrp.interport/wp-links.php' not found or unable to stat
[Sat Feb 21 01:09:11.768877 2026] [php:error] [pid 58599] [client 45.67.97.15:0] script '/domains/lover/file.php' not found or unable to stat
[Sat Feb 21 01:09:11.775371 2026] [php:error] [pid 58535] [client 45.67.97.16:0] script '/domains/vangoghagainweb/lock360.php' not found or unable to stat
[Sat Feb 21 01:09:11.814022 2026] [php:error] [pid 58564] [client 45.67.97.192:0] script '/domains/resourceandeventweb/elp.php' not found or unable to stat
[Sat Feb 21 01:09:11.814034 2026] [php:error] [pid 58589] [client 45.67.97.192:0] script '/domains/system_default/waf_defender.php' not found or unable to stat
[Sat Feb 21 01:09:11.819819 2026] [php:error] [pid 58592] [client 45.67.97.17:0] script '/domains/fbardin/b.php' not found or unable to stat
[Sat Feb 21 01:09:11.840575 2026] [php:error] [pid 58568] [client 45.67.97.17:0] script '/domains/fryer/f35.php' not found or unable to stat
[Sat Feb 21 01:09:11.954054 2026] [php:error] [pid 58469] [client 45.67.97.192:0] script '/domains/quintet/wp-blog.php' not found or unable to stat
[Sat Feb 21 01:09:11.999439 2026] [php:error] [pid 58565] [client 45.67.97.192:0] script '/domains/system_default/hehehehe.php' not found or unable to stat
[Sat Feb 21 01:09:12.017180 2026] [php:error] [pid 58522] [client 45.67.97.192:0] script '/domains/memanuel/info.php' not found or unable to stat
[Sat Feb 21 01:09:12.056611 2026] [php:error] [pid 58581] [client 45.67.97.192:0] script '/domains/micra/pages.php' not found or unable to stat
[Sat Feb 21 01:09:12.104353 2026] [php:error] [pid 58527] [client 20.24.204.137:0] script '/domains/ebon/wsd.php' not found or unable to stat
[Sat Feb 21 01:09:12.186871 2026] [php:error] [pid 58582] [client 45.67.97.192:0] script '/domains/bels/infos.php' not found or unable to stat
[Sat Feb 21 01:09:12.187508 2026] [php:error] [pid 58519] [client 45.67.97.15:0] script '/domains/nsmd2/license.php' not found or unable to stat
[Sat Feb 21 01:09:12.248279 2026] [php:error] [pid 58535] [client 45.67.97.16:0] script '/domains/vangoghagainweb/zwso.php' not found or unable to stat
[Sat Feb 21 01:09:12.312713 2026] [php:error] [pid 58568] [client 45.67.97.17:0] script '/domains/fryer/simple.php' not found or unable to stat
[Sat Feb 21 01:09:12.341166 2026] [php:error] [pid 58527] [client 20.24.204.137:0] script '/domains/ebon/jane.php' not found or unable to stat
[Sat Feb 21 01:09:12.454297 2026] [php:error] [pid 58590] [client 45.67.97.15:0] script '/domains/system_suspended/wp-conflg.php' not found or unable to stat
[Sat Feb 21 01:09:12.490930 2026] [php:error] [pid 58515] [client 45.67.97.16:0] script '/domains/carynm/filemanager.php' not found or unable to stat
[Sat Feb 21 01:09:12.493286 2026] [php:error] [pid 58493] [client 45.67.97.15:0] script '/domains/pookie.dnai/wp-mail.php' not found or unable to stat
[Sat Feb 21 01:09:12.515328 2026] [php:error] [pid 58602] [client 45.67.97.17:0] script '/domains/rainho/file.php' not found or unable to stat
[Sat Feb 21 01:09:12.530494 2026] [php:error] [pid 58614] [client 45.67.97.192:0] script '/domains/perless2web/aa.php' not found or unable to stat
[Sat Feb 21 01:09:12.532451 2026] [php:error] [pid 58587] [client 45.67.97.15:0] script '/domains/braniff/ini.php' not found or unable to stat
[Sat Feb 21 01:09:12.554513 2026] [php:error] [pid 58546] [client 45.67.97.17:0] script '/domains/proinc/adminfusm.php' not found or unable to stat
[Sat Feb 21 01:09:12.571797 2026] [php:error] [pid 58527] [client 20.24.204.137:0] script '/domains/ebon/css.php' not found or unable to stat
[Sat Feb 21 01:09:12.661124 2026] [php:error] [pid 58500] [client 45.67.97.192:0] script '/domains/acagolf1/images/Marvins.php' not found or unable to stat
[Sat Feb 21 01:09:12.690346 2026] [php:error] [pid 58472] [client 45.67.97.16:0] script '/domains/tamara1/core.php' not found or unable to stat
[Sat Feb 21 01:09:12.721979 2026] [php:error] [pid 58535] [client 45.67.97.16:0] script '/domains/vangoghagainweb/chosen.php' not found or unable to stat
[Sat Feb 21 01:09:12.759308 2026] [php:error] [pid 58589] [client 45.67.97.192:0] script '/domains/system_default/av.php' not found or unable to stat
[Sat Feb 21 01:09:12.762895 2026] [php:error] [pid 58509] [client 45.67.97.17:0] script '/domains/familyplayhouse2/images/waf_defender.php' not found or unable to stat
[Sat Feb 21 01:09:12.789676 2026] [php:error] [pid 58527] [client 20.24.204.137:0] script '/domains/ebon/alfa.php' not found or unable to stat
[Sat Feb 21 01:09:12.802628 2026] [php:error] [pid 58549] [client 45.67.97.17:0] script '/domains/ceonlinenews/webadmin.php' not found or unable to stat
[Sat Feb 21 01:09:12.831081 2026] [php:error] [pid 58529] [client 45.67.97.17:0] script '/domains/jaspen/wp-admin.php' not found or unable to stat
[Sat Feb 21 01:09:12.852990 2026] [php:error] [pid 58593] [client 45.67.97.16:0] script '/domains/testregisgroup/images/av.php' not found or unable to stat
[Sat Feb 21 01:09:12.919509 2026] [php:error] [pid 58611] [client 45.67.97.192:0] script '/domains/trodine/wp-good.php' not found or unable to stat
[Sat Feb 21 01:09:12.928108 2026] [php:error] [pid 58590] [client 45.67.97.15:0] script '/domains/system_suspended/wp-setup.php' not found or unable to stat
[Sat Feb 21 01:09:12.936577 2026] [php:error] [pid 58603] [client 45.67.97.192:0] script '/domains/druckrey/media-new.php' not found or unable to stat
[Sat Feb 21 01:09:12.965321 2026] [cgi:error] [pid 58515] [client 45.67.97.16:0] AH02811: stderr from /domains/carynm/cgi-bin/bypass.php: script not found or unable to stat
[Sat Feb 21 01:09:13.003819 2026] [php:error] [pid 58614] [client 45.67.97.192:0] script '/domains/perless2web/index2.php' not found or unable to stat
[Sat Feb 21 01:09:13.006539 2026] [php:error] [pid 58527] [client 20.24.204.137:0] script '/domains/ebon/wen.php' not found or unable to stat
[Sat Feb 21 01:09:13.108069 2026] [php:error] [pid 58522] [client 45.67.97.192:0] script '/domains/memanuel/setup.php' not found or unable to stat
[Sat Feb 21 01:09:13.124146 2026] [php:error] [pid 58519] [client 45.67.97.15:0] script '/domains/nsmd2/lock.php' not found or unable to stat
[Sat Feb 21 01:09:13.136534 2026] [php:error] [pid 58579] [client 45.67.97.192:0] script '/domains/bfitpro2/images/upload.php' not found or unable to stat
[Sat Feb 21 01:09:13.174549 2026] [php:error] [pid 58472] [client 45.67.97.16:0] script '/domains/tamara1/robots.php' not found or unable to stat
[Sat Feb 21 01:09:13.177837 2026] [php:error] [pid 58599] [client 45.67.97.15:0] script '/domains/lover/buy.php' not found or unable to stat
[Sat Feb 21 01:09:13.194435 2026] [php:error] [pid 58535] [client 45.67.97.16:0] script '/domains/vangoghagainweb/about.php' not found or unable to stat
[Sat Feb 21 01:09:13.223007 2026] [php:error] [pid 58527] [client 20.24.204.137:0] script '/domains/ebon/x.php' not found or unable to stat
[Sat Feb 21 01:09:13.306050 2026] [php:error] [pid 58550] [client 45.67.97.16:0] script '/domains/bruceweb/images/wp-aespa.php' not found or unable to stat
[Sat Feb 21 01:09:13.359049 2026] [php:error] [pid 58615] [client 45.67.97.16:0] script '/domains/fdcarter/bs1.php' not found or unable to stat
[Sat Feb 21 01:09:13.373624 2026] [php:error] [pid 58504] [client 45.67.97.17:0] script '/domains/icrse/images/upload.php' not found or unable to stat
[Sat Feb 21 01:09:13.435412 2026] [php:error] [pid 58608] [client 45.67.97.17:0] script '/domains/system_default/wp-files.php' not found or unable to stat
[Sat Feb 21 01:09:13.452780 2026] [php:error] [pid 58559] [client 45.67.97.17:0] script '/domains/lover/default.php' not found or unable to stat
[Sat Feb 21 01:09:13.461870 2026] [php:error] [pid 58527] [client 20.24.204.137:0] script '/domains/ebon/xxxx.php' not found or unable to stat
[Sat Feb 21 01:09:13.520155 2026] [php:error] [pid 58540] [client 45.67.97.15:0] script '/domains/astweb/aks.php' not found or unable to stat
[Sat Feb 21 01:09:13.659360 2026] [php:error] [pid 58472] [client 45.67.97.16:0] script '/domains/tamara1/inputs.php' not found or unable to stat
[Sat Feb 21 01:09:13.663676 2026] [php:error] [pid 58535] [client 45.67.97.16:0] script '/domains/vangoghagainweb/admin.php' not found or unable to stat
[Sat Feb 21 01:09:13.678550 2026] [php:error] [pid 58527] [client 20.24.204.137:0] script '/domains/ebon/class.php' not found or unable to stat
[Sat Feb 21 01:09:13.685465 2026] [php:error] [pid 58555] [client 45.67.97.17:0] script '/domains/tbarnhil/dropdown.php' not found or unable to stat
[Sat Feb 21 01:09:13.723241 2026] [php:error] [pid 58509] [client 45.67.97.17:0] script '/domains/familyplayhouse2/small.php' not found or unable to stat
[Sat Feb 21 01:09:13.726284 2026] [php:error] [pid 58572] [client 45.67.97.15:0] script '/domains/csiniaws/images/waf_defender.php' not found or unable to stat
[Sat Feb 21 01:09:13.727857 2026] [php:error] [pid 58590] [client 45.67.97.15:0] script '/domains/system_suspended/ms-themes.php' not found or unable to stat
[Sat Feb 21 01:09:13.752789 2026] [php:error] [pid 58545] [client 45.67.97.17:0] script '/domains/system_suspended/media-new.php' not found or unable to stat
[Sat Feb 21 01:09:13.799812 2026] [php:error] [pid 58593] [client 45.67.97.16:0] script '/domains/testregisgroup/js/mrx.php' not found or unable to stat
[Sat Feb 21 01:09:13.837989 2026] [php:error] [pid 58469] [client 45.67.97.192:0] script '/domains/quintet/wp-l0gin.php' not found or unable to stat
[Sat Feb 21 01:09:13.895623 2026] [php:error] [pid 58527] [client 20.24.204.137:0] script '/domains/ebon/f35.php' not found or unable to stat
[Sat Feb 21 01:09:13.908300 2026] [php:error] [pid 58608] [client 45.67.97.17:0] script '/domains/system_default/functions.php' not found or unable to stat
[Sat Feb 21 01:09:13.925243 2026] [php:error] [pid 58602] [client 45.67.97.17:0] script '/domains/rainho/buy.php' not found or unable to stat
[Sat Feb 21 01:09:13.947771 2026] [php:error] [pid 58524] [client 45.67.97.15:0] script '/domains/pbuilder/images/mah.php' not found or unable to stat
[Sat Feb 21 01:09:13.993560 2026] [php:error] [pid 58540] [client 45.67.97.15:0] script '/domains/astweb/litespeed.php' not found or unable to stat
[Sat Feb 21 01:09:14.132038 2026] [php:error] [pid 58601] [client 45.67.97.17:0] script '/domains/miles.interport/webdb.php' not found or unable to stat
[Sat Feb 21 01:09:14.147781 2026] [php:error] [pid 58472] [client 45.67.97.16:0] script '/domains/tamara1/mini.php' not found or unable to stat
[Sat Feb 21 01:09:14.191061 2026] [php:error] [pid 58560] [client 45.67.97.16:0] script '/domains/peterbmiller/pages.php' not found or unable to stat
[Sat Feb 21 01:09:14.199336 2026] [php:error] [pid 58575] [client 45.67.97.15:0] script '/domains/system_suspended/testt.php' not found or unable to stat
[Sat Feb 21 01:09:14.215582 2026] [php:error] [pid 58549] [client 45.67.97.17:0] script '/domains/ceonlinenews/xl2023.php' not found or unable to stat
[Sat Feb 21 01:09:14.222957 2026] [php:error] [pid 58526] [client 45.67.97.17:0] script '/domains/system_default/plugin-install.php' not found or unable to stat
[Sat Feb 21 01:09:14.237633 2026] [php:error] [pid 58584] [client 45.67.97.16:0] script '/domains/hpveweb/images/autoload_classmap.php' not found or unable to stat
[Sat Feb 21 01:09:14.410237 2026] [php:error] [pid 58573] [client 45.67.97.15:0] script '/domains/rnachum/cong.php' not found or unable to stat
[Sat Feb 21 01:09:14.483447 2026] [php:error] [pid 58582] [client 45.67.97.192:0] script '/domains/bels/options-writing.php' not found or unable to stat
[Sat Feb 21 01:09:14.492911 2026] [php:error] [pid 58597] [client 45.67.97.16:0] script '/domains/windsorweb/gm.php' not found or unable to stat
[Sat Feb 21 01:09:14.505252 2026] [php:error] [pid 58453] [client 45.67.97.17:0] script '/domains/system_default/network.php' not found or unable to stat
[Sat Feb 21 01:09:14.597277 2026] [php:error] [pid 58595] [client 45.67.97.16:0] script '/domains/system_suspended/xex.php' not found or unable to stat
[Sat Feb 21 01:09:14.604301 2026] [php:error] [pid 58535] [client 45.67.97.16:0] script '/domains/vangoghagainweb/mah.php' not found or unable to stat
[Sat Feb 21 01:09:14.629285 2026] [php:error] [pid 58555] [client 45.67.97.17:0] script '/domains/tbarnhil/db.php' not found or unable to stat
[Sat Feb 21 01:09:14.633248 2026] [php:error] [pid 58472] [client 45.67.97.16:0] script '/domains/tamara1/goods.php' not found or unable to stat
[Sat Feb 21 01:09:14.663366 2026] [php:error] [pid 58572] [client 45.67.97.15:0] script '/domains/csiniaws/small.php' not found or unable to stat
[Sat Feb 21 01:09:14.666093 2026] [php:error] [pid 58592] [client 45.67.97.17:0] script '/domains/fbardin/wsax.php' not found or unable to stat
[Sat Feb 21 01:09:14.671679 2026] [php:error] [pid 58590] [client 45.67.97.15:0] script '/domains/system_suspended/style.php' not found or unable to stat
[Sat Feb 21 01:09:14.673830 2026] [php:error] [pid 58509] [client 45.67.97.17:0] script '/domains/familyplayhouse2/NewFile.php' not found or unable to stat
[Sat Feb 21 01:09:14.692324 2026] [php:error] [pid 58549] [client 45.67.97.17:0] script '/domains/ceonlinenews/go.php' not found or unable to stat
[Sat Feb 21 01:09:14.716335 2026] [php:error] [pid 58525] [client 45.67.97.192:0] script '/domains/magicjim/tox.php' not found or unable to stat
[Sat Feb 21 01:09:14.724926 2026] [php:error] [pid 58529] [client 45.67.97.17:0] script '/domains/jaspen/wp-editor.php' not found or unable to stat
[Sat Feb 21 01:09:14.738802 2026] [php:error] [pid 58593] [client 45.67.97.16:0] script '/domains/testregisgroup/elp.php' not found or unable to stat
[Sat Feb 21 01:09:14.756442 2026] [php:error] [pid 58615] [client 45.67.97.16:0] script '/domains/fdcarter/page.php' not found or unable to stat
[Sat Feb 21 01:09:14.776122 2026] [php:error] [pid 58469] [client 45.67.97.192:0] script '/domains/quintet/new.php' not found or unable to stat
[Sat Feb 21 01:09:14.815185 2026] [php:error] [pid 58491] [client 45.67.97.192:0] script '/domains/antiqueweb1/worm.PhP' not found or unable to stat
[Sat Feb 21 01:09:14.840701 2026] [php:error] [pid 58506] [client 45.67.97.192:0] script '/domains/gohover/theme.php' not found or unable to stat
[Sat Feb 21 01:09:14.863768 2026] [php:error] [pid 58610] [client 45.67.97.16:0] script '/domains/aatweb/moon.php' not found or unable to stat
[Sat Feb 21 01:09:14.928242 2026] [php:error] [pid 58527] [client 20.24.204.137:0] script '/domains/ebon/class-t.api.php' not found or unable to stat
[Sat Feb 21 01:09:14.963890 2026] [php:error] [pid 58582] [client 45.67.97.192:0] script '/domains/bels/options-reading.php' not found or unable to stat
[Sat Feb 21 01:09:15.007488 2026] [php:error] [pid 58574] [client 45.67.97.17:0] script '/domains/amisol/images/upload.php' not found or unable to stat
[Sat Feb 21 01:09:15.070663 2026] [php:error] [pid 58601] [client 45.67.97.17:0] script '/domains/miles.interport/file2.php' not found or unable to stat
[Sat Feb 21 01:09:15.108237 2026] [php:error] [pid 58472] [client 45.67.97.16:0] script '/domains/tamara1/file5.php' not found or unable to stat
[Sat Feb 21 01:09:15.109067 2026] [php:error] [pid 58550] [client 45.67.97.192:0] script '/domains/dcoffman/manager.php' not found or unable to stat
[Sat Feb 21 01:09:15.165314 2026] [php:error] [pid 58527] [client 20.24.204.137:0] script '/domains/ebon/blurbs18.php' not found or unable to stat
[Sat Feb 21 01:09:15.286699 2026] [php:error] [pid 58491] [client 45.67.97.192:0] script '/domains/antiqueweb1/ext.php' not found or unable to stat
[Sat Feb 21 01:09:15.343967 2026] [php:error] [pid 58515] [client 45.67.97.16:0] script '/domains/carynm/function.php' not found or unable to stat
[Sat Feb 21 01:09:15.349379 2026] [php:error] [pid 58470] [client 45.67.97.17:0] script '/domains/system_suspended/inc.php' not found or unable to stat
[Sat Feb 21 01:09:15.360345 2026] [php:error] [pid 58614] [client 45.67.97.192:0] script '/domains/perless2web/shell.php' not found or unable to stat
[Sat Feb 21 01:09:15.420172 2026] [php:error] [pid 58540] [client 45.67.97.15:0] script '/domains/astweb/wpn.php' not found or unable to stat
[Sat Feb 21 01:09:15.435917 2026] [php:error] [pid 58582] [client 45.67.97.192:0] script '/domains/bels/wsad.php' not found or unable to stat
[Sat Feb 21 01:09:15.487832 2026] [php:error] [pid 58522] [client 45.67.97.192:0] script '/domains/memanuel/as.php' not found or unable to stat
[Sat Feb 21 01:09:15.542698 2026] [php:error] [pid 58535] [client 45.67.97.16:0] script '/domains/vangoghagainweb/core.php' not found or unable to stat
[Sat Feb 21 01:09:15.575414 2026] [php:error] [pid 58550] [client 45.67.97.192:0] script '/domains/dcoffman/bless.php' not found or unable to stat
[Sat Feb 21 01:09:15.602263 2026] [php:error] [pid 58572] [client 45.67.97.15:0] script '/domains/csiniaws/NewFile.php' not found or unable to stat
[Sat Feb 21 01:09:15.617555 2026] [php:error] [pid 58509] [client 45.67.97.17:0] script '/domains/familyplayhouse2/error.php' not found or unable to stat
[Sat Feb 21 01:09:15.654577 2026] [php:error] [pid 58565] [client 45.67.97.15:0] script '/domains/sjsachs/theme.php' not found or unable to stat
[Sat Feb 21 01:09:15.754819 2026] [php:error] [pid 58491] [client 45.67.97.192:0] script '/domains/antiqueweb1/delpaths.php' not found or unable to stat
[Sat Feb 21 01:09:15.841297 2026] [php:error] [pid 58581] [client 45.67.97.192:0] script '/domains/micra/adminfus.php' not found or unable to stat
[Sat Feb 21 01:09:15.888285 2026] [php:error] [pid 58472] [client 45.67.97.16:0] script '/domains/tamara1/ahax.php' not found or unable to stat
[Sat Feb 21 01:09:15.910940 2026] [php:error] [pid 58582] [client 45.67.97.192:0] script '/domains/bels/nation.php' not found or unable to stat
[Sat Feb 21 01:09:15.917464 2026] [php:error] [pid 58558] [client 45.67.97.15:0] script '/domains/drsuper/images/upload.php' not found or unable to stat
[Sat Feb 21 01:09:15.928606 2026] [php:error] [pid 58453] [client 45.67.97.17:0] script '/domains/system_default/wikindex.php' not found or unable to stat
[Sat Feb 21 01:09:15.961969 2026] [php:error] [pid 58522] [client 45.67.97.192:0] script '/domains/memanuel/cc.php' not found or unable to stat
[Sat Feb 21 01:09:16.007661 2026] [php:error] [pid 58601] [client 45.67.97.17:0] script '/domains/miles.interport/alfa.php' not found or unable to stat
[Sat Feb 21 01:09:16.010804 2026] [php:error] [pid 58535] [client 45.67.97.16:0] script '/domains/vangoghagainweb/robots.php' not found or unable to stat
[Sat Feb 21 01:09:16.041144 2026] [php:error] [pid 58550] [client 45.67.97.192:0] script '/domains/dcoffman/O-Simple.php' not found or unable to stat
[Sat Feb 21 01:09:16.099044 2026] [php:error] [pid 58590] [client 45.67.97.15:0] script '/domains/system_suspended/x.php' not found or unable to stat
[Sat Feb 21 01:09:16.184725 2026] [php:error] [pid 58469] [client 45.67.97.192:0] script '/domains/quintet/images/DJP9.php' not found or unable to stat
[Sat Feb 21 01:09:16.252915 2026] [php:error] [pid 58506] [client 45.67.97.192:0] script '/domains/gohover/Simple.php' not found or unable to stat
[Sat Feb 21 01:09:16.267671 2026] [php:error] [pid 58610] [client 45.67.97.16:0] script '/domains/aatweb/webadmin.php' not found or unable to stat
[Sat Feb 21 01:09:16.283360 2026] [php:error] [pid 58559] [client 45.67.97.17:0] script '/domains/lover/dropdown.php' not found or unable to stat
[Sat Feb 21 01:09:16.286097 2026] [php:error] [pid 58515] [client 45.67.97.16:0] script '/domains/carynm/wp-signup.php' not found or unable to stat
[Sat Feb 21 01:09:16.288183 2026] [php:error] [pid 58470] [client 45.67.97.17:0] script '/domains/system_suspended/filemanager.php' not found or unable to stat
[Sat Feb 21 01:09:16.295267 2026] [php:error] [pid 58529] [client 45.67.97.15:0] script '/domains/tcrlle/default.php' not found or unable to stat
[Sat Feb 21 01:09:16.362162 2026] [php:error] [pid 58472] [client 45.67.97.16:0] script '/domains/tamara1/f35.php' not found or unable to stat
[Sat Feb 21 01:09:16.406100 2026] [php:error] [pid 58571] [client 45.67.97.17:0] script '/domains/fayemoran/manager.php' not found or unable to stat
[Sat Feb 21 01:09:16.478414 2026] [php:error] [pid 58535] [client 45.67.97.16:0] script '/domains/vangoghagainweb/inputs.php' not found or unable to stat
[Sat Feb 21 01:09:16.507459 2026] [php:error] [pid 58550] [client 45.67.97.192:0] script '/domains/dcoffman/lock360.php' not found or unable to stat
[Sat Feb 21 01:09:16.549254 2026] [php:error] [pid 58572] [client 45.67.97.15:0] script '/domains/csiniaws/error.php' not found or unable to stat
[Sat Feb 21 01:09:16.568967 2026] [php:error] [pid 58612] [client 45.67.97.16:0] script '/domains/system_suspended/f35_SpaceTn.php' not found or unable to stat
[Sat Feb 21 01:09:16.569660 2026] [php:error] [pid 58588] [client 45.67.97.192:0] script '/domains/frog.interport1/images/autoload_classmap.php' not found or unable to stat
[Sat Feb 21 01:09:16.600308 2026] [php:error] [pid 58525] [client 45.67.97.192:0] script '/domains/magicjim/tiny.php' not found or unable to stat
[Sat Feb 21 01:09:16.638364 2026] [php:error] [pid 58564] [client 45.67.97.192:0] script '/domains/resourceandeventweb/entrepreneuse.php' not found or unable to stat
[Sat Feb 21 01:09:16.687225 2026] [php:error] [pid 58608] [client 45.67.97.17:0] script '/domains/system_default/aks.php' not found or unable to stat
[Sat Feb 21 01:09:16.689919 2026] [php:error] [pid 58603] [client 45.67.97.192:0] script '/domains/druckrey/pages.php' not found or unable to stat
[Sat Feb 21 01:09:16.717955 2026] [php:error] [pid 58527] [client 20.24.204.137:0] script '/domains/ebon/bless11.php' not found or unable to stat
[Sat Feb 21 01:09:16.748661 2026] [php:error] [pid 58573] [client 45.67.97.15:0] script '/domains/rnachum/assets/av.php' not found or unable to stat
[Sat Feb 21 01:09:16.750711 2026] [php:error] [pid 58611] [client 45.67.97.192:0] script '/domains/trodine/ff2.php' not found or unable to stat
[Sat Feb 21 01:09:16.788461 2026] [php:error] [pid 58581] [client 45.67.97.192:0] script '/domains/micra/images/as.php' not found or unable to stat
[Sat Feb 21 01:09:16.849968 2026] [php:error] [pid 58472] [client 45.67.97.16:0] script '/domains/tamara1/simple.php' not found or unable to stat
[Sat Feb 21 01:09:16.875460 2026] [php:error] [pid 58571] [client 45.67.97.17:0] script '/domains/fayemoran/bless.php' not found or unable to stat
[Sat Feb 21 01:09:16.907939 2026] [php:error] [pid 58522] [client 45.67.97.192:0] script '/domains/memanuel/ab.php' not found or unable to stat
[Sat Feb 21 01:09:16.935239 2026] [php:error] [pid 58527] [client 20.24.204.137:0] script '/domains/ebon/init.php' not found or unable to stat
[Sat Feb 21 01:09:16.948151 2026] [php:error] [pid 58595] [client 45.67.97.16:0] script '/domains/system_suspended/wp-head.php' not found or unable to stat
[Sat Feb 21 01:09:16.949559 2026] [php:error] [pid 58535] [client 45.67.97.16:0] script '/domains/vangoghagainweb/mini.php' not found or unable to stat
[Sat Feb 21 01:09:16.977878 2026] [php:error] [pid 58550] [client 45.67.97.192:0] script '/domains/dcoffman/zwso.php' not found or unable to stat
[Sat Feb 21 01:09:17.022343 2026] [php:error] [pid 58519] [client 45.67.97.15:0] script '/domains/nsmd2/wp-good.php' not found or unable to stat
[Sat Feb 21 01:09:17.040872 2026] [php:error] [pid 58545] [client 45.67.97.17:0] script '/domains/system_suspended/pages.php' not found or unable to stat
[Sat Feb 21 01:09:17.084161 2026] [php:error] [pid 58565] [client 45.67.97.15:0] script '/domains/sjsachs/Simple.php' not found or unable to stat
[Sat Feb 21 01:09:17.158943 2026] [php:error] [pid 58608] [client 45.67.97.17:0] script '/domains/system_default/litespeed.php' not found or unable to stat
[Sat Feb 21 01:09:17.242523 2026] [php:error] [pid 58559] [client 45.67.97.17:0] script '/domains/lover/db.php' not found or unable to stat
[Sat Feb 21 01:09:17.332950 2026] [php:error] [pid 58508] [client 45.67.97.15:0] script '/domains/system_suspended/top.php' not found or unable to stat
[Sat Feb 21 01:09:17.333602 2026] [php:error] [pid 58556] [client 45.67.97.15:0] script '/domains/jrp.interport/moon.php' not found or unable to stat
[Sat Feb 21 01:09:17.343775 2026] [php:error] [pid 58571] [client 45.67.97.17:0] script '/domains/fayemoran/O-Simple.php' not found or unable to stat
[Sat Feb 21 01:09:17.375460 2026] [php:error] [pid 58531] [client 45.67.97.15:0] script '/domains/jaspen/adminfusm.php' not found or unable to stat
[Sat Feb 21 01:09:17.422358 2026] [php:error] [pid 58535] [client 45.67.97.16:0] script '/domains/vangoghagainweb/goods.php' not found or unable to stat
[Sat Feb 21 01:09:17.457764 2026] [php:error] [pid 58550] [client 45.67.97.192:0] script '/domains/dcoffman/chosen.php' not found or unable to stat
[Sat Feb 21 01:09:17.459338 2026] [php:error] [pid 58527] [client 20.24.204.137:0] script '/domains/ebon/k.php' not found or unable to stat
[Sat Feb 21 01:09:17.470454 2026] [php:error] [pid 58587] [client 45.67.97.15:0] script '/domains/system_default/theme.php' not found or unable to stat
[Sat Feb 21 01:09:17.474512 2026] [php:error] [pid 58609] [client 45.67.97.16:0] script '/domains/hungariantasteweb/images/mah.php' not found or unable to stat
[Sat Feb 21 01:09:17.510861 2026] [php:error] [pid 58575] [client 45.67.97.15:0] script '/domains/system_suspended/network.php' not found or unable to stat
[Sat Feb 21 01:09:17.511833 2026] [php:error] [pid 58509] [client 45.67.97.17:0] script '/domains/familyplayhouse2/wp-files.php' not found or unable to stat
[Sat Feb 21 01:09:17.521391 2026] [php:error] [pid 58549] [client 45.67.97.17:0] script '/domains/ceonlinenews/cgi-bin/index.php' not found or unable to stat
[Sat Feb 21 01:09:17.541321 2026] [php:error] [pid 58525] [client 45.67.97.192:0] script '/domains/magicjim/themes.php' not found or unable to stat
[Sat Feb 21 01:09:17.563542 2026] [php:error] [pid 58584] [client 45.67.97.16:0] script '/domains/hpveweb/ws.php' not found or unable to stat
[Sat Feb 21 01:09:17.589233 2026] [php:error] [pid 58469] [client 45.67.97.192:0] script '/domains/quintet/natural.php' not found or unable to stat
[Sat Feb 21 01:09:17.658145 2026] [php:error] [pid 58600] [client 45.67.97.192:0] script '/domains/ferguson.interport/setup-config.php' not found or unable to stat
[Sat Feb 21 01:09:17.673844 2026] [php:error] [pid 58610] [client 45.67.97.16:0] script '/domains/aatweb/xl2023.php' not found or unable to stat
[Sat Feb 21 01:09:17.677475 2026] [php:error] [pid 58527] [client 20.24.204.137:0] script '/domains/ebon/bless.php' not found or unable to stat
[Sat Feb 21 01:09:17.689921 2026] [php:error] [pid 58573] [client 45.67.97.15:0] script '/domains/rnachum/wp-configs.php' not found or unable to stat
[Sat Feb 21 01:09:17.716863 2026] [php:error] [pid 58479] [client 45.67.97.192:0] script '/domains/byardrealestate/xex.php' not found or unable to stat
[Sat Feb 21 01:09:17.718558 2026] [php:error] [pid 58515] [client 45.67.97.16:0] script '/domains/carynm/wp-blog.php' not found or unable to stat
[Sat Feb 21 01:09:17.718561 2026] [php:error] [pid 58614] [client 45.67.97.192:0] script '/domains/perless2web/hehe.php' not found or unable to stat
[Sat Feb 21 01:09:17.811179 2026] [php:error] [pid 58571] [client 45.67.97.17:0] script '/domains/fayemoran/lock360.php' not found or unable to stat
[Sat Feb 21 01:09:17.892941 2026] [php:error] [pid 58535] [client 45.67.97.16:0] script '/domains/vangoghagainweb/file5.php' not found or unable to stat
[Sat Feb 21 01:09:17.894080 2026] [php:error] [pid 58527] [client 20.24.204.137:0] script '/domains/ebon/X7x.php' not found or unable to stat
[Sat Feb 21 01:09:17.920598 2026] [php:error] [pid 58565] [client 45.67.97.16:0] script '/domains/deltaele/manager.php' not found or unable to stat
[Sat Feb 21 01:09:17.924823 2026] [php:error] [pid 58550] [client 45.67.97.192:0] script '/domains/dcoffman/about.php' not found or unable to stat
[Sat Feb 21 01:09:17.958182 2026] [php:error] [pid 58560] [client 45.67.97.16:0] script '/domains/peterbmiller/adminfus.php' not found or unable to stat
[Sat Feb 21 01:09:17.984931 2026] [php:error] [pid 58509] [client 45.67.97.17:0] script '/domains/familyplayhouse2/functions.php' not found or unable to stat
[Sat Feb 21 01:09:17.994059 2026] [php:error] [pid 58590] [client 45.67.97.15:0] script '/domains/system_suspended/wp-user.php' not found or unable to stat
[Sat Feb 21 01:09:18.011543 2026] [php:error] [pid 58525] [client 45.67.97.192:0] script '/domains/magicjim/wp-themes.php' not found or unable to stat
[Sat Feb 21 01:09:18.057481 2026] [php:error] [pid 58469] [client 45.67.97.192:0] script '/domains/quintet/item.php' not found or unable to stat
[Sat Feb 21 01:09:18.108098 2026] [php:error] [pid 58493] [client 45.67.97.15:0] script '/domains/pookie.dnai/aa.php' not found or unable to stat
[Sat Feb 21 01:09:18.142136 2026] [php:error] [pid 58610] [client 45.67.97.16:0] script '/domains/aatweb/go.php' not found or unable to stat
[Sat Feb 21 01:09:18.185853 2026] [php:error] [pid 58501] [client 45.67.97.192:0] script '/domains/hans.interport/inc.php' not found or unable to stat
[Sat Feb 21 01:09:18.202715 2026] [php:error] [pid 58527] [client 20.24.204.137:0] script '/domains/ebon/166.php' not found or unable to stat
[Sat Feb 21 01:09:18.222254 2026] [php:error] [pid 58581] [client 45.67.97.192:0] script '/domains/micra/cong.php' not found or unable to stat
[Sat Feb 21 01:09:18.278465 2026] [php:error] [pid 58571] [client 45.67.97.17:0] script '/domains/fayemoran/zwso.php' not found or unable to stat
[Sat Feb 21 01:09:18.299617 2026] [php:error] [pid 58582] [client 45.67.97.192:0] script '/domains/bels/wp-atomx.php' not found or unable to stat
[Sat Feb 21 01:09:18.326449 2026] [php:error] [pid 58522] [client 45.67.97.192:0] script '/domains/memanuel/doc.php' not found or unable to stat
[Sat Feb 21 01:09:18.350392 2026] [php:error] [pid 58595] [client 45.67.97.16:0] script '/domains/system_suspended/makeasmtp.php' not found or unable to stat
[Sat Feb 21 01:09:18.365707 2026] [php:error] [pid 58535] [client 45.67.97.16:0] script '/domains/vangoghagainweb/ahax.php' not found or unable to stat
[Sat Feb 21 01:09:18.379548 2026] [php:error] [pid 58598] [client 45.67.97.16:0] script '/domains/pmglobal/xex.php' not found or unable to stat
[Sat Feb 21 01:09:18.401518 2026] [php:error] [pid 58550] [client 45.67.97.192:0] script '/domains/dcoffman/admin.php' not found or unable to stat
[Sat Feb 21 01:09:18.404130 2026] [php:error] [pid 58565] [client 45.67.97.16:0] script '/domains/deltaele/bless.php' not found or unable to stat
[Sat Feb 21 01:09:18.436233 2026] [php:error] [pid 58527] [client 20.24.204.137:0] script '/domains/ebon/plss3.php' not found or unable to stat
[Sat Feb 21 01:09:18.442990 2026] [php:error] [pid 58572] [client 45.67.97.15:0] script '/domains/csiniaws/wp-files.php' not found or unable to stat
[Sat Feb 21 01:09:18.570291 2026] [php:error] [pid 58491] [client 45.67.97.192:0] script '/domains/antiqueweb1/gifclass.php' not found or unable to stat
[Sat Feb 21 01:09:18.575518 2026] [php:error] [pid 58493] [client 45.67.97.15:0] script '/domains/pookie.dnai/index2.php' not found or unable to stat
[Sat Feb 21 01:09:18.576479 2026] [php:error] [pid 58608] [client 45.67.97.17:0] script '/domains/system_default/wpn.php' not found or unable to stat
[Sat Feb 21 01:09:18.613920 2026] [php:error] [pid 58596] [client 45.67.97.17:0] script '/domains/braniff/wp-content.php' not found or unable to stat
[Sat Feb 21 01:09:18.642062 2026] [php:error] [pid 58611] [client 45.67.97.192:0] script '/domains/trodine/jp.php' not found or unable to stat
[Sat Feb 21 01:09:18.715871 2026] [php:error] [pid 58586] [client 45.67.97.192:0] script '/domains/system_cancel/customize.php' not found or unable to stat
[Sat Feb 21 01:09:18.721870 2026] [php:error] [pid 58546] [client 45.67.97.17:0] script '/domains/proinc/f35_SpaceTn.php' not found or unable to stat
[Sat Feb 21 01:09:18.747816 2026] [php:error] [pid 58571] [client 45.67.97.17:0] script '/domains/fayemoran/chosen.php' not found or unable to stat
[Sat Feb 21 01:09:18.768542 2026] [php:error] [pid 58582] [client 45.67.97.192:0] script '/domains/bels/admin-footer.php' not found or unable to stat
[Sat Feb 21 01:09:18.770169 2026] [php:error] [pid 58556] [client 45.67.97.15:0] script '/domains/jrp.interport/webadmin.php' not found or unable to stat
[Sat Feb 21 01:09:18.834033 2026] [php:error] [pid 58535] [client 45.67.97.16:0] script '/domains/vangoghagainweb/f35.php' not found or unable to stat
[Sat Feb 21 01:09:18.852741 2026] [php:error] [pid 58555] [client 45.67.97.17:0] script '/domains/tbarnhil/install.php' not found or unable to stat
[Sat Feb 21 01:09:18.869817 2026] [php:error] [pid 58527] [client 20.24.204.137:0] script '/domains/ebon/admins.php' not found or unable to stat
[Sat Feb 21 01:09:18.873775 2026] [php:error] [pid 58565] [client 45.67.97.16:0] script '/domains/deltaele/O-Simple.php' not found or unable to stat
[Sat Feb 21 01:09:18.885823 2026] [php:error] [pid 58587] [client 45.67.97.15:0] script '/domains/system_default/Simple.php' not found or unable to stat
[Sat Feb 21 01:09:18.900896 2026] [php:error] [pid 58560] [client 45.67.97.16:0] script '/domains/peterbmiller/images/as.php' not found or unable to stat
[Sat Feb 21 01:09:18.913426 2026] [php:error] [pid 58572] [client 45.67.97.15:0] script '/domains/csiniaws/functions.php' not found or unable to stat
[Sat Feb 21 01:09:18.931091 2026] [php:error] [pid 58575] [client 45.67.97.15:0] script '/domains/system_suspended/wikindex.php' not found or unable to stat
[Sat Feb 21 01:09:18.970902 2026] [php:error] [pid 58584] [client 45.67.97.16:0] script '/domains/hpveweb/shop.php' not found or unable to stat
[Sat Feb 21 01:09:19.001841 2026] [php:error] [pid 58593] [client 45.67.97.16:0] script '/domains/testregisgroup/entrepreneuse.php' not found or unable to stat
[Sat Feb 21 01:09:19.038590 2026] [php:error] [pid 58491] [client 45.67.97.192:0] script '/domains/antiqueweb1/plugin.php' not found or unable to stat
[Sat Feb 21 01:09:19.104221 2026] [php:error] [pid 58527] [client 20.24.204.137:0] script '/domains/ebon/wp.php' not found or unable to stat
[Sat Feb 21 01:09:19.121929 2026] [php:error] [pid 58611] [client 45.67.97.192:0] script '/domains/trodine/wp-atom.php' not found or unable to stat
[Sat Feb 21 01:09:19.125735 2026] [php:error] [pid 58470] [client 45.67.97.17:0] script '/domains/system_suspended/function.php' not found or unable to stat
[Sat Feb 21 01:09:19.128100 2026] [php:error] [pid 58501] [client 45.67.97.192:0] script '/domains/hans.interport/filemanager.php' not found or unable to stat
[Sat Feb 21 01:09:19.136388 2026] [php:error] [pid 58614] [client 45.67.97.192:0] script '/domains/perless2web/dir.php' not found or unable to stat
[Sat Feb 21 01:09:19.161387 2026] [php:error] [pid 58529] [client 45.67.97.15:0] script '/domains/tcrlle/dropdown.php' not found or unable to stat
[Sat Feb 21 01:09:19.181946 2026] [php:error] [pid 58586] [client 45.67.97.192:0] script '/domains/system_cancel/license.php' not found or unable to stat
[Sat Feb 21 01:09:19.206912 2026] [php:error] [pid 58524] [client 45.67.97.15:0] script '/domains/pbuilder/b.php' not found or unable to stat
[Sat Feb 21 01:09:19.225548 2026] [php:error] [pid 58571] [client 45.67.97.17:0] script '/domains/fayemoran/about.php' not found or unable to stat
[Sat Feb 21 01:09:19.310206 2026] [php:error] [pid 58535] [client 45.67.97.16:0] script '/domains/vangoghagainweb/simple.php' not found or unable to stat
[Sat Feb 21 01:09:19.322216 2026] [php:error] [pid 58527] [client 20.24.204.137:0] script '/domains/ebon/main.php' not found or unable to stat
[Sat Feb 21 01:09:19.339401 2026] [php:error] [pid 58550] [client 45.67.97.192:0] script '/domains/dcoffman/mah.php' not found or unable to stat
[Sat Feb 21 01:09:19.342181 2026] [php:error] [pid 58565] [client 45.67.97.16:0] script '/domains/deltaele/lock360.php' not found or unable to stat
[Sat Feb 21 01:09:19.372147 2026] [php:error] [pid 58616] [client 45.67.97.15:0] script '/domains/homesbyaudrey1/bs1.php' not found or unable to stat
[Sat Feb 21 01:09:19.409921 2026] [php:error] [pid 58590] [client 45.67.97.15:0] script '/domains/system_suspended/config.php' not found or unable to stat
[Sat Feb 21 01:09:19.423166 2026] [php:error] [pid 58525] [client 45.67.97.192:0] script '/domains/magicjim/mariju.php' not found or unable to stat
[Sat Feb 21 01:09:19.538873 2026] [php:error] [pid 58600] [client 45.67.97.192:0] script '/domains/ferguson.interport/type.php' not found or unable to stat
[Sat Feb 21 01:09:19.555378 2026] [php:error] [pid 58527] [client 20.24.204.137:0] script '/domains/ebon/a1.php' not found or unable to stat
[Sat Feb 21 01:09:19.620022 2026] [php:error] [pid 58515] [client 45.67.97.16:0] script '/domains/carynm/wp-l0gin.php' not found or unable to stat
[Sat Feb 21 01:09:19.693029 2026] [php:error] [pid 58571] [client 45.67.97.17:0] script '/domains/fayemoran/admin.php' not found or unable to stat
[Sat Feb 21 01:09:19.708156 2026] [php:error] [pid 58597] [client 45.67.97.16:0] script '/domains/windsorweb/plugin-install.php' not found or unable to stat
[Sat Feb 21 01:09:19.710646 2026] [php:error] [pid 58582] [client 45.67.97.192:0] script '/domains/bels/XxX.php' not found or unable to stat
[Sat Feb 21 01:09:19.753620 2026] [php:error] [pid 58522] [client 45.67.97.192:0] script '/domains/memanuel/wp-login.php' not found or unable to stat
[Sat Feb 21 01:09:19.758257 2026] [php:error] [pid 58599] [client 45.67.97.15:0] script '/domains/lover/inc.php' not found or unable to stat
[Sat Feb 21 01:09:19.769053 2026] [php:error] [pid 58601] [client 45.67.97.17:0] script '/domains/miles.interport/edit.php' not found or unable to stat
[Sat Feb 21 01:09:19.787700 2026] [php:error] [pid 58527] [client 20.24.204.137:0] script '/domains/ebon/lala.php' not found or unable to stat
[Sat Feb 21 01:09:19.798607 2026] [php:error] [pid 58579] [client 45.67.97.192:0] script '/domains/bfitpro2/classwithtostring.php' not found or unable to stat
[Sat Feb 21 01:09:19.810213 2026] [php:error] [pid 58565] [client 45.67.97.16:0] script '/domains/deltaele/zwso.php' not found or unable to stat
[Sat Feb 21 01:09:19.887545 2026] [php:error] [pid 58588] [client 45.67.97.192:0] script '/domains/frog.interport1/ws.php' not found or unable to stat
[Sat Feb 21 01:09:19.910966 2026] [php:error] [pid 58525] [client 45.67.97.192:0] script '/domains/magicjim/waf_defender.php' not found or unable to stat
[Sat Feb 21 01:09:19.987685 2026] [php:error] [pid 58491] [client 45.67.97.192:0] script '/domains/antiqueweb1/update-core.php' not found or unable to stat
[Sat Feb 21 01:09:20.002037 2026] [php:error] [pid 58504] [client 45.67.97.17:0] script '/domains/icrse/classwithtostring.php' not found or unable to stat
[Sat Feb 21 01:09:20.004517 2026] [php:error] [pid 58527] [client 20.24.204.137:0] script '/domains/ebon/aaa.php' not found or unable to stat
[Sat Feb 21 01:09:20.061651 2026] [php:error] [pid 58470] [client 45.67.97.17:0] script '/domains/system_suspended/wp-signup.php' not found or unable to stat
[Sat Feb 21 01:09:20.064173 2026] [php:error] [pid 58611] [client 45.67.97.192:0] script '/domains/trodine/up.php' not found or unable to stat
[Sat Feb 21 01:09:20.068785 2026] [php:error] [pid 58479] [client 45.67.97.192:0] script '/domains/byardrealestate/wp-head.php' not found or unable to stat
[Sat Feb 21 01:09:20.091540 2026] [php:error] [pid 58529] [client 45.67.97.15:0] script '/domains/tcrlle/db.php' not found or unable to stat
[Sat Feb 21 01:09:20.123797 2026] [php:error] [pid 58586] [client 45.67.97.192:0] script '/domains/system_cancel/lock.php' not found or unable to stat
[Sat Feb 21 01:09:20.193645 2026] [php:error] [pid 58556] [client 45.67.97.15:0] script '/domains/jrp.interport/xl2023.php' not found or unable to stat
[Sat Feb 21 01:09:20.223073 2026] [php:error] [pid 58527] [client 20.24.204.137:0] script '/domains/ebon/a2.php' not found or unable to stat
[Sat Feb 21 01:09:20.223398 2026] [php:error] [pid 58522] [client 45.67.97.192:0] script '/domains/memanuel/mar.php' not found or unable to stat
[Sat Feb 21 01:09:20.278504 2026] [php:error] [pid 58565] [client 45.67.97.16:0] script '/domains/deltaele/chosen.php' not found or unable to stat
[Sat Feb 21 01:09:20.279745 2026] [php:error] [pid 58550] [client 45.67.97.192:0] script '/domains/dcoffman/core.php' not found or unable to stat
[Sat Feb 21 01:09:20.323008 2026] [php:error] [pid 58560] [client 45.67.97.16:0] script '/domains/peterbmiller/cong.php' not found or unable to stat
[Sat Feb 21 01:09:20.380584 2026] [php:error] [pid 58509] [client 45.67.97.17:0] script '/domains/familyplayhouse2/aks.php' not found or unable to stat
[Sat Feb 21 01:09:20.494101 2026] [php:error] [pid 58590] [client 45.67.97.15:0] script '/domains/system_suspended/special.php' not found or unable to stat
[Sat Feb 21 01:09:20.494165 2026] [php:error] [pid 58603] [client 45.67.97.192:0] script '/domains/druckrey/adminfus.php' not found or unable to stat
[Sat Feb 21 01:09:20.564492 2026] [php:error] [pid 58515] [client 45.67.97.16:0] script '/domains/carynm/new.php' not found or unable to stat
[Sat Feb 21 01:09:20.633505 2026] [php:error] [pid 58571] [client 45.67.97.17:0] script '/domains/fayemoran/mah.php' not found or unable to stat
[Sat Feb 21 01:09:20.647587 2026] [php:error] [pid 58472] [client 45.67.97.16:0] script '/domains/tamara1/images/upload.php' not found or unable to stat
[Sat Feb 21 01:09:20.664331 2026] [php:error] [pid 58556] [client 45.67.97.15:0] script '/domains/jrp.interport/go.php' not found or unable to stat
[Sat Feb 21 01:09:20.696124 2026] [php:error] [pid 58599] [client 45.67.97.15:0] script '/domains/lover/filemanager.php' not found or unable to stat
[Sat Feb 21 01:09:20.731332 2026] [php:error] [pid 58598] [client 45.67.97.16:0] script '/domains/pmglobal/wp-head.php' not found or unable to stat
[Sat Feb 21 01:09:20.745625 2026] [php:error] [pid 58550] [client 45.67.97.192:0] script '/domains/dcoffman/robots.php' not found or unable to stat
[Sat Feb 21 01:09:20.746789 2026] [php:error] [pid 58565] [client 45.67.97.16:0] script '/domains/deltaele/about.php' not found or unable to stat
[Sat Feb 21 01:09:20.778298 2026] [php:error] [pid 58616] [client 45.67.97.15:0] script '/domains/homesbyaudrey1/page.php' not found or unable to stat
[Sat Feb 21 01:09:20.782539 2026] [php:error] [pid 58519] [client 45.67.97.15:0] script '/domains/nsmd2/ff2.php' not found or unable to stat
[Sat Feb 21 01:09:20.787990 2026] [php:error] [pid 58540] [client 45.67.97.16:0] script '/domains/system_suspended/ws.php' not found or unable to stat
[Sat Feb 21 01:09:20.806587 2026] [php:error] [pid 58545] [client 45.67.97.17:0] script '/domains/system_suspended/adminfus.php' not found or unable to stat
[Sat Feb 21 01:09:20.845862 2026] [php:error] [pid 58525] [client 45.67.97.192:0] script '/domains/magicjim/av.php' not found or unable to stat
[Sat Feb 21 01:09:20.853030 2026] [php:error] [pid 58509] [client 45.67.97.17:0] script '/domains/familyplayhouse2/litespeed.php' not found or unable to stat
[Sat Feb 21 01:09:20.924328 2026] [php:error] [pid 58491] [client 45.67.97.192:0] script '/domains/antiqueweb1/wp-mail.php' not found or unable to stat
[Sat Feb 21 01:09:20.940309 2026] [php:error] [pid 58610] [client 45.67.97.16:0] script '/domains/aatweb/cgi-bin/index.php' not found or unable to stat
[Sat Feb 21 01:09:20.942234 2026] [php:error] [pid 58493] [client 45.67.97.15:0] script '/domains/pookie.dnai/shell.php' not found or unable to stat
[Sat Feb 21 01:09:20.946018 2026] [php:error] [pid 58602] [client 45.67.97.17:0] script '/domains/rainho/inc.php' not found or unable to stat
[Sat Feb 21 01:09:20.969481 2026] [php:error] [pid 58596] [client 45.67.97.17:0] script '/domains/braniff/customize.php' not found or unable to stat
[Sat Feb 21 01:09:21.011975 2026] [php:error] [pid 58614] [client 45.67.97.192:0] script '/domains/perless2web/nf_tracking.php' not found or unable to stat
[Sat Feb 21 01:09:21.024757 2026] [php:error] [pid 58527] [client 20.24.204.137:0] script '/domains/ebon/jsond.php' not found or unable to stat
[Sat Feb 21 01:09:21.174521 2026] [php:error] [pid 58617] [client 45.67.97.16:0] script '/domains/sjsachs/images/waf_defender.php' not found or unable to stat
[Sat Feb 21 01:09:21.192616 2026] [php:error] [pid 58601] [client 45.67.97.17:0] script '/domains/miles.interport/wp-links-opml.php' not found or unable to stat
[Sat Feb 21 01:09:21.196374 2026] [php:error] [pid 58555] [client 45.67.97.17:0] script '/domains/tbarnhil/bypass.php' not found or unable to stat
[Sat Feb 21 01:09:21.214829 2026] [php:error] [pid 58579] [client 45.67.97.192:0] script '/domains/bfitpro2/tinyfilemanager.php' not found or unable to stat
[Sat Feb 21 01:09:21.215483 2026] [php:error] [pid 58565] [client 45.67.97.16:0] script '/domains/deltaele/admin.php' not found or unable to stat
[Sat Feb 21 01:09:21.215849 2026] [php:error] [pid 58550] [client 45.67.97.192:0] script '/domains/dcoffman/inputs.php' not found or unable to stat
[Sat Feb 21 01:09:21.280694 2026] [php:error] [pid 58572] [client 45.67.97.15:0] script '/domains/csiniaws/aks.php' not found or unable to stat
[Sat Feb 21 01:09:21.309747 2026] [php:error] [pid 58588] [client 45.67.97.192:0] script '/domains/frog.interport1/shop.php' not found or unable to stat
[Sat Feb 21 01:09:21.362787 2026] [php:error] [pid 58593] [client 45.67.97.16:0] script '/domains/testregisgroup/js/db.php' not found or unable to stat
[Sat Feb 21 01:09:21.422859 2026] [php:error] [pid 58504] [client 45.67.97.17:0] script '/domains/icrse/tinyfilemanager.php' not found or unable to stat
[Sat Feb 21 01:09:21.439605 2026] [php:error] [pid 58596] [client 45.67.97.17:0] script '/domains/braniff/license.php' not found or unable to stat
[Sat Feb 21 01:09:21.476219 2026] [php:error] [pid 58470] [client 45.67.97.17:0] script '/domains/system_suspended/wp-blog.php' not found or unable to stat
[Sat Feb 21 01:09:21.480694 2026] [php:error] [pid 58559] [client 45.67.97.17:0] script '/domains/lover/install.php' not found or unable to stat
[Sat Feb 21 01:09:21.482085 2026] [php:error] [pid 58479] [client 45.67.97.192:0] script '/domains/byardrealestate/makeasmtp.php' not found or unable to stat
[Sat Feb 21 01:09:21.542329 2026] [php:error] [pid 58581] [client 45.67.97.192:0] script '/domains/micra/wp-configs.php' not found or unable to stat
[Sat Feb 21 01:09:21.543607 2026] [php:error] [pid 58580] [client 45.67.97.15:0] script '/domains/gohover/small.php' not found or unable to stat
[Sat Feb 21 01:09:21.579035 2026] [php:error] [pid 58571] [client 45.67.97.17:0] script '/domains/fayemoran/core.php' not found or unable to stat
[Sat Feb 21 01:09:21.643108 2026] [php:error] [pid 58574] [client 45.67.97.17:0] script '/domains/amisol/classwithtostring.php' not found or unable to stat
[Sat Feb 21 01:09:21.653694 2026] [php:error] [pid 58522] [client 45.67.97.192:0] script '/domains/memanuel/1.php' not found or unable to stat
[Sat Feb 21 01:09:21.662966 2026] [php:error] [pid 58555] [client 45.67.97.17:0] script '/domains/tbarnhil/class.php' not found or unable to stat
[Sat Feb 21 01:09:21.687316 2026] [php:error] [pid 58550] [client 45.67.97.192:0] script '/domains/dcoffman/mini.php' not found or unable to stat
[Sat Feb 21 01:09:21.749846 2026] [php:error] [pid 58572] [client 45.67.97.15:0] script '/domains/csiniaws/litespeed.php' not found or unable to stat
[Sat Feb 21 01:09:21.776552 2026] [php:error] [pid 58612] [client 45.67.97.16:0] script '/domains/system_suspended/gm.php' not found or unable to stat
