[Fri Feb 20 01:31:50.680618 2026] [php:error] [pid 37910] [client 20.100.192.217:0] script '/domains/system_default/as.php' not found or unable to stat
[Fri Feb 20 01:31:50.775333 2026] [php:error] [pid 37910] [client 20.100.192.217:0] script '/domains/system_default/p.php' not found or unable to stat
[Fri Feb 20 01:31:50.876376 2026] [php:error] [pid 37910] [client 20.100.192.217:0] script '/domains/system_default/x.php' not found or unable to stat
[Fri Feb 20 01:31:50.971095 2026] [php:error] [pid 37910] [client 20.100.192.217:0] script '/domains/system_default/70.php' not found or unable to stat
[Fri Feb 20 01:31:51.065842 2026] [php:error] [pid 37910] [client 20.100.192.217:0] script '/domains/system_default/t.php' not found or unable to stat
[Fri Feb 20 01:31:51.160721 2026] [php:error] [pid 37910] [client 20.100.192.217:0] script '/domains/system_default/86.php' not found or unable to stat
[Fri Feb 20 01:31:51.258699 2026] [php:error] [pid 37910] [client 20.100.192.217:0] script '/domains/system_default/f.php' not found or unable to stat
[Fri Feb 20 01:31:51.353426 2026] [php:error] [pid 37910] [client 20.100.192.217:0] script '/domains/system_default/e.php' not found or unable to stat
[Fri Feb 20 01:33:27.545605 2026] [php:error] [pid 37931] [client 193.202.9.106:0] script '/domains/trodine/wp-login.php' not found or unable to stat
[Fri Feb 20 01:34:00.822538 2026] [php:error] [pid 37932] [client 20.100.191.215:0] script '/domains/samscars/byp8.php' not found or unable to stat
[Fri Feb 20 01:34:23.269100 2026] [php:error] [pid 37937] [client 172.190.142.176:0] script '/domains/memanuel/ar.php' not found or unable to stat
[Fri Feb 20 01:34:23.274275 2026] [php:error] [pid 37937] [client 172.190.142.176:0] script '/domains/memanuel/ropyx.php' not found or unable to stat
[Fri Feb 20 01:34:23.283715 2026] [php:error] [pid 37937] [client 172.190.142.176:0] script '/domains/memanuel/kalso.php' not found or unable to stat
[Fri Feb 20 01:34:23.287757 2026] [php:error] [pid 37937] [client 172.190.142.176:0] script '/domains/memanuel/BIBIL.php' not found or unable to stat
[Fri Feb 20 01:34:23.291795 2026] [php:error] [pid 37937] [client 172.190.142.176:0] script '/domains/memanuel/wp-cron.php' not found or unable to stat
[Fri Feb 20 01:34:23.296168 2026] [php:error] [pid 37937] [client 172.190.142.176:0] script '/domains/memanuel/xl2023.php' not found or unable to stat
[Fri Feb 20 01:34:23.340054 2026] [php:error] [pid 37937] [client 172.190.142.176:0] script '/domains/memanuel/images/Mhbgf.php' not found or unable to stat
[Fri Feb 20 01:34:23.368990 2026] [php:error] [pid 37937] [client 172.190.142.176:0] script '/domains/memanuel/wp-miiss.php' not found or unable to stat
[Fri Feb 20 01:34:23.401398 2026] [php:error] [pid 37937] [client 172.190.142.176:0] script '/domains/memanuel/uploadx.php' not found or unable to stat
[Fri Feb 20 01:34:23.460365 2026] [php:error] [pid 37937] [client 172.190.142.176:0] script '/domains/memanuel/xxzdc.php' not found or unable to stat
[Fri Feb 20 01:34:23.465801 2026] [php:error] [pid 37937] [client 172.190.142.176:0] script '/domains/memanuel/z.php' not found or unable to stat
[Fri Feb 20 01:34:23.485164 2026] [php:error] [pid 37937] [client 172.190.142.176:0] script '/domains/memanuel/style2.php' not found or unable to stat
[Fri Feb 20 01:34:23.501585 2026] [php:error] [pid 37937] [client 172.190.142.176:0] script '/domains/memanuel/orouu.php' not found or unable to stat
[Fri Feb 20 01:34:23.539815 2026] [php:error] [pid 37937] [client 172.190.142.176:0] script '/domains/memanuel/images/up.php' not found or unable to stat
[Fri Feb 20 01:34:23.554539 2026] [php:error] [pid 37937] [client 172.190.142.176:0] script '/domains/memanuel/gdn.php' not found or unable to stat
[Fri Feb 20 01:34:23.620340 2026] [php:error] [pid 37937] [client 172.190.142.176:0] script '/domains/memanuel/about.php' not found or unable to stat
[Fri Feb 20 01:34:23.629231 2026] [php:error] [pid 37937] [client 172.190.142.176:0] script '/domains/memanuel/xczsxdh.php' not found or unable to stat
[Fri Feb 20 01:34:23.644012 2026] [php:error] [pid 37937] [client 172.190.142.176:0] script '/domains/memanuel/dropdown.php' not found or unable to stat
[Fri Feb 20 01:34:23.649193 2026] [php:error] [pid 37937] [client 172.190.142.176:0] script '/domains/memanuel/bala.php' not found or unable to stat
[Fri Feb 20 01:34:24.067718 2026] [php:error] [pid 37902] [client 172.190.142.176:0] script '/domains/memanuel/fwe.php' not found or unable to stat
[Fri Feb 20 01:34:24.071414 2026] [php:error] [pid 37902] [client 172.190.142.176:0] script '/domains/memanuel/rip.php' not found or unable to stat
[Fri Feb 20 01:34:24.078997 2026] [php:error] [pid 37902] [client 172.190.142.176:0] script '/domains/memanuel/test.php' not found or unable to stat
[Fri Feb 20 01:34:24.086728 2026] [php:error] [pid 37902] [client 172.190.142.176:0] script '/domains/memanuel/wp-blog.php' not found or unable to stat
[Fri Feb 20 01:34:24.090410 2026] [php:error] [pid 37902] [client 172.190.142.176:0] script '/domains/memanuel/images/all.php' not found or unable to stat
[Fri Feb 20 01:34:24.101144 2026] [php:error] [pid 37902] [client 172.190.142.176:0] script '/domains/memanuel/lv.php' not found or unable to stat
[Fri Feb 20 01:34:24.272211 2026] [php:error] [pid 37902] [client 172.190.142.176:0] script '/domains/memanuel/sxo.php' not found or unable to stat
[Fri Feb 20 01:34:24.278204 2026] [php:error] [pid 37902] [client 172.190.142.176:0] script '/domains/memanuel/inputs.php' not found or unable to stat
[Fri Feb 20 01:34:24.306503 2026] [php:error] [pid 37902] [client 172.190.142.176:0] script '/domains/memanuel/zqhfn.php' not found or unable to stat
[Fri Feb 20 01:34:24.336432 2026] [php:error] [pid 37902] [client 172.190.142.176:0] script '/domains/memanuel/images/fb.php' not found or unable to stat
[Fri Feb 20 01:34:24.340453 2026] [php:error] [pid 37902] [client 172.190.142.176:0] script '/domains/memanuel/uploxe.php' not found or unable to stat
[Fri Feb 20 01:34:24.374780 2026] [php:error] [pid 37902] [client 172.190.142.176:0] script '/domains/memanuel/fimai.php' not found or unable to stat
[Fri Feb 20 01:34:24.386863 2026] [php:error] [pid 37902] [client 172.190.142.176:0] script '/domains/memanuel/classwithtostring.php' not found or unable to stat
[Fri Feb 20 01:34:24.390956 2026] [php:error] [pid 37902] [client 172.190.142.176:0] script '/domains/memanuel/wso.php' not found or unable to stat
[Fri Feb 20 01:34:24.412698 2026] [php:error] [pid 37902] [client 172.190.142.176:0] script '/domains/memanuel/info.php' not found or unable to stat
[Fri Feb 20 01:34:24.425635 2026] [php:error] [pid 37902] [client 172.190.142.176:0] script '/domains/memanuel/profile.php' not found or unable to stat
[Fri Feb 20 01:34:24.442533 2026] [php:error] [pid 37902] [client 172.190.142.176:0] script '/domains/memanuel/uploan.php' not found or unable to stat
[Fri Feb 20 01:34:24.450166 2026] [php:error] [pid 37902] [client 172.190.142.176:0] script '/domains/memanuel/about.php' not found or unable to stat
[Fri Feb 20 01:34:24.454080 2026] [php:error] [pid 37902] [client 172.190.142.176:0] script '/domains/memanuel/404.php' not found or unable to stat
[Fri Feb 20 01:34:24.458031 2026] [php:error] [pid 37902] [client 172.190.142.176:0] script '/domains/memanuel/h.php' not found or unable to stat
[Fri Feb 20 01:34:24.477682 2026] [php:error] [pid 37902] [client 172.190.142.176:0] script '/domains/memanuel/themes.php' not found or unable to stat
[Fri Feb 20 01:34:24.481562 2026] [php:error] [pid 37902] [client 172.190.142.176:0] script '/domains/memanuel/Njima.php' not found or unable to stat
[Fri Feb 20 01:34:24.495753 2026] [php:error] [pid 37902] [client 172.190.142.176:0] script '/domains/memanuel/xleet.php' not found or unable to stat
[Fri Feb 20 01:34:24.511558 2026] [php:error] [pid 37902] [client 172.190.142.176:0] script '/domains/memanuel/1337.php' not found or unable to stat
[Fri Feb 20 01:34:24.515175 2026] [php:error] [pid 37902] [client 172.190.142.176:0] script '/domains/memanuel/info.php' not found or unable to stat
[Fri Feb 20 01:34:24.522737 2026] [php:error] [pid 37902] [client 172.190.142.176:0] script '/domains/memanuel/function.php' not found or unable to stat
[Fri Feb 20 01:34:24.551879 2026] [php:error] [pid 37902] [client 172.190.142.176:0] script '/domains/memanuel/elp.php' not found or unable to stat
[Fri Feb 20 01:34:24.573250 2026] [php:error] [pid 37902] [client 172.190.142.176:0] script '/domains/memanuel/simple.php' not found or unable to stat
[Fri Feb 20 01:34:24.576903 2026] [php:error] [pid 37902] [client 172.190.142.176:0] script '/domains/memanuel/buy.php' not found or unable to stat
[Fri Feb 20 01:34:24.580435 2026] [php:error] [pid 37902] [client 172.190.142.176:0] script '/domains/memanuel/test.php' not found or unable to stat
[Fri Feb 20 01:34:24.584315 2026] [php:error] [pid 37902] [client 172.190.142.176:0] script '/domains/memanuel/alfa.php' not found or unable to stat
[Fri Feb 20 01:34:24.594153 2026] [php:error] [pid 37902] [client 172.190.142.176:0] script '/domains/memanuel/backup/db.php' not found or unable to stat
[Fri Feb 20 01:34:24.617461 2026] [php:error] [pid 37902] [client 172.190.142.176:0] script '/domains/memanuel/autoload_classmap.php' not found or unable to stat
[Fri Feb 20 01:34:24.630908 2026] [php:error] [pid 37902] [client 172.190.142.176:0] script '/domains/memanuel/uchkkzmk.php' not found or unable to stat
[Fri Feb 20 01:34:24.634609 2026] [php:error] [pid 37902] [client 172.190.142.176:0] script '/domains/memanuel/users.php' not found or unable to stat
[Fri Feb 20 01:34:24.705931 2026] [php:error] [pid 37902] [client 172.190.142.176:0] script '/domains/memanuel/alfanew.php' not found or unable to stat
[Fri Feb 20 01:34:24.709835 2026] [php:error] [pid 37902] [client 172.190.142.176:0] script '/domains/memanuel/system_log.php' not found or unable to stat
[Fri Feb 20 01:34:24.761641 2026] [php:error] [pid 37902] [client 172.190.142.176:0] script '/domains/memanuel/install.php' not found or unable to stat
[Fri Feb 20 01:34:24.902175 2026] [php:error] [pid 37902] [client 172.190.142.176:0] script '/domains/memanuel/403.php' not found or unable to stat
[Fri Feb 20 01:34:25.167361 2026] [php:error] [pid 37902] [client 172.190.142.176:0] script '/domains/memanuel/phpinfo.php' not found or unable to stat
[Fri Feb 20 01:34:25.196573 2026] [php:error] [pid 37902] [client 172.190.142.176:0] script '/domains/memanuel/an.php' not found or unable to stat
[Fri Feb 20 01:34:25.237628 2026] [php:error] [pid 37902] [client 172.190.142.176:0] script '/domains/memanuel/wp-head.php' not found or unable to stat
[Fri Feb 20 01:34:25.246898 2026] [php:error] [pid 37902] [client 172.190.142.176:0] script '/domains/memanuel/shell20211028.php' not found or unable to stat
[Fri Feb 20 01:34:25.250667 2026] [php:error] [pid 37902] [client 172.190.142.176:0] script '/domains/memanuel/wp-conf.php' not found or unable to stat
[Fri Feb 20 01:34:25.623045 2026] [php:error] [pid 37902] [client 172.190.142.176:0] script '/domains/memanuel/dropdown.php' not found or unable to stat
[Fri Feb 20 01:34:25.626838 2026] [php:error] [pid 37902] [client 172.190.142.176:0] script '/domains/memanuel/pages.php' not found or unable to stat
[Fri Feb 20 01:34:25.649212 2026] [php:error] [pid 37902] [client 172.190.142.176:0] script '/domains/memanuel/web.php' not found or unable to stat
[Fri Feb 20 01:34:25.841141 2026] [php:error] [pid 37932] [client 172.190.142.176:0] script '/domains/memanuel/sts.php' not found or unable to stat
[Fri Feb 20 01:34:25.844926 2026] [php:error] [pid 37932] [client 172.190.142.176:0] script '/domains/memanuel/web.php' not found or unable to stat
[Fri Feb 20 01:34:25.851038 2026] [php:error] [pid 37932] [client 172.190.142.176:0] script '/domains/memanuel/click.php' not found or unable to stat
[Fri Feb 20 01:34:46.030421 2026] [php:error] [pid 37902] [client 20.42.209.0:0] script '/domains/abtechsci/71.php' not found or unable to stat
[Fri Feb 20 01:34:46.230096 2026] [php:error] [pid 37902] [client 20.42.209.0:0] script '/domains/abtechsci/ahcc.php' not found or unable to stat
[Fri Feb 20 01:34:46.426917 2026] [php:error] [pid 37902] [client 20.42.209.0:0] script '/domains/abtechsci/R57.php' not found or unable to stat
[Fri Feb 20 01:34:46.623138 2026] [php:error] [pid 37902] [client 20.42.209.0:0] script '/domains/abtechsci/jrxzb.php' not found or unable to stat
[Fri Feb 20 01:34:46.819352 2026] [php:error] [pid 37902] [client 20.42.209.0:0] script '/domains/abtechsci/sc.php' not found or unable to stat
[Fri Feb 20 01:34:47.015148 2026] [php:error] [pid 37902] [client 20.42.209.0:0] script '/domains/abtechsci/qowaa.php' not found or unable to stat
[Fri Feb 20 01:34:47.211255 2026] [php:error] [pid 37902] [client 20.42.209.0:0] script '/domains/abtechsci/beixl.php' not found or unable to stat
[Fri Feb 20 01:34:47.410525 2026] [php:error] [pid 37902] [client 20.42.209.0:0] script '/domains/abtechsci/reyna.php' not found or unable to stat
[Fri Feb 20 01:34:47.607622 2026] [php:error] [pid 37902] [client 20.42.209.0:0] script '/domains/abtechsci/meew.php' not found or unable to stat
[Fri Feb 20 01:34:47.803327 2026] [php:error] [pid 37902] [client 20.42.209.0:0] script '/domains/abtechsci/ovatools.php' not found or unable to stat
[Fri Feb 20 01:34:48.023456 2026] [php:error] [pid 37902] [client 20.42.209.0:0] script '/domains/abtechsci/.rxr.php' not found or unable to stat
[Fri Feb 20 01:34:48.219326 2026] [php:error] [pid 37902] [client 20.42.209.0:0] script '/domains/abtechsci/xl2023.php' not found or unable to stat
[Fri Feb 20 01:34:48.294651 2026] [php:error] [pid 37942] [client 4.217.180.34:0] script '/domains/carynm/71.php' not found or unable to stat
[Fri Feb 20 01:34:48.415302 2026] [php:error] [pid 37902] [client 20.42.209.0:0] script '/domains/abtechsci/xmlrpc2.php' not found or unable to stat
[Fri Feb 20 01:34:48.482768 2026] [php:error] [pid 37942] [client 4.217.180.34:0] script '/domains/carynm/ahcc.php' not found or unable to stat
[Fri Feb 20 01:34:48.611661 2026] [php:error] [pid 37902] [client 20.42.209.0:0] script '/domains/abtechsci/webdb.php' not found or unable to stat
[Fri Feb 20 01:34:48.671698 2026] [php:error] [pid 37942] [client 4.217.180.34:0] script '/domains/carynm/R57.php' not found or unable to stat
[Fri Feb 20 01:34:48.807695 2026] [php:error] [pid 37902] [client 20.42.209.0:0] script '/domains/abtechsci/iwpairbj.php' not found or unable to stat
[Fri Feb 20 01:34:48.859574 2026] [php:error] [pid 37942] [client 4.217.180.34:0] script '/domains/carynm/vqgii.php' not found or unable to stat
[Fri Feb 20 01:34:49.004798 2026] [php:error] [pid 37902] [client 20.42.209.0:0] script '/domains/abtechsci/options-head.php' not found or unable to stat
[Fri Feb 20 01:34:49.047329 2026] [php:error] [pid 37942] [client 4.217.180.34:0] script '/domains/carynm/jrxzb.php' not found or unable to stat
[Fri Feb 20 01:34:49.200875 2026] [php:error] [pid 37902] [client 20.42.209.0:0] script '/domains/abtechsci/temdbypv.php' not found or unable to stat
[Fri Feb 20 01:34:49.235196 2026] [php:error] [pid 37942] [client 4.217.180.34:0] script '/domains/carynm/sc.php' not found or unable to stat
[Fri Feb 20 01:34:49.405559 2026] [php:error] [pid 37902] [client 20.42.209.0:0] script '/domains/abtechsci/images/wp-login.php' not found or unable to stat
[Fri Feb 20 01:34:49.422902 2026] [php:error] [pid 37942] [client 4.217.180.34:0] script '/domains/carynm/qowaa.php' not found or unable to stat
[Fri Feb 20 01:34:49.601476 2026] [php:error] [pid 37902] [client 20.42.209.0:0] script '/domains/abtechsci/above.php' not found or unable to stat
[Fri Feb 20 01:34:49.610953 2026] [php:error] [pid 37942] [client 4.217.180.34:0] script '/domains/carynm/beixl.php' not found or unable to stat
[Fri Feb 20 01:34:49.797300 2026] [php:error] [pid 37902] [client 20.42.209.0:0] script '/domains/abtechsci/version.php' not found or unable to stat
[Fri Feb 20 01:34:49.798881 2026] [php:error] [pid 37942] [client 4.217.180.34:0] script '/domains/carynm/reyna.php' not found or unable to stat
[Fri Feb 20 01:34:49.987124 2026] [php:error] [pid 37942] [client 4.217.180.34:0] script '/domains/carynm/meew.php' not found or unable to stat
[Fri Feb 20 01:34:49.992688 2026] [php:error] [pid 37902] [client 20.42.209.0:0] script '/domains/abtechsci/json.php' not found or unable to stat
[Fri Feb 20 01:34:50.175665 2026] [php:error] [pid 37942] [client 4.217.180.34:0] script '/domains/carynm/load.php' not found or unable to stat
[Fri Feb 20 01:34:50.189660 2026] [php:error] [pid 37902] [client 20.42.209.0:0] script '/domains/abtechsci/twenty.php' not found or unable to stat
[Fri Feb 20 01:34:50.363905 2026] [php:error] [pid 37942] [client 4.217.180.34:0] script '/domains/carynm/p.php' not found or unable to stat
[Fri Feb 20 01:34:50.385289 2026] [php:error] [pid 37902] [client 20.42.209.0:0] script '/domains/abtechsci/sys.php' not found or unable to stat
[Fri Feb 20 01:34:50.581097 2026] [php:error] [pid 37902] [client 20.42.209.0:0] script '/domains/abtechsci/plugin.php' not found or unable to stat
[Fri Feb 20 01:34:50.777067 2026] [php:error] [pid 37902] [client 20.42.209.0:0] script '/domains/abtechsci/tfrh.php' not found or unable to stat
[Fri Feb 20 01:34:50.943714 2026] [php:error] [pid 37938] [client 4.217.180.34:0] script '/domains/carynm/ovatools.php' not found or unable to stat
[Fri Feb 20 01:34:50.972490 2026] [php:error] [pid 37902] [client 20.42.209.0:0] script '/domains/abtechsci/alfadheat.php' not found or unable to stat
[Fri Feb 20 01:34:51.129978 2026] [php:error] [pid 37938] [client 4.217.180.34:0] script '/domains/carynm/.rxr.php' not found or unable to stat
[Fri Feb 20 01:34:51.319154 2026] [php:error] [pid 37938] [client 4.217.180.34:0] script '/domains/carynm/xl2023.php' not found or unable to stat
[Fri Feb 20 01:34:51.363959 2026] [php:error] [pid 37902] [client 20.42.209.0:0] script '/domains/abtechsci/xp.php' not found or unable to stat
[Fri Feb 20 01:34:51.562242 2026] [php:error] [pid 37902] [client 20.42.209.0:0] script '/domains/abtechsci/zxhfwqyt.php' not found or unable to stat
[Fri Feb 20 01:34:51.693908 2026] [php:error] [pid 37938] [client 4.217.180.34:0] script '/domains/carynm/xmlrpc2.php' not found or unable to stat
[Fri Feb 20 01:34:51.757921 2026] [php:error] [pid 37902] [client 20.42.209.0:0] script '/domains/abtechsci/configs.php' not found or unable to stat
[Fri Feb 20 01:34:51.880883 2026] [php:error] [pid 37938] [client 4.217.180.34:0] script '/domains/carynm/zeal.php' not found or unable to stat
[Fri Feb 20 01:34:51.953582 2026] [php:error] [pid 37902] [client 20.42.209.0:0] script '/domains/abtechsci/cadastro-2.php' not found or unable to stat
[Fri Feb 20 01:34:52.072805 2026] [php:error] [pid 37938] [client 4.217.180.34:0] script '/domains/carynm/text.php' not found or unable to stat
[Fri Feb 20 01:34:52.149547 2026] [php:error] [pid 37902] [client 20.42.209.0:0] script '/domains/abtechsci/wp_wrong_datlib.php' not found or unable to stat
[Fri Feb 20 01:34:52.259714 2026] [php:error] [pid 37938] [client 4.217.180.34:0] script '/domains/carynm/webdb.php' not found or unable to stat
[Fri Feb 20 01:34:52.345232 2026] [php:error] [pid 37902] [client 20.42.209.0:0] script '/domains/abtechsci/xl2023x.php' not found or unable to stat
[Fri Feb 20 01:34:52.446526 2026] [php:error] [pid 37938] [client 4.217.180.34:0] script '/domains/carynm/iwpairbj.php' not found or unable to stat
[Fri Feb 20 01:34:52.544632 2026] [php:error] [pid 37902] [client 20.42.209.0:0] script '/domains/abtechsci/cp.php' not found or unable to stat
[Fri Feb 20 01:34:52.634791 2026] [php:error] [pid 37938] [client 4.217.180.34:0] script '/domains/carynm/options-head.php' not found or unable to stat
[Fri Feb 20 01:34:52.743522 2026] [php:error] [pid 37902] [client 20.42.209.0:0] script '/domains/abtechsci/C.php' not found or unable to stat
[Fri Feb 20 01:34:52.821777 2026] [php:error] [pid 37938] [client 4.217.180.34:0] script '/domains/carynm/temdbypv.php' not found or unable to stat
[Fri Feb 20 01:34:53.009492 2026] [php:error] [pid 37938] [client 4.217.180.34:0] script '/domains/carynm/images/wp-login.php' not found or unable to stat
[Fri Feb 20 01:34:53.136080 2026] [php:error] [pid 37902] [client 20.42.209.0:0] script '/domains/abtechsci/class-walker-category-dropdown-class.php' not found or unable to stat
[Fri Feb 20 01:34:53.196202 2026] [php:error] [pid 37938] [client 4.217.180.34:0] script '/domains/carynm/above.php' not found or unable to stat
[Fri Feb 20 01:34:53.332424 2026] [php:error] [pid 37902] [client 20.42.209.0:0] script '/domains/abtechsci/stxdsoxv.php' not found or unable to stat
[Fri Feb 20 01:34:53.383008 2026] [php:error] [pid 37938] [client 4.217.180.34:0] script '/domains/carynm/version.php' not found or unable to stat
[Fri Feb 20 01:34:53.528102 2026] [php:error] [pid 37902] [client 20.42.209.0:0] script '/domains/abtechsci/fymdshrq.php' not found or unable to stat
[Fri Feb 20 01:34:53.569556 2026] [php:error] [pid 37938] [client 4.217.180.34:0] script '/domains/carynm/json.php' not found or unable to stat
[Fri Feb 20 01:34:53.723897 2026] [php:error] [pid 37902] [client 20.42.209.0:0] script '/domains/abtechsci/yzyol.php' not found or unable to stat
[Fri Feb 20 01:34:53.756160 2026] [php:error] [pid 37938] [client 4.217.180.34:0] script '/domains/carynm/twenty.php' not found or unable to stat
[Fri Feb 20 01:34:53.919733 2026] [php:error] [pid 37902] [client 20.42.209.0:0] script '/domains/abtechsci/com_search.php' not found or unable to stat
[Fri Feb 20 01:34:53.943193 2026] [php:error] [pid 37938] [client 4.217.180.34:0] script '/domains/carynm/sys.php' not found or unable to stat
[Fri Feb 20 01:34:54.115546 2026] [php:error] [pid 37902] [client 20.42.209.0:0] script '/domains/abtechsci/wp_cron.php' not found or unable to stat
[Fri Feb 20 01:34:54.131036 2026] [php:error] [pid 37938] [client 4.217.180.34:0] script '/domains/carynm/plugin.php' not found or unable to stat
[Fri Feb 20 01:34:54.311425 2026] [php:error] [pid 37902] [client 20.42.209.0:0] script '/domains/abtechsci/blkdimxx.php' not found or unable to stat
[Fri Feb 20 01:34:54.318171 2026] [php:error] [pid 37938] [client 4.217.180.34:0] script '/domains/carynm/tfrh.php' not found or unable to stat
[Fri Feb 20 01:34:54.506097 2026] [php:error] [pid 37938] [client 4.217.180.34:0] script '/domains/carynm/alfadheat.php' not found or unable to stat
[Fri Feb 20 01:34:54.507348 2026] [php:error] [pid 37902] [client 20.42.209.0:0] script '/domains/abtechsci/Mshell.php' not found or unable to stat
[Fri Feb 20 01:34:54.716583 2026] [php:error] [pid 37902] [client 20.42.209.0:0] script '/domains/abtechsci/ty.php' not found or unable to stat
[Fri Feb 20 01:34:54.881504 2026] [php:error] [pid 37938] [client 4.217.180.34:0] script '/domains/carynm/xp.php' not found or unable to stat
[Fri Feb 20 01:34:54.913023 2026] [php:error] [pid 37902] [client 20.42.209.0:0] script '/domains/abtechsci/ggfi.php' not found or unable to stat
[Fri Feb 20 01:34:55.069102 2026] [php:error] [pid 37938] [client 4.217.180.34:0] script '/domains/carynm/zxhfwqyt.php' not found or unable to stat
[Fri Feb 20 01:34:55.108671 2026] [php:error] [pid 37902] [client 20.42.209.0:0] script '/domains/abtechsci/cpabpkyk.php' not found or unable to stat
[Fri Feb 20 01:34:55.256444 2026] [php:error] [pid 37938] [client 4.217.180.34:0] script '/domains/carynm/configs.php' not found or unable to stat
[Fri Feb 20 01:34:55.304461 2026] [php:error] [pid 37902] [client 20.42.209.0:0] script '/domains/abtechsci/pchgflmv.php' not found or unable to stat
[Fri Feb 20 01:34:55.443343 2026] [php:error] [pid 37938] [client 4.217.180.34:0] script '/domains/carynm/cadastro-2.php' not found or unable to stat
[Fri Feb 20 01:34:55.500126 2026] [php:error] [pid 37902] [client 20.42.209.0:0] script '/domains/abtechsci/hrtp.php' not found or unable to stat
[Fri Feb 20 01:34:55.632708 2026] [php:error] [pid 37938] [client 4.217.180.34:0] script '/domains/carynm/wp_wrong_datlib.php' not found or unable to stat
[Fri Feb 20 01:34:55.696253 2026] [php:error] [pid 37902] [client 20.42.209.0:0] script '/domains/abtechsci/mass.php' not found or unable to stat
[Fri Feb 20 01:34:55.819834 2026] [php:error] [pid 37938] [client 4.217.180.34:0] script '/domains/carynm/xl2023x.php' not found or unable to stat
[Fri Feb 20 01:34:55.891926 2026] [php:error] [pid 37902] [client 20.42.209.0:0] script '/domains/abtechsci/Gecko.php' not found or unable to stat
[Fri Feb 20 01:34:56.007176 2026] [php:error] [pid 37938] [client 4.217.180.34:0] script '/domains/carynm/cp.php' not found or unable to stat
[Fri Feb 20 01:34:56.087751 2026] [php:error] [pid 37902] [client 20.42.209.0:0] script '/domains/abtechsci/mail_logs.php' not found or unable to stat
[Fri Feb 20 01:34:56.194057 2026] [php:error] [pid 37938] [client 4.217.180.34:0] script '/domains/carynm/C.php' not found or unable to stat
[Fri Feb 20 01:34:56.283989 2026] [php:error] [pid 37902] [client 20.42.209.0:0] script '/domains/abtechsci/gser.php' not found or unable to stat
[Fri Feb 20 01:34:56.568213 2026] [php:error] [pid 37938] [client 4.217.180.34:0] script '/domains/carynm/class-walker-category-dropdown-class.php' not found or unable to stat
[Fri Feb 20 01:34:56.676721 2026] [php:error] [pid 37902] [client 20.42.209.0:0] script '/domains/abtechsci/lzmrjmgg.php' not found or unable to stat
[Fri Feb 20 01:34:56.756183 2026] [php:error] [pid 37938] [client 4.217.180.34:0] script '/domains/carynm/stxdsoxv.php' not found or unable to stat
[Fri Feb 20 01:34:56.872783 2026] [php:error] [pid 37902] [client 20.42.209.0:0] script '/domains/abtechsci/alfa.php' not found or unable to stat
[Fri Feb 20 01:34:56.945591 2026] [php:error] [pid 37938] [client 4.217.180.34:0] script '/domains/carynm/fymdshrq.php' not found or unable to stat
[Fri Feb 20 01:34:57.068668 2026] [php:error] [pid 37902] [client 20.42.209.0:0] script '/domains/abtechsci/ckyocyyp.php' not found or unable to stat
[Fri Feb 20 01:34:57.133641 2026] [php:error] [pid 37938] [client 4.217.180.34:0] script '/domains/carynm/dir.php' not found or unable to stat
[Fri Feb 20 01:34:57.267328 2026] [php:error] [pid 37902] [client 20.42.209.0:0] script '/domains/abtechsci/xleet-shell.php' not found or unable to stat
[Fri Feb 20 01:34:57.322200 2026] [php:error] [pid 37938] [client 4.217.180.34:0] script '/domains/carynm/yzyol.php' not found or unable to stat
[Fri Feb 20 01:34:57.463672 2026] [php:error] [pid 37902] [client 20.42.209.0:0] script '/domains/abtechsci/w0.php' not found or unable to stat
[Fri Feb 20 01:34:57.512746 2026] [php:error] [pid 37938] [client 4.217.180.34:0] script '/domains/carynm/com_search.php' not found or unable to stat
[Fri Feb 20 01:34:57.659453 2026] [php:error] [pid 37902] [client 20.42.209.0:0] script '/domains/abtechsci/functions.php' not found or unable to stat
[Fri Feb 20 01:34:57.699186 2026] [php:error] [pid 37938] [client 4.217.180.34:0] script '/domains/carynm/wp_cron.php' not found or unable to stat
[Fri Feb 20 01:34:57.855231 2026] [php:error] [pid 37902] [client 20.42.209.0:0] script '/domains/abtechsci/afnew.php' not found or unable to stat
[Fri Feb 20 01:34:57.885587 2026] [php:error] [pid 37938] [client 4.217.180.34:0] script '/domains/carynm/cookie.php' not found or unable to stat
[Fri Feb 20 01:34:58.051120 2026] [php:error] [pid 37902] [client 20.42.209.0:0] script '/domains/abtechsci/main.php' not found or unable to stat
[Fri Feb 20 01:34:58.071880 2026] [php:error] [pid 37938] [client 4.217.180.34:0] script '/domains/carynm/cmd.php' not found or unable to stat
[Fri Feb 20 01:34:58.247144 2026] [php:error] [pid 37902] [client 20.42.209.0:0] script '/domains/abtechsci/mall.php' not found or unable to stat
[Fri Feb 20 01:34:58.258385 2026] [php:error] [pid 37938] [client 4.217.180.34:0] script '/domains/carynm/ki1k.php' not found or unable to stat
[Fri Feb 20 01:34:58.442835 2026] [php:error] [pid 37902] [client 20.42.209.0:0] script '/domains/abtechsci/jlqUntRkBFci.php' not found or unable to stat
[Fri Feb 20 01:34:58.445042 2026] [php:error] [pid 37938] [client 4.217.180.34:0] script '/domains/carynm/blkdimxx.php' not found or unable to stat
[Fri Feb 20 01:34:58.638344 2026] [php:error] [pid 37902] [client 20.42.209.0:0] script '/domains/abtechsci/rendixd.php' not found or unable to stat
[Fri Feb 20 01:34:58.818962 2026] [php:error] [pid 37938] [client 4.217.180.34:0] script '/domains/carynm/admin-footer.php' not found or unable to stat
[Fri Feb 20 01:34:58.833820 2026] [php:error] [pid 37902] [client 20.42.209.0:0] script '/domains/abtechsci/private.php' not found or unable to stat
[Fri Feb 20 01:34:59.005634 2026] [php:error] [pid 37938] [client 4.217.180.34:0] script '/domains/carynm/txets.php' not found or unable to stat
[Fri Feb 20 01:34:59.030462 2026] [php:error] [pid 37902] [client 20.42.209.0:0] script '/domains/abtechsci/wsu.php' not found or unable to stat
[Fri Feb 20 01:34:59.192163 2026] [php:error] [pid 37938] [client 4.217.180.34:0] script '/domains/carynm/Mshell.php' not found or unable to stat
[Fri Feb 20 01:34:59.226428 2026] [php:error] [pid 37902] [client 20.42.209.0:0] script '/domains/abtechsci/thesmartestx.php' not found or unable to stat
[Fri Feb 20 01:34:59.378832 2026] [php:error] [pid 37938] [client 4.217.180.34:0] script '/domains/carynm/ty.php' not found or unable to stat
[Fri Feb 20 01:34:59.567342 2026] [php:error] [pid 37938] [client 4.217.180.34:0] script '/domains/carynm/ggfi.php' not found or unable to stat
[Fri Feb 20 01:34:59.617468 2026] [php:error] [pid 37902] [client 20.42.209.0:0] script '/domains/abtechsci/ndex.php' not found or unable to stat
[Fri Feb 20 01:34:59.754156 2026] [php:error] [pid 37938] [client 4.217.180.34:0] script '/domains/carynm/cpabpkyk.php' not found or unable to stat
[Fri Feb 20 01:34:59.813058 2026] [php:error] [pid 37902] [client 20.42.209.0:0] script '/domains/abtechsci/wp-plain.php' not found or unable to stat
[Fri Feb 20 01:34:59.941182 2026] [php:error] [pid 37938] [client 4.217.180.34:0] script '/domains/carynm/pchgflmv.php' not found or unable to stat
[Fri Feb 20 01:35:00.008780 2026] [php:error] [pid 37902] [client 20.42.209.0:0] script '/domains/abtechsci/b0x.php' not found or unable to stat
[Fri Feb 20 01:35:00.128113 2026] [php:error] [pid 37938] [client 4.217.180.34:0] script '/domains/carynm/add.php' not found or unable to stat
[Fri Feb 20 01:35:00.204600 2026] [php:error] [pid 37902] [client 20.42.209.0:0] script '/domains/abtechsci/batm.php' not found or unable to stat
[Fri Feb 20 01:35:00.314796 2026] [php:error] [pid 37938] [client 4.217.180.34:0] script '/domains/carynm/hrtp.php' not found or unable to stat
[Fri Feb 20 01:35:00.400299 2026] [php:error] [pid 37902] [client 20.42.209.0:0] script '/domains/abtechsci/vote.php' not found or unable to stat
[Fri Feb 20 01:35:00.502233 2026] [php:error] [pid 37938] [client 4.217.180.34:0] script '/domains/carynm/mass.php' not found or unable to stat
[Fri Feb 20 01:35:00.595951 2026] [php:error] [pid 37902] [client 20.42.209.0:0] script '/domains/abtechsci/wp-cli.php' not found or unable to stat
[Fri Feb 20 01:35:00.688838 2026] [php:error] [pid 37938] [client 4.217.180.34:0] script '/domains/carynm/Gecko.php' not found or unable to stat
[Fri Feb 20 01:35:00.791513 2026] [php:error] [pid 37902] [client 20.42.209.0:0] script '/domains/abtechsci/xdqablrk.php' not found or unable to stat
[Fri Feb 20 01:35:00.875327 2026] [php:error] [pid 37938] [client 4.217.180.34:0] script '/domains/carynm/mail_logs.php' not found or unable to stat
[Fri Feb 20 01:35:00.987203 2026] [php:error] [pid 37902] [client 20.42.209.0:0] script '/domains/abtechsci/M1.php' not found or unable to stat
[Fri Feb 20 01:35:01.062065 2026] [php:error] [pid 37938] [client 4.217.180.34:0] script '/domains/carynm/gser.php' not found or unable to stat
[Fri Feb 20 01:35:01.183333 2026] [php:error] [pid 37902] [client 20.42.209.0:0] script '/domains/abtechsci/jdimzmtaas.php' not found or unable to stat
[Fri Feb 20 01:35:01.379257 2026] [php:error] [pid 37902] [client 20.42.209.0:0] script '/domains/abtechsci/load-scripts.php' not found or unable to stat
[Fri Feb 20 01:35:01.435745 2026] [php:error] [pid 37938] [client 4.217.180.34:0] script '/domains/carynm/lzmrjmgg.php' not found or unable to stat
[Fri Feb 20 01:35:01.574944 2026] [php:error] [pid 37902] [client 20.42.209.0:0] script '/domains/abtechsci/user_panel.php' not found or unable to stat
[Fri Feb 20 01:35:01.771294 2026] [php:error] [pid 37902] [client 20.42.209.0:0] script '/domains/abtechsci/global.php' not found or unable to stat
[Fri Feb 20 01:35:01.809653 2026] [php:error] [pid 37938] [client 4.217.180.34:0] script '/domains/carynm/alfa.php' not found or unable to stat
[Fri Feb 20 01:35:01.967789 2026] [php:error] [pid 37902] [client 20.42.209.0:0] script '/domains/abtechsci/wp-damin.php' not found or unable to stat
[Fri Feb 20 01:35:01.997068 2026] [php:error] [pid 37938] [client 4.217.180.34:0] script '/domains/carynm/ckyocyyp.php' not found or unable to stat
[Fri Feb 20 01:35:02.163778 2026] [php:error] [pid 37902] [client 20.42.209.0:0] script '/domains/abtechsci/fx.php' not found or unable to stat
[Fri Feb 20 01:35:02.183543 2026] [php:error] [pid 37938] [client 4.217.180.34:0] script '/domains/carynm/xleet-shell.php' not found or unable to stat
[Fri Feb 20 01:35:02.359869 2026] [php:error] [pid 37902] [client 20.42.209.0:0] script '/domains/abtechsci/lib.php' not found or unable to stat
[Fri Feb 20 01:35:02.370036 2026] [php:error] [pid 37938] [client 4.217.180.34:0] script '/domains/carynm/w0.php' not found or unable to stat
[Fri Feb 20 01:35:02.556306 2026] [php:error] [pid 37902] [client 20.42.209.0:0] script '/domains/abtechsci/marijuana.php' not found or unable to stat
[Fri Feb 20 01:35:02.556716 2026] [php:error] [pid 37938] [client 4.217.180.34:0] script '/domains/carynm/functions.php' not found or unable to stat
[Fri Feb 20 01:35:02.747328 2026] [php:error] [pid 37938] [client 4.217.180.34:0] script '/domains/carynm/afnew.php' not found or unable to stat
[Fri Feb 20 01:35:02.934259 2026] [php:error] [pid 37938] [client 4.217.180.34:0] script '/domains/carynm/main.php' not found or unable to stat
[Fri Feb 20 01:35:03.121510 2026] [php:error] [pid 37938] [client 4.217.180.34:0] script '/domains/carynm/mall.php' not found or unable to stat
[Fri Feb 20 01:35:03.308184 2026] [php:error] [pid 37938] [client 4.217.180.34:0] script '/domains/carynm/jlqUntRkBFci.php' not found or unable to stat
[Fri Feb 20 01:35:03.495220 2026] [php:error] [pid 37938] [client 4.217.180.34:0] script '/domains/carynm/rendixd.php' not found or unable to stat
[Fri Feb 20 01:35:03.681967 2026] [php:error] [pid 37938] [client 4.217.180.34:0] script '/domains/carynm/private.php' not found or unable to stat
[Fri Feb 20 01:35:03.869396 2026] [php:error] [pid 37938] [client 4.217.180.34:0] script '/domains/carynm/wsu.php' not found or unable to stat
[Fri Feb 20 01:35:04.056461 2026] [php:error] [pid 37938] [client 4.217.180.34:0] script '/domains/carynm/thesmartestx.php' not found or unable to stat
[Fri Feb 20 01:35:04.429886 2026] [php:error] [pid 37938] [client 4.217.180.34:0] script '/domains/carynm/ndex.php' not found or unable to stat
[Fri Feb 20 01:35:04.616734 2026] [php:error] [pid 37938] [client 4.217.180.34:0] script '/domains/carynm/wp-plain.php' not found or unable to stat
[Fri Feb 20 01:35:04.833541 2026] [php:error] [pid 37938] [client 4.217.180.34:0] script '/domains/carynm/b0x.php' not found or unable to stat
[Fri Feb 20 01:35:05.020484 2026] [php:error] [pid 37938] [client 4.217.180.34:0] script '/domains/carynm/batm.php' not found or unable to stat
[Fri Feb 20 01:35:05.207624 2026] [php:error] [pid 37938] [client 4.217.180.34:0] script '/domains/carynm/vote.php' not found or unable to stat
[Fri Feb 20 01:35:05.394483 2026] [php:error] [pid 37938] [client 4.217.180.34:0] script '/domains/carynm/wp-cli.php' not found or unable to stat
[Fri Feb 20 01:35:05.581480 2026] [php:error] [pid 37938] [client 4.217.180.34:0] script '/domains/carynm/makeasmtp.php' not found or unable to stat
[Fri Feb 20 01:35:05.770305 2026] [php:error] [pid 37938] [client 4.217.180.34:0] script '/domains/carynm/auth.php' not found or unable to stat
[Fri Feb 20 01:35:05.957618 2026] [php:error] [pid 37938] [client 4.217.180.34:0] script '/domains/carynm/xdqablrk.php' not found or unable to stat
[Fri Feb 20 01:35:06.144507 2026] [php:error] [pid 37938] [client 4.217.180.34:0] script '/domains/carynm/M1.php' not found or unable to stat
[Fri Feb 20 01:35:06.331155 2026] [php:error] [pid 37938] [client 4.217.180.34:0] script '/domains/carynm/jdimzmtaas.php' not found or unable to stat
[Fri Feb 20 01:35:06.518254 2026] [php:error] [pid 37938] [client 4.217.180.34:0] script '/domains/carynm/load-scripts.php' not found or unable to stat
[Fri Feb 20 01:35:06.705126 2026] [php:error] [pid 37938] [client 4.217.180.34:0] script '/domains/carynm/user_panel.php' not found or unable to stat
[Fri Feb 20 01:35:06.892039 2026] [php:error] [pid 37938] [client 4.217.180.34:0] script '/domains/carynm/global.php' not found or unable to stat
[Fri Feb 20 01:35:07.079225 2026] [php:error] [pid 37938] [client 4.217.180.34:0] script '/domains/carynm/wp-damin.php' not found or unable to stat
[Fri Feb 20 01:35:07.453759 2026] [php:error] [pid 37938] [client 4.217.180.34:0] script '/domains/carynm/fx.php' not found or unable to stat
[Fri Feb 20 01:35:07.640806 2026] [php:error] [pid 37938] [client 4.217.180.34:0] script '/domains/carynm/lib.php' not found or unable to stat
[Fri Feb 20 01:35:07.828035 2026] [php:error] [pid 37938] [client 4.217.180.34:0] script '/domains/carynm/marijuana.php' not found or unable to stat
[Fri Feb 20 01:36:03.892282 2026] [php:error] [pid 37937] [client 20.210.188.132:0] script '/domains/apunderkofler/new4.php' not found or unable to stat
[Fri Feb 20 01:36:04.077788 2026] [php:error] [pid 37937] [client 20.210.188.132:0] script '/domains/apunderkofler/sc.php' not found or unable to stat
[Fri Feb 20 01:36:04.245199 2026] [php:error] [pid 37937] [client 20.210.188.132:0] script '/domains/apunderkofler/aq.php' not found or unable to stat
[Fri Feb 20 01:36:04.412482 2026] [php:error] [pid 37937] [client 20.210.188.132:0] script '/domains/apunderkofler/opts.php' not found or unable to stat
[Fri Feb 20 01:36:04.579922 2026] [php:error] [pid 37937] [client 20.210.188.132:0] script '/domains/apunderkofler/wp-act.php' not found or unable to stat
[Fri Feb 20 01:36:04.749478 2026] [php:error] [pid 37937] [client 20.210.188.132:0] script '/domains/apunderkofler/myfile.php' not found or unable to stat
[Fri Feb 20 01:36:05.043862 2026] [php:error] [pid 37937] [client 20.210.188.132:0] script '/domains/apunderkofler/work.php' not found or unable to stat
[Fri Feb 20 01:36:05.227070 2026] [php:error] [pid 37937] [client 20.210.188.132:0] script '/domains/apunderkofler/C.php' not found or unable to stat
[Fri Feb 20 01:36:05.398380 2026] [php:error] [pid 37937] [client 20.210.188.132:0] script '/domains/apunderkofler/ze.php' not found or unable to stat
[Fri Feb 20 01:36:05.571210 2026] [php:error] [pid 37937] [client 20.210.188.132:0] script '/domains/apunderkofler/seetox.php' not found or unable to stat
[Fri Feb 20 01:36:05.762862 2026] [php:error] [pid 37937] [client 20.210.188.132:0] script '/domains/apunderkofler/dom.php' not found or unable to stat
[Fri Feb 20 01:36:06.124738 2026] [php:error] [pid 37937] [client 20.210.188.132:0] script '/domains/apunderkofler/samiri.php' not found or unable to stat
[Fri Feb 20 01:36:06.310400 2026] [php:error] [pid 37937] [client 20.210.188.132:0] script '/domains/apunderkofler/plugins.php' not found or unable to stat
[Fri Feb 20 01:36:06.568193 2026] [php:error] [pid 37937] [client 20.210.188.132:0] script '/domains/apunderkofler/xoot.php' not found or unable to stat
[Fri Feb 20 01:36:06.820123 2026] [php:error] [pid 37937] [client 20.210.188.132:0] script '/domains/apunderkofler/X57.php' not found or unable to stat
[Fri Feb 20 01:36:07.006835 2026] [php:error] [pid 37937] [client 20.210.188.132:0] script '/domains/apunderkofler/vx.php' not found or unable to stat
[Fri Feb 20 01:36:07.191035 2026] [php:error] [pid 37937] [client 20.210.188.132:0] script '/domains/apunderkofler/file59.php' not found or unable to stat
[Fri Feb 20 01:36:07.830311 2026] [php:error] [pid 37937] [client 20.210.188.132:0] script '/domains/apunderkofler/shas.php' not found or unable to stat
[Fri Feb 20 01:36:08.116097 2026] [php:error] [pid 37937] [client 20.210.188.132:0] script '/domains/apunderkofler/xa.php' not found or unable to stat
[Fri Feb 20 01:36:08.286603 2026] [php:error] [pid 37937] [client 20.210.188.132:0] script '/domains/apunderkofler/xda.php' not found or unable to stat
[Fri Feb 20 01:36:08.466050 2026] [php:error] [pid 37937] [client 20.210.188.132:0] script '/domains/apunderkofler/er.php' not found or unable to stat
[Fri Feb 20 01:36:08.635580 2026] [php:error] [pid 37937] [client 20.210.188.132:0] script '/domains/apunderkofler/fault.php' not found or unable to stat
[Fri Feb 20 01:36:08.809940 2026] [php:error] [pid 37937] [client 20.210.188.132:0] script '/domains/apunderkofler/motu.php' not found or unable to stat
[Fri Feb 20 01:36:08.985521 2026] [php:error] [pid 37937] [client 20.210.188.132:0] script '/domains/apunderkofler/66.php' not found or unable to stat
[Fri Feb 20 01:36:09.179196 2026] [php:error] [pid 37937] [client 20.210.188.132:0] script '/domains/apunderkofler/leuk.php' not found or unable to stat
[Fri Feb 20 01:36:09.346509 2026] [php:error] [pid 37937] [client 20.210.188.132:0] script '/domains/apunderkofler/xqq.php' not found or unable to stat
[Fri Feb 20 01:36:09.513845 2026] [php:error] [pid 37937] [client 20.210.188.132:0] script '/domains/apunderkofler/kolda.php' not found or unable to stat
[Fri Feb 20 01:36:09.734957 2026] [php:error] [pid 37937] [client 20.210.188.132:0] script '/domains/apunderkofler/nw.php' not found or unable to stat
[Fri Feb 20 01:36:10.037556 2026] [php:error] [pid 37937] [client 20.210.188.132:0] script '/domains/apunderkofler/god.php' not found or unable to stat
[Fri Feb 20 01:36:10.207847 2026] [php:error] [pid 37937] [client 20.210.188.132:0] script '/domains/apunderkofler/666.php' not found or unable to stat
[Fri Feb 20 01:36:10.377126 2026] [php:error] [pid 37937] [client 20.210.188.132:0] script '/domains/apunderkofler/kj.php' not found or unable to stat
[Fri Feb 20 01:36:10.544506 2026] [php:error] [pid 37937] [client 20.210.188.132:0] script '/domains/apunderkofler/un.php' not found or unable to stat
[Fri Feb 20 01:36:10.715425 2026] [php:error] [pid 37937] [client 20.210.188.132:0] script '/domains/apunderkofler/fs.php' not found or unable to stat
[Fri Feb 20 01:36:11.296468 2026] [php:error] [pid 37937] [client 20.210.188.132:0] script '/domains/apunderkofler/ms.php' not found or unable to stat
[Fri Feb 20 01:36:11.527227 2026] [php:error] [pid 37937] [client 20.210.188.132:0] script '/domains/apunderkofler/login8.php' not found or unable to stat
[Fri Feb 20 01:36:11.694642 2026] [php:error] [pid 37937] [client 20.210.188.132:0] script '/domains/apunderkofler/nnyvn.php' not found or unable to stat
[Fri Feb 20 01:36:11.888639 2026] [php:error] [pid 37937] [client 20.210.188.132:0] script '/domains/apunderkofler/cu.php' not found or unable to stat
[Fri Feb 20 01:36:12.056912 2026] [php:error] [pid 37937] [client 20.210.188.132:0] script '/domains/apunderkofler/lul.php' not found or unable to stat
[Fri Feb 20 01:36:12.224556 2026] [php:error] [pid 37937] [client 20.210.188.132:0] script '/domains/apunderkofler/0.php' not found or unable to stat
[Fri Feb 20 01:36:12.393679 2026] [php:error] [pid 37937] [client 20.210.188.132:0] script '/domains/apunderkofler/ms-edit.php' not found or unable to stat
[Fri Feb 20 01:36:13.067083 2026] [php:error] [pid 37937] [client 20.210.188.132:0] script '/domains/apunderkofler/ya.php' not found or unable to stat
[Fri Feb 20 01:36:13.236682 2026] [php:error] [pid 37937] [client 20.210.188.132:0] script '/domains/apunderkofler/grsiuk.php' not found or unable to stat
[Fri Feb 20 01:36:13.650700 2026] [php:error] [pid 37937] [client 20.210.188.132:0] script '/domains/apunderkofler/wp-blog.php' not found or unable to stat
[Fri Feb 20 01:36:13.818797 2026] [php:error] [pid 37937] [client 20.210.188.132:0] script '/domains/apunderkofler/wp-access.php' not found or unable to stat
[Fri Feb 20 01:36:14.010586 2026] [php:error] [pid 37937] [client 20.210.188.132:0] script '/domains/apunderkofler/a1vx.php' not found or unable to stat
[Fri Feb 20 01:36:14.293653 2026] [php:error] [pid 37937] [client 20.210.188.132:0] script '/domains/apunderkofler/sbhu.php' not found or unable to stat
[Fri Feb 20 01:36:14.460870 2026] [php:error] [pid 37937] [client 20.210.188.132:0] script '/domains/apunderkofler/wp-the.php' not found or unable to stat
[Fri Feb 20 01:36:14.629173 2026] [php:error] [pid 37937] [client 20.210.188.132:0] script '/domains/apunderkofler/06.php' not found or unable to stat
[Fri Feb 20 01:36:14.808737 2026] [php:error] [pid 37937] [client 20.210.188.132:0] script '/domains/apunderkofler/wp5.php' not found or unable to stat
[Fri Feb 20 01:36:14.809085 2026] [php:error] [pid 37948] [client 20.205.115.105:0] script '/domains/fryer/71.php' not found or unable to stat
[Fri Feb 20 01:36:14.977169 2026] [php:error] [pid 37937] [client 20.210.188.132:0] script '/domains/apunderkofler/fot.php' not found or unable to stat
[Fri Feb 20 01:36:15.030708 2026] [php:error] [pid 37948] [client 20.205.115.105:0] script '/domains/fryer/ahcc.php' not found or unable to stat
[Fri Feb 20 01:36:15.250788 2026] [php:error] [pid 37948] [client 20.205.115.105:0] script '/domains/fryer/R57.php' not found or unable to stat
[Fri Feb 20 01:36:15.470505 2026] [php:error] [pid 37948] [client 20.205.115.105:0] script '/domains/fryer/vqgii.php' not found or unable to stat
[Fri Feb 20 01:36:15.538963 2026] [php:error] [pid 37937] [client 20.210.188.132:0] script '/domains/apunderkofler/ff1.php' not found or unable to stat
[Fri Feb 20 01:36:15.690673 2026] [php:error] [pid 37948] [client 20.205.115.105:0] script '/domains/fryer/jrxzb.php' not found or unable to stat
[Fri Feb 20 01:36:15.889119 2026] [php:error] [pid 37937] [client 20.210.188.132:0] script '/domains/apunderkofler/forbidals.php' not found or unable to stat
[Fri Feb 20 01:36:15.910325 2026] [php:error] [pid 37948] [client 20.205.115.105:0] script '/domains/fryer/sc.php' not found or unable to stat
[Fri Feb 20 01:36:16.064566 2026] [php:error] [pid 37937] [client 20.210.188.132:0] script '/domains/apunderkofler/erty.php' not found or unable to stat
[Fri Feb 20 01:36:16.129951 2026] [php:error] [pid 37948] [client 20.205.115.105:0] script '/domains/fryer/qowaa.php' not found or unable to stat
[Fri Feb 20 01:36:16.236853 2026] [php:error] [pid 37937] [client 20.210.188.132:0] script '/domains/apunderkofler/dev1s.php' not found or unable to stat
[Fri Feb 20 01:36:16.351616 2026] [php:error] [pid 37948] [client 20.205.115.105:0] script '/domains/fryer/beixl.php' not found or unable to stat
[Fri Feb 20 01:36:16.476856 2026] [php:error] [pid 37937] [client 20.210.188.132:0] script '/domains/apunderkofler/ffd.php' not found or unable to stat
[Fri Feb 20 01:36:16.581668 2026] [php:error] [pid 37948] [client 20.205.115.105:0] script '/domains/fryer/reyna.php' not found or unable to stat
[Fri Feb 20 01:36:16.644009 2026] [php:error] [pid 37937] [client 20.210.188.132:0] script '/domains/apunderkofler/admiin.php' not found or unable to stat
[Fri Feb 20 01:36:16.803339 2026] [php:error] [pid 37948] [client 20.205.115.105:0] script '/domains/fryer/meew.php' not found or unable to stat
[Fri Feb 20 01:36:16.811068 2026] [php:error] [pid 37937] [client 20.210.188.132:0] script '/domains/apunderkofler/ol.php' not found or unable to stat
[Fri Feb 20 01:36:16.985381 2026] [php:error] [pid 37937] [client 20.210.188.132:0] script '/domains/apunderkofler/Sanskrit.php' not found or unable to stat
[Fri Feb 20 01:36:17.029083 2026] [php:error] [pid 37948] [client 20.205.115.105:0] script '/domains/fryer/load.php' not found or unable to stat
[Fri Feb 20 01:36:17.159680 2026] [php:error] [pid 37937] [client 20.210.188.132:0] script '/domains/apunderkofler/vxrl.php' not found or unable to stat
[Fri Feb 20 01:36:17.257687 2026] [php:error] [pid 37948] [client 20.205.115.105:0] script '/domains/fryer/p.php' not found or unable to stat
[Fri Feb 20 01:36:17.364767 2026] [php:error] [pid 37937] [client 20.210.188.132:0] script '/domains/apunderkofler/re.php' not found or unable to stat
[Fri Feb 20 01:36:17.541629 2026] [php:error] [pid 37937] [client 20.210.188.132:0] script '/domains/apunderkofler/num.php' not found or unable to stat
[Fri Feb 20 01:36:17.834632 2026] [php:error] [pid 37937] [client 20.210.188.132:0] script '/domains/apunderkofler/axx.php' not found or unable to stat
[Fri Feb 20 01:36:17.915232 2026] [php:error] [pid 37959] [client 20.205.115.105:0] script '/domains/fryer/ovatools.php' not found or unable to stat
[Fri Feb 20 01:36:18.009211 2026] [php:error] [pid 37937] [client 20.210.188.132:0] script '/domains/apunderkofler/vxrl.php' not found or unable to stat
[Fri Feb 20 01:36:18.130218 2026] [php:error] [pid 37959] [client 20.205.115.105:0] script '/domains/fryer/.rxr.php' not found or unable to stat
[Fri Feb 20 01:36:18.180739 2026] [php:error] [pid 37937] [client 20.210.188.132:0] script '/domains/apunderkofler/in.php' not found or unable to stat
[Fri Feb 20 01:36:18.344624 2026] [php:error] [pid 37959] [client 20.205.115.105:0] script '/domains/fryer/xl2023.php' not found or unable to stat
[Fri Feb 20 01:36:18.382079 2026] [php:error] [pid 37937] [client 20.210.188.132:0] script '/domains/apunderkofler/style.php' not found or unable to stat
