[Fri Feb 20 01:14:46.349859 2026] [php:error] [pid 37758] [client 20.24.204.137:0] script '/domains/nsmd2/a1vx.php' not found or unable to stat
[Fri Feb 20 01:14:46.569802 2026] [php:error] [pid 37758] [client 20.24.204.137:0] script '/domains/nsmd2/sbhu.php' not found or unable to stat
[Fri Feb 20 01:14:46.790341 2026] [php:error] [pid 37758] [client 20.24.204.137:0] script '/domains/nsmd2/wp-the.php' not found or unable to stat
[Fri Feb 20 01:14:47.010788 2026] [php:error] [pid 37758] [client 20.24.204.137:0] script '/domains/nsmd2/06.php' not found or unable to stat
[Fri Feb 20 01:14:47.231003 2026] [php:error] [pid 37758] [client 20.24.204.137:0] script '/domains/nsmd2/wp5.php' not found or unable to stat
[Fri Feb 20 01:14:47.450852 2026] [php:error] [pid 37758] [client 20.24.204.137:0] script '/domains/nsmd2/fot.php' not found or unable to stat
[Fri Feb 20 01:14:47.670640 2026] [php:error] [pid 37758] [client 20.24.204.137:0] script '/domains/nsmd2/ff1.php' not found or unable to stat
[Fri Feb 20 01:14:47.890477 2026] [php:error] [pid 37758] [client 20.24.204.137:0] script '/domains/nsmd2/forbidals.php' not found or unable to stat
[Fri Feb 20 01:14:48.110263 2026] [php:error] [pid 37758] [client 20.24.204.137:0] script '/domains/nsmd2/erty.php' not found or unable to stat
[Fri Feb 20 01:14:48.331501 2026] [php:error] [pid 37758] [client 20.24.204.137:0] script '/domains/nsmd2/dev1s.php' not found or unable to stat
[Fri Feb 20 01:14:48.551410 2026] [php:error] [pid 37758] [client 20.24.204.137:0] script '/domains/nsmd2/ffd.php' not found or unable to stat
[Fri Feb 20 01:14:48.771321 2026] [php:error] [pid 37758] [client 20.24.204.137:0] script '/domains/nsmd2/admiin.php' not found or unable to stat
[Fri Feb 20 01:14:48.995098 2026] [php:error] [pid 37758] [client 20.24.204.137:0] script '/domains/nsmd2/ol.php' not found or unable to stat
[Fri Feb 20 01:14:49.218133 2026] [php:error] [pid 37758] [client 20.24.204.137:0] script '/domains/nsmd2/Sanskrit.php' not found or unable to stat
[Fri Feb 20 01:14:49.439362 2026] [php:error] [pid 37758] [client 20.24.204.137:0] script '/domains/nsmd2/vxrl.php' not found or unable to stat
[Fri Feb 20 01:14:49.659334 2026] [php:error] [pid 37758] [client 20.24.204.137:0] script '/domains/nsmd2/re.php' not found or unable to stat
[Fri Feb 20 01:14:49.879573 2026] [php:error] [pid 37758] [client 20.24.204.137:0] script '/domains/nsmd2/num.php' not found or unable to stat
[Fri Feb 20 01:14:50.100755 2026] [php:error] [pid 37758] [client 20.24.204.137:0] script '/domains/nsmd2/axx.php' not found or unable to stat
[Fri Feb 20 01:14:50.329675 2026] [php:error] [pid 37758] [client 20.24.204.137:0] script '/domains/nsmd2/vxrl.php' not found or unable to stat
[Fri Feb 20 01:14:50.549742 2026] [php:error] [pid 37758] [client 20.24.204.137:0] script '/domains/nsmd2/in.php' not found or unable to stat
[Fri Feb 20 01:14:50.770577 2026] [php:error] [pid 37758] [client 20.24.204.137:0] script '/domains/nsmd2/style.php' not found or unable to stat
[Fri Feb 20 01:14:50.994702 2026] [php:error] [pid 37758] [client 20.24.204.137:0] script '/domains/nsmd2/we.php' not found or unable to stat
[Fri Feb 20 01:14:51.223510 2026] [php:error] [pid 37758] [client 20.24.204.137:0] script '/domains/nsmd2/zwso.php' not found or unable to stat
[Fri Feb 20 01:14:51.443609 2026] [php:error] [pid 37758] [client 20.24.204.137:0] script '/domains/nsmd2/karak.php' not found or unable to stat
[Fri Feb 20 01:14:51.667102 2026] [php:error] [pid 37758] [client 20.24.204.137:0] script '/domains/nsmd2/prv8.php' not found or unable to stat
[Fri Feb 20 01:14:51.887563 2026] [php:error] [pid 37758] [client 20.24.204.137:0] script '/domains/nsmd2/i.php' not found or unable to stat
[Fri Feb 20 01:14:52.034758 2026] [php:error] [pid 37738] [client 20.46.124.66:0] script '/domains/afglcweb/new4.php' not found or unable to stat
[Fri Feb 20 01:14:52.108024 2026] [php:error] [pid 37758] [client 20.24.204.137:0] script '/domains/nsmd2/a.php' not found or unable to stat
[Fri Feb 20 01:14:52.193172 2026] [php:error] [pid 37738] [client 20.46.124.66:0] script '/domains/afglcweb/sc.php' not found or unable to stat
[Fri Feb 20 01:14:52.328963 2026] [php:error] [pid 37758] [client 20.24.204.137:0] script '/domains/nsmd2/xmlrpc.php' not found or unable to stat
[Fri Feb 20 01:14:52.354681 2026] [php:error] [pid 37738] [client 20.46.124.66:0] script '/domains/afglcweb/aq.php' not found or unable to stat
[Fri Feb 20 01:14:52.513222 2026] [php:error] [pid 37738] [client 20.46.124.66:0] script '/domains/afglcweb/opts.php' not found or unable to stat
[Fri Feb 20 01:14:52.550210 2026] [php:error] [pid 37758] [client 20.24.204.137:0] script '/domains/nsmd2/aw.php' not found or unable to stat
[Fri Feb 20 01:14:52.670994 2026] [php:error] [pid 37738] [client 20.46.124.66:0] script '/domains/afglcweb/wp-act.php' not found or unable to stat
[Fri Feb 20 01:14:52.770198 2026] [php:error] [pid 37758] [client 20.24.204.137:0] script '/domains/nsmd2/dev.php' not found or unable to stat
[Fri Feb 20 01:14:52.829972 2026] [php:error] [pid 37738] [client 20.46.124.66:0] script '/domains/afglcweb/myfile.php' not found or unable to stat
[Fri Feb 20 01:14:52.990348 2026] [php:error] [pid 37758] [client 20.24.204.137:0] script '/domains/nsmd2/lock360.php' not found or unable to stat
[Fri Feb 20 01:14:52.999668 2026] [php:error] [pid 37738] [client 20.46.124.66:0] script '/domains/afglcweb/work.php' not found or unable to stat
[Fri Feb 20 01:14:53.179027 2026] [php:error] [pid 37738] [client 20.46.124.66:0] script '/domains/afglcweb/C.php' not found or unable to stat
[Fri Feb 20 01:14:53.210220 2026] [php:error] [pid 37758] [client 20.24.204.137:0] script '/domains/nsmd2/155.php' not found or unable to stat
[Fri Feb 20 01:14:53.337352 2026] [php:error] [pid 37738] [client 20.46.124.66:0] script '/domains/afglcweb/ze.php' not found or unable to stat
[Fri Feb 20 01:14:53.430276 2026] [php:error] [pid 37758] [client 20.24.204.137:0] script '/domains/nsmd2/goat.php' not found or unable to stat
[Fri Feb 20 01:14:53.496655 2026] [php:error] [pid 37738] [client 20.46.124.66:0] script '/domains/afglcweb/seetox.php' not found or unable to stat
[Fri Feb 20 01:14:53.652307 2026] [php:error] [pid 37758] [client 20.24.204.137:0] script '/domains/nsmd2/tcp.php' not found or unable to stat
[Fri Feb 20 01:14:53.665580 2026] [php:error] [pid 37738] [client 20.46.124.66:0] script '/domains/afglcweb/dom.php' not found or unable to stat
[Fri Feb 20 01:14:53.875910 2026] [php:error] [pid 37758] [client 20.24.204.137:0] script '/domains/nsmd2/ext.php' not found or unable to stat
[Fri Feb 20 01:14:53.981372 2026] [php:error] [pid 37738] [client 20.46.124.66:0] script '/domains/afglcweb/samiri.php' not found or unable to stat
[Fri Feb 20 01:14:54.095766 2026] [php:error] [pid 37758] [client 20.24.204.137:0] script '/domains/nsmd2/inputs.php' not found or unable to stat
[Fri Feb 20 01:14:54.138944 2026] [php:error] [pid 37738] [client 20.46.124.66:0] script '/domains/afglcweb/plugins.php' not found or unable to stat
[Fri Feb 20 01:14:54.296936 2026] [php:error] [pid 37738] [client 20.46.124.66:0] script '/domains/afglcweb/xoot.php' not found or unable to stat
[Fri Feb 20 01:14:54.315688 2026] [php:error] [pid 37758] [client 20.24.204.137:0] script '/domains/nsmd2/ioxi.php' not found or unable to stat
[Fri Feb 20 01:14:54.454620 2026] [php:error] [pid 37738] [client 20.46.124.66:0] script '/domains/afglcweb/X57.php' not found or unable to stat
[Fri Feb 20 01:14:54.535281 2026] [php:error] [pid 37758] [client 20.24.204.137:0] script '/domains/nsmd2/fe5.php' not found or unable to stat
[Fri Feb 20 01:14:54.661302 2026] [php:error] [pid 37738] [client 20.46.124.66:0] script '/domains/afglcweb/vx.php' not found or unable to stat
[Fri Feb 20 01:14:54.754899 2026] [php:error] [pid 37758] [client 20.24.204.137:0] script '/domains/nsmd2/ov.php' not found or unable to stat
[Fri Feb 20 01:14:54.821445 2026] [php:error] [pid 37738] [client 20.46.124.66:0] script '/domains/afglcweb/file59.php' not found or unable to stat
[Fri Feb 20 01:14:55.195626 2026] [php:error] [pid 37758] [client 20.24.204.137:0] script '/domains/nsmd2/default.php' not found or unable to stat
[Fri Feb 20 01:14:55.318721 2026] [php:error] [pid 37738] [client 20.46.124.66:0] script '/domains/afglcweb/shas.php' not found or unable to stat
[Fri Feb 20 01:14:55.415702 2026] [php:error] [pid 37758] [client 20.24.204.137:0] script '/domains/nsmd2/goods.php' not found or unable to stat
[Fri Feb 20 01:14:55.476545 2026] [php:error] [pid 37738] [client 20.46.124.66:0] script '/domains/afglcweb/xa.php' not found or unable to stat
[Fri Feb 20 01:14:55.635288 2026] [php:error] [pid 37758] [client 20.24.204.137:0] script '/domains/nsmd2/abcd.php' not found or unable to stat
[Fri Feb 20 01:14:55.635334 2026] [php:error] [pid 37738] [client 20.46.124.66:0] script '/domains/afglcweb/xda.php' not found or unable to stat
[Fri Feb 20 01:14:55.799546 2026] [php:error] [pid 37738] [client 20.46.124.66:0] script '/domains/afglcweb/er.php' not found or unable to stat
[Fri Feb 20 01:14:55.856094 2026] [php:error] [pid 37758] [client 20.24.204.137:0] script '/domains/nsmd2/class.1.php' not found or unable to stat
[Fri Feb 20 01:14:55.959955 2026] [php:error] [pid 37738] [client 20.46.124.66:0] script '/domains/afglcweb/fault.php' not found or unable to stat
[Fri Feb 20 01:14:56.076672 2026] [php:error] [pid 37758] [client 20.24.204.137:0] script '/domains/nsmd2/async.php' not found or unable to stat
[Fri Feb 20 01:14:56.117876 2026] [php:error] [pid 37738] [client 20.46.124.66:0] script '/domains/afglcweb/motu.php' not found or unable to stat
[Fri Feb 20 01:14:56.276066 2026] [php:error] [pid 37738] [client 20.46.124.66:0] script '/domains/afglcweb/66.php' not found or unable to stat
[Fri Feb 20 01:14:56.296281 2026] [php:error] [pid 37758] [client 20.24.204.137:0] script '/domains/nsmd2/ff.php' not found or unable to stat
[Fri Feb 20 01:14:56.505664 2026] [php:error] [pid 37738] [client 20.46.124.66:0] script '/domains/afglcweb/leuk.php' not found or unable to stat
[Fri Feb 20 01:14:56.516291 2026] [php:error] [pid 37758] [client 20.24.204.137:0] script '/domains/nsmd2/ioxi-o.php' not found or unable to stat
[Fri Feb 20 01:14:56.679615 2026] [php:error] [pid 37738] [client 20.46.124.66:0] script '/domains/afglcweb/xqq.php' not found or unable to stat
[Fri Feb 20 01:14:56.738174 2026] [php:error] [pid 37758] [client 20.24.204.137:0] script '/domains/nsmd2/manager.php' not found or unable to stat
[Fri Feb 20 01:14:56.950434 2026] [php:error] [pid 37761] [client 74.248.96.218:0] script '/domains/emsco1/byp8.php' not found or unable to stat
[Fri Feb 20 01:14:56.960114 2026] [php:error] [pid 37758] [client 20.24.204.137:0] script '/domains/nsmd2/wp-update.php' not found or unable to stat
[Fri Feb 20 01:14:57.018245 2026] [php:error] [pid 37738] [client 20.46.124.66:0] script '/domains/afglcweb/kolda.php' not found or unable to stat
[Fri Feb 20 01:14:57.180167 2026] [php:error] [pid 37738] [client 20.46.124.66:0] script '/domains/afglcweb/nw.php' not found or unable to stat
[Fri Feb 20 01:14:57.180378 2026] [php:error] [pid 37758] [client 20.24.204.137:0] script '/domains/nsmd2/file.php' not found or unable to stat
[Fri Feb 20 01:14:57.338620 2026] [php:error] [pid 37738] [client 20.46.124.66:0] script '/domains/afglcweb/god.php' not found or unable to stat
[Fri Feb 20 01:14:57.502479 2026] [php:error] [pid 37738] [client 20.46.124.66:0] script '/domains/afglcweb/666.php' not found or unable to stat
[Fri Feb 20 01:14:57.620676 2026] [php:error] [pid 37758] [client 20.24.204.137:0] script '/domains/nsmd2/lc.php' not found or unable to stat
[Fri Feb 20 01:14:57.794894 2026] [php:error] [pid 37738] [client 20.46.124.66:0] script '/domains/afglcweb/kj.php' not found or unable to stat
[Fri Feb 20 01:14:57.840548 2026] [php:error] [pid 37758] [client 20.24.204.137:0] script '/domains/nsmd2/cbrfo.php' not found or unable to stat
[Fri Feb 20 01:14:57.952960 2026] [php:error] [pid 37738] [client 20.46.124.66:0] script '/domains/afglcweb/un.php' not found or unable to stat
[Fri Feb 20 01:14:58.060209 2026] [php:error] [pid 37758] [client 20.24.204.137:0] script '/domains/nsmd2/inc.php' not found or unable to stat
[Fri Feb 20 01:14:58.117543 2026] [php:error] [pid 37738] [client 20.46.124.66:0] script '/domains/afglcweb/fs.php' not found or unable to stat
[Fri Feb 20 01:14:58.275526 2026] [php:error] [pid 37738] [client 20.46.124.66:0] script '/domains/afglcweb/ms.php' not found or unable to stat
[Fri Feb 20 01:14:58.433308 2026] [php:error] [pid 37738] [client 20.46.124.66:0] script '/domains/afglcweb/login8.php' not found or unable to stat
[Fri Feb 20 01:14:58.508649 2026] [php:error] [pid 37763] [client 20.24.204.137:0] script '/domains/nsmd2/gifclass.php' not found or unable to stat
[Fri Feb 20 01:14:58.591401 2026] [php:error] [pid 37738] [client 20.46.124.66:0] script '/domains/afglcweb/nnyvn.php' not found or unable to stat
[Fri Feb 20 01:14:58.739934 2026] [php:error] [pid 37763] [client 20.24.204.137:0] script '/domains/nsmd2/miansha.php' not found or unable to stat
[Fri Feb 20 01:14:58.844400 2026] [php:error] [pid 37738] [client 20.46.124.66:0] script '/domains/afglcweb/cu.php' not found or unable to stat
[Fri Feb 20 01:14:58.964109 2026] [php:error] [pid 37763] [client 20.24.204.137:0] script '/domains/nsmd2/tinyfilemanager.php' not found or unable to stat
[Fri Feb 20 01:14:59.002230 2026] [php:error] [pid 37738] [client 20.46.124.66:0] script '/domains/afglcweb/lul.php' not found or unable to stat
[Fri Feb 20 01:14:59.163079 2026] [php:error] [pid 37738] [client 20.46.124.66:0] script '/domains/afglcweb/0.php' not found or unable to stat
[Fri Feb 20 01:14:59.185844 2026] [php:error] [pid 37763] [client 20.24.204.137:0] script '/domains/nsmd2/admin.php' not found or unable to stat
[Fri Feb 20 01:14:59.321093 2026] [php:error] [pid 37738] [client 20.46.124.66:0] script '/domains/afglcweb/ms-edit.php' not found or unable to stat
[Fri Feb 20 01:14:59.406579 2026] [php:error] [pid 37763] [client 20.24.204.137:0] script '/domains/nsmd2/ok.php' not found or unable to stat
[Fri Feb 20 01:14:59.480095 2026] [php:error] [pid 37738] [client 20.46.124.66:0] script '/domains/afglcweb/ya.php' not found or unable to stat
[Fri Feb 20 01:14:59.627824 2026] [php:error] [pid 37763] [client 20.24.204.137:0] script '/domains/nsmd2/fi.php' not found or unable to stat
[Fri Feb 20 01:14:59.638493 2026] [php:error] [pid 37738] [client 20.46.124.66:0] script '/domains/afglcweb/grsiuk.php' not found or unable to stat
[Fri Feb 20 01:14:59.852849 2026] [php:error] [pid 37763] [client 20.24.204.137:0] script '/domains/nsmd2/muzu.php' not found or unable to stat
[Fri Feb 20 01:15:00.074115 2026] [php:error] [pid 37763] [client 20.24.204.137:0] script '/domains/nsmd2/reze.php' not found or unable to stat
[Fri Feb 20 01:15:00.099807 2026] [php:error] [pid 37738] [client 20.46.124.66:0] script '/domains/afglcweb/wp-blog.php' not found or unable to stat
[Fri Feb 20 01:15:00.257680 2026] [php:error] [pid 37738] [client 20.46.124.66:0] script '/domains/afglcweb/wp-access.php' not found or unable to stat
[Fri Feb 20 01:15:00.295134 2026] [php:error] [pid 37763] [client 20.24.204.137:0] script '/domains/nsmd2/styll.php' not found or unable to stat
[Fri Feb 20 01:15:00.415847 2026] [php:error] [pid 37738] [client 20.46.124.66:0] script '/domains/afglcweb/a1vx.php' not found or unable to stat
[Fri Feb 20 01:15:00.516816 2026] [php:error] [pid 37763] [client 20.24.204.137:0] script '/domains/nsmd2/x7.php' not found or unable to stat
[Fri Feb 20 01:15:00.713118 2026] [php:error] [pid 37738] [client 20.46.124.66:0] script '/domains/afglcweb/sbhu.php' not found or unable to stat
[Fri Feb 20 01:15:00.739494 2026] [php:error] [pid 37763] [client 20.24.204.137:0] script '/domains/nsmd2/thebe.php' not found or unable to stat
[Fri Feb 20 01:15:00.875186 2026] [php:error] [pid 37738] [client 20.46.124.66:0] script '/domains/afglcweb/wp-the.php' not found or unable to stat
[Fri Feb 20 01:15:00.961315 2026] [php:error] [pid 37763] [client 20.24.204.137:0] script '/domains/nsmd2/ddd.php' not found or unable to stat
[Fri Feb 20 01:15:01.033213 2026] [php:error] [pid 37738] [client 20.46.124.66:0] script '/domains/afglcweb/06.php' not found or unable to stat
[Fri Feb 20 01:15:01.182487 2026] [php:error] [pid 37763] [client 20.24.204.137:0] script '/domains/nsmd2/bgymj.php' not found or unable to stat
[Fri Feb 20 01:15:01.199897 2026] [php:error] [pid 37738] [client 20.46.124.66:0] script '/domains/afglcweb/wp5.php' not found or unable to stat
[Fri Feb 20 01:15:01.357713 2026] [php:error] [pid 37738] [client 20.46.124.66:0] script '/domains/afglcweb/fot.php' not found or unable to stat
[Fri Feb 20 01:15:01.403380 2026] [php:error] [pid 37763] [client 20.24.204.137:0] script '/domains/nsmd2/8xyz.php' not found or unable to stat
[Fri Feb 20 01:15:01.554143 2026] [php:error] [pid 37738] [client 20.46.124.66:0] script '/domains/afglcweb/ff1.php' not found or unable to stat
[Fri Feb 20 01:15:01.634210 2026] [php:error] [pid 37763] [client 20.24.204.137:0] script '/domains/nsmd2/ioxi.php' not found or unable to stat
[Fri Feb 20 01:15:01.718701 2026] [php:error] [pid 37738] [client 20.46.124.66:0] script '/domains/afglcweb/forbidals.php' not found or unable to stat
[Fri Feb 20 01:15:01.858702 2026] [php:error] [pid 37763] [client 20.24.204.137:0] script '/domains/nsmd2/xpwer1.php' not found or unable to stat
[Fri Feb 20 01:15:01.883031 2026] [php:error] [pid 37738] [client 20.46.124.66:0] script '/domains/afglcweb/erty.php' not found or unable to stat
[Fri Feb 20 01:15:02.079794 2026] [php:error] [pid 37763] [client 20.24.204.137:0] script '/domains/nsmd2/lala.php' not found or unable to stat
[Fri Feb 20 01:15:02.085544 2026] [php:error] [pid 37738] [client 20.46.124.66:0] script '/domains/afglcweb/dev1s.php' not found or unable to stat
[Fri Feb 20 01:15:02.244220 2026] [php:error] [pid 37738] [client 20.46.124.66:0] script '/domains/afglcweb/ffd.php' not found or unable to stat
[Fri Feb 20 01:15:02.300782 2026] [php:error] [pid 37763] [client 20.24.204.137:0] script '/domains/nsmd2/about.php' not found or unable to stat
[Fri Feb 20 01:15:02.402439 2026] [php:error] [pid 37738] [client 20.46.124.66:0] script '/domains/afglcweb/admiin.php' not found or unable to stat
[Fri Feb 20 01:15:02.561160 2026] [php:error] [pid 37738] [client 20.46.124.66:0] script '/domains/afglcweb/ol.php' not found or unable to stat
[Fri Feb 20 01:15:02.719318 2026] [php:error] [pid 37738] [client 20.46.124.66:0] script '/domains/afglcweb/Sanskrit.php' not found or unable to stat
[Fri Feb 20 01:15:02.877599 2026] [php:error] [pid 37738] [client 20.46.124.66:0] script '/domains/afglcweb/vxrl.php' not found or unable to stat
[Fri Feb 20 01:15:03.036049 2026] [php:error] [pid 37738] [client 20.46.124.66:0] script '/domains/afglcweb/re.php' not found or unable to stat
[Fri Feb 20 01:15:03.273623 2026] [php:error] [pid 37738] [client 20.46.124.66:0] script '/domains/afglcweb/num.php' not found or unable to stat
[Fri Feb 20 01:15:03.408345 2026] [php:error] [pid 37763] [client 20.24.204.137:0] script '/domains/nsmd2/info.php' not found or unable to stat
[Fri Feb 20 01:15:03.431178 2026] [php:error] [pid 37738] [client 20.46.124.66:0] script '/domains/afglcweb/axx.php' not found or unable to stat
[Fri Feb 20 01:15:03.628760 2026] [php:error] [pid 37763] [client 20.24.204.137:0] script '/domains/nsmd2/about.php' not found or unable to stat
[Fri Feb 20 01:15:03.763650 2026] [php:error] [pid 37738] [client 20.46.124.66:0] script '/domains/afglcweb/vxrl.php' not found or unable to stat
[Fri Feb 20 01:15:03.932202 2026] [php:error] [pid 37738] [client 20.46.124.66:0] script '/domains/afglcweb/in.php' not found or unable to stat
[Fri Feb 20 01:15:04.071517 2026] [php:error] [pid 37763] [client 20.24.204.137:0] script '/domains/nsmd2/222.php' not found or unable to stat
[Fri Feb 20 01:15:04.116543 2026] [php:error] [pid 37738] [client 20.46.124.66:0] script '/domains/afglcweb/style.php' not found or unable to stat
[Fri Feb 20 01:15:04.275692 2026] [php:error] [pid 37738] [client 20.46.124.66:0] script '/domains/afglcweb/we.php' not found or unable to stat
[Fri Feb 20 01:15:04.292271 2026] [php:error] [pid 37763] [client 20.24.204.137:0] script '/domains/nsmd2/adminfuns.php' not found or unable to stat
[Fri Feb 20 01:15:04.434883 2026] [php:error] [pid 37738] [client 20.46.124.66:0] script '/domains/afglcweb/zwso.php' not found or unable to stat
[Fri Feb 20 01:15:04.593073 2026] [php:error] [pid 37738] [client 20.46.124.66:0] script '/domains/afglcweb/karak.php' not found or unable to stat
[Fri Feb 20 01:15:04.738775 2026] [php:error] [pid 37763] [client 20.24.204.137:0] script '/domains/nsmd2/xx.php' not found or unable to stat
[Fri Feb 20 01:15:04.752539 2026] [php:error] [pid 37738] [client 20.46.124.66:0] script '/domains/afglcweb/prv8.php' not found or unable to stat
[Fri Feb 20 01:15:04.923437 2026] [php:error] [pid 37738] [client 20.46.124.66:0] script '/domains/afglcweb/i.php' not found or unable to stat
[Fri Feb 20 01:15:05.081386 2026] [php:error] [pid 37738] [client 20.46.124.66:0] script '/domains/afglcweb/a.php' not found or unable to stat
[Fri Feb 20 01:15:05.198580 2026] [php:error] [pid 37763] [client 20.24.204.137:0] script '/domains/nsmd2/f5.php' not found or unable to stat
[Fri Feb 20 01:15:05.247641 2026] [php:error] [pid 37738] [client 20.46.124.66:0] script '/domains/afglcweb/xmlrpc.php' not found or unable to stat
[Fri Feb 20 01:15:05.414388 2026] [php:error] [pid 37738] [client 20.46.124.66:0] script '/domains/afglcweb/aw.php' not found or unable to stat
[Fri Feb 20 01:15:05.423051 2026] [php:error] [pid 37763] [client 20.24.204.137:0] script '/domains/nsmd2/flower.php' not found or unable to stat
[Fri Feb 20 01:15:05.577085 2026] [php:error] [pid 37738] [client 20.46.124.66:0] script '/domains/afglcweb/dev.php' not found or unable to stat
[Fri Feb 20 01:15:05.645827 2026] [php:error] [pid 37763] [client 20.24.204.137:0] script '/domains/nsmd2/f6.php' not found or unable to stat
[Fri Feb 20 01:15:05.735473 2026] [php:error] [pid 37738] [client 20.46.124.66:0] script '/domains/afglcweb/lock360.php' not found or unable to stat
[Fri Feb 20 01:15:05.868139 2026] [php:error] [pid 37763] [client 20.24.204.137:0] script '/domains/nsmd2/edit.php' not found or unable to stat
[Fri Feb 20 01:15:05.902076 2026] [php:error] [pid 37738] [client 20.46.124.66:0] script '/domains/afglcweb/155.php' not found or unable to stat
[Fri Feb 20 01:15:06.062139 2026] [php:error] [pid 37738] [client 20.46.124.66:0] script '/domains/afglcweb/goat.php' not found or unable to stat
[Fri Feb 20 01:15:06.219947 2026] [php:error] [pid 37738] [client 20.46.124.66:0] script '/domains/afglcweb/tcp.php' not found or unable to stat
[Fri Feb 20 01:15:06.377588 2026] [php:error] [pid 37738] [client 20.46.124.66:0] script '/domains/afglcweb/ext.php' not found or unable to stat
[Fri Feb 20 01:15:06.531815 2026] [php:error] [pid 37763] [client 20.24.204.137:0] script '/domains/nsmd2/av.php' not found or unable to stat
[Fri Feb 20 01:15:06.543785 2026] [php:error] [pid 37738] [client 20.46.124.66:0] script '/domains/afglcweb/inputs.php' not found or unable to stat
[Fri Feb 20 01:15:06.708276 2026] [php:error] [pid 37738] [client 20.46.124.66:0] script '/domains/afglcweb/ioxi.php' not found or unable to stat
[Fri Feb 20 01:15:06.866126 2026] [php:error] [pid 37738] [client 20.46.124.66:0] script '/domains/afglcweb/fe5.php' not found or unable to stat
[Fri Feb 20 01:15:06.974012 2026] [php:error] [pid 37763] [client 20.24.204.137:0] script '/domains/nsmd2/wsd.php' not found or unable to stat
[Fri Feb 20 01:15:07.023724 2026] [php:error] [pid 37738] [client 20.46.124.66:0] script '/domains/afglcweb/ov.php' not found or unable to stat
[Fri Feb 20 01:15:07.195774 2026] [php:error] [pid 37763] [client 20.24.204.137:0] script '/domains/nsmd2/jane.php' not found or unable to stat
[Fri Feb 20 01:15:07.348915 2026] [php:error] [pid 37738] [client 20.46.124.66:0] script '/domains/afglcweb/default.php' not found or unable to stat
[Fri Feb 20 01:15:07.416700 2026] [php:error] [pid 37763] [client 20.24.204.137:0] script '/domains/nsmd2/css.php' not found or unable to stat
[Fri Feb 20 01:15:07.638313 2026] [php:error] [pid 37763] [client 20.24.204.137:0] script '/domains/nsmd2/alfa.php' not found or unable to stat
[Fri Feb 20 01:15:07.697475 2026] [php:error] [pid 37738] [client 20.46.124.66:0] script '/domains/afglcweb/goods.php' not found or unable to stat
[Fri Feb 20 01:15:07.867389 2026] [php:error] [pid 37763] [client 20.24.204.137:0] script '/domains/nsmd2/wen.php' not found or unable to stat
[Fri Feb 20 01:15:07.909632 2026] [php:error] [pid 37738] [client 20.46.124.66:0] script '/domains/afglcweb/abcd.php' not found or unable to stat
[Fri Feb 20 01:15:08.076594 2026] [php:error] [pid 37738] [client 20.46.124.66:0] script '/domains/afglcweb/class.1.php' not found or unable to stat
[Fri Feb 20 01:15:08.092590 2026] [php:error] [pid 37763] [client 20.24.204.137:0] script '/domains/nsmd2/x.php' not found or unable to stat
[Fri Feb 20 01:15:08.234834 2026] [php:error] [pid 37738] [client 20.46.124.66:0] script '/domains/afglcweb/async.php' not found or unable to stat
[Fri Feb 20 01:15:08.313431 2026] [php:error] [pid 37763] [client 20.24.204.137:0] script '/domains/nsmd2/xxxx.php' not found or unable to stat
[Fri Feb 20 01:15:08.407150 2026] [php:error] [pid 37738] [client 20.46.124.66:0] script '/domains/afglcweb/ff.php' not found or unable to stat
[Fri Feb 20 01:15:08.534836 2026] [php:error] [pid 37763] [client 20.24.204.137:0] script '/domains/nsmd2/class.php' not found or unable to stat
[Fri Feb 20 01:15:08.571862 2026] [php:error] [pid 37738] [client 20.46.124.66:0] script '/domains/afglcweb/ioxi-o.php' not found or unable to stat
[Fri Feb 20 01:15:08.730300 2026] [php:error] [pid 37738] [client 20.46.124.66:0] script '/domains/afglcweb/manager.php' not found or unable to stat
[Fri Feb 20 01:15:08.755962 2026] [php:error] [pid 37763] [client 20.24.204.137:0] script '/domains/nsmd2/f35.php' not found or unable to stat
[Fri Feb 20 01:15:08.888538 2026] [php:error] [pid 37738] [client 20.46.124.66:0] script '/domains/afglcweb/wp-update.php' not found or unable to stat
[Fri Feb 20 01:15:09.057963 2026] [php:error] [pid 37738] [client 20.46.124.66:0] script '/domains/afglcweb/file.php' not found or unable to stat
[Fri Feb 20 01:15:09.395762 2026] [php:error] [pid 37738] [client 20.46.124.66:0] script '/domains/afglcweb/lc.php' not found or unable to stat
[Fri Feb 20 01:15:09.553735 2026] [php:error] [pid 37738] [client 20.46.124.66:0] script '/domains/afglcweb/cbrfo.php' not found or unable to stat
[Fri Feb 20 01:15:09.639317 2026] [php:error] [pid 37763] [client 20.24.204.137:0] script '/domains/nsmd2/class-t.api.php' not found or unable to stat
[Fri Feb 20 01:15:09.713543 2026] [php:error] [pid 37738] [client 20.46.124.66:0] script '/domains/afglcweb/inc.php' not found or unable to stat
[Fri Feb 20 01:15:09.860852 2026] [php:error] [pid 37763] [client 20.24.204.137:0] script '/domains/nsmd2/blurbs18.php' not found or unable to stat
[Fri Feb 20 01:15:10.578089 2026] [php:error] [pid 37764] [client 20.46.124.66:0] script '/domains/afglcweb/gifclass.php' not found or unable to stat
[Fri Feb 20 01:15:10.750983 2026] [php:error] [pid 37764] [client 20.46.124.66:0] script '/domains/afglcweb/miansha.php' not found or unable to stat
[Fri Feb 20 01:15:10.926876 2026] [php:error] [pid 37764] [client 20.46.124.66:0] script '/domains/afglcweb/tinyfilemanager.php' not found or unable to stat
[Fri Feb 20 01:15:11.093323 2026] [php:error] [pid 37764] [client 20.46.124.66:0] script '/domains/afglcweb/admin.php' not found or unable to stat
[Fri Feb 20 01:15:11.258063 2026] [php:error] [pid 37764] [client 20.46.124.66:0] script '/domains/afglcweb/ok.php' not found or unable to stat
[Fri Feb 20 01:15:11.409794 2026] [php:error] [pid 37763] [client 20.24.204.137:0] script '/domains/nsmd2/bless11.php' not found or unable to stat
[Fri Feb 20 01:15:11.436678 2026] [php:error] [pid 37764] [client 20.46.124.66:0] script '/domains/afglcweb/fi.php' not found or unable to stat
[Fri Feb 20 01:15:11.602356 2026] [php:error] [pid 37764] [client 20.46.124.66:0] script '/domains/afglcweb/muzu.php' not found or unable to stat
[Fri Feb 20 01:15:11.630592 2026] [php:error] [pid 37763] [client 20.24.204.137:0] script '/domains/nsmd2/init.php' not found or unable to stat
[Fri Feb 20 01:15:11.768506 2026] [php:error] [pid 37764] [client 20.46.124.66:0] script '/domains/afglcweb/reze.php' not found or unable to stat
[Fri Feb 20 01:15:11.933467 2026] [php:error] [pid 37764] [client 20.46.124.66:0] script '/domains/afglcweb/styll.php' not found or unable to stat
[Fri Feb 20 01:15:12.072931 2026] [php:error] [pid 37763] [client 20.24.204.137:0] script '/domains/nsmd2/k.php' not found or unable to stat
[Fri Feb 20 01:15:12.098275 2026] [php:error] [pid 37764] [client 20.46.124.66:0] script '/domains/afglcweb/x7.php' not found or unable to stat
[Fri Feb 20 01:15:12.273773 2026] [php:error] [pid 37764] [client 20.46.124.66:0] script '/domains/afglcweb/thebe.php' not found or unable to stat
[Fri Feb 20 01:15:12.294176 2026] [php:error] [pid 37763] [client 20.24.204.137:0] script '/domains/nsmd2/bless.php' not found or unable to stat
[Fri Feb 20 01:15:12.458445 2026] [php:error] [pid 37764] [client 20.46.124.66:0] script '/domains/afglcweb/ddd.php' not found or unable to stat
[Fri Feb 20 01:15:12.514893 2026] [php:error] [pid 37763] [client 20.24.204.137:0] script '/domains/nsmd2/X7x.php' not found or unable to stat
[Fri Feb 20 01:15:12.623406 2026] [php:error] [pid 37764] [client 20.46.124.66:0] script '/domains/afglcweb/bgymj.php' not found or unable to stat
[Fri Feb 20 01:15:12.736027 2026] [php:error] [pid 37763] [client 20.24.204.137:0] script '/domains/nsmd2/166.php' not found or unable to stat
[Fri Feb 20 01:15:12.820428 2026] [php:error] [pid 37764] [client 20.46.124.66:0] script '/domains/afglcweb/8xyz.php' not found or unable to stat
[Fri Feb 20 01:15:12.956966 2026] [php:error] [pid 37763] [client 20.24.204.137:0] script '/domains/nsmd2/plss3.php' not found or unable to stat
[Fri Feb 20 01:15:12.986319 2026] [php:error] [pid 37764] [client 20.46.124.66:0] script '/domains/afglcweb/ioxi.php' not found or unable to stat
[Fri Feb 20 01:15:13.362464 2026] [php:error] [pid 37764] [client 20.46.124.66:0] script '/domains/afglcweb/xpwer1.php' not found or unable to stat
[Fri Feb 20 01:15:13.404140 2026] [php:error] [pid 37763] [client 20.24.204.137:0] script '/domains/nsmd2/admins.php' not found or unable to stat
[Fri Feb 20 01:15:13.527887 2026] [php:error] [pid 37764] [client 20.46.124.66:0] script '/domains/afglcweb/lala.php' not found or unable to stat
[Fri Feb 20 01:15:13.625333 2026] [php:error] [pid 37763] [client 20.24.204.137:0] script '/domains/nsmd2/wp.php' not found or unable to stat
[Fri Feb 20 01:15:13.846358 2026] [php:error] [pid 37763] [client 20.24.204.137:0] script '/domains/nsmd2/main.php' not found or unable to stat
[Fri Feb 20 01:15:14.075575 2026] [php:error] [pid 37763] [client 20.24.204.137:0] script '/domains/nsmd2/a1.php' not found or unable to stat
[Fri Feb 20 01:15:14.219851 2026] [php:error] [pid 37764] [client 20.46.124.66:0] script '/domains/afglcweb/about.php' not found or unable to stat
[Fri Feb 20 01:15:14.301516 2026] [php:error] [pid 37763] [client 20.24.204.137:0] script '/domains/nsmd2/lala.php' not found or unable to stat
[Fri Feb 20 01:15:14.522969 2026] [php:error] [pid 37763] [client 20.24.204.137:0] script '/domains/nsmd2/aaa.php' not found or unable to stat
[Fri Feb 20 01:15:14.743558 2026] [php:error] [pid 37763] [client 20.24.204.137:0] script '/domains/nsmd2/a2.php' not found or unable to stat
[Fri Feb 20 01:15:15.195159 2026] [php:error] [pid 37763] [client 20.24.204.137:0] script '/domains/nsmd2/jsond.php' not found or unable to stat
[Fri Feb 20 01:15:15.308370 2026] [php:error] [pid 37764] [client 20.46.124.66:0] script '/domains/afglcweb/info.php' not found or unable to stat
[Fri Feb 20 01:15:15.490328 2026] [php:error] [pid 37764] [client 20.46.124.66:0] script '/domains/afglcweb/about.php' not found or unable to stat
[Fri Feb 20 01:15:15.823783 2026] [php:error] [pid 37764] [client 20.46.124.66:0] script '/domains/afglcweb/222.php' not found or unable to stat
[Fri Feb 20 01:15:15.988691 2026] [php:error] [pid 37764] [client 20.46.124.66:0] script '/domains/afglcweb/adminfuns.php' not found or unable to stat
[Fri Feb 20 01:15:16.320030 2026] [php:error] [pid 37764] [client 20.46.124.66:0] script '/domains/afglcweb/xx.php' not found or unable to stat
[Fri Feb 20 01:15:16.738084 2026] [php:error] [pid 37764] [client 20.46.124.66:0] script '/domains/afglcweb/f5.php' not found or unable to stat
[Fri Feb 20 01:15:16.914362 2026] [php:error] [pid 37764] [client 20.46.124.66:0] script '/domains/afglcweb/flower.php' not found or unable to stat
[Fri Feb 20 01:15:17.087954 2026] [php:error] [pid 37764] [client 20.46.124.66:0] script '/domains/afglcweb/f6.php' not found or unable to stat
[Fri Feb 20 01:15:17.268783 2026] [php:error] [pid 37764] [client 20.46.124.66:0] script '/domains/afglcweb/edit.php' not found or unable to stat
[Fri Feb 20 01:15:17.762654 2026] [php:error] [pid 37764] [client 20.46.124.66:0] script '/domains/afglcweb/av.php' not found or unable to stat
[Fri Feb 20 01:15:18.110082 2026] [php:error] [pid 37764] [client 20.46.124.66:0] script '/domains/afglcweb/wsd.php' not found or unable to stat
[Fri Feb 20 01:15:18.285938 2026] [php:error] [pid 37764] [client 20.46.124.66:0] script '/domains/afglcweb/jane.php' not found or unable to stat
[Fri Feb 20 01:15:18.450875 2026] [php:error] [pid 37764] [client 20.46.124.66:0] script '/domains/afglcweb/css.php' not found or unable to stat
[Fri Feb 20 01:15:18.628361 2026] [php:error] [pid 37764] [client 20.46.124.66:0] script '/domains/afglcweb/alfa.php' not found or unable to stat
[Fri Feb 20 01:15:18.870055 2026] [php:error] [pid 37764] [client 20.46.124.66:0] script '/domains/afglcweb/wen.php' not found or unable to stat
[Fri Feb 20 01:15:19.067566 2026] [php:error] [pid 37764] [client 20.46.124.66:0] script '/domains/afglcweb/x.php' not found or unable to stat
[Fri Feb 20 01:15:19.232486 2026] [php:error] [pid 37764] [client 20.46.124.66:0] script '/domains/afglcweb/xxxx.php' not found or unable to stat
[Fri Feb 20 01:15:19.414443 2026] [php:error] [pid 37764] [client 20.46.124.66:0] script '/domains/afglcweb/class.php' not found or unable to stat
[Fri Feb 20 01:15:19.594599 2026] [php:error] [pid 37764] [client 20.46.124.66:0] script '/domains/afglcweb/f35.php' not found or unable to stat
[Fri Feb 20 01:15:20.303592 2026] [php:error] [pid 37764] [client 20.46.124.66:0] script '/domains/afglcweb/class-t.api.php' not found or unable to stat
[Fri Feb 20 01:15:20.468502 2026] [php:error] [pid 37764] [client 20.46.124.66:0] script '/domains/afglcweb/blurbs18.php' not found or unable to stat
[Fri Feb 20 01:15:21.724269 2026] [php:error] [pid 37764] [client 20.46.124.66:0] script '/domains/afglcweb/bless11.php' not found or unable to stat
[Fri Feb 20 01:15:21.953763 2026] [php:error] [pid 37764] [client 20.46.124.66:0] script '/domains/afglcweb/init.php' not found or unable to stat
[Fri Feb 20 01:15:22.338362 2026] [php:error] [pid 37764] [client 20.46.124.66:0] script '/domains/afglcweb/k.php' not found or unable to stat
[Fri Feb 20 01:15:22.503413 2026] [php:error] [pid 37764] [client 20.46.124.66:0] script '/domains/afglcweb/bless.php' not found or unable to stat
[Fri Feb 20 01:15:22.674336 2026] [php:error] [pid 37764] [client 20.46.124.66:0] script '/domains/afglcweb/X7x.php' not found or unable to stat
[Fri Feb 20 01:15:22.852853 2026] [php:error] [pid 37764] [client 20.46.124.66:0] script '/domains/afglcweb/166.php' not found or unable to stat
[Fri Feb 20 01:15:23.053719 2026] [php:error] [pid 37764] [client 20.46.124.66:0] script '/domains/afglcweb/plss3.php' not found or unable to stat
[Fri Feb 20 01:15:23.397188 2026] [php:error] [pid 37764] [client 20.46.124.66:0] script '/domains/afglcweb/admins.php' not found or unable to stat
[Fri Feb 20 01:15:23.561997 2026] [php:error] [pid 37764] [client 20.46.124.66:0] script '/domains/afglcweb/wp.php' not found or unable to stat
[Fri Feb 20 01:15:23.739643 2026] [php:error] [pid 37764] [client 20.46.124.66:0] script '/domains/afglcweb/main.php' not found or unable to stat
[Fri Feb 20 01:15:23.923480 2026] [php:error] [pid 37764] [client 20.46.124.66:0] script '/domains/afglcweb/a1.php' not found or unable to stat
[Fri Feb 20 01:15:24.088905 2026] [php:error] [pid 37764] [client 20.46.124.66:0] script '/domains/afglcweb/lala.php' not found or unable to stat
[Fri Feb 20 01:15:24.266645 2026] [php:error] [pid 37764] [client 20.46.124.66:0] script '/domains/afglcweb/aaa.php' not found or unable to stat
[Fri Feb 20 01:15:24.438694 2026] [php:error] [pid 37764] [client 20.46.124.66:0] script '/domains/afglcweb/a2.php' not found or unable to stat
[Fri Feb 20 01:15:24.769851 2026] [php:error] [pid 37764] [client 20.46.124.66:0] script '/domains/afglcweb/jsond.php' not found or unable to stat
[Fri Feb 20 01:16:14.957325 2026] [php:error] [pid 37790] [client 182.185.167.14:0] script '/domains/bels/xmlrpc.php' not found or unable to stat
[Fri Feb 20 01:16:32.278414 2026] [php:error] [pid 37764] [client 169.150.203.197:0] script '/domains/navarrospring/xmlrpc.php' not found or unable to stat
[Fri Feb 20 01:17:58.450179 2026] [php:error] [pid 37801] [client 103.253.27.132:0] script '/domains/hdickens.enteract/xmlrpc.php' not found or unable to stat, referer: https://thirdcoastvolleyball.com/blog//wp-login.php
[Fri Feb 20 01:21:22.025797 2026] [php:error] [pid 37829] [client 103.203.73.247:0] script '/domains/bels/xmlrpc.php' not found or unable to stat
[Fri Feb 20 01:23:13.619263 2026] [php:error] [pid 37858] [client 20.111.44.121:0] script '/domains/highlandlabs/byp8.php' not found or unable to stat
[Fri Feb 20 01:24:47.814334 2026] [php:error] [pid 37873] [client 145.239.10.137:0] script '/domains/system_suspended/gmo.php' not found or unable to stat, referer: http://technicalmachine.com/gmo.php
[Fri Feb 20 01:24:47.830265 2026] [php:error] [pid 37868] [client 145.239.10.137:0] script '/domains/system_suspended/go.php' not found or unable to stat, referer: http://technicalmachine.com/go.php
[Fri Feb 20 01:24:47.839084 2026] [php:error] [pid 37861] [client 40.83.92.30:0] script '/domains/testregisgroup/kkkk.php' not found or unable to stat
[Fri Feb 20 01:24:48.263766 2026] [php:error] [pid 37861] [client 40.83.92.30:0] script '/domains/testregisgroup/wp-node.php' not found or unable to stat
[Fri Feb 20 01:24:48.689324 2026] [php:error] [pid 37861] [client 40.83.92.30:0] script '/domains/testregisgroup/wp-cron.php' not found or unable to stat
[Fri Feb 20 01:24:50.394191 2026] [php:error] [pid 37861] [client 40.83.92.30:0] script '/domains/testregisgroup/info.php' not found or unable to stat
[Fri Feb 20 01:24:51.662274 2026] [php:error] [pid 37861] [client 40.83.92.30:0] script '/domains/testregisgroup/ilesystem-direct.php' not found or unable to stat
[Fri Feb 20 01:24:52.087290 2026] [php:error] [pid 37861] [client 40.83.92.30:0] script '/domains/testregisgroup/posts_sitemap.php' not found or unable to stat
[Fri Feb 20 01:24:52.298838 2026] [php:error] [pid 37861] [client 40.83.92.30:0] script '/domains/testregisgroup/SITEPATHwp-load.php' not found or unable to stat
[Fri Feb 20 01:24:52.510217 2026] [php:error] [pid 37861] [client 40.83.92.30:0] script '/domains/testregisgroup/id_remove.php' not found or unable to stat
[Fri Feb 20 01:24:54.419081 2026] [php:error] [pid 37861] [client 40.83.92.30:0] script '/domains/testregisgroup/wp-blog-header.php' not found or unable to stat
[Fri Feb 20 01:24:54.630391 2026] [php:error] [pid 37861] [client 40.83.92.30:0] script '/domains/testregisgroup/wp-load.php' not found or unable to stat
[Fri Feb 20 01:24:54.842118 2026] [php:error] [pid 37861] [client 40.83.92.30:0] script '/domains/testregisgroup/wp-config.php' not found or unable to stat
[Fri Feb 20 01:24:55.198776 2026] [php:error] [pid 37873] [client 45.132.187.49:0] script '/domains/wsmith.enteract/wp-login.php' not found or unable to stat
[Fri Feb 20 01:24:55.688122 2026] [php:error] [pid 37861] [client 40.83.92.30:0] script '/domains/testregisgroup/wp-settings.php' not found or unable to stat
[Fri Feb 20 01:24:56.534364 2026] [php:error] [pid 37861] [client 40.83.92.30:0] script '/domains/testregisgroup/index.php' not found or unable to stat
[Fri Feb 20 01:24:56.745805 2026] [php:error] [pid 37861] [client 40.83.92.30:0] script '/domains/testregisgroup/wp-conter.php' not found or unable to stat
[Fri Feb 20 01:24:57.595988 2026] [php:error] [pid 37861] [client 40.83.92.30:0] script '/domains/testregisgroup/wp-adminmaintmailer.php' not found or unable to stat
[Fri Feb 20 01:24:58.659687 2026] [php:error] [pid 37861] [client 40.83.92.30:0] script '/domains/testregisgroup/hvoxejcn.php' not found or unable to stat
[Fri Feb 20 01:24:58.871280 2026] [php:error] [pid 37861] [client 40.83.92.30:0] script '/domains/testregisgroup/rasp.php' not found or unable to stat
[Fri Feb 20 01:24:59.593245 2026] [php:error] [pid 37858] [client 45.132.187.49:0] script '/domains/wsmith.enteract/wp-login.php' not found or unable to stat
[Fri Feb 20 01:25:10.995109 2026] [php:error] [pid 37861] [client 24.135.34.32:0] script '/domains/vangoghagainweb/xmlrpc.php' not found or unable to stat
[Fri Feb 20 01:25:20.876108 2026] [php:error] [pid 37873] [client 20.203.180.135:0] script '/domains/efusion1/byp8.php' not found or unable to stat
[Fri Feb 20 01:26:48.315161 2026] [php:error] [pid 37880] [client 136.144.17.97:0] script '/domains/samscars/xmlrpc.php' not found or unable to stat
[Fri Feb 20 01:28:57.374304 2026] [php:error] [pid 37905] [client 4.232.89.175:0] script '/domains/system_default/byp8.php' not found or unable to stat
[Fri Feb 20 01:30:28.910066 2026] [php:error] [pid 37907] [client 20.100.193.95:0] script '/domains/jeffbell/prosellers8.php' not found or unable to stat
[Fri Feb 20 01:30:29.006163 2026] [php:error] [pid 37907] [client 20.100.193.95:0] script '/domains/jeffbell/utchiha_py4mE1XY.php' not found or unable to stat
[Fri Feb 20 01:30:29.108474 2026] [php:error] [pid 37907] [client 20.100.193.95:0] script '/domains/jeffbell/wp-class.php' not found or unable to stat
[Fri Feb 20 01:30:29.204212 2026] [php:error] [pid 37907] [client 20.100.193.95:0] script '/domains/jeffbell/php.php' not found or unable to stat
[Fri Feb 20 01:30:29.314871 2026] [php:error] [pid 37907] [client 20.100.193.95:0] script '/domains/jeffbell/class.php' not found or unable to stat
[Fri Feb 20 01:30:29.410670 2026] [php:error] [pid 37907] [client 20.100.193.95:0] script '/domains/jeffbell/defeg.php' not found or unable to stat
[Fri Feb 20 01:30:29.627633 2026] [php:error] [pid 37907] [client 20.100.193.95:0] script '/domains/jeffbell/C1.php' not found or unable to stat
[Fri Feb 20 01:30:29.734394 2026] [php:error] [pid 37907] [client 20.100.193.95:0] script '/domains/jeffbell/bfasb.php' not found or unable to stat
[Fri Feb 20 01:30:29.831868 2026] [php:error] [pid 37907] [client 20.100.193.95:0] script '/domains/jeffbell/clcdu.php' not found or unable to stat
[Fri Feb 20 01:30:29.927651 2026] [php:error] [pid 37907] [client 20.100.193.95:0] script '/domains/jeffbell/dgmry.php' not found or unable to stat
[Fri Feb 20 01:30:30.025353 2026] [php:error] [pid 37907] [client 20.100.193.95:0] script '/domains/jeffbell/eursi.php' not found or unable to stat
[Fri Feb 20 01:30:30.136561 2026] [php:error] [pid 37907] [client 20.100.193.95:0] script '/domains/jeffbell/gkojz.php' not found or unable to stat
[Fri Feb 20 01:30:30.249415 2026] [php:error] [pid 37907] [client 20.100.193.95:0] script '/domains/jeffbell/isvqf.php' not found or unable to stat
[Fri Feb 20 01:30:30.353866 2026] [php:error] [pid 37907] [client 20.100.193.95:0] script '/domains/jeffbell/ppxhp.php' not found or unable to stat
[Fri Feb 20 01:30:30.471275 2026] [php:error] [pid 37907] [client 20.100.193.95:0] script '/domains/jeffbell/whtrq.php' not found or unable to stat
[Fri Feb 20 01:30:30.580200 2026] [php:error] [pid 37907] [client 20.100.193.95:0] script '/domains/jeffbell/rkiea.php' not found or unable to stat
[Fri Feb 20 01:30:30.693718 2026] [php:error] [pid 37907] [client 20.100.193.95:0] script '/domains/jeffbell/ckk.php' not found or unable to stat
[Fri Feb 20 01:30:30.839593 2026] [php:error] [pid 37907] [client 20.100.193.95:0] script '/domains/jeffbell/baixy.php' not found or unable to stat
[Fri Feb 20 01:30:30.935615 2026] [php:error] [pid 37907] [client 20.100.193.95:0] script '/domains/jeffbell/8xyz.php' not found or unable to stat
[Fri Feb 20 01:30:31.043306 2026] [php:error] [pid 37907] [client 20.100.193.95:0] script '/domains/jeffbell/106.php' not found or unable to stat
[Fri Feb 20 01:30:31.243685 2026] [php:error] [pid 37907] [client 20.100.193.95:0] script '/domains/jeffbell/8.php' not found or unable to stat
[Fri Feb 20 01:30:31.358205 2026] [php:error] [pid 37907] [client 20.100.193.95:0] script '/domains/jeffbell/cwclass.php' not found or unable to stat
[Fri Feb 20 01:30:31.463974 2026] [php:error] [pid 37907] [client 20.100.193.95:0] script '/domains/jeffbell/0x.php' not found or unable to stat
[Fri Feb 20 01:30:31.713257 2026] [php:error] [pid 37907] [client 20.100.193.95:0] script '/domains/jeffbell/41.php' not found or unable to stat
[Fri Feb 20 01:30:31.809758 2026] [php:error] [pid 37907] [client 20.100.193.95:0] script '/domains/jeffbell/ww.php' not found or unable to stat
[Fri Feb 20 01:30:31.907375 2026] [php:error] [pid 37907] [client 20.100.193.95:0] script '/domains/jeffbell/motu.php' not found or unable to stat
[Fri Feb 20 01:30:32.033429 2026] [php:error] [pid 37907] [client 20.100.193.95:0] script '/domains/jeffbell/elp.php' not found or unable to stat
[Fri Feb 20 01:30:32.130141 2026] [php:error] [pid 37907] [client 20.100.193.95:0] script '/domains/jeffbell/mjq.php' not found or unable to stat
[Fri Feb 20 01:30:32.236550 2026] [php:error] [pid 37907] [client 20.100.193.95:0] script '/domains/jeffbell/zu.php' not found or unable to stat
[Fri Feb 20 01:30:32.332901 2026] [php:error] [pid 37907] [client 20.100.193.95:0] script '/domains/jeffbell/ws53.php' not found or unable to stat
[Fri Feb 20 01:30:32.435178 2026] [php:error] [pid 37907] [client 20.100.193.95:0] script '/domains/jeffbell/ws56.php' not found or unable to stat
[Fri Feb 20 01:30:32.530970 2026] [php:error] [pid 37907] [client 20.100.193.95:0] script '/domains/jeffbell/ws58.php' not found or unable to stat
[Fri Feb 20 01:30:32.694698 2026] [php:error] [pid 37907] [client 20.100.193.95:0] script '/domains/jeffbell/ws59.php' not found or unable to stat
[Fri Feb 20 01:30:32.795652 2026] [php:error] [pid 37907] [client 20.100.193.95:0] script '/domains/jeffbell/utchiha_O1JFaUaF.php' not found or unable to stat
[Fri Feb 20 01:30:32.891510 2026] [php:error] [pid 37907] [client 20.100.193.95:0] script '/domains/jeffbell/mga.php' not found or unable to stat
[Fri Feb 20 01:30:32.987583 2026] [php:error] [pid 37907] [client 20.100.193.95:0] script '/domains/jeffbell/mds.php' not found or unable to stat
[Fri Feb 20 01:30:33.083479 2026] [php:error] [pid 37907] [client 20.100.193.95:0] script '/domains/jeffbell/auth.php' not found or unable to stat
[Fri Feb 20 01:30:33.449640 2026] [php:error] [pid 37907] [client 20.100.193.95:0] script '/domains/jeffbell/iov.php' not found or unable to stat
[Fri Feb 20 01:30:33.546785 2026] [php:error] [pid 37907] [client 20.100.193.95:0] script '/domains/jeffbell/jodohghi.php' not found or unable to stat
[Fri Feb 20 01:30:33.673642 2026] [php:error] [pid 37907] [client 20.100.193.95:0] script '/domains/jeffbell/lmlwpbmm.php' not found or unable to stat
[Fri Feb 20 01:30:33.772713 2026] [php:error] [pid 37907] [client 20.100.193.95:0] script '/domains/jeffbell/users.php' not found or unable to stat
[Fri Feb 20 01:30:33.868845 2026] [php:error] [pid 37907] [client 20.100.193.95:0] script '/domains/jeffbell/ftde.php' not found or unable to stat
[Fri Feb 20 01:30:33.970479 2026] [php:error] [pid 37907] [client 20.100.193.95:0] script '/domains/jeffbell/kbfr.php' not found or unable to stat
[Fri Feb 20 01:31:49.829089 2026] [php:error] [pid 37910] [client 20.100.192.217:0] script '/domains/system_default/d.php' not found or unable to stat
[Fri Feb 20 01:31:49.923496 2026] [php:error] [pid 37910] [client 20.100.192.217:0] script '/domains/system_default/v.php' not found or unable to stat
[Fri Feb 20 01:31:50.018049 2026] [php:error] [pid 37910] [client 20.100.192.217:0] script '/domains/system_default/y.php' not found or unable to stat
[Fri Feb 20 01:31:50.112412 2026] [php:error] [pid 37910] [client 20.100.192.217:0] script '/domains/system_default/42.php' not found or unable to stat
[Fri Feb 20 01:31:50.207094 2026] [php:error] [pid 37910] [client 20.100.192.217:0] script '/domains/system_default/66.php' not found or unable to stat
[Fri Feb 20 01:31:50.302531 2026] [php:error] [pid 37910] [client 20.100.192.217:0] script '/domains/system_default/i.php' not found or unable to stat
[Fri Feb 20 01:31:50.396890 2026] [php:error] [pid 37910] [client 20.100.192.217:0] script '/domains/system_default/9.php' not found or unable to stat
[Fri Feb 20 01:31:50.491197 2026] [php:error] [pid 37910] [client 20.100.192.217:0] script '/domains/system_default/33.php' not found or unable to stat
[Fri Feb 20 01:31:50.585788 2026] [php:error] [pid 37910] [client 20.100.192.217:0] script '/domains/system_default/19.php' not found or unable to stat
