Server : Apache/2.4.62 System : FreeBSD fbsdweb2.web.rcn.net 14.1-RELEASE FreeBSD 14.1-RELEASE releng/14.1-n267679-10e31f0946d8 GENERIC amd64 User : www ( 80) PHP Version : 8.3.8 Disable Function : NONE Directory : /domains/highlandlabs/cqi-bin/ALFA_DATA/alfasymlink/root/var/log/httpd/error/ |
Upload File : |
[Fri Feb 20 00:00:19.638948 2026] [php:error] [pid 37015] [client 158.158.33.103:0] script '/domains/system_suspended/byp8.php' not found or unable to stat
[Fri Feb 20 00:00:24.005959 2026] [php:error] [pid 37013] [client 87.106.209.183:0] script '/domains/nealis/userfuns.php' not found or unable to stat, referer: www.google.com
[Fri Feb 20 00:00:37.275729 2026] [php:error] [pid 36996] [client 20.111.62.157:0] script '/domains/deltaele/new4.php' not found or unable to stat
[Fri Feb 20 00:00:37.360628 2026] [php:error] [pid 36996] [client 20.111.62.157:0] script '/domains/deltaele/xoot.php' not found or unable to stat
[Fri Feb 20 00:00:37.445760 2026] [php:error] [pid 36996] [client 20.111.62.157:0] script '/domains/deltaele/er.php' not found or unable to stat
[Fri Feb 20 00:00:37.530784 2026] [php:error] [pid 36996] [client 20.111.62.157:0] script '/domains/deltaele/fault.php' not found or unable to stat
[Fri Feb 20 00:00:37.616323 2026] [php:error] [pid 36996] [client 20.111.62.157:0] script '/domains/deltaele/x2x.php' not found or unable to stat
[Fri Feb 20 00:00:37.733604 2026] [php:error] [pid 36996] [client 20.111.62.157:0] script '/domains/deltaele/motu.php' not found or unable to stat
[Fri Feb 20 00:00:37.827805 2026] [php:error] [pid 36996] [client 20.111.62.157:0] script '/domains/deltaele/66.php' not found or unable to stat
[Fri Feb 20 00:00:37.912983 2026] [php:error] [pid 36996] [client 20.111.62.157:0] script '/domains/deltaele/leuk.php' not found or unable to stat
[Fri Feb 20 00:00:38.037577 2026] [php:error] [pid 36996] [client 20.111.62.157:0] script '/domains/deltaele/bc-456.php' not found or unable to stat
[Fri Feb 20 00:00:38.164808 2026] [php:error] [pid 36996] [client 20.111.62.157:0] script '/domains/deltaele/wo.php' not found or unable to stat
[Fri Feb 20 00:00:38.274803 2026] [php:error] [pid 36996] [client 20.111.62.157:0] script '/domains/deltaele/bvb.php' not found or unable to stat
[Fri Feb 20 00:00:38.360450 2026] [php:error] [pid 36996] [client 20.111.62.157:0] script '/domains/deltaele/xqq.php' not found or unable to stat
[Fri Feb 20 00:00:38.447112 2026] [php:error] [pid 36996] [client 20.111.62.157:0] script '/domains/deltaele/kolda.php' not found or unable to stat
[Fri Feb 20 00:00:38.539236 2026] [php:error] [pid 36996] [client 20.111.62.157:0] script '/domains/deltaele/nw.php' not found or unable to stat
[Fri Feb 20 00:00:38.624287 2026] [php:error] [pid 36996] [client 20.111.62.157:0] script '/domains/deltaele/god.php' not found or unable to stat
[Fri Feb 20 00:00:38.729556 2026] [php:error] [pid 36996] [client 20.111.62.157:0] script '/domains/deltaele/666.php' not found or unable to stat
[Fri Feb 20 00:00:38.821104 2026] [php:error] [pid 36996] [client 20.111.62.157:0] script '/domains/deltaele/kj.php' not found or unable to stat
[Fri Feb 20 00:00:38.956192 2026] [php:error] [pid 36996] [client 20.111.62.157:0] script '/domains/deltaele/un.php' not found or unable to stat
[Fri Feb 20 00:00:39.151372 2026] [php:error] [pid 36996] [client 20.111.62.157:0] script '/domains/deltaele/fs.php' not found or unable to stat
[Fri Feb 20 00:00:39.240990 2026] [php:error] [pid 36996] [client 20.111.62.157:0] script '/domains/deltaele/lts.php' not found or unable to stat
[Fri Feb 20 00:00:39.351261 2026] [php:error] [pid 36996] [client 20.111.62.157:0] script '/domains/deltaele/ms.php' not found or unable to stat
[Fri Feb 20 00:00:39.436573 2026] [php:error] [pid 36996] [client 20.111.62.157:0] script '/domains/deltaele/login8.php' not found or unable to stat
[Fri Feb 20 00:00:39.521689 2026] [php:error] [pid 36996] [client 20.111.62.157:0] script '/domains/deltaele/nnyvn.php' not found or unable to stat
[Fri Feb 20 00:00:39.649352 2026] [php:error] [pid 36996] [client 20.111.62.157:0] script '/domains/deltaele/cu.php' not found or unable to stat
[Fri Feb 20 00:00:39.734681 2026] [php:error] [pid 36996] [client 20.111.62.157:0] script '/domains/deltaele/lul.php' not found or unable to stat
[Fri Feb 20 00:00:39.819750 2026] [php:error] [pid 36996] [client 20.111.62.157:0] script '/domains/deltaele/0.php' not found or unable to stat
[Fri Feb 20 00:00:39.915340 2026] [php:error] [pid 36996] [client 20.111.62.157:0] script '/domains/deltaele/ms-edit.php' not found or unable to stat
[Fri Feb 20 00:00:40.001971 2026] [php:error] [pid 36996] [client 20.111.62.157:0] script '/domains/deltaele/ya.php' not found or unable to stat
[Fri Feb 20 00:00:40.088033 2026] [php:error] [pid 36996] [client 20.111.62.157:0] script '/domains/deltaele/grsiuk.php' not found or unable to stat
[Fri Feb 20 00:00:40.228853 2026] [php:error] [pid 36996] [client 20.111.62.157:0] script '/domains/deltaele/wp-blog.php' not found or unable to stat
[Fri Feb 20 00:00:40.313821 2026] [php:error] [pid 36996] [client 20.111.62.157:0] script '/domains/deltaele/ftem.php' not found or unable to stat
[Fri Feb 20 00:00:40.459806 2026] [php:error] [pid 36996] [client 20.111.62.157:0] script '/domains/deltaele/7wom.php' not found or unable to stat
[Fri Feb 20 00:00:40.558832 2026] [php:error] [pid 36996] [client 20.111.62.157:0] script '/domains/deltaele/wp-access.php' not found or unable to stat
[Fri Feb 20 00:00:40.682946 2026] [php:error] [pid 36996] [client 20.111.62.157:0] script '/domains/deltaele/a1vx.php' not found or unable to stat
[Fri Feb 20 00:00:40.793159 2026] [php:error] [pid 36996] [client 20.111.62.157:0] script '/domains/deltaele/sbhu.php' not found or unable to stat
[Fri Feb 20 00:00:40.885803 2026] [php:error] [pid 36996] [client 20.111.62.157:0] script '/domains/deltaele/wp-the.php' not found or unable to stat
[Fri Feb 20 00:00:40.970800 2026] [php:error] [pid 36996] [client 20.111.62.157:0] script '/domains/deltaele/06.php' not found or unable to stat
[Fri Feb 20 00:00:41.056373 2026] [php:error] [pid 36996] [client 20.111.62.157:0] script '/domains/deltaele/wp5.php' not found or unable to stat
[Fri Feb 20 00:00:41.142163 2026] [php:error] [pid 36996] [client 20.111.62.157:0] script '/domains/deltaele/fot.php' not found or unable to stat
[Fri Feb 20 00:00:41.311725 2026] [php:error] [pid 36996] [client 20.111.62.157:0] script '/domains/deltaele/ff1.php' not found or unable to stat
[Fri Feb 20 00:00:41.398082 2026] [php:error] [pid 36996] [client 20.111.62.157:0] script '/domains/deltaele/forbidals.php' not found or unable to stat
[Fri Feb 20 00:00:41.483517 2026] [php:error] [pid 36996] [client 20.111.62.157:0] script '/domains/deltaele/erty.php' not found or unable to stat
[Fri Feb 20 00:00:41.989812 2026] [php:error] [pid 36996] [client 20.111.62.157:0] script '/domains/deltaele/dev1s.php' not found or unable to stat
[Fri Feb 20 00:00:42.441521 2026] [php:error] [pid 36996] [client 20.111.62.157:0] script '/domains/deltaele/ffd.php' not found or unable to stat
[Fri Feb 20 00:00:42.531615 2026] [php:error] [pid 36996] [client 20.111.62.157:0] script '/domains/deltaele/admiin.php' not found or unable to stat
[Fri Feb 20 00:00:42.647221 2026] [php:error] [pid 36996] [client 20.111.62.157:0] script '/domains/deltaele/ol.php' not found or unable to stat
[Fri Feb 20 00:00:42.733430 2026] [php:error] [pid 36996] [client 20.111.62.157:0] script '/domains/deltaele/Sanskrit.php' not found or unable to stat
[Fri Feb 20 00:00:42.818383 2026] [php:error] [pid 36996] [client 20.111.62.157:0] script '/domains/deltaele/vxrl.php' not found or unable to stat
[Fri Feb 20 00:00:43.466296 2026] [php:error] [pid 36996] [client 20.111.62.157:0] script '/domains/deltaele/re.php' not found or unable to stat
[Fri Feb 20 00:00:43.553768 2026] [php:error] [pid 36996] [client 20.111.62.157:0] script '/domains/deltaele/num.php' not found or unable to stat
[Fri Feb 20 00:00:43.658107 2026] [php:error] [pid 36996] [client 20.111.62.157:0] script '/domains/deltaele/axx.php' not found or unable to stat
[Fri Feb 20 00:00:43.748795 2026] [php:error] [pid 36996] [client 20.111.62.157:0] script '/domains/deltaele/vxrl.php' not found or unable to stat
[Fri Feb 20 00:00:43.790730 2026] [php:error] [pid 37002] [client 20.100.192.217:0] script '/domains/system_suspended/d.php' not found or unable to stat
[Fri Feb 20 00:00:43.863054 2026] [php:error] [pid 36996] [client 20.111.62.157:0] script '/domains/deltaele/in.php' not found or unable to stat
[Fri Feb 20 00:00:43.939243 2026] [php:error] [pid 37002] [client 20.100.192.217:0] script '/domains/system_suspended/v.php' not found or unable to stat
[Fri Feb 20 00:00:43.948904 2026] [php:error] [pid 36996] [client 20.111.62.157:0] script '/domains/deltaele/style.php' not found or unable to stat
[Fri Feb 20 00:00:44.071043 2026] [php:error] [pid 37002] [client 20.100.192.217:0] script '/domains/system_suspended/y.php' not found or unable to stat
[Fri Feb 20 00:00:44.165552 2026] [php:error] [pid 37002] [client 20.100.192.217:0] script '/domains/system_suspended/42.php' not found or unable to stat
[Fri Feb 20 00:00:44.237197 2026] [php:error] [pid 36996] [client 20.111.62.157:0] script '/domains/deltaele/we.php' not found or unable to stat
[Fri Feb 20 00:00:44.264096 2026] [php:error] [pid 37002] [client 20.100.192.217:0] script '/domains/system_suspended/66.php' not found or unable to stat
[Fri Feb 20 00:00:44.322730 2026] [php:error] [pid 36996] [client 20.111.62.157:0] script '/domains/deltaele/zwso.php' not found or unable to stat
[Fri Feb 20 00:00:44.357958 2026] [php:error] [pid 37002] [client 20.100.192.217:0] script '/domains/system_suspended/i.php' not found or unable to stat
[Fri Feb 20 00:00:44.434798 2026] [php:error] [pid 36996] [client 20.111.62.157:0] script '/domains/deltaele/karak.php' not found or unable to stat
[Fri Feb 20 00:00:44.451735 2026] [php:error] [pid 37002] [client 20.100.192.217:0] script '/domains/system_suspended/9.php' not found or unable to stat
[Fri Feb 20 00:00:44.546015 2026] [php:error] [pid 37002] [client 20.100.192.217:0] script '/domains/system_suspended/33.php' not found or unable to stat
[Fri Feb 20 00:00:44.546732 2026] [php:error] [pid 36996] [client 20.111.62.157:0] script '/domains/deltaele/trd.php' not found or unable to stat
[Fri Feb 20 00:00:44.641616 2026] [php:error] [pid 37002] [client 20.100.192.217:0] script '/domains/system_suspended/19.php' not found or unable to stat
[Fri Feb 20 00:00:44.651874 2026] [php:error] [pid 36996] [client 20.111.62.157:0] script '/domains/deltaele/past.php' not found or unable to stat
[Fri Feb 20 00:00:44.735853 2026] [php:error] [pid 37002] [client 20.100.192.217:0] script '/domains/system_suspended/as.php' not found or unable to stat
[Fri Feb 20 00:00:44.744084 2026] [php:error] [pid 36996] [client 20.111.62.157:0] script '/domains/deltaele/prv8.php' not found or unable to stat
[Fri Feb 20 00:00:44.830085 2026] [php:error] [pid 37002] [client 20.100.192.217:0] script '/domains/system_suspended/p.php' not found or unable to stat
[Fri Feb 20 00:00:44.925026 2026] [php:error] [pid 37002] [client 20.100.192.217:0] script '/domains/system_suspended/x.php' not found or unable to stat
[Fri Feb 20 00:00:44.999222 2026] [php:error] [pid 36996] [client 20.111.62.157:0] script '/domains/deltaele/i.php' not found or unable to stat
[Fri Feb 20 00:00:45.021873 2026] [php:error] [pid 37002] [client 20.100.192.217:0] script '/domains/system_suspended/70.php' not found or unable to stat
[Fri Feb 20 00:00:45.115995 2026] [php:error] [pid 37002] [client 20.100.192.217:0] script '/domains/system_suspended/t.php' not found or unable to stat
[Fri Feb 20 00:00:45.210717 2026] [php:error] [pid 37002] [client 20.100.192.217:0] script '/domains/system_suspended/86.php' not found or unable to stat
[Fri Feb 20 00:00:45.247435 2026] [php:error] [pid 36996] [client 20.111.62.157:0] script '/domains/deltaele/xmlrpc.php' not found or unable to stat
[Fri Feb 20 00:00:45.304882 2026] [php:error] [pid 37002] [client 20.100.192.217:0] script '/domains/system_suspended/f.php' not found or unable to stat
[Fri Feb 20 00:00:45.382583 2026] [php:error] [pid 36996] [client 20.111.62.157:0] script '/domains/deltaele/aw.php' not found or unable to stat
[Fri Feb 20 00:00:45.399680 2026] [php:error] [pid 37002] [client 20.100.192.217:0] script '/domains/system_suspended/e.php' not found or unable to stat
[Fri Feb 20 00:00:45.599130 2026] [php:error] [pid 36996] [client 20.111.62.157:0] script '/domains/deltaele/dev.php' not found or unable to stat
[Fri Feb 20 00:00:45.849466 2026] [php:error] [pid 36996] [client 20.111.62.157:0] script '/domains/deltaele/lock360.php' not found or unable to stat
[Fri Feb 20 00:00:45.946761 2026] [php:error] [pid 36996] [client 20.111.62.157:0] script '/domains/deltaele/155.php' not found or unable to stat
[Fri Feb 20 00:00:46.031854 2026] [php:error] [pid 36996] [client 20.111.62.157:0] script '/domains/deltaele/goat.php' not found or unable to stat
[Fri Feb 20 00:00:46.117263 2026] [php:error] [pid 36996] [client 20.111.62.157:0] script '/domains/deltaele/tcp.php' not found or unable to stat
[Fri Feb 20 00:00:46.361396 2026] [php:error] [pid 36996] [client 20.111.62.157:0] script '/domains/deltaele/ext.php' not found or unable to stat
[Fri Feb 20 00:00:46.446974 2026] [php:error] [pid 36996] [client 20.111.62.157:0] script '/domains/deltaele/inputs.php' not found or unable to stat
[Fri Feb 20 00:00:46.531867 2026] [php:error] [pid 36996] [client 20.111.62.157:0] script '/domains/deltaele/ioxi.php' not found or unable to stat
[Fri Feb 20 00:00:46.883425 2026] [php:error] [pid 36996] [client 20.111.62.157:0] script '/domains/deltaele/fe5.php' not found or unable to stat
[Fri Feb 20 00:00:46.968442 2026] [php:error] [pid 36996] [client 20.111.62.157:0] script '/domains/deltaele/ov.php' not found or unable to stat
[Fri Feb 20 00:00:47.194004 2026] [php:error] [pid 36996] [client 20.111.62.157:0] script '/domains/deltaele/past1.php' not found or unable to stat
[Fri Feb 20 00:00:47.440077 2026] [php:error] [pid 36996] [client 20.111.62.157:0] script '/domains/deltaele/default.php' not found or unable to stat
[Fri Feb 20 00:00:47.609312 2026] [php:error] [pid 36996] [client 20.111.62.157:0] script '/domains/deltaele/goods.php' not found or unable to stat
[Fri Feb 20 00:00:47.694439 2026] [php:error] [pid 36996] [client 20.111.62.157:0] script '/domains/deltaele/abcd.php' not found or unable to stat
[Fri Feb 20 00:00:48.061702 2026] [php:error] [pid 36996] [client 20.111.62.157:0] script '/domains/deltaele/yos.php' not found or unable to stat
[Fri Feb 20 00:00:48.147015 2026] [php:error] [pid 36996] [client 20.111.62.157:0] script '/domains/deltaele/nope.php' not found or unable to stat
[Fri Feb 20 00:00:48.395505 2026] [php:error] [pid 36996] [client 20.111.62.157:0] script '/domains/deltaele/class.1.php' not found or unable to stat
[Fri Feb 20 00:00:48.493626 2026] [php:error] [pid 36996] [client 20.111.62.157:0] script '/domains/deltaele/file5.php' not found or unable to stat
[Fri Feb 20 00:00:48.583898 2026] [php:error] [pid 36996] [client 20.111.62.157:0] script '/domains/deltaele/async.php' not found or unable to stat
[Fri Feb 20 00:00:48.677913 2026] [php:error] [pid 36996] [client 20.111.62.157:0] script '/domains/deltaele/ff.php' not found or unable to stat
[Fri Feb 20 00:00:48.818314 2026] [php:error] [pid 36996] [client 20.111.62.157:0] script '/domains/deltaele/ioxi-o.php' not found or unable to stat
[Fri Feb 20 00:00:48.903373 2026] [php:error] [pid 36996] [client 20.111.62.157:0] script '/domains/deltaele/manager.php' not found or unable to stat
[Fri Feb 20 00:00:49.032825 2026] [php:error] [pid 36996] [client 20.111.62.157:0] script '/domains/deltaele/wp-update.php' not found or unable to stat
[Fri Feb 20 00:00:49.118772 2026] [php:error] [pid 36996] [client 20.111.62.157:0] script '/domains/deltaele/file.php' not found or unable to stat
[Fri Feb 20 00:00:49.555134 2026] [php:error] [pid 36996] [client 20.111.62.157:0] script '/domains/deltaele/lc.php' not found or unable to stat
[Fri Feb 20 00:00:49.640882 2026] [php:error] [pid 36996] [client 20.111.62.157:0] script '/domains/deltaele/hexx.php' not found or unable to stat
[Fri Feb 20 00:00:49.754167 2026] [php:error] [pid 36996] [client 20.111.62.157:0] script '/domains/deltaele/cbrfo.php' not found or unable to stat
[Fri Feb 20 00:00:49.839091 2026] [php:error] [pid 36996] [client 20.111.62.157:0] script '/domains/deltaele/inc.php' not found or unable to stat
[Fri Feb 20 00:00:49.924659 2026] [php:error] [pid 36996] [client 20.111.62.157:0] script '/domains/deltaele/gifclass.php' not found or unable to stat
[Fri Feb 20 00:00:50.082641 2026] [php:error] [pid 36996] [client 20.111.62.157:0] script '/domains/deltaele/miansha.php' not found or unable to stat
[Fri Feb 20 00:00:50.171265 2026] [php:error] [pid 36996] [client 20.111.62.157:0] script '/domains/deltaele/tinyfilemanager.php' not found or unable to stat
[Fri Feb 20 00:00:50.267252 2026] [php:error] [pid 36996] [client 20.111.62.157:0] script '/domains/deltaele/xfile25.php' not found or unable to stat
[Fri Feb 20 00:00:50.355585 2026] [php:error] [pid 36996] [client 20.111.62.157:0] script '/domains/deltaele/ok.php' not found or unable to stat
[Fri Feb 20 00:00:50.440512 2026] [php:error] [pid 36996] [client 20.111.62.157:0] script '/domains/deltaele/fi.php' not found or unable to stat
[Fri Feb 20 00:00:50.718067 2026] [php:error] [pid 37013] [client 20.111.62.157:0] script '/domains/deltaele/muzu.php' not found or unable to stat
[Fri Feb 20 00:00:50.804778 2026] [php:error] [pid 37013] [client 20.111.62.157:0] script '/domains/deltaele/reze.php' not found or unable to stat
[Fri Feb 20 00:00:50.894856 2026] [php:error] [pid 37013] [client 20.111.62.157:0] script '/domains/deltaele/styll.php' not found or unable to stat
[Fri Feb 20 00:00:51.164066 2026] [php:error] [pid 37013] [client 20.111.62.157:0] script '/domains/deltaele/x7.php' not found or unable to stat
[Fri Feb 20 00:00:51.253434 2026] [php:error] [pid 37013] [client 20.111.62.157:0] script '/domains/deltaele/thebe.php' not found or unable to stat
[Fri Feb 20 00:00:51.340298 2026] [php:error] [pid 37013] [client 20.111.62.157:0] script '/domains/deltaele/ddd.php' not found or unable to stat
[Fri Feb 20 00:00:51.426998 2026] [php:error] [pid 37013] [client 20.111.62.157:0] script '/domains/deltaele/ccs.php' not found or unable to stat
[Fri Feb 20 00:00:51.513620 2026] [php:error] [pid 37013] [client 20.111.62.157:0] script '/domains/deltaele/bgymj.php' not found or unable to stat
[Fri Feb 20 00:00:51.600389 2026] [php:error] [pid 37013] [client 20.111.62.157:0] script '/domains/deltaele/8xyz.php' not found or unable to stat
[Fri Feb 20 00:00:51.706429 2026] [php:error] [pid 37013] [client 20.111.62.157:0] script '/domains/deltaele/la.php' not found or unable to stat
[Fri Feb 20 00:00:51.848324 2026] [php:error] [pid 37013] [client 20.111.62.157:0] script '/domains/deltaele/ioxi.php' not found or unable to stat
[Fri Feb 20 00:00:52.031594 2026] [php:error] [pid 37013] [client 20.111.62.157:0] script '/domains/deltaele/xpwer1.php' not found or unable to stat
[Fri Feb 20 00:00:52.167635 2026] [php:error] [pid 37013] [client 20.111.62.157:0] script '/domains/deltaele/lala.php' not found or unable to stat
[Fri Feb 20 00:00:52.254440 2026] [php:error] [pid 37013] [client 20.111.62.157:0] script '/domains/deltaele/about.php' not found or unable to stat
[Fri Feb 20 00:00:52.836379 2026] [php:error] [pid 37013] [client 20.111.62.157:0] script '/domains/deltaele/info.php' not found or unable to stat
[Fri Feb 20 00:00:52.927223 2026] [php:error] [pid 37013] [client 20.111.62.157:0] script '/domains/deltaele/about.php' not found or unable to stat
[Fri Feb 20 00:00:53.382809 2026] [php:error] [pid 37013] [client 20.111.62.157:0] script '/domains/deltaele/222.php' not found or unable to stat
[Fri Feb 20 00:00:53.475644 2026] [php:error] [pid 37013] [client 20.111.62.157:0] script '/domains/deltaele/adminfuns.php' not found or unable to stat
[Fri Feb 20 00:00:53.650240 2026] [php:error] [pid 37013] [client 20.111.62.157:0] script '/domains/deltaele/xx.php' not found or unable to stat
[Fri Feb 20 00:00:53.823452 2026] [php:error] [pid 37013] [client 20.111.62.157:0] script '/domains/deltaele/f5.php' not found or unable to stat
[Fri Feb 20 00:00:53.910183 2026] [php:error] [pid 37013] [client 20.111.62.157:0] script '/domains/deltaele/flower.php' not found or unable to stat
[Fri Feb 20 00:00:54.043249 2026] [php:error] [pid 37013] [client 20.111.62.157:0] script '/domains/deltaele/f6.php' not found or unable to stat
[Fri Feb 20 00:00:54.130483 2026] [php:error] [pid 37013] [client 20.111.62.157:0] script '/domains/deltaele/edit.php' not found or unable to stat
[Fri Feb 20 00:00:54.217302 2026] [php:error] [pid 37013] [client 20.111.62.157:0] script '/domains/deltaele/aa.php' not found or unable to stat
[Fri Feb 20 00:00:54.529945 2026] [php:error] [pid 37013] [client 20.111.62.157:0] script '/domains/deltaele/av.php' not found or unable to stat
[Fri Feb 20 00:00:54.832368 2026] [php:error] [pid 37013] [client 20.111.62.157:0] script '/domains/deltaele/wsd.php' not found or unable to stat
[Fri Feb 20 00:00:54.985901 2026] [php:error] [pid 37013] [client 20.111.62.157:0] script '/domains/deltaele/jane.php' not found or unable to stat
[Fri Feb 20 00:00:55.087339 2026] [php:error] [pid 37013] [client 20.111.62.157:0] script '/domains/deltaele/css.php' not found or unable to stat
[Fri Feb 20 00:00:55.188181 2026] [php:error] [pid 37013] [client 20.111.62.157:0] script '/domains/deltaele/alfa.php' not found or unable to stat
[Fri Feb 20 00:00:55.283293 2026] [php:error] [pid 37013] [client 20.111.62.157:0] script '/domains/deltaele/wen.php' not found or unable to stat
[Fri Feb 20 00:00:55.410415 2026] [php:error] [pid 37013] [client 20.111.62.157:0] script '/domains/deltaele/x.php' not found or unable to stat
[Fri Feb 20 00:00:55.498791 2026] [php:error] [pid 37013] [client 20.111.62.157:0] script '/domains/deltaele/xxxx.php' not found or unable to stat
[Fri Feb 20 00:00:55.591720 2026] [php:error] [pid 37013] [client 20.111.62.157:0] script '/domains/deltaele/class.php' not found or unable to stat
[Fri Feb 20 00:00:55.678584 2026] [php:error] [pid 37013] [client 20.111.62.157:0] script '/domains/deltaele/f35.php' not found or unable to stat
[Fri Feb 20 00:00:56.250023 2026] [php:error] [pid 37013] [client 20.111.62.157:0] script '/domains/deltaele/class-t.api.php' not found or unable to stat
[Fri Feb 20 00:00:56.345698 2026] [php:error] [pid 37013] [client 20.111.62.157:0] script '/domains/deltaele/blurbs18.php' not found or unable to stat
[Fri Feb 20 00:00:57.053603 2026] [php:error] [pid 37013] [client 20.111.62.157:0] script '/domains/deltaele/bless11.php' not found or unable to stat
[Fri Feb 20 00:00:57.322370 2026] [php:error] [pid 37013] [client 20.111.62.157:0] script '/domains/deltaele/init.php' not found or unable to stat
[Fri Feb 20 00:00:57.503667 2026] [php:error] [pid 37013] [client 20.111.62.157:0] script '/domains/deltaele/k.php' not found or unable to stat
[Fri Feb 20 00:00:57.826009 2026] [php:error] [pid 37013] [client 20.111.62.157:0] script '/domains/deltaele/bless.php' not found or unable to stat
[Fri Feb 20 00:00:57.931719 2026] [php:error] [pid 37013] [client 20.111.62.157:0] script '/domains/deltaele/X7x.php' not found or unable to stat
[Fri Feb 20 00:00:58.018351 2026] [php:error] [pid 37013] [client 20.111.62.157:0] script '/domains/deltaele/166.php' not found or unable to stat
[Fri Feb 20 00:00:58.151555 2026] [php:error] [pid 37013] [client 20.111.62.157:0] script '/domains/deltaele/plss3.php' not found or unable to stat
[Fri Feb 20 00:00:58.354321 2026] [php:error] [pid 37013] [client 20.111.62.157:0] script '/domains/deltaele/admins.php' not found or unable to stat
[Fri Feb 20 00:00:58.464335 2026] [php:error] [pid 37013] [client 20.111.62.157:0] script '/domains/deltaele/wp.php' not found or unable to stat
[Fri Feb 20 00:00:58.551109 2026] [php:error] [pid 37013] [client 20.111.62.157:0] script '/domains/deltaele/main.php' not found or unable to stat
[Fri Feb 20 00:00:58.710897 2026] [php:error] [pid 37013] [client 20.111.62.157:0] script '/domains/deltaele/a1.php' not found or unable to stat
[Fri Feb 20 00:00:58.822875 2026] [php:error] [pid 37013] [client 20.111.62.157:0] script '/domains/deltaele/lala.php' not found or unable to stat
[Fri Feb 20 00:00:58.915847 2026] [php:error] [pid 37013] [client 20.111.62.157:0] script '/domains/deltaele/aaa.php' not found or unable to stat
[Fri Feb 20 00:00:59.002683 2026] [php:error] [pid 37013] [client 20.111.62.157:0] script '/domains/deltaele/a2.php' not found or unable to stat
[Fri Feb 20 00:00:59.275900 2026] [php:error] [pid 37013] [client 20.111.62.157:0] script '/domains/deltaele/nyan.php' not found or unable to stat
[Fri Feb 20 00:00:59.363323 2026] [php:error] [pid 37013] [client 20.111.62.157:0] script '/domains/deltaele/jsond.php' not found or unable to stat
[Fri Feb 20 00:01:48.784635 2026] [php:error] [pid 37046] [client 87.106.209.183:0] script '/domains/amisol/userfuns.php' not found or unable to stat, referer: www.google.com
[Fri Feb 20 00:01:52.156265 2026] [php:error] [pid 37047] [client 39.106.67.230:0] script '/domains/acagolf1/zy1.php' not found or unable to stat
[Fri Feb 20 00:02:43.844196 2026] [php:error] [pid 37046] [client 47.231.194.139:0] script '/domains/supolo/xmlrpc.php' not found or unable to stat
[Fri Feb 20 00:05:09.330510 2026] [cgi:error] [pid 37057] [client 195.210.124.19:0] AH01215: stderr from /domains/abtechsci/cgi-bin/CustomerSurvey.cgi: [Fri Feb 20 00:05:09 2026] CustomerSurvey.cgi: CGI::param called in list context from /domains/abtechsci/cgi-bin/CustomerSurvey.cgi line 42, this can lead to vulnerabilities. See the warning in "Fetching the value or values of a single named parameter" at /usr/local/lib/perl5/site_perl/CGI.pm line 416., referer: http://www.abtechsci.com/customserv.html
[Fri Feb 20 00:05:27.769391 2026] [php:error] [pid 37045] [client 51.107.69.151:0] script '/domains/ecernstelectric/byp8.php' not found or unable to stat
[Fri Feb 20 00:06:01.084643 2026] [php:error] [pid 37072] [client 20.219.8.79:0] script '/domains/nsmd2/1.php' not found or unable to stat
[Fri Feb 20 00:06:01.296013 2026] [php:error] [pid 37072] [client 20.219.8.79:0] script '/domains/nsmd2/WSO.php' not found or unable to stat
[Fri Feb 20 00:06:01.508352 2026] [php:error] [pid 37072] [client 20.219.8.79:0] script '/domains/nsmd2/aa.php' not found or unable to stat
[Fri Feb 20 00:06:04.066447 2026] [php:error] [pid 37072] [client 20.219.8.79:0] script '/domains/nsmd2/edit.php' not found or unable to stat
[Fri Feb 20 00:06:04.295452 2026] [php:error] [pid 37072] [client 20.219.8.79:0] script '/domains/nsmd2/file5.php' not found or unable to stat
[Fri Feb 20 00:06:04.524631 2026] [php:error] [pid 37072] [client 20.219.8.79:0] script '/domains/nsmd2/flower.php' not found or unable to stat
[Fri Feb 20 00:06:04.761051 2026] [php:error] [pid 37072] [client 20.219.8.79:0] script '/domains/nsmd2/functions.php' not found or unable to stat
[Fri Feb 20 00:06:04.973271 2026] [php:error] [pid 37072] [client 20.219.8.79:0] script '/domains/nsmd2/inputs.php' not found or unable to stat
[Fri Feb 20 00:06:05.395771 2026] [php:error] [pid 37072] [client 20.219.8.79:0] script '/domains/nsmd2/radio.php' not found or unable to stat
[Fri Feb 20 00:06:19.247610 2026] [php:error] [pid 37073] [client 87.106.209.183:0] script '/domains/system_suspended/userfuns.php' not found or unable to stat, referer: www.google.com
[Fri Feb 20 00:06:52.499777 2026] [php:error] [pid 37086] [client 20.203.180.135:0] script '/domains/tcrlle/new4.php' not found or unable to stat
[Fri Feb 20 00:06:52.594509 2026] [php:error] [pid 37086] [client 20.203.180.135:0] script '/domains/tcrlle/xoot.php' not found or unable to stat
[Fri Feb 20 00:06:52.689036 2026] [php:error] [pid 37086] [client 20.203.180.135:0] script '/domains/tcrlle/er.php' not found or unable to stat
[Fri Feb 20 00:06:52.783677 2026] [php:error] [pid 37086] [client 20.203.180.135:0] script '/domains/tcrlle/fault.php' not found or unable to stat
[Fri Feb 20 00:06:52.878606 2026] [php:error] [pid 37086] [client 20.203.180.135:0] script '/domains/tcrlle/x2x.php' not found or unable to stat
[Fri Feb 20 00:06:52.976016 2026] [php:error] [pid 37086] [client 20.203.180.135:0] script '/domains/tcrlle/motu.php' not found or unable to stat
[Fri Feb 20 00:06:53.084265 2026] [php:error] [pid 37086] [client 20.203.180.135:0] script '/domains/tcrlle/66.php' not found or unable to stat
[Fri Feb 20 00:06:53.178644 2026] [php:error] [pid 37086] [client 20.203.180.135:0] script '/domains/tcrlle/leuk.php' not found or unable to stat
[Fri Feb 20 00:06:53.272940 2026] [php:error] [pid 37086] [client 20.203.180.135:0] script '/domains/tcrlle/bc-456.php' not found or unable to stat
[Fri Feb 20 00:06:53.371157 2026] [php:error] [pid 37086] [client 20.203.180.135:0] script '/domains/tcrlle/wo.php' not found or unable to stat
[Fri Feb 20 00:06:53.465733 2026] [php:error] [pid 37086] [client 20.203.180.135:0] script '/domains/tcrlle/bvb.php' not found or unable to stat
[Fri Feb 20 00:06:53.560283 2026] [php:error] [pid 37086] [client 20.203.180.135:0] script '/domains/tcrlle/xqq.php' not found or unable to stat
[Fri Feb 20 00:06:53.655107 2026] [php:error] [pid 37086] [client 20.203.180.135:0] script '/domains/tcrlle/kolda.php' not found or unable to stat
[Fri Feb 20 00:06:53.751749 2026] [php:error] [pid 37086] [client 20.203.180.135:0] script '/domains/tcrlle/nw.php' not found or unable to stat
[Fri Feb 20 00:06:53.846433 2026] [php:error] [pid 37086] [client 20.203.180.135:0] script '/domains/tcrlle/god.php' not found or unable to stat
[Fri Feb 20 00:06:53.940734 2026] [php:error] [pid 37086] [client 20.203.180.135:0] script '/domains/tcrlle/666.php' not found or unable to stat
[Fri Feb 20 00:06:54.035686 2026] [php:error] [pid 37086] [client 20.203.180.135:0] script '/domains/tcrlle/kj.php' not found or unable to stat
[Fri Feb 20 00:06:54.130275 2026] [php:error] [pid 37086] [client 20.203.180.135:0] script '/domains/tcrlle/un.php' not found or unable to stat
[Fri Feb 20 00:06:54.225173 2026] [php:error] [pid 37086] [client 20.203.180.135:0] script '/domains/tcrlle/fs.php' not found or unable to stat
[Fri Feb 20 00:06:54.320210 2026] [php:error] [pid 37086] [client 20.203.180.135:0] script '/domains/tcrlle/lts.php' not found or unable to stat
[Fri Feb 20 00:06:54.414859 2026] [php:error] [pid 37086] [client 20.203.180.135:0] script '/domains/tcrlle/ms.php' not found or unable to stat
[Fri Feb 20 00:06:54.509282 2026] [php:error] [pid 37086] [client 20.203.180.135:0] script '/domains/tcrlle/login8.php' not found or unable to stat
[Fri Feb 20 00:06:54.605235 2026] [php:error] [pid 37086] [client 20.203.180.135:0] script '/domains/tcrlle/nnyvn.php' not found or unable to stat
[Fri Feb 20 00:06:54.706313 2026] [php:error] [pid 37086] [client 20.203.180.135:0] script '/domains/tcrlle/cu.php' not found or unable to stat
[Fri Feb 20 00:06:54.820693 2026] [php:error] [pid 37086] [client 20.203.180.135:0] script '/domains/tcrlle/lul.php' not found or unable to stat
[Fri Feb 20 00:06:54.916144 2026] [php:error] [pid 37086] [client 20.203.180.135:0] script '/domains/tcrlle/0.php' not found or unable to stat
[Fri Feb 20 00:06:55.013208 2026] [php:error] [pid 37086] [client 20.203.180.135:0] script '/domains/tcrlle/ms-edit.php' not found or unable to stat
[Fri Feb 20 00:06:55.107937 2026] [php:error] [pid 37086] [client 20.203.180.135:0] script '/domains/tcrlle/ya.php' not found or unable to stat
[Fri Feb 20 00:06:55.207921 2026] [php:error] [pid 37086] [client 20.203.180.135:0] script '/domains/tcrlle/grsiuk.php' not found or unable to stat
[Fri Feb 20 00:06:55.312939 2026] [php:error] [pid 37086] [client 20.203.180.135:0] script '/domains/tcrlle/wp-blog.php' not found or unable to stat
[Fri Feb 20 00:06:55.423057 2026] [php:error] [pid 37086] [client 20.203.180.135:0] script '/domains/tcrlle/ftem.php' not found or unable to stat
[Fri Feb 20 00:06:55.517500 2026] [php:error] [pid 37086] [client 20.203.180.135:0] script '/domains/tcrlle/7wom.php' not found or unable to stat
[Fri Feb 20 00:06:55.612413 2026] [php:error] [pid 37086] [client 20.203.180.135:0] script '/domains/tcrlle/wp-access.php' not found or unable to stat
[Fri Feb 20 00:06:55.707625 2026] [php:error] [pid 37086] [client 20.203.180.135:0] script '/domains/tcrlle/a1vx.php' not found or unable to stat
[Fri Feb 20 00:06:55.802333 2026] [php:error] [pid 37086] [client 20.203.180.135:0] script '/domains/tcrlle/sbhu.php' not found or unable to stat
[Fri Feb 20 00:06:55.897094 2026] [php:error] [pid 37086] [client 20.203.180.135:0] script '/domains/tcrlle/wp-the.php' not found or unable to stat
[Fri Feb 20 00:06:55.992065 2026] [php:error] [pid 37086] [client 20.203.180.135:0] script '/domains/tcrlle/06.php' not found or unable to stat
[Fri Feb 20 00:06:56.087261 2026] [php:error] [pid 37086] [client 20.203.180.135:0] script '/domains/tcrlle/wp5.php' not found or unable to stat
[Fri Feb 20 00:06:56.122844 2026] [php:error] [pid 37072] [client 20.100.192.217:0] script '/domains/system_suspended/d.php' not found or unable to stat
[Fri Feb 20 00:06:56.181796 2026] [php:error] [pid 37086] [client 20.203.180.135:0] script '/domains/tcrlle/fot.php' not found or unable to stat
[Fri Feb 20 00:06:56.220007 2026] [php:error] [pid 37072] [client 20.100.192.217:0] script '/domains/system_suspended/v.php' not found or unable to stat
[Fri Feb 20 00:06:56.277223 2026] [php:error] [pid 37086] [client 20.203.180.135:0] script '/domains/tcrlle/ff1.php' not found or unable to stat
[Fri Feb 20 00:06:56.324591 2026] [php:error] [pid 37072] [client 20.100.192.217:0] script '/domains/system_suspended/y.php' not found or unable to stat
[Fri Feb 20 00:06:56.371716 2026] [php:error] [pid 37086] [client 20.203.180.135:0] script '/domains/tcrlle/forbidals.php' not found or unable to stat
[Fri Feb 20 00:06:56.421620 2026] [php:error] [pid 37072] [client 20.100.192.217:0] script '/domains/system_suspended/42.php' not found or unable to stat
[Fri Feb 20 00:06:56.478948 2026] [php:error] [pid 37086] [client 20.203.180.135:0] script '/domains/tcrlle/erty.php' not found or unable to stat
[Fri Feb 20 00:06:56.515813 2026] [php:error] [pid 37072] [client 20.100.192.217:0] script '/domains/system_suspended/66.php' not found or unable to stat
[Fri Feb 20 00:06:56.589218 2026] [php:error] [pid 37086] [client 20.203.180.135:0] script '/domains/tcrlle/dev1s.php' not found or unable to stat
[Fri Feb 20 00:06:56.620701 2026] [php:error] [pid 37072] [client 20.100.192.217:0] script '/domains/system_suspended/i.php' not found or unable to stat
[Fri Feb 20 00:06:56.683505 2026] [php:error] [pid 37086] [client 20.203.180.135:0] script '/domains/tcrlle/ffd.php' not found or unable to stat
[Fri Feb 20 00:06:56.739576 2026] [php:error] [pid 37072] [client 20.100.192.217:0] script '/domains/system_suspended/9.php' not found or unable to stat
[Fri Feb 20 00:06:56.834062 2026] [php:error] [pid 37072] [client 20.100.192.217:0] script '/domains/system_suspended/33.php' not found or unable to stat
[Fri Feb 20 00:06:56.843108 2026] [php:error] [pid 37086] [client 20.203.180.135:0] script '/domains/tcrlle/admiin.php' not found or unable to stat
[Fri Feb 20 00:06:56.928404 2026] [php:error] [pid 37072] [client 20.100.192.217:0] script '/domains/system_suspended/19.php' not found or unable to stat
[Fri Feb 20 00:06:56.937522 2026] [php:error] [pid 37086] [client 20.203.180.135:0] script '/domains/tcrlle/ol.php' not found or unable to stat
[Fri Feb 20 00:06:57.024078 2026] [php:error] [pid 37072] [client 20.100.192.217:0] script '/domains/system_suspended/as.php' not found or unable to stat
[Fri Feb 20 00:06:57.032258 2026] [php:error] [pid 37086] [client 20.203.180.135:0] script '/domains/tcrlle/Sanskrit.php' not found or unable to stat
[Fri Feb 20 00:06:57.128931 2026] [php:error] [pid 37086] [client 20.203.180.135:0] script '/domains/tcrlle/vxrl.php' not found or unable to stat
[Fri Feb 20 00:06:57.129047 2026] [php:error] [pid 37072] [client 20.100.192.217:0] script '/domains/system_suspended/p.php' not found or unable to stat
[Fri Feb 20 00:06:57.223785 2026] [php:error] [pid 37072] [client 20.100.192.217:0] script '/domains/system_suspended/x.php' not found or unable to stat
[Fri Feb 20 00:06:57.228103 2026] [php:error] [pid 37086] [client 20.203.180.135:0] script '/domains/tcrlle/re.php' not found or unable to stat
[Fri Feb 20 00:06:57.318115 2026] [php:error] [pid 37072] [client 20.100.192.217:0] script '/domains/system_suspended/70.php' not found or unable to stat
[Fri Feb 20 00:06:57.322645 2026] [php:error] [pid 37086] [client 20.203.180.135:0] script '/domains/tcrlle/num.php' not found or unable to stat
[Fri Feb 20 00:06:57.412750 2026] [php:error] [pid 37072] [client 20.100.192.217:0] script '/domains/system_suspended/t.php' not found or unable to stat
[Fri Feb 20 00:06:57.417159 2026] [php:error] [pid 37086] [client 20.203.180.135:0] script '/domains/tcrlle/axx.php' not found or unable to stat
[Fri Feb 20 00:06:57.511281 2026] [php:error] [pid 37086] [client 20.203.180.135:0] script '/domains/tcrlle/vxrl.php' not found or unable to stat
[Fri Feb 20 00:06:57.516287 2026] [php:error] [pid 37072] [client 20.100.192.217:0] script '/domains/system_suspended/86.php' not found or unable to stat
[Fri Feb 20 00:06:57.605804 2026] [php:error] [pid 37086] [client 20.203.180.135:0] script '/domains/tcrlle/in.php' not found or unable to stat
[Fri Feb 20 00:06:57.612024 2026] [php:error] [pid 37072] [client 20.100.192.217:0] script '/domains/system_suspended/f.php' not found or unable to stat
[Fri Feb 20 00:06:57.703364 2026] [php:error] [pid 37086] [client 20.203.180.135:0] script '/domains/tcrlle/style.php' not found or unable to stat
[Fri Feb 20 00:06:57.707094 2026] [php:error] [pid 37072] [client 20.100.192.217:0] script '/domains/system_suspended/e.php' not found or unable to stat
[Fri Feb 20 00:06:57.798002 2026] [php:error] [pid 37086] [client 20.203.180.135:0] script '/domains/tcrlle/we.php' not found or unable to stat
[Fri Feb 20 00:06:57.892807 2026] [php:error] [pid 37086] [client 20.203.180.135:0] script '/domains/tcrlle/zwso.php' not found or unable to stat
[Fri Feb 20 00:06:57.997412 2026] [php:error] [pid 37086] [client 20.203.180.135:0] script '/domains/tcrlle/karak.php' not found or unable to stat
[Fri Feb 20 00:06:58.099823 2026] [php:error] [pid 37086] [client 20.203.180.135:0] script '/domains/tcrlle/trd.php' not found or unable to stat
[Fri Feb 20 00:06:58.194612 2026] [php:error] [pid 37086] [client 20.203.180.135:0] script '/domains/tcrlle/past.php' not found or unable to stat
[Fri Feb 20 00:06:58.289159 2026] [php:error] [pid 37086] [client 20.203.180.135:0] script '/domains/tcrlle/prv8.php' not found or unable to stat
[Fri Feb 20 00:06:58.383612 2026] [php:error] [pid 37086] [client 20.203.180.135:0] script '/domains/tcrlle/i.php' not found or unable to stat
[Fri Feb 20 00:06:58.584614 2026] [php:error] [pid 37086] [client 20.203.180.135:0] script '/domains/tcrlle/xmlrpc.php' not found or unable to stat
[Fri Feb 20 00:06:58.678991 2026] [php:error] [pid 37086] [client 20.203.180.135:0] script '/domains/tcrlle/aw.php' not found or unable to stat
[Fri Feb 20 00:06:58.774652 2026] [php:error] [pid 37086] [client 20.203.180.135:0] script '/domains/tcrlle/dev.php' not found or unable to stat
[Fri Feb 20 00:06:58.871502 2026] [php:error] [pid 37086] [client 20.203.180.135:0] script '/domains/tcrlle/lock360.php' not found or unable to stat
[Fri Feb 20 00:06:58.966045 2026] [php:error] [pid 37086] [client 20.203.180.135:0] script '/domains/tcrlle/155.php' not found or unable to stat
[Fri Feb 20 00:06:59.060425 2026] [php:error] [pid 37086] [client 20.203.180.135:0] script '/domains/tcrlle/goat.php' not found or unable to stat
[Fri Feb 20 00:06:59.154787 2026] [php:error] [pid 37086] [client 20.203.180.135:0] script '/domains/tcrlle/tcp.php' not found or unable to stat
[Fri Feb 20 00:06:59.249796 2026] [php:error] [pid 37086] [client 20.203.180.135:0] script '/domains/tcrlle/ext.php' not found or unable to stat
[Fri Feb 20 00:06:59.344519 2026] [php:error] [pid 37086] [client 20.203.180.135:0] script '/domains/tcrlle/inputs.php' not found or unable to stat
[Fri Feb 20 00:06:59.442198 2026] [php:error] [pid 37086] [client 20.203.180.135:0] script '/domains/tcrlle/ioxi.php' not found or unable to stat
[Fri Feb 20 00:06:59.557672 2026] [php:error] [pid 37086] [client 20.203.180.135:0] script '/domains/tcrlle/fe5.php' not found or unable to stat
[Fri Feb 20 00:06:59.652463 2026] [php:error] [pid 37086] [client 20.203.180.135:0] script '/domains/tcrlle/ov.php' not found or unable to stat
[Fri Feb 20 00:06:59.747145 2026] [php:error] [pid 37086] [client 20.203.180.135:0] script '/domains/tcrlle/past1.php' not found or unable to stat
[Fri Feb 20 00:06:59.937718 2026] [php:error] [pid 37086] [client 20.203.180.135:0] script '/domains/tcrlle/default.php' not found or unable to stat
[Fri Feb 20 00:07:00.032886 2026] [php:error] [pid 37086] [client 20.203.180.135:0] script '/domains/tcrlle/goods.php' not found or unable to stat
[Fri Feb 20 00:07:00.127641 2026] [php:error] [pid 37086] [client 20.203.180.135:0] script '/domains/tcrlle/abcd.php' not found or unable to stat
[Fri Feb 20 00:07:00.222328 2026] [php:error] [pid 37086] [client 20.203.180.135:0] script '/domains/tcrlle/yos.php' not found or unable to stat
[Fri Feb 20 00:07:00.317751 2026] [php:error] [pid 37086] [client 20.203.180.135:0] script '/domains/tcrlle/nope.php' not found or unable to stat
[Fri Feb 20 00:07:00.412185 2026] [php:error] [pid 37086] [client 20.203.180.135:0] script '/domains/tcrlle/class.1.php' not found or unable to stat
[Fri Feb 20 00:07:00.506649 2026] [php:error] [pid 37086] [client 20.203.180.135:0] script '/domains/tcrlle/file5.php' not found or unable to stat
[Fri Feb 20 00:07:00.601239 2026] [php:error] [pid 37086] [client 20.203.180.135:0] script '/domains/tcrlle/async.php' not found or unable to stat
[Fri Feb 20 00:07:00.695529 2026] [php:error] [pid 37086] [client 20.203.180.135:0] script '/domains/tcrlle/ff.php' not found or unable to stat
[Fri Feb 20 00:07:00.789808 2026] [php:error] [pid 37086] [client 20.203.180.135:0] script '/domains/tcrlle/ioxi-o.php' not found or unable to stat
[Fri Feb 20 00:07:00.885150 2026] [php:error] [pid 37086] [client 20.203.180.135:0] script '/domains/tcrlle/manager.php' not found or unable to stat
[Fri Feb 20 00:07:00.992792 2026] [php:error] [pid 37086] [client 20.203.180.135:0] script '/domains/tcrlle/wp-update.php' not found or unable to stat
[Fri Feb 20 00:07:01.087756 2026] [php:error] [pid 37086] [client 20.203.180.135:0] script '/domains/tcrlle/file.php' not found or unable to stat
[Fri Feb 20 00:07:01.277752 2026] [php:error] [pid 37086] [client 20.203.180.135:0] script '/domains/tcrlle/lc.php' not found or unable to stat
[Fri Feb 20 00:07:01.372632 2026] [php:error] [pid 37086] [client 20.203.180.135:0] script '/domains/tcrlle/hexx.php' not found or unable to stat
[Fri Feb 20 00:07:01.474545 2026] [php:error] [pid 37086] [client 20.203.180.135:0] script '/domains/tcrlle/cbrfo.php' not found or unable to stat
[Fri Feb 20 00:07:01.576702 2026] [php:error] [pid 37086] [client 20.203.180.135:0] script '/domains/tcrlle/inc.php' not found or unable to stat
[Fri Feb 20 00:07:01.671433 2026] [php:error] [pid 37086] [client 20.203.180.135:0] script '/domains/tcrlle/gifclass.php' not found or unable to stat
[Fri Feb 20 00:07:01.766014 2026] [php:error] [pid 37086] [client 20.203.180.135:0] script '/domains/tcrlle/miansha.php' not found or unable to stat
[Fri Feb 20 00:07:01.861433 2026] [php:error] [pid 37086] [client 20.203.180.135:0] script '/domains/tcrlle/tinyfilemanager.php' not found or unable to stat
[Fri Feb 20 00:07:01.956786 2026] [php:error] [pid 37086] [client 20.203.180.135:0] script '/domains/tcrlle/xfile25.php' not found or unable to stat
[Fri Feb 20 00:07:02.057117 2026] [php:error] [pid 37086] [client 20.203.180.135:0] script '/domains/tcrlle/ok.php' not found or unable to stat
[Fri Feb 20 00:07:02.159982 2026] [php:error] [pid 37086] [client 20.203.180.135:0] script '/domains/tcrlle/fi.php' not found or unable to stat
[Fri Feb 20 00:07:02.357794 2026] [php:error] [pid 37073] [client 20.203.180.135:0] script '/domains/tcrlle/muzu.php' not found or unable to stat
[Fri Feb 20 00:07:02.452875 2026] [php:error] [pid 37073] [client 20.203.180.135:0] script '/domains/tcrlle/reze.php' not found or unable to stat
[Fri Feb 20 00:07:02.548023 2026] [php:error] [pid 37073] [client 20.203.180.135:0] script '/domains/tcrlle/styll.php' not found or unable to stat
[Fri Feb 20 00:07:02.646943 2026] [php:error] [pid 37073] [client 20.203.180.135:0] script '/domains/tcrlle/x7.php' not found or unable to stat
[Fri Feb 20 00:07:02.746279 2026] [php:error] [pid 37073] [client 20.203.180.135:0] script '/domains/tcrlle/thebe.php' not found or unable to stat
[Fri Feb 20 00:07:02.843907 2026] [php:error] [pid 37073] [client 20.203.180.135:0] script '/domains/tcrlle/ddd.php' not found or unable to stat
[Fri Feb 20 00:07:02.952188 2026] [php:error] [pid 37073] [client 20.203.180.135:0] script '/domains/tcrlle/ccs.php' not found or unable to stat
[Fri Feb 20 00:07:03.047299 2026] [php:error] [pid 37073] [client 20.203.180.135:0] script '/domains/tcrlle/bgymj.php' not found or unable to stat
[Fri Feb 20 00:07:03.142125 2026] [php:error] [pid 37073] [client 20.203.180.135:0] script '/domains/tcrlle/8xyz.php' not found or unable to stat
[Fri Feb 20 00:07:03.236865 2026] [php:error] [pid 37073] [client 20.203.180.135:0] script '/domains/tcrlle/la.php' not found or unable to stat
[Fri Feb 20 00:07:03.337266 2026] [php:error] [pid 37073] [client 20.203.180.135:0] script '/domains/tcrlle/ioxi.php' not found or unable to stat
[Fri Feb 20 00:07:03.432116 2026] [php:error] [pid 37073] [client 20.203.180.135:0] script '/domains/tcrlle/xpwer1.php' not found or unable to stat
[Fri Feb 20 00:07:03.527433 2026] [php:error] [pid 37073] [client 20.203.180.135:0] script '/domains/tcrlle/lala.php' not found or unable to stat
[Fri Feb 20 00:07:03.623050 2026] [php:error] [pid 37073] [client 20.203.180.135:0] script '/domains/tcrlle/about.php' not found or unable to stat
[Fri Feb 20 00:07:04.109162 2026] [php:error] [pid 37073] [client 20.203.180.135:0] script '/domains/tcrlle/info.php' not found or unable to stat
[Fri Feb 20 00:07:04.203646 2026] [php:error] [pid 37073] [client 20.203.180.135:0] script '/domains/tcrlle/about.php' not found or unable to stat
[Fri Feb 20 00:07:04.394344 2026] [php:error] [pid 37073] [client 20.203.180.135:0] script '/domains/tcrlle/222.php' not found or unable to stat
[Fri Feb 20 00:07:04.489568 2026] [php:error] [pid 37073] [client 20.203.180.135:0] script '/domains/tcrlle/adminfuns.php' not found or unable to stat
[Fri Feb 20 00:07:04.680085 2026] [php:error] [pid 37073] [client 20.203.180.135:0] script '/domains/tcrlle/xx.php' not found or unable to stat
[Fri Feb 20 00:07:04.870385 2026] [php:error] [pid 37073] [client 20.203.180.135:0] script '/domains/tcrlle/f5.php' not found or unable to stat
[Fri Feb 20 00:07:04.987416 2026] [php:error] [pid 37073] [client 20.203.180.135:0] script '/domains/tcrlle/flower.php' not found or unable to stat
[Fri Feb 20 00:07:05.082459 2026] [php:error] [pid 37073] [client 20.203.180.135:0] script '/domains/tcrlle/f6.php' not found or unable to stat
[Fri Feb 20 00:07:05.177517 2026] [php:error] [pid 37073] [client 20.203.180.135:0] script '/domains/tcrlle/edit.php' not found or unable to stat
[Fri Feb 20 00:07:05.289818 2026] [php:error] [pid 37073] [client 20.203.180.135:0] script '/domains/tcrlle/aa.php' not found or unable to stat
[Fri Feb 20 00:07:05.585898 2026] [php:error] [pid 37073] [client 20.203.180.135:0] script '/domains/tcrlle/av.php' not found or unable to stat
[Fri Feb 20 00:07:05.779030 2026] [php:error] [pid 37073] [client 20.203.180.135:0] script '/domains/tcrlle/wsd.php' not found or unable to stat
[Fri Feb 20 00:07:05.874344 2026] [php:error] [pid 37073] [client 20.203.180.135:0] script '/domains/tcrlle/jane.php' not found or unable to stat
[Fri Feb 20 00:07:05.969339 2026] [php:error] [pid 37073] [client 20.203.180.135:0] script '/domains/tcrlle/css.php' not found or unable to stat
[Fri Feb 20 00:07:06.064813 2026] [php:error] [pid 37073] [client 20.203.180.135:0] script '/domains/tcrlle/alfa.php' not found or unable to stat
[Fri Feb 20 00:07:06.159504 2026] [php:error] [pid 37073] [client 20.203.180.135:0] script '/domains/tcrlle/wen.php' not found or unable to stat
[Fri Feb 20 00:07:06.254624 2026] [php:error] [pid 37073] [client 20.203.180.135:0] script '/domains/tcrlle/x.php' not found or unable to stat
[Fri Feb 20 00:07:06.349900 2026] [php:error] [pid 37073] [client 20.203.180.135:0] script '/domains/tcrlle/xxxx.php' not found or unable to stat
[Fri Feb 20 00:07:06.445014 2026] [php:error] [pid 37073] [client 20.203.180.135:0] script '/domains/tcrlle/class.php' not found or unable to stat
[Fri Feb 20 00:07:06.546336 2026] [php:error] [pid 37073] [client 20.203.180.135:0] script '/domains/tcrlle/f35.php' not found or unable to stat
[Fri Feb 20 00:07:06.928861 2026] [php:error] [pid 37073] [client 20.203.180.135:0] script '/domains/tcrlle/class-t.api.php' not found or unable to stat
[Fri Feb 20 00:07:07.032106 2026] [php:error] [pid 37073] [client 20.203.180.135:0] script '/domains/tcrlle/blurbs18.php' not found or unable to stat
[Fri Feb 20 00:07:07.697854 2026] [php:error] [pid 37073] [client 20.203.180.135:0] script '/domains/tcrlle/bless11.php' not found or unable to stat
