[Thu Feb 19 03:57:51.915771 2026] [php:error] [pid 18280] [client 20.78.146.86:0] script '/domains/bfitpro2/install.php' not found or unable to stat
[Thu Feb 19 03:57:52.484443 2026] [php:error] [pid 18280] [client 20.78.146.86:0] script '/domains/bfitpro2/ova.php' not found or unable to stat
[Thu Feb 19 03:58:00.428453 2026] [php:error] [pid 18282] [client 20.78.146.86:0] script '/domains/bfitpro2/wp.php' not found or unable to stat
[Thu Feb 19 03:58:08.422674 2026] [php:error] [pid 18249] [client 4.232.89.175:0] script '/domains/acagolf1/new4.php' not found or unable to stat
[Thu Feb 19 03:58:08.513330 2026] [php:error] [pid 18249] [client 4.232.89.175:0] script '/domains/acagolf1/xoot.php' not found or unable to stat
[Thu Feb 19 03:58:08.604120 2026] [php:error] [pid 18249] [client 4.232.89.175:0] script '/domains/acagolf1/er.php' not found or unable to stat
[Thu Feb 19 03:58:08.697142 2026] [php:error] [pid 18249] [client 4.232.89.175:0] script '/domains/acagolf1/fault.php' not found or unable to stat
[Thu Feb 19 03:58:08.794780 2026] [php:error] [pid 18249] [client 4.232.89.175:0] script '/domains/acagolf1/x2x.php' not found or unable to stat
[Thu Feb 19 03:58:08.891507 2026] [php:error] [pid 18249] [client 4.232.89.175:0] script '/domains/acagolf1/motu.php' not found or unable to stat
[Thu Feb 19 03:58:08.982041 2026] [php:error] [pid 18249] [client 4.232.89.175:0] script '/domains/acagolf1/66.php' not found or unable to stat
[Thu Feb 19 03:58:09.072404 2026] [php:error] [pid 18249] [client 4.232.89.175:0] script '/domains/acagolf1/leuk.php' not found or unable to stat
[Thu Feb 19 03:58:09.163562 2026] [php:error] [pid 18249] [client 4.232.89.175:0] script '/domains/acagolf1/bc-456.php' not found or unable to stat
[Thu Feb 19 03:58:09.253941 2026] [php:error] [pid 18249] [client 4.232.89.175:0] script '/domains/acagolf1/wo.php' not found or unable to stat
[Thu Feb 19 03:58:09.344822 2026] [php:error] [pid 18249] [client 4.232.89.175:0] script '/domains/acagolf1/bvb.php' not found or unable to stat
[Thu Feb 19 03:58:09.459735 2026] [php:error] [pid 18249] [client 4.232.89.175:0] script '/domains/acagolf1/xqq.php' not found or unable to stat
[Thu Feb 19 03:58:09.559201 2026] [php:error] [pid 18249] [client 4.232.89.175:0] script '/domains/acagolf1/kolda.php' not found or unable to stat
[Thu Feb 19 03:58:09.654907 2026] [php:error] [pid 18249] [client 4.232.89.175:0] script '/domains/acagolf1/nw.php' not found or unable to stat
[Thu Feb 19 03:58:09.791688 2026] [php:error] [pid 18249] [client 4.232.89.175:0] script '/domains/acagolf1/god.php' not found or unable to stat
[Thu Feb 19 03:58:09.882126 2026] [php:error] [pid 18249] [client 4.232.89.175:0] script '/domains/acagolf1/666.php' not found or unable to stat
[Thu Feb 19 03:58:10.028575 2026] [php:error] [pid 18249] [client 4.232.89.175:0] script '/domains/acagolf1/kj.php' not found or unable to stat
[Thu Feb 19 03:58:10.130236 2026] [php:error] [pid 18249] [client 4.232.89.175:0] script '/domains/acagolf1/un.php' not found or unable to stat
[Thu Feb 19 03:58:10.242630 2026] [php:error] [pid 18249] [client 4.232.89.175:0] script '/domains/acagolf1/fs.php' not found or unable to stat
[Thu Feb 19 03:58:10.337190 2026] [php:error] [pid 18249] [client 4.232.89.175:0] script '/domains/acagolf1/lts.php' not found or unable to stat
[Thu Feb 19 03:58:10.429957 2026] [php:error] [pid 18249] [client 4.232.89.175:0] script '/domains/acagolf1/ms.php' not found or unable to stat
[Thu Feb 19 03:58:10.555084 2026] [php:error] [pid 18249] [client 4.232.89.175:0] script '/domains/acagolf1/login8.php' not found or unable to stat
[Thu Feb 19 03:58:10.668216 2026] [php:error] [pid 18249] [client 4.232.89.175:0] script '/domains/acagolf1/nnyvn.php' not found or unable to stat
[Thu Feb 19 03:58:10.758771 2026] [php:error] [pid 18249] [client 4.232.89.175:0] script '/domains/acagolf1/cu.php' not found or unable to stat
[Thu Feb 19 03:58:10.849409 2026] [php:error] [pid 18249] [client 4.232.89.175:0] script '/domains/acagolf1/lul.php' not found or unable to stat
[Thu Feb 19 03:58:10.988998 2026] [php:error] [pid 18249] [client 4.232.89.175:0] script '/domains/acagolf1/0.php' not found or unable to stat
[Thu Feb 19 03:58:11.104049 2026] [php:error] [pid 18249] [client 4.232.89.175:0] script '/domains/acagolf1/ms-edit.php' not found or unable to stat
[Thu Feb 19 03:58:11.194707 2026] [php:error] [pid 18249] [client 4.232.89.175:0] script '/domains/acagolf1/ya.php' not found or unable to stat
[Thu Feb 19 03:58:11.285137 2026] [php:error] [pid 18249] [client 4.232.89.175:0] script '/domains/acagolf1/grsiuk.php' not found or unable to stat
[Thu Feb 19 03:58:11.382520 2026] [php:error] [pid 18249] [client 4.232.89.175:0] script '/domains/acagolf1/wp-blog.php' not found or unable to stat
[Thu Feb 19 03:58:11.473406 2026] [php:error] [pid 18249] [client 4.232.89.175:0] script '/domains/acagolf1/ftem.php' not found or unable to stat
[Thu Feb 19 03:58:11.668473 2026] [php:error] [pid 18249] [client 4.232.89.175:0] script '/domains/acagolf1/7wom.php' not found or unable to stat
[Thu Feb 19 03:58:11.758423 2026] [php:error] [pid 18247] [client 34.96.162.48:0] script '/domains/hdickens.enteract/adminer-5.1.1-mysql.php' not found or unable to stat
[Thu Feb 19 03:58:11.758968 2026] [php:error] [pid 18249] [client 4.232.89.175:0] script '/domains/acagolf1/wp-access.php' not found or unable to stat
[Thu Feb 19 03:58:11.863518 2026] [php:error] [pid 18249] [client 4.232.89.175:0] script '/domains/acagolf1/a1vx.php' not found or unable to stat
[Thu Feb 19 03:58:11.964233 2026] [php:error] [pid 18249] [client 4.232.89.175:0] script '/domains/acagolf1/sbhu.php' not found or unable to stat
[Thu Feb 19 03:58:12.057829 2026] [php:error] [pid 18249] [client 4.232.89.175:0] script '/domains/acagolf1/wp-the.php' not found or unable to stat
[Thu Feb 19 03:58:12.168330 2026] [php:error] [pid 18249] [client 4.232.89.175:0] script '/domains/acagolf1/06.php' not found or unable to stat
[Thu Feb 19 03:58:12.298436 2026] [php:error] [pid 18249] [client 4.232.89.175:0] script '/domains/acagolf1/wp5.php' not found or unable to stat
[Thu Feb 19 03:58:12.397196 2026] [php:error] [pid 18249] [client 4.232.89.175:0] script '/domains/acagolf1/fot.php' not found or unable to stat
[Thu Feb 19 03:58:12.487500 2026] [php:error] [pid 18249] [client 4.232.89.175:0] script '/domains/acagolf1/ff1.php' not found or unable to stat
[Thu Feb 19 03:58:12.610441 2026] [php:error] [pid 18249] [client 4.232.89.175:0] script '/domains/acagolf1/forbidals.php' not found or unable to stat
[Thu Feb 19 03:58:12.701477 2026] [php:error] [pid 18249] [client 4.232.89.175:0] script '/domains/acagolf1/erty.php' not found or unable to stat
[Thu Feb 19 03:58:12.938162 2026] [php:error] [pid 18249] [client 4.232.89.175:0] script '/domains/acagolf1/dev1s.php' not found or unable to stat
[Thu Feb 19 03:58:13.029445 2026] [php:error] [pid 18249] [client 4.232.89.175:0] script '/domains/acagolf1/ffd.php' not found or unable to stat
[Thu Feb 19 03:58:13.120180 2026] [php:error] [pid 18249] [client 4.232.89.175:0] script '/domains/acagolf1/admiin.php' not found or unable to stat
[Thu Feb 19 03:58:13.231473 2026] [php:error] [pid 18249] [client 4.232.89.175:0] script '/domains/acagolf1/ol.php' not found or unable to stat
[Thu Feb 19 03:58:13.353072 2026] [php:error] [pid 18249] [client 4.232.89.175:0] script '/domains/acagolf1/Sanskrit.php' not found or unable to stat
[Thu Feb 19 03:58:13.443974 2026] [php:error] [pid 18249] [client 4.232.89.175:0] script '/domains/acagolf1/vxrl.php' not found or unable to stat
[Thu Feb 19 03:58:13.535142 2026] [php:error] [pid 18249] [client 4.232.89.175:0] script '/domains/acagolf1/re.php' not found or unable to stat
[Thu Feb 19 03:58:13.668636 2026] [php:error] [pid 18249] [client 4.232.89.175:0] script '/domains/acagolf1/num.php' not found or unable to stat
[Thu Feb 19 03:58:13.785294 2026] [php:error] [pid 18249] [client 4.232.89.175:0] script '/domains/acagolf1/axx.php' not found or unable to stat
[Thu Feb 19 03:58:13.876498 2026] [php:error] [pid 18249] [client 4.232.89.175:0] script '/domains/acagolf1/vxrl.php' not found or unable to stat
[Thu Feb 19 03:58:13.967607 2026] [php:error] [pid 18249] [client 4.232.89.175:0] script '/domains/acagolf1/in.php' not found or unable to stat
[Thu Feb 19 03:58:14.057980 2026] [php:error] [pid 18249] [client 4.232.89.175:0] script '/domains/acagolf1/style.php' not found or unable to stat
[Thu Feb 19 03:58:14.179692 2026] [php:error] [pid 18249] [client 4.232.89.175:0] script '/domains/acagolf1/we.php' not found or unable to stat
[Thu Feb 19 03:58:14.355727 2026] [php:error] [pid 18249] [client 4.232.89.175:0] script '/domains/acagolf1/zwso.php' not found or unable to stat
[Thu Feb 19 03:58:14.446453 2026] [php:error] [pid 18249] [client 4.232.89.175:0] script '/domains/acagolf1/karak.php' not found or unable to stat
[Thu Feb 19 03:58:14.536983 2026] [php:error] [pid 18249] [client 4.232.89.175:0] script '/domains/acagolf1/trd.php' not found or unable to stat
[Thu Feb 19 03:58:14.648549 2026] [php:error] [pid 18249] [client 4.232.89.175:0] script '/domains/acagolf1/past.php' not found or unable to stat
[Thu Feb 19 03:58:14.756970 2026] [php:error] [pid 18249] [client 4.232.89.175:0] script '/domains/acagolf1/prv8.php' not found or unable to stat
[Thu Feb 19 03:58:14.871127 2026] [php:error] [pid 18249] [client 4.232.89.175:0] script '/domains/acagolf1/i.php' not found or unable to stat
[Thu Feb 19 03:58:15.079561 2026] [php:error] [pid 18249] [client 4.232.89.175:0] script '/domains/acagolf1/xmlrpc.php' not found or unable to stat
[Thu Feb 19 03:58:15.245321 2026] [php:error] [pid 18249] [client 4.232.89.175:0] script '/domains/acagolf1/aw.php' not found or unable to stat
[Thu Feb 19 03:58:15.335826 2026] [php:error] [pid 18249] [client 4.232.89.175:0] script '/domains/acagolf1/dev.php' not found or unable to stat
[Thu Feb 19 03:58:15.431392 2026] [php:error] [pid 18249] [client 4.232.89.175:0] script '/domains/acagolf1/lock360.php' not found or unable to stat
[Thu Feb 19 03:58:15.522137 2026] [php:error] [pid 18249] [client 4.232.89.175:0] script '/domains/acagolf1/155.php' not found or unable to stat
[Thu Feb 19 03:58:15.614207 2026] [php:error] [pid 18249] [client 4.232.89.175:0] script '/domains/acagolf1/goat.php' not found or unable to stat
[Thu Feb 19 03:58:15.735803 2026] [php:error] [pid 18249] [client 4.232.89.175:0] script '/domains/acagolf1/tcp.php' not found or unable to stat
[Thu Feb 19 03:58:15.834300 2026] [php:error] [pid 18249] [client 4.232.89.175:0] script '/domains/acagolf1/ext.php' not found or unable to stat
[Thu Feb 19 03:58:15.965468 2026] [php:error] [pid 18249] [client 4.232.89.175:0] script '/domains/acagolf1/inputs.php' not found or unable to stat
[Thu Feb 19 03:58:16.080926 2026] [php:error] [pid 18249] [client 4.232.89.175:0] script '/domains/acagolf1/ioxi.php' not found or unable to stat
[Thu Feb 19 03:58:16.171197 2026] [php:error] [pid 18249] [client 4.232.89.175:0] script '/domains/acagolf1/fe5.php' not found or unable to stat
[Thu Feb 19 03:58:16.262750 2026] [php:error] [pid 18249] [client 4.232.89.175:0] script '/domains/acagolf1/ov.php' not found or unable to stat
[Thu Feb 19 03:58:16.353246 2026] [php:error] [pid 18249] [client 4.232.89.175:0] script '/domains/acagolf1/past1.php' not found or unable to stat
[Thu Feb 19 03:58:16.600654 2026] [php:error] [pid 18249] [client 4.232.89.175:0] script '/domains/acagolf1/default.php' not found or unable to stat
[Thu Feb 19 03:58:16.691217 2026] [php:error] [pid 18249] [client 4.232.89.175:0] script '/domains/acagolf1/goods.php' not found or unable to stat
[Thu Feb 19 03:58:16.782382 2026] [php:error] [pid 18249] [client 4.232.89.175:0] script '/domains/acagolf1/abcd.php' not found or unable to stat
[Thu Feb 19 03:58:16.931270 2026] [php:error] [pid 18249] [client 4.232.89.175:0] script '/domains/acagolf1/yos.php' not found or unable to stat
[Thu Feb 19 03:58:17.021830 2026] [php:error] [pid 18249] [client 4.232.89.175:0] script '/domains/acagolf1/nope.php' not found or unable to stat
[Thu Feb 19 03:58:17.128553 2026] [php:error] [pid 18249] [client 4.232.89.175:0] script '/domains/acagolf1/class.1.php' not found or unable to stat
[Thu Feb 19 03:58:17.219243 2026] [php:error] [pid 18249] [client 4.232.89.175:0] script '/domains/acagolf1/file5.php' not found or unable to stat
[Thu Feb 19 03:58:17.326463 2026] [php:error] [pid 18249] [client 4.232.89.175:0] script '/domains/acagolf1/async.php' not found or unable to stat
[Thu Feb 19 03:58:17.416986 2026] [php:error] [pid 18249] [client 4.232.89.175:0] script '/domains/acagolf1/ff.php' not found or unable to stat
[Thu Feb 19 03:58:17.510850 2026] [php:error] [pid 18249] [client 4.232.89.175:0] script '/domains/acagolf1/ioxi-o.php' not found or unable to stat
[Thu Feb 19 03:58:17.605515 2026] [php:error] [pid 18249] [client 4.232.89.175:0] script '/domains/acagolf1/manager.php' not found or unable to stat
[Thu Feb 19 03:58:17.699918 2026] [php:error] [pid 18249] [client 4.232.89.175:0] script '/domains/acagolf1/wp-update.php' not found or unable to stat
[Thu Feb 19 03:58:17.821114 2026] [php:error] [pid 18249] [client 4.232.89.175:0] script '/domains/acagolf1/file.php' not found or unable to stat
[Thu Feb 19 03:58:18.003852 2026] [php:error] [pid 18249] [client 4.232.89.175:0] script '/domains/acagolf1/lc.php' not found or unable to stat
[Thu Feb 19 03:58:18.094237 2026] [php:error] [pid 18249] [client 4.232.89.175:0] script '/domains/acagolf1/hexx.php' not found or unable to stat
[Thu Feb 19 03:58:18.206511 2026] [php:error] [pid 18249] [client 4.232.89.175:0] script '/domains/acagolf1/cbrfo.php' not found or unable to stat
[Thu Feb 19 03:58:18.363584 2026] [php:error] [pid 18249] [client 4.232.89.175:0] script '/domains/acagolf1/inc.php' not found or unable to stat
[Thu Feb 19 03:58:18.527334 2026] [php:error] [pid 18249] [client 4.232.89.175:0] script '/domains/acagolf1/gifclass.php' not found or unable to stat
[Thu Feb 19 03:58:18.634408 2026] [php:error] [pid 18249] [client 4.232.89.175:0] script '/domains/acagolf1/miansha.php' not found or unable to stat
[Thu Feb 19 03:58:18.771875 2026] [php:error] [pid 18249] [client 4.232.89.175:0] script '/domains/acagolf1/tinyfilemanager.php' not found or unable to stat
[Thu Feb 19 03:58:18.930484 2026] [php:error] [pid 18249] [client 4.232.89.175:0] script '/domains/acagolf1/xfile25.php' not found or unable to stat
[Thu Feb 19 03:58:19.021277 2026] [php:error] [pid 18249] [client 4.232.89.175:0] script '/domains/acagolf1/ok.php' not found or unable to stat
[Thu Feb 19 03:58:19.264549 2026] [php:error] [pid 18249] [client 4.232.89.175:0] script '/domains/acagolf1/fi.php' not found or unable to stat
[Thu Feb 19 03:58:19.847323 2026] [php:error] [pid 18287] [client 4.232.89.175:0] script '/domains/acagolf1/muzu.php' not found or unable to stat
[Thu Feb 19 03:58:19.948160 2026] [php:error] [pid 18287] [client 4.232.89.175:0] script '/domains/acagolf1/reze.php' not found or unable to stat
[Thu Feb 19 03:58:20.038640 2026] [php:error] [pid 18287] [client 4.232.89.175:0] script '/domains/acagolf1/styll.php' not found or unable to stat
[Thu Feb 19 03:58:20.123809 2026] [php:error] [pid 18289] [client 35.247.243.244:0] script '/domains/hdickens.enteract/adminer-5.1.1-mysql-en.php' not found or unable to stat
[Thu Feb 19 03:58:20.129298 2026] [php:error] [pid 18287] [client 4.232.89.175:0] script '/domains/acagolf1/x7.php' not found or unable to stat
[Thu Feb 19 03:58:20.219820 2026] [php:error] [pid 18287] [client 4.232.89.175:0] script '/domains/acagolf1/thebe.php' not found or unable to stat
[Thu Feb 19 03:58:20.310048 2026] [php:error] [pid 18287] [client 4.232.89.175:0] script '/domains/acagolf1/ddd.php' not found or unable to stat
[Thu Feb 19 03:58:20.400858 2026] [php:error] [pid 18287] [client 4.232.89.175:0] script '/domains/acagolf1/ccs.php' not found or unable to stat
[Thu Feb 19 03:58:20.496191 2026] [php:error] [pid 18287] [client 4.232.89.175:0] script '/domains/acagolf1/bgymj.php' not found or unable to stat
[Thu Feb 19 03:58:20.603285 2026] [php:error] [pid 18287] [client 4.232.89.175:0] script '/domains/acagolf1/8xyz.php' not found or unable to stat
[Thu Feb 19 03:58:20.714821 2026] [php:error] [pid 18287] [client 4.232.89.175:0] script '/domains/acagolf1/la.php' not found or unable to stat
[Thu Feb 19 03:58:20.804912 2026] [php:error] [pid 18287] [client 4.232.89.175:0] script '/domains/acagolf1/ioxi.php' not found or unable to stat
[Thu Feb 19 03:58:20.897585 2026] [php:error] [pid 18287] [client 4.232.89.175:0] script '/domains/acagolf1/xpwer1.php' not found or unable to stat
[Thu Feb 19 03:58:20.988639 2026] [php:error] [pid 18287] [client 4.232.89.175:0] script '/domains/acagolf1/lala.php' not found or unable to stat
[Thu Feb 19 03:58:21.079110 2026] [php:error] [pid 18287] [client 4.232.89.175:0] script '/domains/acagolf1/about.php' not found or unable to stat
[Thu Feb 19 03:58:21.601929 2026] [php:error] [pid 18287] [client 4.232.89.175:0] script '/domains/acagolf1/info.php' not found or unable to stat
[Thu Feb 19 03:58:21.692042 2026] [php:error] [pid 18287] [client 4.232.89.175:0] script '/domains/acagolf1/about.php' not found or unable to stat
[Thu Feb 19 03:58:21.873451 2026] [php:error] [pid 18287] [client 4.232.89.175:0] script '/domains/acagolf1/222.php' not found or unable to stat
[Thu Feb 19 03:58:21.967191 2026] [php:error] [pid 18287] [client 4.232.89.175:0] script '/domains/acagolf1/adminfuns.php' not found or unable to stat
[Thu Feb 19 03:58:22.324996 2026] [php:error] [pid 18287] [client 4.232.89.175:0] script '/domains/acagolf1/xx.php' not found or unable to stat
[Thu Feb 19 03:58:22.530462 2026] [php:error] [pid 18287] [client 4.232.89.175:0] script '/domains/acagolf1/f5.php' not found or unable to stat
[Thu Feb 19 03:58:22.622078 2026] [php:error] [pid 18287] [client 4.232.89.175:0] script '/domains/acagolf1/flower.php' not found or unable to stat
[Thu Feb 19 03:58:22.712865 2026] [php:error] [pid 18287] [client 4.232.89.175:0] script '/domains/acagolf1/f6.php' not found or unable to stat
[Thu Feb 19 03:58:22.803205 2026] [php:error] [pid 18287] [client 4.232.89.175:0] script '/domains/acagolf1/edit.php' not found or unable to stat
[Thu Feb 19 03:58:22.932478 2026] [php:error] [pid 18287] [client 4.232.89.175:0] script '/domains/acagolf1/aa.php' not found or unable to stat
[Thu Feb 19 03:58:23.204422 2026] [php:error] [pid 18287] [client 4.232.89.175:0] script '/domains/acagolf1/av.php' not found or unable to stat
[Thu Feb 19 03:58:23.394782 2026] [php:error] [pid 18287] [client 4.232.89.175:0] script '/domains/acagolf1/wsd.php' not found or unable to stat
[Thu Feb 19 03:58:23.485181 2026] [php:error] [pid 18287] [client 4.232.89.175:0] script '/domains/acagolf1/jane.php' not found or unable to stat
[Thu Feb 19 03:58:23.576130 2026] [php:error] [pid 18287] [client 4.232.89.175:0] script '/domains/acagolf1/css.php' not found or unable to stat
[Thu Feb 19 03:58:23.666723 2026] [php:error] [pid 18287] [client 4.232.89.175:0] script '/domains/acagolf1/alfa.php' not found or unable to stat
[Thu Feb 19 03:58:23.791977 2026] [php:error] [pid 18287] [client 4.232.89.175:0] script '/domains/acagolf1/wen.php' not found or unable to stat
[Thu Feb 19 03:58:23.902317 2026] [php:error] [pid 18287] [client 4.232.89.175:0] script '/domains/acagolf1/x.php' not found or unable to stat
[Thu Feb 19 03:58:23.996930 2026] [php:error] [pid 18287] [client 4.232.89.175:0] script '/domains/acagolf1/xxxx.php' not found or unable to stat
[Thu Feb 19 03:58:24.099897 2026] [php:error] [pid 18287] [client 4.232.89.175:0] script '/domains/acagolf1/class.php' not found or unable to stat
[Thu Feb 19 03:58:24.221091 2026] [php:error] [pid 18287] [client 4.232.89.175:0] script '/domains/acagolf1/f35.php' not found or unable to stat
[Thu Feb 19 03:58:24.497578 2026] [php:error] [pid 18247] [client 195.3.220.176:0] script '/domains/rainho/wp-login.php' not found or unable to stat, referer: https://www.facebook.com/
[Thu Feb 19 03:58:24.605073 2026] [php:error] [pid 18287] [client 4.232.89.175:0] script '/domains/acagolf1/class-t.api.php' not found or unable to stat
[Thu Feb 19 03:58:24.695807 2026] [php:error] [pid 18287] [client 4.232.89.175:0] script '/domains/acagolf1/blurbs18.php' not found or unable to stat
[Thu Feb 19 03:58:24.710403 2026] [php:error] [pid 18289] [client 195.3.220.176:0] script '/domains/rainho/wp-login.php' not found or unable to stat, referer: https://wordpress.org/
[Thu Feb 19 03:58:25.427379 2026] [php:error] [pid 18287] [client 4.232.89.175:0] script '/domains/acagolf1/bless11.php' not found or unable to stat
[Thu Feb 19 03:58:25.556374 2026] [php:error] [pid 18287] [client 4.232.89.175:0] script '/domains/acagolf1/init.php' not found or unable to stat
[Thu Feb 19 03:58:25.754846 2026] [php:error] [pid 18287] [client 4.232.89.175:0] script '/domains/acagolf1/k.php' not found or unable to stat
[Thu Feb 19 03:58:25.868397 2026] [php:error] [pid 18287] [client 4.232.89.175:0] script '/domains/acagolf1/bless.php' not found or unable to stat
[Thu Feb 19 03:58:25.974963 2026] [php:error] [pid 18287] [client 4.232.89.175:0] script '/domains/acagolf1/X7x.php' not found or unable to stat
[Thu Feb 19 03:58:26.109957 2026] [php:error] [pid 18287] [client 4.232.89.175:0] script '/domains/acagolf1/166.php' not found or unable to stat
[Thu Feb 19 03:58:26.202226 2026] [php:error] [pid 18287] [client 4.232.89.175:0] script '/domains/acagolf1/plss3.php' not found or unable to stat
[Thu Feb 19 03:58:26.486255 2026] [php:error] [pid 18287] [client 4.232.89.175:0] script '/domains/acagolf1/admins.php' not found or unable to stat
[Thu Feb 19 03:58:26.580041 2026] [php:error] [pid 18287] [client 4.232.89.175:0] script '/domains/acagolf1/wp.php' not found or unable to stat
[Thu Feb 19 03:58:26.674160 2026] [php:error] [pid 18287] [client 4.232.89.175:0] script '/domains/acagolf1/main.php' not found or unable to stat
[Thu Feb 19 03:58:26.764922 2026] [php:error] [pid 18287] [client 4.232.89.175:0] script '/domains/acagolf1/a1.php' not found or unable to stat
[Thu Feb 19 03:58:26.866394 2026] [php:error] [pid 18287] [client 4.232.89.175:0] script '/domains/acagolf1/lala.php' not found or unable to stat
[Thu Feb 19 03:58:26.956698 2026] [php:error] [pid 18287] [client 4.232.89.175:0] script '/domains/acagolf1/aaa.php' not found or unable to stat
[Thu Feb 19 03:58:27.096447 2026] [php:error] [pid 18287] [client 4.232.89.175:0] script '/domains/acagolf1/a2.php' not found or unable to stat
[Thu Feb 19 03:58:27.390537 2026] [php:error] [pid 18287] [client 4.232.89.175:0] script '/domains/acagolf1/nyan.php' not found or unable to stat
[Thu Feb 19 03:58:27.481190 2026] [php:error] [pid 18287] [client 4.232.89.175:0] script '/domains/acagolf1/jsond.php' not found or unable to stat
[Thu Feb 19 03:58:30.884728 2026] [php:error] [pid 18290] [client 34.96.162.57:0] script '/domains/hdickens.enteract/adminer-5.0.0-mysql.php' not found or unable to stat
[Thu Feb 19 03:58:37.778587 2026] [php:error] [pid 18247] [client 35.247.243.254:0] script '/domains/hdickens.enteract/adminer-5.4.1-mysql-en.php' not found or unable to stat
[Thu Feb 19 03:58:45.267775 2026] [php:error] [pid 18287] [client 34.96.162.55:0] script '/domains/hdickens.enteract/adminer-5.2.0-en.php' not found or unable to stat
[Thu Feb 19 03:58:50.164101 2026] [php:error] [pid 18290] [client 34.96.162.56:0] script '/domains/hdickens.enteract/adminer-4.1.0.php' not found or unable to stat
[Thu Feb 19 03:58:53.405926 2026] [php:error] [pid 18287] [client 20.203.136.132:0] script '/domains/davidbacker/new99.php' not found or unable to stat
[Thu Feb 19 03:58:53.501731 2026] [php:error] [pid 18287] [client 20.203.136.132:0] script '/domains/davidbacker/e.php' not found or unable to stat
[Thu Feb 19 03:58:53.595919 2026] [php:error] [pid 18287] [client 20.203.136.132:0] script '/domains/davidbacker/lp6.php' not found or unable to stat
[Thu Feb 19 03:58:53.689876 2026] [php:error] [pid 18287] [client 20.203.136.132:0] script '/domains/davidbacker/a4.php' not found or unable to stat
[Thu Feb 19 03:58:53.783984 2026] [php:error] [pid 18287] [client 20.203.136.132:0] script '/domains/davidbacker/222.php' not found or unable to stat
[Thu Feb 19 03:58:54.348363 2026] [php:error] [pid 18287] [client 20.203.136.132:0] script '/domains/davidbacker/403.php' not found or unable to stat
[Thu Feb 19 03:58:54.442290 2026] [php:error] [pid 18287] [client 20.203.136.132:0] script '/domains/davidbacker/file5.php' not found or unable to stat
[Thu Feb 19 03:58:54.537570 2026] [php:error] [pid 18287] [client 20.203.136.132:0] script '/domains/davidbacker/file9.php' not found or unable to stat
[Thu Feb 19 03:58:54.631561 2026] [php:error] [pid 18287] [client 20.203.136.132:0] script '/domains/davidbacker/file8.php' not found or unable to stat
[Thu Feb 19 03:58:54.725428 2026] [php:error] [pid 18287] [client 20.203.136.132:0] script '/domains/davidbacker/file3.php' not found or unable to stat
[Thu Feb 19 03:58:54.819295 2026] [php:error] [pid 18287] [client 20.203.136.132:0] script '/domains/davidbacker/404.php' not found or unable to stat
[Thu Feb 19 03:58:54.913289 2026] [php:error] [pid 18287] [client 20.203.136.132:0] script '/domains/davidbacker/file6.php' not found or unable to stat
[Thu Feb 19 03:58:55.015912 2026] [php:error] [pid 18287] [client 20.203.136.132:0] script '/domains/davidbacker/file2.php' not found or unable to stat
[Thu Feb 19 03:58:55.109818 2026] [php:error] [pid 18287] [client 20.203.136.132:0] script '/domains/davidbacker/file.php' not found or unable to stat
[Thu Feb 19 03:59:11.730097 2026] [php:error] [pid 18290] [client 35.247.243.253:0] script '/domains/hdickens.enteract/adminer-4.16.0.php' not found or unable to stat
[Thu Feb 19 03:59:13.053969 2026] [php:error] [pid 18289] [client 34.96.162.50:0] script '/domains/hdickens.enteract/SQL.php' not found or unable to stat
[Thu Feb 19 03:59:16.210205 2026] [php:error] [pid 18293] [client 35.247.243.255:0] script '/domains/hdickens.enteract/adminer-5.0.5-mysql.php' not found or unable to stat
[Thu Feb 19 03:59:18.844056 2026] [php:error] [pid 18292] [client 35.247.243.242:0] script '/domains/hdickens.enteract/adminer-5.2.0-mysql.php' not found or unable to stat
[Thu Feb 19 03:59:21.956073 2026] [php:error] [pid 18249] [client 35.247.243.243:0] script '/domains/hdickens.enteract/ADMINER.php' not found or unable to stat
[Thu Feb 19 04:00:04.874633 2026] [php:error] [pid 18293] [client 34.96.162.56:0] script '/domains/hdickens.enteract/sql.php' not found or unable to stat
[Thu Feb 19 04:00:15.514399 2026] [php:error] [pid 18294] [client 35.247.243.255:0] script '/domains/hdickens.enteract/adminer-5.0.2-en.php' not found or unable to stat
[Thu Feb 19 04:00:21.668313 2026] [php:error] [pid 18296] [client 35.247.243.245:0] script '/domains/hdickens.enteract/adminer-5.0.1-mysql.php' not found or unable to stat
[Thu Feb 19 04:00:33.120877 2026] [php:error] [pid 18292] [client 35.247.243.246:0] script '/domains/hdickens.enteract/adminer-5.0.0-en.php' not found or unable to stat
[Thu Feb 19 04:00:43.472504 2026] [php:error] [pid 18296] [client 35.247.243.248:0] script '/domains/hdickens.enteract/_adminer.php' not found or unable to stat
[Thu Feb 19 04:01:22.734358 2026] [php:error] [pid 18296] [client 34.96.162.52:0] script '/domains/hdickens.enteract/adminer-5.1.0.php' not found or unable to stat
[Thu Feb 19 04:01:29.128002 2026] [php:error] [pid 18321] [client 34.96.162.63:0] script '/domains/hdickens.enteract/adminer-5.1.1-en.php' not found or unable to stat
[Thu Feb 19 04:01:38.091382 2026] [php:error] [pid 18294] [client 35.247.243.249:0] script '/domains/hdickens.enteract/adminer-5.2.1-mysql.php' not found or unable to stat
[Thu Feb 19 04:01:43.484886 2026] [php:error] [pid 18294] [client 20.24.197.43:0] script '/domains/nlyfoods/wp-2019.php' not found or unable to stat
[Thu Feb 19 04:01:43.702503 2026] [php:error] [pid 18294] [client 20.24.197.43:0] script '/domains/nlyfoods/403.php' not found or unable to stat
[Thu Feb 19 04:01:44.135389 2026] [php:error] [pid 18294] [client 20.24.197.43:0] script '/domains/nlyfoods/aaa.php' not found or unable to stat
[Thu Feb 19 04:01:45.375003 2026] [php:error] [pid 18294] [client 20.24.197.43:0] script '/domains/nlyfoods/y.php' not found or unable to stat
[Thu Feb 19 04:01:46.003575 2026] [php:error] [pid 18294] [client 20.24.197.43:0] script '/domains/nlyfoods/ggfi.php' not found or unable to stat
[Thu Feb 19 04:01:46.831524 2026] [php:error] [pid 18315] [client 52.141.2.0:0] script '/domains/pookie.dnai/new4.php' not found or unable to stat
[Thu Feb 19 04:01:46.910350 2026] [php:error] [pid 18294] [client 20.24.197.43:0] script '/domains/nlyfoods/buy.php' not found or unable to stat
[Thu Feb 19 04:01:47.089935 2026] [php:error] [pid 18315] [client 52.141.2.0:0] script '/domains/pookie.dnai/sc.php' not found or unable to stat
[Thu Feb 19 04:01:47.277300 2026] [php:error] [pid 18315] [client 52.141.2.0:0] script '/domains/pookie.dnai/aq.php' not found or unable to stat
[Thu Feb 19 04:01:47.302315 2026] [php:error] [pid 18294] [client 20.24.197.43:0] script '/domains/nlyfoods/chosen.php' not found or unable to stat
[Thu Feb 19 04:01:47.479570 2026] [php:error] [pid 18315] [client 52.141.2.0:0] script '/domains/pookie.dnai/opts.php' not found or unable to stat
[Thu Feb 19 04:01:47.523715 2026] [php:error] [pid 18294] [client 20.24.197.43:0] script '/domains/nlyfoods/index.php' not found or unable to stat
[Thu Feb 19 04:01:47.666940 2026] [php:error] [pid 18315] [client 52.141.2.0:0] script '/domains/pookie.dnai/wp-act.php' not found or unable to stat
[Thu Feb 19 04:01:47.854246 2026] [php:error] [pid 18315] [client 52.141.2.0:0] script '/domains/pookie.dnai/myfile.php' not found or unable to stat
[Thu Feb 19 04:01:48.000751 2026] [php:error] [pid 18294] [client 20.24.197.43:0] script '/domains/nlyfoods/cron.php' not found or unable to stat
[Thu Feb 19 04:01:48.041408 2026] [php:error] [pid 18315] [client 52.141.2.0:0] script '/domains/pookie.dnai/work.php' not found or unable to stat
[Thu Feb 19 04:01:48.230594 2026] [php:error] [pid 18315] [client 52.141.2.0:0] script '/domains/pookie.dnai/C.php' not found or unable to stat
[Thu Feb 19 04:01:48.418230 2026] [php:error] [pid 18315] [client 52.141.2.0:0] script '/domains/pookie.dnai/ze.php' not found or unable to stat
[Thu Feb 19 04:01:48.418610 2026] [php:error] [pid 18294] [client 20.24.197.43:0] script '/domains/nlyfoods/functions.php' not found or unable to stat
[Thu Feb 19 04:01:48.628046 2026] [php:error] [pid 18315] [client 52.141.2.0:0] script '/domains/pookie.dnai/seetox.php' not found or unable to stat
[Thu Feb 19 04:01:48.968400 2026] [php:error] [pid 18315] [client 52.141.2.0:0] script '/domains/pookie.dnai/dom.php' not found or unable to stat
[Thu Feb 19 04:01:49.356745 2026] [php:error] [pid 18315] [client 52.141.2.0:0] script '/domains/pookie.dnai/samiri.php' not found or unable to stat
[Thu Feb 19 04:01:49.544116 2026] [php:error] [pid 18315] [client 52.141.2.0:0] script '/domains/pookie.dnai/plugins.php' not found or unable to stat
[Thu Feb 19 04:01:49.833043 2026] [php:error] [pid 18315] [client 52.141.2.0:0] script '/domains/pookie.dnai/xoot.php' not found or unable to stat
[Thu Feb 19 04:01:49.857909 2026] [php:error] [pid 18294] [client 20.24.197.43:0] script '/domains/nlyfoods/wp-add.php' not found or unable to stat
[Thu Feb 19 04:01:50.082269 2026] [php:error] [pid 18294] [client 20.24.197.43:0] script '/domains/nlyfoods/0.php' not found or unable to stat
[Thu Feb 19 04:01:50.089307 2026] [php:error] [pid 18315] [client 52.141.2.0:0] script '/domains/pookie.dnai/X57.php' not found or unable to stat
[Thu Feb 19 04:01:50.281124 2026] [php:error] [pid 18315] [client 52.141.2.0:0] script '/domains/pookie.dnai/vx.php' not found or unable to stat
[Thu Feb 19 04:01:50.299029 2026] [php:error] [pid 18294] [client 20.24.197.43:0] script '/domains/nlyfoods/edit.php' not found or unable to stat
[Thu Feb 19 04:01:50.470601 2026] [php:error] [pid 18315] [client 52.141.2.0:0] script '/domains/pookie.dnai/file59.php' not found or unable to stat
[Thu Feb 19 04:01:50.522003 2026] [php:error] [pid 18294] [client 20.24.197.43:0] script '/domains/nlyfoods/meta.php' not found or unable to stat
[Thu Feb 19 04:01:50.739547 2026] [php:error] [pid 18294] [client 20.24.197.43:0] script '/domains/nlyfoods/new.php' not found or unable to stat
[Thu Feb 19 04:01:50.849580 2026] [php:error] [pid 18315] [client 52.141.2.0:0] script '/domains/pookie.dnai/shas.php' not found or unable to stat
[Thu Feb 19 04:01:51.113127 2026] [php:error] [pid 18315] [client 52.141.2.0:0] script '/domains/pookie.dnai/xa.php' not found or unable to stat
[Thu Feb 19 04:01:51.300468 2026] [php:error] [pid 18315] [client 52.141.2.0:0] script '/domains/pookie.dnai/xda.php' not found or unable to stat
[Thu Feb 19 04:01:51.494433 2026] [php:error] [pid 18315] [client 52.141.2.0:0] script '/domains/pookie.dnai/er.php' not found or unable to stat
[Thu Feb 19 04:01:51.513344 2026] [php:error] [pid 18294] [client 20.24.197.43:0] script '/domains/nlyfoods/as.php' not found or unable to stat
[Thu Feb 19 04:01:51.701979 2026] [php:error] [pid 18315] [client 52.141.2.0:0] script '/domains/pookie.dnai/fault.php' not found or unable to stat
[Thu Feb 19 04:01:51.889296 2026] [php:error] [pid 18315] [client 52.141.2.0:0] script '/domains/pookie.dnai/motu.php' not found or unable to stat
[Thu Feb 19 04:01:51.922555 2026] [php:error] [pid 18294] [client 20.24.197.43:0] script '/domains/nlyfoods/ds.php' not found or unable to stat
[Thu Feb 19 04:01:52.092986 2026] [php:error] [pid 18315] [client 52.141.2.0:0] script '/domains/pookie.dnai/66.php' not found or unable to stat
[Thu Feb 19 04:01:52.271864 2026] [php:error] [pid 18294] [client 20.24.197.43:0] script '/domains/nlyfoods/error.php' not found or unable to stat
[Thu Feb 19 04:01:52.460711 2026] [php:error] [pid 18315] [client 52.141.2.0:0] script '/domains/pookie.dnai/leuk.php' not found or unable to stat
[Thu Feb 19 04:01:52.567241 2026] [php:error] [pid 18294] [client 20.24.197.43:0] script '/domains/nlyfoods/gecko-new.php' not found or unable to stat
[Thu Feb 19 04:01:52.657358 2026] [php:error] [pid 18315] [client 52.141.2.0:0] script '/domains/pookie.dnai/xqq.php' not found or unable to stat
[Thu Feb 19 04:01:52.790389 2026] [php:error] [pid 18294] [client 20.24.197.43:0] script '/domains/nlyfoods/randkeyword.php' not found or unable to stat
[Thu Feb 19 04:01:52.845424 2026] [php:error] [pid 18315] [client 52.141.2.0:0] script '/domains/pookie.dnai/kolda.php' not found or unable to stat
[Thu Feb 19 04:01:53.090341 2026] [php:error] [pid 18315] [client 52.141.2.0:0] script '/domains/pookie.dnai/nw.php' not found or unable to stat
[Thu Feb 19 04:01:53.278091 2026] [php:error] [pid 18315] [client 52.141.2.0:0] script '/domains/pookie.dnai/god.php' not found or unable to stat
[Thu Feb 19 04:01:53.466232 2026] [php:error] [pid 18315] [client 52.141.2.0:0] script '/domains/pookie.dnai/666.php' not found or unable to stat
[Thu Feb 19 04:01:53.667994 2026] [php:error] [pid 18315] [client 52.141.2.0:0] script '/domains/pookie.dnai/kj.php' not found or unable to stat
[Thu Feb 19 04:01:53.862532 2026] [php:error] [pid 18315] [client 52.141.2.0:0] script '/domains/pookie.dnai/un.php' not found or unable to stat
[Thu Feb 19 04:01:53.915223 2026] [php:error] [pid 18294] [client 20.24.197.43:0] script '/domains/nlyfoods/NewFile.php' not found or unable to stat
[Thu Feb 19 04:01:54.050617 2026] [php:error] [pid 18315] [client 52.141.2.0:0] script '/domains/pookie.dnai/fs.php' not found or unable to stat
[Thu Feb 19 04:01:54.237868 2026] [php:error] [pid 18315] [client 52.141.2.0:0] script '/domains/pookie.dnai/ms.php' not found or unable to stat
[Thu Feb 19 04:01:54.344269 2026] [php:error] [pid 18294] [client 20.24.197.43:0] script '/domains/nlyfoods/goods.php' not found or unable to stat
[Thu Feb 19 04:01:54.425622 2026] [php:error] [pid 18315] [client 52.141.2.0:0] script '/domains/pookie.dnai/login8.php' not found or unable to stat
[Thu Feb 19 04:01:54.601863 2026] [php:error] [pid 18294] [client 20.24.197.43:0] script '/domains/nlyfoods/simple.php' not found or unable to stat
[Thu Feb 19 04:01:54.612605 2026] [php:error] [pid 18315] [client 52.141.2.0:0] script '/domains/pookie.dnai/nnyvn.php' not found or unable to stat
[Thu Feb 19 04:01:55.134398 2026] [php:error] [pid 18315] [client 52.141.2.0:0] script '/domains/pookie.dnai/cu.php' not found or unable to stat
[Thu Feb 19 04:01:55.324603 2026] [php:error] [pid 18315] [client 52.141.2.0:0] script '/domains/pookie.dnai/lul.php' not found or unable to stat
[Thu Feb 19 04:01:55.513532 2026] [php:error] [pid 18315] [client 52.141.2.0:0] script '/domains/pookie.dnai/0.php' not found or unable to stat
[Thu Feb 19 04:01:55.701037 2026] [php:error] [pid 18315] [client 52.141.2.0:0] script '/domains/pookie.dnai/ms-edit.php' not found or unable to stat
[Thu Feb 19 04:01:55.766820 2026] [php:error] [pid 18294] [client 20.24.197.43:0] script '/domains/nlyfoods/c.php' not found or unable to stat
[Thu Feb 19 04:01:55.888176 2026] [php:error] [pid 18315] [client 52.141.2.0:0] script '/domains/pookie.dnai/ya.php' not found or unable to stat
[Thu Feb 19 04:01:56.090075 2026] [php:error] [pid 18315] [client 52.141.2.0:0] script '/domains/pookie.dnai/grsiuk.php' not found or unable to stat
[Thu Feb 19 04:01:56.277690 2026] [php:error] [pid 18315] [client 52.141.2.0:0] script '/domains/pookie.dnai/wp-blog.php' not found or unable to stat
[Thu Feb 19 04:01:56.466019 2026] [php:error] [pid 18315] [client 52.141.2.0:0] script '/domains/pookie.dnai/wp-access.php' not found or unable to stat
[Thu Feb 19 04:01:56.522518 2026] [php:error] [pid 18294] [client 20.24.197.43:0] script '/domains/nlyfoods/auth.php' not found or unable to stat
[Thu Feb 19 04:01:56.653652 2026] [php:error] [pid 18315] [client 52.141.2.0:0] script '/domains/pookie.dnai/a1vx.php' not found or unable to stat
[Thu Feb 19 04:01:56.752871 2026] [php:error] [pid 18294] [client 20.24.197.43:0] script '/domains/nlyfoods/class-wp-lock.php' not found or unable to stat
[Thu Feb 19 04:01:56.848358 2026] [php:error] [pid 18315] [client 52.141.2.0:0] script '/domains/pookie.dnai/sbhu.php' not found or unable to stat
[Thu Feb 19 04:01:56.981418 2026] [php:error] [pid 18294] [client 20.24.197.43:0] script '/domains/nlyfoods/cookie.php' not found or unable to stat
[Thu Feb 19 04:01:57.037493 2026] [php:error] [pid 18315] [client 52.141.2.0:0] script '/domains/pookie.dnai/wp-the.php' not found or unable to stat
[Thu Feb 19 04:01:57.229863 2026] [php:error] [pid 18294] [client 20.24.197.43:0] script '/domains/nlyfoods/admin.php' not found or unable to stat
[Thu Feb 19 04:01:57.232733 2026] [php:error] [pid 18315] [client 52.141.2.0:0] script '/domains/pookie.dnai/06.php' not found or unable to stat
[Thu Feb 19 04:01:57.431533 2026] [php:error] [pid 18315] [client 52.141.2.0:0] script '/domains/pookie.dnai/wp5.php' not found or unable to stat
[Thu Feb 19 04:01:57.545090 2026] [php:error] [pid 18294] [client 20.24.197.43:0] script '/domains/nlyfoods/baxa1.php' not found or unable to stat
[Thu Feb 19 04:01:57.618660 2026] [php:error] [pid 18315] [client 52.141.2.0:0] script '/domains/pookie.dnai/fot.php' not found or unable to stat
[Thu Feb 19 04:01:58.012676 2026] [php:error] [pid 18315] [client 52.141.2.0:0] script '/domains/pookie.dnai/ff1.php' not found or unable to stat
[Thu Feb 19 04:01:58.199818 2026] [php:error] [pid 18315] [client 52.141.2.0:0] script '/domains/pookie.dnai/forbidals.php' not found or unable to stat
[Thu Feb 19 04:01:58.387386 2026] [php:error] [pid 18315] [client 52.141.2.0:0] script '/domains/pookie.dnai/erty.php' not found or unable to stat
[Thu Feb 19 04:01:58.574815 2026] [php:error] [pid 18315] [client 52.141.2.0:0] script '/domains/pookie.dnai/dev1s.php' not found or unable to stat
[Thu Feb 19 04:01:58.586534 2026] [php:error] [pid 18294] [client 20.24.197.43:0] script '/domains/nlyfoods/xleet.php' not found or unable to stat
[Thu Feb 19 04:01:58.776010 2026] [php:error] [pid 18315] [client 52.141.2.0:0] script '/domains/pookie.dnai/ffd.php' not found or unable to stat
[Thu Feb 19 04:01:58.967843 2026] [php:error] [pid 18315] [client 52.141.2.0:0] script '/domains/pookie.dnai/admiin.php' not found or unable to stat
[Thu Feb 19 04:01:59.156591 2026] [php:error] [pid 18315] [client 52.141.2.0:0] script '/domains/pookie.dnai/ol.php' not found or unable to stat
[Thu Feb 19 04:01:59.343700 2026] [php:error] [pid 18315] [client 52.141.2.0:0] script '/domains/pookie.dnai/Sanskrit.php' not found or unable to stat
[Thu Feb 19 04:01:59.460327 2026] [php:error] [pid 18294] [client 20.24.197.43:0] script '/domains/nlyfoods/about.php' not found or unable to stat
[Thu Feb 19 04:01:59.563485 2026] [php:error] [pid 18315] [client 52.141.2.0:0] script '/domains/pookie.dnai/vxrl.php' not found or unable to stat
[Thu Feb 19 04:01:59.768432 2026] [php:error] [pid 18315] [client 52.141.2.0:0] script '/domains/pookie.dnai/re.php' not found or unable to stat
[Thu Feb 19 04:01:59.930833 2026] [php:error] [pid 18336] [client 20.89.40.149:0] script '/domains/nealis/wp-2019.php' not found or unable to stat
[Thu Feb 19 04:02:00.051751 2026] [php:error] [pid 18315] [client 52.141.2.0:0] script '/domains/pookie.dnai/num.php' not found or unable to stat
[Thu Feb 19 04:02:00.093159 2026] [php:error] [pid 18336] [client 20.89.40.149:0] script '/domains/nealis/403.php' not found or unable to stat
[Thu Feb 19 04:02:00.436094 2026] [php:error] [pid 18315] [client 52.141.2.0:0] script '/domains/pookie.dnai/axx.php' not found or unable to stat
[Thu Feb 19 04:02:00.481531 2026] [php:error] [pid 18336] [client 20.89.40.149:0] script '/domains/nealis/aaa.php' not found or unable to stat
[Thu Feb 19 04:02:00.638938 2026] [php:error] [pid 18315] [client 52.141.2.0:0] script '/domains/pookie.dnai/vxrl.php' not found or unable to stat
[Thu Feb 19 04:02:00.826087 2026] [php:error] [pid 18315] [client 52.141.2.0:0] script '/domains/pookie.dnai/in.php' not found or unable to stat
[Thu Feb 19 04:02:01.092737 2026] [php:error] [pid 18315] [client 52.141.2.0:0] script '/domains/pookie.dnai/style.php' not found or unable to stat
[Thu Feb 19 04:02:01.122098 2026] [php:error] [pid 18294] [client 20.24.197.43:0] script '/domains/nlyfoods/alfanew.php' not found or unable to stat
[Thu Feb 19 04:02:01.198274 2026] [php:error] [pid 18336] [client 20.89.40.149:0] script '/domains/nealis/y.php' not found or unable to stat
[Thu Feb 19 04:02:01.292937 2026] [php:error] [pid 18315] [client 52.141.2.0:0] script '/domains/pookie.dnai/we.php' not found or unable to stat
[Thu Feb 19 04:02:01.645394 2026] [php:error] [pid 18315] [client 52.141.2.0:0] script '/domains/pookie.dnai/zwso.php' not found or unable to stat
[Thu Feb 19 04:02:01.705285 2026] [php:error] [pid 18336] [client 20.89.40.149:0] script '/domains/nealis/ggfi.php' not found or unable to stat
[Thu Feb 19 04:02:01.833174 2026] [php:error] [pid 18315] [client 52.141.2.0:0] script '/domains/pookie.dnai/karak.php' not found or unable to stat
[Thu Feb 19 04:02:01.878387 2026] [php:error] [pid 18294] [client 20.24.197.43:0] script '/domains/nlyfoods/22.php' not found or unable to stat
[Thu Feb 19 04:02:02.020727 2026] [php:error] [pid 18315] [client 52.141.2.0:0] script '/domains/pookie.dnai/prv8.php' not found or unable to stat
[Thu Feb 19 04:02:02.208637 2026] [php:error] [pid 18315] [client 52.141.2.0:0] script '/domains/pookie.dnai/i.php' not found or unable to stat
[Thu Feb 19 04:02:02.444188 2026] [php:error] [pid 18315] [client 52.141.2.0:0] script '/domains/pookie.dnai/a.php' not found or unable to stat
[Thu Feb 19 04:02:02.632098 2026] [php:error] [pid 18315] [client 52.141.2.0:0] script '/domains/pookie.dnai/xmlrpc.php' not found or unable to stat
[Thu Feb 19 04:02:02.639176 2026] [php:error] [pid 18336] [client 20.89.40.149:0] script '/domains/nealis/buy.php' not found or unable to stat
[Thu Feb 19 04:02:02.677754 2026] [php:error] [pid 18294] [client 20.24.197.43:0] script '/domains/nlyfoods/simple.php' not found or unable to stat
[Thu Feb 19 04:02:02.803630 2026] [php:error] [pid 18336] [client 20.89.40.149:0] script '/domains/nealis/chosen.php' not found or unable to stat
[Thu Feb 19 04:02:02.819024 2026] [php:error] [pid 18315] [client 52.141.2.0:0] script '/domains/pookie.dnai/aw.php' not found or unable to stat
[Thu Feb 19 04:02:02.969392 2026] [php:error] [pid 18336] [client 20.89.40.149:0] script '/domains/nealis/index.php' not found or unable to stat
[Thu Feb 19 04:02:03.023198 2026] [php:error] [pid 18315] [client 52.141.2.0:0] script '/domains/pookie.dnai/dev.php' not found or unable to stat
[Thu Feb 19 04:02:03.134878 2026] [php:error] [pid 18336] [client 20.89.40.149:0] script '/domains/nealis/cron.php' not found or unable to stat
[Thu Feb 19 04:02:03.232328 2026] [php:error] [pid 18315] [client 52.141.2.0:0] script '/domains/pookie.dnai/lock360.php' not found or unable to stat
[Thu Feb 19 04:02:03.298370 2026] [php:error] [pid 18336] [client 20.89.40.149:0] script '/domains/nealis/functions.php' not found or unable to stat
[Thu Feb 19 04:02:03.459335 2026] [php:error] [pid 18315] [client 52.141.2.0:0] script '/domains/pookie.dnai/155.php' not found or unable to stat
[Thu Feb 19 04:02:03.462705 2026] [php:error] [pid 18294] [client 20.24.197.43:0] script '/domains/nlyfoods/admin.php' not found or unable to stat
[Thu Feb 19 04:02:03.646881 2026] [php:error] [pid 18315] [client 52.141.2.0:0] script '/domains/pookie.dnai/goat.php' not found or unable to stat
[Thu Feb 19 04:02:03.835096 2026] [php:error] [pid 18315] [client 52.141.2.0:0] script '/domains/pookie.dnai/tcp.php' not found or unable to stat
[Thu Feb 19 04:02:03.847050 2026] [php:error] [pid 18294] [client 20.24.197.43:0] script '/domains/nlyfoods/c99.php' not found or unable to stat
[Thu Feb 19 04:02:04.040346 2026] [php:error] [pid 18315] [client 52.141.2.0:0] script '/domains/pookie.dnai/ext.php' not found or unable to stat
[Thu Feb 19 04:02:04.073938 2026] [php:error] [pid 18294] [client 20.24.197.43:0] script '/domains/nlyfoods/file.php' not found or unable to stat
[Thu Feb 19 04:02:04.242734 2026] [php:error] [pid 18315] [client 52.141.2.0:0] script '/domains/pookie.dnai/inputs.php' not found or unable to stat
[Thu Feb 19 04:02:04.295291 2026] [php:error] [pid 18294] [client 20.24.197.43:0] script '/domains/nlyfoods/b.php' not found or unable to stat
[Thu Feb 19 04:02:04.428509 2026] [php:error] [pid 18336] [client 20.89.40.149:0] script '/domains/nealis/wp-add.php' not found or unable to stat
[Thu Feb 19 04:02:04.471620 2026] [php:error] [pid 18315] [client 52.141.2.0:0] script '/domains/pookie.dnai/ioxi.php' not found or unable to stat
[Thu Feb 19 04:02:04.602080 2026] [php:error] [pid 18294] [client 20.24.197.43:0] script '/domains/nlyfoods/classwithtostring.php' not found or unable to stat
[Thu Feb 19 04:02:04.658869 2026] [php:error] [pid 18315] [client 52.141.2.0:0] script '/domains/pookie.dnai/fe5.php' not found or unable to stat
[Thu Feb 19 04:02:04.823525 2026] [php:error] [pid 18294] [client 20.24.197.43:0] script '/domains/nlyfoods/css.php' not found or unable to stat
[Thu Feb 19 04:02:04.831981 2026] [php:error] [pid 18336] [client 20.89.40.149:0] script '/domains/nealis/0.php' not found or unable to stat
[Thu Feb 19 04:02:04.855934 2026] [php:error] [pid 18315] [client 52.141.2.0:0] script '/domains/pookie.dnai/ov.php' not found or unable to stat
[Thu Feb 19 04:02:04.999882 2026] [php:error] [pid 18336] [client 20.89.40.149:0] script '/domains/nealis/edit.php' not found or unable to stat
[Thu Feb 19 04:02:05.044022 2026] [php:error] [pid 18294] [client 20.24.197.43:0] script '/domains/nlyfoods/flower.php' not found or unable to stat
[Thu Feb 19 04:02:05.166286 2026] [php:error] [pid 18336] [client 20.89.40.149:0] script '/domains/nealis/meta.php' not found or unable to stat
[Thu Feb 19 04:02:05.229578 2026] [php:error] [pid 18315] [client 52.141.2.0:0] script '/domains/pookie.dnai/default.php' not found or unable to stat
[Thu Feb 19 04:02:05.327904 2026] [php:error] [pid 18336] [client 20.89.40.149:0] script '/domains/nealis/new.php' not found or unable to stat
[Thu Feb 19 04:02:05.443163 2026] [php:error] [pid 18315] [client 52.141.2.0:0] script '/domains/pookie.dnai/goods.php' not found or unable to stat
[Thu Feb 19 04:02:05.697429 2026] [php:error] [pid 18336] [client 20.89.40.149:0] script '/domains/nealis/as.php' not found or unable to stat
[Thu Feb 19 04:02:05.707533 2026] [php:error] [pid 18294] [client 20.24.197.43:0] script '/domains/nlyfoods/jp.php' not found or unable to stat
[Thu Feb 19 04:02:05.768546 2026] [php:error] [pid 18315] [client 52.141.2.0:0] script '/domains/pookie.dnai/abcd.php' not found or unable to stat
[Thu Feb 19 04:02:05.877379 2026] [php:error] [pid 18336] [client 20.89.40.149:0] script '/domains/nealis/ds.php' not found or unable to stat
[Thu Feb 19 04:02:06.070815 2026] [php:error] [pid 18315] [client 52.141.2.0:0] script '/domains/pookie.dnai/class.1.php' not found or unable to stat
[Thu Feb 19 04:02:06.185480 2026] [php:error] [pid 18336] [client 20.89.40.149:0] script '/domains/nealis/error.php' not found or unable to stat
[Thu Feb 19 04:02:06.219177 2026] [php:error] [pid 18294] [client 20.24.197.43:0] script '/domains/nlyfoods/room.php' not found or unable to stat
[Thu Feb 19 04:02:06.258658 2026] [php:error] [pid 18315] [client 52.141.2.0:0] script '/domains/pookie.dnai/async.php' not found or unable to stat
[Thu Feb 19 04:02:06.359092 2026] [php:error] [pid 18336] [client 20.89.40.149:0] script '/domains/nealis/gecko-new.php' not found or unable to stat
[Thu Feb 19 04:02:06.447675 2026] [php:error] [pid 18315] [client 52.141.2.0:0] script '/domains/pookie.dnai/ff.php' not found or unable to stat
