[Thu Feb 19 01:07:39.540759 2026] [php:error] [pid 15706] [client 104.211.88.54:0] script '/domains/pauljbrock/ds.php' not found or unable to stat
[Thu Feb 19 01:07:39.780860 2026] [php:error] [pid 15706] [client 104.211.88.54:0] script '/domains/pauljbrock/error.php' not found or unable to stat
[Thu Feb 19 01:07:40.088764 2026] [php:error] [pid 15706] [client 104.211.88.54:0] script '/domains/pauljbrock/gecko-new.php' not found or unable to stat
[Thu Feb 19 01:07:40.367952 2026] [php:error] [pid 15706] [client 104.211.88.54:0] script '/domains/pauljbrock/randkeyword.php' not found or unable to stat
[Thu Feb 19 01:07:41.814350 2026] [php:error] [pid 15706] [client 104.211.88.54:0] script '/domains/pauljbrock/NewFile.php' not found or unable to stat
[Thu Feb 19 01:07:42.041697 2026] [php:error] [pid 15706] [client 104.211.88.54:0] script '/domains/pauljbrock/goods.php' not found or unable to stat
[Thu Feb 19 01:07:42.265509 2026] [php:error] [pid 15706] [client 104.211.88.54:0] script '/domains/pauljbrock/simple.php' not found or unable to stat
[Thu Feb 19 01:07:43.207624 2026] [php:error] [pid 15706] [client 104.211.88.54:0] script '/domains/pauljbrock/c.php' not found or unable to stat
[Thu Feb 19 01:07:44.769605 2026] [php:error] [pid 15706] [client 104.211.88.54:0] script '/domains/pauljbrock/auth.php' not found or unable to stat
[Thu Feb 19 01:07:45.543263 2026] [php:error] [pid 15706] [client 104.211.88.54:0] script '/domains/pauljbrock/class-wp-lock.php' not found or unable to stat
[Thu Feb 19 01:07:45.799590 2026] [php:error] [pid 15706] [client 104.211.88.54:0] script '/domains/pauljbrock/cookie.php' not found or unable to stat
[Thu Feb 19 01:07:46.030582 2026] [php:error] [pid 15706] [client 104.211.88.54:0] script '/domains/pauljbrock/admin.php' not found or unable to stat
[Thu Feb 19 01:07:46.249852 2026] [php:error] [pid 15706] [client 104.211.88.54:0] script '/domains/pauljbrock/baxa1.php' not found or unable to stat
[Thu Feb 19 01:07:48.273032 2026] [php:error] [pid 15706] [client 104.211.88.54:0] script '/domains/pauljbrock/xleet.php' not found or unable to stat
[Thu Feb 19 01:07:49.147334 2026] [php:error] [pid 15706] [client 104.211.88.54:0] script '/domains/pauljbrock/about.php' not found or unable to stat
[Thu Feb 19 01:07:51.789107 2026] [php:error] [pid 15706] [client 104.211.88.54:0] script '/domains/pauljbrock/alfanew.php' not found or unable to stat
[Thu Feb 19 01:07:52.768391 2026] [php:error] [pid 15706] [client 104.211.88.54:0] script '/domains/pauljbrock/22.php' not found or unable to stat
[Thu Feb 19 01:07:53.627955 2026] [php:error] [pid 15706] [client 104.211.88.54:0] script '/domains/pauljbrock/simple.php' not found or unable to stat
[Thu Feb 19 01:07:54.939001 2026] [php:error] [pid 15706] [client 104.211.88.54:0] script '/domains/pauljbrock/admin.php' not found or unable to stat
[Thu Feb 19 01:07:55.169087 2026] [php:error] [pid 15706] [client 104.211.88.54:0] script '/domains/pauljbrock/c99.php' not found or unable to stat
[Thu Feb 19 01:07:55.392574 2026] [php:error] [pid 15706] [client 104.211.88.54:0] script '/domains/pauljbrock/file.php' not found or unable to stat
[Thu Feb 19 01:07:55.895936 2026] [php:error] [pid 15706] [client 104.211.88.54:0] script '/domains/pauljbrock/b.php' not found or unable to stat
[Thu Feb 19 01:07:56.467756 2026] [php:error] [pid 15706] [client 104.211.88.54:0] script '/domains/pauljbrock/classwithtostring.php' not found or unable to stat
[Thu Feb 19 01:07:56.691243 2026] [php:error] [pid 15706] [client 104.211.88.54:0] script '/domains/pauljbrock/css.php' not found or unable to stat
[Thu Feb 19 01:07:56.915975 2026] [php:error] [pid 15706] [client 104.211.88.54:0] script '/domains/pauljbrock/flower.php' not found or unable to stat
[Thu Feb 19 01:07:57.578280 2026] [php:error] [pid 15706] [client 104.211.88.54:0] script '/domains/pauljbrock/jp.php' not found or unable to stat
[Thu Feb 19 01:07:57.798605 2026] [php:error] [pid 15706] [client 104.211.88.54:0] script '/domains/pauljbrock/room.php' not found or unable to stat
[Thu Feb 19 01:07:58.692703 2026] [php:error] [pid 15706] [client 104.211.88.54:0] script '/domains/pauljbrock/12.php' not found or unable to stat
[Thu Feb 19 01:07:58.928365 2026] [php:error] [pid 15706] [client 104.211.88.54:0] script '/domains/pauljbrock/404.php' not found or unable to stat
[Thu Feb 19 01:07:59.639346 2026] [php:error] [pid 15706] [client 104.211.88.54:0] script '/domains/pauljbrock/disagreed.php' not found or unable to stat
[Thu Feb 19 01:08:00.089155 2026] [php:error] [pid 15706] [client 104.211.88.54:0] script '/domains/pauljbrock/text.php' not found or unable to stat
[Thu Feb 19 01:08:02.710562 2026] [php:error] [pid 15706] [client 104.211.88.54:0] script '/domains/pauljbrock/GOD.php' not found or unable to stat
[Thu Feb 19 01:08:03.072418 2026] [php:error] [pid 15713] [client 20.89.40.149:0] script '/domains/supolo/wp-2019.php' not found or unable to stat
[Thu Feb 19 01:08:03.329844 2026] [php:error] [pid 15713] [client 20.89.40.149:0] script '/domains/supolo/403.php' not found or unable to stat
[Thu Feb 19 01:08:03.493942 2026] [php:error] [pid 15713] [client 20.89.40.149:0] script '/domains/supolo/aaa.php' not found or unable to stat
[Thu Feb 19 01:08:03.549290 2026] [php:error] [pid 15706] [client 104.211.88.54:0] script '/domains/pauljbrock/alfa-rex.php' not found or unable to stat
[Thu Feb 19 01:08:03.800754 2026] [php:error] [pid 15706] [client 104.211.88.54:0] script '/domains/pauljbrock/f35.php' not found or unable to stat
[Thu Feb 19 01:08:04.783507 2026] [php:error] [pid 15713] [client 20.89.40.149:0] script '/domains/supolo/y.php' not found or unable to stat
[Thu Feb 19 01:08:04.793521 2026] [php:error] [pid 15706] [client 104.211.88.54:0] script '/domains/pauljbrock/feeds.php' not found or unable to stat
[Thu Feb 19 01:08:05.453337 2026] [php:error] [pid 15713] [client 20.89.40.149:0] script '/domains/supolo/ggfi.php' not found or unable to stat
[Thu Feb 19 01:08:05.619234 2026] [php:error] [pid 15706] [client 104.211.88.54:0] script '/domains/pauljbrock/favicon.php' not found or unable to stat
[Thu Feb 19 01:08:05.964374 2026] [php:error] [pid 15713] [client 20.89.40.149:0] script '/domains/supolo/buy.php' not found or unable to stat
[Thu Feb 19 01:08:06.066833 2026] [php:error] [pid 15706] [client 104.211.88.54:0] script '/domains/pauljbrock/hehe.php' not found or unable to stat
[Thu Feb 19 01:08:06.142703 2026] [php:error] [pid 15713] [client 20.89.40.149:0] script '/domains/supolo/chosen.php' not found or unable to stat
[Thu Feb 19 01:08:06.347000 2026] [php:error] [pid 15713] [client 20.89.40.149:0] script '/domains/supolo/index.php' not found or unable to stat
[Thu Feb 19 01:08:07.279189 2026] [php:error] [pid 15713] [client 20.89.40.149:0] script '/domains/supolo/cron.php' not found or unable to stat
[Thu Feb 19 01:08:07.446147 2026] [php:error] [pid 15713] [client 20.89.40.149:0] script '/domains/supolo/functions.php' not found or unable to stat
[Thu Feb 19 01:08:07.600028 2026] [php:error] [pid 15706] [client 104.211.88.54:0] script '/domains/pauljbrock/user.php' not found or unable to stat
[Thu Feb 19 01:08:08.355299 2026] [php:error] [pid 15698] [client 104.211.88.54:0] script '/domains/pauljbrock/autoload_classmap.php' not found or unable to stat
[Thu Feb 19 01:08:09.086009 2026] [include:error] [pid 15715] [client 14.229.0.7:0] AH01371: unknown directive "code" in parsed doc /domains/testregisgroup/index.shtml
[Thu Feb 19 01:08:09.086037 2026] [include:error] [pid 15715] [client 14.229.0.7:0] AH01371: unknown directive "#code" in parsed doc /domains/testregisgroup/index.shtml
[Thu Feb 19 01:08:09.086044 2026] [include:error] [pid 15715] [client 14.229.0.7:0] AH01371: unknown directive "code" in parsed doc /domains/testregisgroup/index.shtml
[Thu Feb 19 01:08:09.086049 2026] [include:error] [pid 15715] [client 14.229.0.7:0] AH01371: unknown directive "code" in parsed doc /domains/testregisgroup/index.shtml
[Thu Feb 19 01:08:09.316809 2026] [php:error] [pid 15698] [client 104.211.88.54:0] script '/domains/pauljbrock/files.php' not found or unable to stat
[Thu Feb 19 01:08:09.917094 2026] [php:error] [pid 15713] [client 20.89.40.149:0] script '/domains/supolo/wp-add.php' not found or unable to stat
[Thu Feb 19 01:08:10.086689 2026] [php:error] [pid 15713] [client 20.89.40.149:0] script '/domains/supolo/0.php' not found or unable to stat
[Thu Feb 19 01:08:10.261160 2026] [php:error] [pid 15698] [client 104.211.88.54:0] script '/domains/pauljbrock/about.php' not found or unable to stat
[Thu Feb 19 01:08:10.266282 2026] [php:error] [pid 15713] [client 20.89.40.149:0] script '/domains/supolo/edit.php' not found or unable to stat
[Thu Feb 19 01:08:10.324739 2026] [php:error] [pid 15704] [client 216.244.66.232:0] script '/domains/hdickens.enteract/kmnj.php' not found or unable to stat
[Thu Feb 19 01:08:10.459092 2026] [php:error] [pid 15713] [client 20.89.40.149:0] script '/domains/supolo/meta.php' not found or unable to stat
[Thu Feb 19 01:08:10.482225 2026] [php:error] [pid 15698] [client 104.211.88.54:0] script '/domains/pauljbrock/al.php' not found or unable to stat
[Thu Feb 19 01:08:10.645990 2026] [php:error] [pid 15713] [client 20.89.40.149:0] script '/domains/supolo/new.php' not found or unable to stat
[Thu Feb 19 01:08:10.771304 2026] [php:error] [pid 15698] [client 104.211.88.54:0] script '/domains/pauljbrock/byp.php' not found or unable to stat
[Thu Feb 19 01:08:11.204128 2026] [php:error] [pid 15698] [client 104.211.88.54:0] script '/domains/pauljbrock/wander.php' not found or unable to stat
[Thu Feb 19 01:08:11.389022 2026] [php:error] [pid 15713] [client 20.89.40.149:0] script '/domains/supolo/as.php' not found or unable to stat
[Thu Feb 19 01:08:11.558118 2026] [php:error] [pid 15713] [client 20.89.40.149:0] script '/domains/supolo/ds.php' not found or unable to stat
[Thu Feb 19 01:08:12.212105 2026] [php:error] [pid 15713] [client 20.89.40.149:0] script '/domains/supolo/error.php' not found or unable to stat
[Thu Feb 19 01:08:12.412491 2026] [php:error] [pid 15713] [client 20.89.40.149:0] script '/domains/supolo/gecko-new.php' not found or unable to stat
[Thu Feb 19 01:08:12.580796 2026] [php:error] [pid 15713] [client 20.89.40.149:0] script '/domains/supolo/randkeyword.php' not found or unable to stat
[Thu Feb 19 01:08:13.528992 2026] [php:error] [pid 15698] [client 104.211.88.54:0] script '/domains/pauljbrock/en.php' not found or unable to stat
[Thu Feb 19 01:08:13.745576 2026] [php:error] [pid 15713] [client 20.89.40.149:0] script '/domains/supolo/NewFile.php' not found or unable to stat
[Thu Feb 19 01:08:13.755004 2026] [php:error] [pid 15698] [client 104.211.88.54:0] script '/domains/pauljbrock/help.php' not found or unable to stat
[Thu Feb 19 01:08:14.368026 2026] [php:error] [pid 15713] [client 20.89.40.149:0] script '/domains/supolo/goods.php' not found or unable to stat
[Thu Feb 19 01:08:14.533851 2026] [php:error] [pid 15713] [client 20.89.40.149:0] script '/domains/supolo/simple.php' not found or unable to stat
[Thu Feb 19 01:08:16.342422 2026] [php:error] [pid 15713] [client 20.89.40.149:0] script '/domains/supolo/c.php' not found or unable to stat
[Thu Feb 19 01:08:16.793740 2026] [php:error] [pid 15698] [client 104.211.88.54:0] script '/domains/pauljbrock/control.php' not found or unable to stat
[Thu Feb 19 01:08:16.995776 2026] [php:error] [pid 15718] [client 216.244.66.232:0] script '/domains/hdickens.enteract/kmnj.php' not found or unable to stat
[Thu Feb 19 01:08:17.950758 2026] [php:error] [pid 15713] [client 20.89.40.149:0] script '/domains/supolo/auth.php' not found or unable to stat
[Thu Feb 19 01:08:18.162726 2026] [php:error] [pid 15698] [client 104.211.88.54:0] script '/domains/pauljbrock/radio.php' not found or unable to stat
[Thu Feb 19 01:08:18.389909 2026] [php:error] [pid 15698] [client 104.211.88.54:0] script '/domains/pauljbrock/dropdown.php' not found or unable to stat
[Thu Feb 19 01:08:18.621050 2026] [php:error] [pid 15713] [client 20.89.40.149:0] script '/domains/supolo/class-wp-lock.php' not found or unable to stat
[Thu Feb 19 01:08:18.786046 2026] [php:error] [pid 15713] [client 20.89.40.149:0] script '/domains/supolo/cookie.php' not found or unable to stat
[Thu Feb 19 01:08:19.195661 2026] [php:error] [pid 15713] [client 20.89.40.149:0] script '/domains/supolo/admin.php' not found or unable to stat
[Thu Feb 19 01:08:19.576952 2026] [php:error] [pid 15713] [client 20.89.40.149:0] script '/domains/supolo/baxa1.php' not found or unable to stat
[Thu Feb 19 01:08:20.133546 2026] [php:error] [pid 15713] [client 20.89.40.149:0] script '/domains/supolo/xleet.php' not found or unable to stat
[Thu Feb 19 01:08:20.343495 2026] [php:error] [pid 15698] [client 104.211.88.54:0] script '/domains/pauljbrock/wp-2019.php' not found or unable to stat
[Thu Feb 19 01:08:20.770769 2026] [php:error] [pid 15698] [client 104.211.88.54:0] script '/domains/pauljbrock/403.php' not found or unable to stat
[Thu Feb 19 01:08:21.519642 2026] [php:error] [pid 15698] [client 104.211.88.54:0] script '/domains/pauljbrock/about.php' not found or unable to stat
[Thu Feb 19 01:08:21.592439 2026] [php:error] [pid 15713] [client 20.89.40.149:0] script '/domains/supolo/about.php' not found or unable to stat
[Thu Feb 19 01:08:21.733074 2026] [php:error] [pid 15698] [client 104.211.88.54:0] script '/domains/pauljbrock/admin.php' not found or unable to stat
[Thu Feb 19 01:08:21.946295 2026] [php:error] [pid 15698] [client 104.211.88.54:0] script '/domains/pauljbrock/as.php' not found or unable to stat
[Thu Feb 19 01:08:22.713204 2026] [php:error] [pid 15716] [client 216.244.66.232:0] script '/domains/hdickens.enteract/kmnj.php' not found or unable to stat
[Thu Feb 19 01:08:22.904350 2026] [php:error] [pid 15698] [client 104.211.88.54:0] script '/domains/pauljbrock/autoload_classmap.php' not found or unable to stat
[Thu Feb 19 01:08:23.716080 2026] [php:error] [pid 15698] [client 104.211.88.54:0] script '/domains/pauljbrock/classwithtostring.php' not found or unable to stat
[Thu Feb 19 01:08:24.202469 2026] [php:error] [pid 15713] [client 20.89.40.149:0] script '/domains/supolo/alfanew.php' not found or unable to stat
[Thu Feb 19 01:08:24.468093 2026] [php:error] [pid 15698] [client 104.211.88.54:0] script '/domains/pauljbrock/content.php' not found or unable to stat
[Thu Feb 19 01:08:25.094920 2026] [php:error] [pid 15698] [client 104.211.88.54:0] script '/domains/pauljbrock/doc.php' not found or unable to stat
[Thu Feb 19 01:08:25.520943 2026] [php:error] [pid 15713] [client 20.89.40.149:0] script '/domains/supolo/22.php' not found or unable to stat
[Thu Feb 19 01:08:25.696644 2026] [php:error] [pid 15698] [client 104.211.88.54:0] script '/domains/pauljbrock/dropdown.php' not found or unable to stat
[Thu Feb 19 01:08:26.103134 2026] [php:error] [pid 15713] [client 20.89.40.149:0] script '/domains/supolo/simple.php' not found or unable to stat
[Thu Feb 19 01:08:26.737134 2026] [php:error] [pid 15698] [client 104.211.88.54:0] script '/domains/pauljbrock/ee.php' not found or unable to stat
[Thu Feb 19 01:08:26.981925 2026] [php:error] [pid 15698] [client 104.211.88.54:0] script '/domains/pauljbrock/images/wp-login.php' not found or unable to stat
[Thu Feb 19 01:08:27.268397 2026] [php:error] [pid 15713] [client 20.89.40.149:0] script '/domains/supolo/admin.php' not found or unable to stat
[Thu Feb 19 01:08:27.788523 2026] [php:error] [pid 15698] [client 104.211.88.54:0] script '/domains/pauljbrock/moon.php' not found or unable to stat
[Thu Feb 19 01:08:27.899796 2026] [php:error] [pid 15713] [client 20.89.40.149:0] script '/domains/supolo/c99.php' not found or unable to stat
[Thu Feb 19 01:08:28.013766 2026] [php:error] [pid 15698] [client 104.211.88.54:0] script '/domains/pauljbrock/new.php' not found or unable to stat
[Thu Feb 19 01:08:28.237438 2026] [php:error] [pid 15698] [client 104.211.88.54:0] script '/domains/pauljbrock/radio.php' not found or unable to stat
[Thu Feb 19 01:08:28.486865 2026] [php:error] [pid 15698] [client 104.211.88.54:0] script '/domains/pauljbrock/s.php' not found or unable to stat
[Thu Feb 19 01:08:28.637284 2026] [php:error] [pid 15713] [client 20.89.40.149:0] script '/domains/supolo/file.php' not found or unable to stat
[Thu Feb 19 01:08:28.824582 2026] [php:error] [pid 15713] [client 20.89.40.149:0] script '/domains/supolo/b.php' not found or unable to stat
[Thu Feb 19 01:08:29.114043 2026] [php:error] [pid 15698] [client 104.211.88.54:0] script '/domains/pauljbrock/sim.php' not found or unable to stat
[Thu Feb 19 01:08:29.324126 2026] [php:error] [pid 15698] [client 104.211.88.54:0] script '/domains/pauljbrock/simple.php' not found or unable to stat
[Thu Feb 19 01:08:29.600896 2026] [php:error] [pid 15713] [client 20.89.40.149:0] script '/domains/supolo/classwithtostring.php' not found or unable to stat
[Thu Feb 19 01:08:30.474075 2026] [php:error] [pid 15713] [client 20.89.40.149:0] script '/domains/supolo/css.php' not found or unable to stat
[Thu Feb 19 01:08:30.642315 2026] [php:error] [pid 15713] [client 20.89.40.149:0] script '/domains/supolo/flower.php' not found or unable to stat
[Thu Feb 19 01:08:30.787666 2026] [php:error] [pid 15698] [client 104.211.88.54:0] script '/domains/pauljbrock/user.php' not found or unable to stat
[Thu Feb 19 01:08:31.321900 2026] [php:error] [pid 15698] [client 104.211.88.54:0] script '/domains/pauljbrock/webadmin.php' not found or unable to stat
[Thu Feb 19 01:08:31.896877 2026] [php:error] [pid 15713] [client 20.89.40.149:0] script '/domains/supolo/jp.php' not found or unable to stat
[Thu Feb 19 01:08:32.067425 2026] [php:error] [pid 15713] [client 20.89.40.149:0] script '/domains/supolo/room.php' not found or unable to stat
[Thu Feb 19 01:08:32.891814 2026] [php:error] [pid 15698] [client 104.211.88.54:0] script '/domains/pauljbrock/wp-config-sample.php' not found or unable to stat
[Thu Feb 19 01:08:33.710370 2026] [php:error] [pid 15713] [client 20.89.40.149:0] script '/domains/supolo/12.php' not found or unable to stat
[Thu Feb 19 01:08:33.767386 2026] [php:error] [pid 15698] [client 104.211.88.54:0] script '/domains/pauljbrock/wp-configs.php' not found or unable to stat
[Thu Feb 19 01:08:33.889192 2026] [php:error] [pid 15713] [client 20.89.40.149:0] script '/domains/supolo/404.php' not found or unable to stat
[Thu Feb 19 01:08:34.355622 2026] [php:error] [pid 15698] [client 104.211.88.54:0] script '/domains/pauljbrock/wp-conflg.php' not found or unable to stat
[Thu Feb 19 01:08:34.892596 2026] [php:error] [pid 15713] [client 20.89.40.149:0] script '/domains/supolo/disagreed.php' not found or unable to stat
[Thu Feb 19 01:08:35.706666 2026] [php:error] [pid 15713] [client 20.89.40.149:0] script '/domains/supolo/text.php' not found or unable to stat
[Thu Feb 19 01:08:37.525875 2026] [php:error] [pid 15698] [client 104.211.88.54:0] script '/domains/pauljbrock/wp-mail.php' not found or unable to stat
[Thu Feb 19 01:08:37.734649 2026] [php:error] [pid 15698] [client 104.211.88.54:0] script '/domains/pauljbrock/wsa.php' not found or unable to stat
[Thu Feb 19 01:08:37.967047 2026] [php:error] [pid 15698] [client 104.211.88.54:0] script '/domains/pauljbrock/xmlrpc.php' not found or unable to stat
[Thu Feb 19 01:08:38.188022 2026] [php:error] [pid 15698] [client 104.211.88.54:0] script '/domains/pauljbrock/ab.php' not found or unable to stat
[Thu Feb 19 01:08:38.711839 2026] [php:error] [pid 15698] [client 104.211.88.54:0] script '/domains/pauljbrock/classwithtostring.php' not found or unable to stat
[Thu Feb 19 01:08:38.929989 2026] [php:error] [pid 15698] [client 104.211.88.54:0] script '/domains/pauljbrock/version.php' not found or unable to stat
[Thu Feb 19 01:08:39.167250 2026] [php:error] [pid 15698] [client 104.211.88.54:0] script '/domains/pauljbrock/xxx.php' not found or unable to stat
[Thu Feb 19 01:08:39.783825 2026] [php:error] [pid 15713] [client 20.89.40.149:0] script '/domains/supolo/GOD.php' not found or unable to stat
[Thu Feb 19 01:08:39.868449 2026] [php:error] [pid 15698] [client 104.211.88.54:0] script '/domains/pauljbrock/1.php' not found or unable to stat
[Thu Feb 19 01:08:40.088732 2026] [php:error] [pid 15698] [client 104.211.88.54:0] script '/domains/pauljbrock/themes.php' not found or unable to stat
[Thu Feb 19 01:08:40.274545 2026] [php:error] [pid 15713] [client 20.89.40.149:0] script '/domains/supolo/alfa-rex.php' not found or unable to stat
[Thu Feb 19 01:08:40.438922 2026] [php:error] [pid 15713] [client 20.89.40.149:0] script '/domains/supolo/f35.php' not found or unable to stat
[Thu Feb 19 01:08:40.606473 2026] [php:error] [pid 15713] [client 20.89.40.149:0] script '/domains/supolo/feeds.php' not found or unable to stat
[Thu Feb 19 01:08:40.988911 2026] [php:error] [pid 15713] [client 20.89.40.149:0] script '/domains/supolo/favicon.php' not found or unable to stat
[Thu Feb 19 01:08:41.018628 2026] [php:error] [pid 15698] [client 104.211.88.54:0] script '/domains/pauljbrock/b0.php' not found or unable to stat
[Thu Feb 19 01:08:41.679217 2026] [php:error] [pid 15698] [client 104.211.88.54:0] script '/domains/pauljbrock/bala.php' not found or unable to stat
[Thu Feb 19 01:08:41.736195 2026] [php:error] [pid 15713] [client 20.89.40.149:0] script '/domains/supolo/hehe.php' not found or unable to stat
[Thu Feb 19 01:08:43.122942 2026] [php:error] [pid 15698] [client 104.211.88.54:0] script '/domains/pauljbrock/xl2023.php.php' not found or unable to stat
[Thu Feb 19 01:08:43.581298 2026] [php:error] [pid 15713] [client 20.89.40.149:0] script '/domains/supolo/user.php' not found or unable to stat
[Thu Feb 19 01:08:44.669693 2026] [php:error] [pid 15716] [client 20.89.40.149:0] script '/domains/supolo/autoload_classmap.php' not found or unable to stat
[Thu Feb 19 01:08:45.509140 2026] [php:error] [pid 15716] [client 20.89.40.149:0] script '/domains/supolo/files.php' not found or unable to stat
[Thu Feb 19 01:08:45.868423 2026] [php:error] [pid 15698] [client 104.211.88.54:0] script '/domains/pauljbrock/120f9.php' not found or unable to stat
[Thu Feb 19 01:08:46.083137 2026] [php:error] [pid 15698] [client 104.211.88.54:0] script '/domains/pauljbrock/504.php' not found or unable to stat
[Thu Feb 19 01:08:46.427707 2026] [php:error] [pid 15716] [client 20.89.40.149:0] script '/domains/supolo/about.php' not found or unable to stat
[Thu Feb 19 01:08:46.867128 2026] [php:error] [pid 15698] [client 104.211.88.54:0] script '/domains/pauljbrock/about.php' not found or unable to stat
[Thu Feb 19 01:08:47.097841 2026] [php:error] [pid 15698] [client 104.211.88.54:0] script '/domains/pauljbrock/back.php' not found or unable to stat
[Thu Feb 19 01:08:47.282398 2026] [php:error] [pid 15716] [client 20.89.40.149:0] script '/domains/supolo/al.php' not found or unable to stat
[Thu Feb 19 01:08:47.452935 2026] [php:error] [pid 15716] [client 20.89.40.149:0] script '/domains/supolo/byp.php' not found or unable to stat
[Thu Feb 19 01:08:47.813241 2026] [php:error] [pid 15716] [client 20.89.40.149:0] script '/domains/supolo/wander.php' not found or unable to stat
[Thu Feb 19 01:08:48.171234 2026] [php:error] [pid 15698] [client 104.211.88.54:0] script '/domains/pauljbrock/cong.php' not found or unable to stat
[Thu Feb 19 01:08:48.846112 2026] [php:error] [pid 15716] [client 20.89.40.149:0] script '/domains/supolo/en.php' not found or unable to stat
[Thu Feb 19 01:08:48.965712 2026] [php:error] [pid 15698] [client 104.211.88.54:0] script '/domains/pauljbrock/credits.php' not found or unable to stat
[Thu Feb 19 01:08:49.176074 2026] [php:error] [pid 15698] [client 104.211.88.54:0] script '/domains/pauljbrock/credits.php' not found or unable to stat
[Thu Feb 19 01:08:49.389557 2026] [php:error] [pid 15698] [client 104.211.88.54:0] script '/domains/pauljbrock/data.php' not found or unable to stat
[Thu Feb 19 01:08:49.606557 2026] [php:error] [pid 15698] [client 104.211.88.54:0] script '/domains/pauljbrock/function.php' not found or unable to stat
[Thu Feb 19 01:08:49.624072 2026] [php:error] [pid 15716] [client 20.89.40.149:0] script '/domains/supolo/help.php' not found or unable to stat
[Thu Feb 19 01:08:50.182005 2026] [php:error] [pid 15698] [client 104.211.88.54:0] script '/domains/pauljbrock/goods.php' not found or unable to stat
[Thu Feb 19 01:08:50.391260 2026] [php:error] [pid 15698] [client 104.211.88.54:0] script '/domains/pauljbrock/gzak2w.php' not found or unable to stat
[Thu Feb 19 01:08:50.602167 2026] [php:error] [pid 15698] [client 104.211.88.54:0] script '/domains/pauljbrock/hehehehe.php' not found or unable to stat
[Thu Feb 19 01:08:50.949974 2026] [php:error] [pid 15716] [client 20.89.40.149:0] script '/domains/supolo/control.php' not found or unable to stat
[Thu Feb 19 01:08:51.749793 2026] [php:error] [pid 15698] [client 104.211.88.54:0] script '/domains/pauljbrock/install.php' not found or unable to stat
[Thu Feb 19 01:08:52.735791 2026] [php:error] [pid 15698] [client 104.211.88.54:0] script '/domains/pauljbrock/ova.php' not found or unable to stat
[Thu Feb 19 01:08:52.918224 2026] [php:error] [pid 15716] [client 20.89.40.149:0] script '/domains/supolo/radio.php' not found or unable to stat
[Thu Feb 19 01:08:53.084972 2026] [php:error] [pid 15716] [client 20.89.40.149:0] script '/domains/supolo/dropdown.php' not found or unable to stat
[Thu Feb 19 01:08:54.615247 2026] [php:error] [pid 15716] [client 20.89.40.149:0] script '/domains/supolo/wp-2019.php' not found or unable to stat
[Thu Feb 19 01:08:56.113742 2026] [php:error] [pid 15716] [client 20.89.40.149:0] script '/domains/supolo/403.php' not found or unable to stat
[Thu Feb 19 01:08:56.969248 2026] [php:error] [pid 15716] [client 20.89.40.149:0] script '/domains/supolo/about.php' not found or unable to stat
[Thu Feb 19 01:08:57.144759 2026] [php:error] [pid 15716] [client 20.89.40.149:0] script '/domains/supolo/admin.php' not found or unable to stat
[Thu Feb 19 01:08:57.322808 2026] [php:error] [pid 15716] [client 20.89.40.149:0] script '/domains/supolo/as.php' not found or unable to stat
[Thu Feb 19 01:08:57.496117 2026] [php:error] [pid 15716] [client 20.89.40.149:0] script '/domains/supolo/autoload_classmap.php' not found or unable to stat
[Thu Feb 19 01:08:57.672770 2026] [php:error] [pid 15716] [client 20.89.40.149:0] script '/domains/supolo/classwithtostring.php' not found or unable to stat
[Thu Feb 19 01:08:57.846220 2026] [php:error] [pid 15716] [client 20.89.40.149:0] script '/domains/supolo/content.php' not found or unable to stat
[Thu Feb 19 01:08:58.501348 2026] [php:error] [pid 15716] [client 20.89.40.149:0] script '/domains/supolo/doc.php' not found or unable to stat
[Thu Feb 19 01:08:59.435552 2026] [php:error] [pid 15716] [client 20.89.40.149:0] script '/domains/supolo/dropdown.php' not found or unable to stat
[Thu Feb 19 01:08:59.600532 2026] [php:error] [pid 15716] [client 20.89.40.149:0] script '/domains/supolo/ee.php' not found or unable to stat
[Thu Feb 19 01:09:00.025694 2026] [php:error] [pid 15716] [client 20.89.40.149:0] script '/domains/supolo/images/wp-login.php' not found or unable to stat
[Thu Feb 19 01:09:00.389876 2026] [php:error] [pid 15716] [client 20.89.40.149:0] script '/domains/supolo/moon.php' not found or unable to stat
[Thu Feb 19 01:09:01.048764 2026] [php:error] [pid 15716] [client 20.89.40.149:0] script '/domains/supolo/new.php' not found or unable to stat
[Thu Feb 19 01:09:01.914602 2026] [php:error] [pid 15716] [client 20.89.40.149:0] script '/domains/supolo/radio.php' not found or unable to stat
[Thu Feb 19 01:09:02.140173 2026] [php:error] [pid 15716] [client 20.89.40.149:0] script '/domains/supolo/s.php' not found or unable to stat
[Thu Feb 19 01:09:02.317329 2026] [php:error] [pid 15716] [client 20.89.40.149:0] script '/domains/supolo/sim.php' not found or unable to stat
[Thu Feb 19 01:09:02.481355 2026] [php:error] [pid 15716] [client 20.89.40.149:0] script '/domains/supolo/simple.php' not found or unable to stat
[Thu Feb 19 01:09:03.234616 2026] [php:error] [pid 15716] [client 20.89.40.149:0] script '/domains/supolo/user.php' not found or unable to stat
[Thu Feb 19 01:09:03.440240 2026] [php:error] [pid 15716] [client 20.89.40.149:0] script '/domains/supolo/webadmin.php' not found or unable to stat
[Thu Feb 19 01:09:04.221733 2026] [php:error] [pid 15713] [client 104.211.88.54:0] script '/domains/pauljbrock/wp.php' not found or unable to stat
[Thu Feb 19 01:09:06.675712 2026] [php:error] [pid 15716] [client 20.89.40.149:0] script '/domains/supolo/wp-config-sample.php' not found or unable to stat
[Thu Feb 19 01:09:07.710506 2026] [php:error] [pid 15716] [client 20.89.40.149:0] script '/domains/supolo/wp-configs.php' not found or unable to stat
[Thu Feb 19 01:09:08.477298 2026] [php:error] [pid 15726] [client 172.190.142.176:0] script '/domains/brenties/user.php' not found or unable to stat
[Thu Feb 19 01:09:08.533648 2026] [php:error] [pid 15726] [client 172.190.142.176:0] script '/domains/brenties/simple.php' not found or unable to stat
[Thu Feb 19 01:09:08.632836 2026] [php:error] [pid 15728] [client 117.68.86.161:0] script '/domains/markrose/s.php' not found or unable to stat, referer: http://zompist.com/s.php
[Thu Feb 19 01:09:08.917654 2026] [php:error] [pid 15716] [client 20.89.40.149:0] script '/domains/supolo/wp-conflg.php' not found or unable to stat
[Thu Feb 19 01:09:08.939122 2026] [php:error] [pid 15726] [client 172.190.142.176:0] script '/domains/brenties/k.php' not found or unable to stat
[Thu Feb 19 01:09:09.080501 2026] [php:error] [pid 15726] [client 172.190.142.176:0] script '/domains/brenties/uplozyu.php' not found or unable to stat
[Thu Feb 19 01:09:09.242925 2026] [php:error] [pid 15726] [client 172.190.142.176:0] script '/domains/brenties/wp-login.php' not found or unable to stat
[Thu Feb 19 01:09:09.247274 2026] [php:error] [pid 15726] [client 172.190.142.176:0] script '/domains/brenties/click.php' not found or unable to stat
[Thu Feb 19 01:09:09.251593 2026] [php:error] [pid 15726] [client 172.190.142.176:0] script '/domains/brenties/radio.php' not found or unable to stat
[Thu Feb 19 01:09:09.255940 2026] [php:error] [pid 15726] [client 172.190.142.176:0] script '/domains/brenties/buy.php' not found or unable to stat
[Thu Feb 19 01:09:09.569386 2026] [php:error] [pid 15726] [client 172.190.142.176:0] script '/domains/brenties/chosen.php' not found or unable to stat
[Thu Feb 19 01:09:09.579171 2026] [php:error] [pid 15726] [client 172.190.142.176:0] script '/domains/brenties/oxvrws.php' not found or unable to stat
[Thu Feb 19 01:09:09.583073 2026] [php:error] [pid 15726] [client 172.190.142.176:0] script '/domains/brenties/user.php' not found or unable to stat
[Thu Feb 19 01:09:09.587247 2026] [php:error] [pid 15726] [client 172.190.142.176:0] script '/domains/brenties/404.php' not found or unable to stat
[Thu Feb 19 01:09:09.603188 2026] [php:error] [pid 15726] [client 172.190.142.176:0] script '/domains/brenties/uploat.php' not found or unable to stat
[Thu Feb 19 01:09:09.611429 2026] [php:error] [pid 15726] [client 172.190.142.176:0] script '/domains/brenties/x.php' not found or unable to stat
[Thu Feb 19 01:09:09.680299 2026] [php:error] [pid 15726] [client 172.190.142.176:0] script '/domains/brenties/cache.php' not found or unable to stat
[Thu Feb 19 01:09:09.961056 2026] [php:error] [pid 15726] [client 172.190.142.176:0] script '/domains/brenties/doc.php' not found or unable to stat
[Thu Feb 19 01:09:09.996703 2026] [php:error] [pid 15726] [client 172.190.142.176:0] script '/domains/brenties/config.php' not found or unable to stat
[Thu Feb 19 01:09:10.532005 2026] [php:error] [pid 15726] [client 172.190.142.176:0] script '/domains/brenties/alfa.php' not found or unable to stat
[Thu Feb 19 01:09:10.774677 2026] [php:error] [pid 15726] [client 172.190.142.176:0] script '/domains/brenties/wp-config-sample.php' not found or unable to stat
[Thu Feb 19 01:09:11.203340 2026] [php:error] [pid 15726] [client 172.190.142.176:0] script '/domains/brenties/cong.php' not found or unable to stat
[Thu Feb 19 01:09:11.222675 2026] [php:error] [pid 15726] [client 172.190.142.176:0] script '/domains/brenties/log.php' not found or unable to stat
[Thu Feb 19 01:09:11.717638 2026] [php:error] [pid 15734] [client 172.190.142.176:0] script '/domains/brenties/hehehehe.php' not found or unable to stat
[Thu Feb 19 01:09:12.381103 2026] [php:error] [pid 15716] [client 20.89.40.149:0] script '/domains/supolo/wp-mail.php' not found or unable to stat
[Thu Feb 19 01:09:12.766505 2026] [php:error] [pid 15716] [client 20.89.40.149:0] script '/domains/supolo/wsa.php' not found or unable to stat
[Thu Feb 19 01:09:13.133747 2026] [php:error] [pid 15716] [client 20.89.40.149:0] script '/domains/supolo/xmlrpc.php' not found or unable to stat
[Thu Feb 19 01:09:13.322675 2026] [php:error] [pid 15716] [client 20.89.40.149:0] script '/domains/supolo/ab.php' not found or unable to stat
[Thu Feb 19 01:09:13.382981 2026] [php:error] [pid 15734] [client 172.190.142.176:0] script '/domains/brenties/lock.php' not found or unable to stat
[Thu Feb 19 01:09:13.394922 2026] [php:error] [pid 15734] [client 172.190.142.176:0] script '/domains/brenties/content.php' not found or unable to stat
[Thu Feb 19 01:09:13.494309 2026] [php:error] [pid 15716] [client 20.89.40.149:0] script '/domains/supolo/classwithtostring.php' not found or unable to stat
[Thu Feb 19 01:09:13.648713 2026] [php:error] [pid 15734] [client 172.190.142.176:0] script '/domains/brenties/k.php' not found or unable to stat
[Thu Feb 19 01:09:13.705486 2026] [php:error] [pid 15734] [client 172.190.142.176:0] script '/domains/brenties/403.php' not found or unable to stat
[Thu Feb 19 01:09:13.729038 2026] [php:error] [pid 15734] [client 172.190.142.176:0] script '/domains/brenties/wp-cache.php' not found or unable to stat
[Thu Feb 19 01:09:13.778773 2026] [php:error] [pid 15734] [client 172.190.142.176:0] script '/domains/brenties/w.php' not found or unable to stat
[Thu Feb 19 01:09:13.947981 2026] [php:error] [pid 15716] [client 20.89.40.149:0] script '/domains/supolo/version.php' not found or unable to stat
[Thu Feb 19 01:09:13.986360 2026] [php:error] [pid 15730] [client 172.190.142.176:0] script '/domains/brenties/ioxi002.PhP' not found or unable to stat
[Thu Feb 19 01:09:14.014813 2026] [php:error] [pid 15730] [client 172.190.142.176:0] script '/domains/brenties/moon.php' not found or unable to stat
[Thu Feb 19 01:09:14.044644 2026] [php:error] [pid 15730] [client 172.190.142.176:0] script '/domains/brenties/403.php' not found or unable to stat
[Thu Feb 19 01:09:14.052697 2026] [php:error] [pid 15730] [client 172.190.142.176:0] script '/domains/brenties/1index.php' not found or unable to stat
[Thu Feb 19 01:09:14.112359 2026] [php:error] [pid 15716] [client 20.89.40.149:0] script '/domains/supolo/xxx.php' not found or unable to stat
[Thu Feb 19 01:09:14.321393 2026] [php:error] [pid 15730] [client 172.190.142.176:0] script '/domains/brenties/ws.php' not found or unable to stat
[Thu Feb 19 01:09:14.599965 2026] [php:error] [pid 15730] [client 172.190.142.176:0] script '/domains/brenties/data.php' not found or unable to stat
[Thu Feb 19 01:09:14.604118 2026] [php:error] [pid 15730] [client 172.190.142.176:0] script '/domains/brenties/file.php' not found or unable to stat
[Thu Feb 19 01:09:14.627564 2026] [php:error] [pid 15730] [client 172.190.142.176:0] script '/domains/brenties/install.php' not found or unable to stat
[Thu Feb 19 01:09:14.631519 2026] [php:error] [pid 15730] [client 172.190.142.176:0] script '/domains/brenties/system.php' not found or unable to stat
[Thu Feb 19 01:09:14.668476 2026] [php:error] [pid 15730] [client 172.190.142.176:0] script '/domains/brenties/2.php' not found or unable to stat
[Thu Feb 19 01:09:14.676481 2026] [php:error] [pid 15730] [client 172.190.142.176:0] script '/domains/brenties/shell20211028.php' not found or unable to stat
[Thu Feb 19 01:09:14.680545 2026] [php:error] [pid 15730] [client 172.190.142.176:0] script '/domains/brenties/ss.php' not found or unable to stat
[Thu Feb 19 01:09:14.684545 2026] [php:error] [pid 15730] [client 172.190.142.176:0] script '/domains/brenties/wso.php' not found or unable to stat
[Thu Feb 19 01:09:14.707633 2026] [php:error] [pid 15730] [client 172.190.142.176:0] script '/domains/brenties/i.php' not found or unable to stat
[Thu Feb 19 01:09:14.763091 2026] [php:error] [pid 15730] [client 172.190.142.176:0] script '/domains/brenties/1337.php' not found or unable to stat
[Thu Feb 19 01:09:14.820979 2026] [php:error] [pid 15730] [client 172.190.142.176:0] script '/domains/brenties/favicon.php' not found or unable to stat
[Thu Feb 19 01:09:14.825004 2026] [php:error] [pid 15730] [client 172.190.142.176:0] script '/domains/brenties/fox.php' not found or unable to stat
[Thu Feb 19 01:09:14.844711 2026] [php:error] [pid 15730] [client 172.190.142.176:0] script '/domains/brenties/byp.php' not found or unable to stat
[Thu Feb 19 01:09:14.851257 2026] [php:error] [pid 15730] [client 172.190.142.176:0] script '/domains/brenties/wp-load.php' not found or unable to stat
[Thu Feb 19 01:09:15.834335 2026] [php:error] [pid 15716] [client 20.89.40.149:0] script '/domains/supolo/1.php' not found or unable to stat
[Thu Feb 19 01:09:16.010235 2026] [php:error] [pid 15716] [client 20.89.40.149:0] script '/domains/supolo/themes.php' not found or unable to stat
[Thu Feb 19 01:09:17.091786 2026] [php:error] [pid 15716] [client 20.89.40.149:0] script '/domains/supolo/b0.php' not found or unable to stat
[Thu Feb 19 01:09:17.275876 2026] [php:error] [pid 15716] [client 20.89.40.149:0] script '/domains/supolo/bala.php' not found or unable to stat
[Thu Feb 19 01:09:19.196725 2026] [php:error] [pid 15716] [client 20.89.40.149:0] script '/domains/supolo/xl2023.php.php' not found or unable to stat
[Thu Feb 19 01:09:21.006279 2026] [php:error] [pid 15716] [client 20.89.40.149:0] script '/domains/supolo/120f9.php' not found or unable to stat
[Thu Feb 19 01:09:21.196569 2026] [php:error] [pid 15716] [client 20.89.40.149:0] script '/domains/supolo/504.php' not found or unable to stat
[Thu Feb 19 01:09:21.367666 2026] [php:error] [pid 15716] [client 20.89.40.149:0] script '/domains/supolo/about.php' not found or unable to stat
[Thu Feb 19 01:09:21.556915 2026] [php:error] [pid 15716] [client 20.89.40.149:0] script '/domains/supolo/back.php' not found or unable to stat
[Thu Feb 19 01:09:21.725313 2026] [php:error] [pid 15716] [client 20.89.40.149:0] script '/domains/supolo/cong.php' not found or unable to stat
[Thu Feb 19 01:09:21.904047 2026] [php:error] [pid 15716] [client 20.89.40.149:0] script '/domains/supolo/credits.php' not found or unable to stat
[Thu Feb 19 01:09:22.095190 2026] [php:error] [pid 15716] [client 20.89.40.149:0] script '/domains/supolo/credits.php' not found or unable to stat
[Thu Feb 19 01:09:22.267520 2026] [php:error] [pid 15716] [client 20.89.40.149:0] script '/domains/supolo/data.php' not found or unable to stat
[Thu Feb 19 01:09:22.454161 2026] [php:error] [pid 15716] [client 20.89.40.149:0] script '/domains/supolo/function.php' not found or unable to stat
[Thu Feb 19 01:09:22.627278 2026] [php:error] [pid 15716] [client 20.89.40.149:0] script '/domains/supolo/goods.php' not found or unable to stat
[Thu Feb 19 01:09:22.815704 2026] [php:error] [pid 15716] [client 20.89.40.149:0] script '/domains/supolo/gzak2w.php' not found or unable to stat
[Thu Feb 19 01:09:23.014561 2026] [php:error] [pid 15716] [client 20.89.40.149:0] script '/domains/supolo/hehehehe.php' not found or unable to stat
[Thu Feb 19 01:09:23.583045 2026] [php:error] [pid 15716] [client 20.89.40.149:0] script '/domains/supolo/install.php' not found or unable to stat
[Thu Feb 19 01:09:23.945920 2026] [php:error] [pid 15716] [client 20.89.40.149:0] script '/domains/supolo/ova.php' not found or unable to stat
[Thu Feb 19 01:09:34.638121 2026] [php:error] [pid 15724] [client 20.89.40.149:0] script '/domains/supolo/wp.php' not found or unable to stat
[Thu Feb 19 01:10:06.101067 2026] [php:error] [pid 15739] [client 40.115.138.121:0] script '/domains/quintet/wp-2019.php' not found or unable to stat
[Thu Feb 19 01:10:06.544997 2026] [php:error] [pid 15739] [client 40.115.138.121:0] script '/domains/quintet/403.php' not found or unable to stat
[Thu Feb 19 01:10:07.051677 2026] [php:error] [pid 15739] [client 40.115.138.121:0] script '/domains/quintet/aaa.php' not found or unable to stat
[Thu Feb 19 01:10:08.630175 2026] [php:error] [pid 15739] [client 40.115.138.121:0] script '/domains/quintet/y.php' not found or unable to stat
[Thu Feb 19 01:10:09.338923 2026] [php:error] [pid 15739] [client 40.115.138.121:0] script '/domains/quintet/ggfi.php' not found or unable to stat
[Thu Feb 19 01:10:10.156760 2026] [php:error] [pid 15739] [client 40.115.138.121:0] script '/domains/quintet/buy.php' not found or unable to stat
[Thu Feb 19 01:10:10.335614 2026] [php:error] [pid 15739] [client 40.115.138.121:0] script '/domains/quintet/chosen.php' not found or unable to stat
[Thu Feb 19 01:10:10.528423 2026] [php:error] [pid 15739] [client 40.115.138.121:0] script '/domains/quintet/index.php' not found or unable to stat
[Thu Feb 19 01:10:10.993264 2026] [php:error] [pid 15739] [client 40.115.138.121:0] script '/domains/quintet/cron.php' not found or unable to stat
[Thu Feb 19 01:10:11.524972 2026] [php:error] [pid 15739] [client 40.115.138.121:0] script '/domains/quintet/functions.php' not found or unable to stat
[Thu Feb 19 01:10:12.249951 2026] [php:error] [pid 15739] [client 40.115.138.121:0] script '/domains/quintet/wp-add.php' not found or unable to stat
[Thu Feb 19 01:10:12.435228 2026] [php:error] [pid 15739] [client 40.115.138.121:0] script '/domains/quintet/0.php' not found or unable to stat
[Thu Feb 19 01:10:12.909270 2026] [php:error] [pid 15739] [client 40.115.138.121:0] script '/domains/quintet/edit.php' not found or unable to stat
[Thu Feb 19 01:10:13.082169 2026] [php:error] [pid 15739] [client 40.115.138.121:0] script '/domains/quintet/meta.php' not found or unable to stat
[Thu Feb 19 01:10:13.272406 2026] [php:error] [pid 15739] [client 40.115.138.121:0] script '/domains/quintet/new.php' not found or unable to stat
[Thu Feb 19 01:10:14.434109 2026] [php:error] [pid 15739] [client 40.115.138.121:0] script '/domains/quintet/as.php' not found or unable to stat
[Thu Feb 19 01:10:14.852703 2026] [php:error] [pid 15739] [client 40.115.138.121:0] script '/domains/quintet/ds.php' not found or unable to stat
[Thu Feb 19 01:10:15.027556 2026] [php:error] [pid 15739] [client 40.115.138.121:0] script '/domains/quintet/error.php' not found or unable to stat
[Thu Feb 19 01:10:15.198444 2026] [php:error] [pid 15739] [client 40.115.138.121:0] script '/domains/quintet/gecko-new.php' not found or unable to stat
[Thu Feb 19 01:10:15.364929 2026] [php:error] [pid 15739] [client 40.115.138.121:0] script '/domains/quintet/randkeyword.php' not found or unable to stat
[Thu Feb 19 01:10:15.887730 2026] [php:error] [pid 15739] [client 40.115.138.121:0] script '/domains/quintet/NewFile.php' not found or unable to stat
[Thu Feb 19 01:10:16.053911 2026] [php:error] [pid 15739] [client 40.115.138.121:0] script '/domains/quintet/goods.php' not found or unable to stat
[Thu Feb 19 01:10:16.466074 2026] [php:error] [pid 15739] [client 40.115.138.121:0] script '/domains/quintet/simple.php' not found or unable to stat
[Thu Feb 19 01:10:17.384782 2026] [php:error] [pid 15739] [client 40.115.138.121:0] script '/domains/quintet/c.php' not found or unable to stat
[Thu Feb 19 01:10:18.428432 2026] [php:error] [pid 15739] [client 40.115.138.121:0] script '/domains/quintet/auth.php' not found or unable to stat
[Thu Feb 19 01:10:18.801484 2026] [php:error] [pid 15739] [client 40.115.138.121:0] script '/domains/quintet/class-wp-lock.php' not found or unable to stat
[Thu Feb 19 01:10:19.194072 2026] [php:error] [pid 15739] [client 40.115.138.121:0] script '/domains/quintet/cookie.php' not found or unable to stat
[Thu Feb 19 01:10:19.583989 2026] [php:error] [pid 15739] [client 40.115.138.121:0] script '/domains/quintet/admin.php' not found or unable to stat
[Thu Feb 19 01:10:19.764265 2026] [php:error] [pid 15739] [client 40.115.138.121:0] script '/domains/quintet/baxa1.php' not found or unable to stat
[Thu Feb 19 01:10:20.588170 2026] [php:error] [pid 15739] [client 40.115.138.121:0] script '/domains/quintet/xleet.php' not found or unable to stat
[Thu Feb 19 01:10:21.377629 2026] [php:error] [pid 15739] [client 40.115.138.121:0] script '/domains/quintet/about.php' not found or unable to stat
[Thu Feb 19 01:10:23.086743 2026] [php:error] [pid 15739] [client 40.115.138.121:0] script '/domains/quintet/alfanew.php' not found or unable to stat
[Thu Feb 19 01:10:24.005750 2026] [php:error] [pid 15739] [client 40.115.138.121:0] script '/domains/quintet/22.php' not found or unable to stat
[Thu Feb 19 01:10:24.925417 2026] [php:error] [pid 15739] [client 40.115.138.121:0] script '/domains/quintet/simple.php' not found or unable to stat
[Thu Feb 19 01:10:25.555629 2026] [php:error] [pid 15739] [client 40.115.138.121:0] script '/domains/quintet/admin.php' not found or unable to stat
[Thu Feb 19 01:10:25.724844 2026] [php:error] [pid 15739] [client 40.115.138.121:0] script '/domains/quintet/c99.php' not found or unable to stat
[Thu Feb 19 01:10:25.901127 2026] [php:error] [pid 15739] [client 40.115.138.121:0] script '/domains/quintet/file.php' not found or unable to stat
[Thu Feb 19 01:10:26.084017 2026] [php:error] [pid 15739] [client 40.115.138.121:0] script '/domains/quintet/b.php' not found or unable to stat
[Thu Feb 19 01:10:26.561344 2026] [php:error] [pid 15739] [client 40.115.138.121:0] script '/domains/quintet/classwithtostring.php' not found or unable to stat
[Thu Feb 19 01:10:26.994590 2026] [php:error] [pid 15739] [client 40.115.138.121:0] script '/domains/quintet/css.php' not found or unable to stat
[Thu Feb 19 01:10:27.517252 2026] [php:error] [pid 15739] [client 40.115.138.121:0] script '/domains/quintet/flower.php' not found or unable to stat
[Thu Feb 19 01:10:28.584947 2026] [php:error] [pid 15739] [client 40.115.138.121:0] script '/domains/quintet/jp.php' not found or unable to stat
[Thu Feb 19 01:10:28.755090 2026] [php:error] [pid 15739] [client 40.115.138.121:0] script '/domains/quintet/room.php' not found or unable to stat
[Thu Feb 19 01:10:29.702476 2026] [php:error] [pid 15739] [client 40.115.138.121:0] script '/domains/quintet/12.php' not found or unable to stat
[Thu Feb 19 01:10:30.112660 2026] [php:error] [pid 15739] [client 40.115.138.121:0] script '/domains/quintet/404.php' not found or unable to stat
[Thu Feb 19 01:10:30.290185 2026] [php:error] [pid 15739] [client 40.115.138.121:0] script '/domains/quintet/disagreed.php' not found or unable to stat
[Thu Feb 19 01:10:30.642198 2026] [php:error] [pid 15739] [client 40.115.138.121:0] script '/domains/quintet/text.php' not found or unable to stat
[Thu Feb 19 01:10:33.630202 2026] [php:error] [pid 15739] [client 40.115.138.121:0] script '/domains/quintet/GOD.php' not found or unable to stat
[Thu Feb 19 01:10:34.242027 2026] [php:error] [pid 15739] [client 40.115.138.121:0] script '/domains/quintet/alfa-rex.php' not found or unable to stat
[Thu Feb 19 01:10:34.434215 2026] [php:error] [pid 15739] [client 40.115.138.121:0] script '/domains/quintet/f35.php' not found or unable to stat
[Thu Feb 19 01:10:34.627144 2026] [php:error] [pid 15739] [client 40.115.138.121:0] script '/domains/quintet/feeds.php' not found or unable to stat
[Thu Feb 19 01:10:35.161576 2026] [php:error] [pid 15739] [client 40.115.138.121:0] script '/domains/quintet/favicon.php' not found or unable to stat
[Thu Feb 19 01:10:35.511714 2026] [php:error] [pid 15739] [client 40.115.138.121:0] script '/domains/quintet/hehe.php' not found or unable to stat
[Thu Feb 19 01:10:36.239241 2026] [php:error] [pid 15739] [client 40.115.138.121:0] script '/domains/quintet/user.php' not found or unable to stat
[Thu Feb 19 01:10:37.113419 2026] [cgi:error] [pid 15750] [client 72.57.99.241:0] AH01215: stderr from /domains/abtechsci/cgi-bin/CustomerSurvey.cgi: [Thu Feb 19 01:10:37 2026] CustomerSurvey.cgi: CGI::param called in list context from /domains/abtechsci/cgi-bin/CustomerSurvey.cgi line 42, this can lead to vulnerabilities. See the warning in "Fetching the value or values of a single named parameter" at /usr/local/lib/perl5/site_perl/CGI.pm line 416., referer: http://abtechsci.com/customserv.html
[Thu Feb 19 01:10:37.468962 2026] [php:error] [pid 15751] [client 40.115.138.121:0] script '/domains/quintet/autoload_classmap.php' not found or unable to stat
[Thu Feb 19 01:10:37.645010 2026] [php:error] [pid 15751] [client 40.115.138.121:0] script '/domains/quintet/files.php' not found or unable to stat
[Thu Feb 19 01:10:38.669034 2026] [php:error] [pid 15751] [client 40.115.138.121:0] script '/domains/quintet/about.php' not found or unable to stat
[Thu Feb 19 01:10:38.838989 2026] [php:error] [pid 15751] [client 40.115.138.121:0] script '/domains/quintet/al.php' not found or unable to stat
[Thu Feb 19 01:10:39.011403 2026] [php:error] [pid 15751] [client 40.115.138.121:0] script '/domains/quintet/byp.php' not found or unable to stat
[Thu Feb 19 01:10:39.653364 2026] [php:error] [pid 15751] [client 40.115.138.121:0] script '/domains/quintet/wander.php' not found or unable to stat
[Thu Feb 19 01:10:40.011365 2026] [php:error] [pid 15746] [client 145.239.10.137:0] script '/domains/gohover/sn.php' not found or unable to stat, referer: http://gohover.com/sn.php
[Thu Feb 19 01:10:40.823078 2026] [php:error] [pid 15751] [client 40.115.138.121:0] script '/domains/quintet/en.php' not found or unable to stat
[Thu Feb 19 01:10:41.001793 2026] [php:error] [pid 15751] [client 40.115.138.121:0] script '/domains/quintet/help.php' not found or unable to stat
