[Thu Feb 19 03:05:14.553444 2026] [php:error] [pid 17425] [client 20.42.209.0:0] script '/domains/larrysr/meew.php' not found or unable to stat
[Thu Feb 19 03:05:14.690283 2026] [php:error] [pid 17604] [client 20.205.120.43:0] script '/domains/system_suspended/feeds.php' not found or unable to stat
[Thu Feb 19 03:05:14.756833 2026] [php:error] [pid 17425] [client 20.42.209.0:0] script '/domains/larrysr/71.php' not found or unable to stat
[Thu Feb 19 03:05:14.952512 2026] [php:error] [pid 17425] [client 20.42.209.0:0] script '/domains/larrysr/Timing.php' not found or unable to stat
[Thu Feb 19 03:05:15.194688 2026] [php:error] [pid 17604] [client 20.205.120.43:0] script '/domains/system_suspended/favicon.php' not found or unable to stat
[Thu Feb 19 03:05:15.206246 2026] [php:error] [pid 17425] [client 20.42.209.0:0] script '/domains/larrysr/extract.php' not found or unable to stat
[Thu Feb 19 03:05:15.401762 2026] [php:error] [pid 17425] [client 20.42.209.0:0] script '/domains/larrysr/comp.php' not found or unable to stat
[Thu Feb 19 03:05:15.597448 2026] [php:error] [pid 17425] [client 20.42.209.0:0] script '/domains/larrysr/C1.php' not found or unable to stat
[Thu Feb 19 03:05:15.793273 2026] [php:error] [pid 17425] [client 20.42.209.0:0] script '/domains/larrysr/credits.php' not found or unable to stat
[Thu Feb 19 03:05:15.945897 2026] [php:error] [pid 17604] [client 20.205.120.43:0] script '/domains/system_suspended/hehe.php' not found or unable to stat
[Thu Feb 19 03:05:16.007787 2026] [php:error] [pid 17425] [client 20.42.209.0:0] script '/domains/larrysr/term.php' not found or unable to stat
[Thu Feb 19 03:05:16.204231 2026] [php:error] [pid 17425] [client 20.42.209.0:0] script '/domains/larrysr/classsmtps.php' not found or unable to stat
[Thu Feb 19 03:05:16.400143 2026] [php:error] [pid 17425] [client 20.42.209.0:0] script '/domains/larrysr/blkfqnikz.php' not found or unable to stat
[Thu Feb 19 03:05:16.595777 2026] [php:error] [pid 17425] [client 20.42.209.0:0] script '/domains/larrysr/6i85g10k.php' not found or unable to stat
[Thu Feb 19 03:05:16.834861 2026] [php:error] [pid 17425] [client 20.42.209.0:0] script '/domains/larrysr/filefuns.php' not found or unable to stat
[Thu Feb 19 03:05:17.031099 2026] [php:error] [pid 17425] [client 20.42.209.0:0] script '/domains/larrysr/ovataumpr.php' not found or unable to stat
[Thu Feb 19 03:05:17.121113 2026] [php:error] [pid 17604] [client 20.205.120.43:0] script '/domains/system_suspended/user.php' not found or unable to stat
[Thu Feb 19 03:05:17.226593 2026] [php:error] [pid 17425] [client 20.42.209.0:0] script '/domains/larrysr/wp-cache.php' not found or unable to stat
[Thu Feb 19 03:05:17.422224 2026] [php:error] [pid 17425] [client 20.42.209.0:0] script '/domains/larrysr/SH9JQ3.php' not found or unable to stat
[Thu Feb 19 03:05:17.647980 2026] [php:error] [pid 17425] [client 20.42.209.0:0] script '/domains/larrysr/index_sso.php' not found or unable to stat
[Thu Feb 19 03:05:17.783991 2026] [php:error] [pid 17593] [client 20.205.120.43:0] script '/domains/system_suspended/autoload_classmap.php' not found or unable to stat
[Thu Feb 19 03:05:17.795281 2026] [php:error] [pid 17604] [client 34.96.162.62:0] script '/domains/pauljbrock/adminer-4.3.0.php' not found or unable to stat
[Thu Feb 19 03:05:17.855019 2026] [php:error] [pid 17425] [client 20.42.209.0:0] script '/domains/larrysr/rating.php' not found or unable to stat
[Thu Feb 19 03:05:18.005388 2026] [php:error] [pid 17593] [client 20.205.120.43:0] script '/domains/system_suspended/files.php' not found or unable to stat
[Thu Feb 19 03:05:18.071258 2026] [php:error] [pid 17425] [client 20.42.209.0:0] script '/domains/larrysr/mfjtrzzg.php' not found or unable to stat
[Thu Feb 19 03:05:18.266797 2026] [php:error] [pid 17425] [client 20.42.209.0:0] script '/domains/larrysr/style-engine.php' not found or unable to stat
[Thu Feb 19 03:05:18.462475 2026] [php:error] [pid 17425] [client 20.42.209.0:0] script '/domains/larrysr/report.php' not found or unable to stat
[Thu Feb 19 03:05:18.658173 2026] [php:error] [pid 17425] [client 20.42.209.0:0] script '/domains/larrysr/edit-tags.php' not found or unable to stat
[Thu Feb 19 03:05:18.758260 2026] [php:error] [pid 17593] [client 20.205.120.43:0] script '/domains/system_suspended/about.php' not found or unable to stat
[Thu Feb 19 03:05:18.887344 2026] [php:error] [pid 17425] [client 20.42.209.0:0] script '/domains/larrysr/cwianpri.php' not found or unable to stat
[Thu Feb 19 03:05:19.083096 2026] [php:error] [pid 17425] [client 20.42.209.0:0] script '/domains/larrysr/wunaivpl.php' not found or unable to stat
[Thu Feb 19 03:05:19.225725 2026] [php:error] [pid 17593] [client 20.205.120.43:0] script '/domains/system_suspended/al.php' not found or unable to stat
[Thu Feb 19 03:05:19.280120 2026] [php:error] [pid 17425] [client 20.42.209.0:0] script '/domains/larrysr/gyj.php' not found or unable to stat
[Thu Feb 19 03:05:19.476029 2026] [php:error] [pid 17425] [client 20.42.209.0:0] script '/domains/larrysr/install.php' not found or unable to stat
[Thu Feb 19 03:05:19.580635 2026] [php:error] [pid 17593] [client 20.205.120.43:0] script '/domains/system_suspended/byp.php' not found or unable to stat
[Thu Feb 19 03:05:19.671700 2026] [php:error] [pid 17425] [client 20.42.209.0:0] script '/domains/larrysr/update.php' not found or unable to stat
[Thu Feb 19 03:05:19.867216 2026] [php:error] [pid 17425] [client 20.42.209.0:0] script '/domains/larrysr/home.php' not found or unable to stat
[Thu Feb 19 03:05:20.073438 2026] [php:error] [pid 17425] [client 20.42.209.0:0] script '/domains/larrysr/dfpbtqbc.php' not found or unable to stat
[Thu Feb 19 03:05:20.123642 2026] [php:error] [pid 17593] [client 20.205.120.43:0] script '/domains/system_suspended/wander.php' not found or unable to stat
[Thu Feb 19 03:05:20.269328 2026] [php:error] [pid 17425] [client 20.42.209.0:0] script '/domains/larrysr/files.php' not found or unable to stat
[Thu Feb 19 03:05:20.466687 2026] [php:error] [pid 17425] [client 20.42.209.0:0] script '/domains/larrysr/ifoklzle.php' not found or unable to stat
[Thu Feb 19 03:05:20.662418 2026] [php:error] [pid 17425] [client 20.42.209.0:0] script '/domains/larrysr/bi.php' not found or unable to stat
[Thu Feb 19 03:05:20.859180 2026] [php:error] [pid 17425] [client 20.42.209.0:0] script '/domains/larrysr/es.php' not found or unable to stat
[Thu Feb 19 03:05:21.056245 2026] [php:error] [pid 17425] [client 20.42.209.0:0] script '/domains/larrysr/sidwso.php' not found or unable to stat
[Thu Feb 19 03:05:21.252026 2026] [php:error] [pid 17425] [client 20.42.209.0:0] script '/domains/larrysr/R00T.php' not found or unable to stat
[Thu Feb 19 03:05:21.448085 2026] [php:error] [pid 17425] [client 20.42.209.0:0] script '/domains/larrysr/hplfuns.php' not found or unable to stat
[Thu Feb 19 03:05:21.700869 2026] [php:error] [pid 17425] [client 20.42.209.0:0] script '/domains/larrysr/getid3-core.php' not found or unable to stat
[Thu Feb 19 03:05:21.754019 2026] [php:error] [pid 17593] [client 20.205.120.43:0] script '/domains/system_suspended/en.php' not found or unable to stat
[Thu Feb 19 03:05:21.914651 2026] [php:error] [pid 17425] [client 20.42.209.0:0] script '/domains/larrysr/123.php' not found or unable to stat
[Thu Feb 19 03:05:22.110226 2026] [php:error] [pid 17425] [client 20.42.209.0:0] script '/domains/larrysr/wlyeA.php' not found or unable to stat
[Thu Feb 19 03:05:22.305870 2026] [php:error] [pid 17425] [client 20.42.209.0:0] script '/domains/larrysr/wp-act.php' not found or unable to stat
[Thu Feb 19 03:05:22.360605 2026] [php:error] [pid 17593] [client 20.205.120.43:0] script '/domains/system_suspended/help.php' not found or unable to stat
[Thu Feb 19 03:05:22.532664 2026] [php:error] [pid 17425] [client 20.42.209.0:0] script '/domains/larrysr/suu.php' not found or unable to stat
[Thu Feb 19 03:05:22.728888 2026] [php:error] [pid 17425] [client 20.42.209.0:0] script '/domains/larrysr/repeater.php' not found or unable to stat
[Thu Feb 19 03:05:22.925423 2026] [php:error] [pid 17425] [client 20.42.209.0:0] script '/domains/larrysr/user_add.php' not found or unable to stat
[Thu Feb 19 03:05:23.121196 2026] [php:error] [pid 17425] [client 20.42.209.0:0] script '/domains/larrysr/disoxrmons.php' not found or unable to stat
[Thu Feb 19 03:05:23.316584 2026] [php:error] [pid 17425] [client 20.42.209.0:0] script '/domains/larrysr/TNT.php' not found or unable to stat
[Thu Feb 19 03:05:23.518755 2026] [php:error] [pid 17425] [client 20.42.209.0:0] script '/domains/larrysr/504.php' not found or unable to stat
[Thu Feb 19 03:05:23.653762 2026] [php:error] [pid 17593] [client 20.205.120.43:0] script '/domains/system_suspended/control.php' not found or unable to stat
[Thu Feb 19 03:05:23.714255 2026] [php:error] [pid 17425] [client 20.42.209.0:0] script '/domains/larrysr/F0x.php' not found or unable to stat
[Thu Feb 19 03:05:23.917291 2026] [php:error] [pid 17425] [client 20.42.209.0:0] script '/domains/larrysr/aleXus.php' not found or unable to stat
[Thu Feb 19 03:05:24.126366 2026] [php:error] [pid 17425] [client 20.42.209.0:0] script '/domains/larrysr/alert.php' not found or unable to stat
[Thu Feb 19 03:05:24.327454 2026] [php:error] [pid 17425] [client 20.42.209.0:0] script '/domains/larrysr/se.php' not found or unable to stat
[Thu Feb 19 03:05:24.523172 2026] [php:error] [pid 17425] [client 20.42.209.0:0] script '/domains/larrysr/al.php' not found or unable to stat
[Thu Feb 19 03:05:24.565705 2026] [php:error] [pid 17593] [client 20.205.120.43:0] script '/domains/system_suspended/radio.php' not found or unable to stat
[Thu Feb 19 03:05:24.765921 2026] [php:error] [pid 17425] [client 20.42.209.0:0] script '/domains/larrysr/dirs.php' not found or unable to stat
[Thu Feb 19 03:05:24.963729 2026] [php:error] [pid 17425] [client 20.42.209.0:0] script '/domains/larrysr/lufix.php' not found or unable to stat
[Thu Feb 19 03:05:25.011812 2026] [php:error] [pid 17593] [client 20.205.120.43:0] script '/domains/system_suspended/dropdown.php' not found or unable to stat
[Thu Feb 19 03:05:25.159268 2026] [php:error] [pid 17425] [client 20.42.209.0:0] script '/domains/larrysr/pwnd.php' not found or unable to stat
[Thu Feb 19 03:05:25.355144 2026] [php:error] [pid 17425] [client 20.42.209.0:0] script '/domains/larrysr/srx.php' not found or unable to stat
[Thu Feb 19 03:05:25.550835 2026] [php:error] [pid 17425] [client 20.42.209.0:0] script '/domains/larrysr/class-wp-cmd.php' not found or unable to stat
[Thu Feb 19 03:05:25.747417 2026] [php:error] [pid 17425] [client 20.42.209.0:0] script '/domains/larrysr/temp.php' not found or unable to stat
[Thu Feb 19 03:05:25.927126 2026] [php:error] [pid 17593] [client 20.205.120.43:0] script '/domains/system_suspended/wp-2019.php' not found or unable to stat
[Thu Feb 19 03:05:25.942794 2026] [php:error] [pid 17425] [client 20.42.209.0:0] script '/domains/larrysr/libcore.php' not found or unable to stat
[Thu Feb 19 03:05:26.138192 2026] [php:error] [pid 17425] [client 20.42.209.0:0] script '/domains/larrysr/bmccxior.php' not found or unable to stat
[Thu Feb 19 03:05:26.333743 2026] [php:error] [pid 17425] [client 20.42.209.0:0] script '/domains/larrysr/wp-blog-header.php' not found or unable to stat
[Thu Feb 19 03:05:26.368289 2026] [php:error] [pid 17593] [client 20.205.120.43:0] script '/domains/system_suspended/403.php' not found or unable to stat
[Thu Feb 19 03:05:26.529437 2026] [php:error] [pid 17425] [client 20.42.209.0:0] script '/domains/larrysr/IDhrIlrLb.php' not found or unable to stat
[Thu Feb 19 03:05:26.582322 2026] [php:error] [pid 17593] [client 20.205.120.43:0] script '/domains/system_suspended/about.php' not found or unable to stat
[Thu Feb 19 03:05:26.726550 2026] [php:error] [pid 17425] [client 20.42.209.0:0] script '/domains/larrysr/shell4.php' not found or unable to stat
[Thu Feb 19 03:05:26.799349 2026] [php:error] [pid 17593] [client 20.205.120.43:0] script '/domains/system_suspended/admin.php' not found or unable to stat
[Thu Feb 19 03:05:26.922347 2026] [php:error] [pid 17425] [client 20.42.209.0:0] script '/domains/larrysr/tron.php' not found or unable to stat
[Thu Feb 19 03:05:27.016029 2026] [php:error] [pid 17593] [client 20.205.120.43:0] script '/domains/system_suspended/as.php' not found or unable to stat
[Thu Feb 19 03:05:27.117955 2026] [php:error] [pid 17425] [client 20.42.209.0:0] script '/domains/larrysr/database.php' not found or unable to stat
[Thu Feb 19 03:05:27.324498 2026] [php:error] [pid 17425] [client 20.42.209.0:0] script '/domains/larrysr/media-admin.php' not found or unable to stat
[Thu Feb 19 03:05:27.481167 2026] [php:error] [pid 17593] [client 20.205.120.43:0] script '/domains/system_suspended/autoload_classmap.php' not found or unable to stat
[Thu Feb 19 03:05:27.526720 2026] [php:error] [pid 17425] [client 20.42.209.0:0] script '/domains/larrysr/cljntmcz.php' not found or unable to stat
[Thu Feb 19 03:05:27.920787 2026] [php:error] [pid 17593] [client 20.205.120.43:0] script '/domains/system_suspended/classwithtostring.php' not found or unable to stat
[Thu Feb 19 03:05:28.129819 2026] [php:error] [pid 17593] [client 20.205.120.43:0] script '/domains/system_suspended/content.php' not found or unable to stat
[Thu Feb 19 03:05:28.461800 2026] [php:error] [pid 17593] [client 20.205.120.43:0] script '/domains/system_suspended/doc.php' not found or unable to stat
[Thu Feb 19 03:05:28.989777 2026] [php:error] [pid 17593] [client 20.205.120.43:0] script '/domains/system_suspended/dropdown.php' not found or unable to stat
[Thu Feb 19 03:05:29.426409 2026] [php:error] [pid 17593] [client 20.205.120.43:0] script '/domains/system_suspended/ee.php' not found or unable to stat
[Thu Feb 19 03:05:30.008751 2026] [php:error] [pid 17593] [client 20.205.120.43:0] script '/domains/system_suspended/moon.php' not found or unable to stat
[Thu Feb 19 03:05:30.389768 2026] [php:error] [pid 17593] [client 20.205.120.43:0] script '/domains/system_suspended/new.php' not found or unable to stat
[Thu Feb 19 03:05:30.599674 2026] [php:error] [pid 17593] [client 20.205.120.43:0] script '/domains/system_suspended/radio.php' not found or unable to stat
[Thu Feb 19 03:05:31.058109 2026] [php:error] [pid 17593] [client 20.205.120.43:0] script '/domains/system_suspended/s.php' not found or unable to stat
[Thu Feb 19 03:05:31.271223 2026] [php:error] [pid 17593] [client 20.205.120.43:0] script '/domains/system_suspended/sim.php' not found or unable to stat
[Thu Feb 19 03:05:31.727577 2026] [php:error] [pid 17593] [client 20.205.120.43:0] script '/domains/system_suspended/simple.php' not found or unable to stat
[Thu Feb 19 03:05:32.274995 2026] [php:error] [pid 17593] [client 20.205.120.43:0] script '/domains/system_suspended/user.php' not found or unable to stat
[Thu Feb 19 03:05:32.504898 2026] [php:error] [pid 17620] [client 35.247.243.247:0] script '/domains/hdickens.enteract/adminer-5.4.0.php' not found or unable to stat
[Thu Feb 19 03:05:32.760926 2026] [php:error] [pid 17593] [client 20.205.120.43:0] script '/domains/system_suspended/webadmin.php' not found or unable to stat
[Thu Feb 19 03:05:35.169416 2026] [php:error] [pid 17593] [client 20.205.120.43:0] script '/domains/system_suspended/wp-config-sample.php' not found or unable to stat
[Thu Feb 19 03:05:35.385620 2026] [php:error] [pid 17593] [client 20.205.120.43:0] script '/domains/system_suspended/wp-configs.php' not found or unable to stat
[Thu Feb 19 03:05:35.601937 2026] [php:error] [pid 17593] [client 20.205.120.43:0] script '/domains/system_suspended/wp-conflg.php' not found or unable to stat
[Thu Feb 19 03:05:37.997582 2026] [php:error] [pid 17593] [client 20.205.120.43:0] script '/domains/system_suspended/wp-mail.php' not found or unable to stat
[Thu Feb 19 03:05:38.216433 2026] [php:error] [pid 17593] [client 20.205.120.43:0] script '/domains/system_suspended/wsa.php' not found or unable to stat
[Thu Feb 19 03:05:38.638061 2026] [php:error] [pid 17593] [client 20.205.120.43:0] script '/domains/system_suspended/xmlrpc.php' not found or unable to stat
[Thu Feb 19 03:05:38.853226 2026] [php:error] [pid 17593] [client 20.205.120.43:0] script '/domains/system_suspended/ab.php' not found or unable to stat
[Thu Feb 19 03:05:39.208498 2026] [php:error] [pid 17593] [client 20.205.120.43:0] script '/domains/system_suspended/classwithtostring.php' not found or unable to stat
[Thu Feb 19 03:05:39.416373 2026] [php:error] [pid 17593] [client 20.205.120.43:0] script '/domains/system_suspended/version.php' not found or unable to stat
[Thu Feb 19 03:05:39.625239 2026] [php:error] [pid 17593] [client 20.205.120.43:0] script '/domains/system_suspended/xxx.php' not found or unable to stat
[Thu Feb 19 03:05:40.826807 2026] [php:error] [pid 17593] [client 20.205.120.43:0] script '/domains/system_suspended/1.php' not found or unable to stat
[Thu Feb 19 03:05:41.046922 2026] [php:error] [pid 17593] [client 20.205.120.43:0] script '/domains/system_suspended/themes.php' not found or unable to stat
[Thu Feb 19 03:05:42.618609 2026] [php:error] [pid 17593] [client 20.205.120.43:0] script '/domains/system_suspended/b0.php' not found or unable to stat
[Thu Feb 19 03:05:42.838778 2026] [php:error] [pid 17593] [client 20.205.120.43:0] script '/domains/system_suspended/bala.php' not found or unable to stat
[Thu Feb 19 03:05:43.933805 2026] [php:error] [pid 17593] [client 20.205.120.43:0] script '/domains/system_suspended/xl2023.php.php' not found or unable to stat
[Thu Feb 19 03:05:45.006241 2026] [php:error] [pid 17615] [client 20.53.240.38:0] script '/domains/hpveweb/wp-2019.php' not found or unable to stat
[Thu Feb 19 03:05:45.211029 2026] [php:error] [pid 17615] [client 20.53.240.38:0] script '/domains/hpveweb/403.php' not found or unable to stat
[Thu Feb 19 03:05:45.416176 2026] [php:error] [pid 17615] [client 20.53.240.38:0] script '/domains/hpveweb/aaa.php' not found or unable to stat
[Thu Feb 19 03:05:45.537247 2026] [php:error] [pid 17621] [client 35.247.243.253:0] script '/domains/hdickens.enteract/adminer-5.0.1.php' not found or unable to stat
[Thu Feb 19 03:05:45.655197 2026] [php:error] [pid 17593] [client 20.205.120.43:0] script '/domains/system_suspended/120f9.php' not found or unable to stat
[Thu Feb 19 03:05:45.970611 2026] [php:error] [pid 17593] [client 20.205.120.43:0] script '/domains/system_suspended/504.php' not found or unable to stat
[Thu Feb 19 03:05:46.450980 2026] [php:error] [pid 17615] [client 20.53.240.38:0] script '/domains/hpveweb/y.php' not found or unable to stat
[Thu Feb 19 03:05:46.507489 2026] [php:error] [pid 17593] [client 20.205.120.43:0] script '/domains/system_suspended/about.php' not found or unable to stat
[Thu Feb 19 03:05:46.940871 2026] [php:error] [pid 17615] [client 20.53.240.38:0] script '/domains/hpveweb/ggfi.php' not found or unable to stat
[Thu Feb 19 03:05:47.025659 2026] [php:error] [pid 17593] [client 20.205.120.43:0] script '/domains/system_suspended/back.php' not found or unable to stat
[Thu Feb 19 03:05:47.446086 2026] [php:error] [pid 17593] [client 20.205.120.43:0] script '/domains/system_suspended/cong.php' not found or unable to stat
[Thu Feb 19 03:05:47.674770 2026] [php:error] [pid 17593] [client 20.205.120.43:0] script '/domains/system_suspended/credits.php' not found or unable to stat
[Thu Feb 19 03:05:47.844825 2026] [php:error] [pid 17615] [client 20.53.240.38:0] script '/domains/hpveweb/buy.php' not found or unable to stat
[Thu Feb 19 03:05:48.144037 2026] [php:error] [pid 17593] [client 20.205.120.43:0] script '/domains/system_suspended/credits.php' not found or unable to stat
[Thu Feb 19 03:05:48.158255 2026] [php:error] [pid 17615] [client 20.53.240.38:0] script '/domains/hpveweb/chosen.php' not found or unable to stat
[Thu Feb 19 03:05:48.351692 2026] [php:error] [pid 17593] [client 20.205.120.43:0] script '/domains/system_suspended/data.php' not found or unable to stat
[Thu Feb 19 03:05:48.364126 2026] [php:error] [pid 17615] [client 20.53.240.38:0] script '/domains/hpveweb/index.php' not found or unable to stat
[Thu Feb 19 03:05:48.568764 2026] [php:error] [pid 17615] [client 20.53.240.38:0] script '/domains/hpveweb/cron.php' not found or unable to stat
[Thu Feb 19 03:05:48.783295 2026] [php:error] [pid 17593] [client 20.205.120.43:0] script '/domains/system_suspended/function.php' not found or unable to stat
[Thu Feb 19 03:05:48.940677 2026] [php:error] [pid 17615] [client 20.53.240.38:0] script '/domains/hpveweb/functions.php' not found or unable to stat
[Thu Feb 19 03:05:48.995523 2026] [php:error] [pid 17593] [client 20.205.120.43:0] script '/domains/system_suspended/goods.php' not found or unable to stat
[Thu Feb 19 03:05:49.204547 2026] [php:error] [pid 17593] [client 20.205.120.43:0] script '/domains/system_suspended/gzak2w.php' not found or unable to stat
[Thu Feb 19 03:05:49.421473 2026] [php:error] [pid 17593] [client 20.205.120.43:0] script '/domains/system_suspended/hehehehe.php' not found or unable to stat
[Thu Feb 19 03:05:49.793850 2026] [php:error] [pid 17615] [client 20.53.240.38:0] script '/domains/hpveweb/wp-add.php' not found or unable to stat
[Thu Feb 19 03:05:50.122513 2026] [php:error] [pid 17615] [client 20.53.240.38:0] script '/domains/hpveweb/0.php' not found or unable to stat
[Thu Feb 19 03:05:50.331110 2026] [php:error] [pid 17615] [client 20.53.240.38:0] script '/domains/hpveweb/edit.php' not found or unable to stat
[Thu Feb 19 03:05:50.539388 2026] [php:error] [pid 17615] [client 20.53.240.38:0] script '/domains/hpveweb/meta.php' not found or unable to stat
[Thu Feb 19 03:05:50.753216 2026] [php:error] [pid 17615] [client 20.53.240.38:0] script '/domains/hpveweb/new.php' not found or unable to stat
[Thu Feb 19 03:05:50.788352 2026] [php:error] [pid 17593] [client 20.205.120.43:0] script '/domains/system_suspended/install.php' not found or unable to stat
[Thu Feb 19 03:05:51.228444 2026] [php:error] [pid 17593] [client 20.205.120.43:0] script '/domains/system_suspended/ova.php' not found or unable to stat
[Thu Feb 19 03:05:51.459920 2026] [php:error] [pid 17615] [client 20.53.240.38:0] script '/domains/hpveweb/as.php' not found or unable to stat
[Thu Feb 19 03:05:51.667158 2026] [php:error] [pid 17615] [client 20.53.240.38:0] script '/domains/hpveweb/ds.php' not found or unable to stat
[Thu Feb 19 03:05:52.062708 2026] [php:error] [pid 17615] [client 20.53.240.38:0] script '/domains/hpveweb/error.php' not found or unable to stat
[Thu Feb 19 03:05:52.312162 2026] [php:error] [pid 17615] [client 20.53.240.38:0] script '/domains/hpveweb/gecko-new.php' not found or unable to stat
[Thu Feb 19 03:05:52.703701 2026] [php:error] [pid 17615] [client 20.53.240.38:0] script '/domains/hpveweb/randkeyword.php' not found or unable to stat
[Thu Feb 19 03:05:53.915895 2026] [php:error] [pid 17615] [client 20.53.240.38:0] script '/domains/hpveweb/NewFile.php' not found or unable to stat
[Thu Feb 19 03:05:54.304093 2026] [php:error] [pid 17615] [client 20.53.240.38:0] script '/domains/hpveweb/goods.php' not found or unable to stat
[Thu Feb 19 03:05:54.725950 2026] [php:error] [pid 17615] [client 20.53.240.38:0] script '/domains/hpveweb/simple.php' not found or unable to stat
[Thu Feb 19 03:05:55.787851 2026] [php:error] [pid 17615] [client 20.53.240.38:0] script '/domains/hpveweb/c.php' not found or unable to stat
[Thu Feb 19 03:05:56.418219 2026] [php:error] [pid 17615] [client 20.53.240.38:0] script '/domains/hpveweb/auth.php' not found or unable to stat
[Thu Feb 19 03:05:56.859413 2026] [php:error] [pid 17615] [client 20.53.240.38:0] script '/domains/hpveweb/class-wp-lock.php' not found or unable to stat
[Thu Feb 19 03:05:57.281603 2026] [php:error] [pid 17615] [client 20.53.240.38:0] script '/domains/hpveweb/cookie.php' not found or unable to stat
[Thu Feb 19 03:05:57.655644 2026] [php:error] [pid 17615] [client 20.53.240.38:0] script '/domains/hpveweb/admin.php' not found or unable to stat
[Thu Feb 19 03:05:57.859149 2026] [php:error] [pid 17615] [client 20.53.240.38:0] script '/domains/hpveweb/baxa1.php' not found or unable to stat
[Thu Feb 19 03:05:58.954169 2026] [php:error] [pid 17615] [client 20.53.240.38:0] script '/domains/hpveweb/xleet.php' not found or unable to stat
[Thu Feb 19 03:05:59.368757 2026] [php:error] [pid 17615] [client 20.53.240.38:0] script '/domains/hpveweb/about.php' not found or unable to stat
[Thu Feb 19 03:06:00.614877 2026] [php:error] [pid 17629] [client 20.205.120.43:0] script '/domains/system_suspended/wp.php' not found or unable to stat
[Thu Feb 19 03:06:00.778560 2026] [php:error] [pid 17615] [client 20.53.240.38:0] script '/domains/hpveweb/alfanew.php' not found or unable to stat
[Thu Feb 19 03:06:01.241310 2026] [php:error] [pid 17615] [client 20.53.240.38:0] script '/domains/hpveweb/22.php' not found or unable to stat
[Thu Feb 19 03:06:01.865419 2026] [php:error] [pid 17628] [client 35.247.243.254:0] script '/domains/pauljbrock/adminer-5.0.2.php' not found or unable to stat
[Thu Feb 19 03:06:01.974092 2026] [php:error] [pid 17615] [client 20.53.240.38:0] script '/domains/hpveweb/simple.php' not found or unable to stat
[Thu Feb 19 03:06:02.404072 2026] [php:error] [pid 17615] [client 20.53.240.38:0] script '/domains/hpveweb/admin.php' not found or unable to stat
[Thu Feb 19 03:06:02.781432 2026] [php:error] [pid 17615] [client 20.53.240.38:0] script '/domains/hpveweb/c99.php' not found or unable to stat
[Thu Feb 19 03:06:03.019443 2026] [php:error] [pid 17615] [client 20.53.240.38:0] script '/domains/hpveweb/file.php' not found or unable to stat
[Thu Feb 19 03:06:03.256148 2026] [php:error] [pid 17615] [client 20.53.240.38:0] script '/domains/hpveweb/b.php' not found or unable to stat
[Thu Feb 19 03:06:03.538345 2026] [php:error] [pid 17615] [client 20.53.240.38:0] script '/domains/hpveweb/classwithtostring.php' not found or unable to stat
[Thu Feb 19 03:06:04.127518 2026] [php:error] [pid 17615] [client 20.53.240.38:0] script '/domains/hpveweb/css.php' not found or unable to stat
[Thu Feb 19 03:06:04.352170 2026] [php:error] [pid 17615] [client 20.53.240.38:0] script '/domains/hpveweb/flower.php' not found or unable to stat
[Thu Feb 19 03:06:05.492325 2026] [php:error] [pid 17615] [client 20.53.240.38:0] script '/domains/hpveweb/jp.php' not found or unable to stat
[Thu Feb 19 03:06:05.705930 2026] [php:error] [pid 17615] [client 20.53.240.38:0] script '/domains/hpveweb/room.php' not found or unable to stat
[Thu Feb 19 03:06:06.541320 2026] [php:error] [pid 17615] [client 20.53.240.38:0] script '/domains/hpveweb/12.php' not found or unable to stat
[Thu Feb 19 03:06:06.946638 2026] [php:error] [pid 17615] [client 20.53.240.38:0] script '/domains/hpveweb/404.php' not found or unable to stat
[Thu Feb 19 03:06:07.206332 2026] [php:error] [pid 17615] [client 20.53.240.38:0] script '/domains/hpveweb/disagreed.php' not found or unable to stat
[Thu Feb 19 03:06:07.857395 2026] [php:error] [pid 17615] [client 20.53.240.38:0] script '/domains/hpveweb/text.php' not found or unable to stat
[Thu Feb 19 03:06:08.218126 2026] [php:error] [pid 17634] [client 34.96.162.55:0] script '/domains/pauljbrock/adminer-4.8.1-mysql.php' not found or unable to stat
[Thu Feb 19 03:06:08.377922 2026] [php:error] [pid 17633] [client 20.46.124.66:0] script '/domains/performancepartsinc/new4.php' not found or unable to stat
[Thu Feb 19 03:06:08.543847 2026] [php:error] [pid 17633] [client 20.46.124.66:0] script '/domains/performancepartsinc/sc.php' not found or unable to stat
[Thu Feb 19 03:06:08.712684 2026] [php:error] [pid 17633] [client 20.46.124.66:0] script '/domains/performancepartsinc/aq.php' not found or unable to stat
[Thu Feb 19 03:06:08.872929 2026] [php:error] [pid 17633] [client 20.46.124.66:0] script '/domains/performancepartsinc/opts.php' not found or unable to stat
[Thu Feb 19 03:06:09.113836 2026] [php:error] [pid 17633] [client 20.46.124.66:0] script '/domains/performancepartsinc/wp-act.php' not found or unable to stat
[Thu Feb 19 03:06:09.300661 2026] [php:error] [pid 17633] [client 20.46.124.66:0] script '/domains/performancepartsinc/myfile.php' not found or unable to stat
[Thu Feb 19 03:06:09.675344 2026] [php:error] [pid 17615] [client 20.53.240.38:0] script '/domains/hpveweb/GOD.php' not found or unable to stat
[Thu Feb 19 03:06:09.820736 2026] [php:error] [pid 17633] [client 20.46.124.66:0] script '/domains/performancepartsinc/work.php' not found or unable to stat
[Thu Feb 19 03:06:09.982439 2026] [php:error] [pid 17633] [client 20.46.124.66:0] script '/domains/performancepartsinc/C.php' not found or unable to stat
[Thu Feb 19 03:06:10.089391 2026] [php:error] [pid 17615] [client 20.53.240.38:0] script '/domains/hpveweb/alfa-rex.php' not found or unable to stat
[Thu Feb 19 03:06:10.144470 2026] [php:error] [pid 17633] [client 20.46.124.66:0] script '/domains/performancepartsinc/ze.php' not found or unable to stat
[Thu Feb 19 03:06:10.304957 2026] [php:error] [pid 17633] [client 20.46.124.66:0] script '/domains/performancepartsinc/seetox.php' not found or unable to stat
[Thu Feb 19 03:06:10.310681 2026] [php:error] [pid 17615] [client 20.53.240.38:0] script '/domains/hpveweb/f35.php' not found or unable to stat
[Thu Feb 19 03:06:10.465389 2026] [php:error] [pid 17633] [client 20.46.124.66:0] script '/domains/performancepartsinc/dom.php' not found or unable to stat
[Thu Feb 19 03:06:10.790466 2026] [php:error] [pid 17633] [client 20.46.124.66:0] script '/domains/performancepartsinc/samiri.php' not found or unable to stat
[Thu Feb 19 03:06:10.833425 2026] [php:error] [pid 17615] [client 20.53.240.38:0] script '/domains/hpveweb/feeds.php' not found or unable to stat
[Thu Feb 19 03:06:10.952996 2026] [php:error] [pid 17633] [client 20.46.124.66:0] script '/domains/performancepartsinc/plugins.php' not found or unable to stat
[Thu Feb 19 03:06:11.113459 2026] [php:error] [pid 17633] [client 20.46.124.66:0] script '/domains/performancepartsinc/xoot.php' not found or unable to stat
[Thu Feb 19 03:06:11.284775 2026] [php:error] [pid 17633] [client 20.46.124.66:0] script '/domains/performancepartsinc/X57.php' not found or unable to stat
[Thu Feb 19 03:06:11.324560 2026] [php:error] [pid 17615] [client 20.53.240.38:0] script '/domains/hpveweb/favicon.php' not found or unable to stat
[Thu Feb 19 03:06:11.453581 2026] [php:error] [pid 17633] [client 20.46.124.66:0] script '/domains/performancepartsinc/vx.php' not found or unable to stat
[Thu Feb 19 03:06:11.497418 2026] [php:error] [pid 17638] [client 20.166.38.178:0] script '/domains/redpeninc/C1.php' not found or unable to stat
[Thu Feb 19 03:06:11.567266 2026] [php:error] [pid 17638] [client 20.166.38.178:0] script '/domains/redpeninc/ava.php' not found or unable to stat
[Thu Feb 19 03:06:11.624297 2026] [php:error] [pid 17633] [client 20.46.124.66:0] script '/domains/performancepartsinc/file59.php' not found or unable to stat
[Thu Feb 19 03:06:11.654249 2026] [php:error] [pid 17638] [client 20.166.38.178:0] script '/domains/redpeninc/priv.php' not found or unable to stat
[Thu Feb 19 03:06:11.724244 2026] [php:error] [pid 17638] [client 20.166.38.178:0] script '/domains/redpeninc/Okxob.php' not found or unable to stat
[Thu Feb 19 03:06:11.869315 2026] [php:error] [pid 17638] [client 20.166.38.178:0] script '/domains/redpeninc/gi.php' not found or unable to stat
[Thu Feb 19 03:06:11.945308 2026] [php:error] [pid 17633] [client 20.46.124.66:0] script '/domains/performancepartsinc/shas.php' not found or unable to stat
[Thu Feb 19 03:06:11.957130 2026] [php:error] [pid 17638] [client 20.166.38.178:0] script '/domains/redpeninc/Sanskrit.php' not found or unable to stat
[Thu Feb 19 03:06:11.957602 2026] [php:error] [pid 17615] [client 20.53.240.38:0] script '/domains/hpveweb/hehe.php' not found or unable to stat
[Thu Feb 19 03:06:12.035629 2026] [php:error] [pid 17638] [client 20.166.38.178:0] script '/domains/redpeninc/jok3r.php' not found or unable to stat
[Thu Feb 19 03:06:12.105571 2026] [php:error] [pid 17638] [client 20.166.38.178:0] script '/domains/redpeninc/mjq.php' not found or unable to stat
[Thu Feb 19 03:06:12.105578 2026] [php:error] [pid 17633] [client 20.46.124.66:0] script '/domains/performancepartsinc/xa.php' not found or unable to stat
[Thu Feb 19 03:06:12.185240 2026] [php:error] [pid 17638] [client 20.166.38.178:0] script '/domains/redpeninc/snus.php' not found or unable to stat
[Thu Feb 19 03:06:12.264615 2026] [php:error] [pid 17638] [client 20.166.38.178:0] script '/domains/redpeninc/shlo.php' not found or unable to stat
[Thu Feb 19 03:06:12.267471 2026] [php:error] [pid 17633] [client 20.46.124.66:0] script '/domains/performancepartsinc/xda.php' not found or unable to stat
[Thu Feb 19 03:06:12.342633 2026] [php:error] [pid 17638] [client 20.166.38.178:0] script '/domains/redpeninc/pass.php' not found or unable to stat
[Thu Feb 19 03:06:12.412692 2026] [php:error] [pid 17638] [client 20.166.38.178:0] script '/domains/redpeninc/clnfnjna.php' not found or unable to stat
[Thu Feb 19 03:06:12.427915 2026] [php:error] [pid 17633] [client 20.46.124.66:0] script '/domains/performancepartsinc/er.php' not found or unable to stat
[Thu Feb 19 03:06:12.482513 2026] [php:error] [pid 17638] [client 20.166.38.178:0] script '/domains/redpeninc/grsiuk.php' not found or unable to stat
[Thu Feb 19 03:06:12.564170 2026] [php:error] [pid 17638] [client 20.166.38.178:0] script '/domains/redpeninc/byp8.php' not found or unable to stat
[Thu Feb 19 03:06:12.588081 2026] [php:error] [pid 17633] [client 20.46.124.66:0] script '/domains/performancepartsinc/fault.php' not found or unable to stat
[Thu Feb 19 03:06:12.633935 2026] [php:error] [pid 17638] [client 20.166.38.178:0] script '/domains/redpeninc/jvfsi.php' not found or unable to stat
[Thu Feb 19 03:06:12.716543 2026] [php:error] [pid 17638] [client 20.166.38.178:0] script '/domains/redpeninc/diyxm.php' not found or unable to stat
[Thu Feb 19 03:06:12.757531 2026] [php:error] [pid 17633] [client 20.46.124.66:0] script '/domains/performancepartsinc/motu.php' not found or unable to stat
[Thu Feb 19 03:06:12.786481 2026] [php:error] [pid 17638] [client 20.166.38.178:0] script '/domains/redpeninc/vjkzu.php' not found or unable to stat
[Thu Feb 19 03:06:12.866714 2026] [php:error] [pid 17638] [client 20.166.38.178:0] script '/domains/redpeninc/8nyu1r.php' not found or unable to stat
[Thu Feb 19 03:06:12.925899 2026] [php:error] [pid 17633] [client 20.46.124.66:0] script '/domains/performancepartsinc/66.php' not found or unable to stat
[Thu Feb 19 03:06:12.939775 2026] [php:error] [pid 17638] [client 20.166.38.178:0] script '/domains/redpeninc/etmvr.php' not found or unable to stat
[Thu Feb 19 03:06:12.947873 2026] [php:error] [pid 17615] [client 20.53.240.38:0] script '/domains/hpveweb/user.php' not found or unable to stat
[Thu Feb 19 03:06:13.009715 2026] [php:error] [pid 17638] [client 20.166.38.178:0] script '/domains/redpeninc/fs6.php' not found or unable to stat
[Thu Feb 19 03:06:13.086346 2026] [php:error] [pid 17633] [client 20.46.124.66:0] script '/domains/performancepartsinc/leuk.php' not found or unable to stat
[Thu Feb 19 03:06:13.086696 2026] [php:error] [pid 17638] [client 20.166.38.178:0] script '/domains/redpeninc/njrzp.php' not found or unable to stat
[Thu Feb 19 03:06:13.168561 2026] [php:error] [pid 17638] [client 20.166.38.178:0] script '/domains/redpeninc/rcoti.php' not found or unable to stat
[Thu Feb 19 03:06:13.238382 2026] [php:error] [pid 17638] [client 20.166.38.178:0] script '/domains/redpeninc/www.php' not found or unable to stat
[Thu Feb 19 03:06:13.250083 2026] [php:error] [pid 17633] [client 20.46.124.66:0] script '/domains/performancepartsinc/xqq.php' not found or unable to stat
[Thu Feb 19 03:06:13.320355 2026] [php:error] [pid 17638] [client 20.166.38.178:0] script '/domains/redpeninc/992.php' not found or unable to stat
[Thu Feb 19 03:06:13.358987 2026] [php:error] [pid 17637] [client 34.96.162.54:0] script '/domains/pauljbrock/adminer-5.2.1.php' not found or unable to stat
[Thu Feb 19 03:06:13.421451 2026] [php:error] [pid 17633] [client 20.46.124.66:0] script '/domains/performancepartsinc/kolda.php' not found or unable to stat
[Thu Feb 19 03:06:13.540920 2026] [php:error] [pid 17638] [client 20.166.38.178:0] script '/domains/redpeninc/tmpls.php' not found or unable to stat
[Thu Feb 19 03:06:13.581577 2026] [php:error] [pid 17633] [client 20.46.124.66:0] script '/domains/performancepartsinc/nw.php' not found or unable to stat
[Thu Feb 19 03:06:13.742153 2026] [php:error] [pid 17633] [client 20.46.124.66:0] script '/domains/performancepartsinc/god.php' not found or unable to stat
[Thu Feb 19 03:06:13.754836 2026] [php:error] [pid 17635] [client 20.53.240.38:0] script '/domains/hpveweb/autoload_classmap.php' not found or unable to stat
[Thu Feb 19 03:06:13.903359 2026] [php:error] [pid 17633] [client 20.46.124.66:0] script '/domains/performancepartsinc/666.php' not found or unable to stat
[Thu Feb 19 03:06:13.992699 2026] [php:error] [pid 17635] [client 20.53.240.38:0] script '/domains/hpveweb/files.php' not found or unable to stat
[Thu Feb 19 03:06:14.063903 2026] [php:error] [pid 17633] [client 20.46.124.66:0] script '/domains/performancepartsinc/kj.php' not found or unable to stat
[Thu Feb 19 03:06:14.224157 2026] [php:error] [pid 17633] [client 20.46.124.66:0] script '/domains/performancepartsinc/un.php' not found or unable to stat
[Thu Feb 19 03:06:14.388335 2026] [php:error] [pid 17633] [client 20.46.124.66:0] script '/domains/performancepartsinc/fs.php' not found or unable to stat
[Thu Feb 19 03:06:14.466440 2026] [php:error] [pid 17635] [client 20.53.240.38:0] script '/domains/hpveweb/about.php' not found or unable to stat
[Thu Feb 19 03:06:14.548855 2026] [php:error] [pid 17633] [client 20.46.124.66:0] script '/domains/performancepartsinc/ms.php' not found or unable to stat
[Thu Feb 19 03:06:14.735910 2026] [php:error] [pid 17633] [client 20.46.124.66:0] script '/domains/performancepartsinc/login8.php' not found or unable to stat
[Thu Feb 19 03:06:14.757675 2026] [php:error] [pid 17635] [client 20.53.240.38:0] script '/domains/hpveweb/al.php' not found or unable to stat
[Thu Feb 19 03:06:14.962384 2026] [php:error] [pid 17635] [client 20.53.240.38:0] script '/domains/hpveweb/byp.php' not found or unable to stat
[Thu Feb 19 03:06:14.965328 2026] [php:error] [pid 17633] [client 20.46.124.66:0] script '/domains/performancepartsinc/nnyvn.php' not found or unable to stat
[Thu Feb 19 03:06:15.125877 2026] [php:error] [pid 17633] [client 20.46.124.66:0] script '/domains/performancepartsinc/cu.php' not found or unable to stat
[Thu Feb 19 03:06:15.295767 2026] [php:error] [pid 17633] [client 20.46.124.66:0] script '/domains/performancepartsinc/lul.php' not found or unable to stat
[Thu Feb 19 03:06:15.404904 2026] [php:error] [pid 17635] [client 20.53.240.38:0] script '/domains/hpveweb/wander.php' not found or unable to stat
[Thu Feb 19 03:06:15.456184 2026] [php:error] [pid 17633] [client 20.46.124.66:0] script '/domains/performancepartsinc/0.php' not found or unable to stat
[Thu Feb 19 03:06:15.616649 2026] [php:error] [pid 17633] [client 20.46.124.66:0] script '/domains/performancepartsinc/ms-edit.php' not found or unable to stat
[Thu Feb 19 03:06:15.777496 2026] [php:error] [pid 17633] [client 20.46.124.66:0] script '/domains/performancepartsinc/ya.php' not found or unable to stat
[Thu Feb 19 03:06:15.938204 2026] [php:error] [pid 17633] [client 20.46.124.66:0] script '/domains/performancepartsinc/grsiuk.php' not found or unable to stat
[Thu Feb 19 03:06:16.128713 2026] [php:error] [pid 17633] [client 20.46.124.66:0] script '/domains/performancepartsinc/wp-blog.php' not found or unable to stat
[Thu Feb 19 03:06:16.290452 2026] [php:error] [pid 17633] [client 20.46.124.66:0] script '/domains/performancepartsinc/wp-access.php' not found or unable to stat
[Thu Feb 19 03:06:16.451311 2026] [php:error] [pid 17633] [client 20.46.124.66:0] script '/domains/performancepartsinc/a1vx.php' not found or unable to stat
[Thu Feb 19 03:06:16.514090 2026] [php:error] [pid 17635] [client 20.53.240.38:0] script '/domains/hpveweb/en.php' not found or unable to stat
[Thu Feb 19 03:06:16.631766 2026] [php:error] [pid 17633] [client 20.46.124.66:0] script '/domains/performancepartsinc/sbhu.php' not found or unable to stat
[Thu Feb 19 03:06:16.799068 2026] [php:error] [pid 17633] [client 20.46.124.66:0] script '/domains/performancepartsinc/wp-the.php' not found or unable to stat
[Thu Feb 19 03:06:16.959499 2026] [php:error] [pid 17633] [client 20.46.124.66:0] script '/domains/performancepartsinc/06.php' not found or unable to stat
[Thu Feb 19 03:06:16.971658 2026] [php:error] [pid 17635] [client 20.53.240.38:0] script '/domains/hpveweb/help.php' not found or unable to stat
[Thu Feb 19 03:06:17.119872 2026] [php:error] [pid 17633] [client 20.46.124.66:0] script '/domains/performancepartsinc/wp5.php' not found or unable to stat
[Thu Feb 19 03:06:17.285444 2026] [php:error] [pid 17633] [client 20.46.124.66:0] script '/domains/performancepartsinc/fot.php' not found or unable to stat
[Thu Feb 19 03:06:17.445820 2026] [php:error] [pid 17633] [client 20.46.124.66:0] script '/domains/performancepartsinc/ff1.php' not found or unable to stat
[Thu Feb 19 03:06:17.974451 2026] [php:error] [pid 17635] [client 20.53.240.38:0] script '/domains/hpveweb/control.php' not found or unable to stat
[Thu Feb 19 03:06:18.327600 2026] [php:error] [pid 17633] [client 20.46.124.66:0] script '/domains/performancepartsinc/forbidals.php' not found or unable to stat
[Thu Feb 19 03:06:18.488335 2026] [php:error] [pid 17633] [client 20.46.124.66:0] script '/domains/performancepartsinc/erty.php' not found or unable to stat
[Thu Feb 19 03:06:18.655132 2026] [php:error] [pid 17633] [client 20.46.124.66:0] script '/domains/performancepartsinc/dev1s.php' not found or unable to stat
[Thu Feb 19 03:06:18.790241 2026] [php:error] [pid 17635] [client 20.53.240.38:0] script '/domains/hpveweb/radio.php' not found or unable to stat
[Thu Feb 19 03:06:18.815323 2026] [php:error] [pid 17633] [client 20.46.124.66:0] script '/domains/performancepartsinc/ffd.php' not found or unable to stat
[Thu Feb 19 03:06:18.975778 2026] [php:error] [pid 17633] [client 20.46.124.66:0] script '/domains/performancepartsinc/admiin.php' not found or unable to stat
[Thu Feb 19 03:06:18.999073 2026] [php:error] [pid 17635] [client 20.53.240.38:0] script '/domains/hpveweb/dropdown.php' not found or unable to stat
[Thu Feb 19 03:06:19.137092 2026] [php:error] [pid 17633] [client 20.46.124.66:0] script '/domains/performancepartsinc/ol.php' not found or unable to stat
[Thu Feb 19 03:06:19.297398 2026] [php:error] [pid 17633] [client 20.46.124.66:0] script '/domains/performancepartsinc/Sanskrit.php' not found or unable to stat
[Thu Feb 19 03:06:19.458645 2026] [php:error] [pid 17633] [client 20.46.124.66:0] script '/domains/performancepartsinc/vxrl.php' not found or unable to stat
[Thu Feb 19 03:06:19.619244 2026] [php:error] [pid 17633] [client 20.46.124.66:0] script '/domains/performancepartsinc/re.php' not found or unable to stat
[Thu Feb 19 03:06:19.784710 2026] [php:error] [pid 17633] [client 20.46.124.66:0] script '/domains/performancepartsinc/num.php' not found or unable to stat
[Thu Feb 19 03:06:19.953958 2026] [php:error] [pid 17633] [client 20.46.124.66:0] script '/domains/performancepartsinc/axx.php' not found or unable to stat
[Thu Feb 19 03:06:19.961876 2026] [php:error] [pid 17635] [client 20.53.240.38:0] script '/domains/hpveweb/wp-2019.php' not found or unable to stat
[Thu Feb 19 03:06:20.114093 2026] [php:error] [pid 17633] [client 20.46.124.66:0] script '/domains/performancepartsinc/vxrl.php' not found or unable to stat
[Thu Feb 19 03:06:20.284976 2026] [php:error] [pid 17633] [client 20.46.124.66:0] script '/domains/performancepartsinc/in.php' not found or unable to stat
[Thu Feb 19 03:06:20.396391 2026] [php:error] [pid 17635] [client 20.53.240.38:0] script '/domains/hpveweb/403.php' not found or unable to stat
[Thu Feb 19 03:06:20.445806 2026] [php:error] [pid 17633] [client 20.46.124.66:0] script '/domains/performancepartsinc/style.php' not found or unable to stat
[Thu Feb 19 03:06:20.594181 2026] [php:error] [pid 17635] [client 20.53.240.38:0] script '/domains/hpveweb/about.php' not found or unable to stat
[Thu Feb 19 03:06:20.609304 2026] [php:error] [pid 17633] [client 20.46.124.66:0] script '/domains/performancepartsinc/we.php' not found or unable to stat
[Thu Feb 19 03:06:20.770241 2026] [php:error] [pid 17633] [client 20.46.124.66:0] script '/domains/performancepartsinc/zwso.php' not found or unable to stat
[Thu Feb 19 03:06:20.795196 2026] [php:error] [pid 17635] [client 20.53.240.38:0] script '/domains/hpveweb/admin.php' not found or unable to stat
[Thu Feb 19 03:06:20.931709 2026] [php:error] [pid 17633] [client 20.46.124.66:0] script '/domains/performancepartsinc/karak.php' not found or unable to stat
[Thu Feb 19 03:06:20.993158 2026] [php:error] [pid 17635] [client 20.53.240.38:0] script '/domains/hpveweb/as.php' not found or unable to stat
[Thu Feb 19 03:06:21.136022 2026] [php:error] [pid 17633] [client 20.46.124.66:0] script '/domains/performancepartsinc/prv8.php' not found or unable to stat
[Thu Feb 19 03:06:21.209276 2026] [php:error] [pid 17635] [client 20.53.240.38:0] script '/domains/hpveweb/autoload_classmap.php' not found or unable to stat
[Thu Feb 19 03:06:21.296815 2026] [php:error] [pid 17633] [client 20.46.124.66:0] script '/domains/performancepartsinc/i.php' not found or unable to stat
[Thu Feb 19 03:06:21.457906 2026] [php:error] [pid 17633] [client 20.46.124.66:0] script '/domains/performancepartsinc/a.php' not found or unable to stat
[Thu Feb 19 03:06:21.543725 2026] [php:error] [pid 17635] [client 20.53.240.38:0] script '/domains/hpveweb/classwithtostring.php' not found or unable to stat
[Thu Feb 19 03:06:21.683666 2026] [php:error] [pid 17633] [client 20.46.124.66:0] script '/domains/performancepartsinc/xmlrpc.php' not found or unable to stat
[Thu Feb 19 03:06:21.844046 2026] [php:error] [pid 17633] [client 20.46.124.66:0] script '/domains/performancepartsinc/aw.php' not found or unable to stat
[Thu Feb 19 03:06:21.959415 2026] [php:error] [pid 17635] [client 20.53.240.38:0] script '/domains/hpveweb/content.php' not found or unable to stat
[Thu Feb 19 03:06:22.029399 2026] [php:error] [pid 17633] [client 20.46.124.66:0] script '/domains/performancepartsinc/dev.php' not found or unable to stat
[Thu Feb 19 03:06:22.199510 2026] [php:error] [pid 17633] [client 20.46.124.66:0] script '/domains/performancepartsinc/lock360.php' not found or unable to stat
[Thu Feb 19 03:06:22.340425 2026] [php:error] [pid 17635] [client 20.53.240.38:0] script '/domains/hpveweb/doc.php' not found or unable to stat
[Thu Feb 19 03:06:22.359852 2026] [php:error] [pid 17633] [client 20.46.124.66:0] script '/domains/performancepartsinc/155.php' not found or unable to stat
[Thu Feb 19 03:06:22.530845 2026] [php:error] [pid 17633] [client 20.46.124.66:0] script '/domains/performancepartsinc/goat.php' not found or unable to stat
[Thu Feb 19 03:06:22.691385 2026] [php:error] [pid 17633] [client 20.46.124.66:0] script '/domains/performancepartsinc/tcp.php' not found or unable to stat
[Thu Feb 19 03:06:22.705887 2026] [php:error] [pid 17635] [client 20.53.240.38:0] script '/domains/hpveweb/dropdown.php' not found or unable to stat
[Thu Feb 19 03:06:22.851715 2026] [php:error] [pid 17633] [client 20.46.124.66:0] script '/domains/performancepartsinc/ext.php' not found or unable to stat
[Thu Feb 19 03:06:22.932413 2026] [php:error] [pid 17635] [client 20.53.240.38:0] script '/domains/hpveweb/ee.php' not found or unable to stat
[Thu Feb 19 03:06:23.012056 2026] [php:error] [pid 17633] [client 20.46.124.66:0] script '/domains/performancepartsinc/inputs.php' not found or unable to stat
[Thu Feb 19 03:06:23.140567 2026] [php:error] [pid 17635] [client 20.53.240.38:0] script '/domains/hpveweb/images/wp-login.php' not found or unable to stat
[Thu Feb 19 03:06:23.172260 2026] [php:error] [pid 17633] [client 20.46.124.66:0] script '/domains/performancepartsinc/ioxi.php' not found or unable to stat
[Thu Feb 19 03:06:23.336447 2026] [php:error] [pid 17633] [client 20.46.124.66:0] script '/domains/performancepartsinc/fe5.php' not found or unable to stat
[Thu Feb 19 03:06:23.502447 2026] [php:error] [pid 17633] [client 20.46.124.66:0] script '/domains/performancepartsinc/ov.php' not found or unable to stat
[Thu Feb 19 03:06:23.536334 2026] [php:error] [pid 17635] [client 20.53.240.38:0] script '/domains/hpveweb/moon.php' not found or unable to stat
[Thu Feb 19 03:06:23.741086 2026] [php:error] [pid 17635] [client 20.53.240.38:0] script '/domains/hpveweb/new.php' not found or unable to stat
[Thu Feb 19 03:06:23.831788 2026] [php:error] [pid 17633] [client 20.46.124.66:0] script '/domains/performancepartsinc/default.php' not found or unable to stat
[Thu Feb 19 03:06:23.992218 2026] [php:error] [pid 17633] [client 20.46.124.66:0] script '/domains/performancepartsinc/goods.php' not found or unable to stat
[Thu Feb 19 03:06:24.109005 2026] [php:error] [pid 17635] [client 20.53.240.38:0] script '/domains/hpveweb/radio.php' not found or unable to stat
[Thu Feb 19 03:06:24.152797 2026] [php:error] [pid 17633] [client 20.46.124.66:0] script '/domains/performancepartsinc/abcd.php' not found or unable to stat
[Thu Feb 19 03:06:24.305237 2026] [php:error] [pid 17636] [client 34.96.162.59:0] script '/domains/pauljbrock/adminer-5.0.6-mysql-en.php' not found or unable to stat
[Thu Feb 19 03:06:24.313577 2026] [php:error] [pid 17633] [client 20.46.124.66:0] script '/domains/performancepartsinc/class.1.php' not found or unable to stat
[Thu Feb 19 03:06:24.588281 2026] [php:error] [pid 17635] [client 20.53.240.38:0] script '/domains/hpveweb/s.php' not found or unable to stat
