[Thu Feb 19 02:45:10.234072 2026] [php:error] [pid 16860] [client 20.53.240.38:0] script '/domains/system_default/as.php' not found or unable to stat
[Thu Feb 19 02:45:10.436592 2026] [php:error] [pid 16860] [client 20.53.240.38:0] script '/domains/system_default/ds.php' not found or unable to stat
[Thu Feb 19 02:45:10.853971 2026] [php:error] [pid 16860] [client 20.53.240.38:0] script '/domains/system_default/error.php' not found or unable to stat
[Thu Feb 19 02:45:10.924570 2026] [php:error] [pid 16858] [client 34.96.162.55:0] script '/domains/pauljbrock/adminer-5.0.3-en.php' not found or unable to stat
[Thu Feb 19 02:45:11.238480 2026] [php:error] [pid 16860] [client 20.53.240.38:0] script '/domains/system_default/gecko-new.php' not found or unable to stat
[Thu Feb 19 02:45:11.441492 2026] [php:error] [pid 16860] [client 20.53.240.38:0] script '/domains/system_default/randkeyword.php' not found or unable to stat
[Thu Feb 19 02:45:12.242501 2026] [php:error] [pid 16860] [client 20.53.240.38:0] script '/domains/system_default/NewFile.php' not found or unable to stat
[Thu Feb 19 02:45:12.608995 2026] [php:error] [pid 16860] [client 20.53.240.38:0] script '/domains/system_default/goods.php' not found or unable to stat
[Thu Feb 19 02:45:12.819879 2026] [php:error] [pid 16860] [client 20.53.240.38:0] script '/domains/system_default/simple.php' not found or unable to stat
[Thu Feb 19 02:45:13.328016 2026] [php:error] [pid 16846] [client 35.247.243.242:0] script '/domains/pauljbrock/adminer-4.6.1.php' not found or unable to stat
[Thu Feb 19 02:45:13.908100 2026] [php:error] [pid 16860] [client 20.53.240.38:0] script '/domains/system_default/c.php' not found or unable to stat
[Thu Feb 19 02:45:14.690140 2026] [php:error] [pid 16860] [client 20.53.240.38:0] script '/domains/system_default/auth.php' not found or unable to stat
[Thu Feb 19 02:45:14.890589 2026] [php:error] [pid 16860] [client 20.53.240.38:0] script '/domains/system_default/class-wp-lock.php' not found or unable to stat
[Thu Feb 19 02:45:15.106253 2026] [php:error] [pid 16860] [client 20.53.240.38:0] script '/domains/system_default/cookie.php' not found or unable to stat
[Thu Feb 19 02:45:15.411385 2026] [php:error] [pid 16860] [client 20.53.240.38:0] script '/domains/system_default/admin.php' not found or unable to stat
[Thu Feb 19 02:45:15.614266 2026] [php:error] [pid 16860] [client 20.53.240.38:0] script '/domains/system_default/baxa1.php' not found or unable to stat
[Thu Feb 19 02:45:16.220414 2026] [php:error] [pid 16860] [client 20.53.240.38:0] script '/domains/system_default/xleet.php' not found or unable to stat
[Thu Feb 19 02:45:16.631896 2026] [php:error] [pid 16860] [client 20.53.240.38:0] script '/domains/system_default/about.php' not found or unable to stat
[Thu Feb 19 02:45:18.315503 2026] [php:error] [pid 16860] [client 20.53.240.38:0] script '/domains/system_default/alfanew.php' not found or unable to stat
[Thu Feb 19 02:45:18.754832 2026] [php:error] [pid 16860] [client 20.53.240.38:0] script '/domains/system_default/22.php' not found or unable to stat
[Thu Feb 19 02:45:19.382447 2026] [php:error] [pid 16860] [client 20.53.240.38:0] script '/domains/system_default/simple.php' not found or unable to stat
[Thu Feb 19 02:45:19.934955 2026] [php:error] [pid 16860] [client 20.53.240.38:0] script '/domains/system_default/admin.php' not found or unable to stat
[Thu Feb 19 02:45:20.262386 2026] [php:error] [pid 16860] [client 20.53.240.38:0] script '/domains/system_default/c99.php' not found or unable to stat
[Thu Feb 19 02:45:20.566375 2026] [php:error] [pid 16860] [client 20.53.240.38:0] script '/domains/system_default/file.php' not found or unable to stat
[Thu Feb 19 02:45:20.765809 2026] [php:error] [pid 16860] [client 20.53.240.38:0] script '/domains/system_default/b.php' not found or unable to stat
[Thu Feb 19 02:45:20.965114 2026] [php:error] [pid 16860] [client 20.53.240.38:0] script '/domains/system_default/classwithtostring.php' not found or unable to stat
[Thu Feb 19 02:45:21.326625 2026] [php:error] [pid 16860] [client 20.53.240.38:0] script '/domains/system_default/css.php' not found or unable to stat
[Thu Feb 19 02:45:21.598010 2026] [php:error] [pid 16860] [client 20.53.240.38:0] script '/domains/system_default/flower.php' not found or unable to stat
[Thu Feb 19 02:45:22.203700 2026] [php:error] [pid 16860] [client 20.53.240.38:0] script '/domains/system_default/jp.php' not found or unable to stat
[Thu Feb 19 02:45:22.561797 2026] [php:error] [pid 16860] [client 20.53.240.38:0] script '/domains/system_default/room.php' not found or unable to stat
[Thu Feb 19 02:45:23.506481 2026] [php:error] [pid 16860] [client 20.53.240.38:0] script '/domains/system_default/12.php' not found or unable to stat
[Thu Feb 19 02:45:23.715009 2026] [php:error] [pid 16860] [client 20.53.240.38:0] script '/domains/system_default/404.php' not found or unable to stat
[Thu Feb 19 02:45:23.915852 2026] [php:error] [pid 16860] [client 20.53.240.38:0] script '/domains/system_default/disagreed.php' not found or unable to stat
[Thu Feb 19 02:45:24.741115 2026] [php:error] [pid 16860] [client 20.53.240.38:0] script '/domains/system_default/text.php' not found or unable to stat
[Thu Feb 19 02:45:27.264112 2026] [php:error] [pid 16860] [client 20.53.240.38:0] script '/domains/system_default/GOD.php' not found or unable to stat
[Thu Feb 19 02:45:27.692875 2026] [php:error] [pid 16860] [client 20.53.240.38:0] script '/domains/system_default/alfa-rex.php' not found or unable to stat
[Thu Feb 19 02:45:27.919446 2026] [php:error] [pid 16860] [client 20.53.240.38:0] script '/domains/system_default/f35.php' not found or unable to stat
[Thu Feb 19 02:45:28.122750 2026] [php:error] [pid 16860] [client 20.53.240.38:0] script '/domains/system_default/feeds.php' not found or unable to stat
[Thu Feb 19 02:45:28.836583 2026] [php:error] [pid 16860] [client 20.53.240.38:0] script '/domains/system_default/favicon.php' not found or unable to stat
[Thu Feb 19 02:45:29.525940 2026] [php:error] [pid 16860] [client 20.53.240.38:0] script '/domains/system_default/hehe.php' not found or unable to stat
[Thu Feb 19 02:45:30.615819 2026] [php:error] [pid 16860] [client 20.53.240.38:0] script '/domains/system_default/user.php' not found or unable to stat
[Thu Feb 19 02:45:31.297051 2026] [php:error] [pid 16875] [client 20.53.240.38:0] script '/domains/system_default/autoload_classmap.php' not found or unable to stat
[Thu Feb 19 02:45:31.696074 2026] [php:error] [pid 16875] [client 20.53.240.38:0] script '/domains/system_default/files.php' not found or unable to stat
[Thu Feb 19 02:45:32.251205 2026] [php:error] [pid 16875] [client 20.53.240.38:0] script '/domains/system_default/about.php' not found or unable to stat
[Thu Feb 19 02:45:32.465800 2026] [php:error] [pid 16875] [client 20.53.240.38:0] script '/domains/system_default/al.php' not found or unable to stat
[Thu Feb 19 02:45:32.800725 2026] [php:error] [pid 16875] [client 20.53.240.38:0] script '/domains/system_default/byp.php' not found or unable to stat
[Thu Feb 19 02:45:33.394193 2026] [php:error] [pid 16875] [client 20.53.240.38:0] script '/domains/system_default/wander.php' not found or unable to stat
[Thu Feb 19 02:45:34.144169 2026] [php:error] [pid 16874] [client 104.211.88.54:0] script '/domains/pbuilder/wp-2019.php' not found or unable to stat
[Thu Feb 19 02:45:34.365386 2026] [php:error] [pid 16874] [client 104.211.88.54:0] script '/domains/pbuilder/403.php' not found or unable to stat
[Thu Feb 19 02:45:34.582903 2026] [php:error] [pid 16875] [client 20.53.240.38:0] script '/domains/system_default/en.php' not found or unable to stat
[Thu Feb 19 02:45:34.792656 2026] [php:error] [pid 16875] [client 20.53.240.38:0] script '/domains/system_default/help.php' not found or unable to stat
[Thu Feb 19 02:45:35.235790 2026] [php:error] [pid 16873] [client 20.100.193.95:0] script '/domains/system_default/tfm.php' not found or unable to stat
[Thu Feb 19 02:45:35.271665 2026] [php:error] [pid 16874] [client 104.211.88.54:0] script '/domains/pbuilder/aaa.php' not found or unable to stat
[Thu Feb 19 02:45:35.344091 2026] [php:error] [pid 16873] [client 20.100.193.95:0] script '/domains/system_default/wp-blogs.php' not found or unable to stat
[Thu Feb 19 02:45:35.441370 2026] [php:error] [pid 16873] [client 20.100.193.95:0] script '/domains/system_default/amp.php' not found or unable to stat
[Thu Feb 19 02:45:35.537121 2026] [php:error] [pid 16873] [client 20.100.193.95:0] script '/domains/system_default/666.php' not found or unable to stat
[Thu Feb 19 02:45:35.632505 2026] [php:error] [pid 16873] [client 20.100.193.95:0] script '/domains/system_default/asax.php' not found or unable to stat
[Thu Feb 19 02:45:35.728487 2026] [php:error] [pid 16873] [client 20.100.193.95:0] script '/domains/system_default/init.php' not found or unable to stat
[Thu Feb 19 02:45:35.838503 2026] [php:error] [pid 16873] [client 20.100.193.95:0] script '/domains/system_default/bootstrap.php' not found or unable to stat
[Thu Feb 19 02:45:35.936283 2026] [php:error] [pid 16873] [client 20.100.193.95:0] script '/domains/system_default/sc.php' not found or unable to stat
[Thu Feb 19 02:45:36.031569 2026] [php:error] [pid 16873] [client 20.100.193.95:0] script '/domains/system_default/term.php' not found or unable to stat
[Thu Feb 19 02:45:36.126725 2026] [php:error] [pid 16873] [client 20.100.193.95:0] script '/domains/system_default/global.php' not found or unable to stat
[Thu Feb 19 02:45:36.221879 2026] [php:error] [pid 16873] [client 20.100.193.95:0] script '/domains/system_default/black.php' not found or unable to stat
[Thu Feb 19 02:45:36.233045 2026] [php:error] [pid 16875] [client 20.53.240.38:0] script '/domains/system_default/control.php' not found or unable to stat
[Thu Feb 19 02:45:36.320292 2026] [php:error] [pid 16873] [client 20.100.193.95:0] script '/domains/system_default/222.php' not found or unable to stat
[Thu Feb 19 02:45:36.427264 2026] [php:error] [pid 16873] [client 20.100.193.95:0] script '/domains/system_default/t.php' not found or unable to stat
[Thu Feb 19 02:45:36.532393 2026] [php:error] [pid 16873] [client 20.100.193.95:0] script '/domains/system_default/lib.php' not found or unable to stat
[Thu Feb 19 02:45:36.635082 2026] [php:error] [pid 16873] [client 20.100.193.95:0] script '/domains/system_default/asus.php' not found or unable to stat
[Thu Feb 19 02:45:36.731500 2026] [php:error] [pid 16873] [client 20.100.193.95:0] script '/domains/system_default/dox.php' not found or unable to stat
[Thu Feb 19 02:45:36.827545 2026] [php:error] [pid 16873] [client 20.100.193.95:0] script '/domains/system_default/s.php' not found or unable to stat
[Thu Feb 19 02:45:36.922892 2026] [php:error] [pid 16873] [client 20.100.193.95:0] script '/domains/system_default/file.php' not found or unable to stat
[Thu Feb 19 02:45:36.944127 2026] [php:error] [pid 16874] [client 104.211.88.54:0] script '/domains/pbuilder/y.php' not found or unable to stat
[Thu Feb 19 02:45:37.033448 2026] [php:error] [pid 16873] [client 20.100.193.95:0] script '/domains/system_default/bolt.php' not found or unable to stat
[Thu Feb 19 02:45:37.128932 2026] [php:error] [pid 16873] [client 20.100.193.95:0] script '/domains/system_default/166.php' not found or unable to stat
[Thu Feb 19 02:45:37.252848 2026] [php:error] [pid 16875] [client 20.53.240.38:0] script '/domains/system_default/radio.php' not found or unable to stat
[Thu Feb 19 02:45:37.333432 2026] [php:error] [pid 16873] [client 20.100.193.95:0] script '/domains/system_default/wen.php' not found or unable to stat
[Thu Feb 19 02:45:37.438935 2026] [php:error] [pid 16873] [client 20.100.193.95:0] script '/domains/system_default/wp-act.php' not found or unable to stat
[Thu Feb 19 02:45:37.473946 2026] [php:error] [pid 16875] [client 20.53.240.38:0] script '/domains/system_default/dropdown.php' not found or unable to stat
[Thu Feb 19 02:45:37.549719 2026] [php:error] [pid 16873] [client 20.100.193.95:0] script '/domains/system_default/ff1.php' not found or unable to stat
[Thu Feb 19 02:45:37.645268 2026] [php:error] [pid 16873] [client 20.100.193.95:0] script '/domains/system_default/66.php' not found or unable to stat
[Thu Feb 19 02:45:37.760315 2026] [php:error] [pid 16873] [client 20.100.193.95:0] script '/domains/system_default/ws66.php' not found or unable to stat
[Thu Feb 19 02:45:37.856137 2026] [php:error] [pid 16873] [client 20.100.193.95:0] script '/domains/system_default/bgymj.php' not found or unable to stat
[Thu Feb 19 02:45:37.994160 2026] [php:error] [pid 16873] [client 20.100.193.95:0] script '/domains/system_default/24.php' not found or unable to stat
[Thu Feb 19 02:45:38.089497 2026] [php:error] [pid 16873] [client 20.100.193.95:0] script '/domains/system_default/h02ugyh.php' not found or unable to stat
[Thu Feb 19 02:45:38.199709 2026] [php:error] [pid 16873] [client 20.100.193.95:0] script '/domains/system_default/a4.php' not found or unable to stat
[Thu Feb 19 02:45:38.295080 2026] [php:error] [pid 16873] [client 20.100.193.95:0] script '/domains/system_default/inputs.php' not found or unable to stat
[Thu Feb 19 02:45:38.390444 2026] [php:error] [pid 16873] [client 20.100.193.95:0] script '/domains/system_default/gfd.php' not found or unable to stat
[Thu Feb 19 02:45:38.568299 2026] [php:error] [pid 16875] [client 20.53.240.38:0] script '/domains/system_default/wp-2019.php' not found or unable to stat
[Thu Feb 19 02:45:38.584386 2026] [php:error] [pid 16873] [client 20.100.193.95:0] script '/domains/system_default/wefile.php' not found or unable to stat
[Thu Feb 19 02:45:38.690014 2026] [php:error] [pid 16873] [client 20.100.193.95:0] script '/domains/system_default/55.php' not found or unable to stat
[Thu Feb 19 02:45:38.785176 2026] [php:error] [pid 16873] [client 20.100.193.95:0] script '/domains/system_default/vx.php' not found or unable to stat
[Thu Feb 19 02:45:38.875802 2026] [php:error] [pid 16874] [client 104.211.88.54:0] script '/domains/pbuilder/ggfi.php' not found or unable to stat
[Thu Feb 19 02:45:38.888036 2026] [php:error] [pid 16873] [client 20.100.193.95:0] script '/domains/system_default/edit-tags.php' not found or unable to stat
[Thu Feb 19 02:45:38.983295 2026] [php:error] [pid 16873] [client 20.100.193.95:0] script '/domains/system_default/ioxi-o.php' not found or unable to stat
[Thu Feb 19 02:45:39.078973 2026] [php:error] [pid 16873] [client 20.100.193.95:0] script '/domains/system_default/155.php' not found or unable to stat
[Thu Feb 19 02:45:39.125122 2026] [php:error] [pid 16875] [client 20.53.240.38:0] script '/domains/system_default/403.php' not found or unable to stat
[Thu Feb 19 02:45:39.174342 2026] [php:error] [pid 16873] [client 20.100.193.95:0] script '/domains/system_default/core.php' not found or unable to stat
[Thu Feb 19 02:45:39.269925 2026] [php:error] [pid 16873] [client 20.100.193.95:0] script '/domains/system_default/ccs.php' not found or unable to stat
[Thu Feb 19 02:45:39.365656 2026] [php:error] [pid 16873] [client 20.100.193.95:0] script '/domains/system_default/apk.php' not found or unable to stat
[Thu Feb 19 02:45:39.461619 2026] [php:error] [pid 16873] [client 20.100.193.95:0] script '/domains/system_default/bnm.php' not found or unable to stat
[Thu Feb 19 02:45:39.557175 2026] [php:error] [pid 16873] [client 20.100.193.95:0] script '/domains/system_default/gettest.php' not found or unable to stat
[Thu Feb 19 02:45:39.557178 2026] [php:error] [pid 16875] [client 20.53.240.38:0] script '/domains/system_default/about.php' not found or unable to stat
[Thu Feb 19 02:45:39.669540 2026] [php:error] [pid 16873] [client 20.100.193.95:0] script '/domains/system_default/edit.php' not found or unable to stat
[Thu Feb 19 02:45:39.795767 2026] [php:error] [pid 16873] [client 20.100.193.95:0] script '/domains/system_default/sid3.php' not found or unable to stat
[Thu Feb 19 02:45:39.899552 2026] [php:error] [pid 16873] [client 20.100.193.95:0] script '/domains/system_default/abc.php' not found or unable to stat
[Thu Feb 19 02:45:39.997136 2026] [php:error] [pid 16875] [client 20.53.240.38:0] script '/domains/system_default/admin.php' not found or unable to stat
[Thu Feb 19 02:45:40.003809 2026] [php:error] [pid 16873] [client 20.100.193.95:0] script '/domains/system_default/admin-footer.php' not found or unable to stat
[Thu Feb 19 02:45:40.078495 2026] [php:error] [pid 16874] [client 104.211.88.54:0] script '/domains/pbuilder/buy.php' not found or unable to stat
[Thu Feb 19 02:45:40.102738 2026] [php:error] [pid 16873] [client 20.100.193.95:0] script '/domains/system_default/wp-p2r3q9c8k4.php' not found or unable to stat
[Thu Feb 19 02:45:40.198119 2026] [php:error] [pid 16873] [client 20.100.193.95:0] script '/domains/system_default/jga.php' not found or unable to stat
[Thu Feb 19 02:45:40.303890 2026] [php:error] [pid 16873] [client 20.100.193.95:0] script '/domains/system_default/tool.php' not found or unable to stat
[Thu Feb 19 02:45:40.314199 2026] [php:error] [pid 16875] [client 20.53.240.38:0] script '/domains/system_default/as.php' not found or unable to stat
[Thu Feb 19 02:45:40.399386 2026] [php:error] [pid 16873] [client 20.100.193.95:0] script '/domains/system_default/ms.php' not found or unable to stat
[Thu Feb 19 02:45:40.505781 2026] [php:error] [pid 16873] [client 20.100.193.95:0] script '/domains/system_default/xxw.php' not found or unable to stat
[Thu Feb 19 02:45:40.609787 2026] [php:error] [pid 16873] [client 20.100.193.95:0] script '/domains/system_default/callback.php' not found or unable to stat
[Thu Feb 19 02:45:40.702497 2026] [php:error] [pid 16875] [client 20.53.240.38:0] script '/domains/system_default/autoload_classmap.php' not found or unable to stat
[Thu Feb 19 02:45:40.704984 2026] [php:error] [pid 16873] [client 20.100.193.95:0] script '/domains/system_default/logs.php' not found or unable to stat
[Thu Feb 19 02:45:40.802444 2026] [php:error] [pid 16873] [client 20.100.193.95:0] script '/domains/system_default/aboutc.php' not found or unable to stat
[Thu Feb 19 02:45:40.825449 2026] [php:error] [pid 16874] [client 104.211.88.54:0] script '/domains/pbuilder/chosen.php' not found or unable to stat
[Thu Feb 19 02:45:41.034635 2026] [php:error] [pid 16875] [client 20.53.240.38:0] script '/domains/system_default/classwithtostring.php' not found or unable to stat
[Thu Feb 19 02:45:41.227155 2026] [php:error] [pid 16873] [client 20.100.193.95:0] script '/domains/system_default/ajax.php' not found or unable to stat
[Thu Feb 19 02:45:41.322562 2026] [php:error] [pid 16873] [client 20.100.193.95:0] script '/domains/system_default/xr.php' not found or unable to stat
[Thu Feb 19 02:45:41.419730 2026] [php:error] [pid 16875] [client 20.53.240.38:0] script '/domains/system_default/content.php' not found or unable to stat
[Thu Feb 19 02:45:41.426553 2026] [php:error] [pid 16873] [client 20.100.193.95:0] script '/domains/system_default/ff.php' not found or unable to stat
[Thu Feb 19 02:45:41.528168 2026] [php:error] [pid 16873] [client 20.100.193.95:0] script '/domains/system_default/aaa.php' not found or unable to stat
[Thu Feb 19 02:45:41.548075 2026] [php:error] [pid 16874] [client 104.211.88.54:0] script '/domains/pbuilder/index.php' not found or unable to stat
[Thu Feb 19 02:45:41.627620 2026] [php:error] [pid 16875] [client 20.53.240.38:0] script '/domains/system_default/doc.php' not found or unable to stat
[Thu Feb 19 02:45:41.630550 2026] [php:error] [pid 16873] [client 20.100.193.95:0] script '/domains/system_default/RIP.php' not found or unable to stat
[Thu Feb 19 02:45:41.728396 2026] [php:error] [pid 16872] [client 35.247.243.250:0] script '/domains/pauljbrock/adminer-5.0.1-mysql.php' not found or unable to stat
[Thu Feb 19 02:45:41.737253 2026] [php:error] [pid 16873] [client 20.100.193.95:0] script '/domains/system_default/knme.php' not found or unable to stat
[Thu Feb 19 02:45:41.787554 2026] [php:error] [pid 16874] [client 104.211.88.54:0] script '/domains/pbuilder/cron.php' not found or unable to stat
[Thu Feb 19 02:45:41.836450 2026] [php:error] [pid 16873] [client 20.100.193.95:0] script '/domains/system_default/ws71.php' not found or unable to stat
[Thu Feb 19 02:45:41.841147 2026] [php:error] [pid 16875] [client 20.53.240.38:0] script '/domains/system_default/dropdown.php' not found or unable to stat
[Thu Feb 19 02:45:41.932190 2026] [php:error] [pid 16873] [client 20.100.193.95:0] script '/domains/system_default/ws67.php' not found or unable to stat
[Thu Feb 19 02:45:42.011658 2026] [php:error] [pid 16863] [client 34.96.162.59:0] script '/domains/pauljbrock/adminer-4.7.2.php' not found or unable to stat
[Thu Feb 19 02:45:42.026682 2026] [php:error] [pid 16874] [client 104.211.88.54:0] script '/domains/pbuilder/functions.php' not found or unable to stat
[Thu Feb 19 02:45:42.027501 2026] [php:error] [pid 16873] [client 20.100.193.95:0] script '/domains/system_default/momo.php' not found or unable to stat
[Thu Feb 19 02:45:42.127082 2026] [php:error] [pid 16875] [client 20.53.240.38:0] script '/domains/system_default/ee.php' not found or unable to stat
[Thu Feb 19 02:45:42.741838 2026] [php:error] [pid 16875] [client 20.53.240.38:0] script '/domains/system_default/moon.php' not found or unable to stat
[Thu Feb 19 02:45:42.944920 2026] [php:error] [pid 16874] [client 104.211.88.54:0] script '/domains/pbuilder/wp-add.php' not found or unable to stat
[Thu Feb 19 02:45:42.952277 2026] [php:error] [pid 16875] [client 20.53.240.38:0] script '/domains/system_default/new.php' not found or unable to stat
[Thu Feb 19 02:45:43.177380 2026] [php:error] [pid 16874] [client 104.211.88.54:0] script '/domains/pbuilder/0.php' not found or unable to stat
[Thu Feb 19 02:45:43.405459 2026] [php:error] [pid 16874] [client 104.211.88.54:0] script '/domains/pbuilder/edit.php' not found or unable to stat
[Thu Feb 19 02:45:43.439343 2026] [php:error] [pid 16875] [client 20.53.240.38:0] script '/domains/system_default/radio.php' not found or unable to stat
[Thu Feb 19 02:45:43.637015 2026] [php:error] [pid 16874] [client 104.211.88.54:0] script '/domains/pbuilder/meta.php' not found or unable to stat
[Thu Feb 19 02:45:43.645012 2026] [php:error] [pid 16875] [client 20.53.240.38:0] script '/domains/system_default/s.php' not found or unable to stat
[Thu Feb 19 02:45:44.089950 2026] [php:error] [pid 16875] [client 20.53.240.38:0] script '/domains/system_default/sim.php' not found or unable to stat
[Thu Feb 19 02:45:44.305159 2026] [php:error] [pid 16875] [client 20.53.240.38:0] script '/domains/system_default/simple.php' not found or unable to stat
[Thu Feb 19 02:45:44.399640 2026] [php:error] [pid 16874] [client 104.211.88.54:0] script '/domains/pbuilder/new.php' not found or unable to stat
[Thu Feb 19 02:45:44.579437 2026] [php:error] [pid 16846] [client 20.238.121.35:0] script '/domains/dcarlone/byp8.php' not found or unable to stat
[Thu Feb 19 02:45:44.752701 2026] [php:error] [pid 16875] [client 20.53.240.38:0] script '/domains/system_default/user.php' not found or unable to stat
[Thu Feb 19 02:45:45.297962 2026] [php:error] [pid 16875] [client 20.53.240.38:0] script '/domains/system_default/webadmin.php' not found or unable to stat
[Thu Feb 19 02:45:46.746619 2026] [php:error] [pid 16874] [client 104.211.88.54:0] script '/domains/pbuilder/as.php' not found or unable to stat
[Thu Feb 19 02:45:46.976639 2026] [php:error] [pid 16874] [client 104.211.88.54:0] script '/domains/pbuilder/ds.php' not found or unable to stat
[Thu Feb 19 02:45:47.356490 2026] [php:error] [pid 16875] [client 20.53.240.38:0] script '/domains/system_default/wp-config-sample.php' not found or unable to stat
[Thu Feb 19 02:45:47.812516 2026] [php:error] [pid 16875] [client 20.53.240.38:0] script '/domains/system_default/wp-configs.php' not found or unable to stat
[Thu Feb 19 02:45:48.049613 2026] [php:error] [pid 16874] [client 104.211.88.54:0] script '/domains/pbuilder/error.php' not found or unable to stat
[Thu Feb 19 02:45:48.345584 2026] [php:error] [pid 16875] [client 20.53.240.38:0] script '/domains/system_default/wp-conflg.php' not found or unable to stat
[Thu Feb 19 02:45:49.264792 2026] [php:error] [pid 16874] [client 104.211.88.54:0] script '/domains/pbuilder/gecko-new.php' not found or unable to stat
[Thu Feb 19 02:45:49.813785 2026] [php:error] [pid 16874] [client 104.211.88.54:0] script '/domains/pbuilder/randkeyword.php' not found or unable to stat
[Thu Feb 19 02:45:49.939483 2026] [php:error] [pid 16875] [client 20.53.240.38:0] script '/domains/system_default/wp-mail.php' not found or unable to stat
[Thu Feb 19 02:45:50.344335 2026] [php:error] [pid 16875] [client 20.53.240.38:0] script '/domains/system_default/wsa.php' not found or unable to stat
[Thu Feb 19 02:45:50.553618 2026] [php:error] [pid 16875] [client 20.53.240.38:0] script '/domains/system_default/xmlrpc.php' not found or unable to stat
[Thu Feb 19 02:45:50.762006 2026] [php:error] [pid 16875] [client 20.53.240.38:0] script '/domains/system_default/ab.php' not found or unable to stat
[Thu Feb 19 02:45:51.118548 2026] [php:error] [pid 16875] [client 20.53.240.38:0] script '/domains/system_default/classwithtostring.php' not found or unable to stat
[Thu Feb 19 02:45:51.327724 2026] [php:error] [pid 16875] [client 20.53.240.38:0] script '/domains/system_default/version.php' not found or unable to stat
[Thu Feb 19 02:45:51.345599 2026] [php:error] [pid 16874] [client 104.211.88.54:0] script '/domains/pbuilder/NewFile.php' not found or unable to stat
[Thu Feb 19 02:45:51.573541 2026] [php:error] [pid 16874] [client 104.211.88.54:0] script '/domains/pbuilder/goods.php' not found or unable to stat
[Thu Feb 19 02:45:51.742049 2026] [php:error] [pid 16875] [client 20.53.240.38:0] script '/domains/system_default/xxx.php' not found or unable to stat
[Thu Feb 19 02:45:52.374618 2026] [php:error] [pid 16875] [client 20.53.240.38:0] script '/domains/system_default/1.php' not found or unable to stat
[Thu Feb 19 02:45:52.415220 2026] [php:error] [pid 16874] [client 104.211.88.54:0] script '/domains/pbuilder/simple.php' not found or unable to stat
[Thu Feb 19 02:45:52.773919 2026] [php:error] [pid 16875] [client 20.53.240.38:0] script '/domains/system_default/themes.php' not found or unable to stat
[Thu Feb 19 02:45:54.499964 2026] [php:error] [pid 16875] [client 20.53.240.38:0] script '/domains/system_default/b0.php' not found or unable to stat
[Thu Feb 19 02:45:54.711324 2026] [php:error] [pid 16875] [client 20.53.240.38:0] script '/domains/system_default/bala.php' not found or unable to stat
[Thu Feb 19 02:45:55.669726 2026] [php:error] [pid 16874] [client 104.211.88.54:0] script '/domains/pbuilder/c.php' not found or unable to stat
[Thu Feb 19 02:45:56.063634 2026] [php:error] [pid 16875] [client 20.53.240.38:0] script '/domains/system_default/xl2023.php.php' not found or unable to stat
[Thu Feb 19 02:45:57.171591 2026] [php:error] [pid 16875] [client 20.53.240.38:0] script '/domains/system_default/120f9.php' not found or unable to stat
[Thu Feb 19 02:45:57.378990 2026] [php:error] [pid 16875] [client 20.53.240.38:0] script '/domains/system_default/504.php' not found or unable to stat
[Thu Feb 19 02:45:57.432623 2026] [php:error] [pid 16874] [client 104.211.88.54:0] script '/domains/pbuilder/auth.php' not found or unable to stat
[Thu Feb 19 02:45:57.614706 2026] [php:error] [pid 16875] [client 20.53.240.38:0] script '/domains/system_default/about.php' not found or unable to stat
[Thu Feb 19 02:45:57.826315 2026] [php:error] [pid 16875] [client 20.53.240.38:0] script '/domains/system_default/back.php' not found or unable to stat
[Thu Feb 19 02:45:57.860609 2026] [php:error] [pid 16874] [client 104.211.88.54:0] script '/domains/pbuilder/class-wp-lock.php' not found or unable to stat
[Thu Feb 19 02:45:58.037698 2026] [php:error] [pid 16875] [client 20.53.240.38:0] script '/domains/system_default/cong.php' not found or unable to stat
[Thu Feb 19 02:45:58.096112 2026] [php:error] [pid 16874] [client 104.211.88.54:0] script '/domains/pbuilder/cookie.php' not found or unable to stat
[Thu Feb 19 02:45:58.248119 2026] [php:error] [pid 16875] [client 20.53.240.38:0] script '/domains/system_default/credits.php' not found or unable to stat
[Thu Feb 19 02:45:58.329782 2026] [php:error] [pid 16874] [client 104.211.88.54:0] script '/domains/pbuilder/admin.php' not found or unable to stat
[Thu Feb 19 02:45:58.477287 2026] [php:error] [pid 16875] [client 20.53.240.38:0] script '/domains/system_default/credits.php' not found or unable to stat
[Thu Feb 19 02:45:58.547838 2026] [php:error] [pid 16874] [client 104.211.88.54:0] script '/domains/pbuilder/baxa1.php' not found or unable to stat
[Thu Feb 19 02:45:58.692885 2026] [php:error] [pid 16875] [client 20.53.240.38:0] script '/domains/system_default/data.php' not found or unable to stat
[Thu Feb 19 02:45:58.902661 2026] [php:error] [pid 16875] [client 20.53.240.38:0] script '/domains/system_default/function.php' not found or unable to stat
[Thu Feb 19 02:45:59.394198 2026] [php:error] [pid 16875] [client 20.53.240.38:0] script '/domains/system_default/goods.php' not found or unable to stat
[Thu Feb 19 02:45:59.669273 2026] [php:error] [pid 16875] [client 20.53.240.38:0] script '/domains/system_default/gzak2w.php' not found or unable to stat
[Thu Feb 19 02:46:00.112234 2026] [php:error] [pid 16875] [client 20.53.240.38:0] script '/domains/system_default/hehehehe.php' not found or unable to stat
[Thu Feb 19 02:46:00.416206 2026] [php:error] [pid 16874] [client 104.211.88.54:0] script '/domains/pbuilder/xleet.php' not found or unable to stat
[Thu Feb 19 02:46:00.879363 2026] [php:error] [pid 16875] [client 20.53.240.38:0] script '/domains/system_default/install.php' not found or unable to stat
[Thu Feb 19 02:46:00.988032 2026] [php:error] [pid 16863] [client 35.247.243.244:0] script '/domains/pauljbrock/adminer-5.0.0.php' not found or unable to stat
[Thu Feb 19 02:46:01.555900 2026] [php:error] [pid 16874] [client 104.211.88.54:0] script '/domains/pbuilder/about.php' not found or unable to stat
[Thu Feb 19 02:46:01.735203 2026] [php:error] [pid 16875] [client 20.53.240.38:0] script '/domains/system_default/ova.php' not found or unable to stat
[Thu Feb 19 02:46:03.824976 2026] [php:error] [pid 16874] [client 104.211.88.54:0] script '/domains/pbuilder/alfanew.php' not found or unable to stat
[Thu Feb 19 02:46:04.473086 2026] [php:error] [pid 16874] [client 104.211.88.54:0] script '/domains/pbuilder/22.php' not found or unable to stat
[Thu Feb 19 02:46:06.350633 2026] [php:error] [pid 16874] [client 104.211.88.54:0] script '/domains/pbuilder/simple.php' not found or unable to stat
[Thu Feb 19 02:46:07.236497 2026] [php:error] [pid 16874] [client 104.211.88.54:0] script '/domains/pbuilder/admin.php' not found or unable to stat
[Thu Feb 19 02:46:07.462583 2026] [php:error] [pid 16874] [client 104.211.88.54:0] script '/domains/pbuilder/c99.php' not found or unable to stat
[Thu Feb 19 02:46:07.695338 2026] [php:error] [pid 16874] [client 104.211.88.54:0] script '/domains/pbuilder/file.php' not found or unable to stat
[Thu Feb 19 02:46:08.206967 2026] [php:error] [pid 16874] [client 104.211.88.54:0] script '/domains/pbuilder/b.php' not found or unable to stat
[Thu Feb 19 02:46:08.743650 2026] [php:error] [pid 16874] [client 104.211.88.54:0] script '/domains/pbuilder/classwithtostring.php' not found or unable to stat
[Thu Feb 19 02:46:09.088303 2026] [php:error] [pid 16874] [client 104.211.88.54:0] script '/domains/pbuilder/css.php' not found or unable to stat
[Thu Feb 19 02:46:09.313367 2026] [php:error] [pid 16874] [client 104.211.88.54:0] script '/domains/pbuilder/flower.php' not found or unable to stat
[Thu Feb 19 02:46:10.247906 2026] [php:error] [pid 16846] [client 20.53.240.38:0] script '/domains/system_default/wp.php' not found or unable to stat
[Thu Feb 19 02:46:11.098960 2026] [php:error] [pid 16874] [client 104.211.88.54:0] script '/domains/pbuilder/jp.php' not found or unable to stat
[Thu Feb 19 02:46:11.508646 2026] [php:error] [pid 16858] [client 34.96.162.61:0] script '/domains/pauljbrock/adminer-5.0.5-mysql.php' not found or unable to stat
[Thu Feb 19 02:46:11.606776 2026] [php:error] [pid 16874] [client 104.211.88.54:0] script '/domains/pbuilder/room.php' not found or unable to stat
[Thu Feb 19 02:46:13.082885 2026] [php:error] [pid 16874] [client 104.211.88.54:0] script '/domains/pbuilder/12.php' not found or unable to stat
[Thu Feb 19 02:46:13.995927 2026] [php:error] [pid 16874] [client 104.211.88.54:0] script '/domains/pbuilder/404.php' not found or unable to stat
[Thu Feb 19 02:46:14.223432 2026] [php:error] [pid 16874] [client 104.211.88.54:0] script '/domains/pbuilder/disagreed.php' not found or unable to stat
[Thu Feb 19 02:46:16.004361 2026] [php:error] [pid 16874] [client 104.211.88.54:0] script '/domains/pbuilder/text.php' not found or unable to stat
[Thu Feb 19 02:46:18.583313 2026] [php:error] [pid 16874] [client 104.211.88.54:0] script '/domains/pbuilder/GOD.php' not found or unable to stat
[Thu Feb 19 02:46:19.024409 2026] [php:error] [pid 16874] [client 104.211.88.54:0] script '/domains/pbuilder/alfa-rex.php' not found or unable to stat
[Thu Feb 19 02:46:19.657317 2026] [php:error] [pid 16874] [client 104.211.88.54:0] script '/domains/pbuilder/f35.php' not found or unable to stat
[Thu Feb 19 02:46:19.877499 2026] [php:error] [pid 16874] [client 104.211.88.54:0] script '/domains/pbuilder/feeds.php' not found or unable to stat
[Thu Feb 19 02:46:21.342311 2026] [php:error] [pid 16874] [client 104.211.88.54:0] script '/domains/pbuilder/favicon.php' not found or unable to stat
[Thu Feb 19 02:46:22.413557 2026] [php:error] [pid 16874] [client 104.211.88.54:0] script '/domains/pbuilder/hehe.php' not found or unable to stat
[Thu Feb 19 02:46:23.303370 2026] [php:error] [pid 16874] [client 104.211.88.54:0] script '/domains/pbuilder/user.php' not found or unable to stat
[Thu Feb 19 02:46:23.878683 2026] [php:error] [pid 16858] [client 35.247.243.245:0] script '/domains/pauljbrock/adminer-5.4.1-mysql.php' not found or unable to stat
[Thu Feb 19 02:46:24.290323 2026] [php:error] [pid 16874] [client 104.211.88.54:0] script '/domains/pbuilder/autoload_classmap.php' not found or unable to stat
[Thu Feb 19 02:46:24.497574 2026] [php:error] [pid 16874] [client 104.211.88.54:0] script '/domains/pbuilder/files.php' not found or unable to stat
[Thu Feb 19 02:46:24.899978 2026] [php:error] [pid 16874] [client 104.211.88.54:0] script '/domains/pbuilder/about.php' not found or unable to stat
[Thu Feb 19 02:46:25.405871 2026] [php:error] [pid 16874] [client 104.211.88.54:0] script '/domains/pbuilder/al.php' not found or unable to stat
[Thu Feb 19 02:46:25.613027 2026] [php:error] [pid 16874] [client 104.211.88.54:0] script '/domains/pbuilder/byp.php' not found or unable to stat
[Thu Feb 19 02:46:26.477107 2026] [php:error] [pid 16874] [client 104.211.88.54:0] script '/domains/pbuilder/wander.php' not found or unable to stat
[Thu Feb 19 02:46:28.063698 2026] [php:error] [pid 16874] [client 104.211.88.54:0] script '/domains/pbuilder/en.php' not found or unable to stat
[Thu Feb 19 02:46:28.340368 2026] [php:error] [pid 16879] [client 35.247.243.245:0] script '/domains/pauljbrock/adminer-5.0.3-mysql.php' not found or unable to stat
[Thu Feb 19 02:46:28.683582 2026] [php:error] [pid 16874] [client 104.211.88.54:0] script '/domains/pbuilder/help.php' not found or unable to stat
[Thu Feb 19 02:46:30.636626 2026] [php:error] [pid 16874] [client 104.211.88.54:0] script '/domains/pbuilder/control.php' not found or unable to stat
[Thu Feb 19 02:46:32.312097 2026] [php:error] [pid 16874] [client 104.211.88.54:0] script '/domains/pbuilder/radio.php' not found or unable to stat
[Thu Feb 19 02:46:32.523979 2026] [php:error] [pid 16874] [client 104.211.88.54:0] script '/domains/pbuilder/dropdown.php' not found or unable to stat
[Thu Feb 19 02:46:33.702291 2026] [php:error] [pid 16874] [client 104.211.88.54:0] script '/domains/pbuilder/wp-2019.php' not found or unable to stat
[Thu Feb 19 02:46:34.698582 2026] [php:error] [pid 16874] [client 104.211.88.54:0] script '/domains/pbuilder/403.php' not found or unable to stat
[Thu Feb 19 02:46:34.904064 2026] [php:error] [pid 16874] [client 104.211.88.54:0] script '/domains/pbuilder/about.php' not found or unable to stat
[Thu Feb 19 02:46:35.106101 2026] [php:error] [pid 16874] [client 104.211.88.54:0] script '/domains/pbuilder/admin.php' not found or unable to stat
[Thu Feb 19 02:46:35.777757 2026] [php:error] [pid 16858] [client 20.219.8.79:0] script '/domains/markrose/wp-login.php' not found or unable to stat
[Thu Feb 19 02:46:36.028259 2026] [php:error] [pid 16874] [client 104.211.88.54:0] script '/domains/pbuilder/as.php' not found or unable to stat
[Thu Feb 19 02:46:36.250343 2026] [php:error] [pid 16876] [client 35.247.243.241:0] script '/domains/pauljbrock/adminer-5.0.5.php' not found or unable to stat
[Thu Feb 19 02:46:36.578410 2026] [php:error] [pid 16874] [client 104.211.88.54:0] script '/domains/pbuilder/autoload_classmap.php' not found or unable to stat
[Thu Feb 19 02:46:37.305928 2026] [php:error] [pid 16874] [client 104.211.88.54:0] script '/domains/pbuilder/classwithtostring.php' not found or unable to stat
[Thu Feb 19 02:46:37.505033 2026] [php:error] [pid 16874] [client 104.211.88.54:0] script '/domains/pbuilder/content.php' not found or unable to stat
[Thu Feb 19 02:46:37.738840 2026] [php:error] [pid 16874] [client 104.211.88.54:0] script '/domains/pbuilder/doc.php' not found or unable to stat
[Thu Feb 19 02:46:37.947551 2026] [php:error] [pid 16874] [client 104.211.88.54:0] script '/domains/pbuilder/dropdown.php' not found or unable to stat
[Thu Feb 19 02:46:38.165208 2026] [php:error] [pid 16874] [client 104.211.88.54:0] script '/domains/pbuilder/ee.php' not found or unable to stat
[Thu Feb 19 02:46:38.480990 2026] [php:error] [pid 16874] [client 104.211.88.54:0] script '/domains/pbuilder/images/wp-login.php' not found or unable to stat
[Thu Feb 19 02:46:38.985549 2026] [php:error] [pid 16874] [client 104.211.88.54:0] script '/domains/pbuilder/moon.php' not found or unable to stat
[Thu Feb 19 02:46:39.756886 2026] [php:error] [pid 16874] [client 104.211.88.54:0] script '/domains/pbuilder/new.php' not found or unable to stat
[Thu Feb 19 02:46:39.968080 2026] [php:error] [pid 16874] [client 104.211.88.54:0] script '/domains/pbuilder/radio.php' not found or unable to stat
[Thu Feb 19 02:46:40.420032 2026] [php:error] [pid 16874] [client 104.211.88.54:0] script '/domains/pbuilder/s.php' not found or unable to stat
[Thu Feb 19 02:46:41.142802 2026] [php:error] [pid 16881] [client 35.247.243.252:0] script '/domains/pauljbrock/adminer-5.4.0.php' not found or unable to stat
[Thu Feb 19 02:46:41.150698 2026] [php:error] [pid 16874] [client 104.211.88.54:0] script '/domains/pbuilder/sim.php' not found or unable to stat
[Thu Feb 19 02:46:41.353432 2026] [php:error] [pid 16874] [client 104.211.88.54:0] script '/domains/pbuilder/simple.php' not found or unable to stat
[Thu Feb 19 02:46:42.021960 2026] [php:error] [pid 16874] [client 104.211.88.54:0] script '/domains/pbuilder/user.php' not found or unable to stat
[Thu Feb 19 02:46:42.235836 2026] [php:error] [pid 16874] [client 104.211.88.54:0] script '/domains/pbuilder/webadmin.php' not found or unable to stat
[Thu Feb 19 02:46:44.022201 2026] [php:error] [pid 16879] [client 35.247.243.253:0] script '/domains/pauljbrock/adminer-5.0.0-mysql-en.php' not found or unable to stat
[Thu Feb 19 02:46:44.534614 2026] [php:error] [pid 16874] [client 104.211.88.54:0] script '/domains/pbuilder/wp-config-sample.php' not found or unable to stat
[Thu Feb 19 02:46:45.226338 2026] [php:error] [pid 16874] [client 104.211.88.54:0] script '/domains/pbuilder/wp-configs.php' not found or unable to stat
[Thu Feb 19 02:46:45.426582 2026] [php:error] [pid 16874] [client 104.211.88.54:0] script '/domains/pbuilder/wp-conflg.php' not found or unable to stat
[Thu Feb 19 02:46:47.164668 2026] [php:error] [pid 16874] [client 104.211.88.54:0] script '/domains/pbuilder/wp-mail.php' not found or unable to stat
[Thu Feb 19 02:46:47.716359 2026] [php:error] [pid 16874] [client 104.211.88.54:0] script '/domains/pbuilder/wsa.php' not found or unable to stat
[Thu Feb 19 02:46:47.925337 2026] [php:error] [pid 16874] [client 104.211.88.54:0] script '/domains/pbuilder/xmlrpc.php' not found or unable to stat
[Thu Feb 19 02:46:48.756855 2026] [php:error] [pid 16874] [client 104.211.88.54:0] script '/domains/pbuilder/ab.php' not found or unable to stat
[Thu Feb 19 02:46:48.962798 2026] [php:error] [pid 16874] [client 104.211.88.54:0] script '/domains/pbuilder/classwithtostring.php' not found or unable to stat
[Thu Feb 19 02:46:49.114098 2026] [php:error] [pid 16881] [client 35.247.243.248:0] script '/domains/pauljbrock/adminer-4.2.1.php' not found or unable to stat
[Thu Feb 19 02:46:49.189044 2026] [php:error] [pid 16874] [client 104.211.88.54:0] script '/domains/pbuilder/version.php' not found or unable to stat
[Thu Feb 19 02:46:49.394577 2026] [php:error] [pid 16874] [client 104.211.88.54:0] script '/domains/pbuilder/xxx.php' not found or unable to stat
[Thu Feb 19 02:46:50.695172 2026] [php:error] [pid 16874] [client 104.211.88.54:0] script '/domains/pbuilder/1.php' not found or unable to stat
[Thu Feb 19 02:46:51.332244 2026] [php:error] [pid 16874] [client 104.211.88.54:0] script '/domains/pbuilder/themes.php' not found or unable to stat
[Thu Feb 19 02:46:52.536567 2026] [php:error] [pid 16874] [client 104.211.88.54:0] script '/domains/pbuilder/b0.php' not found or unable to stat
[Thu Feb 19 02:46:52.743151 2026] [php:error] [pid 16874] [client 104.211.88.54:0] script '/domains/pbuilder/bala.php' not found or unable to stat
[Thu Feb 19 02:46:54.211960 2026] [php:error] [pid 16874] [client 104.211.88.54:0] script '/domains/pbuilder/xl2023.php.php' not found or unable to stat
[Thu Feb 19 02:46:55.284549 2026] [php:error] [pid 16874] [client 104.211.88.54:0] script '/domains/pbuilder/120f9.php' not found or unable to stat
[Thu Feb 19 02:46:55.749403 2026] [php:error] [pid 16874] [client 104.211.88.54:0] script '/domains/pbuilder/504.php' not found or unable to stat
[Thu Feb 19 02:46:55.951137 2026] [php:error] [pid 16874] [client 104.211.88.54:0] script '/domains/pbuilder/about.php' not found or unable to stat
[Thu Feb 19 02:46:56.154102 2026] [php:error] [pid 16874] [client 104.211.88.54:0] script '/domains/pbuilder/back.php' not found or unable to stat
[Thu Feb 19 02:46:56.307840 2026] [php:error] [pid 16881] [client 34.96.162.50:0] script '/domains/hdickens.enteract/adminer-4.6.3.php' not found or unable to stat
[Thu Feb 19 02:46:56.367707 2026] [php:error] [pid 16874] [client 104.211.88.54:0] script '/domains/pbuilder/cong.php' not found or unable to stat
[Thu Feb 19 02:46:56.569133 2026] [php:error] [pid 16874] [client 104.211.88.54:0] script '/domains/pbuilder/credits.php' not found or unable to stat
[Thu Feb 19 02:46:57.276333 2026] [php:error] [pid 16874] [client 104.211.88.54:0] script '/domains/pbuilder/credits.php' not found or unable to stat
[Thu Feb 19 02:46:57.475041 2026] [php:error] [pid 16874] [client 104.211.88.54:0] script '/domains/pbuilder/data.php' not found or unable to stat
[Thu Feb 19 02:46:57.677862 2026] [php:error] [pid 16874] [client 104.211.88.54:0] script '/domains/pbuilder/function.php' not found or unable to stat
[Thu Feb 19 02:46:58.353631 2026] [php:error] [pid 16874] [client 104.211.88.54:0] script '/domains/pbuilder/goods.php' not found or unable to stat
[Thu Feb 19 02:46:58.567004 2026] [php:error] [pid 16874] [client 104.211.88.54:0] script '/domains/pbuilder/gzak2w.php' not found or unable to stat
[Thu Feb 19 02:46:59.594130 2026] [php:error] [pid 16874] [client 104.211.88.54:0] script '/domains/pbuilder/hehehehe.php' not found or unable to stat
[Thu Feb 19 02:47:00.224232 2026] [php:error] [pid 16874] [client 104.211.88.54:0] script '/domains/pbuilder/install.php' not found or unable to stat
[Thu Feb 19 02:47:00.706891 2026] [php:error] [pid 16874] [client 104.211.88.54:0] script '/domains/pbuilder/ova.php' not found or unable to stat
[Thu Feb 19 02:47:09.508298 2026] [php:error] [pid 16876] [client 104.211.88.54:0] script '/domains/pbuilder/wp.php' not found or unable to stat
[Thu Feb 19 02:47:12.941461 2026] [php:error] [pid 16880] [client 35.247.243.250:0] script '/domains/hdickens.enteract/adminer-5.0.1.php' not found or unable to stat
[Thu Feb 19 02:47:15.180106 2026] [php:error] [pid 16846] [client 34.96.162.52:0] script '/domains/pauljbrock/adminer-5.0.5-mysql.php' not found or unable to stat
[Thu Feb 19 02:47:27.889954 2026] [php:error] [pid 16887] [client 35.247.243.240:0] script '/domains/pauljbrock/adminer-5.0.5.php' not found or unable to stat
[Thu Feb 19 02:47:27.989078 2026] [php:error] [pid 16889] [client 34.96.162.53:0] script '/domains/pauljbrock/adminer-4.7.3.php' not found or unable to stat
[Thu Feb 19 02:47:29.987519 2026] [php:error] [pid 16887] [client 35.247.243.249:0] script '/domains/pauljbrock/adminer-5.2.0-mysql.php' not found or unable to stat
[Thu Feb 19 02:47:29.992148 2026] [php:error] [pid 16886] [client 35.247.243.243:0] script '/domains/pauljbrock/adminer-5.0.6.php' not found or unable to stat
[Thu Feb 19 02:47:38.120839 2026] [php:error] [pid 16858] [client 34.96.162.57:0] script '/domains/pauljbrock/adminer-4.2.5.php' not found or unable to stat
[Thu Feb 19 02:47:42.175028 2026] [php:error] [pid 16883] [client 34.96.162.49:0] script '/domains/pauljbrock/adminer-4.8.1-mysql.php' not found or unable to stat
[Thu Feb 19 02:48:28.973336 2026] [php:error] [pid 16893] [client 202.155.107.71:0] script '/domains/system_default/wp-login.php' not found or unable to stat
[Thu Feb 19 02:48:37.468477 2026] [php:error] [pid 16895] [client 34.96.162.50:0] script '/domains/pauljbrock/adminer-5.3.0-mysql-en.php' not found or unable to stat
[Thu Feb 19 02:48:50.628443 2026] [php:error] [pid 16892] [client 35.247.243.254:0] script '/domains/pauljbrock/adminer-5.4.0-en.php' not found or unable to stat
[Thu Feb 19 02:49:00.958425 2026] [php:error] [pid 16892] [client 20.203.180.135:0] script '/domains/braniff/C1.php' not found or unable to stat
[Thu Feb 19 02:49:01.052239 2026] [php:error] [pid 16892] [client 20.203.180.135:0] script '/domains/braniff/ava.php' not found or unable to stat
[Thu Feb 19 02:49:01.152646 2026] [php:error] [pid 16892] [client 20.203.180.135:0] script '/domains/braniff/priv.php' not found or unable to stat
[Thu Feb 19 02:49:01.252726 2026] [php:error] [pid 16892] [client 20.203.180.135:0] script '/domains/braniff/Okxob.php' not found or unable to stat
[Thu Feb 19 02:49:01.439919 2026] [php:error] [pid 16892] [client 20.203.180.135:0] script '/domains/braniff/gi.php' not found or unable to stat
[Thu Feb 19 02:49:01.533462 2026] [php:error] [pid 16892] [client 20.203.180.135:0] script '/domains/braniff/Sanskrit.php' not found or unable to stat
[Thu Feb 19 02:49:01.626801 2026] [php:error] [pid 16892] [client 20.203.180.135:0] script '/domains/braniff/jok3r.php' not found or unable to stat
[Thu Feb 19 02:49:01.721372 2026] [php:error] [pid 16892] [client 20.203.180.135:0] script '/domains/braniff/mjq.php' not found or unable to stat
[Thu Feb 19 02:49:01.814692 2026] [php:error] [pid 16892] [client 20.203.180.135:0] script '/domains/braniff/snus.php' not found or unable to stat
[Thu Feb 19 02:49:01.908289 2026] [php:error] [pid 16892] [client 20.203.180.135:0] script '/domains/braniff/shlo.php' not found or unable to stat
[Thu Feb 19 02:49:02.010605 2026] [php:error] [pid 16892] [client 20.203.180.135:0] script '/domains/braniff/pass.php' not found or unable to stat
[Thu Feb 19 02:49:02.158499 2026] [php:error] [pid 16892] [client 20.203.180.135:0] script '/domains/braniff/clnfnjna.php' not found or unable to stat
[Thu Feb 19 02:49:02.270763 2026] [php:error] [pid 16892] [client 20.203.180.135:0] script '/domains/braniff/grsiuk.php' not found or unable to stat
[Thu Feb 19 02:49:02.375059 2026] [php:error] [pid 16892] [client 20.203.180.135:0] script '/domains/braniff/byp8.php' not found or unable to stat
[Thu Feb 19 02:49:02.468560 2026] [php:error] [pid 16892] [client 20.203.180.135:0] script '/domains/braniff/jvfsi.php' not found or unable to stat
[Thu Feb 19 02:49:02.571884 2026] [php:error] [pid 16892] [client 20.203.180.135:0] script '/domains/braniff/diyxm.php' not found or unable to stat
[Thu Feb 19 02:49:02.665184 2026] [php:error] [pid 16892] [client 20.203.180.135:0] script '/domains/braniff/vjkzu.php' not found or unable to stat
[Thu Feb 19 02:49:02.766175 2026] [php:error] [pid 16892] [client 20.203.180.135:0] script '/domains/braniff/8nyu1r.php' not found or unable to stat
[Thu Feb 19 02:49:02.872379 2026] [php:error] [pid 16892] [client 20.203.180.135:0] script '/domains/braniff/etmvr.php' not found or unable to stat
[Thu Feb 19 02:49:02.984422 2026] [php:error] [pid 16892] [client 20.203.180.135:0] script '/domains/braniff/fs6.php' not found or unable to stat
[Thu Feb 19 02:49:03.089034 2026] [php:error] [pid 16892] [client 20.203.180.135:0] script '/domains/braniff/njrzp.php' not found or unable to stat
[Thu Feb 19 02:49:03.183462 2026] [php:error] [pid 16892] [client 20.203.180.135:0] script '/domains/braniff/rcoti.php' not found or unable to stat
[Thu Feb 19 02:49:03.277509 2026] [php:error] [pid 16892] [client 20.203.180.135:0] script '/domains/braniff/www.php' not found or unable to stat
[Thu Feb 19 02:49:03.370926 2026] [php:error] [pid 16892] [client 20.203.180.135:0] script '/domains/braniff/992.php' not found or unable to stat
[Thu Feb 19 02:49:03.568031 2026] [php:error] [pid 16892] [client 20.203.180.135:0] script '/domains/braniff/tmpls.php' not found or unable to stat
[Thu Feb 19 02:49:04.569103 2026] [php:error] [pid 16902] [client 35.247.243.246:0] script '/domains/pauljbrock/adminer-4.2.1.php' not found or unable to stat
