[Thu Feb 19 02:31:59.670986 2026] [php:error] [pid 16706] [client 20.78.169.245:0] script '/domains/amisol/credits.php' not found or unable to stat
[Thu Feb 19 02:31:59.844439 2026] [php:error] [pid 16706] [client 20.78.169.245:0] script '/domains/amisol/credits.php' not found or unable to stat
[Thu Feb 19 02:32:00.081381 2026] [php:error] [pid 16706] [client 20.78.169.245:0] script '/domains/amisol/data.php' not found or unable to stat
[Thu Feb 19 02:32:00.260664 2026] [php:error] [pid 16706] [client 20.78.169.245:0] script '/domains/amisol/function.php' not found or unable to stat
[Thu Feb 19 02:32:00.453892 2026] [php:error] [pid 16706] [client 20.78.169.245:0] script '/domains/amisol/goods.php' not found or unable to stat
[Thu Feb 19 02:32:00.631612 2026] [php:error] [pid 16706] [client 20.78.169.245:0] script '/domains/amisol/gzak2w.php' not found or unable to stat
[Thu Feb 19 02:32:00.805806 2026] [php:error] [pid 16706] [client 20.78.169.245:0] script '/domains/amisol/hehehehe.php' not found or unable to stat
[Thu Feb 19 02:32:01.569757 2026] [php:error] [pid 16706] [client 20.78.169.245:0] script '/domains/amisol/install.php' not found or unable to stat
[Thu Feb 19 02:32:01.965675 2026] [php:error] [pid 16706] [client 20.78.169.245:0] script '/domains/amisol/ova.php' not found or unable to stat
[Thu Feb 19 02:32:07.328510 2026] [php:error] [pid 16695] [client 20.78.169.245:0] script '/domains/amisol/wp.php' not found or unable to stat
[Thu Feb 19 02:32:45.081459 2026] [php:error] [pid 16731] [client 165.227.20.249:0] script '/domains/vangoghagainweb/wp-login.php' not found or unable to stat
[Thu Feb 19 02:32:48.224884 2026] [php:error] [pid 16720] [client 165.227.20.249:0] script '/domains/vangoghagainweb/wp-login.php' not found or unable to stat
[Thu Feb 19 02:33:04.818580 2026] [php:error] [pid 16727] [client 20.214.159.60:0] script '/domains/hungariantasteweb/wp-2019.php' not found or unable to stat
[Thu Feb 19 02:33:05.458854 2026] [php:error] [pid 16727] [client 20.214.159.60:0] script '/domains/hungariantasteweb/403.php' not found or unable to stat
[Thu Feb 19 02:33:05.644712 2026] [php:error] [pid 16727] [client 20.214.159.60:0] script '/domains/hungariantasteweb/aaa.php' not found or unable to stat
[Thu Feb 19 02:33:06.884791 2026] [php:error] [pid 16727] [client 20.214.159.60:0] script '/domains/hungariantasteweb/y.php' not found or unable to stat
[Thu Feb 19 02:33:08.112683 2026] [php:error] [pid 16727] [client 20.214.159.60:0] script '/domains/hungariantasteweb/ggfi.php' not found or unable to stat
[Thu Feb 19 02:33:10.039782 2026] [php:error] [pid 16727] [client 20.214.159.60:0] script '/domains/hungariantasteweb/buy.php' not found or unable to stat
[Thu Feb 19 02:33:10.261095 2026] [php:error] [pid 16727] [client 20.214.159.60:0] script '/domains/hungariantasteweb/chosen.php' not found or unable to stat
[Thu Feb 19 02:33:11.078279 2026] [php:error] [pid 16727] [client 20.214.159.60:0] script '/domains/hungariantasteweb/index.php' not found or unable to stat
[Thu Feb 19 02:33:11.280945 2026] [php:error] [pid 16727] [client 20.214.159.60:0] script '/domains/hungariantasteweb/cron.php' not found or unable to stat
[Thu Feb 19 02:33:11.465875 2026] [php:error] [pid 16727] [client 20.214.159.60:0] script '/domains/hungariantasteweb/functions.php' not found or unable to stat
[Thu Feb 19 02:33:12.780344 2026] [php:error] [pid 16727] [client 20.214.159.60:0] script '/domains/hungariantasteweb/wp-add.php' not found or unable to stat
[Thu Feb 19 02:33:13.409949 2026] [php:error] [pid 16727] [client 20.214.159.60:0] script '/domains/hungariantasteweb/0.php' not found or unable to stat
[Thu Feb 19 02:33:14.222978 2026] [php:error] [pid 16727] [client 20.214.159.60:0] script '/domains/hungariantasteweb/edit.php' not found or unable to stat
[Thu Feb 19 02:33:14.866437 2026] [php:error] [pid 16727] [client 20.214.159.60:0] script '/domains/hungariantasteweb/meta.php' not found or unable to stat
[Thu Feb 19 02:33:15.886065 2026] [php:error] [pid 16727] [client 20.214.159.60:0] script '/domains/hungariantasteweb/new.php' not found or unable to stat
[Thu Feb 19 02:33:16.269795 2026] [php:error] [pid 16727] [client 20.214.159.60:0] script '/domains/hungariantasteweb/as.php' not found or unable to stat
[Thu Feb 19 02:33:16.478680 2026] [php:error] [pid 16727] [client 20.214.159.60:0] script '/domains/hungariantasteweb/ds.php' not found or unable to stat
[Thu Feb 19 02:33:16.704318 2026] [php:error] [pid 16727] [client 20.214.159.60:0] script '/domains/hungariantasteweb/error.php' not found or unable to stat
[Thu Feb 19 02:33:16.935837 2026] [php:error] [pid 16727] [client 20.214.159.60:0] script '/domains/hungariantasteweb/gecko-new.php' not found or unable to stat
[Thu Feb 19 02:33:17.328834 2026] [php:error] [pid 16727] [client 20.214.159.60:0] script '/domains/hungariantasteweb/randkeyword.php' not found or unable to stat
[Thu Feb 19 02:33:18.666527 2026] [php:error] [pid 16727] [client 20.214.159.60:0] script '/domains/hungariantasteweb/NewFile.php' not found or unable to stat
[Thu Feb 19 02:33:18.855651 2026] [php:error] [pid 16727] [client 20.214.159.60:0] script '/domains/hungariantasteweb/goods.php' not found or unable to stat
[Thu Feb 19 02:33:19.067299 2026] [php:error] [pid 16727] [client 20.214.159.60:0] script '/domains/hungariantasteweb/simple.php' not found or unable to stat
[Thu Feb 19 02:33:20.513773 2026] [php:error] [pid 16727] [client 20.214.159.60:0] script '/domains/hungariantasteweb/c.php' not found or unable to stat
[Thu Feb 19 02:33:20.729720 2026] [php:error] [pid 16746] [client 20.250.10.152:0] script '/domains/supolo/tfm.php' not found or unable to stat
[Thu Feb 19 02:33:20.832350 2026] [php:error] [pid 16746] [client 20.250.10.152:0] script '/domains/supolo/wp-blogs.php' not found or unable to stat
[Thu Feb 19 02:33:20.927923 2026] [php:error] [pid 16746] [client 20.250.10.152:0] script '/domains/supolo/amp.php' not found or unable to stat
[Thu Feb 19 02:33:21.023127 2026] [php:error] [pid 16746] [client 20.250.10.152:0] script '/domains/supolo/666.php' not found or unable to stat
[Thu Feb 19 02:33:21.183919 2026] [php:error] [pid 16746] [client 20.250.10.152:0] script '/domains/supolo/asax.php' not found or unable to stat
[Thu Feb 19 02:33:21.278894 2026] [php:error] [pid 16746] [client 20.250.10.152:0] script '/domains/supolo/init.php' not found or unable to stat
[Thu Feb 19 02:33:21.373809 2026] [php:error] [pid 16746] [client 20.250.10.152:0] script '/domains/supolo/bootstrap.php' not found or unable to stat
[Thu Feb 19 02:33:21.468716 2026] [php:error] [pid 16746] [client 20.250.10.152:0] script '/domains/supolo/sc.php' not found or unable to stat
[Thu Feb 19 02:33:21.588951 2026] [php:error] [pid 16746] [client 20.250.10.152:0] script '/domains/supolo/term.php' not found or unable to stat
[Thu Feb 19 02:33:21.683982 2026] [php:error] [pid 16746] [client 20.250.10.152:0] script '/domains/supolo/global.php' not found or unable to stat
[Thu Feb 19 02:33:21.765714 2026] [php:error] [pid 16727] [client 20.214.159.60:0] script '/domains/hungariantasteweb/auth.php' not found or unable to stat
[Thu Feb 19 02:33:21.779043 2026] [php:error] [pid 16746] [client 20.250.10.152:0] script '/domains/supolo/black.php' not found or unable to stat
[Thu Feb 19 02:33:21.874285 2026] [php:error] [pid 16746] [client 20.250.10.152:0] script '/domains/supolo/222.php' not found or unable to stat
[Thu Feb 19 02:33:21.977051 2026] [php:error] [pid 16727] [client 20.214.159.60:0] script '/domains/hungariantasteweb/class-wp-lock.php' not found or unable to stat
[Thu Feb 19 02:33:21.999915 2026] [php:error] [pid 16746] [client 20.250.10.152:0] script '/domains/supolo/t.php' not found or unable to stat
[Thu Feb 19 02:33:22.094922 2026] [php:error] [pid 16746] [client 20.250.10.152:0] script '/domains/supolo/lib.php' not found or unable to stat
[Thu Feb 19 02:33:22.165910 2026] [php:error] [pid 16727] [client 20.214.159.60:0] script '/domains/hungariantasteweb/cookie.php' not found or unable to stat
[Thu Feb 19 02:33:22.189983 2026] [php:error] [pid 16746] [client 20.250.10.152:0] script '/domains/supolo/asus.php' not found or unable to stat
[Thu Feb 19 02:33:22.284904 2026] [php:error] [pid 16746] [client 20.250.10.152:0] script '/domains/supolo/dox.php' not found or unable to stat
[Thu Feb 19 02:33:22.379272 2026] [php:error] [pid 16727] [client 20.214.159.60:0] script '/domains/hungariantasteweb/admin.php' not found or unable to stat
[Thu Feb 19 02:33:22.379720 2026] [php:error] [pid 16746] [client 20.250.10.152:0] script '/domains/supolo/s.php' not found or unable to stat
[Thu Feb 19 02:33:22.491018 2026] [php:error] [pid 16746] [client 20.250.10.152:0] script '/domains/supolo/file.php' not found or unable to stat
[Thu Feb 19 02:33:22.589173 2026] [php:error] [pid 16746] [client 20.250.10.152:0] script '/domains/supolo/bolt.php' not found or unable to stat
[Thu Feb 19 02:33:22.759447 2026] [php:error] [pid 16746] [client 20.250.10.152:0] script '/domains/supolo/166.php' not found or unable to stat
[Thu Feb 19 02:33:22.854982 2026] [php:error] [pid 16746] [client 20.250.10.152:0] script '/domains/supolo/wen.php' not found or unable to stat
[Thu Feb 19 02:33:22.950370 2026] [php:error] [pid 16746] [client 20.250.10.152:0] script '/domains/supolo/wp-act.php' not found or unable to stat
[Thu Feb 19 02:33:23.045167 2026] [php:error] [pid 16746] [client 20.250.10.152:0] script '/domains/supolo/ff1.php' not found or unable to stat
[Thu Feb 19 02:33:23.090237 2026] [php:error] [pid 16727] [client 20.214.159.60:0] script '/domains/hungariantasteweb/baxa1.php' not found or unable to stat
[Thu Feb 19 02:33:23.140242 2026] [php:error] [pid 16746] [client 20.250.10.152:0] script '/domains/supolo/66.php' not found or unable to stat
[Thu Feb 19 02:33:23.239732 2026] [php:error] [pid 16746] [client 20.250.10.152:0] script '/domains/supolo/ws66.php' not found or unable to stat
[Thu Feb 19 02:33:23.421292 2026] [php:error] [pid 16746] [client 20.250.10.152:0] script '/domains/supolo/bgymj.php' not found or unable to stat
[Thu Feb 19 02:33:23.521712 2026] [php:error] [pid 16746] [client 20.250.10.152:0] script '/domains/supolo/24.php' not found or unable to stat
[Thu Feb 19 02:33:23.617239 2026] [php:error] [pid 16746] [client 20.250.10.152:0] script '/domains/supolo/h02ugyh.php' not found or unable to stat
[Thu Feb 19 02:33:23.759937 2026] [php:error] [pid 16746] [client 20.250.10.152:0] script '/domains/supolo/a4.php' not found or unable to stat
[Thu Feb 19 02:33:23.879871 2026] [php:error] [pid 16746] [client 20.250.10.152:0] script '/domains/supolo/inputs.php' not found or unable to stat
[Thu Feb 19 02:33:24.041200 2026] [php:error] [pid 16746] [client 20.250.10.152:0] script '/domains/supolo/gfd.php' not found or unable to stat
[Thu Feb 19 02:33:24.320171 2026] [php:error] [pid 16746] [client 20.250.10.152:0] script '/domains/supolo/wefile.php' not found or unable to stat
[Thu Feb 19 02:33:24.368489 2026] [php:error] [pid 16727] [client 20.214.159.60:0] script '/domains/hungariantasteweb/xleet.php' not found or unable to stat
[Thu Feb 19 02:33:24.474060 2026] [php:error] [pid 16746] [client 20.250.10.152:0] script '/domains/supolo/55.php' not found or unable to stat
[Thu Feb 19 02:33:24.578086 2026] [php:error] [pid 16746] [client 20.250.10.152:0] script '/domains/supolo/vx.php' not found or unable to stat
[Thu Feb 19 02:33:24.679382 2026] [php:error] [pid 16746] [client 20.250.10.152:0] script '/domains/supolo/edit-tags.php' not found or unable to stat
[Thu Feb 19 02:33:24.774493 2026] [php:error] [pid 16746] [client 20.250.10.152:0] script '/domains/supolo/ioxi-o.php' not found or unable to stat
[Thu Feb 19 02:33:24.870730 2026] [php:error] [pid 16746] [client 20.250.10.152:0] script '/domains/supolo/155.php' not found or unable to stat
[Thu Feb 19 02:33:24.972736 2026] [php:error] [pid 16746] [client 20.250.10.152:0] script '/domains/supolo/core.php' not found or unable to stat
[Thu Feb 19 02:33:25.108031 2026] [php:error] [pid 16746] [client 20.250.10.152:0] script '/domains/supolo/ccs.php' not found or unable to stat
[Thu Feb 19 02:33:25.203163 2026] [php:error] [pid 16746] [client 20.250.10.152:0] script '/domains/supolo/apk.php' not found or unable to stat
[Thu Feb 19 02:33:25.298965 2026] [php:error] [pid 16746] [client 20.250.10.152:0] script '/domains/supolo/bnm.php' not found or unable to stat
[Thu Feb 19 02:33:25.404781 2026] [php:error] [pid 16746] [client 20.250.10.152:0] script '/domains/supolo/gettest.php' not found or unable to stat
[Thu Feb 19 02:33:25.508639 2026] [php:error] [pid 16746] [client 20.250.10.152:0] script '/domains/supolo/edit.php' not found or unable to stat
[Thu Feb 19 02:33:25.603365 2026] [php:error] [pid 16746] [client 20.250.10.152:0] script '/domains/supolo/sid3.php' not found or unable to stat
[Thu Feb 19 02:33:25.698908 2026] [php:error] [pid 16746] [client 20.250.10.152:0] script '/domains/supolo/abc.php' not found or unable to stat
[Thu Feb 19 02:33:25.798597 2026] [php:error] [pid 16746] [client 20.250.10.152:0] script '/domains/supolo/admin-footer.php' not found or unable to stat
[Thu Feb 19 02:33:25.907290 2026] [php:error] [pid 16746] [client 20.250.10.152:0] script '/domains/supolo/wp-p2r3q9c8k4.php' not found or unable to stat
[Thu Feb 19 02:33:26.050550 2026] [php:error] [pid 16746] [client 20.250.10.152:0] script '/domains/supolo/jga.php' not found or unable to stat
[Thu Feb 19 02:33:26.152145 2026] [php:error] [pid 16746] [client 20.250.10.152:0] script '/domains/supolo/tool.php' not found or unable to stat
[Thu Feb 19 02:33:26.247953 2026] [php:error] [pid 16746] [client 20.250.10.152:0] script '/domains/supolo/ms.php' not found or unable to stat
[Thu Feb 19 02:33:26.348178 2026] [php:error] [pid 16746] [client 20.250.10.152:0] script '/domains/supolo/xxw.php' not found or unable to stat
[Thu Feb 19 02:33:26.435479 2026] [php:error] [pid 16727] [client 20.214.159.60:0] script '/domains/hungariantasteweb/about.php' not found or unable to stat
[Thu Feb 19 02:33:26.487649 2026] [php:error] [pid 16746] [client 20.250.10.152:0] script '/domains/supolo/callback.php' not found or unable to stat
[Thu Feb 19 02:33:26.628347 2026] [php:error] [pid 16746] [client 20.250.10.152:0] script '/domains/supolo/logs.php' not found or unable to stat
[Thu Feb 19 02:33:26.723978 2026] [php:error] [pid 16746] [client 20.250.10.152:0] script '/domains/supolo/aboutc.php' not found or unable to stat
[Thu Feb 19 02:33:26.819104 2026] [php:error] [pid 16746] [client 20.250.10.152:0] script '/domains/supolo/ajax.php' not found or unable to stat
[Thu Feb 19 02:33:26.967189 2026] [php:error] [pid 16746] [client 20.250.10.152:0] script '/domains/supolo/xr.php' not found or unable to stat
[Thu Feb 19 02:33:27.070460 2026] [php:error] [pid 16746] [client 20.250.10.152:0] script '/domains/supolo/ff.php' not found or unable to stat
[Thu Feb 19 02:33:27.165787 2026] [php:error] [pid 16746] [client 20.250.10.152:0] script '/domains/supolo/aaa.php' not found or unable to stat
[Thu Feb 19 02:33:27.345711 2026] [php:error] [pid 16746] [client 20.250.10.152:0] script '/domains/supolo/RIP.php' not found or unable to stat
[Thu Feb 19 02:33:27.494051 2026] [php:error] [pid 16746] [client 20.250.10.152:0] script '/domains/supolo/knme.php' not found or unable to stat
[Thu Feb 19 02:33:27.751986 2026] [php:error] [pid 16746] [client 20.250.10.152:0] script '/domains/supolo/ws71.php' not found or unable to stat
[Thu Feb 19 02:33:27.846819 2026] [php:error] [pid 16746] [client 20.250.10.152:0] script '/domains/supolo/ws67.php' not found or unable to stat
[Thu Feb 19 02:33:27.943674 2026] [php:error] [pid 16746] [client 20.250.10.152:0] script '/domains/supolo/momo.php' not found or unable to stat
[Thu Feb 19 02:33:29.098251 2026] [php:error] [pid 16727] [client 20.214.159.60:0] script '/domains/hungariantasteweb/alfanew.php' not found or unable to stat
[Thu Feb 19 02:33:29.522145 2026] [php:error] [pid 16727] [client 20.214.159.60:0] script '/domains/hungariantasteweb/22.php' not found or unable to stat
[Thu Feb 19 02:33:31.266402 2026] [php:error] [pid 16727] [client 20.214.159.60:0] script '/domains/hungariantasteweb/simple.php' not found or unable to stat
[Thu Feb 19 02:33:32.177730 2026] [php:error] [pid 16727] [client 20.214.159.60:0] script '/domains/hungariantasteweb/admin.php' not found or unable to stat
[Thu Feb 19 02:33:32.607058 2026] [php:error] [pid 16727] [client 20.214.159.60:0] script '/domains/hungariantasteweb/c99.php' not found or unable to stat
[Thu Feb 19 02:33:32.801018 2026] [php:error] [pid 16727] [client 20.214.159.60:0] script '/domains/hungariantasteweb/file.php' not found or unable to stat
[Thu Feb 19 02:33:33.008102 2026] [php:error] [pid 16727] [client 20.214.159.60:0] script '/domains/hungariantasteweb/b.php' not found or unable to stat
[Thu Feb 19 02:33:33.206918 2026] [php:error] [pid 16727] [client 20.214.159.60:0] script '/domains/hungariantasteweb/classwithtostring.php' not found or unable to stat
[Thu Feb 19 02:33:33.720143 2026] [php:error] [pid 16727] [client 20.214.159.60:0] script '/domains/hungariantasteweb/css.php' not found or unable to stat
[Thu Feb 19 02:33:33.923792 2026] [php:error] [pid 16727] [client 20.214.159.60:0] script '/domains/hungariantasteweb/flower.php' not found or unable to stat
[Thu Feb 19 02:33:34.960306 2026] [php:error] [pid 16727] [client 20.214.159.60:0] script '/domains/hungariantasteweb/jp.php' not found or unable to stat
[Thu Feb 19 02:33:35.538562 2026] [php:error] [pid 16727] [client 20.214.159.60:0] script '/domains/hungariantasteweb/room.php' not found or unable to stat
[Thu Feb 19 02:33:36.289626 2026] [php:error] [pid 16744] [client 35.247.243.250:0] script '/domains/pauljbrock/adminer-5.0.4-mysql-en.php' not found or unable to stat
[Thu Feb 19 02:33:37.333250 2026] [php:error] [pid 16727] [client 20.214.159.60:0] script '/domains/hungariantasteweb/12.php' not found or unable to stat
[Thu Feb 19 02:33:37.537830 2026] [php:error] [pid 16727] [client 20.214.159.60:0] script '/domains/hungariantasteweb/404.php' not found or unable to stat
[Thu Feb 19 02:33:38.395278 2026] [php:error] [pid 16727] [client 20.214.159.60:0] script '/domains/hungariantasteweb/disagreed.php' not found or unable to stat
[Thu Feb 19 02:33:39.438695 2026] [php:error] [pid 16727] [client 20.214.159.60:0] script '/domains/hungariantasteweb/text.php' not found or unable to stat
[Thu Feb 19 02:33:41.771288 2026] [php:error] [pid 16745] [client 216.244.66.232:0] script '/domains/hdickens.enteract/kmnj.php' not found or unable to stat
[Thu Feb 19 02:33:43.268637 2026] [php:error] [pid 16727] [client 20.214.159.60:0] script '/domains/hungariantasteweb/GOD.php' not found or unable to stat
[Thu Feb 19 02:33:45.101164 2026] [php:error] [pid 16727] [client 20.214.159.60:0] script '/domains/hungariantasteweb/alfa-rex.php' not found or unable to stat
[Thu Feb 19 02:33:45.294899 2026] [php:error] [pid 16727] [client 20.214.159.60:0] script '/domains/hungariantasteweb/f35.php' not found or unable to stat
[Thu Feb 19 02:33:45.925901 2026] [php:error] [pid 16727] [client 20.214.159.60:0] script '/domains/hungariantasteweb/feeds.php' not found or unable to stat
[Thu Feb 19 02:33:46.164264 2026] [php:error] [pid 16749] [client 216.244.66.232:0] script '/domains/hdickens.enteract/kmnj.php' not found or unable to stat
[Thu Feb 19 02:33:46.320151 2026] [php:error] [pid 16727] [client 20.214.159.60:0] script '/domains/hungariantasteweb/favicon.php' not found or unable to stat
[Thu Feb 19 02:33:47.301872 2026] [php:error] [pid 16727] [client 20.214.159.60:0] script '/domains/hungariantasteweb/hehe.php' not found or unable to stat
[Thu Feb 19 02:33:48.450758 2026] [php:error] [pid 16745] [client 34.96.162.53:0] script '/domains/pauljbrock/adminer-4.8.1.php' not found or unable to stat
[Thu Feb 19 02:33:48.919007 2026] [php:error] [pid 16727] [client 20.214.159.60:0] script '/domains/hungariantasteweb/user.php' not found or unable to stat
[Thu Feb 19 02:33:49.530274 2026] [php:error] [pid 16706] [client 20.214.159.60:0] script '/domains/hungariantasteweb/autoload_classmap.php' not found or unable to stat
[Thu Feb 19 02:33:49.727634 2026] [php:error] [pid 16706] [client 20.214.159.60:0] script '/domains/hungariantasteweb/files.php' not found or unable to stat
[Thu Feb 19 02:33:50.130819 2026] [php:error] [pid 16706] [client 20.214.159.60:0] script '/domains/hungariantasteweb/about.php' not found or unable to stat
[Thu Feb 19 02:33:50.747992 2026] [php:error] [pid 16706] [client 20.214.159.60:0] script '/domains/hungariantasteweb/al.php' not found or unable to stat
[Thu Feb 19 02:33:51.587236 2026] [php:error] [pid 16706] [client 20.214.159.60:0] script '/domains/hungariantasteweb/byp.php' not found or unable to stat
[Thu Feb 19 02:33:52.741096 2026] [php:error] [pid 16706] [client 20.214.159.60:0] script '/domains/hungariantasteweb/wander.php' not found or unable to stat
[Thu Feb 19 02:33:54.524993 2026] [php:error] [pid 16706] [client 20.214.159.60:0] script '/domains/hungariantasteweb/en.php' not found or unable to stat
[Thu Feb 19 02:33:54.741202 2026] [php:error] [pid 16706] [client 20.214.159.60:0] script '/domains/hungariantasteweb/help.php' not found or unable to stat
[Thu Feb 19 02:33:56.479886 2026] [php:error] [pid 16706] [client 20.214.159.60:0] script '/domains/hungariantasteweb/control.php' not found or unable to stat
[Thu Feb 19 02:33:57.098973 2026] [php:error] [pid 16706] [client 20.214.159.60:0] script '/domains/hungariantasteweb/radio.php' not found or unable to stat
[Thu Feb 19 02:33:57.324302 2026] [php:error] [pid 16706] [client 20.214.159.60:0] script '/domains/hungariantasteweb/dropdown.php' not found or unable to stat
[Thu Feb 19 02:33:58.760045 2026] [php:error] [pid 16706] [client 20.214.159.60:0] script '/domains/hungariantasteweb/wp-2019.php' not found or unable to stat
[Thu Feb 19 02:34:00.703037 2026] [php:error] [pid 16706] [client 20.214.159.60:0] script '/domains/hungariantasteweb/403.php' not found or unable to stat
[Thu Feb 19 02:34:01.625291 2026] [php:error] [pid 16706] [client 20.214.159.60:0] script '/domains/hungariantasteweb/about.php' not found or unable to stat
[Thu Feb 19 02:34:01.823294 2026] [php:error] [pid 16706] [client 20.214.159.60:0] script '/domains/hungariantasteweb/admin.php' not found or unable to stat
[Thu Feb 19 02:34:02.029206 2026] [php:error] [pid 16706] [client 20.214.159.60:0] script '/domains/hungariantasteweb/as.php' not found or unable to stat
[Thu Feb 19 02:34:02.719149 2026] [php:error] [pid 16706] [client 20.214.159.60:0] script '/domains/hungariantasteweb/autoload_classmap.php' not found or unable to stat
[Thu Feb 19 02:34:02.934338 2026] [php:error] [pid 16706] [client 20.214.159.60:0] script '/domains/hungariantasteweb/classwithtostring.php' not found or unable to stat
[Thu Feb 19 02:34:03.724775 2026] [php:error] [pid 16706] [client 20.214.159.60:0] script '/domains/hungariantasteweb/content.php' not found or unable to stat
[Thu Feb 19 02:34:03.928005 2026] [php:error] [pid 16706] [client 20.214.159.60:0] script '/domains/hungariantasteweb/doc.php' not found or unable to stat
[Thu Feb 19 02:34:04.124261 2026] [php:error] [pid 16706] [client 20.214.159.60:0] script '/domains/hungariantasteweb/dropdown.php' not found or unable to stat
[Thu Feb 19 02:34:04.323787 2026] [php:error] [pid 16706] [client 20.214.159.60:0] script '/domains/hungariantasteweb/ee.php' not found or unable to stat
[Thu Feb 19 02:34:04.943111 2026] [php:error] [pid 16706] [client 20.214.159.60:0] script '/domains/hungariantasteweb/images/wp-login.php' not found or unable to stat
[Thu Feb 19 02:34:05.139004 2026] [php:error] [pid 16706] [client 20.214.159.60:0] script '/domains/hungariantasteweb/moon.php' not found or unable to stat
[Thu Feb 19 02:34:05.437621 2026] [php:error] [pid 16706] [client 20.214.159.60:0] script '/domains/hungariantasteweb/new.php' not found or unable to stat
[Thu Feb 19 02:34:05.654913 2026] [php:error] [pid 16706] [client 20.214.159.60:0] script '/domains/hungariantasteweb/radio.php' not found or unable to stat
[Thu Feb 19 02:34:06.511446 2026] [php:error] [pid 16706] [client 20.214.159.60:0] script '/domains/hungariantasteweb/s.php' not found or unable to stat
[Thu Feb 19 02:34:06.717377 2026] [php:error] [pid 16706] [client 20.214.159.60:0] script '/domains/hungariantasteweb/sim.php' not found or unable to stat
[Thu Feb 19 02:34:06.977721 2026] [php:error] [pid 16744] [client 62.60.130.228:0] script '/domains/king1969/wp-login.php' not found or unable to stat
[Thu Feb 19 02:34:07.200506 2026] [php:error] [pid 16751] [client 62.60.130.228:0] script '/domains/king1969/wp-login.php' not found or unable to stat
[Thu Feb 19 02:34:07.468957 2026] [php:error] [pid 16706] [client 20.214.159.60:0] script '/domains/hungariantasteweb/simple.php' not found or unable to stat
[Thu Feb 19 02:34:08.323810 2026] [php:error] [pid 16706] [client 20.214.159.60:0] script '/domains/hungariantasteweb/user.php' not found or unable to stat
[Thu Feb 19 02:34:08.529982 2026] [php:error] [pid 16706] [client 20.214.159.60:0] script '/domains/hungariantasteweb/webadmin.php' not found or unable to stat
[Thu Feb 19 02:34:09.138479 2026] [php:error] [pid 16753] [client 202.155.107.71:0] script '/domains/awciii/wp-login.php' not found or unable to stat
[Thu Feb 19 02:34:11.265728 2026] [php:error] [pid 16706] [client 20.214.159.60:0] script '/domains/hungariantasteweb/wp-config-sample.php' not found or unable to stat
[Thu Feb 19 02:34:11.909328 2026] [php:error] [pid 16706] [client 20.214.159.60:0] script '/domains/hungariantasteweb/wp-configs.php' not found or unable to stat
[Thu Feb 19 02:34:12.152894 2026] [php:error] [pid 16706] [client 20.214.159.60:0] script '/domains/hungariantasteweb/wp-conflg.php' not found or unable to stat
[Thu Feb 19 02:34:13.839394 2026] [php:error] [pid 16706] [client 20.214.159.60:0] script '/domains/hungariantasteweb/wp-mail.php' not found or unable to stat
[Thu Feb 19 02:34:14.307222 2026] [php:error] [pid 16706] [client 20.214.159.60:0] script '/domains/hungariantasteweb/wsa.php' not found or unable to stat
[Thu Feb 19 02:34:15.010209 2026] [php:error] [pid 16706] [client 20.214.159.60:0] script '/domains/hungariantasteweb/xmlrpc.php' not found or unable to stat
[Thu Feb 19 02:34:15.223322 2026] [php:error] [pid 16706] [client 20.214.159.60:0] script '/domains/hungariantasteweb/ab.php' not found or unable to stat
[Thu Feb 19 02:34:15.415910 2026] [php:error] [pid 16706] [client 20.214.159.60:0] script '/domains/hungariantasteweb/classwithtostring.php' not found or unable to stat
[Thu Feb 19 02:34:15.628527 2026] [php:error] [pid 16706] [client 20.214.159.60:0] script '/domains/hungariantasteweb/version.php' not found or unable to stat
[Thu Feb 19 02:34:15.839121 2026] [php:error] [pid 16706] [client 20.214.159.60:0] script '/domains/hungariantasteweb/xxx.php' not found or unable to stat
[Thu Feb 19 02:34:16.449156 2026] [php:error] [pid 16706] [client 20.214.159.60:0] script '/domains/hungariantasteweb/1.php' not found or unable to stat
[Thu Feb 19 02:34:16.929404 2026] [php:error] [pid 16706] [client 20.214.159.60:0] script '/domains/hungariantasteweb/themes.php' not found or unable to stat
[Thu Feb 19 02:34:18.640103 2026] [php:error] [pid 16706] [client 20.214.159.60:0] script '/domains/hungariantasteweb/b0.php' not found or unable to stat
[Thu Feb 19 02:34:18.858351 2026] [php:error] [pid 16706] [client 20.214.159.60:0] script '/domains/hungariantasteweb/bala.php' not found or unable to stat
[Thu Feb 19 02:34:20.276485 2026] [php:error] [pid 16706] [client 20.214.159.60:0] script '/domains/hungariantasteweb/xl2023.php.php' not found or unable to stat
[Thu Feb 19 02:34:21.809527 2026] [php:error] [pid 16706] [client 20.214.159.60:0] script '/domains/hungariantasteweb/120f9.php' not found or unable to stat
[Thu Feb 19 02:34:22.003600 2026] [php:error] [pid 16706] [client 20.214.159.60:0] script '/domains/hungariantasteweb/504.php' not found or unable to stat
[Thu Feb 19 02:34:22.205182 2026] [php:error] [pid 16706] [client 20.214.159.60:0] script '/domains/hungariantasteweb/about.php' not found or unable to stat
[Thu Feb 19 02:34:22.399400 2026] [php:error] [pid 16706] [client 20.214.159.60:0] script '/domains/hungariantasteweb/back.php' not found or unable to stat
[Thu Feb 19 02:34:22.779263 2026] [php:error] [pid 16706] [client 20.214.159.60:0] script '/domains/hungariantasteweb/cong.php' not found or unable to stat
[Thu Feb 19 02:34:22.999192 2026] [php:error] [pid 16706] [client 20.214.159.60:0] script '/domains/hungariantasteweb/credits.php' not found or unable to stat
[Thu Feb 19 02:34:23.489847 2026] [php:error] [pid 16706] [client 20.214.159.60:0] script '/domains/hungariantasteweb/credits.php' not found or unable to stat
[Thu Feb 19 02:34:23.683014 2026] [php:error] [pid 16706] [client 20.214.159.60:0] script '/domains/hungariantasteweb/data.php' not found or unable to stat
[Thu Feb 19 02:34:23.880852 2026] [php:error] [pid 16706] [client 20.214.159.60:0] script '/domains/hungariantasteweb/function.php' not found or unable to stat
[Thu Feb 19 02:34:24.087719 2026] [php:error] [pid 16706] [client 20.214.159.60:0] script '/domains/hungariantasteweb/goods.php' not found or unable to stat
[Thu Feb 19 02:34:24.362224 2026] [php:error] [pid 16706] [client 20.214.159.60:0] script '/domains/hungariantasteweb/gzak2w.php' not found or unable to stat
[Thu Feb 19 02:34:24.865218 2026] [php:error] [pid 16706] [client 20.214.159.60:0] script '/domains/hungariantasteweb/hehehehe.php' not found or unable to stat
[Thu Feb 19 02:34:25.719089 2026] [php:error] [pid 16706] [client 20.214.159.60:0] script '/domains/hungariantasteweb/install.php' not found or unable to stat
[Thu Feb 19 02:34:26.300772 2026] [php:error] [pid 16706] [client 20.214.159.60:0] script '/domains/hungariantasteweb/ova.php' not found or unable to stat
[Thu Feb 19 02:34:34.224952 2026] [php:error] [pid 16727] [client 20.214.159.60:0] script '/domains/hungariantasteweb/wp.php' not found or unable to stat
[Thu Feb 19 02:34:45.301134 2026] [php:error] [pid 16745] [client 20.194.29.45:0] script '/domains/jaspen/wp-2019.php' not found or unable to stat
[Thu Feb 19 02:34:45.754309 2026] [php:error] [pid 16745] [client 20.194.29.45:0] script '/domains/jaspen/403.php' not found or unable to stat
[Thu Feb 19 02:34:45.945341 2026] [php:error] [pid 16745] [client 20.194.29.45:0] script '/domains/jaspen/aaa.php' not found or unable to stat
[Thu Feb 19 02:34:46.823567 2026] [php:error] [pid 16745] [client 20.194.29.45:0] script '/domains/jaspen/y.php' not found or unable to stat
[Thu Feb 19 02:34:47.410271 2026] [php:error] [pid 16745] [client 20.194.29.45:0] script '/domains/jaspen/ggfi.php' not found or unable to stat
[Thu Feb 19 02:34:48.269549 2026] [php:error] [pid 16745] [client 20.194.29.45:0] script '/domains/jaspen/buy.php' not found or unable to stat
[Thu Feb 19 02:34:48.466078 2026] [php:error] [pid 16745] [client 20.194.29.45:0] script '/domains/jaspen/chosen.php' not found or unable to stat
[Thu Feb 19 02:34:48.657833 2026] [php:error] [pid 16745] [client 20.194.29.45:0] script '/domains/jaspen/index.php' not found or unable to stat
[Thu Feb 19 02:34:48.939532 2026] [php:error] [pid 16745] [client 20.194.29.45:0] script '/domains/jaspen/cron.php' not found or unable to stat
[Thu Feb 19 02:34:49.135852 2026] [php:error] [pid 16745] [client 20.194.29.45:0] script '/domains/jaspen/functions.php' not found or unable to stat
[Thu Feb 19 02:34:50.125607 2026] [php:error] [pid 16745] [client 20.194.29.45:0] script '/domains/jaspen/wp-add.php' not found or unable to stat
[Thu Feb 19 02:34:50.317341 2026] [php:error] [pid 16745] [client 20.194.29.45:0] script '/domains/jaspen/0.php' not found or unable to stat
[Thu Feb 19 02:34:50.509196 2026] [php:error] [pid 16745] [client 20.194.29.45:0] script '/domains/jaspen/edit.php' not found or unable to stat
[Thu Feb 19 02:34:50.820442 2026] [php:error] [pid 16745] [client 20.194.29.45:0] script '/domains/jaspen/meta.php' not found or unable to stat
[Thu Feb 19 02:34:51.111763 2026] [php:error] [pid 16745] [client 20.194.29.45:0] script '/domains/jaspen/new.php' not found or unable to stat
[Thu Feb 19 02:34:51.501070 2026] [php:error] [pid 16745] [client 20.194.29.45:0] script '/domains/jaspen/as.php' not found or unable to stat
[Thu Feb 19 02:34:51.720433 2026] [php:error] [pid 16745] [client 20.194.29.45:0] script '/domains/jaspen/ds.php' not found or unable to stat
[Thu Feb 19 02:34:51.918546 2026] [php:error] [pid 16745] [client 20.194.29.45:0] script '/domains/jaspen/error.php' not found or unable to stat
[Thu Feb 19 02:34:52.309582 2026] [php:error] [pid 16745] [client 20.194.29.45:0] script '/domains/jaspen/gecko-new.php' not found or unable to stat
[Thu Feb 19 02:34:52.501314 2026] [php:error] [pid 16745] [client 20.194.29.45:0] script '/domains/jaspen/randkeyword.php' not found or unable to stat
[Thu Feb 19 02:34:53.204622 2026] [php:error] [pid 16745] [client 20.194.29.45:0] script '/domains/jaspen/NewFile.php' not found or unable to stat
[Thu Feb 19 02:34:53.401426 2026] [php:error] [pid 16745] [client 20.194.29.45:0] script '/domains/jaspen/goods.php' not found or unable to stat
[Thu Feb 19 02:34:53.676021 2026] [php:error] [pid 16745] [client 20.194.29.45:0] script '/domains/jaspen/simple.php' not found or unable to stat
[Thu Feb 19 02:34:54.811017 2026] [php:error] [pid 16745] [client 20.194.29.45:0] script '/domains/jaspen/c.php' not found or unable to stat
[Thu Feb 19 02:34:55.753654 2026] [php:error] [pid 16745] [client 20.194.29.45:0] script '/domains/jaspen/auth.php' not found or unable to stat
[Thu Feb 19 02:34:55.944363 2026] [php:error] [pid 16745] [client 20.194.29.45:0] script '/domains/jaspen/class-wp-lock.php' not found or unable to stat
[Thu Feb 19 02:34:56.300019 2026] [php:error] [pid 16745] [client 20.194.29.45:0] script '/domains/jaspen/cookie.php' not found or unable to stat
[Thu Feb 19 02:34:56.500404 2026] [php:error] [pid 16745] [client 20.194.29.45:0] script '/domains/jaspen/admin.php' not found or unable to stat
[Thu Feb 19 02:34:56.700890 2026] [php:error] [pid 16745] [client 20.194.29.45:0] script '/domains/jaspen/baxa1.php' not found or unable to stat
[Thu Feb 19 02:34:57.392438 2026] [php:error] [pid 16745] [client 20.194.29.45:0] script '/domains/jaspen/xleet.php' not found or unable to stat
[Thu Feb 19 02:34:57.826360 2026] [php:error] [pid 16745] [client 20.194.29.45:0] script '/domains/jaspen/about.php' not found or unable to stat
[Thu Feb 19 02:34:59.243237 2026] [php:error] [pid 16745] [client 20.194.29.45:0] script '/domains/jaspen/alfanew.php' not found or unable to stat
[Thu Feb 19 02:34:59.842549 2026] [php:error] [pid 16745] [client 20.194.29.45:0] script '/domains/jaspen/22.php' not found or unable to stat
[Thu Feb 19 02:35:00.592446 2026] [php:error] [pid 16745] [client 20.194.29.45:0] script '/domains/jaspen/simple.php' not found or unable to stat
[Thu Feb 19 02:35:00.990840 2026] [php:error] [pid 16745] [client 20.194.29.45:0] script '/domains/jaspen/admin.php' not found or unable to stat
[Thu Feb 19 02:35:01.209972 2026] [php:error] [pid 16745] [client 20.194.29.45:0] script '/domains/jaspen/c99.php' not found or unable to stat
[Thu Feb 19 02:35:01.405115 2026] [php:error] [pid 16745] [client 20.194.29.45:0] script '/domains/jaspen/file.php' not found or unable to stat
[Thu Feb 19 02:35:01.594244 2026] [php:error] [pid 16745] [client 20.194.29.45:0] script '/domains/jaspen/b.php' not found or unable to stat
[Thu Feb 19 02:35:01.793959 2026] [php:error] [pid 16745] [client 20.194.29.45:0] script '/domains/jaspen/classwithtostring.php' not found or unable to stat
[Thu Feb 19 02:35:02.100543 2026] [php:error] [pid 16745] [client 20.194.29.45:0] script '/domains/jaspen/css.php' not found or unable to stat
[Thu Feb 19 02:35:02.297801 2026] [php:error] [pid 16745] [client 20.194.29.45:0] script '/domains/jaspen/flower.php' not found or unable to stat
[Thu Feb 19 02:35:03.015727 2026] [php:error] [pid 16745] [client 20.194.29.45:0] script '/domains/jaspen/jp.php' not found or unable to stat
[Thu Feb 19 02:35:03.206226 2026] [php:error] [pid 16745] [client 20.194.29.45:0] script '/domains/jaspen/room.php' not found or unable to stat
[Thu Feb 19 02:35:04.009637 2026] [php:error] [pid 16745] [client 20.194.29.45:0] script '/domains/jaspen/12.php' not found or unable to stat
[Thu Feb 19 02:35:04.365292 2026] [php:error] [pid 16745] [client 20.194.29.45:0] script '/domains/jaspen/404.php' not found or unable to stat
[Thu Feb 19 02:35:04.676964 2026] [php:error] [pid 16745] [client 20.194.29.45:0] script '/domains/jaspen/disagreed.php' not found or unable to stat
[Thu Feb 19 02:35:05.163192 2026] [php:error] [pid 16745] [client 20.194.29.45:0] script '/domains/jaspen/text.php' not found or unable to stat
[Thu Feb 19 02:35:07.154478 2026] [php:error] [pid 16745] [client 20.194.29.45:0] script '/domains/jaspen/GOD.php' not found or unable to stat
[Thu Feb 19 02:35:07.281059 2026] [php:error] [pid 16760] [client 20.214.159.60:0] script '/domains/quintet/wp-2019.php' not found or unable to stat
[Thu Feb 19 02:35:07.483692 2026] [php:error] [pid 16760] [client 20.214.159.60:0] script '/domains/quintet/403.php' not found or unable to stat
[Thu Feb 19 02:35:07.674367 2026] [php:error] [pid 16760] [client 20.214.159.60:0] script '/domains/quintet/aaa.php' not found or unable to stat
[Thu Feb 19 02:35:07.717300 2026] [php:error] [pid 16745] [client 20.194.29.45:0] script '/domains/jaspen/alfa-rex.php' not found or unable to stat
[Thu Feb 19 02:35:07.917472 2026] [php:error] [pid 16745] [client 20.194.29.45:0] script '/domains/jaspen/f35.php' not found or unable to stat
[Thu Feb 19 02:35:08.113701 2026] [php:error] [pid 16745] [client 20.194.29.45:0] script '/domains/jaspen/feeds.php' not found or unable to stat
[Thu Feb 19 02:35:08.671109 2026] [php:error] [pid 16745] [client 20.194.29.45:0] script '/domains/jaspen/favicon.php' not found or unable to stat
[Thu Feb 19 02:35:08.720502 2026] [php:error] [pid 16760] [client 20.214.159.60:0] script '/domains/quintet/y.php' not found or unable to stat
[Thu Feb 19 02:35:09.124749 2026] [php:error] [pid 16745] [client 20.194.29.45:0] script '/domains/jaspen/hehe.php' not found or unable to stat
[Thu Feb 19 02:35:09.300772 2026] [php:error] [pid 16760] [client 20.214.159.60:0] script '/domains/quintet/ggfi.php' not found or unable to stat
[Thu Feb 19 02:35:09.985721 2026] [php:error] [pid 16745] [client 20.194.29.45:0] script '/domains/jaspen/user.php' not found or unable to stat
[Thu Feb 19 02:35:10.737999 2026] [php:error] [pid 16757] [client 20.194.29.45:0] script '/domains/jaspen/autoload_classmap.php' not found or unable to stat
[Thu Feb 19 02:35:11.102189 2026] [php:error] [pid 16757] [client 20.194.29.45:0] script '/domains/jaspen/files.php' not found or unable to stat
[Thu Feb 19 02:35:11.355902 2026] [php:error] [pid 16760] [client 20.214.159.60:0] script '/domains/quintet/buy.php' not found or unable to stat
[Thu Feb 19 02:35:11.487275 2026] [php:error] [pid 16757] [client 20.194.29.45:0] script '/domains/jaspen/about.php' not found or unable to stat
[Thu Feb 19 02:35:11.562727 2026] [php:error] [pid 16760] [client 20.214.159.60:0] script '/domains/quintet/chosen.php' not found or unable to stat
[Thu Feb 19 02:35:11.682345 2026] [php:error] [pid 16757] [client 20.194.29.45:0] script '/domains/jaspen/al.php' not found or unable to stat
[Thu Feb 19 02:35:11.763999 2026] [php:error] [pid 16760] [client 20.214.159.60:0] script '/domains/quintet/index.php' not found or unable to stat
[Thu Feb 19 02:35:11.956356 2026] [php:error] [pid 16760] [client 20.214.159.60:0] script '/domains/quintet/cron.php' not found or unable to stat
[Thu Feb 19 02:35:12.072289 2026] [php:error] [pid 16757] [client 20.194.29.45:0] script '/domains/jaspen/byp.php' not found or unable to stat
[Thu Feb 19 02:35:12.149299 2026] [php:error] [pid 16760] [client 20.214.159.60:0] script '/domains/quintet/functions.php' not found or unable to stat
[Thu Feb 19 02:35:12.844348 2026] [php:error] [pid 16757] [client 20.194.29.45:0] script '/domains/jaspen/wander.php' not found or unable to stat
[Thu Feb 19 02:35:13.853044 2026] [php:error] [pid 16760] [client 20.214.159.60:0] script '/domains/quintet/wp-add.php' not found or unable to stat
[Thu Feb 19 02:35:14.113583 2026] [php:error] [pid 16757] [client 20.194.29.45:0] script '/domains/jaspen/en.php' not found or unable to stat
[Thu Feb 19 02:35:14.405391 2026] [php:error] [pid 16757] [client 20.194.29.45:0] script '/domains/jaspen/help.php' not found or unable to stat
[Thu Feb 19 02:35:14.501704 2026] [php:error] [pid 16760] [client 20.214.159.60:0] script '/domains/quintet/0.php' not found or unable to stat
[Thu Feb 19 02:35:14.691420 2026] [php:error] [pid 16760] [client 20.214.159.60:0] script '/domains/quintet/edit.php' not found or unable to stat
[Thu Feb 19 02:35:14.881101 2026] [php:error] [pid 16760] [client 20.214.159.60:0] script '/domains/quintet/meta.php' not found or unable to stat
[Thu Feb 19 02:35:15.658735 2026] [php:error] [pid 16760] [client 20.214.159.60:0] script '/domains/quintet/new.php' not found or unable to stat
[Thu Feb 19 02:35:15.689306 2026] [php:error] [pid 16757] [client 20.194.29.45:0] script '/domains/jaspen/control.php' not found or unable to stat
[Thu Feb 19 02:35:16.531934 2026] [php:error] [pid 16757] [client 20.194.29.45:0] script '/domains/jaspen/radio.php' not found or unable to stat
[Thu Feb 19 02:35:16.733903 2026] [php:error] [pid 16757] [client 20.194.29.45:0] script '/domains/jaspen/dropdown.php' not found or unable to stat
[Thu Feb 19 02:35:17.034047 2026] [php:error] [pid 16760] [client 20.214.159.60:0] script '/domains/quintet/as.php' not found or unable to stat
[Thu Feb 19 02:35:17.470097 2026] [php:error] [pid 16757] [client 20.194.29.45:0] script '/domains/jaspen/wp-2019.php' not found or unable to stat
[Thu Feb 19 02:35:17.986935 2026] [php:error] [pid 16760] [client 20.214.159.60:0] script '/domains/quintet/ds.php' not found or unable to stat
[Thu Feb 19 02:35:18.243539 2026] [php:error] [pid 16757] [client 20.194.29.45:0] script '/domains/jaspen/403.php' not found or unable to stat
[Thu Feb 19 02:35:18.503055 2026] [php:error] [pid 16757] [client 20.194.29.45:0] script '/domains/jaspen/about.php' not found or unable to stat
[Thu Feb 19 02:35:18.602415 2026] [php:error] [pid 16760] [client 20.214.159.60:0] script '/domains/quintet/error.php' not found or unable to stat
[Thu Feb 19 02:35:18.709143 2026] [php:error] [pid 16757] [client 20.194.29.45:0] script '/domains/jaspen/admin.php' not found or unable to stat
[Thu Feb 19 02:35:18.948219 2026] [php:error] [pid 16760] [client 20.214.159.60:0] script '/domains/quintet/gecko-new.php' not found or unable to stat
[Thu Feb 19 02:35:19.118000 2026] [php:error] [pid 16757] [client 20.194.29.45:0] script '/domains/jaspen/as.php' not found or unable to stat
[Thu Feb 19 02:35:19.145445 2026] [php:error] [pid 16760] [client 20.214.159.60:0] script '/domains/quintet/randkeyword.php' not found or unable to stat
[Thu Feb 19 02:35:19.466913 2026] [php:error] [pid 16757] [client 20.194.29.45:0] script '/domains/jaspen/autoload_classmap.php' not found or unable to stat
[Thu Feb 19 02:35:19.658275 2026] [php:error] [pid 16757] [client 20.194.29.45:0] script '/domains/jaspen/classwithtostring.php' not found or unable to stat
[Thu Feb 19 02:35:19.895602 2026] [php:error] [pid 16760] [client 20.214.159.60:0] script '/domains/quintet/NewFile.php' not found or unable to stat
[Thu Feb 19 02:35:20.013496 2026] [php:error] [pid 16757] [client 20.194.29.45:0] script '/domains/jaspen/content.php' not found or unable to stat
[Thu Feb 19 02:35:20.219785 2026] [php:error] [pid 16757] [client 20.194.29.45:0] script '/domains/jaspen/doc.php' not found or unable to stat
[Thu Feb 19 02:35:20.624981 2026] [php:error] [pid 16757] [client 20.194.29.45:0] script '/domains/jaspen/dropdown.php' not found or unable to stat
[Thu Feb 19 02:35:20.643835 2026] [php:error] [pid 16760] [client 20.214.159.60:0] script '/domains/quintet/goods.php' not found or unable to stat
[Thu Feb 19 02:35:20.845387 2026] [php:error] [pid 16760] [client 20.214.159.60:0] script '/domains/quintet/simple.php' not found or unable to stat
[Thu Feb 19 02:35:20.983509 2026] [php:error] [pid 16757] [client 20.194.29.45:0] script '/domains/jaspen/ee.php' not found or unable to stat
[Thu Feb 19 02:35:21.379253 2026] [php:error] [pid 16757] [client 20.194.29.45:0] script '/domains/jaspen/moon.php' not found or unable to stat
[Thu Feb 19 02:35:21.571548 2026] [php:error] [pid 16757] [client 20.194.29.45:0] script '/domains/jaspen/new.php' not found or unable to stat
[Thu Feb 19 02:35:21.761295 2026] [php:error] [pid 16757] [client 20.194.29.45:0] script '/domains/jaspen/radio.php' not found or unable to stat
[Thu Feb 19 02:35:21.952863 2026] [php:error] [pid 16757] [client 20.194.29.45:0] script '/domains/jaspen/s.php' not found or unable to stat
[Thu Feb 19 02:35:22.144859 2026] [php:error] [pid 16757] [client 20.194.29.45:0] script '/domains/jaspen/sim.php' not found or unable to stat
[Thu Feb 19 02:35:22.335939 2026] [php:error] [pid 16757] [client 20.194.29.45:0] script '/domains/jaspen/simple.php' not found or unable to stat
[Thu Feb 19 02:35:22.459895 2026] [php:error] [pid 16760] [client 20.214.159.60:0] script '/domains/quintet/c.php' not found or unable to stat
[Thu Feb 19 02:35:22.906818 2026] [php:error] [pid 16757] [client 20.194.29.45:0] script '/domains/jaspen/user.php' not found or unable to stat
[Thu Feb 19 02:35:23.098667 2026] [php:error] [pid 16757] [client 20.194.29.45:0] script '/domains/jaspen/webadmin.php' not found or unable to stat
[Thu Feb 19 02:35:23.328870 2026] [php:error] [pid 16760] [client 20.214.159.60:0] script '/domains/quintet/auth.php' not found or unable to stat
[Thu Feb 19 02:35:23.588137 2026] [php:error] [pid 16760] [client 20.214.159.60:0] script '/domains/quintet/class-wp-lock.php' not found or unable to stat
[Thu Feb 19 02:35:24.127205 2026] [php:error] [pid 16760] [client 20.214.159.60:0] script '/domains/quintet/cookie.php' not found or unable to stat
[Thu Feb 19 02:35:24.337998 2026] [php:error] [pid 16760] [client 20.214.159.60:0] script '/domains/quintet/admin.php' not found or unable to stat
[Thu Feb 19 02:35:24.731149 2026] [php:error] [pid 16760] [client 20.214.159.60:0] script '/domains/quintet/baxa1.php' not found or unable to stat
[Thu Feb 19 02:35:25.211977 2026] [php:error] [pid 16757] [client 20.194.29.45:0] script '/domains/jaspen/wp-config-sample.php' not found or unable to stat
[Thu Feb 19 02:35:25.559008 2026] [php:error] [pid 16760] [client 20.214.159.60:0] script '/domains/quintet/xleet.php' not found or unable to stat
[Thu Feb 19 02:35:25.641946 2026] [php:error] [pid 16757] [client 20.194.29.45:0] script '/domains/jaspen/wp-configs.php' not found or unable to stat
[Thu Feb 19 02:35:25.863900 2026] [php:error] [pid 16757] [client 20.194.29.45:0] script '/domains/jaspen/wp-conflg.php' not found or unable to stat
[Thu Feb 19 02:35:26.539769 2026] [php:error] [pid 16760] [client 20.214.159.60:0] script '/domains/quintet/about.php' not found or unable to stat
[Thu Feb 19 02:35:27.723979 2026] [php:error] [pid 16757] [client 20.194.29.45:0] script '/domains/jaspen/wp-mail.php' not found or unable to stat
[Thu Feb 19 02:35:28.113356 2026] [php:error] [pid 16757] [client 20.194.29.45:0] script '/domains/jaspen/wsa.php' not found or unable to stat
[Thu Feb 19 02:35:28.274641 2026] [php:error] [pid 16760] [client 20.214.159.60:0] script '/domains/quintet/alfanew.php' not found or unable to stat
[Thu Feb 19 02:35:28.588999 2026] [php:error] [pid 16757] [client 20.194.29.45:0] script '/domains/jaspen/xmlrpc.php' not found or unable to stat
[Thu Feb 19 02:35:28.693404 2026] [php:error] [pid 16760] [client 20.214.159.60:0] script '/domains/quintet/22.php' not found or unable to stat
[Thu Feb 19 02:35:28.780450 2026] [php:error] [pid 16757] [client 20.194.29.45:0] script '/domains/jaspen/ab.php' not found or unable to stat
[Thu Feb 19 02:35:28.978075 2026] [php:error] [pid 16757] [client 20.194.29.45:0] script '/domains/jaspen/classwithtostring.php' not found or unable to stat
[Thu Feb 19 02:35:29.513827 2026] [php:error] [pid 16760] [client 20.214.159.60:0] script '/domains/quintet/simple.php' not found or unable to stat
[Thu Feb 19 02:35:29.529236 2026] [php:error] [pid 16757] [client 20.194.29.45:0] script '/domains/jaspen/version.php' not found or unable to stat
[Thu Feb 19 02:35:29.983332 2026] [php:error] [pid 16757] [client 20.194.29.45:0] script '/domains/jaspen/xxx.php' not found or unable to stat
[Thu Feb 19 02:35:30.663720 2026] [php:error] [pid 16760] [client 20.214.159.60:0] script '/domains/quintet/admin.php' not found or unable to stat
[Thu Feb 19 02:35:31.502805 2026] [php:error] [pid 16757] [client 20.194.29.45:0] script '/domains/jaspen/1.php' not found or unable to stat
[Thu Feb 19 02:35:31.692729 2026] [php:error] [pid 16757] [client 20.194.29.45:0] script '/domains/jaspen/themes.php' not found or unable to stat
[Thu Feb 19 02:35:31.775074 2026] [php:error] [pid 16760] [client 20.214.159.60:0] script '/domains/quintet/c99.php' not found or unable to stat
[Thu Feb 19 02:35:32.472351 2026] [php:error] [pid 16760] [client 20.214.159.60:0] script '/domains/quintet/file.php' not found or unable to stat
[Thu Feb 19 02:35:32.949752 2026] [php:error] [pid 16757] [client 20.194.29.45:0] script '/domains/jaspen/b0.php' not found or unable to stat
[Thu Feb 19 02:35:32.988050 2026] [php:error] [pid 16760] [client 20.214.159.60:0] script '/domains/quintet/b.php' not found or unable to stat
[Thu Feb 19 02:35:33.144607 2026] [php:error] [pid 16757] [client 20.194.29.45:0] script '/domains/jaspen/bala.php' not found or unable to stat
