[Thu Feb 19 02:08:26.105947 2026] [php:error] [pid 16507] [client 40.80.90.214:0] script '/domains/system_default/ffd.php' not found or unable to stat
[Thu Feb 19 02:08:26.312292 2026] [php:error] [pid 16507] [client 40.80.90.214:0] script '/domains/system_default/admiin.php' not found or unable to stat
[Thu Feb 19 02:08:26.516121 2026] [php:error] [pid 16507] [client 40.80.90.214:0] script '/domains/system_default/ol.php' not found or unable to stat
[Thu Feb 19 02:08:26.756638 2026] [php:error] [pid 16507] [client 40.80.90.214:0] script '/domains/system_default/Sanskrit.php' not found or unable to stat
[Thu Feb 19 02:08:26.974436 2026] [php:error] [pid 16507] [client 40.80.90.214:0] script '/domains/system_default/vxrl.php' not found or unable to stat
[Thu Feb 19 02:08:27.189460 2026] [php:error] [pid 16507] [client 40.80.90.214:0] script '/domains/system_default/re.php' not found or unable to stat
[Thu Feb 19 02:08:27.444108 2026] [php:error] [pid 16507] [client 40.80.90.214:0] script '/domains/system_default/num.php' not found or unable to stat
[Thu Feb 19 02:08:27.646369 2026] [php:error] [pid 16507] [client 40.80.90.214:0] script '/domains/system_default/axx.php' not found or unable to stat
[Thu Feb 19 02:08:27.848664 2026] [php:error] [pid 16507] [client 40.80.90.214:0] script '/domains/system_default/vxrl.php' not found or unable to stat
[Thu Feb 19 02:08:28.063766 2026] [php:error] [pid 16507] [client 40.80.90.214:0] script '/domains/system_default/in.php' not found or unable to stat
[Thu Feb 19 02:08:28.324517 2026] [php:error] [pid 16507] [client 40.80.90.214:0] script '/domains/system_default/style.php' not found or unable to stat
[Thu Feb 19 02:08:28.539544 2026] [php:error] [pid 16507] [client 40.80.90.214:0] script '/domains/system_default/we.php' not found or unable to stat
[Thu Feb 19 02:08:28.709868 2026] [php:error] [pid 16494] [client 20.214.159.60:0] script '/domains/tbarnhil/wp-mail.php' not found or unable to stat
[Thu Feb 19 02:08:28.742005 2026] [php:error] [pid 16507] [client 40.80.90.214:0] script '/domains/system_default/zwso.php' not found or unable to stat
[Thu Feb 19 02:08:28.944826 2026] [php:error] [pid 16507] [client 40.80.90.214:0] script '/domains/system_default/karak.php' not found or unable to stat
[Thu Feb 19 02:08:29.164196 2026] [php:error] [pid 16507] [client 40.80.90.214:0] script '/domains/system_default/prv8.php' not found or unable to stat
[Thu Feb 19 02:08:29.367749 2026] [php:error] [pid 16507] [client 40.80.90.214:0] script '/domains/system_default/i.php' not found or unable to stat
[Thu Feb 19 02:08:29.632407 2026] [php:error] [pid 16494] [client 20.214.159.60:0] script '/domains/tbarnhil/wsa.php' not found or unable to stat
[Thu Feb 19 02:08:29.844336 2026] [php:error] [pid 16494] [client 20.214.159.60:0] script '/domains/tbarnhil/xmlrpc.php' not found or unable to stat
[Thu Feb 19 02:08:30.269687 2026] [php:error] [pid 16507] [client 40.80.90.214:0] script '/domains/system_default/xmlrpc.php' not found or unable to stat
[Thu Feb 19 02:08:30.472013 2026] [php:error] [pid 16507] [client 40.80.90.214:0] script '/domains/system_default/aw.php' not found or unable to stat
[Thu Feb 19 02:08:30.628643 2026] [php:error] [pid 16494] [client 20.214.159.60:0] script '/domains/tbarnhil/ab.php' not found or unable to stat
[Thu Feb 19 02:08:30.683205 2026] [php:error] [pid 16507] [client 40.80.90.214:0] script '/domains/system_default/dev.php' not found or unable to stat
[Thu Feb 19 02:08:30.893092 2026] [php:error] [pid 16507] [client 40.80.90.214:0] script '/domains/system_default/lock360.php' not found or unable to stat
[Thu Feb 19 02:08:31.036256 2026] [php:error] [pid 16494] [client 20.214.159.60:0] script '/domains/tbarnhil/classwithtostring.php' not found or unable to stat
[Thu Feb 19 02:08:31.175462 2026] [php:error] [pid 16507] [client 40.80.90.214:0] script '/domains/system_default/155.php' not found or unable to stat
[Thu Feb 19 02:08:31.233364 2026] [php:error] [pid 16494] [client 20.214.159.60:0] script '/domains/tbarnhil/version.php' not found or unable to stat
[Thu Feb 19 02:08:31.377532 2026] [php:error] [pid 16507] [client 40.80.90.214:0] script '/domains/system_default/goat.php' not found or unable to stat
[Thu Feb 19 02:08:31.579391 2026] [php:error] [pid 16507] [client 40.80.90.214:0] script '/domains/system_default/tcp.php' not found or unable to stat
[Thu Feb 19 02:08:31.782320 2026] [php:error] [pid 16507] [client 40.80.90.214:0] script '/domains/system_default/ext.php' not found or unable to stat
[Thu Feb 19 02:08:31.935103 2026] [php:error] [pid 16494] [client 20.214.159.60:0] script '/domains/tbarnhil/xxx.php' not found or unable to stat
[Thu Feb 19 02:08:31.996938 2026] [php:error] [pid 16507] [client 40.80.90.214:0] script '/domains/system_default/inputs.php' not found or unable to stat
[Thu Feb 19 02:08:32.198810 2026] [php:error] [pid 16507] [client 40.80.90.214:0] script '/domains/system_default/ioxi.php' not found or unable to stat
[Thu Feb 19 02:08:32.416329 2026] [php:error] [pid 16507] [client 40.80.90.214:0] script '/domains/system_default/fe5.php' not found or unable to stat
[Thu Feb 19 02:08:32.636382 2026] [php:error] [pid 16507] [client 40.80.90.214:0] script '/domains/system_default/ov.php' not found or unable to stat
[Thu Feb 19 02:08:33.045334 2026] [php:error] [pid 16507] [client 40.80.90.214:0] script '/domains/system_default/default.php' not found or unable to stat
[Thu Feb 19 02:08:33.130339 2026] [php:error] [pid 16494] [client 20.214.159.60:0] script '/domains/tbarnhil/1.php' not found or unable to stat
[Thu Feb 19 02:08:33.248114 2026] [php:error] [pid 16507] [client 40.80.90.214:0] script '/domains/system_default/goods.php' not found or unable to stat
[Thu Feb 19 02:08:33.450304 2026] [php:error] [pid 16507] [client 40.80.90.214:0] script '/domains/system_default/abcd.php' not found or unable to stat
[Thu Feb 19 02:08:33.655899 2026] [php:error] [pid 16507] [client 40.80.90.214:0] script '/domains/system_default/class.1.php' not found or unable to stat
[Thu Feb 19 02:08:33.755124 2026] [php:error] [pid 16494] [client 20.214.159.60:0] script '/domains/tbarnhil/themes.php' not found or unable to stat
[Thu Feb 19 02:08:33.858964 2026] [php:error] [pid 16507] [client 40.80.90.214:0] script '/domains/system_default/async.php' not found or unable to stat
[Thu Feb 19 02:08:34.066428 2026] [php:error] [pid 16507] [client 40.80.90.214:0] script '/domains/system_default/ff.php' not found or unable to stat
[Thu Feb 19 02:08:34.269213 2026] [php:error] [pid 16507] [client 40.80.90.214:0] script '/domains/system_default/ioxi-o.php' not found or unable to stat
[Thu Feb 19 02:08:34.472008 2026] [php:error] [pid 16507] [client 40.80.90.214:0] script '/domains/system_default/manager.php' not found or unable to stat
[Thu Feb 19 02:08:34.674119 2026] [php:error] [pid 16507] [client 40.80.90.214:0] script '/domains/system_default/wp-update.php' not found or unable to stat
[Thu Feb 19 02:08:34.762874 2026] [php:error] [pid 16494] [client 20.214.159.60:0] script '/domains/tbarnhil/b0.php' not found or unable to stat
[Thu Feb 19 02:08:34.877566 2026] [php:error] [pid 16507] [client 40.80.90.214:0] script '/domains/system_default/file.php' not found or unable to stat
[Thu Feb 19 02:08:35.364989 2026] [php:error] [pid 16507] [client 40.80.90.214:0] script '/domains/system_default/lc.php' not found or unable to stat
[Thu Feb 19 02:08:35.367845 2026] [php:error] [pid 16494] [client 20.214.159.60:0] script '/domains/tbarnhil/bala.php' not found or unable to stat
[Thu Feb 19 02:08:35.598208 2026] [php:error] [pid 16507] [client 40.80.90.214:0] script '/domains/system_default/cbrfo.php' not found or unable to stat
[Thu Feb 19 02:08:35.800468 2026] [php:error] [pid 16507] [client 40.80.90.214:0] script '/domains/system_default/inc.php' not found or unable to stat
[Thu Feb 19 02:08:36.285297 2026] [php:error] [pid 16506] [client 40.80.90.214:0] script '/domains/system_default/gifclass.php' not found or unable to stat
[Thu Feb 19 02:08:36.489081 2026] [php:error] [pid 16506] [client 40.80.90.214:0] script '/domains/system_default/miansha.php' not found or unable to stat
[Thu Feb 19 02:08:36.687431 2026] [php:error] [pid 16506] [client 40.80.90.214:0] script '/domains/system_default/tinyfilemanager.php' not found or unable to stat
[Thu Feb 19 02:08:36.885552 2026] [php:error] [pid 16506] [client 40.80.90.214:0] script '/domains/system_default/admin.php' not found or unable to stat
[Thu Feb 19 02:08:37.097007 2026] [php:error] [pid 16506] [client 40.80.90.214:0] script '/domains/system_default/ok.php' not found or unable to stat
[Thu Feb 19 02:08:37.294968 2026] [php:error] [pid 16506] [client 40.80.90.214:0] script '/domains/system_default/fi.php' not found or unable to stat
[Thu Feb 19 02:08:37.498366 2026] [php:error] [pid 16506] [client 40.80.90.214:0] script '/domains/system_default/muzu.php' not found or unable to stat
[Thu Feb 19 02:08:37.695858 2026] [php:error] [pid 16506] [client 40.80.90.214:0] script '/domains/system_default/reze.php' not found or unable to stat
[Thu Feb 19 02:08:37.726995 2026] [php:error] [pid 16494] [client 20.214.159.60:0] script '/domains/tbarnhil/xl2023.php.php' not found or unable to stat
[Thu Feb 19 02:08:37.926362 2026] [php:error] [pid 16506] [client 40.80.90.214:0] script '/domains/system_default/styll.php' not found or unable to stat
[Thu Feb 19 02:08:38.123951 2026] [php:error] [pid 16506] [client 40.80.90.214:0] script '/domains/system_default/x7.php' not found or unable to stat
[Thu Feb 19 02:08:38.323575 2026] [php:error] [pid 16506] [client 40.80.90.214:0] script '/domains/system_default/thebe.php' not found or unable to stat
[Thu Feb 19 02:08:38.565476 2026] [php:error] [pid 16506] [client 40.80.90.214:0] script '/domains/system_default/ddd.php' not found or unable to stat
[Thu Feb 19 02:08:38.764500 2026] [php:error] [pid 16506] [client 40.80.90.214:0] script '/domains/system_default/bgymj.php' not found or unable to stat
[Thu Feb 19 02:08:39.110532 2026] [php:error] [pid 16506] [client 40.80.90.214:0] script '/domains/system_default/8xyz.php' not found or unable to stat
[Thu Feb 19 02:08:39.330453 2026] [php:error] [pid 16506] [client 40.80.90.214:0] script '/domains/system_default/ioxi.php' not found or unable to stat
[Thu Feb 19 02:08:39.528333 2026] [php:error] [pid 16506] [client 40.80.90.214:0] script '/domains/system_default/xpwer1.php' not found or unable to stat
[Thu Feb 19 02:08:39.819061 2026] [php:error] [pid 16506] [client 40.80.90.214:0] script '/domains/system_default/lala.php' not found or unable to stat
[Thu Feb 19 02:08:39.972355 2026] [php:error] [pid 16494] [client 20.214.159.60:0] script '/domains/tbarnhil/120f9.php' not found or unable to stat
[Thu Feb 19 02:08:40.034520 2026] [php:error] [pid 16506] [client 40.80.90.214:0] script '/domains/system_default/about.php' not found or unable to stat
[Thu Feb 19 02:08:40.321389 2026] [php:error] [pid 16494] [client 20.214.159.60:0] script '/domains/tbarnhil/504.php' not found or unable to stat
[Thu Feb 19 02:08:40.549225 2026] [php:error] [pid 16494] [client 20.214.159.60:0] script '/domains/tbarnhil/about.php' not found or unable to stat
[Thu Feb 19 02:08:40.920717 2026] [php:error] [pid 16494] [client 20.214.159.60:0] script '/domains/tbarnhil/back.php' not found or unable to stat
[Thu Feb 19 02:08:41.062680 2026] [php:error] [pid 16506] [client 40.80.90.214:0] script '/domains/system_default/info.php' not found or unable to stat
[Thu Feb 19 02:08:41.112877 2026] [php:error] [pid 16494] [client 20.214.159.60:0] script '/domains/tbarnhil/cong.php' not found or unable to stat
[Thu Feb 19 02:08:41.260338 2026] [php:error] [pid 16506] [client 40.80.90.214:0] script '/domains/system_default/about.php' not found or unable to stat
[Thu Feb 19 02:08:41.316415 2026] [php:error] [pid 16494] [client 20.214.159.60:0] script '/domains/tbarnhil/credits.php' not found or unable to stat
[Thu Feb 19 02:08:41.500541 2026] [php:error] [pid 16494] [client 20.214.159.60:0] script '/domains/tbarnhil/credits.php' not found or unable to stat
[Thu Feb 19 02:08:41.685934 2026] [php:error] [pid 16494] [client 20.214.159.60:0] script '/domains/tbarnhil/data.php' not found or unable to stat
[Thu Feb 19 02:08:41.690755 2026] [php:error] [pid 16506] [client 40.80.90.214:0] script '/domains/system_default/222.php' not found or unable to stat
[Thu Feb 19 02:08:41.874690 2026] [php:error] [pid 16494] [client 20.214.159.60:0] script '/domains/tbarnhil/function.php' not found or unable to stat
[Thu Feb 19 02:08:41.889046 2026] [php:error] [pid 16506] [client 40.80.90.214:0] script '/domains/system_default/adminfuns.php' not found or unable to stat
[Thu Feb 19 02:08:42.067209 2026] [php:error] [pid 16494] [client 20.214.159.60:0] script '/domains/tbarnhil/goods.php' not found or unable to stat
[Thu Feb 19 02:08:42.270429 2026] [php:error] [pid 16494] [client 20.214.159.60:0] script '/domains/tbarnhil/gzak2w.php' not found or unable to stat
[Thu Feb 19 02:08:42.468324 2026] [php:error] [pid 16494] [client 20.214.159.60:0] script '/domains/tbarnhil/hehehehe.php' not found or unable to stat
[Thu Feb 19 02:08:42.570712 2026] [php:error] [pid 16506] [client 40.80.90.214:0] script '/domains/system_default/xx.php' not found or unable to stat
[Thu Feb 19 02:08:42.968731 2026] [php:error] [pid 16506] [client 40.80.90.214:0] script '/domains/system_default/f5.php' not found or unable to stat
[Thu Feb 19 02:08:43.166124 2026] [php:error] [pid 16506] [client 40.80.90.214:0] script '/domains/system_default/flower.php' not found or unable to stat
[Thu Feb 19 02:08:43.366423 2026] [php:error] [pid 16506] [client 40.80.90.214:0] script '/domains/system_default/f6.php' not found or unable to stat
[Thu Feb 19 02:08:43.564254 2026] [php:error] [pid 16506] [client 40.80.90.214:0] script '/domains/system_default/edit.php' not found or unable to stat
[Thu Feb 19 02:08:43.599847 2026] [php:error] [pid 16494] [client 20.214.159.60:0] script '/domains/tbarnhil/install.php' not found or unable to stat
[Thu Feb 19 02:08:44.250472 2026] [php:error] [pid 16506] [client 40.80.90.214:0] script '/domains/system_default/av.php' not found or unable to stat
[Thu Feb 19 02:08:44.336718 2026] [php:error] [pid 16494] [client 20.214.159.60:0] script '/domains/tbarnhil/ova.php' not found or unable to stat
[Thu Feb 19 02:08:44.645625 2026] [php:error] [pid 16506] [client 40.80.90.214:0] script '/domains/system_default/wsd.php' not found or unable to stat
[Thu Feb 19 02:08:44.844501 2026] [php:error] [pid 16506] [client 40.80.90.214:0] script '/domains/system_default/jane.php' not found or unable to stat
[Thu Feb 19 02:08:45.042580 2026] [php:error] [pid 16506] [client 40.80.90.214:0] script '/domains/system_default/css.php' not found or unable to stat
[Thu Feb 19 02:08:45.240701 2026] [php:error] [pid 16506] [client 40.80.90.214:0] script '/domains/system_default/alfa.php' not found or unable to stat
[Thu Feb 19 02:08:45.449277 2026] [php:error] [pid 16506] [client 40.80.90.214:0] script '/domains/system_default/wen.php' not found or unable to stat
[Thu Feb 19 02:08:45.647302 2026] [php:error] [pid 16506] [client 40.80.90.214:0] script '/domains/system_default/x.php' not found or unable to stat
[Thu Feb 19 02:08:45.845214 2026] [php:error] [pid 16506] [client 40.80.90.214:0] script '/domains/system_default/xxxx.php' not found or unable to stat
[Thu Feb 19 02:08:46.042417 2026] [php:error] [pid 16506] [client 40.80.90.214:0] script '/domains/system_default/class.php' not found or unable to stat
[Thu Feb 19 02:08:46.261811 2026] [php:error] [pid 16506] [client 40.80.90.214:0] script '/domains/system_default/f35.php' not found or unable to stat
[Thu Feb 19 02:08:47.150244 2026] [php:error] [pid 16506] [client 40.80.90.214:0] script '/domains/system_default/class-t.api.php' not found or unable to stat
[Thu Feb 19 02:08:47.348189 2026] [php:error] [pid 16506] [client 40.80.90.214:0] script '/domains/system_default/blurbs18.php' not found or unable to stat
[Thu Feb 19 02:08:48.794405 2026] [php:error] [pid 16506] [client 40.80.90.214:0] script '/domains/system_default/bless11.php' not found or unable to stat
[Thu Feb 19 02:08:48.991651 2026] [php:error] [pid 16506] [client 40.80.90.214:0] script '/domains/system_default/init.php' not found or unable to stat
[Thu Feb 19 02:08:49.409710 2026] [php:error] [pid 16506] [client 40.80.90.214:0] script '/domains/system_default/k.php' not found or unable to stat
[Thu Feb 19 02:08:49.606956 2026] [php:error] [pid 16506] [client 40.80.90.214:0] script '/domains/system_default/bless.php' not found or unable to stat
[Thu Feb 19 02:08:49.814322 2026] [php:error] [pid 16506] [client 40.80.90.214:0] script '/domains/system_default/X7x.php' not found or unable to stat
[Thu Feb 19 02:08:50.026230 2026] [php:error] [pid 16506] [client 40.80.90.214:0] script '/domains/system_default/166.php' not found or unable to stat
[Thu Feb 19 02:08:50.224138 2026] [php:error] [pid 16506] [client 40.80.90.214:0] script '/domains/system_default/plss3.php' not found or unable to stat
[Thu Feb 19 02:08:50.619081 2026] [php:error] [pid 16506] [client 40.80.90.214:0] script '/domains/system_default/admins.php' not found or unable to stat
[Thu Feb 19 02:08:50.817576 2026] [php:error] [pid 16506] [client 40.80.90.214:0] script '/domains/system_default/wp.php' not found or unable to stat
[Thu Feb 19 02:08:51.016977 2026] [php:error] [pid 16506] [client 40.80.90.214:0] script '/domains/system_default/main.php' not found or unable to stat
[Thu Feb 19 02:08:51.214406 2026] [php:error] [pid 16506] [client 40.80.90.214:0] script '/domains/system_default/a1.php' not found or unable to stat
[Thu Feb 19 02:08:51.426615 2026] [php:error] [pid 16506] [client 40.80.90.214:0] script '/domains/system_default/lala.php' not found or unable to stat
[Thu Feb 19 02:08:51.624537 2026] [php:error] [pid 16506] [client 40.80.90.214:0] script '/domains/system_default/aaa.php' not found or unable to stat
[Thu Feb 19 02:08:51.822454 2026] [php:error] [pid 16506] [client 40.80.90.214:0] script '/domains/system_default/a2.php' not found or unable to stat
[Thu Feb 19 02:08:52.218495 2026] [php:error] [pid 16506] [client 40.80.90.214:0] script '/domains/system_default/jsond.php' not found or unable to stat
[Thu Feb 19 02:08:54.422554 2026] [php:error] [pid 16491] [client 20.214.159.60:0] script '/domains/tbarnhil/wp.php' not found or unable to stat
[Thu Feb 19 02:10:46.457200 2026] [php:error] [pid 16507] [client 104.211.88.54:0] script '/domains/ltemple/wp-2019.php' not found or unable to stat
[Thu Feb 19 02:10:47.952558 2026] [php:error] [pid 16507] [client 104.211.88.54:0] script '/domains/ltemple/403.php' not found or unable to stat
[Thu Feb 19 02:10:48.365692 2026] [php:error] [pid 16507] [client 104.211.88.54:0] script '/domains/ltemple/aaa.php' not found or unable to stat
[Thu Feb 19 02:10:50.726337 2026] [php:error] [pid 16507] [client 104.211.88.54:0] script '/domains/ltemple/y.php' not found or unable to stat
[Thu Feb 19 02:10:51.285205 2026] [php:error] [pid 16507] [client 104.211.88.54:0] script '/domains/ltemple/ggfi.php' not found or unable to stat
[Thu Feb 19 02:10:51.899829 2026] [php:error] [pid 16499] [client 34.96.162.61:0] script '/domains/pauljbrock/adminer-5.0.3-mysql-en.php' not found or unable to stat
[Thu Feb 19 02:10:51.948252 2026] [php:error] [pid 16507] [client 104.211.88.54:0] script '/domains/ltemple/buy.php' not found or unable to stat
[Thu Feb 19 02:10:52.395785 2026] [php:error] [pid 16507] [client 104.211.88.54:0] script '/domains/ltemple/chosen.php' not found or unable to stat
[Thu Feb 19 02:10:53.121885 2026] [php:error] [pid 16507] [client 104.211.88.54:0] script '/domains/ltemple/index.php' not found or unable to stat
[Thu Feb 19 02:10:53.336227 2026] [php:error] [pid 16507] [client 104.211.88.54:0] script '/domains/ltemple/cron.php' not found or unable to stat
[Thu Feb 19 02:10:53.555742 2026] [php:error] [pid 16507] [client 104.211.88.54:0] script '/domains/ltemple/functions.php' not found or unable to stat
[Thu Feb 19 02:10:55.765783 2026] [php:error] [pid 16507] [client 104.211.88.54:0] script '/domains/ltemple/wp-add.php' not found or unable to stat
[Thu Feb 19 02:10:56.777119 2026] [php:error] [pid 16507] [client 104.211.88.54:0] script '/domains/ltemple/0.php' not found or unable to stat
[Thu Feb 19 02:10:57.754220 2026] [php:error] [pid 16507] [client 104.211.88.54:0] script '/domains/ltemple/edit.php' not found or unable to stat
[Thu Feb 19 02:10:58.368060 2026] [php:error] [pid 16507] [client 104.211.88.54:0] script '/domains/ltemple/meta.php' not found or unable to stat
[Thu Feb 19 02:10:59.351290 2026] [php:error] [pid 16507] [client 104.211.88.54:0] script '/domains/ltemple/new.php' not found or unable to stat
[Thu Feb 19 02:11:00.538848 2026] [php:error] [pid 16507] [client 104.211.88.54:0] script '/domains/ltemple/as.php' not found or unable to stat
[Thu Feb 19 02:11:01.586296 2026] [php:error] [pid 16507] [client 104.211.88.54:0] script '/domains/ltemple/ds.php' not found or unable to stat
[Thu Feb 19 02:11:01.787213 2026] [php:error] [pid 16507] [client 104.211.88.54:0] script '/domains/ltemple/error.php' not found or unable to stat
[Thu Feb 19 02:11:02.705619 2026] [php:error] [pid 16507] [client 104.211.88.54:0] script '/domains/ltemple/gecko-new.php' not found or unable to stat
[Thu Feb 19 02:11:02.908447 2026] [php:error] [pid 16507] [client 104.211.88.54:0] script '/domains/ltemple/randkeyword.php' not found or unable to stat
[Thu Feb 19 02:11:03.363905 2026] [php:error] [pid 16531] [client 34.96.162.50:0] script '/domains/pauljbrock/adminer-5.0.6-mysql.php' not found or unable to stat
[Thu Feb 19 02:11:04.063264 2026] [php:error] [pid 16507] [client 104.211.88.54:0] script '/domains/ltemple/NewFile.php' not found or unable to stat
[Thu Feb 19 02:11:04.288216 2026] [php:error] [pid 16507] [client 104.211.88.54:0] script '/domains/ltemple/goods.php' not found or unable to stat
[Thu Feb 19 02:11:04.499092 2026] [php:error] [pid 16507] [client 104.211.88.54:0] script '/domains/ltemple/simple.php' not found or unable to stat
[Thu Feb 19 02:11:05.914842 2026] [php:error] [pid 16507] [client 104.211.88.54:0] script '/domains/ltemple/c.php' not found or unable to stat
[Thu Feb 19 02:11:06.700424 2026] [php:error] [pid 16507] [client 104.211.88.54:0] script '/domains/ltemple/auth.php' not found or unable to stat
[Thu Feb 19 02:11:06.911688 2026] [php:error] [pid 16507] [client 104.211.88.54:0] script '/domains/ltemple/class-wp-lock.php' not found or unable to stat
[Thu Feb 19 02:11:07.118205 2026] [php:error] [pid 16507] [client 104.211.88.54:0] script '/domains/ltemple/cookie.php' not found or unable to stat
[Thu Feb 19 02:11:07.337579 2026] [php:error] [pid 16507] [client 104.211.88.54:0] script '/domains/ltemple/admin.php' not found or unable to stat
[Thu Feb 19 02:11:07.547349 2026] [php:error] [pid 16507] [client 104.211.88.54:0] script '/domains/ltemple/baxa1.php' not found or unable to stat
[Thu Feb 19 02:11:08.650552 2026] [php:error] [pid 16507] [client 104.211.88.54:0] script '/domains/ltemple/xleet.php' not found or unable to stat
[Thu Feb 19 02:11:10.175127 2026] [php:error] [pid 16507] [client 104.211.88.54:0] script '/domains/ltemple/about.php' not found or unable to stat
[Thu Feb 19 02:11:11.085195 2026] [php:error] [pid 16531] [client 34.96.162.59:0] script '/domains/pauljbrock/adminer-4.7.0.php' not found or unable to stat
[Thu Feb 19 02:11:12.093180 2026] [php:error] [pid 16526] [client 62.60.130.228:0] script '/domains/brenties/wp-login.php' not found or unable to stat
[Thu Feb 19 02:11:12.313315 2026] [php:error] [pid 16529] [client 62.60.130.228:0] script '/domains/brenties/wp-login.php' not found or unable to stat, referer: https://www.reddit.com/
[Thu Feb 19 02:11:13.398578 2026] [php:error] [pid 16507] [client 104.211.88.54:0] script '/domains/ltemple/alfanew.php' not found or unable to stat
[Thu Feb 19 02:11:14.862529 2026] [php:error] [pid 16507] [client 104.211.88.54:0] script '/domains/ltemple/22.php' not found or unable to stat
[Thu Feb 19 02:11:16.254044 2026] [php:error] [pid 16507] [client 104.211.88.54:0] script '/domains/ltemple/simple.php' not found or unable to stat
[Thu Feb 19 02:11:17.518497 2026] [php:error] [pid 16507] [client 104.211.88.54:0] script '/domains/ltemple/admin.php' not found or unable to stat
[Thu Feb 19 02:11:18.200349 2026] [php:error] [pid 16507] [client 104.211.88.54:0] script '/domains/ltemple/c99.php' not found or unable to stat
[Thu Feb 19 02:11:18.410409 2026] [php:error] [pid 16507] [client 104.211.88.54:0] script '/domains/ltemple/file.php' not found or unable to stat
[Thu Feb 19 02:11:19.010171 2026] [php:error] [pid 16507] [client 104.211.88.54:0] script '/domains/ltemple/b.php' not found or unable to stat
[Thu Feb 19 02:11:19.214827 2026] [php:error] [pid 16507] [client 104.211.88.54:0] script '/domains/ltemple/classwithtostring.php' not found or unable to stat
[Thu Feb 19 02:11:19.827727 2026] [php:error] [pid 16507] [client 104.211.88.54:0] script '/domains/ltemple/css.php' not found or unable to stat
[Thu Feb 19 02:11:20.032826 2026] [php:error] [pid 16507] [client 104.211.88.54:0] script '/domains/ltemple/flower.php' not found or unable to stat
[Thu Feb 19 02:11:20.231207 2026] [php:error] [pid 16522] [client 34.96.162.50:0] script '/domains/pauljbrock/adminer-4.2.0.php' not found or unable to stat
[Thu Feb 19 02:11:22.288047 2026] [php:error] [pid 16507] [client 104.211.88.54:0] script '/domains/ltemple/jp.php' not found or unable to stat
[Thu Feb 19 02:11:22.939404 2026] [php:error] [pid 16507] [client 104.211.88.54:0] script '/domains/ltemple/room.php' not found or unable to stat
[Thu Feb 19 02:11:24.010903 2026] [php:error] [pid 16507] [client 104.211.88.54:0] script '/domains/ltemple/12.php' not found or unable to stat
[Thu Feb 19 02:11:24.231112 2026] [php:error] [pid 16507] [client 104.211.88.54:0] script '/domains/ltemple/404.php' not found or unable to stat
[Thu Feb 19 02:11:24.462566 2026] [php:error] [pid 16507] [client 104.211.88.54:0] script '/domains/ltemple/disagreed.php' not found or unable to stat
[Thu Feb 19 02:11:25.580887 2026] [php:error] [pid 16507] [client 104.211.88.54:0] script '/domains/ltemple/text.php' not found or unable to stat
[Thu Feb 19 02:11:30.323925 2026] [php:error] [pid 16507] [client 104.211.88.54:0] script '/domains/ltemple/GOD.php' not found or unable to stat
[Thu Feb 19 02:11:31.104254 2026] [php:error] [pid 16507] [client 104.211.88.54:0] script '/domains/ltemple/alfa-rex.php' not found or unable to stat
[Thu Feb 19 02:11:31.344581 2026] [php:error] [pid 16507] [client 104.211.88.54:0] script '/domains/ltemple/f35.php' not found or unable to stat
[Thu Feb 19 02:11:31.580096 2026] [php:error] [pid 16507] [client 104.211.88.54:0] script '/domains/ltemple/feeds.php' not found or unable to stat
[Thu Feb 19 02:11:32.585071 2026] [php:error] [pid 16507] [client 104.211.88.54:0] script '/domains/ltemple/favicon.php' not found or unable to stat
[Thu Feb 19 02:11:33.224972 2026] [php:error] [pid 16507] [client 104.211.88.54:0] script '/domains/ltemple/hehe.php' not found or unable to stat
[Thu Feb 19 02:11:35.142836 2026] [php:error] [pid 16507] [client 104.211.88.54:0] script '/domains/ltemple/user.php' not found or unable to stat
[Thu Feb 19 02:11:35.793003 2026] [php:error] [pid 16529] [client 104.211.88.54:0] script '/domains/ltemple/autoload_classmap.php' not found or unable to stat
[Thu Feb 19 02:11:36.473688 2026] [php:error] [pid 16529] [client 104.211.88.54:0] script '/domains/ltemple/files.php' not found or unable to stat
[Thu Feb 19 02:11:37.436938 2026] [php:error] [pid 16529] [client 104.211.88.54:0] script '/domains/ltemple/about.php' not found or unable to stat
[Thu Feb 19 02:11:37.646836 2026] [php:error] [pid 16529] [client 104.211.88.54:0] script '/domains/ltemple/al.php' not found or unable to stat
[Thu Feb 19 02:11:38.602274 2026] [php:error] [pid 16529] [client 104.211.88.54:0] script '/domains/ltemple/byp.php' not found or unable to stat
[Thu Feb 19 02:11:39.427750 2026] [php:error] [pid 16529] [client 104.211.88.54:0] script '/domains/ltemple/wander.php' not found or unable to stat
[Thu Feb 19 02:11:41.054602 2026] [php:error] [pid 16529] [client 104.211.88.54:0] script '/domains/ltemple/en.php' not found or unable to stat
[Thu Feb 19 02:11:41.267241 2026] [php:error] [pid 16529] [client 104.211.88.54:0] script '/domains/ltemple/help.php' not found or unable to stat
[Thu Feb 19 02:11:42.098986 2026] [php:error] [pid 16529] [client 104.211.88.54:0] script '/domains/ltemple/control.php' not found or unable to stat
[Thu Feb 19 02:11:43.672872 2026] [php:error] [pid 16529] [client 104.211.88.54:0] script '/domains/ltemple/radio.php' not found or unable to stat
[Thu Feb 19 02:11:43.877467 2026] [php:error] [pid 16529] [client 104.211.88.54:0] script '/domains/ltemple/dropdown.php' not found or unable to stat
[Thu Feb 19 02:11:45.153925 2026] [php:error] [pid 16529] [client 104.211.88.54:0] script '/domains/ltemple/wp-2019.php' not found or unable to stat
[Thu Feb 19 02:11:45.720962 2026] [php:error] [pid 16529] [client 104.211.88.54:0] script '/domains/ltemple/403.php' not found or unable to stat
[Thu Feb 19 02:11:46.686211 2026] [php:error] [pid 16529] [client 104.211.88.54:0] script '/domains/ltemple/about.php' not found or unable to stat
[Thu Feb 19 02:11:47.327876 2026] [php:error] [pid 16529] [client 104.211.88.54:0] script '/domains/ltemple/admin.php' not found or unable to stat
[Thu Feb 19 02:11:47.582915 2026] [php:error] [pid 16529] [client 104.211.88.54:0] script '/domains/ltemple/as.php' not found or unable to stat
[Thu Feb 19 02:11:47.806523 2026] [php:error] [pid 16529] [client 104.211.88.54:0] script '/domains/ltemple/autoload_classmap.php' not found or unable to stat
[Thu Feb 19 02:11:48.057876 2026] [php:error] [pid 16529] [client 104.211.88.54:0] script '/domains/ltemple/classwithtostring.php' not found or unable to stat
[Thu Feb 19 02:11:48.270075 2026] [php:error] [pid 16529] [client 104.211.88.54:0] script '/domains/ltemple/content.php' not found or unable to stat
[Thu Feb 19 02:11:49.111968 2026] [php:error] [pid 16529] [client 104.211.88.54:0] script '/domains/ltemple/doc.php' not found or unable to stat
[Thu Feb 19 02:11:49.505162 2026] [php:error] [pid 16529] [client 104.211.88.54:0] script '/domains/ltemple/dropdown.php' not found or unable to stat
[Thu Feb 19 02:11:49.720098 2026] [php:error] [pid 16529] [client 104.211.88.54:0] script '/domains/ltemple/ee.php' not found or unable to stat
[Thu Feb 19 02:11:50.364220 2026] [php:error] [pid 16529] [client 104.211.88.54:0] script '/domains/ltemple/images/wp-login.php' not found or unable to stat
[Thu Feb 19 02:11:50.573504 2026] [php:error] [pid 16529] [client 104.211.88.54:0] script '/domains/ltemple/moon.php' not found or unable to stat
[Thu Feb 19 02:11:50.779504 2026] [php:error] [pid 16529] [client 104.211.88.54:0] script '/domains/ltemple/new.php' not found or unable to stat
[Thu Feb 19 02:11:50.993298 2026] [php:error] [pid 16529] [client 104.211.88.54:0] script '/domains/ltemple/radio.php' not found or unable to stat
[Thu Feb 19 02:11:51.726916 2026] [php:error] [pid 16529] [client 104.211.88.54:0] script '/domains/ltemple/s.php' not found or unable to stat
[Thu Feb 19 02:11:52.589669 2026] [php:error] [pid 16529] [client 104.211.88.54:0] script '/domains/ltemple/sim.php' not found or unable to stat
[Thu Feb 19 02:11:52.794762 2026] [php:error] [pid 16529] [client 104.211.88.54:0] script '/domains/ltemple/simple.php' not found or unable to stat
[Thu Feb 19 02:11:52.958661 2026] [php:error] [pid 16528] [client 35.247.243.244:0] script '/domains/pauljbrock/mydb.php' not found or unable to stat
[Thu Feb 19 02:11:53.223405 2026] [php:error] [pid 16529] [client 104.211.88.54:0] script '/domains/ltemple/user.php' not found or unable to stat
[Thu Feb 19 02:11:54.098564 2026] [php:error] [pid 16529] [client 104.211.88.54:0] script '/domains/ltemple/webadmin.php' not found or unable to stat
[Thu Feb 19 02:11:56.264963 2026] [php:error] [pid 16529] [client 104.211.88.54:0] script '/domains/ltemple/wp-config-sample.php' not found or unable to stat
[Thu Feb 19 02:11:56.470839 2026] [php:error] [pid 16529] [client 104.211.88.54:0] script '/domains/ltemple/wp-configs.php' not found or unable to stat
[Thu Feb 19 02:11:57.466750 2026] [php:error] [pid 16529] [client 104.211.88.54:0] script '/domains/ltemple/wp-conflg.php' not found or unable to stat
[Thu Feb 19 02:12:00.903481 2026] [php:error] [pid 16529] [client 104.211.88.54:0] script '/domains/ltemple/wp-mail.php' not found or unable to stat
[Thu Feb 19 02:12:01.608927 2026] [php:error] [pid 16529] [client 104.211.88.54:0] script '/domains/ltemple/wsa.php' not found or unable to stat
[Thu Feb 19 02:12:02.282524 2026] [php:error] [pid 16529] [client 104.211.88.54:0] script '/domains/ltemple/xmlrpc.php' not found or unable to stat
[Thu Feb 19 02:12:02.901459 2026] [php:error] [pid 16529] [client 104.211.88.54:0] script '/domains/ltemple/ab.php' not found or unable to stat
[Thu Feb 19 02:12:03.138279 2026] [php:error] [pid 16529] [client 104.211.88.54:0] script '/domains/ltemple/classwithtostring.php' not found or unable to stat
[Thu Feb 19 02:12:03.367194 2026] [php:error] [pid 16529] [client 104.211.88.54:0] script '/domains/ltemple/version.php' not found or unable to stat
[Thu Feb 19 02:12:04.171592 2026] [php:error] [pid 16529] [client 104.211.88.54:0] script '/domains/ltemple/xxx.php' not found or unable to stat
[Thu Feb 19 02:12:05.489014 2026] [php:error] [pid 16529] [client 104.211.88.54:0] script '/domains/ltemple/1.php' not found or unable to stat
[Thu Feb 19 02:12:06.076605 2026] [php:error] [pid 16529] [client 104.211.88.54:0] script '/domains/ltemple/themes.php' not found or unable to stat
[Thu Feb 19 02:12:07.145666 2026] [php:error] [pid 16529] [client 104.211.88.54:0] script '/domains/ltemple/b0.php' not found or unable to stat
[Thu Feb 19 02:12:07.890421 2026] [php:error] [pid 16529] [client 104.211.88.54:0] script '/domains/ltemple/bala.php' not found or unable to stat
[Thu Feb 19 02:12:09.471753 2026] [php:error] [pid 16529] [client 104.211.88.54:0] script '/domains/ltemple/xl2023.php.php' not found or unable to stat
[Thu Feb 19 02:12:10.841127 2026] [php:error] [pid 16529] [client 104.211.88.54:0] script '/domains/ltemple/120f9.php' not found or unable to stat
[Thu Feb 19 02:12:11.073113 2026] [php:error] [pid 16529] [client 104.211.88.54:0] script '/domains/ltemple/504.php' not found or unable to stat
[Thu Feb 19 02:12:11.916494 2026] [php:error] [pid 16529] [client 104.211.88.54:0] script '/domains/ltemple/about.php' not found or unable to stat
[Thu Feb 19 02:12:12.163374 2026] [php:error] [pid 16529] [client 104.211.88.54:0] script '/domains/ltemple/back.php' not found or unable to stat
[Thu Feb 19 02:12:12.369169 2026] [php:error] [pid 16529] [client 104.211.88.54:0] script '/domains/ltemple/cong.php' not found or unable to stat
[Thu Feb 19 02:12:13.050114 2026] [php:error] [pid 16529] [client 104.211.88.54:0] script '/domains/ltemple/credits.php' not found or unable to stat
[Thu Feb 19 02:12:13.260657 2026] [php:error] [pid 16529] [client 104.211.88.54:0] script '/domains/ltemple/credits.php' not found or unable to stat
[Thu Feb 19 02:12:13.988317 2026] [php:error] [pid 16529] [client 104.211.88.54:0] script '/domains/ltemple/data.php' not found or unable to stat
[Thu Feb 19 02:12:14.666385 2026] [php:error] [pid 16529] [client 104.211.88.54:0] script '/domains/ltemple/function.php' not found or unable to stat
[Thu Feb 19 02:12:15.287341 2026] [php:error] [pid 16529] [client 104.211.88.54:0] script '/domains/ltemple/goods.php' not found or unable to stat
[Thu Feb 19 02:12:15.501719 2026] [php:error] [pid 16529] [client 104.211.88.54:0] script '/domains/ltemple/gzak2w.php' not found or unable to stat
[Thu Feb 19 02:12:15.725670 2026] [php:error] [pid 16529] [client 104.211.88.54:0] script '/domains/ltemple/hehehehe.php' not found or unable to stat
[Thu Feb 19 02:12:18.018285 2026] [php:error] [pid 16529] [client 104.211.88.54:0] script '/domains/ltemple/install.php' not found or unable to stat
[Thu Feb 19 02:12:19.116244 2026] [php:error] [pid 16529] [client 104.211.88.54:0] script '/domains/ltemple/ova.php' not found or unable to stat
[Thu Feb 19 02:12:28.559460 2026] [php:error] [pid 16507] [client 104.211.88.54:0] script '/domains/ltemple/wp.php' not found or unable to stat
[Thu Feb 19 02:12:43.322906 2026] [php:error] [pid 16531] [client 34.96.162.58:0] script '/domains/pauljbrock/adminer-5.2.1-mysql.php' not found or unable to stat
[Thu Feb 19 02:12:57.299509 2026] [php:error] [pid 16548] [client 136.144.17.76:0] script '/domains/tennex/xmlrpc.php' not found or unable to stat
[Thu Feb 19 02:13:56.999217 2026] [php:error] [pid 16529] [client 136.144.17.92:0] script '/domains/supolo/xmlrpc.php' not found or unable to stat
[Thu Feb 19 02:14:00.931523 2026] [php:error] [pid 16529] [client 34.96.162.62:0] script '/domains/pauljbrock/adminer-5.4.0-mysql-en.php' not found or unable to stat
[Thu Feb 19 02:14:16.236194 2026] [php:error] [pid 16548] [client 35.247.243.243:0] script '/domains/pauljbrock/DB.php' not found or unable to stat
[Thu Feb 19 02:14:56.291489 2026] [php:error] [pid 16556] [client 34.96.162.54:0] script '/domains/pauljbrock/adminer-5.0.2-en.php' not found or unable to stat
[Thu Feb 19 02:15:11.879227 2026] [php:error] [pid 16563] [client 4.217.180.34:0] script '/domains/tbarnhil/lock360.php' not found or unable to stat
[Thu Feb 19 02:15:12.061479 2026] [php:error] [pid 16563] [client 4.217.180.34:0] script '/domains/tbarnhil/ahcc.php' not found or unable to stat
[Thu Feb 19 02:15:12.253665 2026] [php:error] [pid 16563] [client 4.217.180.34:0] script '/domains/tbarnhil/R57.php' not found or unable to stat
[Thu Feb 19 02:15:12.435674 2026] [php:error] [pid 16563] [client 4.217.180.34:0] script '/domains/tbarnhil/vqgii.php' not found or unable to stat
[Thu Feb 19 02:15:12.631459 2026] [php:error] [pid 16563] [client 4.217.180.34:0] script '/domains/tbarnhil/jrxzb.php' not found or unable to stat
[Thu Feb 19 02:15:12.827349 2026] [php:error] [pid 16563] [client 4.217.180.34:0] script '/domains/tbarnhil/sc.php' not found or unable to stat
[Thu Feb 19 02:15:13.010134 2026] [php:error] [pid 16563] [client 4.217.180.34:0] script '/domains/tbarnhil/qowaa.php' not found or unable to stat
[Thu Feb 19 02:15:13.200097 2026] [php:error] [pid 16563] [client 4.217.180.34:0] script '/domains/tbarnhil/beixl.php' not found or unable to stat
[Thu Feb 19 02:15:13.382272 2026] [php:error] [pid 16563] [client 4.217.180.34:0] script '/domains/tbarnhil/8.php' not found or unable to stat
[Thu Feb 19 02:15:13.586726 2026] [php:error] [pid 16563] [client 4.217.180.34:0] script '/domains/tbarnhil/lkui.php' not found or unable to stat
[Thu Feb 19 02:15:13.789112 2026] [php:error] [pid 16563] [client 4.217.180.34:0] script '/domains/tbarnhil/reyna.php' not found or unable to stat
[Thu Feb 19 02:15:14.135941 2026] [php:error] [pid 16563] [client 4.217.180.34:0] script '/domains/tbarnhil/meew.php' not found or unable to stat
[Thu Feb 19 02:15:14.306424 2026] [php:error] [pid 16548] [client 4.193.188.12:0] script '/domains/conceptlabs1/new4.php' not found or unable to stat
[Thu Feb 19 02:15:14.327902 2026] [php:error] [pid 16563] [client 4.217.180.34:0] script '/domains/tbarnhil/71.php' not found or unable to stat
[Thu Feb 19 02:15:14.510191 2026] [php:error] [pid 16563] [client 4.217.180.34:0] script '/domains/tbarnhil/Timing.php' not found or unable to stat
[Thu Feb 19 02:15:14.530629 2026] [php:error] [pid 16548] [client 4.193.188.12:0] script '/domains/conceptlabs1/sc.php' not found or unable to stat
[Thu Feb 19 02:15:14.736598 2026] [php:error] [pid 16563] [client 4.217.180.34:0] script '/domains/tbarnhil/extract.php' not found or unable to stat
[Thu Feb 19 02:15:14.755193 2026] [php:error] [pid 16548] [client 4.193.188.12:0] script '/domains/conceptlabs1/aq.php' not found or unable to stat
[Thu Feb 19 02:15:14.918749 2026] [php:error] [pid 16563] [client 4.217.180.34:0] script '/domains/tbarnhil/comp.php' not found or unable to stat
[Thu Feb 19 02:15:14.983131 2026] [php:error] [pid 16548] [client 4.193.188.12:0] script '/domains/conceptlabs1/opts.php' not found or unable to stat
[Thu Feb 19 02:15:15.207446 2026] [php:error] [pid 16548] [client 4.193.188.12:0] script '/domains/conceptlabs1/wp-act.php' not found or unable to stat
[Thu Feb 19 02:15:15.219331 2026] [php:error] [pid 16563] [client 4.217.180.34:0] script '/domains/tbarnhil/C1.php' not found or unable to stat
[Thu Feb 19 02:15:15.401564 2026] [php:error] [pid 16563] [client 4.217.180.34:0] script '/domains/tbarnhil/credits.php' not found or unable to stat
[Thu Feb 19 02:15:15.431636 2026] [php:error] [pid 16548] [client 4.193.188.12:0] script '/domains/conceptlabs1/myfile.php' not found or unable to stat
[Thu Feb 19 02:15:15.583435 2026] [php:error] [pid 16563] [client 4.217.180.34:0] script '/domains/tbarnhil/term.php' not found or unable to stat
[Thu Feb 19 02:15:15.656257 2026] [php:error] [pid 16548] [client 4.193.188.12:0] script '/domains/conceptlabs1/work.php' not found or unable to stat
[Thu Feb 19 02:15:15.812863 2026] [php:error] [pid 16563] [client 4.217.180.34:0] script '/domains/tbarnhil/classsmtps.php' not found or unable to stat
[Thu Feb 19 02:15:15.892083 2026] [php:error] [pid 16548] [client 4.193.188.12:0] script '/domains/conceptlabs1/C.php' not found or unable to stat
[Thu Feb 19 02:15:15.994873 2026] [php:error] [pid 16563] [client 4.217.180.34:0] script '/domains/tbarnhil/blkfqnikz.php' not found or unable to stat
[Thu Feb 19 02:15:16.116753 2026] [php:error] [pid 16548] [client 4.193.188.12:0] script '/domains/conceptlabs1/ze.php' not found or unable to stat
[Thu Feb 19 02:15:16.182938 2026] [php:error] [pid 16563] [client 4.217.180.34:0] script '/domains/tbarnhil/6i85g10k.php' not found or unable to stat
[Thu Feb 19 02:15:16.341385 2026] [php:error] [pid 16548] [client 4.193.188.12:0] script '/domains/conceptlabs1/seetox.php' not found or unable to stat
[Thu Feb 19 02:15:16.364735 2026] [php:error] [pid 16563] [client 4.217.180.34:0] script '/domains/tbarnhil/filefuns.php' not found or unable to stat
[Thu Feb 19 02:15:16.546651 2026] [php:error] [pid 16563] [client 4.217.180.34:0] script '/domains/tbarnhil/ovataumpr.php' not found or unable to stat
[Thu Feb 19 02:15:16.565722 2026] [php:error] [pid 16548] [client 4.193.188.12:0] script '/domains/conceptlabs1/dom.php' not found or unable to stat
[Thu Feb 19 02:15:16.744852 2026] [php:error] [pid 16563] [client 4.217.180.34:0] script '/domains/tbarnhil/wp-cache.php' not found or unable to stat
[Thu Feb 19 02:15:16.926976 2026] [php:error] [pid 16563] [client 4.217.180.34:0] script '/domains/tbarnhil/SH9JQ3.php' not found or unable to stat
[Thu Feb 19 02:15:17.014082 2026] [php:error] [pid 16548] [client 4.193.188.12:0] script '/domains/conceptlabs1/samiri.php' not found or unable to stat
[Thu Feb 19 02:15:17.110116 2026] [php:error] [pid 16563] [client 4.217.180.34:0] script '/domains/tbarnhil/index_sso.php' not found or unable to stat
[Thu Feb 19 02:15:17.238391 2026] [php:error] [pid 16548] [client 4.193.188.12:0] script '/domains/conceptlabs1/plugins.php' not found or unable to stat
[Thu Feb 19 02:15:17.318446 2026] [php:error] [pid 16563] [client 4.217.180.34:0] script '/domains/tbarnhil/rating.php' not found or unable to stat
[Thu Feb 19 02:15:17.467903 2026] [php:error] [pid 16548] [client 4.193.188.12:0] script '/domains/conceptlabs1/xoot.php' not found or unable to stat
[Thu Feb 19 02:15:17.517953 2026] [php:error] [pid 16563] [client 4.217.180.34:0] script '/domains/tbarnhil/mfjtrzzg.php' not found or unable to stat
[Thu Feb 19 02:15:17.692817 2026] [php:error] [pid 16548] [client 4.193.188.12:0] script '/domains/conceptlabs1/X57.php' not found or unable to stat
[Thu Feb 19 02:15:17.700091 2026] [php:error] [pid 16563] [client 4.217.180.34:0] script '/domains/tbarnhil/style-engine.php' not found or unable to stat
[Thu Feb 19 02:15:17.882380 2026] [php:error] [pid 16563] [client 4.217.180.34:0] script '/domains/tbarnhil/report.php' not found or unable to stat
[Thu Feb 19 02:15:17.918011 2026] [php:error] [pid 16548] [client 4.193.188.12:0] script '/domains/conceptlabs1/vx.php' not found or unable to stat
[Thu Feb 19 02:15:18.084517 2026] [php:error] [pid 16563] [client 4.217.180.34:0] script '/domains/tbarnhil/edit-tags.php' not found or unable to stat
[Thu Feb 19 02:15:18.142178 2026] [php:error] [pid 16548] [client 4.193.188.12:0] script '/domains/conceptlabs1/file59.php' not found or unable to stat
[Thu Feb 19 02:15:18.268676 2026] [php:error] [pid 16563] [client 4.217.180.34:0] script '/domains/tbarnhil/cwianpri.php' not found or unable to stat
[Thu Feb 19 02:15:18.450568 2026] [php:error] [pid 16563] [client 4.217.180.34:0] script '/domains/tbarnhil/wunaivpl.php' not found or unable to stat
[Thu Feb 19 02:15:18.593006 2026] [php:error] [pid 16548] [client 4.193.188.12:0] script '/domains/conceptlabs1/shas.php' not found or unable to stat
[Thu Feb 19 02:15:18.632567 2026] [php:error] [pid 16563] [client 4.217.180.34:0] script '/domains/tbarnhil/gyj.php' not found or unable to stat
[Thu Feb 19 02:15:18.817480 2026] [php:error] [pid 16548] [client 4.193.188.12:0] script '/domains/conceptlabs1/xa.php' not found or unable to stat
[Thu Feb 19 02:15:18.823198 2026] [php:error] [pid 16563] [client 4.217.180.34:0] script '/domains/tbarnhil/install.php' not found or unable to stat
[Thu Feb 19 02:15:19.005295 2026] [php:error] [pid 16563] [client 4.217.180.34:0] script '/domains/tbarnhil/update.php' not found or unable to stat
[Thu Feb 19 02:15:19.042282 2026] [php:error] [pid 16548] [client 4.193.188.12:0] script '/domains/conceptlabs1/xda.php' not found or unable to stat
[Thu Feb 19 02:15:19.190036 2026] [php:error] [pid 16563] [client 4.217.180.34:0] script '/domains/tbarnhil/home.php' not found or unable to stat
[Thu Feb 19 02:15:19.266835 2026] [php:error] [pid 16548] [client 4.193.188.12:0] script '/domains/conceptlabs1/er.php' not found or unable to stat
[Thu Feb 19 02:15:19.491502 2026] [php:error] [pid 16548] [client 4.193.188.12:0] script '/domains/conceptlabs1/fault.php' not found or unable to stat
[Thu Feb 19 02:15:19.568849 2026] [php:error] [pid 16563] [client 4.217.180.34:0] script '/domains/tbarnhil/dfpbtqbc.php' not found or unable to stat
[Thu Feb 19 02:15:19.718143 2026] [php:error] [pid 16548] [client 4.193.188.12:0] script '/domains/conceptlabs1/motu.php' not found or unable to stat
[Thu Feb 19 02:15:19.750636 2026] [php:error] [pid 16563] [client 4.217.180.34:0] script '/domains/tbarnhil/files.php' not found or unable to stat
[Thu Feb 19 02:15:19.932693 2026] [php:error] [pid 16563] [client 4.217.180.34:0] script '/domains/tbarnhil/ifoklzle.php' not found or unable to stat
[Thu Feb 19 02:15:19.942402 2026] [php:error] [pid 16548] [client 4.193.188.12:0] script '/domains/conceptlabs1/66.php' not found or unable to stat
[Thu Feb 19 02:15:20.136984 2026] [php:error] [pid 16563] [client 4.217.180.34:0] script '/domains/tbarnhil/bi.php' not found or unable to stat
[Thu Feb 19 02:15:20.166884 2026] [php:error] [pid 16548] [client 4.193.188.12:0] script '/domains/conceptlabs1/leuk.php' not found or unable to stat
[Thu Feb 19 02:15:20.319129 2026] [php:error] [pid 16563] [client 4.217.180.34:0] script '/domains/tbarnhil/es.php' not found or unable to stat
[Thu Feb 19 02:15:20.391419 2026] [php:error] [pid 16548] [client 4.193.188.12:0] script '/domains/conceptlabs1/xqq.php' not found or unable to stat
[Thu Feb 19 02:15:20.501143 2026] [php:error] [pid 16563] [client 4.217.180.34:0] script '/domains/tbarnhil/sidwso.php' not found or unable to stat
[Thu Feb 19 02:15:20.623190 2026] [php:error] [pid 16548] [client 4.193.188.12:0] script '/domains/conceptlabs1/kolda.php' not found or unable to stat
[Thu Feb 19 02:15:20.684086 2026] [php:error] [pid 16563] [client 4.217.180.34:0] script '/domains/tbarnhil/R00T.php' not found or unable to stat
[Thu Feb 19 02:15:20.855870 2026] [php:error] [pid 16548] [client 4.193.188.12:0] script '/domains/conceptlabs1/nw.php' not found or unable to stat
[Thu Feb 19 02:15:20.997522 2026] [php:error] [pid 16563] [client 4.217.180.34:0] script '/domains/tbarnhil/hplfuns.php' not found or unable to stat
[Thu Feb 19 02:15:21.080073 2026] [php:error] [pid 16548] [client 4.193.188.12:0] script '/domains/conceptlabs1/god.php' not found or unable to stat
[Thu Feb 19 02:15:21.180238 2026] [php:error] [pid 16563] [client 4.217.180.34:0] script '/domains/tbarnhil/getid3-core.php' not found or unable to stat
[Thu Feb 19 02:15:21.304339 2026] [php:error] [pid 16548] [client 4.193.188.12:0] script '/domains/conceptlabs1/666.php' not found or unable to stat
[Thu Feb 19 02:15:21.369602 2026] [php:error] [pid 16563] [client 4.217.180.34:0] script '/domains/tbarnhil/123.php' not found or unable to stat
[Thu Feb 19 02:15:21.529851 2026] [php:error] [pid 16548] [client 4.193.188.12:0] script '/domains/conceptlabs1/kj.php' not found or unable to stat
[Thu Feb 19 02:15:21.551607 2026] [php:error] [pid 16563] [client 4.217.180.34:0] script '/domains/tbarnhil/wlyeA.php' not found or unable to stat
[Thu Feb 19 02:15:21.747513 2026] [php:error] [pid 16563] [client 4.217.180.34:0] script '/domains/tbarnhil/wp-act.php' not found or unable to stat
[Thu Feb 19 02:15:21.754167 2026] [php:error] [pid 16548] [client 4.193.188.12:0] script '/domains/conceptlabs1/un.php' not found or unable to stat
[Thu Feb 19 02:15:21.929750 2026] [php:error] [pid 16563] [client 4.217.180.34:0] script '/domains/tbarnhil/suu.php' not found or unable to stat
[Thu Feb 19 02:15:21.978334 2026] [php:error] [pid 16548] [client 4.193.188.12:0] script '/domains/conceptlabs1/fs.php' not found or unable to stat
