[Thu Feb 19 01:21:03.594273 2026] [php:error] [pid 15858] [client 20.219.8.79:0] script '/domains/fairlane1/radio.php' not found or unable to stat
[Thu Feb 19 01:21:03.803146 2026] [php:error] [pid 15858] [client 20.219.8.79:0] script '/domains/fairlane1/s.php' not found or unable to stat
[Thu Feb 19 01:21:04.018313 2026] [php:error] [pid 15858] [client 20.219.8.79:0] script '/domains/fairlane1/sim.php' not found or unable to stat
[Thu Feb 19 01:21:04.602439 2026] [php:error] [pid 15858] [client 20.219.8.79:0] script '/domains/fairlane1/simple.php' not found or unable to stat
[Thu Feb 19 01:21:05.334055 2026] [php:error] [pid 15858] [client 20.219.8.79:0] script '/domains/fairlane1/user.php' not found or unable to stat
[Thu Feb 19 01:21:05.538188 2026] [php:error] [pid 15858] [client 20.219.8.79:0] script '/domains/fairlane1/webadmin.php' not found or unable to stat
[Thu Feb 19 01:21:08.078002 2026] [php:error] [pid 15858] [client 20.219.8.79:0] script '/domains/fairlane1/wp-config-sample.php' not found or unable to stat
[Thu Feb 19 01:21:08.642230 2026] [php:error] [pid 15858] [client 20.219.8.79:0] script '/domains/fairlane1/wp-configs.php' not found or unable to stat
[Thu Feb 19 01:21:08.853520 2026] [php:error] [pid 15858] [client 20.219.8.79:0] script '/domains/fairlane1/wp-conflg.php' not found or unable to stat
[Thu Feb 19 01:21:11.104760 2026] [php:error] [pid 15858] [client 20.219.8.79:0] script '/domains/fairlane1/wp-mail.php' not found or unable to stat
[Thu Feb 19 01:21:11.611335 2026] [php:error] [pid 15858] [client 20.219.8.79:0] script '/domains/fairlane1/wsa.php' not found or unable to stat
[Thu Feb 19 01:21:11.831089 2026] [php:error] [pid 15858] [client 20.219.8.79:0] script '/domains/fairlane1/xmlrpc.php' not found or unable to stat
[Thu Feb 19 01:21:12.459530 2026] [php:error] [pid 15858] [client 20.219.8.79:0] script '/domains/fairlane1/ab.php' not found or unable to stat
[Thu Feb 19 01:21:12.519683 2026] [php:error] [pid 15851] [client 169.150.203.240:0] script '/domains/hpveweb/xmlrpc.php' not found or unable to stat
[Thu Feb 19 01:21:12.682854 2026] [php:error] [pid 15858] [client 20.219.8.79:0] script '/domains/fairlane1/classwithtostring.php' not found or unable to stat
[Thu Feb 19 01:21:13.170376 2026] [php:error] [pid 15858] [client 20.219.8.79:0] script '/domains/fairlane1/version.php' not found or unable to stat
[Thu Feb 19 01:21:13.674757 2026] [php:error] [pid 15858] [client 20.219.8.79:0] script '/domains/fairlane1/xxx.php' not found or unable to stat
[Thu Feb 19 01:21:15.174751 2026] [php:error] [pid 15858] [client 20.219.8.79:0] script '/domains/fairlane1/1.php' not found or unable to stat
[Thu Feb 19 01:21:15.386721 2026] [php:error] [pid 15858] [client 20.219.8.79:0] script '/domains/fairlane1/themes.php' not found or unable to stat
[Thu Feb 19 01:21:16.829958 2026] [php:error] [pid 15858] [client 20.219.8.79:0] script '/domains/fairlane1/b0.php' not found or unable to stat
[Thu Feb 19 01:21:17.050208 2026] [php:error] [pid 15858] [client 20.219.8.79:0] script '/domains/fairlane1/bala.php' not found or unable to stat
[Thu Feb 19 01:21:18.151400 2026] [php:error] [pid 15858] [client 20.219.8.79:0] script '/domains/fairlane1/xl2023.php.php' not found or unable to stat
[Thu Feb 19 01:21:19.481938 2026] [php:error] [pid 15858] [client 20.219.8.79:0] script '/domains/fairlane1/120f9.php' not found or unable to stat
[Thu Feb 19 01:21:19.918211 2026] [php:error] [pid 15858] [client 20.219.8.79:0] script '/domains/fairlane1/504.php' not found or unable to stat
[Thu Feb 19 01:21:20.129099 2026] [php:error] [pid 15858] [client 20.219.8.79:0] script '/domains/fairlane1/about.php' not found or unable to stat
[Thu Feb 19 01:21:20.346908 2026] [php:error] [pid 15858] [client 20.219.8.79:0] script '/domains/fairlane1/back.php' not found or unable to stat
[Thu Feb 19 01:21:20.569202 2026] [php:error] [pid 15858] [client 20.219.8.79:0] script '/domains/fairlane1/cong.php' not found or unable to stat
[Thu Feb 19 01:21:20.967359 2026] [php:error] [pid 15858] [client 20.219.8.79:0] script '/domains/fairlane1/credits.php' not found or unable to stat
[Thu Feb 19 01:21:21.171291 2026] [php:error] [pid 15858] [client 20.219.8.79:0] script '/domains/fairlane1/credits.php' not found or unable to stat
[Thu Feb 19 01:21:21.386278 2026] [php:error] [pid 15858] [client 20.219.8.79:0] script '/domains/fairlane1/data.php' not found or unable to stat
[Thu Feb 19 01:21:21.602134 2026] [php:error] [pid 15858] [client 20.219.8.79:0] script '/domains/fairlane1/function.php' not found or unable to stat
[Thu Feb 19 01:21:21.827893 2026] [php:error] [pid 15858] [client 20.219.8.79:0] script '/domains/fairlane1/goods.php' not found or unable to stat
[Thu Feb 19 01:21:22.056323 2026] [php:error] [pid 15858] [client 20.219.8.79:0] script '/domains/fairlane1/gzak2w.php' not found or unable to stat
[Thu Feb 19 01:21:22.264897 2026] [php:error] [pid 15858] [client 20.219.8.79:0] script '/domains/fairlane1/hehehehe.php' not found or unable to stat
[Thu Feb 19 01:21:23.533135 2026] [php:error] [pid 15858] [client 20.219.8.79:0] script '/domains/fairlane1/install.php' not found or unable to stat
[Thu Feb 19 01:21:23.948437 2026] [php:error] [pid 15858] [client 20.219.8.79:0] script '/domains/fairlane1/ova.php' not found or unable to stat
[Thu Feb 19 01:21:33.141385 2026] [php:error] [pid 15829] [client 20.219.8.79:0] script '/domains/fairlane1/wp.php' not found or unable to stat
[Thu Feb 19 01:21:42.221227 2026] [php:error] [pid 15846] [client 185.157.213.20:0] script '/domains/deltaele/wp-login.php' not found or unable to stat
[Thu Feb 19 01:21:43.275773 2026] [php:error] [pid 15862] [client 185.157.213.20:0] script '/domains/deltaele/wp-login.php' not found or unable to stat
[Thu Feb 19 01:22:11.951673 2026] [php:error] [pid 15862] [client 40.115.138.121:0] script '/domains/rnachum/wp-2019.php' not found or unable to stat
[Thu Feb 19 01:22:12.406800 2026] [php:error] [pid 15862] [client 40.115.138.121:0] script '/domains/rnachum/403.php' not found or unable to stat
[Thu Feb 19 01:22:12.580239 2026] [php:error] [pid 15862] [client 40.115.138.121:0] script '/domains/rnachum/aaa.php' not found or unable to stat
[Thu Feb 19 01:22:13.549808 2026] [php:error] [pid 15862] [client 40.115.138.121:0] script '/domains/rnachum/y.php' not found or unable to stat
[Thu Feb 19 01:22:13.897833 2026] [php:error] [pid 15862] [client 40.115.138.121:0] script '/domains/rnachum/ggfi.php' not found or unable to stat
[Thu Feb 19 01:22:15.322423 2026] [php:error] [pid 15862] [client 40.115.138.121:0] script '/domains/rnachum/buy.php' not found or unable to stat
[Thu Feb 19 01:22:15.710803 2026] [php:error] [pid 15862] [client 40.115.138.121:0] script '/domains/rnachum/chosen.php' not found or unable to stat
[Thu Feb 19 01:22:15.884425 2026] [php:error] [pid 15862] [client 40.115.138.121:0] script '/domains/rnachum/index.php' not found or unable to stat
[Thu Feb 19 01:22:16.315573 2026] [php:error] [pid 15862] [client 40.115.138.121:0] script '/domains/rnachum/cron.php' not found or unable to stat
[Thu Feb 19 01:22:16.491959 2026] [php:error] [pid 15862] [client 40.115.138.121:0] script '/domains/rnachum/functions.php' not found or unable to stat
[Thu Feb 19 01:22:17.866938 2026] [php:error] [pid 15862] [client 40.115.138.121:0] script '/domains/rnachum/wp-add.php' not found or unable to stat
[Thu Feb 19 01:22:18.049518 2026] [php:error] [pid 15862] [client 40.115.138.121:0] script '/domains/rnachum/0.php' not found or unable to stat
[Thu Feb 19 01:22:18.235430 2026] [php:error] [pid 15862] [client 40.115.138.121:0] script '/domains/rnachum/edit.php' not found or unable to stat
[Thu Feb 19 01:22:18.556140 2026] [php:error] [pid 15862] [client 40.115.138.121:0] script '/domains/rnachum/meta.php' not found or unable to stat
[Thu Feb 19 01:22:19.041385 2026] [php:error] [pid 15862] [client 40.115.138.121:0] script '/domains/rnachum/new.php' not found or unable to stat
[Thu Feb 19 01:22:19.530775 2026] [php:error] [pid 15862] [client 40.115.138.121:0] script '/domains/rnachum/as.php' not found or unable to stat
[Thu Feb 19 01:22:19.703548 2026] [php:error] [pid 15862] [client 40.115.138.121:0] script '/domains/rnachum/ds.php' not found or unable to stat
[Thu Feb 19 01:22:19.883337 2026] [php:error] [pid 15862] [client 40.115.138.121:0] script '/domains/rnachum/error.php' not found or unable to stat
[Thu Feb 19 01:22:20.259924 2026] [php:error] [pid 15862] [client 40.115.138.121:0] script '/domains/rnachum/gecko-new.php' not found or unable to stat
[Thu Feb 19 01:22:20.745332 2026] [php:error] [pid 15862] [client 40.115.138.121:0] script '/domains/rnachum/randkeyword.php' not found or unable to stat
[Thu Feb 19 01:22:21.279399 2026] [php:error] [pid 15862] [client 40.115.138.121:0] script '/domains/rnachum/NewFile.php' not found or unable to stat
[Thu Feb 19 01:22:21.462441 2026] [php:error] [pid 15862] [client 40.115.138.121:0] script '/domains/rnachum/goods.php' not found or unable to stat
[Thu Feb 19 01:22:21.641650 2026] [php:error] [pid 15862] [client 40.115.138.121:0] script '/domains/rnachum/simple.php' not found or unable to stat
[Thu Feb 19 01:22:22.807572 2026] [php:error] [pid 15862] [client 40.115.138.121:0] script '/domains/rnachum/c.php' not found or unable to stat
[Thu Feb 19 01:22:23.688543 2026] [php:error] [pid 15862] [client 40.115.138.121:0] script '/domains/rnachum/auth.php' not found or unable to stat
[Thu Feb 19 01:22:23.855205 2026] [php:error] [pid 15862] [client 40.115.138.121:0] script '/domains/rnachum/class-wp-lock.php' not found or unable to stat
[Thu Feb 19 01:22:24.266502 2026] [php:error] [pid 15862] [client 40.115.138.121:0] script '/domains/rnachum/cookie.php' not found or unable to stat
[Thu Feb 19 01:22:24.431942 2026] [php:error] [pid 15862] [client 40.115.138.121:0] script '/domains/rnachum/admin.php' not found or unable to stat
[Thu Feb 19 01:22:24.814958 2026] [php:error] [pid 15862] [client 40.115.138.121:0] script '/domains/rnachum/baxa1.php' not found or unable to stat
[Thu Feb 19 01:22:25.346948 2026] [php:error] [pid 15862] [client 40.115.138.121:0] script '/domains/rnachum/xleet.php' not found or unable to stat
[Thu Feb 19 01:22:25.683852 2026] [php:error] [pid 15862] [client 40.115.138.121:0] script '/domains/rnachum/about.php' not found or unable to stat
[Thu Feb 19 01:22:27.382565 2026] [php:error] [pid 15862] [client 40.115.138.121:0] script '/domains/rnachum/alfanew.php' not found or unable to stat
[Thu Feb 19 01:22:27.954877 2026] [php:error] [pid 15862] [client 40.115.138.121:0] script '/domains/rnachum/22.php' not found or unable to stat
[Thu Feb 19 01:22:28.681742 2026] [php:error] [pid 15862] [client 40.115.138.121:0] script '/domains/rnachum/simple.php' not found or unable to stat
[Thu Feb 19 01:22:29.050944 2026] [php:error] [pid 15862] [client 40.115.138.121:0] script '/domains/rnachum/admin.php' not found or unable to stat
[Thu Feb 19 01:22:29.501425 2026] [php:error] [pid 15862] [client 40.115.138.121:0] script '/domains/rnachum/c99.php' not found or unable to stat
[Thu Feb 19 01:22:30.057560 2026] [php:error] [pid 15862] [client 40.115.138.121:0] script '/domains/rnachum/file.php' not found or unable to stat
[Thu Feb 19 01:22:30.225132 2026] [php:error] [pid 15862] [client 40.115.138.121:0] script '/domains/rnachum/b.php' not found or unable to stat
[Thu Feb 19 01:22:30.392431 2026] [php:error] [pid 15862] [client 40.115.138.121:0] script '/domains/rnachum/classwithtostring.php' not found or unable to stat
[Thu Feb 19 01:22:30.977249 2026] [php:error] [pid 15862] [client 40.115.138.121:0] script '/domains/rnachum/css.php' not found or unable to stat
[Thu Feb 19 01:22:31.278252 2026] [php:error] [pid 15862] [client 40.115.138.121:0] script '/domains/rnachum/flower.php' not found or unable to stat
[Thu Feb 19 01:22:31.987754 2026] [php:error] [pid 15862] [client 40.115.138.121:0] script '/domains/rnachum/jp.php' not found or unable to stat
[Thu Feb 19 01:22:32.162574 2026] [php:error] [pid 15862] [client 40.115.138.121:0] script '/domains/rnachum/room.php' not found or unable to stat
[Thu Feb 19 01:22:33.157296 2026] [php:error] [pid 15862] [client 40.115.138.121:0] script '/domains/rnachum/12.php' not found or unable to stat
[Thu Feb 19 01:22:33.365864 2026] [php:error] [pid 15862] [client 40.115.138.121:0] script '/domains/rnachum/404.php' not found or unable to stat
[Thu Feb 19 01:22:33.931600 2026] [php:error] [pid 15862] [client 40.115.138.121:0] script '/domains/rnachum/disagreed.php' not found or unable to stat
[Thu Feb 19 01:22:34.505411 2026] [php:error] [pid 15862] [client 40.115.138.121:0] script '/domains/rnachum/text.php' not found or unable to stat
[Thu Feb 19 01:22:36.587732 2026] [php:error] [pid 15862] [client 40.115.138.121:0] script '/domains/rnachum/GOD.php' not found or unable to stat
[Thu Feb 19 01:22:37.283540 2026] [php:error] [pid 15862] [client 40.115.138.121:0] script '/domains/rnachum/alfa-rex.php' not found or unable to stat
[Thu Feb 19 01:22:37.456038 2026] [php:error] [pid 15862] [client 40.115.138.121:0] script '/domains/rnachum/f35.php' not found or unable to stat
[Thu Feb 19 01:22:37.799917 2026] [php:error] [pid 15862] [client 40.115.138.121:0] script '/domains/rnachum/feeds.php' not found or unable to stat
[Thu Feb 19 01:22:38.173283 2026] [php:error] [pid 15862] [client 40.115.138.121:0] script '/domains/rnachum/favicon.php' not found or unable to stat
[Thu Feb 19 01:22:39.121574 2026] [php:error] [pid 15862] [client 40.115.138.121:0] script '/domains/rnachum/hehe.php' not found or unable to stat
[Thu Feb 19 01:22:40.476199 2026] [php:error] [pid 15862] [client 40.115.138.121:0] script '/domains/rnachum/user.php' not found or unable to stat
[Thu Feb 19 01:22:40.664388 2026] [php:error] [pid 15863] [client 20.219.8.79:0] script '/domains/drsuper/wp-2019.php' not found or unable to stat
[Thu Feb 19 01:22:40.883482 2026] [php:error] [pid 15863] [client 20.219.8.79:0] script '/domains/drsuper/403.php' not found or unable to stat
[Thu Feb 19 01:22:40.991215 2026] [php:error] [pid 15851] [client 40.115.138.121:0] script '/domains/rnachum/autoload_classmap.php' not found or unable to stat
[Thu Feb 19 01:22:41.091253 2026] [php:error] [pid 15863] [client 20.219.8.79:0] script '/domains/drsuper/aaa.php' not found or unable to stat
[Thu Feb 19 01:22:41.407331 2026] [php:error] [pid 15851] [client 40.115.138.121:0] script '/domains/rnachum/files.php' not found or unable to stat
[Thu Feb 19 01:22:42.063237 2026] [php:error] [pid 15851] [client 40.115.138.121:0] script '/domains/rnachum/about.php' not found or unable to stat
[Thu Feb 19 01:22:42.292243 2026] [php:error] [pid 15863] [client 20.219.8.79:0] script '/domains/drsuper/y.php' not found or unable to stat
[Thu Feb 19 01:22:42.550788 2026] [php:error] [pid 15851] [client 40.115.138.121:0] script '/domains/rnachum/al.php' not found or unable to stat
[Thu Feb 19 01:22:42.706474 2026] [php:error] [pid 15863] [client 20.219.8.79:0] script '/domains/drsuper/ggfi.php' not found or unable to stat
[Thu Feb 19 01:22:42.732186 2026] [php:error] [pid 15851] [client 40.115.138.121:0] script '/domains/rnachum/byp.php' not found or unable to stat
[Thu Feb 19 01:22:43.288084 2026] [php:error] [pid 15851] [client 40.115.138.121:0] script '/domains/rnachum/wander.php' not found or unable to stat
[Thu Feb 19 01:22:43.698799 2026] [php:error] [pid 15863] [client 20.219.8.79:0] script '/domains/drsuper/buy.php' not found or unable to stat
[Thu Feb 19 01:22:43.907590 2026] [php:error] [pid 15863] [client 20.219.8.79:0] script '/domains/drsuper/chosen.php' not found or unable to stat
[Thu Feb 19 01:22:44.130903 2026] [php:error] [pid 15863] [client 20.219.8.79:0] script '/domains/drsuper/index.php' not found or unable to stat
[Thu Feb 19 01:22:44.154392 2026] [php:error] [pid 15851] [client 40.115.138.121:0] script '/domains/rnachum/en.php' not found or unable to stat
[Thu Feb 19 01:22:44.328085 2026] [php:error] [pid 15851] [client 40.115.138.121:0] script '/domains/rnachum/help.php' not found or unable to stat
[Thu Feb 19 01:22:44.467259 2026] [php:error] [pid 15863] [client 20.219.8.79:0] script '/domains/drsuper/cron.php' not found or unable to stat
[Thu Feb 19 01:22:44.686896 2026] [php:error] [pid 15863] [client 20.219.8.79:0] script '/domains/drsuper/functions.php' not found or unable to stat
[Thu Feb 19 01:22:45.321595 2026] [php:error] [pid 15851] [client 40.115.138.121:0] script '/domains/rnachum/control.php' not found or unable to stat
[Thu Feb 19 01:22:46.018112 2026] [php:error] [pid 15863] [client 20.219.8.79:0] script '/domains/drsuper/wp-add.php' not found or unable to stat
[Thu Feb 19 01:22:46.420528 2026] [php:error] [pid 15863] [client 20.219.8.79:0] script '/domains/drsuper/0.php' not found or unable to stat
[Thu Feb 19 01:22:46.652510 2026] [php:error] [pid 15863] [client 20.219.8.79:0] script '/domains/drsuper/edit.php' not found or unable to stat
[Thu Feb 19 01:22:46.735926 2026] [php:error] [pid 15851] [client 40.115.138.121:0] script '/domains/rnachum/radio.php' not found or unable to stat
[Thu Feb 19 01:22:46.864445 2026] [php:error] [pid 15863] [client 20.219.8.79:0] script '/domains/drsuper/meta.php' not found or unable to stat
[Thu Feb 19 01:22:47.043502 2026] [php:error] [pid 15851] [client 40.115.138.121:0] script '/domains/rnachum/dropdown.php' not found or unable to stat
[Thu Feb 19 01:22:47.080153 2026] [php:error] [pid 15863] [client 20.219.8.79:0] script '/domains/drsuper/new.php' not found or unable to stat
[Thu Feb 19 01:22:47.796497 2026] [php:error] [pid 15863] [client 20.219.8.79:0] script '/domains/drsuper/as.php' not found or unable to stat
[Thu Feb 19 01:22:47.883397 2026] [php:error] [pid 15851] [client 40.115.138.121:0] script '/domains/rnachum/wp-2019.php' not found or unable to stat
[Thu Feb 19 01:22:48.014642 2026] [php:error] [pid 15863] [client 20.219.8.79:0] script '/domains/drsuper/ds.php' not found or unable to stat
[Thu Feb 19 01:22:48.223079 2026] [php:error] [pid 15863] [client 20.219.8.79:0] script '/domains/drsuper/error.php' not found or unable to stat
[Thu Feb 19 01:22:48.342080 2026] [php:error] [pid 15851] [client 40.115.138.121:0] script '/domains/rnachum/403.php' not found or unable to stat
[Thu Feb 19 01:22:48.527019 2026] [php:error] [pid 15851] [client 40.115.138.121:0] script '/domains/rnachum/about.php' not found or unable to stat
[Thu Feb 19 01:22:48.768837 2026] [php:error] [pid 15863] [client 20.219.8.79:0] script '/domains/drsuper/gecko-new.php' not found or unable to stat
[Thu Feb 19 01:22:48.833170 2026] [php:error] [pid 15851] [client 40.115.138.121:0] script '/domains/rnachum/admin.php' not found or unable to stat
[Thu Feb 19 01:22:48.982237 2026] [php:error] [pid 15863] [client 20.219.8.79:0] script '/domains/drsuper/randkeyword.php' not found or unable to stat
[Thu Feb 19 01:22:49.002219 2026] [php:error] [pid 15851] [client 40.115.138.121:0] script '/domains/rnachum/as.php' not found or unable to stat
[Thu Feb 19 01:22:49.387389 2026] [php:error] [pid 15851] [client 40.115.138.121:0] script '/domains/rnachum/autoload_classmap.php' not found or unable to stat
[Thu Feb 19 01:22:49.558055 2026] [php:error] [pid 15851] [client 40.115.138.121:0] script '/domains/rnachum/classwithtostring.php' not found or unable to stat
[Thu Feb 19 01:22:49.947071 2026] [php:error] [pid 15851] [client 40.115.138.121:0] script '/domains/rnachum/content.php' not found or unable to stat
[Thu Feb 19 01:22:50.009632 2026] [php:error] [pid 15863] [client 20.219.8.79:0] script '/domains/drsuper/NewFile.php' not found or unable to stat
[Thu Feb 19 01:22:50.233412 2026] [php:error] [pid 15863] [client 20.219.8.79:0] script '/domains/drsuper/goods.php' not found or unable to stat
[Thu Feb 19 01:22:50.359257 2026] [php:error] [pid 15851] [client 40.115.138.121:0] script '/domains/rnachum/doc.php' not found or unable to stat
[Thu Feb 19 01:22:50.530377 2026] [php:error] [pid 15851] [client 40.115.138.121:0] script '/domains/rnachum/dropdown.php' not found or unable to stat
[Thu Feb 19 01:22:50.688830 2026] [php:error] [pid 15863] [client 20.219.8.79:0] script '/domains/drsuper/simple.php' not found or unable to stat
[Thu Feb 19 01:22:50.702173 2026] [php:error] [pid 15851] [client 40.115.138.121:0] script '/domains/rnachum/ee.php' not found or unable to stat
[Thu Feb 19 01:22:51.367810 2026] [php:error] [pid 15851] [client 40.115.138.121:0] script '/domains/rnachum/moon.php' not found or unable to stat
[Thu Feb 19 01:22:51.827507 2026] [php:error] [pid 15863] [client 20.219.8.79:0] script '/domains/drsuper/c.php' not found or unable to stat
[Thu Feb 19 01:22:51.900933 2026] [php:error] [pid 15851] [client 40.115.138.121:0] script '/domains/rnachum/new.php' not found or unable to stat
[Thu Feb 19 01:22:52.239988 2026] [php:error] [pid 15851] [client 40.115.138.121:0] script '/domains/rnachum/radio.php' not found or unable to stat
[Thu Feb 19 01:22:52.586259 2026] [php:error] [pid 15863] [client 20.219.8.79:0] script '/domains/drsuper/auth.php' not found or unable to stat
[Thu Feb 19 01:22:52.688744 2026] [php:error] [pid 15851] [client 40.115.138.121:0] script '/domains/rnachum/s.php' not found or unable to stat
[Thu Feb 19 01:22:52.813293 2026] [php:error] [pid 15863] [client 20.219.8.79:0] script '/domains/drsuper/class-wp-lock.php' not found or unable to stat
[Thu Feb 19 01:22:52.914210 2026] [php:error] [pid 15851] [client 40.115.138.121:0] script '/domains/rnachum/sim.php' not found or unable to stat
[Thu Feb 19 01:22:53.024887 2026] [php:error] [pid 15863] [client 20.219.8.79:0] script '/domains/drsuper/cookie.php' not found or unable to stat
[Thu Feb 19 01:22:53.260421 2026] [php:error] [pid 15851] [client 40.115.138.121:0] script '/domains/rnachum/simple.php' not found or unable to stat
[Thu Feb 19 01:22:53.489550 2026] [php:error] [pid 15863] [client 20.219.8.79:0] script '/domains/drsuper/admin.php' not found or unable to stat
[Thu Feb 19 01:22:53.704032 2026] [php:error] [pid 15863] [client 20.219.8.79:0] script '/domains/drsuper/baxa1.php' not found or unable to stat
[Thu Feb 19 01:22:53.738087 2026] [php:error] [pid 15851] [client 40.115.138.121:0] script '/domains/rnachum/user.php' not found or unable to stat
[Thu Feb 19 01:22:54.159141 2026] [php:error] [pid 15851] [client 40.115.138.121:0] script '/domains/rnachum/webadmin.php' not found or unable to stat
[Thu Feb 19 01:22:54.809280 2026] [php:error] [pid 15863] [client 20.219.8.79:0] script '/domains/drsuper/xleet.php' not found or unable to stat
[Thu Feb 19 01:22:55.666723 2026] [php:error] [pid 15863] [client 20.219.8.79:0] script '/domains/drsuper/about.php' not found or unable to stat
[Thu Feb 19 01:22:56.291515 2026] [php:error] [pid 15851] [client 40.115.138.121:0] script '/domains/rnachum/wp-config-sample.php' not found or unable to stat
[Thu Feb 19 01:22:56.587091 2026] [php:error] [pid 15851] [client 40.115.138.121:0] script '/domains/rnachum/wp-configs.php' not found or unable to stat
[Thu Feb 19 01:22:56.759416 2026] [php:error] [pid 15851] [client 40.115.138.121:0] script '/domains/rnachum/wp-conflg.php' not found or unable to stat
[Thu Feb 19 01:22:57.172717 2026] [php:error] [pid 15863] [client 20.219.8.79:0] script '/domains/drsuper/alfanew.php' not found or unable to stat
[Thu Feb 19 01:22:57.590556 2026] [php:error] [pid 15863] [client 20.219.8.79:0] script '/domains/drsuper/22.php' not found or unable to stat
[Thu Feb 19 01:22:58.402796 2026] [php:error] [pid 15851] [client 40.115.138.121:0] script '/domains/rnachum/wp-mail.php' not found or unable to stat
[Thu Feb 19 01:22:58.582414 2026] [php:error] [pid 15851] [client 40.115.138.121:0] script '/domains/rnachum/wsa.php' not found or unable to stat
[Thu Feb 19 01:22:58.704133 2026] [php:error] [pid 15863] [client 20.219.8.79:0] script '/domains/drsuper/simple.php' not found or unable to stat
[Thu Feb 19 01:22:59.054948 2026] [php:error] [pid 15851] [client 40.115.138.121:0] script '/domains/rnachum/xmlrpc.php' not found or unable to stat
[Thu Feb 19 01:22:59.229853 2026] [php:error] [pid 15851] [client 40.115.138.121:0] script '/domains/rnachum/ab.php' not found or unable to stat
[Thu Feb 19 01:22:59.280360 2026] [php:error] [pid 15863] [client 20.219.8.79:0] script '/domains/drsuper/admin.php' not found or unable to stat
[Thu Feb 19 01:22:59.493255 2026] [php:error] [pid 15863] [client 20.219.8.79:0] script '/domains/drsuper/c99.php' not found or unable to stat
[Thu Feb 19 01:22:59.561603 2026] [php:error] [pid 15851] [client 40.115.138.121:0] script '/domains/rnachum/classwithtostring.php' not found or unable to stat
[Thu Feb 19 01:22:59.729181 2026] [php:error] [pid 15851] [client 40.115.138.121:0] script '/domains/rnachum/version.php' not found or unable to stat
[Thu Feb 19 01:22:59.871325 2026] [php:error] [pid 15863] [client 20.219.8.79:0] script '/domains/drsuper/file.php' not found or unable to stat
[Thu Feb 19 01:22:59.904072 2026] [php:error] [pid 15851] [client 40.115.138.121:0] script '/domains/rnachum/xxx.php' not found or unable to stat
[Thu Feb 19 01:23:00.258876 2026] [php:error] [pid 15863] [client 20.219.8.79:0] script '/domains/drsuper/b.php' not found or unable to stat
[Thu Feb 19 01:23:00.491135 2026] [php:error] [pid 15863] [client 20.219.8.79:0] script '/domains/drsuper/classwithtostring.php' not found or unable to stat
[Thu Feb 19 01:23:00.708045 2026] [php:error] [pid 15863] [client 20.219.8.79:0] script '/domains/drsuper/css.php' not found or unable to stat
[Thu Feb 19 01:23:00.789176 2026] [php:error] [pid 15851] [client 40.115.138.121:0] script '/domains/rnachum/1.php' not found or unable to stat
[Thu Feb 19 01:23:00.915979 2026] [php:error] [pid 15863] [client 20.219.8.79:0] script '/domains/drsuper/flower.php' not found or unable to stat
[Thu Feb 19 01:23:01.344689 2026] [php:error] [pid 15851] [client 40.115.138.121:0] script '/domains/rnachum/themes.php' not found or unable to stat
[Thu Feb 19 01:23:01.768590 2026] [php:error] [pid 15863] [client 20.219.8.79:0] script '/domains/drsuper/jp.php' not found or unable to stat
[Thu Feb 19 01:23:02.126063 2026] [php:error] [pid 15863] [client 20.219.8.79:0] script '/domains/drsuper/room.php' not found or unable to stat
[Thu Feb 19 01:23:02.488073 2026] [php:error] [pid 15851] [client 40.115.138.121:0] script '/domains/rnachum/b0.php' not found or unable to stat
[Thu Feb 19 01:23:02.655071 2026] [php:error] [pid 15851] [client 40.115.138.121:0] script '/domains/rnachum/bala.php' not found or unable to stat
[Thu Feb 19 01:23:02.908248 2026] [php:error] [pid 15863] [client 20.219.8.79:0] script '/domains/drsuper/12.php' not found or unable to stat
[Thu Feb 19 01:23:03.331828 2026] [php:error] [pid 15851] [client 40.115.138.121:0] script '/domains/rnachum/xl2023.php.php' not found or unable to stat
[Thu Feb 19 01:23:03.344266 2026] [php:error] [pid 15863] [client 20.219.8.79:0] script '/domains/drsuper/404.php' not found or unable to stat
[Thu Feb 19 01:23:03.555060 2026] [php:error] [pid 15863] [client 20.219.8.79:0] script '/domains/drsuper/disagreed.php' not found or unable to stat
[Thu Feb 19 01:23:04.024791 2026] [php:error] [pid 15863] [client 20.219.8.79:0] script '/domains/drsuper/text.php' not found or unable to stat
[Thu Feb 19 01:23:04.952980 2026] [php:error] [pid 15851] [client 40.115.138.121:0] script '/domains/rnachum/120f9.php' not found or unable to stat
[Thu Feb 19 01:23:05.119444 2026] [php:error] [pid 15851] [client 40.115.138.121:0] script '/domains/rnachum/504.php' not found or unable to stat
[Thu Feb 19 01:23:05.529508 2026] [php:error] [pid 15851] [client 40.115.138.121:0] script '/domains/rnachum/about.php' not found or unable to stat
[Thu Feb 19 01:23:05.695741 2026] [php:error] [pid 15851] [client 40.115.138.121:0] script '/domains/rnachum/back.php' not found or unable to stat
[Thu Feb 19 01:23:06.082733 2026] [php:error] [pid 15851] [client 40.115.138.121:0] script '/domains/rnachum/cong.php' not found or unable to stat
[Thu Feb 19 01:23:06.108619 2026] [php:error] [pid 15863] [client 20.219.8.79:0] script '/domains/drsuper/GOD.php' not found or unable to stat
[Thu Feb 19 01:23:06.379883 2026] [php:error] [pid 15851] [client 40.115.138.121:0] script '/domains/rnachum/credits.php' not found or unable to stat
[Thu Feb 19 01:23:06.562553 2026] [php:error] [pid 15851] [client 40.115.138.121:0] script '/domains/rnachum/credits.php' not found or unable to stat
[Thu Feb 19 01:23:06.676028 2026] [php:error] [pid 15863] [client 20.219.8.79:0] script '/domains/drsuper/alfa-rex.php' not found or unable to stat
[Thu Feb 19 01:23:07.140814 2026] [php:error] [pid 15863] [client 20.219.8.79:0] script '/domains/drsuper/f35.php' not found or unable to stat
[Thu Feb 19 01:23:07.165298 2026] [php:error] [pid 15851] [client 40.115.138.121:0] script '/domains/rnachum/data.php' not found or unable to stat
[Thu Feb 19 01:23:07.536592 2026] [php:error] [pid 15863] [client 20.219.8.79:0] script '/domains/drsuper/feeds.php' not found or unable to stat
[Thu Feb 19 01:23:07.580915 2026] [php:error] [pid 15851] [client 40.115.138.121:0] script '/domains/rnachum/function.php' not found or unable to stat
[Thu Feb 19 01:23:08.078558 2026] [php:error] [pid 15851] [client 40.115.138.121:0] script '/domains/rnachum/goods.php' not found or unable to stat
[Thu Feb 19 01:23:08.109922 2026] [php:error] [pid 15863] [client 20.219.8.79:0] script '/domains/drsuper/favicon.php' not found or unable to stat
[Thu Feb 19 01:23:08.247092 2026] [php:error] [pid 15851] [client 40.115.138.121:0] script '/domains/rnachum/gzak2w.php' not found or unable to stat
[Thu Feb 19 01:23:08.661037 2026] [php:error] [pid 15851] [client 40.115.138.121:0] script '/domains/rnachum/hehehehe.php' not found or unable to stat
[Thu Feb 19 01:23:08.877399 2026] [php:error] [pid 15863] [client 20.219.8.79:0] script '/domains/drsuper/hehe.php' not found or unable to stat
[Thu Feb 19 01:23:09.299671 2026] [php:error] [pid 15851] [client 40.115.138.121:0] script '/domains/rnachum/install.php' not found or unable to stat
[Thu Feb 19 01:23:09.808766 2026] [php:error] [pid 15851] [client 40.115.138.121:0] script '/domains/rnachum/ova.php' not found or unable to stat
[Thu Feb 19 01:23:10.199979 2026] [php:error] [pid 15863] [client 20.219.8.79:0] script '/domains/drsuper/user.php' not found or unable to stat
[Thu Feb 19 01:23:10.860113 2026] [php:error] [pid 15877] [client 20.219.8.79:0] script '/domains/drsuper/autoload_classmap.php' not found or unable to stat
[Thu Feb 19 01:23:11.069913 2026] [php:error] [pid 15877] [client 20.219.8.79:0] script '/domains/drsuper/files.php' not found or unable to stat
[Thu Feb 19 01:23:11.849081 2026] [php:error] [pid 15877] [client 20.219.8.79:0] script '/domains/drsuper/about.php' not found or unable to stat
[Thu Feb 19 01:23:12.069075 2026] [php:error] [pid 15877] [client 20.219.8.79:0] script '/domains/drsuper/al.php' not found or unable to stat
[Thu Feb 19 01:23:12.392231 2026] [php:error] [pid 15877] [client 20.219.8.79:0] script '/domains/drsuper/byp.php' not found or unable to stat
[Thu Feb 19 01:23:13.206921 2026] [php:error] [pid 15877] [client 20.219.8.79:0] script '/domains/drsuper/wander.php' not found or unable to stat
[Thu Feb 19 01:23:14.488113 2026] [php:error] [pid 15877] [client 20.219.8.79:0] script '/domains/drsuper/en.php' not found or unable to stat
[Thu Feb 19 01:23:14.703983 2026] [php:error] [pid 15877] [client 20.219.8.79:0] script '/domains/drsuper/help.php' not found or unable to stat
[Thu Feb 19 01:23:15.786898 2026] [php:error] [pid 15877] [client 20.219.8.79:0] script '/domains/drsuper/control.php' not found or unable to stat
[Thu Feb 19 01:23:16.546722 2026] [php:error] [pid 15876] [client 40.115.138.121:0] script '/domains/rnachum/wp.php' not found or unable to stat
[Thu Feb 19 01:23:16.743281 2026] [php:error] [pid 15877] [client 20.219.8.79:0] script '/domains/drsuper/radio.php' not found or unable to stat
[Thu Feb 19 01:23:17.212723 2026] [php:error] [pid 15877] [client 20.219.8.79:0] script '/domains/drsuper/dropdown.php' not found or unable to stat
[Thu Feb 19 01:23:18.019518 2026] [php:error] [pid 15877] [client 20.219.8.79:0] script '/domains/drsuper/wp-2019.php' not found or unable to stat
[Thu Feb 19 01:23:18.693205 2026] [php:error] [pid 15877] [client 20.219.8.79:0] script '/domains/drsuper/403.php' not found or unable to stat
[Thu Feb 19 01:23:18.899203 2026] [php:error] [pid 15877] [client 20.219.8.79:0] script '/domains/drsuper/about.php' not found or unable to stat
[Thu Feb 19 01:23:19.105506 2026] [php:error] [pid 15877] [client 20.219.8.79:0] script '/domains/drsuper/admin.php' not found or unable to stat
[Thu Feb 19 01:23:19.468631 2026] [php:error] [pid 15877] [client 20.219.8.79:0] script '/domains/drsuper/as.php' not found or unable to stat
[Thu Feb 19 01:23:19.972943 2026] [php:error] [pid 15877] [client 20.219.8.79:0] script '/domains/drsuper/autoload_classmap.php' not found or unable to stat
[Thu Feb 19 01:23:20.186067 2026] [php:error] [pid 15877] [client 20.219.8.79:0] script '/domains/drsuper/classwithtostring.php' not found or unable to stat
[Thu Feb 19 01:23:20.541812 2026] [php:error] [pid 15877] [client 20.219.8.79:0] script '/domains/drsuper/content.php' not found or unable to stat
[Thu Feb 19 01:23:21.092535 2026] [php:error] [pid 15877] [client 20.219.8.79:0] script '/domains/drsuper/doc.php' not found or unable to stat
[Thu Feb 19 01:23:21.459598 2026] [php:error] [pid 15877] [client 20.219.8.79:0] script '/domains/drsuper/dropdown.php' not found or unable to stat
[Thu Feb 19 01:23:22.054215 2026] [php:error] [pid 15877] [client 20.219.8.79:0] script '/domains/drsuper/ee.php' not found or unable to stat
[Thu Feb 19 01:23:22.269112 2026] [php:error] [pid 15877] [client 20.219.8.79:0] script '/domains/drsuper/images/wp-login.php' not found or unable to stat
[Thu Feb 19 01:23:22.614906 2026] [php:error] [pid 15877] [client 20.219.8.79:0] script '/domains/drsuper/moon.php' not found or unable to stat
[Thu Feb 19 01:23:22.833640 2026] [php:error] [pid 15877] [client 20.219.8.79:0] script '/domains/drsuper/new.php' not found or unable to stat
[Thu Feb 19 01:23:23.051255 2026] [php:error] [pid 15877] [client 20.219.8.79:0] script '/domains/drsuper/radio.php' not found or unable to stat
[Thu Feb 19 01:23:23.468835 2026] [php:error] [pid 15877] [client 20.219.8.79:0] script '/domains/drsuper/s.php' not found or unable to stat
[Thu Feb 19 01:23:23.776320 2026] [php:error] [pid 15877] [client 20.219.8.79:0] script '/domains/drsuper/sim.php' not found or unable to stat
[Thu Feb 19 01:23:24.135153 2026] [php:error] [pid 15877] [client 20.219.8.79:0] script '/domains/drsuper/simple.php' not found or unable to stat
[Thu Feb 19 01:23:24.770759 2026] [php:error] [pid 15877] [client 20.219.8.79:0] script '/domains/drsuper/user.php' not found or unable to stat
[Thu Feb 19 01:23:24.981303 2026] [php:error] [pid 15877] [client 20.219.8.79:0] script '/domains/drsuper/webadmin.php' not found or unable to stat
[Thu Feb 19 01:23:26.671261 2026] [php:error] [pid 15877] [client 20.219.8.79:0] script '/domains/drsuper/wp-config-sample.php' not found or unable to stat
[Thu Feb 19 01:23:26.880295 2026] [php:error] [pid 15877] [client 20.219.8.79:0] script '/domains/drsuper/wp-configs.php' not found or unable to stat
[Thu Feb 19 01:23:27.322004 2026] [php:error] [pid 15877] [client 20.219.8.79:0] script '/domains/drsuper/wp-conflg.php' not found or unable to stat
[Thu Feb 19 01:23:29.606806 2026] [php:error] [pid 15877] [client 20.219.8.79:0] script '/domains/drsuper/wp-mail.php' not found or unable to stat
[Thu Feb 19 01:23:30.058260 2026] [php:error] [pid 15877] [client 20.219.8.79:0] script '/domains/drsuper/wsa.php' not found or unable to stat
[Thu Feb 19 01:23:30.275209 2026] [php:error] [pid 15877] [client 20.219.8.79:0] script '/domains/drsuper/xmlrpc.php' not found or unable to stat
[Thu Feb 19 01:23:30.487677 2026] [php:error] [pid 15877] [client 20.219.8.79:0] script '/domains/drsuper/ab.php' not found or unable to stat
[Thu Feb 19 01:23:30.867174 2026] [php:error] [pid 15877] [client 20.219.8.79:0] script '/domains/drsuper/classwithtostring.php' not found or unable to stat
[Thu Feb 19 01:23:31.105940 2026] [php:error] [pid 15877] [client 20.219.8.79:0] script '/domains/drsuper/version.php' not found or unable to stat
[Thu Feb 19 01:23:31.504013 2026] [php:error] [pid 15877] [client 20.219.8.79:0] script '/domains/drsuper/xxx.php' not found or unable to stat
[Thu Feb 19 01:23:32.454000 2026] [php:error] [pid 15877] [client 20.219.8.79:0] script '/domains/drsuper/1.php' not found or unable to stat
[Thu Feb 19 01:23:32.955048 2026] [php:error] [pid 15877] [client 20.219.8.79:0] script '/domains/drsuper/themes.php' not found or unable to stat
[Thu Feb 19 01:23:34.274833 2026] [php:error] [pid 15877] [client 20.219.8.79:0] script '/domains/drsuper/b0.php' not found or unable to stat
[Thu Feb 19 01:23:34.485875 2026] [php:error] [pid 15877] [client 20.219.8.79:0] script '/domains/drsuper/bala.php' not found or unable to stat
[Thu Feb 19 01:23:36.166122 2026] [php:error] [pid 15877] [client 20.219.8.79:0] script '/domains/drsuper/xl2023.php.php' not found or unable to stat
[Thu Feb 19 01:23:37.855615 2026] [php:error] [pid 15877] [client 20.219.8.79:0] script '/domains/drsuper/120f9.php' not found or unable to stat
[Thu Feb 19 01:23:38.162802 2026] [php:error] [pid 15877] [client 20.219.8.79:0] script '/domains/drsuper/504.php' not found or unable to stat
[Thu Feb 19 01:23:38.605321 2026] [php:error] [pid 15877] [client 20.219.8.79:0] script '/domains/drsuper/about.php' not found or unable to stat
[Thu Feb 19 01:23:38.915213 2026] [php:error] [pid 15877] [client 20.219.8.79:0] script '/domains/drsuper/back.php' not found or unable to stat
[Thu Feb 19 01:23:39.300630 2026] [php:error] [pid 15877] [client 20.219.8.79:0] script '/domains/drsuper/cong.php' not found or unable to stat
[Thu Feb 19 01:23:39.658690 2026] [php:error] [pid 15877] [client 20.219.8.79:0] script '/domains/drsuper/credits.php' not found or unable to stat
[Thu Feb 19 01:23:39.867938 2026] [php:error] [pid 15877] [client 20.219.8.79:0] script '/domains/drsuper/credits.php' not found or unable to stat
[Thu Feb 19 01:23:40.122101 2026] [php:error] [pid 15877] [client 20.219.8.79:0] script '/domains/drsuper/data.php' not found or unable to stat
[Thu Feb 19 01:23:40.334075 2026] [php:error] [pid 15877] [client 20.219.8.79:0] script '/domains/drsuper/function.php' not found or unable to stat
[Thu Feb 19 01:23:40.540840 2026] [php:error] [pid 15877] [client 20.219.8.79:0] script '/domains/drsuper/goods.php' not found or unable to stat
[Thu Feb 19 01:23:40.789939 2026] [php:error] [pid 15877] [client 20.219.8.79:0] script '/domains/drsuper/gzak2w.php' not found or unable to stat
[Thu Feb 19 01:23:41.005018 2026] [php:error] [pid 15877] [client 20.219.8.79:0] script '/domains/drsuper/hehehehe.php' not found or unable to stat
[Thu Feb 19 01:23:42.130779 2026] [php:error] [pid 15877] [client 20.219.8.79:0] script '/domains/drsuper/install.php' not found or unable to stat
[Thu Feb 19 01:23:42.753147 2026] [php:error] [pid 15877] [client 20.219.8.79:0] script '/domains/drsuper/ova.php' not found or unable to stat
[Thu Feb 19 01:23:50.864818 2026] [php:error] [pid 15880] [client 20.219.8.79:0] script '/domains/drsuper/wp.php' not found or unable to stat
[Thu Feb 19 01:26:50.052426 2026] [php:error] [pid 15912] [client 20.78.146.86:0] script '/domains/kandg-pc/wp-2019.php' not found or unable to stat
[Thu Feb 19 01:26:50.886682 2026] [php:error] [pid 15912] [client 20.78.146.86:0] script '/domains/kandg-pc/403.php' not found or unable to stat
[Thu Feb 19 01:26:51.308554 2026] [php:error] [pid 15912] [client 20.78.146.86:0] script '/domains/kandg-pc/aaa.php' not found or unable to stat
[Thu Feb 19 01:26:53.368150 2026] [php:error] [pid 15912] [client 20.78.146.86:0] script '/domains/kandg-pc/y.php' not found or unable to stat
[Thu Feb 19 01:26:53.737495 2026] [php:error] [pid 15912] [client 20.78.146.86:0] script '/domains/kandg-pc/ggfi.php' not found or unable to stat
[Thu Feb 19 01:26:55.171772 2026] [php:error] [pid 15912] [client 20.78.146.86:0] script '/domains/kandg-pc/buy.php' not found or unable to stat
[Thu Feb 19 01:26:55.349022 2026] [php:error] [pid 15912] [client 20.78.146.86:0] script '/domains/kandg-pc/chosen.php' not found or unable to stat
[Thu Feb 19 01:26:55.538338 2026] [php:error] [pid 15912] [client 20.78.146.86:0] script '/domains/kandg-pc/index.php' not found or unable to stat
[Thu Feb 19 01:26:56.402938 2026] [php:error] [pid 15912] [client 20.78.146.86:0] script '/domains/kandg-pc/cron.php' not found or unable to stat
[Thu Feb 19 01:26:56.605240 2026] [php:error] [pid 15912] [client 20.78.146.86:0] script '/domains/kandg-pc/functions.php' not found or unable to stat
[Thu Feb 19 01:26:58.858095 2026] [php:error] [pid 15912] [client 20.78.146.86:0] script '/domains/kandg-pc/wp-add.php' not found or unable to stat
[Thu Feb 19 01:26:59.028977 2026] [php:error] [pid 15912] [client 20.78.146.86:0] script '/domains/kandg-pc/0.php' not found or unable to stat
[Thu Feb 19 01:26:59.206327 2026] [php:error] [pid 15912] [client 20.78.146.86:0] script '/domains/kandg-pc/edit.php' not found or unable to stat
[Thu Feb 19 01:27:00.063998 2026] [php:error] [pid 15912] [client 20.78.146.86:0] script '/domains/kandg-pc/meta.php' not found or unable to stat
[Thu Feb 19 01:27:00.943782 2026] [php:error] [pid 15912] [client 20.78.146.86:0] script '/domains/kandg-pc/new.php' not found or unable to stat
[Thu Feb 19 01:27:01.904401 2026] [php:error] [pid 15912] [client 20.78.146.86:0] script '/domains/kandg-pc/as.php' not found or unable to stat
[Thu Feb 19 01:27:02.414132 2026] [php:error] [pid 15912] [client 20.78.146.86:0] script '/domains/kandg-pc/ds.php' not found or unable to stat
[Thu Feb 19 01:27:02.903751 2026] [php:error] [pid 15912] [client 20.78.146.86:0] script '/domains/kandg-pc/error.php' not found or unable to stat
[Thu Feb 19 01:27:03.456621 2026] [php:error] [pid 15912] [client 20.78.146.86:0] script '/domains/kandg-pc/gecko-new.php' not found or unable to stat
[Thu Feb 19 01:27:04.054574 2026] [php:error] [pid 15912] [client 20.78.146.86:0] script '/domains/kandg-pc/randkeyword.php' not found or unable to stat
[Thu Feb 19 01:27:05.883857 2026] [php:error] [pid 15912] [client 20.78.146.86:0] script '/domains/kandg-pc/NewFile.php' not found or unable to stat
[Thu Feb 19 01:27:06.074866 2026] [php:error] [pid 15912] [client 20.78.146.86:0] script '/domains/kandg-pc/goods.php' not found or unable to stat
[Thu Feb 19 01:27:06.258130 2026] [php:error] [pid 15912] [client 20.78.146.86:0] script '/domains/kandg-pc/simple.php' not found or unable to stat
[Thu Feb 19 01:27:08.747886 2026] [php:error] [pid 15912] [client 20.78.146.86:0] script '/domains/kandg-pc/c.php' not found or unable to stat
[Thu Feb 19 01:27:10.437257 2026] [php:error] [pid 15912] [client 20.78.146.86:0] script '/domains/kandg-pc/auth.php' not found or unable to stat
[Thu Feb 19 01:27:11.027083 2026] [php:error] [pid 15912] [client 20.78.146.86:0] script '/domains/kandg-pc/class-wp-lock.php' not found or unable to stat
[Thu Feb 19 01:27:11.729074 2026] [php:error] [pid 15912] [client 20.78.146.86:0] script '/domains/kandg-pc/cookie.php' not found or unable to stat
[Thu Feb 19 01:27:12.325065 2026] [php:error] [pid 15912] [client 20.78.146.86:0] script '/domains/kandg-pc/admin.php' not found or unable to stat
[Thu Feb 19 01:27:12.982829 2026] [php:error] [pid 15912] [client 20.78.146.86:0] script '/domains/kandg-pc/baxa1.php' not found or unable to stat
[Thu Feb 19 01:27:14.716218 2026] [php:error] [pid 15912] [client 20.78.146.86:0] script '/domains/kandg-pc/xleet.php' not found or unable to stat
[Thu Feb 19 01:27:15.859344 2026] [php:error] [pid 15912] [client 20.78.146.86:0] script '/domains/kandg-pc/about.php' not found or unable to stat
[Thu Feb 19 01:27:17.498515 2026] [php:error] [pid 15912] [client 20.78.146.86:0] script '/domains/kandg-pc/alfanew.php' not found or unable to stat
[Thu Feb 19 01:27:18.067352 2026] [php:error] [pid 15912] [client 20.78.146.86:0] script '/domains/kandg-pc/22.php' not found or unable to stat
[Thu Feb 19 01:27:20.201163 2026] [php:error] [pid 15912] [client 20.78.146.86:0] script '/domains/kandg-pc/simple.php' not found or unable to stat
[Thu Feb 19 01:27:21.177701 2026] [php:error] [pid 15912] [client 20.78.146.86:0] script '/domains/kandg-pc/admin.php' not found or unable to stat
[Thu Feb 19 01:27:21.669473 2026] [php:error] [pid 15912] [client 20.78.146.86:0] script '/domains/kandg-pc/c99.php' not found or unable to stat
[Thu Feb 19 01:27:21.856711 2026] [php:error] [pid 15912] [client 20.78.146.86:0] script '/domains/kandg-pc/file.php' not found or unable to stat
[Thu Feb 19 01:27:22.054488 2026] [php:error] [pid 15912] [client 20.78.146.86:0] script '/domains/kandg-pc/b.php' not found or unable to stat
[Thu Feb 19 01:27:22.239295 2026] [php:error] [pid 15912] [client 20.78.146.86:0] script '/domains/kandg-pc/classwithtostring.php' not found or unable to stat
[Thu Feb 19 01:27:22.428139 2026] [php:error] [pid 15912] [client 20.78.146.86:0] script '/domains/kandg-pc/css.php' not found or unable to stat
[Thu Feb 19 01:27:23.012496 2026] [php:error] [pid 15912] [client 20.78.146.86:0] script '/domains/kandg-pc/flower.php' not found or unable to stat
[Thu Feb 19 01:27:23.538284 2026] [php:error] [pid 15912] [client 20.78.146.86:0] script '/domains/kandg-pc/jp.php' not found or unable to stat
[Thu Feb 19 01:27:24.396729 2026] [php:error] [pid 15912] [client 20.78.146.86:0] script '/domains/kandg-pc/room.php' not found or unable to stat
[Thu Feb 19 01:27:25.522916 2026] [php:error] [pid 15912] [client 20.78.146.86:0] script '/domains/kandg-pc/12.php' not found or unable to stat
[Thu Feb 19 01:27:26.065304 2026] [php:error] [pid 15912] [client 20.78.146.86:0] script '/domains/kandg-pc/404.php' not found or unable to stat
[Thu Feb 19 01:27:26.257118 2026] [php:error] [pid 15912] [client 20.78.146.86:0] script '/domains/kandg-pc/disagreed.php' not found or unable to stat
[Thu Feb 19 01:27:27.363582 2026] [php:error] [pid 15912] [client 20.78.146.86:0] script '/domains/kandg-pc/text.php' not found or unable to stat
[Thu Feb 19 01:27:29.964664 2026] [php:error] [pid 15912] [client 20.78.146.86:0] script '/domains/kandg-pc/GOD.php' not found or unable to stat
[Thu Feb 19 01:27:30.540178 2026] [php:error] [pid 15912] [client 20.78.146.86:0] script '/domains/kandg-pc/alfa-rex.php' not found or unable to stat
[Thu Feb 19 01:27:30.711985 2026] [php:error] [pid 15912] [client 20.78.146.86:0] script '/domains/kandg-pc/f35.php' not found or unable to stat
[Thu Feb 19 01:27:30.905183 2026] [php:error] [pid 15912] [client 20.78.146.86:0] script '/domains/kandg-pc/feeds.php' not found or unable to stat
[Thu Feb 19 01:27:31.498671 2026] [php:error] [pid 15912] [client 20.78.146.86:0] script '/domains/kandg-pc/favicon.php' not found or unable to stat
[Thu Feb 19 01:27:31.874598 2026] [php:error] [pid 15912] [client 20.78.146.86:0] script '/domains/kandg-pc/hehe.php' not found or unable to stat
[Thu Feb 19 01:27:33.366275 2026] [php:error] [pid 15912] [client 20.78.146.86:0] script '/domains/kandg-pc/user.php' not found or unable to stat
[Thu Feb 19 01:27:34.487921 2026] [php:error] [pid 15918] [client 20.78.146.86:0] script '/domains/kandg-pc/autoload_classmap.php' not found or unable to stat
[Thu Feb 19 01:27:34.668467 2026] [php:error] [pid 15918] [client 20.78.146.86:0] script '/domains/kandg-pc/files.php' not found or unable to stat
[Thu Feb 19 01:27:35.212402 2026] [php:error] [pid 15918] [client 20.78.146.86:0] script '/domains/kandg-pc/about.php' not found or unable to stat
[Thu Feb 19 01:27:35.399902 2026] [php:error] [pid 15918] [client 20.78.146.86:0] script '/domains/kandg-pc/al.php' not found or unable to stat
[Thu Feb 19 01:27:35.628825 2026] [php:error] [pid 15918] [client 20.78.146.86:0] script '/domains/kandg-pc/byp.php' not found or unable to stat
[Thu Feb 19 01:27:36.731313 2026] [php:error] [pid 15918] [client 20.78.146.86:0] script '/domains/kandg-pc/wander.php' not found or unable to stat
[Thu Feb 19 01:27:38.568014 2026] [php:error] [pid 15918] [client 20.78.146.86:0] script '/domains/kandg-pc/en.php' not found or unable to stat
[Thu Feb 19 01:27:39.011755 2026] [php:error] [pid 15918] [client 20.78.146.86:0] script '/domains/kandg-pc/help.php' not found or unable to stat
[Thu Feb 19 01:27:40.380823 2026] [php:error] [pid 15918] [client 20.78.146.86:0] script '/domains/kandg-pc/control.php' not found or unable to stat
[Thu Feb 19 01:27:41.422479 2026] [php:error] [pid 15918] [client 20.78.146.86:0] script '/domains/kandg-pc/radio.php' not found or unable to stat
[Thu Feb 19 01:27:42.011078 2026] [php:error] [pid 15918] [client 20.78.146.86:0] script '/domains/kandg-pc/dropdown.php' not found or unable to stat
[Thu Feb 19 01:27:43.590752 2026] [php:error] [pid 15918] [client 20.78.146.86:0] script '/domains/kandg-pc/wp-2019.php' not found or unable to stat
[Thu Feb 19 01:27:44.369086 2026] [php:error] [pid 15918] [client 20.78.146.86:0] script '/domains/kandg-pc/403.php' not found or unable to stat
[Thu Feb 19 01:27:44.539796 2026] [php:error] [pid 15918] [client 20.78.146.86:0] script '/domains/kandg-pc/about.php' not found or unable to stat
[Thu Feb 19 01:27:45.137677 2026] [php:error] [pid 15918] [client 20.78.146.86:0] script '/domains/kandg-pc/admin.php' not found or unable to stat
[Thu Feb 19 01:27:45.388162 2026] [php:error] [pid 15918] [client 20.78.146.86:0] script '/domains/kandg-pc/as.php' not found or unable to stat
[Thu Feb 19 01:27:45.574343 2026] [php:error] [pid 15918] [client 20.78.146.86:0] script '/domains/kandg-pc/autoload_classmap.php' not found or unable to stat
