[Thu Feb 19 02:35:33.230231 2026] [php:error] [pid 16760] [client 20.214.159.60:0] script '/domains/quintet/classwithtostring.php' not found or unable to stat
[Thu Feb 19 02:35:33.426824 2026] [php:error] [pid 16760] [client 20.214.159.60:0] script '/domains/quintet/css.php' not found or unable to stat
[Thu Feb 19 02:35:33.623305 2026] [php:error] [pid 16760] [client 20.214.159.60:0] script '/domains/quintet/flower.php' not found or unable to stat
[Thu Feb 19 02:35:33.958613 2026] [php:error] [pid 16757] [client 20.194.29.45:0] script '/domains/jaspen/xl2023.php.php' not found or unable to stat
[Thu Feb 19 02:35:34.283164 2026] [php:error] [pid 16760] [client 20.214.159.60:0] script '/domains/quintet/jp.php' not found or unable to stat
[Thu Feb 19 02:35:35.171074 2026] [php:error] [pid 16760] [client 20.214.159.60:0] script '/domains/quintet/room.php' not found or unable to stat
[Thu Feb 19 02:35:35.958085 2026] [php:error] [pid 16760] [client 20.214.159.60:0] script '/domains/quintet/12.php' not found or unable to stat
[Thu Feb 19 02:35:35.974854 2026] [php:error] [pid 16757] [client 20.194.29.45:0] script '/domains/jaspen/120f9.php' not found or unable to stat
[Thu Feb 19 02:35:36.178630 2026] [php:error] [pid 16760] [client 20.214.159.60:0] script '/domains/quintet/404.php' not found or unable to stat
[Thu Feb 19 02:35:36.520040 2026] [php:error] [pid 16757] [client 20.194.29.45:0] script '/domains/jaspen/504.php' not found or unable to stat
[Thu Feb 19 02:35:36.731859 2026] [php:error] [pid 16757] [client 20.194.29.45:0] script '/domains/jaspen/about.php' not found or unable to stat
[Thu Feb 19 02:35:36.990961 2026] [php:error] [pid 16760] [client 20.214.159.60:0] script '/domains/quintet/disagreed.php' not found or unable to stat
[Thu Feb 19 02:35:37.117703 2026] [php:error] [pid 16757] [client 20.194.29.45:0] script '/domains/jaspen/back.php' not found or unable to stat
[Thu Feb 19 02:35:37.567297 2026] [php:error] [pid 16757] [client 20.194.29.45:0] script '/domains/jaspen/cong.php' not found or unable to stat
[Thu Feb 19 02:35:37.886622 2026] [php:error] [pid 16760] [client 20.214.159.60:0] script '/domains/quintet/text.php' not found or unable to stat
[Thu Feb 19 02:35:37.961259 2026] [php:error] [pid 16757] [client 20.194.29.45:0] script '/domains/jaspen/credits.php' not found or unable to stat
[Thu Feb 19 02:35:38.151324 2026] [php:error] [pid 16757] [client 20.194.29.45:0] script '/domains/jaspen/credits.php' not found or unable to stat
[Thu Feb 19 02:35:38.348292 2026] [php:error] [pid 16757] [client 20.194.29.45:0] script '/domains/jaspen/data.php' not found or unable to stat
[Thu Feb 19 02:35:38.541989 2026] [php:error] [pid 16757] [client 20.194.29.45:0] script '/domains/jaspen/function.php' not found or unable to stat
[Thu Feb 19 02:35:38.733822 2026] [php:error] [pid 16757] [client 20.194.29.45:0] script '/domains/jaspen/goods.php' not found or unable to stat
[Thu Feb 19 02:35:39.206611 2026] [php:error] [pid 16757] [client 20.194.29.45:0] script '/domains/jaspen/gzak2w.php' not found or unable to stat
[Thu Feb 19 02:35:39.398137 2026] [php:error] [pid 16757] [client 20.194.29.45:0] script '/domains/jaspen/hehehehe.php' not found or unable to stat
[Thu Feb 19 02:35:40.072898 2026] [php:error] [pid 16760] [client 20.214.159.60:0] script '/domains/quintet/GOD.php' not found or unable to stat
[Thu Feb 19 02:35:40.364468 2026] [php:error] [pid 16757] [client 20.194.29.45:0] script '/domains/jaspen/install.php' not found or unable to stat
[Thu Feb 19 02:35:40.474102 2026] [php:error] [pid 16760] [client 20.214.159.60:0] script '/domains/quintet/alfa-rex.php' not found or unable to stat
[Thu Feb 19 02:35:40.681092 2026] [php:error] [pid 16760] [client 20.214.159.60:0] script '/domains/quintet/f35.php' not found or unable to stat
[Thu Feb 19 02:35:40.889103 2026] [php:error] [pid 16760] [client 20.214.159.60:0] script '/domains/quintet/feeds.php' not found or unable to stat
[Thu Feb 19 02:35:40.998815 2026] [php:error] [pid 16757] [client 20.194.29.45:0] script '/domains/jaspen/ova.php' not found or unable to stat
[Thu Feb 19 02:35:41.298707 2026] [php:error] [pid 16760] [client 20.214.159.60:0] script '/domains/quintet/favicon.php' not found or unable to stat
[Thu Feb 19 02:35:42.137900 2026] [php:error] [pid 16760] [client 20.214.159.60:0] script '/domains/quintet/hehe.php' not found or unable to stat
[Thu Feb 19 02:35:43.626494 2026] [php:error] [pid 16760] [client 20.214.159.60:0] script '/domains/quintet/user.php' not found or unable to stat
[Thu Feb 19 02:35:44.210969 2026] [php:error] [pid 16744] [client 20.214.159.60:0] script '/domains/quintet/autoload_classmap.php' not found or unable to stat
[Thu Feb 19 02:35:44.418896 2026] [php:error] [pid 16744] [client 20.214.159.60:0] script '/domains/quintet/files.php' not found or unable to stat
[Thu Feb 19 02:35:45.405216 2026] [php:error] [pid 16744] [client 20.214.159.60:0] script '/domains/quintet/about.php' not found or unable to stat
[Thu Feb 19 02:35:45.594088 2026] [php:error] [pid 16744] [client 20.214.159.60:0] script '/domains/quintet/al.php' not found or unable to stat
[Thu Feb 19 02:35:45.928755 2026] [php:error] [pid 16744] [client 20.214.159.60:0] script '/domains/quintet/byp.php' not found or unable to stat
[Thu Feb 19 02:35:46.801455 2026] [php:error] [pid 16744] [client 20.214.159.60:0] script '/domains/quintet/wander.php' not found or unable to stat
[Thu Feb 19 02:35:48.141706 2026] [php:error] [pid 16744] [client 20.214.159.60:0] script '/domains/quintet/en.php' not found or unable to stat
[Thu Feb 19 02:35:48.222650 2026] [php:error] [pid 16706] [client 141.98.11.189:0] script '/domains/wsmith.enteract/wp-login.php' not found or unable to stat
[Thu Feb 19 02:35:48.440572 2026] [php:error] [pid 16760] [client 141.98.11.189:0] script '/domains/wsmith.enteract/wp-login.php' not found or unable to stat, referer: https://www.google.com/
[Thu Feb 19 02:35:48.547582 2026] [php:error] [pid 16744] [client 20.214.159.60:0] script '/domains/quintet/help.php' not found or unable to stat
[Thu Feb 19 02:35:49.255742 2026] [php:error] [pid 16757] [client 20.194.29.45:0] script '/domains/jaspen/wp.php' not found or unable to stat
[Thu Feb 19 02:35:49.600503 2026] [php:error] [pid 16744] [client 20.214.159.60:0] script '/domains/quintet/control.php' not found or unable to stat
[Thu Feb 19 02:35:50.542263 2026] [php:error] [pid 16744] [client 20.214.159.60:0] script '/domains/quintet/radio.php' not found or unable to stat
[Thu Feb 19 02:35:51.113418 2026] [php:error] [pid 16744] [client 20.214.159.60:0] script '/domains/quintet/dropdown.php' not found or unable to stat
[Thu Feb 19 02:35:53.050601 2026] [php:error] [pid 16744] [client 20.214.159.60:0] script '/domains/quintet/wp-2019.php' not found or unable to stat
[Thu Feb 19 02:35:53.442958 2026] [php:error] [pid 16744] [client 20.214.159.60:0] script '/domains/quintet/403.php' not found or unable to stat
[Thu Feb 19 02:35:53.649200 2026] [php:error] [pid 16744] [client 20.214.159.60:0] script '/domains/quintet/about.php' not found or unable to stat
[Thu Feb 19 02:35:53.837979 2026] [php:error] [pid 16744] [client 20.214.159.60:0] script '/domains/quintet/admin.php' not found or unable to stat
[Thu Feb 19 02:35:54.356967 2026] [php:error] [pid 16744] [client 20.214.159.60:0] script '/domains/quintet/as.php' not found or unable to stat
[Thu Feb 19 02:35:54.812009 2026] [php:error] [pid 16744] [client 20.214.159.60:0] script '/domains/quintet/autoload_classmap.php' not found or unable to stat
[Thu Feb 19 02:35:55.009246 2026] [php:error] [pid 16744] [client 20.214.159.60:0] script '/domains/quintet/classwithtostring.php' not found or unable to stat
[Thu Feb 19 02:35:55.206258 2026] [php:error] [pid 16744] [client 20.214.159.60:0] script '/domains/quintet/content.php' not found or unable to stat
[Thu Feb 19 02:35:55.409468 2026] [php:error] [pid 16744] [client 20.214.159.60:0] script '/domains/quintet/doc.php' not found or unable to stat
[Thu Feb 19 02:35:55.612956 2026] [php:error] [pid 16744] [client 20.214.159.60:0] script '/domains/quintet/dropdown.php' not found or unable to stat
[Thu Feb 19 02:35:55.807389 2026] [php:error] [pid 16744] [client 20.214.159.60:0] script '/domains/quintet/ee.php' not found or unable to stat
[Thu Feb 19 02:35:56.230395 2026] [php:error] [pid 16744] [client 20.214.159.60:0] script '/domains/quintet/images/wp-login.php' not found or unable to stat
[Thu Feb 19 02:35:56.431581 2026] [php:error] [pid 16744] [client 20.214.159.60:0] script '/domains/quintet/moon.php' not found or unable to stat
[Thu Feb 19 02:35:56.626177 2026] [php:error] [pid 16744] [client 20.214.159.60:0] script '/domains/quintet/new.php' not found or unable to stat
[Thu Feb 19 02:35:57.420532 2026] [php:error] [pid 16744] [client 20.214.159.60:0] script '/domains/quintet/radio.php' not found or unable to stat
[Thu Feb 19 02:35:57.625274 2026] [php:error] [pid 16744] [client 20.214.159.60:0] script '/domains/quintet/s.php' not found or unable to stat
[Thu Feb 19 02:35:58.219814 2026] [php:error] [pid 16744] [client 20.214.159.60:0] script '/domains/quintet/sim.php' not found or unable to stat
[Thu Feb 19 02:35:58.747631 2026] [php:error] [pid 16744] [client 20.214.159.60:0] script '/domains/quintet/simple.php' not found or unable to stat
[Thu Feb 19 02:35:59.663049 2026] [php:error] [pid 16744] [client 20.214.159.60:0] script '/domains/quintet/user.php' not found or unable to stat
[Thu Feb 19 02:35:59.869602 2026] [php:error] [pid 16744] [client 20.214.159.60:0] script '/domains/quintet/webadmin.php' not found or unable to stat
[Thu Feb 19 02:36:02.217444 2026] [php:error] [pid 16744] [client 20.214.159.60:0] script '/domains/quintet/wp-config-sample.php' not found or unable to stat
[Thu Feb 19 02:36:02.427978 2026] [php:error] [pid 16744] [client 20.214.159.60:0] script '/domains/quintet/wp-configs.php' not found or unable to stat
[Thu Feb 19 02:36:02.623894 2026] [php:error] [pid 16744] [client 20.214.159.60:0] script '/domains/quintet/wp-conflg.php' not found or unable to stat
[Thu Feb 19 02:36:04.976934 2026] [php:error] [pid 16744] [client 20.214.159.60:0] script '/domains/quintet/wp-mail.php' not found or unable to stat
[Thu Feb 19 02:36:05.187364 2026] [php:error] [pid 16744] [client 20.214.159.60:0] script '/domains/quintet/wsa.php' not found or unable to stat
[Thu Feb 19 02:36:05.817237 2026] [php:error] [pid 16706] [client 20.214.159.60:0] script '/domains/system_suspended/wp-2019.php' not found or unable to stat
[Thu Feb 19 02:36:05.919503 2026] [php:error] [pid 16744] [client 20.214.159.60:0] script '/domains/quintet/xmlrpc.php' not found or unable to stat
[Thu Feb 19 02:36:06.016571 2026] [php:error] [pid 16706] [client 20.214.159.60:0] script '/domains/system_suspended/403.php' not found or unable to stat
[Thu Feb 19 02:36:06.161516 2026] [php:error] [pid 16744] [client 20.214.159.60:0] script '/domains/quintet/ab.php' not found or unable to stat
[Thu Feb 19 02:36:06.350043 2026] [php:error] [pid 16744] [client 20.214.159.60:0] script '/domains/quintet/classwithtostring.php' not found or unable to stat
[Thu Feb 19 02:36:06.549200 2026] [php:error] [pid 16744] [client 20.214.159.60:0] script '/domains/quintet/version.php' not found or unable to stat
[Thu Feb 19 02:36:06.869685 2026] [php:error] [pid 16706] [client 20.214.159.60:0] script '/domains/system_suspended/aaa.php' not found or unable to stat
[Thu Feb 19 02:36:07.050736 2026] [php:error] [pid 16766] [client 145.239.10.137:0] script '/domains/ceonlinenews/tcb.php' not found or unable to stat, referer: http://ceonlinenews.com/tcb.php
[Thu Feb 19 02:36:07.145937 2026] [php:error] [pid 16744] [client 20.214.159.60:0] script '/domains/quintet/xxx.php' not found or unable to stat
[Thu Feb 19 02:36:07.961411 2026] [php:error] [pid 16744] [client 20.214.159.60:0] script '/domains/quintet/1.php' not found or unable to stat
[Thu Feb 19 02:36:08.164066 2026] [php:error] [pid 16744] [client 20.214.159.60:0] script '/domains/quintet/themes.php' not found or unable to stat
[Thu Feb 19 02:36:09.278834 2026] [php:error] [pid 16706] [client 20.214.159.60:0] script '/domains/system_suspended/y.php' not found or unable to stat
[Thu Feb 19 02:36:09.773187 2026] [php:error] [pid 16744] [client 20.214.159.60:0] script '/domains/quintet/b0.php' not found or unable to stat
[Thu Feb 19 02:36:09.968756 2026] [php:error] [pid 16744] [client 20.214.159.60:0] script '/domains/quintet/bala.php' not found or unable to stat
[Thu Feb 19 02:36:10.106579 2026] [php:error] [pid 16706] [client 20.214.159.60:0] script '/domains/system_suspended/ggfi.php' not found or unable to stat
[Thu Feb 19 02:36:11.667412 2026] [php:error] [pid 16744] [client 20.214.159.60:0] script '/domains/quintet/xl2023.php.php' not found or unable to stat
[Thu Feb 19 02:36:11.893204 2026] [php:error] [pid 16706] [client 20.214.159.60:0] script '/domains/system_suspended/buy.php' not found or unable to stat
[Thu Feb 19 02:36:12.718821 2026] [php:error] [pid 16744] [client 20.214.159.60:0] script '/domains/quintet/120f9.php' not found or unable to stat
[Thu Feb 19 02:36:12.921568 2026] [php:error] [pid 16744] [client 20.214.159.60:0] script '/domains/quintet/504.php' not found or unable to stat
[Thu Feb 19 02:36:12.975946 2026] [php:error] [pid 16706] [client 20.214.159.60:0] script '/domains/system_suspended/chosen.php' not found or unable to stat
[Thu Feb 19 02:36:13.378506 2026] [php:error] [pid 16706] [client 20.214.159.60:0] script '/domains/system_suspended/index.php' not found or unable to stat
[Thu Feb 19 02:36:13.580172 2026] [php:error] [pid 16706] [client 20.214.159.60:0] script '/domains/system_suspended/cron.php' not found or unable to stat
[Thu Feb 19 02:36:13.908869 2026] [php:error] [pid 16744] [client 20.214.159.60:0] script '/domains/quintet/about.php' not found or unable to stat
[Thu Feb 19 02:36:14.109394 2026] [php:error] [pid 16744] [client 20.214.159.60:0] script '/domains/quintet/back.php' not found or unable to stat
[Thu Feb 19 02:36:14.301475 2026] [php:error] [pid 16744] [client 20.214.159.60:0] script '/domains/quintet/cong.php' not found or unable to stat
[Thu Feb 19 02:36:14.306458 2026] [php:error] [pid 16706] [client 20.214.159.60:0] script '/domains/system_suspended/functions.php' not found or unable to stat
[Thu Feb 19 02:36:14.954562 2026] [php:error] [pid 16744] [client 20.214.159.60:0] script '/domains/quintet/credits.php' not found or unable to stat
[Thu Feb 19 02:36:15.152814 2026] [php:error] [pid 16744] [client 20.214.159.60:0] script '/domains/quintet/credits.php' not found or unable to stat
[Thu Feb 19 02:36:15.925277 2026] [php:error] [pid 16744] [client 20.214.159.60:0] script '/domains/quintet/data.php' not found or unable to stat
[Thu Feb 19 02:36:15.929460 2026] [php:error] [pid 16706] [client 20.214.159.60:0] script '/domains/system_suspended/wp-add.php' not found or unable to stat
[Thu Feb 19 02:36:16.128973 2026] [php:error] [pid 16744] [client 20.214.159.60:0] script '/domains/quintet/function.php' not found or unable to stat
[Thu Feb 19 02:36:16.135771 2026] [php:error] [pid 16706] [client 20.214.159.60:0] script '/domains/system_suspended/0.php' not found or unable to stat
[Thu Feb 19 02:36:16.319042 2026] [php:error] [pid 16744] [client 20.214.159.60:0] script '/domains/quintet/goods.php' not found or unable to stat
[Thu Feb 19 02:36:16.328846 2026] [php:error] [pid 16706] [client 20.214.159.60:0] script '/domains/system_suspended/edit.php' not found or unable to stat
[Thu Feb 19 02:36:16.660145 2026] [php:error] [pid 16706] [client 20.214.159.60:0] script '/domains/system_suspended/meta.php' not found or unable to stat
[Thu Feb 19 02:36:16.802170 2026] [php:error] [pid 16744] [client 20.214.159.60:0] script '/domains/quintet/gzak2w.php' not found or unable to stat
[Thu Feb 19 02:36:16.859862 2026] [php:error] [pid 16706] [client 20.214.159.60:0] script '/domains/system_suspended/new.php' not found or unable to stat
[Thu Feb 19 02:36:17.508604 2026] [php:error] [pid 16744] [client 20.214.159.60:0] script '/domains/quintet/hehehehe.php' not found or unable to stat
[Thu Feb 19 02:36:18.005099 2026] [php:error] [pid 16706] [client 20.214.159.60:0] script '/domains/system_suspended/as.php' not found or unable to stat
[Thu Feb 19 02:36:18.225967 2026] [php:error] [pid 16706] [client 20.214.159.60:0] script '/domains/system_suspended/ds.php' not found or unable to stat
[Thu Feb 19 02:36:18.576712 2026] [php:error] [pid 16744] [client 20.214.159.60:0] script '/domains/quintet/install.php' not found or unable to stat
[Thu Feb 19 02:36:18.781221 2026] [php:error] [pid 16706] [client 20.214.159.60:0] script '/domains/system_suspended/error.php' not found or unable to stat
[Thu Feb 19 02:36:19.005679 2026] [php:error] [pid 16744] [client 20.214.159.60:0] script '/domains/quintet/ova.php' not found or unable to stat
[Thu Feb 19 02:36:19.428964 2026] [php:error] [pid 16706] [client 20.214.159.60:0] script '/domains/system_suspended/gecko-new.php' not found or unable to stat
[Thu Feb 19 02:36:19.636765 2026] [php:error] [pid 16706] [client 20.214.159.60:0] script '/domains/system_suspended/randkeyword.php' not found or unable to stat
[Thu Feb 19 02:36:20.219528 2026] [php:error] [pid 16706] [client 20.214.159.60:0] script '/domains/system_suspended/NewFile.php' not found or unable to stat
[Thu Feb 19 02:36:20.426412 2026] [php:error] [pid 16706] [client 20.214.159.60:0] script '/domains/system_suspended/goods.php' not found or unable to stat
[Thu Feb 19 02:36:21.180427 2026] [php:error] [pid 16706] [client 20.214.159.60:0] script '/domains/system_suspended/simple.php' not found or unable to stat
[Thu Feb 19 02:36:23.252434 2026] [php:error] [pid 16706] [client 20.214.159.60:0] script '/domains/system_suspended/c.php' not found or unable to stat
[Thu Feb 19 02:36:25.473897 2026] [php:error] [pid 16706] [client 20.214.159.60:0] script '/domains/system_suspended/auth.php' not found or unable to stat
[Thu Feb 19 02:36:26.390364 2026] [php:error] [pid 16706] [client 20.214.159.60:0] script '/domains/system_suspended/class-wp-lock.php' not found or unable to stat
[Thu Feb 19 02:36:26.705380 2026] [php:error] [pid 16772] [client 20.214.159.60:0] script '/domains/quintet/wp.php' not found or unable to stat
[Thu Feb 19 02:36:27.102462 2026] [php:error] [pid 16706] [client 20.214.159.60:0] script '/domains/system_suspended/cookie.php' not found or unable to stat
[Thu Feb 19 02:36:27.306142 2026] [php:error] [pid 16706] [client 20.214.159.60:0] script '/domains/system_suspended/admin.php' not found or unable to stat
[Thu Feb 19 02:36:27.515506 2026] [php:error] [pid 16706] [client 20.214.159.60:0] script '/domains/system_suspended/baxa1.php' not found or unable to stat
[Thu Feb 19 02:36:28.883071 2026] [php:error] [pid 16706] [client 20.214.159.60:0] script '/domains/system_suspended/xleet.php' not found or unable to stat
[Thu Feb 19 02:36:29.275652 2026] [php:error] [pid 16706] [client 20.214.159.60:0] script '/domains/system_suspended/about.php' not found or unable to stat
[Thu Feb 19 02:36:32.533845 2026] [php:error] [pid 16706] [client 20.214.159.60:0] script '/domains/system_suspended/alfanew.php' not found or unable to stat
[Thu Feb 19 02:36:33.497026 2026] [php:error] [pid 16706] [client 20.214.159.60:0] script '/domains/system_suspended/22.php' not found or unable to stat
[Thu Feb 19 02:36:34.695111 2026] [php:error] [pid 16706] [client 20.214.159.60:0] script '/domains/system_suspended/simple.php' not found or unable to stat
[Thu Feb 19 02:36:35.537493 2026] [php:error] [pid 16706] [client 20.214.159.60:0] script '/domains/system_suspended/admin.php' not found or unable to stat
[Thu Feb 19 02:36:35.729849 2026] [php:error] [pid 16706] [client 20.214.159.60:0] script '/domains/system_suspended/c99.php' not found or unable to stat
[Thu Feb 19 02:36:36.311411 2026] [php:error] [pid 16706] [client 20.214.159.60:0] script '/domains/system_suspended/file.php' not found or unable to stat
[Thu Feb 19 02:36:36.912468 2026] [php:error] [pid 16706] [client 20.214.159.60:0] script '/domains/system_suspended/b.php' not found or unable to stat
[Thu Feb 19 02:36:37.104636 2026] [php:error] [pid 16706] [client 20.214.159.60:0] script '/domains/system_suspended/classwithtostring.php' not found or unable to stat
[Thu Feb 19 02:36:37.295135 2026] [php:error] [pid 16706] [client 20.214.159.60:0] script '/domains/system_suspended/css.php' not found or unable to stat
[Thu Feb 19 02:36:37.499170 2026] [php:error] [pid 16706] [client 20.214.159.60:0] script '/domains/system_suspended/flower.php' not found or unable to stat
[Thu Feb 19 02:36:38.891179 2026] [php:error] [pid 16706] [client 20.214.159.60:0] script '/domains/system_suspended/jp.php' not found or unable to stat
[Thu Feb 19 02:36:39.081866 2026] [php:error] [pid 16706] [client 20.214.159.60:0] script '/domains/system_suspended/room.php' not found or unable to stat
[Thu Feb 19 02:36:40.601193 2026] [php:error] [pid 16706] [client 20.214.159.60:0] script '/domains/system_suspended/12.php' not found or unable to stat
[Thu Feb 19 02:36:41.309384 2026] [php:error] [pid 16706] [client 20.214.159.60:0] script '/domains/system_suspended/404.php' not found or unable to stat
[Thu Feb 19 02:36:42.161320 2026] [php:error] [pid 16706] [client 20.214.159.60:0] script '/domains/system_suspended/disagreed.php' not found or unable to stat
[Thu Feb 19 02:36:42.559934 2026] [php:error] [pid 16706] [client 20.214.159.60:0] script '/domains/system_suspended/text.php' not found or unable to stat
[Thu Feb 19 02:36:46.807074 2026] [php:error] [pid 16706] [client 20.214.159.60:0] script '/domains/system_suspended/GOD.php' not found or unable to stat
[Thu Feb 19 02:36:47.843066 2026] [php:error] [pid 16706] [client 20.214.159.60:0] script '/domains/system_suspended/alfa-rex.php' not found or unable to stat
[Thu Feb 19 02:36:48.543166 2026] [php:error] [pid 16706] [client 20.214.159.60:0] script '/domains/system_suspended/f35.php' not found or unable to stat
[Thu Feb 19 02:36:48.742525 2026] [php:error] [pid 16706] [client 20.214.159.60:0] script '/domains/system_suspended/feeds.php' not found or unable to stat
[Thu Feb 19 02:36:50.389615 2026] [php:error] [pid 16706] [client 20.214.159.60:0] script '/domains/system_suspended/favicon.php' not found or unable to stat
[Thu Feb 19 02:36:51.573026 2026] [php:error] [pid 16706] [client 20.214.159.60:0] script '/domains/system_suspended/hehe.php' not found or unable to stat
[Thu Feb 19 02:36:53.106196 2026] [php:error] [pid 16706] [client 20.214.159.60:0] script '/domains/system_suspended/user.php' not found or unable to stat
[Thu Feb 19 02:36:53.829116 2026] [php:error] [pid 16768] [client 35.247.243.243:0] script '/domains/pauljbrock/adminer.php' not found or unable to stat
[Thu Feb 19 02:36:54.084240 2026] [php:error] [pid 16772] [client 20.214.159.60:0] script '/domains/system_suspended/autoload_classmap.php' not found or unable to stat
[Thu Feb 19 02:36:54.657335 2026] [php:error] [pid 16772] [client 20.214.159.60:0] script '/domains/system_suspended/files.php' not found or unable to stat
[Thu Feb 19 02:36:55.047125 2026] [php:error] [pid 16772] [client 20.214.159.60:0] script '/domains/system_suspended/about.php' not found or unable to stat
[Thu Feb 19 02:36:55.254175 2026] [php:error] [pid 16772] [client 20.214.159.60:0] script '/domains/system_suspended/al.php' not found or unable to stat
[Thu Feb 19 02:36:56.181118 2026] [php:error] [pid 16772] [client 20.214.159.60:0] script '/domains/system_suspended/byp.php' not found or unable to stat
[Thu Feb 19 02:36:56.925980 2026] [php:error] [pid 16772] [client 20.214.159.60:0] script '/domains/system_suspended/wander.php' not found or unable to stat
[Thu Feb 19 02:36:58.880369 2026] [php:error] [pid 16772] [client 20.214.159.60:0] script '/domains/system_suspended/en.php' not found or unable to stat
[Thu Feb 19 02:36:59.659762 2026] [php:error] [pid 16772] [client 20.214.159.60:0] script '/domains/system_suspended/help.php' not found or unable to stat
[Thu Feb 19 02:37:00.912052 2026] [php:error] [pid 16772] [client 20.214.159.60:0] script '/domains/system_suspended/control.php' not found or unable to stat
[Thu Feb 19 02:37:01.957465 2026] [php:error] [pid 16772] [client 20.214.159.60:0] script '/domains/system_suspended/radio.php' not found or unable to stat
[Thu Feb 19 02:37:02.476218 2026] [php:error] [pid 16772] [client 20.214.159.60:0] script '/domains/system_suspended/dropdown.php' not found or unable to stat
[Thu Feb 19 02:37:03.247723 2026] [php:error] [pid 16772] [client 20.214.159.60:0] script '/domains/system_suspended/wp-2019.php' not found or unable to stat
[Thu Feb 19 02:37:03.667149 2026] [php:error] [pid 16772] [client 20.214.159.60:0] script '/domains/system_suspended/403.php' not found or unable to stat
[Thu Feb 19 02:37:04.680211 2026] [php:error] [pid 16772] [client 20.214.159.60:0] script '/domains/system_suspended/about.php' not found or unable to stat
[Thu Feb 19 02:37:04.891949 2026] [php:error] [pid 16772] [client 20.214.159.60:0] script '/domains/system_suspended/admin.php' not found or unable to stat
[Thu Feb 19 02:37:05.818994 2026] [php:error] [pid 16772] [client 20.214.159.60:0] script '/domains/system_suspended/as.php' not found or unable to stat
[Thu Feb 19 02:37:06.022960 2026] [php:error] [pid 16772] [client 20.214.159.60:0] script '/domains/system_suspended/autoload_classmap.php' not found or unable to stat
[Thu Feb 19 02:37:06.229791 2026] [php:error] [pid 16772] [client 20.214.159.60:0] script '/domains/system_suspended/classwithtostring.php' not found or unable to stat
[Thu Feb 19 02:37:06.431190 2026] [php:error] [pid 16772] [client 20.214.159.60:0] script '/domains/system_suspended/content.php' not found or unable to stat
[Thu Feb 19 02:37:07.146627 2026] [php:error] [pid 16772] [client 20.214.159.60:0] script '/domains/system_suspended/doc.php' not found or unable to stat
[Thu Feb 19 02:37:07.318867 2026] [php:error] [pid 16773] [client 35.247.243.245:0] script '/domains/pauljbrock/phpminiadmin.php' not found or unable to stat
[Thu Feb 19 02:37:08.059271 2026] [php:error] [pid 16772] [client 20.214.159.60:0] script '/domains/system_suspended/dropdown.php' not found or unable to stat
[Thu Feb 19 02:37:08.265540 2026] [php:error] [pid 16772] [client 20.214.159.60:0] script '/domains/system_suspended/ee.php' not found or unable to stat
[Thu Feb 19 02:37:09.645262 2026] [php:error] [pid 16773] [client 34.96.162.62:0] script '/domains/pauljbrock/adminer-5.0.1-mysql-en.php' not found or unable to stat
[Thu Feb 19 02:37:09.950011 2026] [php:error] [pid 16772] [client 20.214.159.60:0] script '/domains/system_suspended/moon.php' not found or unable to stat
[Thu Feb 19 02:37:10.532267 2026] [php:error] [pid 16772] [client 20.214.159.60:0] script '/domains/system_suspended/new.php' not found or unable to stat
[Thu Feb 19 02:37:10.725769 2026] [php:error] [pid 16772] [client 20.214.159.60:0] script '/domains/system_suspended/radio.php' not found or unable to stat
[Thu Feb 19 02:37:10.923245 2026] [php:error] [pid 16772] [client 20.214.159.60:0] script '/domains/system_suspended/s.php' not found or unable to stat
[Thu Feb 19 02:37:11.121337 2026] [php:error] [pid 16772] [client 20.214.159.60:0] script '/domains/system_suspended/sim.php' not found or unable to stat
[Thu Feb 19 02:37:11.323158 2026] [php:error] [pid 16772] [client 20.214.159.60:0] script '/domains/system_suspended/simple.php' not found or unable to stat
[Thu Feb 19 02:37:11.678905 2026] [php:error] [pid 16777] [client 34.96.162.58:0] script '/domains/pauljbrock/adminer-4.8.1.php' not found or unable to stat
[Thu Feb 19 02:37:11.715575 2026] [php:error] [pid 16772] [client 20.214.159.60:0] script '/domains/system_suspended/user.php' not found or unable to stat
[Thu Feb 19 02:37:11.918279 2026] [php:error] [pid 16772] [client 20.214.159.60:0] script '/domains/system_suspended/webadmin.php' not found or unable to stat
[Thu Feb 19 02:37:14.128314 2026] [php:error] [pid 16772] [client 20.214.159.60:0] script '/domains/system_suspended/wp-config-sample.php' not found or unable to stat
[Thu Feb 19 02:37:14.324944 2026] [php:error] [pid 16772] [client 20.214.159.60:0] script '/domains/system_suspended/wp-configs.php' not found or unable to stat
[Thu Feb 19 02:37:14.528457 2026] [php:error] [pid 16772] [client 20.214.159.60:0] script '/domains/system_suspended/wp-conflg.php' not found or unable to stat
[Thu Feb 19 02:37:18.787659 2026] [php:error] [pid 16772] [client 20.214.159.60:0] script '/domains/system_suspended/wp-mail.php' not found or unable to stat
[Thu Feb 19 02:37:18.994229 2026] [php:error] [pid 16772] [client 20.214.159.60:0] script '/domains/system_suspended/wsa.php' not found or unable to stat
[Thu Feb 19 02:37:19.930344 2026] [php:error] [pid 16772] [client 20.214.159.60:0] script '/domains/system_suspended/xmlrpc.php' not found or unable to stat
[Thu Feb 19 02:37:20.726737 2026] [php:error] [pid 16772] [client 20.214.159.60:0] script '/domains/system_suspended/ab.php' not found or unable to stat
[Thu Feb 19 02:37:21.275174 2026] [php:error] [pid 16772] [client 20.214.159.60:0] script '/domains/system_suspended/classwithtostring.php' not found or unable to stat
[Thu Feb 19 02:37:21.516216 2026] [php:error] [pid 16744] [client 20.89.56.154:0] script '/domains/system_cancel/lock360.php' not found or unable to stat
[Thu Feb 19 02:37:21.675826 2026] [php:error] [pid 16744] [client 20.89.56.154:0] script '/domains/system_cancel/ahcc.php' not found or unable to stat
[Thu Feb 19 02:37:22.445583 2026] [php:error] [pid 16772] [client 20.214.159.60:0] script '/domains/system_suspended/version.php' not found or unable to stat
[Thu Feb 19 02:37:23.121866 2026] [php:error] [pid 16772] [client 20.214.159.60:0] script '/domains/system_suspended/xxx.php' not found or unable to stat
[Thu Feb 19 02:37:24.071633 2026] [php:error] [pid 16744] [client 20.89.56.154:0] script '/domains/system_cancel/lkui.php' not found or unable to stat
[Thu Feb 19 02:37:24.231271 2026] [php:error] [pid 16744] [client 20.89.56.154:0] script '/domains/system_cancel/reyna.php' not found or unable to stat
[Thu Feb 19 02:37:24.390891 2026] [php:error] [pid 16744] [client 20.89.56.154:0] script '/domains/system_cancel/meew.php' not found or unable to stat
[Thu Feb 19 02:37:24.818173 2026] [php:error] [pid 16772] [client 20.214.159.60:0] script '/domains/system_suspended/1.php' not found or unable to stat
[Thu Feb 19 02:37:25.189864 2026] [php:error] [pid 16744] [client 20.89.56.154:0] script '/domains/system_cancel/extract.php' not found or unable to stat
[Thu Feb 19 02:37:25.349711 2026] [php:error] [pid 16744] [client 20.89.56.154:0] script '/domains/system_cancel/comp.php' not found or unable to stat
[Thu Feb 19 02:37:25.825205 2026] [php:error] [pid 16772] [client 20.214.159.60:0] script '/domains/system_suspended/themes.php' not found or unable to stat
[Thu Feb 19 02:37:25.828841 2026] [php:error] [pid 16744] [client 20.89.56.154:0] script '/domains/system_cancel/credits.php' not found or unable to stat
[Thu Feb 19 02:37:25.988460 2026] [php:error] [pid 16744] [client 20.89.56.154:0] script '/domains/system_cancel/term.php' not found or unable to stat
[Thu Feb 19 02:37:26.148216 2026] [php:error] [pid 16744] [client 20.89.56.154:0] script '/domains/system_cancel/classsmtps.php' not found or unable to stat
[Thu Feb 19 02:37:28.249075 2026] [php:error] [pid 16773] [client 20.89.56.154:0] script '/domains/system_cancel/index_sso.php' not found or unable to stat
[Thu Feb 19 02:37:28.411856 2026] [php:error] [pid 16773] [client 20.89.56.154:0] script '/domains/system_cancel/rating.php' not found or unable to stat
[Thu Feb 19 02:37:28.574893 2026] [php:error] [pid 16773] [client 20.89.56.154:0] script '/domains/system_cancel/mfjtrzzg.php' not found or unable to stat
[Thu Feb 19 02:37:29.060440 2026] [php:error] [pid 16744] [client 20.89.56.154:0] script '/domains/system_cancel/report.php' not found or unable to stat
[Thu Feb 19 02:37:29.220142 2026] [php:error] [pid 16744] [client 20.89.56.154:0] script '/domains/system_cancel/edit-tags.php' not found or unable to stat
[Thu Feb 19 02:37:29.379651 2026] [php:error] [pid 16744] [client 20.89.56.154:0] script '/domains/system_cancel/cwianpri.php' not found or unable to stat
[Thu Feb 19 02:37:29.657006 2026] [php:error] [pid 16772] [client 20.214.159.60:0] script '/domains/system_suspended/b0.php' not found or unable to stat
[Thu Feb 19 02:37:29.853042 2026] [php:error] [pid 16772] [client 20.214.159.60:0] script '/domains/system_suspended/bala.php' not found or unable to stat
[Thu Feb 19 02:37:30.180851 2026] [php:error] [pid 16744] [client 20.89.56.154:0] script '/domains/system_cancel/install.php' not found or unable to stat
[Thu Feb 19 02:37:30.659547 2026] [php:error] [pid 16744] [client 20.89.56.154:0] script '/domains/system_cancel/home.php' not found or unable to stat
[Thu Feb 19 02:37:30.819577 2026] [php:error] [pid 16744] [client 20.89.56.154:0] script '/domains/system_cancel/dfpbtqbc.php' not found or unable to stat
[Thu Feb 19 02:37:31.298899 2026] [php:error] [pid 16744] [client 20.89.56.154:0] script '/domains/system_cancel/ifoklzle.php' not found or unable to stat
[Thu Feb 19 02:37:31.777547 2026] [php:error] [pid 16744] [client 20.89.56.154:0] script '/domains/system_cancel/es.php' not found or unable to stat
[Thu Feb 19 02:37:32.142698 2026] [php:error] [pid 16772] [client 20.214.159.60:0] script '/domains/system_suspended/xl2023.php.php' not found or unable to stat
[Thu Feb 19 02:37:32.576836 2026] [php:error] [pid 16744] [client 20.89.56.154:0] script '/domains/system_cancel/hplfuns.php' not found or unable to stat
[Thu Feb 19 02:37:33.118935 2026] [php:error] [pid 16772] [client 20.214.159.60:0] script '/domains/system_suspended/120f9.php' not found or unable to stat
[Thu Feb 19 02:37:34.211050 2026] [php:error] [pid 16772] [client 20.214.159.60:0] script '/domains/system_suspended/504.php' not found or unable to stat
[Thu Feb 19 02:37:34.335301 2026] [php:error] [pid 16744] [client 20.89.56.154:0] script '/domains/system_cancel/repeater.php' not found or unable to stat
[Thu Feb 19 02:37:34.777130 2026] [php:error] [pid 16772] [client 20.214.159.60:0] script '/domains/system_suspended/about.php' not found or unable to stat
[Thu Feb 19 02:37:34.815243 2026] [php:error] [pid 16744] [client 20.89.56.154:0] script '/domains/system_cancel/disoxrmons.php' not found or unable to stat
[Thu Feb 19 02:37:34.990025 2026] [php:error] [pid 16772] [client 20.214.159.60:0] script '/domains/system_suspended/back.php' not found or unable to stat
[Thu Feb 19 02:37:35.809207 2026] [php:error] [pid 16785] [client 35.247.243.251:0] script '/domains/pauljbrock/adminer-5.3.0-en.php' not found or unable to stat
[Thu Feb 19 02:37:35.943561 2026] [php:error] [pid 16780] [client 20.89.56.154:0] script '/domains/system_cancel/aleXus.php' not found or unable to stat
[Thu Feb 19 02:37:36.106376 2026] [php:error] [pid 16780] [client 20.89.56.154:0] script '/domains/system_cancel/alert.php' not found or unable to stat
[Thu Feb 19 02:37:36.187748 2026] [php:error] [pid 16772] [client 20.214.159.60:0] script '/domains/system_suspended/cong.php' not found or unable to stat
[Thu Feb 19 02:37:36.595587 2026] [php:error] [pid 16780] [client 20.89.56.154:0] script '/domains/system_cancel/al.php' not found or unable to stat
[Thu Feb 19 02:37:36.758640 2026] [php:error] [pid 16780] [client 20.89.56.154:0] script '/domains/system_cancel/dirs.php' not found or unable to stat
[Thu Feb 19 02:37:36.922904 2026] [php:error] [pid 16780] [client 20.89.56.154:0] script '/domains/system_cancel/lufix.php' not found or unable to stat
[Thu Feb 19 02:37:37.308303 2026] [php:error] [pid 16772] [client 20.214.159.60:0] script '/domains/system_suspended/credits.php' not found or unable to stat
[Thu Feb 19 02:37:37.738934 2026] [php:error] [pid 16780] [client 20.89.56.154:0] script '/domains/system_cancel/class-wp-cmd.php' not found or unable to stat
[Thu Feb 19 02:37:37.901626 2026] [php:error] [pid 16780] [client 20.89.56.154:0] script '/domains/system_cancel/temp.php' not found or unable to stat
[Thu Feb 19 02:37:37.908066 2026] [php:error] [pid 16757] [client 34.96.162.50:0] script '/domains/pauljbrock/adminer-4.6.0.php' not found or unable to stat
[Thu Feb 19 02:37:38.064484 2026] [php:error] [pid 16780] [client 20.89.56.154:0] script '/domains/system_cancel/libcore.php' not found or unable to stat
[Thu Feb 19 02:37:38.228754 2026] [php:error] [pid 16772] [client 20.214.159.60:0] script '/domains/system_suspended/credits.php' not found or unable to stat
[Thu Feb 19 02:37:38.430932 2026] [php:error] [pid 16772] [client 20.214.159.60:0] script '/domains/system_suspended/data.php' not found or unable to stat
[Thu Feb 19 02:37:38.636311 2026] [php:error] [pid 16772] [client 20.214.159.60:0] script '/domains/system_suspended/function.php' not found or unable to stat
[Thu Feb 19 02:37:39.531631 2026] [php:error] [pid 16780] [client 20.89.56.154:0] script '/domains/system_cancel/tron.php' not found or unable to stat
[Thu Feb 19 02:37:39.695424 2026] [php:error] [pid 16780] [client 20.89.56.154:0] script '/domains/system_cancel/database.php' not found or unable to stat
[Thu Feb 19 02:37:39.859853 2026] [php:error] [pid 16780] [client 20.89.56.154:0] script '/domains/system_cancel/media-admin.php' not found or unable to stat
[Thu Feb 19 02:37:39.900027 2026] [php:error] [pid 16772] [client 20.214.159.60:0] script '/domains/system_suspended/goods.php' not found or unable to stat
[Thu Feb 19 02:37:40.022511 2026] [php:error] [pid 16780] [client 20.89.56.154:0] script '/domains/system_cancel/cljntmcz.php' not found or unable to stat
[Thu Feb 19 02:37:40.119620 2026] [php:error] [pid 16772] [client 20.214.159.60:0] script '/domains/system_suspended/gzak2w.php' not found or unable to stat
[Thu Feb 19 02:37:40.343749 2026] [php:error] [pid 16772] [client 20.214.159.60:0] script '/domains/system_suspended/hehehehe.php' not found or unable to stat
[Thu Feb 19 02:37:42.299696 2026] [php:error] [pid 16772] [client 20.214.159.60:0] script '/domains/system_suspended/install.php' not found or unable to stat
[Thu Feb 19 02:37:42.698765 2026] [php:error] [pid 16772] [client 20.214.159.60:0] script '/domains/system_suspended/ova.php' not found or unable to stat
[Thu Feb 19 02:37:48.560327 2026] [php:error] [pid 16772] [client 35.247.243.242:0] script '/domains/pauljbrock/adminer-5.0.3.php' not found or unable to stat
[Thu Feb 19 02:37:55.431237 2026] [php:error] [pid 16782] [client 20.214.159.60:0] script '/domains/system_suspended/wp.php' not found or unable to stat
[Thu Feb 19 02:38:29.068344 2026] [php:error] [pid 16787] [client 34.96.162.52:0] script '/domains/pauljbrock/adminer-4.6.3.php' not found or unable to stat
[Thu Feb 19 02:38:30.928509 2026] [php:error] [pid 16792] [client 35.247.243.245:0] script '/domains/pauljbrock/adminer-5.3.0.php' not found or unable to stat
[Thu Feb 19 02:38:57.971338 2026] [php:error] [pid 16793] [client 20.223.192.31:0] script '/domains/system_suspended/byp8.php' not found or unable to stat
[Thu Feb 19 02:40:21.384204 2026] [php:error] [pid 16801] [client 158.158.51.6:0] script '/domains/msintl/new99.php' not found or unable to stat
[Thu Feb 19 02:40:21.468821 2026] [php:error] [pid 16801] [client 158.158.51.6:0] script '/domains/msintl/e.php' not found or unable to stat
[Thu Feb 19 02:40:21.553338 2026] [php:error] [pid 16801] [client 158.158.51.6:0] script '/domains/msintl/lp6.php' not found or unable to stat
[Thu Feb 19 02:40:21.646296 2026] [php:error] [pid 16801] [client 158.158.51.6:0] script '/domains/msintl/a4.php' not found or unable to stat
[Thu Feb 19 02:40:21.730873 2026] [php:error] [pid 16801] [client 158.158.51.6:0] script '/domains/msintl/222.php' not found or unable to stat
[Thu Feb 19 02:40:22.261610 2026] [php:error] [pid 16801] [client 158.158.51.6:0] script '/domains/msintl/403.php' not found or unable to stat
[Thu Feb 19 02:40:22.352286 2026] [php:error] [pid 16801] [client 158.158.51.6:0] script '/domains/msintl/file5.php' not found or unable to stat
[Thu Feb 19 02:40:22.436668 2026] [php:error] [pid 16801] [client 158.158.51.6:0] script '/domains/msintl/file9.php' not found or unable to stat
[Thu Feb 19 02:40:22.525318 2026] [php:error] [pid 16801] [client 158.158.51.6:0] script '/domains/msintl/file8.php' not found or unable to stat
[Thu Feb 19 02:40:22.616698 2026] [php:error] [pid 16801] [client 158.158.51.6:0] script '/domains/msintl/file3.php' not found or unable to stat
[Thu Feb 19 02:40:22.701408 2026] [php:error] [pid 16801] [client 158.158.51.6:0] script '/domains/msintl/404.php' not found or unable to stat
[Thu Feb 19 02:40:22.785770 2026] [php:error] [pid 16801] [client 158.158.51.6:0] script '/domains/msintl/file6.php' not found or unable to stat
[Thu Feb 19 02:40:22.878855 2026] [php:error] [pid 16801] [client 158.158.51.6:0] script '/domains/msintl/file2.php' not found or unable to stat
[Thu Feb 19 02:40:22.963210 2026] [php:error] [pid 16801] [client 158.158.51.6:0] script '/domains/msintl/file.php' not found or unable to stat
[Thu Feb 19 02:40:32.286558 2026] [php:error] [pid 16800] [client 4.232.88.90:0] script '/domains/fayemoran/byp8.php' not found or unable to stat
[Thu Feb 19 02:40:37.995067 2026] [php:error] [pid 16809] [client 136.144.17.76:0] script '/domains/acagolf1/xmlrpc.php' not found or unable to stat
[Thu Feb 19 02:40:42.868368 2026] [php:error] [pid 16812] [client 52.141.2.0:0] script '/domains/system_suspended/new4.php' not found or unable to stat
[Thu Feb 19 02:40:43.050553 2026] [php:error] [pid 16812] [client 52.141.2.0:0] script '/domains/system_suspended/sc.php' not found or unable to stat
[Thu Feb 19 02:40:43.233641 2026] [php:error] [pid 16812] [client 52.141.2.0:0] script '/domains/system_suspended/pouhg.php' not found or unable to stat
[Thu Feb 19 02:40:43.415715 2026] [php:error] [pid 16812] [client 52.141.2.0:0] script '/domains/system_suspended/vgtyu.php' not found or unable to stat
[Thu Feb 19 02:40:43.637882 2026] [php:error] [pid 16812] [client 52.141.2.0:0] script '/domains/system_suspended/aq.php' not found or unable to stat
[Thu Feb 19 02:40:43.819078 2026] [php:error] [pid 16812] [client 52.141.2.0:0] script '/domains/system_suspended/opts.php' not found or unable to stat
[Thu Feb 19 02:40:44.012858 2026] [php:error] [pid 16812] [client 52.141.2.0:0] script '/domains/system_suspended/x123.php' not found or unable to stat
[Thu Feb 19 02:40:44.194076 2026] [php:error] [pid 16812] [client 52.141.2.0:0] script '/domains/system_suspended/wp-act.php' not found or unable to stat
[Thu Feb 19 02:40:44.375739 2026] [php:error] [pid 16812] [client 52.141.2.0:0] script '/domains/system_suspended/moshou.php' not found or unable to stat
[Thu Feb 19 02:40:44.571113 2026] [php:error] [pid 16812] [client 52.141.2.0:0] script '/domains/system_suspended/seetox.php' not found or unable to stat
[Thu Feb 19 02:40:44.752081 2026] [php:error] [pid 16812] [client 52.141.2.0:0] script '/domains/system_suspended/dom.php' not found or unable to stat
[Thu Feb 19 02:40:45.110926 2026] [php:error] [pid 16814] [client 68.221.64.54:0] script '/domains/king1969/C1.php' not found or unable to stat
[Thu Feb 19 02:40:45.115576 2026] [php:error] [pid 16812] [client 52.141.2.0:0] script '/domains/system_suspended/samiri.php' not found or unable to stat
[Thu Feb 19 02:40:45.194806 2026] [php:error] [pid 16814] [client 68.221.64.54:0] script '/domains/king1969/ava.php' not found or unable to stat
[Thu Feb 19 02:40:45.278353 2026] [php:error] [pid 16814] [client 68.221.64.54:0] script '/domains/king1969/priv.php' not found or unable to stat
[Thu Feb 19 02:40:45.299669 2026] [php:error] [pid 16812] [client 52.141.2.0:0] script '/domains/system_suspended/plugins.php' not found or unable to stat
[Thu Feb 19 02:40:45.370796 2026] [php:error] [pid 16814] [client 68.221.64.54:0] script '/domains/king1969/Okxob.php' not found or unable to stat
[Thu Feb 19 02:40:45.480552 2026] [php:error] [pid 16812] [client 52.141.2.0:0] script '/domains/system_suspended/xoot.php' not found or unable to stat
[Thu Feb 19 02:40:45.536403 2026] [php:error] [pid 16814] [client 68.221.64.54:0] script '/domains/king1969/gi.php' not found or unable to stat
[Thu Feb 19 02:40:45.619303 2026] [php:error] [pid 16814] [client 68.221.64.54:0] script '/domains/king1969/Sanskrit.php' not found or unable to stat
[Thu Feb 19 02:40:45.661321 2026] [php:error] [pid 16812] [client 52.141.2.0:0] script '/domains/system_suspended/X57.php' not found or unable to stat
[Thu Feb 19 02:40:45.702616 2026] [php:error] [pid 16814] [client 68.221.64.54:0] script '/domains/king1969/jok3r.php' not found or unable to stat
[Thu Feb 19 02:40:45.790694 2026] [php:error] [pid 16814] [client 68.221.64.54:0] script '/domains/king1969/mjq.php' not found or unable to stat
[Thu Feb 19 02:40:45.873547 2026] [php:error] [pid 16814] [client 68.221.64.54:0] script '/domains/king1969/snus.php' not found or unable to stat
[Thu Feb 19 02:40:45.941413 2026] [php:error] [pid 16812] [client 52.141.2.0:0] script '/domains/system_suspended/vx.php' not found or unable to stat
[Thu Feb 19 02:40:45.956525 2026] [php:error] [pid 16814] [client 68.221.64.54:0] script '/domains/king1969/shlo.php' not found or unable to stat
[Thu Feb 19 02:40:46.062607 2026] [php:error] [pid 16814] [client 68.221.64.54:0] script '/domains/king1969/pass.php' not found or unable to stat
[Thu Feb 19 02:40:46.122451 2026] [php:error] [pid 16812] [client 52.141.2.0:0] script '/domains/system_suspended/file59.php' not found or unable to stat
[Thu Feb 19 02:40:46.151024 2026] [php:error] [pid 16814] [client 68.221.64.54:0] script '/domains/king1969/clnfnjna.php' not found or unable to stat
[Thu Feb 19 02:40:46.239955 2026] [php:error] [pid 16814] [client 68.221.64.54:0] script '/domains/king1969/grsiuk.php' not found or unable to stat
[Thu Feb 19 02:40:46.322773 2026] [php:error] [pid 16814] [client 68.221.64.54:0] script '/domains/king1969/byp8.php' not found or unable to stat
[Thu Feb 19 02:40:46.405657 2026] [php:error] [pid 16814] [client 68.221.64.54:0] script '/domains/king1969/jvfsi.php' not found or unable to stat
[Thu Feb 19 02:40:46.492677 2026] [php:error] [pid 16812] [client 52.141.2.0:0] script '/domains/system_suspended/shas.php' not found or unable to stat
[Thu Feb 19 02:40:46.494029 2026] [php:error] [pid 16814] [client 68.221.64.54:0] script '/domains/king1969/diyxm.php' not found or unable to stat
[Thu Feb 19 02:40:46.577637 2026] [php:error] [pid 16814] [client 68.221.64.54:0] script '/domains/king1969/vjkzu.php' not found or unable to stat
[Thu Feb 19 02:40:46.670132 2026] [php:error] [pid 16814] [client 68.221.64.54:0] script '/domains/king1969/8nyu1r.php' not found or unable to stat
[Thu Feb 19 02:40:46.687717 2026] [php:error] [pid 16812] [client 52.141.2.0:0] script '/domains/system_suspended/xa.php' not found or unable to stat
[Thu Feb 19 02:40:46.758179 2026] [php:error] [pid 16814] [client 68.221.64.54:0] script '/domains/king1969/etmvr.php' not found or unable to stat
[Thu Feb 19 02:40:46.847762 2026] [php:error] [pid 16814] [client 68.221.64.54:0] script '/domains/king1969/fs6.php' not found or unable to stat
[Thu Feb 19 02:40:46.895833 2026] [php:error] [pid 16812] [client 52.141.2.0:0] script '/domains/system_suspended/xda.php' not found or unable to stat
[Thu Feb 19 02:40:46.935205 2026] [php:error] [pid 16814] [client 68.221.64.54:0] script '/domains/king1969/njrzp.php' not found or unable to stat
[Thu Feb 19 02:40:47.018449 2026] [php:error] [pid 16814] [client 68.221.64.54:0] script '/domains/king1969/rcoti.php' not found or unable to stat
[Thu Feb 19 02:40:47.076787 2026] [php:error] [pid 16812] [client 52.141.2.0:0] script '/domains/system_suspended/er.php' not found or unable to stat
[Thu Feb 19 02:40:47.101509 2026] [php:error] [pid 16814] [client 68.221.64.54:0] script '/domains/king1969/www.php' not found or unable to stat
[Thu Feb 19 02:40:47.191335 2026] [php:error] [pid 16814] [client 68.221.64.54:0] script '/domains/king1969/992.php' not found or unable to stat
[Thu Feb 19 02:40:47.272397 2026] [php:error] [pid 16812] [client 52.141.2.0:0] script '/domains/system_suspended/fault.php' not found or unable to stat
[Thu Feb 19 02:40:47.367543 2026] [php:error] [pid 16814] [client 68.221.64.54:0] script '/domains/king1969/tmpls.php' not found or unable to stat
[Thu Feb 19 02:40:47.468062 2026] [php:error] [pid 16812] [client 52.141.2.0:0] script '/domains/system_suspended/motu.php' not found or unable to stat
[Thu Feb 19 02:40:47.684128 2026] [php:error] [pid 16812] [client 52.141.2.0:0] script '/domains/system_suspended/66.php' not found or unable to stat
[Thu Feb 19 02:40:47.865335 2026] [php:error] [pid 16812] [client 52.141.2.0:0] script '/domains/system_suspended/leuk.php' not found or unable to stat
[Thu Feb 19 02:40:48.046269 2026] [php:error] [pid 16812] [client 52.141.2.0:0] script '/domains/system_suspended/xqq.php' not found or unable to stat
[Thu Feb 19 02:40:48.242885 2026] [php:error] [pid 16812] [client 52.141.2.0:0] script '/domains/system_suspended/kolda.php' not found or unable to stat
[Thu Feb 19 02:40:48.424243 2026] [php:error] [pid 16812] [client 52.141.2.0:0] script '/domains/system_suspended/nw.php' not found or unable to stat
[Thu Feb 19 02:40:48.605446 2026] [php:error] [pid 16812] [client 52.141.2.0:0] script '/domains/system_suspended/god.php' not found or unable to stat
[Thu Feb 19 02:40:48.800395 2026] [php:error] [pid 16812] [client 52.141.2.0:0] script '/domains/system_suspended/666.php' not found or unable to stat
[Thu Feb 19 02:40:48.981360 2026] [php:error] [pid 16812] [client 52.141.2.0:0] script '/domains/system_suspended/kj.php' not found or unable to stat
