[Thu Feb 19 00:23:30.263706 2026] [php:error] [pid 15231] [client 20.24.197.43:0] script '/domains/fbardin/xleet.php' not found or unable to stat
[Thu Feb 19 00:23:30.388730 2026] [php:error] [pid 15229] [client 4.193.188.12:0] script '/domains/conceptlabs1/0.php' not found or unable to stat
[Thu Feb 19 00:23:30.611122 2026] [php:error] [pid 15229] [client 4.193.188.12:0] script '/domains/conceptlabs1/ms-edit.php' not found or unable to stat
[Thu Feb 19 00:23:30.833263 2026] [php:error] [pid 15229] [client 4.193.188.12:0] script '/domains/conceptlabs1/ya.php' not found or unable to stat
[Thu Feb 19 00:23:31.055310 2026] [php:error] [pid 15229] [client 4.193.188.12:0] script '/domains/conceptlabs1/grsiuk.php' not found or unable to stat
[Thu Feb 19 00:23:31.209340 2026] [php:error] [pid 15231] [client 20.24.197.43:0] script '/domains/fbardin/about.php' not found or unable to stat
[Thu Feb 19 00:23:31.277455 2026] [php:error] [pid 15229] [client 4.193.188.12:0] script '/domains/conceptlabs1/wp-blog.php' not found or unable to stat
[Thu Feb 19 00:23:31.499274 2026] [php:error] [pid 15229] [client 4.193.188.12:0] script '/domains/conceptlabs1/wp-access.php' not found or unable to stat
[Thu Feb 19 00:23:31.721179 2026] [php:error] [pid 15229] [client 4.193.188.12:0] script '/domains/conceptlabs1/a1vx.php' not found or unable to stat
[Thu Feb 19 00:23:31.943006 2026] [php:error] [pid 15229] [client 4.193.188.12:0] script '/domains/conceptlabs1/sbhu.php' not found or unable to stat
[Thu Feb 19 00:23:32.165107 2026] [php:error] [pid 15229] [client 4.193.188.12:0] script '/domains/conceptlabs1/wp-the.php' not found or unable to stat
[Thu Feb 19 00:23:32.386979 2026] [php:error] [pid 15229] [client 4.193.188.12:0] script '/domains/conceptlabs1/06.php' not found or unable to stat
[Thu Feb 19 00:23:32.608842 2026] [php:error] [pid 15229] [client 4.193.188.12:0] script '/domains/conceptlabs1/wp5.php' not found or unable to stat
[Thu Feb 19 00:23:32.830791 2026] [php:error] [pid 15229] [client 4.193.188.12:0] script '/domains/conceptlabs1/fot.php' not found or unable to stat
[Thu Feb 19 00:23:33.052584 2026] [php:error] [pid 15229] [client 4.193.188.12:0] script '/domains/conceptlabs1/ff1.php' not found or unable to stat
[Thu Feb 19 00:23:33.275503 2026] [php:error] [pid 15229] [client 4.193.188.12:0] script '/domains/conceptlabs1/forbidals.php' not found or unable to stat
[Thu Feb 19 00:23:33.497232 2026] [php:error] [pid 15229] [client 4.193.188.12:0] script '/domains/conceptlabs1/erty.php' not found or unable to stat
[Thu Feb 19 00:23:33.727007 2026] [php:error] [pid 15229] [client 4.193.188.12:0] script '/domains/conceptlabs1/dev1s.php' not found or unable to stat
[Thu Feb 19 00:23:33.948422 2026] [php:error] [pid 15229] [client 4.193.188.12:0] script '/domains/conceptlabs1/ffd.php' not found or unable to stat
[Thu Feb 19 00:23:34.177859 2026] [php:error] [pid 15229] [client 4.193.188.12:0] script '/domains/conceptlabs1/admiin.php' not found or unable to stat
[Thu Feb 19 00:23:34.409703 2026] [php:error] [pid 15229] [client 4.193.188.12:0] script '/domains/conceptlabs1/ol.php' not found or unable to stat
[Thu Feb 19 00:23:34.631539 2026] [php:error] [pid 15229] [client 4.193.188.12:0] script '/domains/conceptlabs1/Sanskrit.php' not found or unable to stat
[Thu Feb 19 00:23:34.853684 2026] [php:error] [pid 15229] [client 4.193.188.12:0] script '/domains/conceptlabs1/vxrl.php' not found or unable to stat
[Thu Feb 19 00:23:34.949471 2026] [php:error] [pid 15231] [client 20.24.197.43:0] script '/domains/fbardin/alfanew.php' not found or unable to stat
[Thu Feb 19 00:23:35.075449 2026] [php:error] [pid 15229] [client 4.193.188.12:0] script '/domains/conceptlabs1/re.php' not found or unable to stat
[Thu Feb 19 00:23:35.297255 2026] [php:error] [pid 15229] [client 4.193.188.12:0] script '/domains/conceptlabs1/num.php' not found or unable to stat
[Thu Feb 19 00:23:35.416849 2026] [php:error] [pid 15231] [client 20.24.197.43:0] script '/domains/fbardin/22.php' not found or unable to stat
[Thu Feb 19 00:23:35.518849 2026] [php:error] [pid 15229] [client 4.193.188.12:0] script '/domains/conceptlabs1/axx.php' not found or unable to stat
[Thu Feb 19 00:23:35.742292 2026] [php:error] [pid 15229] [client 4.193.188.12:0] script '/domains/conceptlabs1/vxrl.php' not found or unable to stat
[Thu Feb 19 00:23:35.964177 2026] [php:error] [pid 15229] [client 4.193.188.12:0] script '/domains/conceptlabs1/in.php' not found or unable to stat
[Thu Feb 19 00:23:36.185951 2026] [php:error] [pid 15229] [client 4.193.188.12:0] script '/domains/conceptlabs1/style.php' not found or unable to stat
[Thu Feb 19 00:23:36.407687 2026] [php:error] [pid 15229] [client 4.193.188.12:0] script '/domains/conceptlabs1/we.php' not found or unable to stat
[Thu Feb 19 00:23:36.629685 2026] [php:error] [pid 15229] [client 4.193.188.12:0] script '/domains/conceptlabs1/zwso.php' not found or unable to stat
[Thu Feb 19 00:23:36.851613 2026] [php:error] [pid 15229] [client 4.193.188.12:0] script '/domains/conceptlabs1/karak.php' not found or unable to stat
[Thu Feb 19 00:23:37.055763 2026] [php:error] [pid 15231] [client 20.24.197.43:0] script '/domains/fbardin/simple.php' not found or unable to stat
[Thu Feb 19 00:23:37.075501 2026] [php:error] [pid 15229] [client 4.193.188.12:0] script '/domains/conceptlabs1/prv8.php' not found or unable to stat
[Thu Feb 19 00:23:37.298382 2026] [php:error] [pid 15229] [client 4.193.188.12:0] script '/domains/conceptlabs1/i.php' not found or unable to stat
[Thu Feb 19 00:23:37.509349 2026] [php:error] [pid 15231] [client 20.24.197.43:0] script '/domains/fbardin/admin.php' not found or unable to stat
[Thu Feb 19 00:23:37.519860 2026] [php:error] [pid 15229] [client 4.193.188.12:0] script '/domains/conceptlabs1/a.php' not found or unable to stat
[Thu Feb 19 00:23:37.741816 2026] [php:error] [pid 15229] [client 4.193.188.12:0] script '/domains/conceptlabs1/xmlrpc.php' not found or unable to stat
[Thu Feb 19 00:23:37.767044 2026] [php:error] [pid 15231] [client 20.24.197.43:0] script '/domains/fbardin/c99.php' not found or unable to stat
[Thu Feb 19 00:23:37.963396 2026] [php:error] [pid 15229] [client 4.193.188.12:0] script '/domains/conceptlabs1/aw.php' not found or unable to stat
[Thu Feb 19 00:23:38.015689 2026] [php:error] [pid 15231] [client 20.24.197.43:0] script '/domains/fbardin/file.php' not found or unable to stat
[Thu Feb 19 00:23:38.185247 2026] [php:error] [pid 15229] [client 4.193.188.12:0] script '/domains/conceptlabs1/dev.php' not found or unable to stat
[Thu Feb 19 00:23:38.406991 2026] [php:error] [pid 15229] [client 4.193.188.12:0] script '/domains/conceptlabs1/lock360.php' not found or unable to stat
[Thu Feb 19 00:23:38.510647 2026] [php:error] [pid 15231] [client 20.24.197.43:0] script '/domains/fbardin/b.php' not found or unable to stat
[Thu Feb 19 00:23:38.628724 2026] [php:error] [pid 15229] [client 4.193.188.12:0] script '/domains/conceptlabs1/155.php' not found or unable to stat
[Thu Feb 19 00:23:38.732956 2026] [php:error] [pid 15231] [client 20.24.197.43:0] script '/domains/fbardin/classwithtostring.php' not found or unable to stat
[Thu Feb 19 00:23:38.850780 2026] [php:error] [pid 15229] [client 4.193.188.12:0] script '/domains/conceptlabs1/goat.php' not found or unable to stat
[Thu Feb 19 00:23:39.072651 2026] [php:error] [pid 15229] [client 4.193.188.12:0] script '/domains/conceptlabs1/tcp.php' not found or unable to stat
[Thu Feb 19 00:23:39.181760 2026] [php:error] [pid 15231] [client 20.24.197.43:0] script '/domains/fbardin/css.php' not found or unable to stat
[Thu Feb 19 00:23:39.295394 2026] [php:error] [pid 15229] [client 4.193.188.12:0] script '/domains/conceptlabs1/ext.php' not found or unable to stat
[Thu Feb 19 00:23:39.517331 2026] [php:error] [pid 15229] [client 4.193.188.12:0] script '/domains/conceptlabs1/inputs.php' not found or unable to stat
[Thu Feb 19 00:23:39.739250 2026] [php:error] [pid 15229] [client 4.193.188.12:0] script '/domains/conceptlabs1/ioxi.php' not found or unable to stat
[Thu Feb 19 00:23:39.741565 2026] [php:error] [pid 15231] [client 20.24.197.43:0] script '/domains/fbardin/flower.php' not found or unable to stat
[Thu Feb 19 00:23:39.961109 2026] [php:error] [pid 15229] [client 4.193.188.12:0] script '/domains/conceptlabs1/fe5.php' not found or unable to stat
[Thu Feb 19 00:23:40.182766 2026] [php:error] [pid 15229] [client 4.193.188.12:0] script '/domains/conceptlabs1/ov.php' not found or unable to stat
[Thu Feb 19 00:23:40.626365 2026] [php:error] [pid 15229] [client 4.193.188.12:0] script '/domains/conceptlabs1/default.php' not found or unable to stat
[Thu Feb 19 00:23:40.848657 2026] [php:error] [pid 15229] [client 4.193.188.12:0] script '/domains/conceptlabs1/goods.php' not found or unable to stat
[Thu Feb 19 00:23:41.070971 2026] [php:error] [pid 15229] [client 4.193.188.12:0] script '/domains/conceptlabs1/abcd.php' not found or unable to stat
[Thu Feb 19 00:23:41.293036 2026] [php:error] [pid 15229] [client 4.193.188.12:0] script '/domains/conceptlabs1/class.1.php' not found or unable to stat
[Thu Feb 19 00:23:41.515129 2026] [php:error] [pid 15229] [client 4.193.188.12:0] script '/domains/conceptlabs1/async.php' not found or unable to stat
[Thu Feb 19 00:23:41.736664 2026] [php:error] [pid 15229] [client 4.193.188.12:0] script '/domains/conceptlabs1/ff.php' not found or unable to stat
[Thu Feb 19 00:23:41.958402 2026] [php:error] [pid 15229] [client 4.193.188.12:0] script '/domains/conceptlabs1/ioxi-o.php' not found or unable to stat
[Thu Feb 19 00:23:42.180099 2026] [php:error] [pid 15229] [client 4.193.188.12:0] script '/domains/conceptlabs1/manager.php' not found or unable to stat
[Thu Feb 19 00:23:42.404221 2026] [php:error] [pid 15229] [client 4.193.188.12:0] script '/domains/conceptlabs1/wp-update.php' not found or unable to stat
[Thu Feb 19 00:23:42.420646 2026] [php:error] [pid 15231] [client 20.24.197.43:0] script '/domains/fbardin/jp.php' not found or unable to stat
[Thu Feb 19 00:23:42.625997 2026] [php:error] [pid 15229] [client 4.193.188.12:0] script '/domains/conceptlabs1/file.php' not found or unable to stat
[Thu Feb 19 00:23:42.990328 2026] [php:error] [pid 15231] [client 20.24.197.43:0] script '/domains/fbardin/room.php' not found or unable to stat
[Thu Feb 19 00:23:43.070297 2026] [php:error] [pid 15229] [client 4.193.188.12:0] script '/domains/conceptlabs1/lc.php' not found or unable to stat
[Thu Feb 19 00:23:43.292248 2026] [php:error] [pid 15229] [client 4.193.188.12:0] script '/domains/conceptlabs1/cbrfo.php' not found or unable to stat
[Thu Feb 19 00:23:43.513853 2026] [php:error] [pid 15229] [client 4.193.188.12:0] script '/domains/conceptlabs1/inc.php' not found or unable to stat
[Thu Feb 19 00:23:43.969842 2026] [php:error] [pid 15263] [client 4.193.188.12:0] script '/domains/conceptlabs1/gifclass.php' not found or unable to stat
[Thu Feb 19 00:23:44.150969 2026] [php:error] [pid 15231] [client 20.24.197.43:0] script '/domains/fbardin/12.php' not found or unable to stat
[Thu Feb 19 00:23:44.192053 2026] [php:error] [pid 15263] [client 4.193.188.12:0] script '/domains/conceptlabs1/miansha.php' not found or unable to stat
[Thu Feb 19 00:23:44.381432 2026] [php:error] [pid 15231] [client 20.24.197.43:0] script '/domains/fbardin/404.php' not found or unable to stat
[Thu Feb 19 00:23:44.413563 2026] [php:error] [pid 15263] [client 4.193.188.12:0] script '/domains/conceptlabs1/tinyfilemanager.php' not found or unable to stat
[Thu Feb 19 00:23:44.635680 2026] [php:error] [pid 15263] [client 4.193.188.12:0] script '/domains/conceptlabs1/admin.php' not found or unable to stat
[Thu Feb 19 00:23:44.857830 2026] [php:error] [pid 15263] [client 4.193.188.12:0] script '/domains/conceptlabs1/ok.php' not found or unable to stat
[Thu Feb 19 00:23:45.080039 2026] [php:error] [pid 15263] [client 4.193.188.12:0] script '/domains/conceptlabs1/fi.php' not found or unable to stat
[Thu Feb 19 00:23:45.109744 2026] [php:error] [pid 15231] [client 20.24.197.43:0] script '/domains/fbardin/disagreed.php' not found or unable to stat
[Thu Feb 19 00:23:45.301880 2026] [php:error] [pid 15263] [client 4.193.188.12:0] script '/domains/conceptlabs1/muzu.php' not found or unable to stat
[Thu Feb 19 00:23:45.523693 2026] [php:error] [pid 15263] [client 4.193.188.12:0] script '/domains/conceptlabs1/reze.php' not found or unable to stat
[Thu Feb 19 00:23:45.745046 2026] [php:error] [pid 15263] [client 4.193.188.12:0] script '/domains/conceptlabs1/styll.php' not found or unable to stat
[Thu Feb 19 00:23:45.966539 2026] [php:error] [pid 15263] [client 4.193.188.12:0] script '/domains/conceptlabs1/x7.php' not found or unable to stat
[Thu Feb 19 00:23:46.191872 2026] [php:error] [pid 15263] [client 4.193.188.12:0] script '/domains/conceptlabs1/thebe.php' not found or unable to stat
[Thu Feb 19 00:23:46.371895 2026] [php:error] [pid 15231] [client 20.24.197.43:0] script '/domains/fbardin/text.php' not found or unable to stat
[Thu Feb 19 00:23:46.413226 2026] [php:error] [pid 15263] [client 4.193.188.12:0] script '/domains/conceptlabs1/ddd.php' not found or unable to stat
[Thu Feb 19 00:23:46.634725 2026] [php:error] [pid 15263] [client 4.193.188.12:0] script '/domains/conceptlabs1/bgymj.php' not found or unable to stat
[Thu Feb 19 00:23:46.856290 2026] [php:error] [pid 15263] [client 4.193.188.12:0] script '/domains/conceptlabs1/8xyz.php' not found or unable to stat
[Thu Feb 19 00:23:47.077406 2026] [php:error] [pid 15263] [client 4.193.188.12:0] script '/domains/conceptlabs1/ioxi.php' not found or unable to stat
[Thu Feb 19 00:23:47.298634 2026] [php:error] [pid 15263] [client 4.193.188.12:0] script '/domains/conceptlabs1/xpwer1.php' not found or unable to stat
[Thu Feb 19 00:23:47.520501 2026] [php:error] [pid 15263] [client 4.193.188.12:0] script '/domains/conceptlabs1/lala.php' not found or unable to stat
[Thu Feb 19 00:23:47.743224 2026] [php:error] [pid 15263] [client 4.193.188.12:0] script '/domains/conceptlabs1/about.php' not found or unable to stat
[Thu Feb 19 00:23:48.187187 2026] [php:error] [pid 15263] [client 4.193.188.12:0] script '/domains/conceptlabs1/cgi-bin/index.php' not found or unable to stat
[Thu Feb 19 00:23:48.853131 2026] [php:error] [pid 15263] [client 4.193.188.12:0] script '/domains/conceptlabs1/info.php' not found or unable to stat
[Thu Feb 19 00:23:49.074905 2026] [php:error] [pid 15263] [client 4.193.188.12:0] script '/domains/conceptlabs1/about.php' not found or unable to stat
[Thu Feb 19 00:23:49.518280 2026] [php:error] [pid 15263] [client 4.193.188.12:0] script '/domains/conceptlabs1/222.php' not found or unable to stat
[Thu Feb 19 00:23:49.739702 2026] [php:error] [pid 15263] [client 4.193.188.12:0] script '/domains/conceptlabs1/adminfuns.php' not found or unable to stat
[Thu Feb 19 00:23:49.800729 2026] [php:error] [pid 15231] [client 20.24.197.43:0] script '/domains/fbardin/GOD.php' not found or unable to stat
[Thu Feb 19 00:23:50.183087 2026] [php:error] [pid 15263] [client 4.193.188.12:0] script '/domains/conceptlabs1/xx.php' not found or unable to stat
[Thu Feb 19 00:23:50.626165 2026] [php:error] [pid 15263] [client 4.193.188.12:0] script '/domains/conceptlabs1/f5.php' not found or unable to stat
[Thu Feb 19 00:23:50.676973 2026] [php:error] [pid 15231] [client 20.24.197.43:0] script '/domains/fbardin/alfa-rex.php' not found or unable to stat
[Thu Feb 19 00:23:50.847584 2026] [php:error] [pid 15263] [client 4.193.188.12:0] script '/domains/conceptlabs1/flower.php' not found or unable to stat
[Thu Feb 19 00:23:51.069201 2026] [php:error] [pid 15263] [client 4.193.188.12:0] script '/domains/conceptlabs1/f6.php' not found or unable to stat
[Thu Feb 19 00:23:51.290947 2026] [php:error] [pid 15263] [client 4.193.188.12:0] script '/domains/conceptlabs1/edit.php' not found or unable to stat
[Thu Feb 19 00:23:51.585900 2026] [php:error] [pid 15231] [client 20.24.197.43:0] script '/domains/fbardin/f35.php' not found or unable to stat
[Thu Feb 19 00:23:51.802016 2026] [php:error] [pid 15231] [client 20.24.197.43:0] script '/domains/fbardin/feeds.php' not found or unable to stat
[Thu Feb 19 00:23:51.955217 2026] [php:error] [pid 15263] [client 4.193.188.12:0] script '/domains/conceptlabs1/av.php' not found or unable to stat
[Thu Feb 19 00:23:52.398623 2026] [php:error] [pid 15263] [client 4.193.188.12:0] script '/domains/conceptlabs1/wsd.php' not found or unable to stat
[Thu Feb 19 00:23:52.620725 2026] [php:error] [pid 15263] [client 4.193.188.12:0] script '/domains/conceptlabs1/jane.php' not found or unable to stat
[Thu Feb 19 00:23:52.842547 2026] [php:error] [pid 15263] [client 4.193.188.12:0] script '/domains/conceptlabs1/css.php' not found or unable to stat
[Thu Feb 19 00:23:53.063907 2026] [php:error] [pid 15263] [client 4.193.188.12:0] script '/domains/conceptlabs1/alfa.php' not found or unable to stat
[Thu Feb 19 00:23:53.285407 2026] [php:error] [pid 15263] [client 4.193.188.12:0] script '/domains/conceptlabs1/wen.php' not found or unable to stat
[Thu Feb 19 00:23:53.507008 2026] [php:error] [pid 15263] [client 4.193.188.12:0] script '/domains/conceptlabs1/x.php' not found or unable to stat
[Thu Feb 19 00:23:53.710409 2026] [php:error] [pid 15231] [client 20.24.197.43:0] script '/domains/fbardin/favicon.php' not found or unable to stat
[Thu Feb 19 00:23:53.728214 2026] [php:error] [pid 15263] [client 4.193.188.12:0] script '/domains/conceptlabs1/xxxx.php' not found or unable to stat
[Thu Feb 19 00:23:53.949710 2026] [php:error] [pid 15263] [client 4.193.188.12:0] script '/domains/conceptlabs1/class.php' not found or unable to stat
[Thu Feb 19 00:23:54.171145 2026] [php:error] [pid 15263] [client 4.193.188.12:0] script '/domains/conceptlabs1/f35.php' not found or unable to stat
[Thu Feb 19 00:23:55.057720 2026] [php:error] [pid 15263] [client 4.193.188.12:0] script '/domains/conceptlabs1/class-t.api.php' not found or unable to stat
[Thu Feb 19 00:23:55.168910 2026] [php:error] [pid 15231] [client 20.24.197.43:0] script '/domains/fbardin/hehe.php' not found or unable to stat
[Thu Feb 19 00:23:55.279089 2026] [php:error] [pid 15263] [client 4.193.188.12:0] script '/domains/conceptlabs1/blurbs18.php' not found or unable to stat
[Thu Feb 19 00:23:56.073792 2026] [php:error] [pid 15231] [client 20.24.197.43:0] script '/domains/fbardin/user.php' not found or unable to stat
[Thu Feb 19 00:23:56.828272 2026] [php:error] [pid 15263] [client 4.193.188.12:0] script '/domains/conceptlabs1/bless11.php' not found or unable to stat
[Thu Feb 19 00:23:57.050129 2026] [php:error] [pid 15263] [client 4.193.188.12:0] script '/domains/conceptlabs1/init.php' not found or unable to stat
[Thu Feb 19 00:23:57.492912 2026] [php:error] [pid 15263] [client 4.193.188.12:0] script '/domains/conceptlabs1/k.php' not found or unable to stat
[Thu Feb 19 00:23:57.714526 2026] [php:error] [pid 15263] [client 4.193.188.12:0] script '/domains/conceptlabs1/bless.php' not found or unable to stat
[Thu Feb 19 00:23:57.831013 2026] [php:error] [pid 15261] [client 20.24.197.43:0] script '/domains/fbardin/autoload_classmap.php' not found or unable to stat
[Thu Feb 19 00:23:57.935923 2026] [php:error] [pid 15263] [client 4.193.188.12:0] script '/domains/conceptlabs1/X7x.php' not found or unable to stat
[Thu Feb 19 00:23:58.045735 2026] [php:error] [pid 15261] [client 20.24.197.43:0] script '/domains/fbardin/files.php' not found or unable to stat
[Thu Feb 19 00:23:58.157418 2026] [php:error] [pid 15263] [client 4.193.188.12:0] script '/domains/conceptlabs1/166.php' not found or unable to stat
[Thu Feb 19 00:23:58.379002 2026] [php:error] [pid 15263] [client 4.193.188.12:0] script '/domains/conceptlabs1/plss3.php' not found or unable to stat
[Thu Feb 19 00:23:58.491591 2026] [php:error] [pid 15261] [client 20.24.197.43:0] script '/domains/fbardin/about.php' not found or unable to stat
[Thu Feb 19 00:23:58.822206 2026] [php:error] [pid 15263] [client 4.193.188.12:0] script '/domains/conceptlabs1/admins.php' not found or unable to stat
[Thu Feb 19 00:23:59.043674 2026] [php:error] [pid 15263] [client 4.193.188.12:0] script '/domains/conceptlabs1/wp.php' not found or unable to stat
[Thu Feb 19 00:23:59.265133 2026] [php:error] [pid 15263] [client 4.193.188.12:0] script '/domains/conceptlabs1/main.php' not found or unable to stat
[Thu Feb 19 00:23:59.486799 2026] [php:error] [pid 15263] [client 4.193.188.12:0] script '/domains/conceptlabs1/a1.php' not found or unable to stat
[Thu Feb 19 00:23:59.516743 2026] [php:error] [pid 15261] [client 20.24.197.43:0] script '/domains/fbardin/al.php' not found or unable to stat
[Thu Feb 19 00:23:59.708619 2026] [php:error] [pid 15263] [client 4.193.188.12:0] script '/domains/conceptlabs1/lala.php' not found or unable to stat
[Thu Feb 19 00:23:59.731334 2026] [php:error] [pid 15261] [client 20.24.197.43:0] script '/domains/fbardin/byp.php' not found or unable to stat
[Thu Feb 19 00:23:59.930103 2026] [php:error] [pid 15263] [client 4.193.188.12:0] script '/domains/conceptlabs1/aaa.php' not found or unable to stat
[Thu Feb 19 00:24:00.152009 2026] [php:error] [pid 15263] [client 4.193.188.12:0] script '/domains/conceptlabs1/a2.php' not found or unable to stat
[Thu Feb 19 00:24:00.172580 2026] [php:error] [pid 15261] [client 20.24.197.43:0] script '/domains/fbardin/wander.php' not found or unable to stat
[Thu Feb 19 00:24:00.595241 2026] [php:error] [pid 15263] [client 4.193.188.12:0] script '/domains/conceptlabs1/jsond.php' not found or unable to stat
[Thu Feb 19 00:24:01.672066 2026] [php:error] [pid 15261] [client 20.24.197.43:0] script '/domains/fbardin/en.php' not found or unable to stat
[Thu Feb 19 00:24:01.925760 2026] [php:error] [pid 15261] [client 20.24.197.43:0] script '/domains/fbardin/help.php' not found or unable to stat
[Thu Feb 19 00:24:04.662040 2026] [php:error] [pid 15261] [client 20.24.197.43:0] script '/domains/fbardin/control.php' not found or unable to stat
[Thu Feb 19 00:24:05.351461 2026] [php:error] [pid 15261] [client 20.24.197.43:0] script '/domains/fbardin/radio.php' not found or unable to stat
[Thu Feb 19 00:24:06.056520 2026] [php:error] [pid 15258] [client 149.102.225.179:0] script '/domains/mjbradley/xmlrpc.php' not found or unable to stat
[Thu Feb 19 00:24:06.290573 2026] [php:error] [pid 15261] [client 20.24.197.43:0] script '/domains/fbardin/dropdown.php' not found or unable to stat
[Thu Feb 19 00:24:06.977616 2026] [php:error] [pid 15261] [client 20.24.197.43:0] script '/domains/fbardin/wp-2019.php' not found or unable to stat
[Thu Feb 19 00:24:07.432058 2026] [php:error] [pid 15261] [client 20.24.197.43:0] script '/domains/fbardin/403.php' not found or unable to stat
[Thu Feb 19 00:24:07.667548 2026] [php:error] [pid 15261] [client 20.24.197.43:0] script '/domains/fbardin/about.php' not found or unable to stat
[Thu Feb 19 00:24:08.456048 2026] [php:error] [pid 15261] [client 20.24.197.43:0] script '/domains/fbardin/admin.php' not found or unable to stat
[Thu Feb 19 00:24:08.962321 2026] [php:error] [pid 15261] [client 20.24.197.43:0] script '/domains/fbardin/as.php' not found or unable to stat
[Thu Feb 19 00:24:09.181055 2026] [php:error] [pid 15261] [client 20.24.197.43:0] script '/domains/fbardin/autoload_classmap.php' not found or unable to stat
[Thu Feb 19 00:24:09.396274 2026] [php:error] [pid 15261] [client 20.24.197.43:0] script '/domains/fbardin/classwithtostring.php' not found or unable to stat
[Thu Feb 19 00:24:09.835391 2026] [php:error] [pid 15261] [client 20.24.197.43:0] script '/domains/fbardin/content.php' not found or unable to stat
[Thu Feb 19 00:24:11.020758 2026] [php:error] [pid 15261] [client 20.24.197.43:0] script '/domains/fbardin/doc.php' not found or unable to stat
[Thu Feb 19 00:24:11.708812 2026] [php:error] [pid 15261] [client 20.24.197.43:0] script '/domains/fbardin/dropdown.php' not found or unable to stat
[Thu Feb 19 00:24:12.167607 2026] [php:error] [pid 15261] [client 20.24.197.43:0] script '/domains/fbardin/ee.php' not found or unable to stat
[Thu Feb 19 00:24:13.019408 2026] [php:error] [pid 15261] [client 20.24.197.43:0] script '/domains/fbardin/images/wp-login.php' not found or unable to stat
[Thu Feb 19 00:24:13.268629 2026] [php:error] [pid 15261] [client 20.24.197.43:0] script '/domains/fbardin/moon.php' not found or unable to stat
[Thu Feb 19 00:24:13.893944 2026] [php:error] [pid 15261] [client 20.24.197.43:0] script '/domains/fbardin/new.php' not found or unable to stat
[Thu Feb 19 00:24:14.116199 2026] [php:error] [pid 15261] [client 20.24.197.43:0] script '/domains/fbardin/radio.php' not found or unable to stat
[Thu Feb 19 00:24:14.930442 2026] [php:error] [pid 15261] [client 20.24.197.43:0] script '/domains/fbardin/s.php' not found or unable to stat
[Thu Feb 19 00:24:15.170184 2026] [php:error] [pid 15261] [client 20.24.197.43:0] script '/domains/fbardin/sim.php' not found or unable to stat
[Thu Feb 19 00:24:15.394762 2026] [php:error] [pid 15261] [client 20.24.197.43:0] script '/domains/fbardin/simple.php' not found or unable to stat
[Thu Feb 19 00:24:16.618278 2026] [php:error] [pid 15261] [client 20.24.197.43:0] script '/domains/fbardin/user.php' not found or unable to stat
[Thu Feb 19 00:24:16.843873 2026] [php:error] [pid 15261] [client 20.24.197.43:0] script '/domains/fbardin/webadmin.php' not found or unable to stat
[Thu Feb 19 00:24:21.504207 2026] [php:error] [pid 15261] [client 20.24.197.43:0] script '/domains/fbardin/wp-config-sample.php' not found or unable to stat
[Thu Feb 19 00:24:21.735837 2026] [php:error] [pid 15261] [client 20.24.197.43:0] script '/domains/fbardin/wp-configs.php' not found or unable to stat
[Thu Feb 19 00:24:22.486974 2026] [php:error] [pid 15261] [client 20.24.197.43:0] script '/domains/fbardin/wp-conflg.php' not found or unable to stat
[Thu Feb 19 00:24:23.886926 2026] [php:error] [pid 15261] [client 20.24.197.43:0] script '/domains/fbardin/wp-mail.php' not found or unable to stat
[Thu Feb 19 00:24:24.106751 2026] [php:error] [pid 15261] [client 20.24.197.43:0] script '/domains/fbardin/wsa.php' not found or unable to stat
[Thu Feb 19 00:24:24.995424 2026] [php:error] [pid 15261] [client 20.24.197.43:0] script '/domains/fbardin/xmlrpc.php' not found or unable to stat
[Thu Feb 19 00:24:25.922369 2026] [php:error] [pid 15261] [client 20.24.197.43:0] script '/domains/fbardin/ab.php' not found or unable to stat
[Thu Feb 19 00:24:26.665869 2026] [php:error] [pid 15261] [client 20.24.197.43:0] script '/domains/fbardin/classwithtostring.php' not found or unable to stat
[Thu Feb 19 00:24:26.889467 2026] [php:error] [pid 15261] [client 20.24.197.43:0] script '/domains/fbardin/version.php' not found or unable to stat
[Thu Feb 19 00:24:27.261674 2026] [php:error] [pid 15261] [client 20.24.197.43:0] script '/domains/fbardin/xxx.php' not found or unable to stat
[Thu Feb 19 00:24:27.929736 2026] [php:error] [pid 15261] [client 20.24.197.43:0] script '/domains/fbardin/1.php' not found or unable to stat
[Thu Feb 19 00:24:28.168760 2026] [php:error] [pid 15261] [client 20.24.197.43:0] script '/domains/fbardin/themes.php' not found or unable to stat
[Thu Feb 19 00:24:28.237618 2026] [php:error] [pid 15258] [client 20.219.8.79:0] script '/domains/hungariantasteweb/wp-2019.php' not found or unable to stat
[Thu Feb 19 00:24:28.838097 2026] [php:error] [pid 15258] [client 20.219.8.79:0] script '/domains/hungariantasteweb/403.php' not found or unable to stat
[Thu Feb 19 00:24:29.042191 2026] [php:error] [pid 15258] [client 20.219.8.79:0] script '/domains/hungariantasteweb/aaa.php' not found or unable to stat
[Thu Feb 19 00:24:30.899414 2026] [php:error] [pid 15261] [client 20.24.197.43:0] script '/domains/fbardin/b0.php' not found or unable to stat
[Thu Feb 19 00:24:31.119389 2026] [php:error] [pid 15261] [client 20.24.197.43:0] script '/domains/fbardin/bala.php' not found or unable to stat
[Thu Feb 19 00:24:31.494277 2026] [php:error] [pid 15258] [client 20.219.8.79:0] script '/domains/hungariantasteweb/y.php' not found or unable to stat
[Thu Feb 19 00:24:32.021441 2026] [php:error] [pid 15261] [client 20.24.197.43:0] script '/domains/fbardin/xl2023.php.php' not found or unable to stat
[Thu Feb 19 00:24:32.520652 2026] [php:error] [pid 15258] [client 20.219.8.79:0] script '/domains/hungariantasteweb/ggfi.php' not found or unable to stat
[Thu Feb 19 00:24:33.603935 2026] [php:error] [pid 15258] [client 20.219.8.79:0] script '/domains/hungariantasteweb/buy.php' not found or unable to stat
[Thu Feb 19 00:24:33.615168 2026] [php:error] [pid 15261] [client 20.24.197.43:0] script '/domains/fbardin/120f9.php' not found or unable to stat
[Thu Feb 19 00:24:33.828796 2026] [php:error] [pid 15261] [client 20.24.197.43:0] script '/domains/fbardin/504.php' not found or unable to stat
[Thu Feb 19 00:24:34.048321 2026] [php:error] [pid 15261] [client 20.24.197.43:0] script '/domains/fbardin/about.php' not found or unable to stat
[Thu Feb 19 00:24:34.050317 2026] [php:error] [pid 15258] [client 20.219.8.79:0] script '/domains/hungariantasteweb/chosen.php' not found or unable to stat
[Thu Feb 19 00:24:34.523350 2026] [php:error] [pid 15258] [client 20.219.8.79:0] script '/domains/hungariantasteweb/index.php' not found or unable to stat
[Thu Feb 19 00:24:34.596720 2026] [php:error] [pid 15261] [client 20.24.197.43:0] script '/domains/fbardin/back.php' not found or unable to stat
[Thu Feb 19 00:24:35.116251 2026] [php:error] [pid 15258] [client 20.219.8.79:0] script '/domains/hungariantasteweb/cron.php' not found or unable to stat
[Thu Feb 19 00:24:35.341596 2026] [php:error] [pid 15258] [client 20.219.8.79:0] script '/domains/hungariantasteweb/functions.php' not found or unable to stat
[Thu Feb 19 00:24:35.588786 2026] [php:error] [pid 15261] [client 20.24.197.43:0] script '/domains/fbardin/cong.php' not found or unable to stat
[Thu Feb 19 00:24:35.820958 2026] [php:error] [pid 15261] [client 20.24.197.43:0] script '/domains/fbardin/credits.php' not found or unable to stat
[Thu Feb 19 00:24:36.484215 2026] [php:error] [pid 15261] [client 20.24.197.43:0] script '/domains/fbardin/credits.php' not found or unable to stat
[Thu Feb 19 00:24:36.719142 2026] [php:error] [pid 15261] [client 20.24.197.43:0] script '/domains/fbardin/data.php' not found or unable to stat
[Thu Feb 19 00:24:36.944820 2026] [php:error] [pid 15261] [client 20.24.197.43:0] script '/domains/fbardin/function.php' not found or unable to stat
[Thu Feb 19 00:24:37.170450 2026] [php:error] [pid 15261] [client 20.24.197.43:0] script '/domains/fbardin/goods.php' not found or unable to stat
[Thu Feb 19 00:24:37.385547 2026] [php:error] [pid 15258] [client 20.219.8.79:0] script '/domains/hungariantasteweb/wp-add.php' not found or unable to stat
[Thu Feb 19 00:24:37.586611 2026] [php:error] [pid 15258] [client 20.219.8.79:0] script '/domains/hungariantasteweb/0.php' not found or unable to stat
[Thu Feb 19 00:24:37.892795 2026] [php:error] [pid 15261] [client 20.24.197.43:0] script '/domains/fbardin/gzak2w.php' not found or unable to stat
[Thu Feb 19 00:24:38.161274 2026] [php:error] [pid 15261] [client 20.24.197.43:0] script '/domains/fbardin/hehehehe.php' not found or unable to stat
[Thu Feb 19 00:24:38.272690 2026] [php:error] [pid 15258] [client 20.219.8.79:0] script '/domains/hungariantasteweb/edit.php' not found or unable to stat
[Thu Feb 19 00:24:38.776850 2026] [php:error] [pid 15258] [client 20.219.8.79:0] script '/domains/hungariantasteweb/meta.php' not found or unable to stat
[Thu Feb 19 00:24:39.209137 2026] [php:error] [pid 15258] [client 20.219.8.79:0] script '/domains/hungariantasteweb/new.php' not found or unable to stat
[Thu Feb 19 00:24:39.797492 2026] [php:error] [pid 15258] [client 20.219.8.79:0] script '/domains/hungariantasteweb/as.php' not found or unable to stat
[Thu Feb 19 00:24:39.836136 2026] [php:error] [pid 15261] [client 20.24.197.43:0] script '/domains/fbardin/install.php' not found or unable to stat
[Thu Feb 19 00:24:40.178818 2026] [php:error] [pid 15258] [client 20.219.8.79:0] script '/domains/hungariantasteweb/ds.php' not found or unable to stat
[Thu Feb 19 00:24:40.460694 2026] [php:error] [pid 15258] [client 20.219.8.79:0] script '/domains/hungariantasteweb/error.php' not found or unable to stat
[Thu Feb 19 00:24:40.772221 2026] [php:error] [pid 15258] [client 20.219.8.79:0] script '/domains/hungariantasteweb/gecko-new.php' not found or unable to stat
[Thu Feb 19 00:24:40.917738 2026] [php:error] [pid 15261] [client 20.24.197.43:0] script '/domains/fbardin/ova.php' not found or unable to stat
[Thu Feb 19 00:24:41.049218 2026] [php:error] [pid 15258] [client 20.219.8.79:0] script '/domains/hungariantasteweb/randkeyword.php' not found or unable to stat
[Thu Feb 19 00:24:42.017713 2026] [php:error] [pid 15258] [client 20.219.8.79:0] script '/domains/hungariantasteweb/NewFile.php' not found or unable to stat
[Thu Feb 19 00:24:42.556673 2026] [php:error] [pid 15258] [client 20.219.8.79:0] script '/domains/hungariantasteweb/goods.php' not found or unable to stat
[Thu Feb 19 00:24:43.237765 2026] [php:error] [pid 15258] [client 20.219.8.79:0] script '/domains/hungariantasteweb/simple.php' not found or unable to stat
[Thu Feb 19 00:24:44.485861 2026] [php:error] [pid 15258] [client 20.219.8.79:0] script '/domains/hungariantasteweb/c.php' not found or unable to stat
[Thu Feb 19 00:24:45.141936 2026] [php:error] [pid 15258] [client 20.219.8.79:0] script '/domains/hungariantasteweb/auth.php' not found or unable to stat
[Thu Feb 19 00:24:45.361780 2026] [php:error] [pid 15258] [client 20.219.8.79:0] script '/domains/hungariantasteweb/class-wp-lock.php' not found or unable to stat
[Thu Feb 19 00:24:45.587930 2026] [php:error] [pid 15258] [client 20.219.8.79:0] script '/domains/hungariantasteweb/cookie.php' not found or unable to stat
[Thu Feb 19 00:24:46.141948 2026] [php:error] [pid 15258] [client 20.219.8.79:0] script '/domains/hungariantasteweb/admin.php' not found or unable to stat
[Thu Feb 19 00:24:46.343280 2026] [php:error] [pid 15258] [client 20.219.8.79:0] script '/domains/hungariantasteweb/baxa1.php' not found or unable to stat
[Thu Feb 19 00:24:47.493314 2026] [php:error] [pid 15258] [client 20.219.8.79:0] script '/domains/hungariantasteweb/xleet.php' not found or unable to stat
[Thu Feb 19 00:24:48.446876 2026] [php:error] [pid 15258] [client 20.219.8.79:0] script '/domains/hungariantasteweb/about.php' not found or unable to stat
[Thu Feb 19 00:24:50.702920 2026] [php:error] [pid 15258] [client 20.219.8.79:0] script '/domains/hungariantasteweb/alfanew.php' not found or unable to stat
[Thu Feb 19 00:24:51.362095 2026] [php:error] [pid 15258] [client 20.219.8.79:0] script '/domains/hungariantasteweb/22.php' not found or unable to stat
[Thu Feb 19 00:24:52.453860 2026] [php:error] [pid 15258] [client 20.219.8.79:0] script '/domains/hungariantasteweb/simple.php' not found or unable to stat
[Thu Feb 19 00:24:53.169159 2026] [php:error] [pid 15258] [client 20.219.8.79:0] script '/domains/hungariantasteweb/admin.php' not found or unable to stat
[Thu Feb 19 00:24:53.552615 2026] [php:error] [pid 15258] [client 20.219.8.79:0] script '/domains/hungariantasteweb/c99.php' not found or unable to stat
[Thu Feb 19 00:24:53.900284 2026] [php:error] [pid 15258] [client 20.219.8.79:0] script '/domains/hungariantasteweb/file.php' not found or unable to stat
[Thu Feb 19 00:24:54.207989 2026] [php:error] [pid 15258] [client 20.219.8.79:0] script '/domains/hungariantasteweb/b.php' not found or unable to stat
[Thu Feb 19 00:24:54.454829 2026] [php:error] [pid 15263] [client 20.24.197.43:0] script '/domains/fbardin/wp.php' not found or unable to stat
[Thu Feb 19 00:24:54.520586 2026] [php:error] [pid 15258] [client 20.219.8.79:0] script '/domains/hungariantasteweb/classwithtostring.php' not found or unable to stat
[Thu Feb 19 00:24:54.857149 2026] [php:error] [pid 15258] [client 20.219.8.79:0] script '/domains/hungariantasteweb/css.php' not found or unable to stat
[Thu Feb 19 00:24:55.150472 2026] [php:error] [pid 15258] [client 20.219.8.79:0] script '/domains/hungariantasteweb/flower.php' not found or unable to stat
[Thu Feb 19 00:24:56.494816 2026] [php:error] [pid 15258] [client 20.219.8.79:0] script '/domains/hungariantasteweb/jp.php' not found or unable to stat
[Thu Feb 19 00:24:56.807497 2026] [php:error] [pid 15258] [client 20.219.8.79:0] script '/domains/hungariantasteweb/room.php' not found or unable to stat
[Thu Feb 19 00:24:57.712072 2026] [php:error] [pid 15258] [client 20.219.8.79:0] script '/domains/hungariantasteweb/12.php' not found or unable to stat
[Thu Feb 19 00:24:58.049298 2026] [php:error] [pid 15258] [client 20.219.8.79:0] script '/domains/hungariantasteweb/404.php' not found or unable to stat
[Thu Feb 19 00:24:58.516318 2026] [php:error] [pid 15258] [client 20.219.8.79:0] script '/domains/hungariantasteweb/disagreed.php' not found or unable to stat
[Thu Feb 19 00:24:59.185293 2026] [php:error] [pid 15258] [client 20.219.8.79:0] script '/domains/hungariantasteweb/text.php' not found or unable to stat
[Thu Feb 19 00:25:02.238642 2026] [php:error] [pid 15258] [client 20.219.8.79:0] script '/domains/hungariantasteweb/GOD.php' not found or unable to stat
[Thu Feb 19 00:25:02.890137 2026] [php:error] [pid 15258] [client 20.219.8.79:0] script '/domains/hungariantasteweb/alfa-rex.php' not found or unable to stat
[Thu Feb 19 00:25:03.141051 2026] [php:error] [pid 15258] [client 20.219.8.79:0] script '/domains/hungariantasteweb/f35.php' not found or unable to stat
[Thu Feb 19 00:25:03.525603 2026] [php:error] [pid 15258] [client 20.219.8.79:0] script '/domains/hungariantasteweb/feeds.php' not found or unable to stat
[Thu Feb 19 00:25:04.261673 2026] [php:error] [pid 15258] [client 20.219.8.79:0] script '/domains/hungariantasteweb/favicon.php' not found or unable to stat
[Thu Feb 19 00:25:06.274903 2026] [php:error] [pid 15258] [client 20.219.8.79:0] script '/domains/hungariantasteweb/hehe.php' not found or unable to stat
[Thu Feb 19 00:25:09.294708 2026] [php:error] [pid 15258] [client 20.219.8.79:0] script '/domains/hungariantasteweb/user.php' not found or unable to stat
[Thu Feb 19 00:25:10.399277 2026] [php:error] [pid 15261] [client 20.219.8.79:0] script '/domains/hungariantasteweb/autoload_classmap.php' not found or unable to stat
[Thu Feb 19 00:25:11.113127 2026] [php:error] [pid 15261] [client 20.219.8.79:0] script '/domains/hungariantasteweb/files.php' not found or unable to stat
[Thu Feb 19 00:25:12.725911 2026] [php:error] [pid 15261] [client 20.219.8.79:0] script '/domains/hungariantasteweb/about.php' not found or unable to stat
[Thu Feb 19 00:25:13.543637 2026] [php:error] [pid 15261] [client 20.219.8.79:0] script '/domains/hungariantasteweb/al.php' not found or unable to stat
[Thu Feb 19 00:25:14.267693 2026] [php:error] [pid 15261] [client 20.219.8.79:0] script '/domains/hungariantasteweb/byp.php' not found or unable to stat
[Thu Feb 19 00:25:15.176573 2026] [php:error] [pid 15261] [client 20.219.8.79:0] script '/domains/hungariantasteweb/wander.php' not found or unable to stat
[Thu Feb 19 00:25:16.979040 2026] [php:error] [pid 15261] [client 20.219.8.79:0] script '/domains/hungariantasteweb/en.php' not found or unable to stat
[Thu Feb 19 00:25:17.678959 2026] [php:error] [pid 15261] [client 20.219.8.79:0] script '/domains/hungariantasteweb/help.php' not found or unable to stat
[Thu Feb 19 00:25:19.174536 2026] [php:error] [pid 15271] [client 20.205.120.43:0] script '/domains/tinatina/wp-2019.php' not found or unable to stat
[Thu Feb 19 00:25:19.511368 2026] [php:error] [pid 15261] [client 20.219.8.79:0] script '/domains/hungariantasteweb/control.php' not found or unable to stat
[Thu Feb 19 00:25:19.745099 2026] [php:error] [pid 15271] [client 20.205.120.43:0] script '/domains/tinatina/403.php' not found or unable to stat
[Thu Feb 19 00:25:20.395792 2026] [php:error] [pid 15261] [client 20.219.8.79:0] script '/domains/hungariantasteweb/radio.php' not found or unable to stat
[Thu Feb 19 00:25:20.433491 2026] [php:error] [pid 15271] [client 20.205.120.43:0] script '/domains/tinatina/aaa.php' not found or unable to stat
[Thu Feb 19 00:25:20.760096 2026] [php:error] [pid 15261] [client 20.219.8.79:0] script '/domains/hungariantasteweb/dropdown.php' not found or unable to stat
[Thu Feb 19 00:25:21.377901 2026] [php:error] [pid 15271] [client 20.205.120.43:0] script '/domains/tinatina/y.php' not found or unable to stat
[Thu Feb 19 00:25:21.765017 2026] [php:error] [pid 15261] [client 20.219.8.79:0] script '/domains/hungariantasteweb/wp-2019.php' not found or unable to stat
[Thu Feb 19 00:25:22.328647 2026] [php:error] [pid 15271] [client 20.205.120.43:0] script '/domains/tinatina/ggfi.php' not found or unable to stat
[Thu Feb 19 00:25:22.605384 2026] [php:error] [pid 15261] [client 20.219.8.79:0] script '/domains/hungariantasteweb/403.php' not found or unable to stat
[Thu Feb 19 00:25:23.017240 2026] [php:error] [pid 15261] [client 20.219.8.79:0] script '/domains/hungariantasteweb/about.php' not found or unable to stat
[Thu Feb 19 00:25:23.333227 2026] [php:error] [pid 15261] [client 20.219.8.79:0] script '/domains/hungariantasteweb/admin.php' not found or unable to stat
[Thu Feb 19 00:25:23.550560 2026] [php:error] [pid 15261] [client 20.219.8.79:0] script '/domains/hungariantasteweb/as.php' not found or unable to stat
[Thu Feb 19 00:25:24.242596 2026] [php:error] [pid 15271] [client 20.205.120.43:0] script '/domains/tinatina/buy.php' not found or unable to stat
[Thu Feb 19 00:25:24.429310 2026] [php:error] [pid 15261] [client 20.219.8.79:0] script '/domains/hungariantasteweb/autoload_classmap.php' not found or unable to stat
[Thu Feb 19 00:25:24.600122 2026] [php:error] [pid 15271] [client 20.205.120.43:0] script '/domains/tinatina/chosen.php' not found or unable to stat
[Thu Feb 19 00:25:24.647551 2026] [php:error] [pid 15261] [client 20.219.8.79:0] script '/domains/hungariantasteweb/classwithtostring.php' not found or unable to stat
[Thu Feb 19 00:25:24.868044 2026] [php:error] [pid 15261] [client 20.219.8.79:0] script '/domains/hungariantasteweb/content.php' not found or unable to stat
[Thu Feb 19 00:25:24.976406 2026] [php:error] [pid 15271] [client 20.205.120.43:0] script '/domains/tinatina/index.php' not found or unable to stat
[Thu Feb 19 00:25:25.084234 2026] [php:error] [pid 15261] [client 20.219.8.79:0] script '/domains/hungariantasteweb/doc.php' not found or unable to stat
[Thu Feb 19 00:25:25.581154 2026] [php:error] [pid 15271] [client 20.205.120.43:0] script '/domains/tinatina/cron.php' not found or unable to stat
[Thu Feb 19 00:25:25.768758 2026] [php:error] [pid 15261] [client 20.219.8.79:0] script '/domains/hungariantasteweb/dropdown.php' not found or unable to stat
[Thu Feb 19 00:25:25.808822 2026] [php:error] [pid 15271] [client 20.205.120.43:0] script '/domains/tinatina/functions.php' not found or unable to stat
[Thu Feb 19 00:25:26.173203 2026] [php:error] [pid 15261] [client 20.219.8.79:0] script '/domains/hungariantasteweb/ee.php' not found or unable to stat
[Thu Feb 19 00:25:26.699231 2026] [php:error] [pid 15261] [client 20.219.8.79:0] script '/domains/hungariantasteweb/images/wp-login.php' not found or unable to stat
[Thu Feb 19 00:25:27.137558 2026] [php:error] [pid 15261] [client 20.219.8.79:0] script '/domains/hungariantasteweb/moon.php' not found or unable to stat
[Thu Feb 19 00:25:27.581376 2026] [php:error] [pid 15261] [client 20.219.8.79:0] script '/domains/hungariantasteweb/new.php' not found or unable to stat
[Thu Feb 19 00:25:27.704486 2026] [php:error] [pid 15271] [client 20.205.120.43:0] script '/domains/tinatina/wp-add.php' not found or unable to stat
[Thu Feb 19 00:25:27.957755 2026] [php:error] [pid 15261] [client 20.219.8.79:0] script '/domains/hungariantasteweb/radio.php' not found or unable to stat
[Thu Feb 19 00:25:28.304107 2026] [php:error] [pid 15271] [client 20.205.120.43:0] script '/domains/tinatina/0.php' not found or unable to stat
[Thu Feb 19 00:25:28.324233 2026] [php:error] [pid 15261] [client 20.219.8.79:0] script '/domains/hungariantasteweb/s.php' not found or unable to stat
[Thu Feb 19 00:25:28.737290 2026] [php:error] [pid 15261] [client 20.219.8.79:0] script '/domains/hungariantasteweb/sim.php' not found or unable to stat
[Thu Feb 19 00:25:28.775357 2026] [php:error] [pid 15271] [client 20.205.120.43:0] script '/domains/tinatina/edit.php' not found or unable to stat
[Thu Feb 19 00:25:28.993815 2026] [php:error] [pid 15271] [client 20.205.120.43:0] script '/domains/tinatina/meta.php' not found or unable to stat
[Thu Feb 19 00:25:29.170593 2026] [php:error] [pid 15261] [client 20.219.8.79:0] script '/domains/hungariantasteweb/simple.php' not found or unable to stat
[Thu Feb 19 00:25:29.230828 2026] [php:error] [pid 15271] [client 20.205.120.43:0] script '/domains/tinatina/new.php' not found or unable to stat
[Thu Feb 19 00:25:30.057643 2026] [php:error] [pid 15261] [client 20.219.8.79:0] script '/domains/hungariantasteweb/user.php' not found or unable to stat
[Thu Feb 19 00:25:30.292783 2026] [php:error] [pid 15261] [client 20.219.8.79:0] script '/domains/hungariantasteweb/webadmin.php' not found or unable to stat
[Thu Feb 19 00:25:30.344791 2026] [php:error] [pid 15271] [client 20.205.120.43:0] script '/domains/tinatina/as.php' not found or unable to stat
[Thu Feb 19 00:25:30.860211 2026] [php:error] [pid 15271] [client 20.205.120.43:0] script '/domains/tinatina/ds.php' not found or unable to stat
[Thu Feb 19 00:25:31.275334 2026] [php:error] [pid 15271] [client 20.205.120.43:0] script '/domains/tinatina/error.php' not found or unable to stat
[Thu Feb 19 00:25:31.700157 2026] [php:error] [pid 15271] [client 20.205.120.43:0] script '/domains/tinatina/gecko-new.php' not found or unable to stat
[Thu Feb 19 00:25:32.336999 2026] [php:error] [pid 15271] [client 20.205.120.43:0] script '/domains/tinatina/randkeyword.php' not found or unable to stat
[Thu Feb 19 00:25:33.389348 2026] [php:error] [pid 15261] [client 20.219.8.79:0] script '/domains/hungariantasteweb/wp-config-sample.php' not found or unable to stat
[Thu Feb 19 00:25:33.431991 2026] [php:error] [pid 15271] [client 20.205.120.43:0] script '/domains/tinatina/NewFile.php' not found or unable to stat
[Thu Feb 19 00:25:33.808836 2026] [php:error] [pid 15261] [client 20.219.8.79:0] script '/domains/hungariantasteweb/wp-configs.php' not found or unable to stat
[Thu Feb 19 00:25:33.865689 2026] [php:error] [pid 15271] [client 20.205.120.43:0] script '/domains/tinatina/goods.php' not found or unable to stat
[Thu Feb 19 00:25:34.207493 2026] [php:error] [pid 15271] [client 20.205.120.43:0] script '/domains/tinatina/simple.php' not found or unable to stat
[Thu Feb 19 00:25:34.235053 2026] [php:error] [pid 15261] [client 20.219.8.79:0] script '/domains/hungariantasteweb/wp-conflg.php' not found or unable to stat
[Thu Feb 19 00:25:35.771878 2026] [php:error] [pid 15271] [client 20.205.120.43:0] script '/domains/tinatina/c.php' not found or unable to stat
[Thu Feb 19 00:25:36.428480 2026] [php:error] [pid 15261] [client 20.219.8.79:0] script '/domains/hungariantasteweb/wp-mail.php' not found or unable to stat
[Thu Feb 19 00:25:36.739342 2026] [php:error] [pid 15261] [client 20.219.8.79:0] script '/domains/hungariantasteweb/wsa.php' not found or unable to stat
[Thu Feb 19 00:25:36.955447 2026] [php:error] [pid 15261] [client 20.219.8.79:0] script '/domains/hungariantasteweb/xmlrpc.php' not found or unable to stat
[Thu Feb 19 00:25:37.174431 2026] [php:error] [pid 15271] [client 20.205.120.43:0] script '/domains/tinatina/auth.php' not found or unable to stat
[Thu Feb 19 00:25:37.394100 2026] [php:error] [pid 15271] [client 20.205.120.43:0] script '/domains/tinatina/class-wp-lock.php' not found or unable to stat
[Thu Feb 19 00:25:37.428654 2026] [php:error] [pid 15261] [client 20.219.8.79:0] script '/domains/hungariantasteweb/ab.php' not found or unable to stat
[Thu Feb 19 00:25:37.644018 2026] [php:error] [pid 15261] [client 20.219.8.79:0] script '/domains/hungariantasteweb/classwithtostring.php' not found or unable to stat
[Thu Feb 19 00:25:37.828259 2026] [php:error] [pid 15271] [client 20.205.120.43:0] script '/domains/tinatina/cookie.php' not found or unable to stat
[Thu Feb 19 00:25:38.268958 2026] [php:error] [pid 15271] [client 20.205.120.43:0] script '/domains/tinatina/admin.php' not found or unable to stat
[Thu Feb 19 00:25:38.328890 2026] [php:error] [pid 15261] [client 20.219.8.79:0] script '/domains/hungariantasteweb/version.php' not found or unable to stat
[Thu Feb 19 00:25:38.489701 2026] [php:error] [pid 15271] [client 20.205.120.43:0] script '/domains/tinatina/baxa1.php' not found or unable to stat
[Thu Feb 19 00:25:39.048042 2026] [php:error] [pid 15261] [client 20.219.8.79:0] script '/domains/hungariantasteweb/xxx.php' not found or unable to stat
[Thu Feb 19 00:25:40.151825 2026] [php:error] [pid 15271] [client 20.205.120.43:0] script '/domains/tinatina/xleet.php' not found or unable to stat
[Thu Feb 19 00:25:40.960819 2026] [php:error] [pid 15271] [client 20.205.120.43:0] script '/domains/tinatina/about.php' not found or unable to stat
[Thu Feb 19 00:25:41.016766 2026] [php:error] [pid 15261] [client 20.219.8.79:0] script '/domains/hungariantasteweb/1.php' not found or unable to stat
[Thu Feb 19 00:25:41.793312 2026] [php:error] [pid 15261] [client 20.219.8.79:0] script '/domains/hungariantasteweb/themes.php' not found or unable to stat
[Thu Feb 19 00:25:42.991430 2026] [php:error] [pid 15271] [client 20.205.120.43:0] script '/domains/tinatina/alfanew.php' not found or unable to stat
[Thu Feb 19 00:25:43.735619 2026] [php:error] [pid 15271] [client 20.205.120.43:0] script '/domains/tinatina/22.php' not found or unable to stat
[Thu Feb 19 00:25:44.170054 2026] [php:error] [pid 15261] [client 20.219.8.79:0] script '/domains/hungariantasteweb/b0.php' not found or unable to stat
