[Thu Feb 19 02:40:49.169070 2026] [php:error] [pid 16812] [client 52.141.2.0:0] script '/domains/system_suspended/un.php' not found or unable to stat
[Thu Feb 19 02:40:49.358004 2026] [php:error] [pid 16812] [client 52.141.2.0:0] script '/domains/system_suspended/fs.php' not found or unable to stat
[Thu Feb 19 02:40:49.567658 2026] [php:error] [pid 16812] [client 52.141.2.0:0] script '/domains/system_suspended/ms.php' not found or unable to stat
[Thu Feb 19 02:40:49.762931 2026] [php:error] [pid 16812] [client 52.141.2.0:0] script '/domains/system_suspended/login8.php' not found or unable to stat
[Thu Feb 19 02:40:49.943899 2026] [php:error] [pid 16812] [client 52.141.2.0:0] script '/domains/system_suspended/nnyvn.php' not found or unable to stat
[Thu Feb 19 02:40:50.131338 2026] [php:error] [pid 16812] [client 52.141.2.0:0] script '/domains/system_suspended/cu.php' not found or unable to stat
[Thu Feb 19 02:40:50.312616 2026] [php:error] [pid 16812] [client 52.141.2.0:0] script '/domains/system_suspended/lul.php' not found or unable to stat
[Thu Feb 19 02:40:50.501453 2026] [php:error] [pid 16812] [client 52.141.2.0:0] script '/domains/system_suspended/0.php' not found or unable to stat
[Thu Feb 19 02:40:50.685461 2026] [php:error] [pid 16812] [client 52.141.2.0:0] script '/domains/system_suspended/ms-edit.php' not found or unable to stat
[Thu Feb 19 02:40:50.874378 2026] [php:error] [pid 16812] [client 52.141.2.0:0] script '/domains/system_suspended/ya.php' not found or unable to stat
[Thu Feb 19 02:40:51.063178 2026] [php:error] [pid 16812] [client 52.141.2.0:0] script '/domains/system_suspended/grsiuk.php' not found or unable to stat
[Thu Feb 19 02:40:51.245868 2026] [php:error] [pid 16812] [client 52.141.2.0:0] script '/domains/system_suspended/wp-blog.php' not found or unable to stat
[Thu Feb 19 02:40:51.434471 2026] [php:error] [pid 16812] [client 52.141.2.0:0] script '/domains/system_suspended/wp-access.php' not found or unable to stat
[Thu Feb 19 02:40:51.615573 2026] [php:error] [pid 16812] [client 52.141.2.0:0] script '/domains/system_suspended/a1vx.php' not found or unable to stat
[Thu Feb 19 02:40:51.806591 2026] [php:error] [pid 16812] [client 52.141.2.0:0] script '/domains/system_suspended/sbhu.php' not found or unable to stat
[Thu Feb 19 02:40:51.996421 2026] [php:error] [pid 16812] [client 52.141.2.0:0] script '/domains/system_suspended/wp-the.php' not found or unable to stat
[Thu Feb 19 02:40:52.181956 2026] [php:error] [pid 16812] [client 52.141.2.0:0] script '/domains/system_suspended/06.php' not found or unable to stat
[Thu Feb 19 02:40:52.367799 2026] [php:error] [pid 16812] [client 52.141.2.0:0] script '/domains/system_suspended/wp5.php' not found or unable to stat
[Thu Feb 19 02:40:52.551596 2026] [php:error] [pid 16812] [client 52.141.2.0:0] script '/domains/system_suspended/fot.php' not found or unable to stat
[Thu Feb 19 02:40:52.735164 2026] [php:error] [pid 16812] [client 52.141.2.0:0] script '/domains/system_suspended/ff1.php' not found or unable to stat
[Thu Feb 19 02:40:52.916482 2026] [php:error] [pid 16812] [client 52.141.2.0:0] script '/domains/system_suspended/forbidals.php' not found or unable to stat
[Thu Feb 19 02:40:53.098047 2026] [php:error] [pid 16812] [client 52.141.2.0:0] script '/domains/system_suspended/erty.php' not found or unable to stat
[Thu Feb 19 02:40:53.279507 2026] [php:error] [pid 16812] [client 52.141.2.0:0] script '/domains/system_suspended/dev1s.php' not found or unable to stat
[Thu Feb 19 02:40:53.465130 2026] [php:error] [pid 16812] [client 52.141.2.0:0] script '/domains/system_suspended/ffd.php' not found or unable to stat
[Thu Feb 19 02:40:53.646608 2026] [php:error] [pid 16812] [client 52.141.2.0:0] script '/domains/system_suspended/admiin.php' not found or unable to stat
[Thu Feb 19 02:40:53.827597 2026] [php:error] [pid 16812] [client 52.141.2.0:0] script '/domains/system_suspended/ol.php' not found or unable to stat
[Thu Feb 19 02:40:54.008506 2026] [php:error] [pid 16812] [client 52.141.2.0:0] script '/domains/system_suspended/Sanskrit.php' not found or unable to stat
[Thu Feb 19 02:40:54.200048 2026] [php:error] [pid 16812] [client 52.141.2.0:0] script '/domains/system_suspended/vxrl.php' not found or unable to stat
[Thu Feb 19 02:40:54.381247 2026] [php:error] [pid 16812] [client 52.141.2.0:0] script '/domains/system_suspended/re.php' not found or unable to stat
[Thu Feb 19 02:40:54.562318 2026] [php:error] [pid 16812] [client 52.141.2.0:0] script '/domains/system_suspended/num.php' not found or unable to stat
[Thu Feb 19 02:40:54.743402 2026] [php:error] [pid 16812] [client 52.141.2.0:0] script '/domains/system_suspended/axx.php' not found or unable to stat
[Thu Feb 19 02:40:54.932403 2026] [php:error] [pid 16812] [client 52.141.2.0:0] script '/domains/system_suspended/vxrl.php' not found or unable to stat
[Thu Feb 19 02:40:55.117004 2026] [php:error] [pid 16812] [client 52.141.2.0:0] script '/domains/system_suspended/in.php' not found or unable to stat
[Thu Feb 19 02:40:55.301215 2026] [php:error] [pid 16812] [client 52.141.2.0:0] script '/domains/system_suspended/style.php' not found or unable to stat
[Thu Feb 19 02:40:55.606127 2026] [php:error] [pid 16812] [client 52.141.2.0:0] script '/domains/system_suspended/we.php' not found or unable to stat
[Thu Feb 19 02:40:55.795322 2026] [php:error] [pid 16812] [client 52.141.2.0:0] script '/domains/system_suspended/zwso.php' not found or unable to stat
[Thu Feb 19 02:40:55.977983 2026] [php:error] [pid 16812] [client 52.141.2.0:0] script '/domains/system_suspended/karak.php' not found or unable to stat
[Thu Feb 19 02:40:56.169002 2026] [php:error] [pid 16812] [client 52.141.2.0:0] script '/domains/system_suspended/prv8.php' not found or unable to stat
[Thu Feb 19 02:40:56.359254 2026] [php:error] [pid 16812] [client 52.141.2.0:0] script '/domains/system_suspended/i.php' not found or unable to stat
[Thu Feb 19 02:40:56.911736 2026] [php:error] [pid 16812] [client 52.141.2.0:0] script '/domains/system_suspended/xmlrpc.php' not found or unable to stat
[Thu Feb 19 02:40:57.092953 2026] [php:error] [pid 16812] [client 52.141.2.0:0] script '/domains/system_suspended/aw.php' not found or unable to stat
[Thu Feb 19 02:40:57.273681 2026] [php:error] [pid 16812] [client 52.141.2.0:0] script '/domains/system_suspended/dev.php' not found or unable to stat
[Thu Feb 19 02:40:57.454913 2026] [php:error] [pid 16812] [client 52.141.2.0:0] script '/domains/system_suspended/lock360.php' not found or unable to stat
[Thu Feb 19 02:40:57.650343 2026] [php:error] [pid 16812] [client 52.141.2.0:0] script '/domains/system_suspended/155.php' not found or unable to stat
[Thu Feb 19 02:40:57.835989 2026] [php:error] [pid 16812] [client 52.141.2.0:0] script '/domains/system_suspended/goat.php' not found or unable to stat
[Thu Feb 19 02:40:58.024455 2026] [php:error] [pid 16812] [client 52.141.2.0:0] script '/domains/system_suspended/tcp.php' not found or unable to stat
[Thu Feb 19 02:40:58.205562 2026] [php:error] [pid 16812] [client 52.141.2.0:0] script '/domains/system_suspended/ext.php' not found or unable to stat
[Thu Feb 19 02:40:58.386491 2026] [php:error] [pid 16812] [client 52.141.2.0:0] script '/domains/system_suspended/inputs.php' not found or unable to stat
[Thu Feb 19 02:40:58.578988 2026] [php:error] [pid 16812] [client 52.141.2.0:0] script '/domains/system_suspended/ioxi.php' not found or unable to stat
[Thu Feb 19 02:40:58.760337 2026] [php:error] [pid 16812] [client 52.141.2.0:0] script '/domains/system_suspended/fe5.php' not found or unable to stat
[Thu Feb 19 02:40:58.942389 2026] [php:error] [pid 16812] [client 52.141.2.0:0] script '/domains/system_suspended/ov.php' not found or unable to stat
[Thu Feb 19 02:40:59.320362 2026] [php:error] [pid 16812] [client 52.141.2.0:0] script '/domains/system_suspended/default.php' not found or unable to stat
[Thu Feb 19 02:40:59.501292 2026] [php:error] [pid 16812] [client 52.141.2.0:0] script '/domains/system_suspended/goods.php' not found or unable to stat
[Thu Feb 19 02:40:59.694471 2026] [php:error] [pid 16812] [client 52.141.2.0:0] script '/domains/system_suspended/abcd.php' not found or unable to stat
[Thu Feb 19 02:40:59.892029 2026] [php:error] [pid 16812] [client 52.141.2.0:0] script '/domains/system_suspended/class.1.php' not found or unable to stat
[Thu Feb 19 02:41:00.073248 2026] [php:error] [pid 16812] [client 52.141.2.0:0] script '/domains/system_suspended/async.php' not found or unable to stat
[Thu Feb 19 02:41:00.266732 2026] [php:error] [pid 16812] [client 52.141.2.0:0] script '/domains/system_suspended/ff.php' not found or unable to stat
[Thu Feb 19 02:41:00.452583 2026] [php:error] [pid 16812] [client 52.141.2.0:0] script '/domains/system_suspended/ioxi-o.php' not found or unable to stat
[Thu Feb 19 02:41:00.646273 2026] [php:error] [pid 16812] [client 52.141.2.0:0] script '/domains/system_suspended/manager.php' not found or unable to stat
[Thu Feb 19 02:41:00.841324 2026] [php:error] [pid 16812] [client 52.141.2.0:0] script '/domains/system_suspended/wp-update.php' not found or unable to stat
[Thu Feb 19 02:41:01.024800 2026] [php:error] [pid 16812] [client 52.141.2.0:0] script '/domains/system_suspended/file.php' not found or unable to stat
[Thu Feb 19 02:41:01.388699 2026] [php:error] [pid 16812] [client 52.141.2.0:0] script '/domains/system_suspended/lc.php' not found or unable to stat
[Thu Feb 19 02:41:01.571219 2026] [php:error] [pid 16812] [client 52.141.2.0:0] script '/domains/system_suspended/cbrfo.php' not found or unable to stat
[Thu Feb 19 02:41:01.760505 2026] [php:error] [pid 16812] [client 52.141.2.0:0] script '/domains/system_suspended/inc.php' not found or unable to stat
[Thu Feb 19 02:41:02.125914 2026] [php:error] [pid 16816] [client 52.141.2.0:0] script '/domains/system_suspended/gifclass.php' not found or unable to stat
[Thu Feb 19 02:41:02.305381 2026] [php:error] [pid 16816] [client 52.141.2.0:0] script '/domains/system_suspended/miansha.php' not found or unable to stat
[Thu Feb 19 02:41:02.484515 2026] [php:error] [pid 16816] [client 52.141.2.0:0] script '/domains/system_suspended/tinyfilemanager.php' not found or unable to stat
[Thu Feb 19 02:41:02.663274 2026] [php:error] [pid 16816] [client 52.141.2.0:0] script '/domains/system_suspended/admin.php' not found or unable to stat
[Thu Feb 19 02:41:02.846335 2026] [php:error] [pid 16816] [client 52.141.2.0:0] script '/domains/system_suspended/ok.php' not found or unable to stat
[Thu Feb 19 02:41:03.031095 2026] [php:error] [pid 16816] [client 52.141.2.0:0] script '/domains/system_suspended/fi.php' not found or unable to stat
[Thu Feb 19 02:41:03.209769 2026] [php:error] [pid 16816] [client 52.141.2.0:0] script '/domains/system_suspended/muzu.php' not found or unable to stat
[Thu Feb 19 02:41:03.390897 2026] [php:error] [pid 16816] [client 52.141.2.0:0] script '/domains/system_suspended/reze.php' not found or unable to stat
[Thu Feb 19 02:41:03.572214 2026] [php:error] [pid 16816] [client 52.141.2.0:0] script '/domains/system_suspended/styll.php' not found or unable to stat
[Thu Feb 19 02:41:03.751773 2026] [php:error] [pid 16816] [client 52.141.2.0:0] script '/domains/system_suspended/x7.php' not found or unable to stat
[Thu Feb 19 02:41:03.951222 2026] [php:error] [pid 16816] [client 52.141.2.0:0] script '/domains/system_suspended/thebe.php' not found or unable to stat
[Thu Feb 19 02:41:04.132839 2026] [php:error] [pid 16816] [client 52.141.2.0:0] script '/domains/system_suspended/ddd.php' not found or unable to stat
[Thu Feb 19 02:41:04.314532 2026] [php:error] [pid 16816] [client 52.141.2.0:0] script '/domains/system_suspended/bgymj.php' not found or unable to stat
[Thu Feb 19 02:41:04.497395 2026] [php:error] [pid 16816] [client 52.141.2.0:0] script '/domains/system_suspended/8xyz.php' not found or unable to stat
[Thu Feb 19 02:41:04.676084 2026] [php:error] [pid 16816] [client 52.141.2.0:0] script '/domains/system_suspended/ioxi.php' not found or unable to stat
[Thu Feb 19 02:41:04.861294 2026] [php:error] [pid 16816] [client 52.141.2.0:0] script '/domains/system_suspended/xpwer1.php' not found or unable to stat
[Thu Feb 19 02:41:05.040468 2026] [php:error] [pid 16816] [client 52.141.2.0:0] script '/domains/system_suspended/lala.php' not found or unable to stat
[Thu Feb 19 02:41:05.067886 2026] [php:error] [pid 16822] [client 20.46.124.66:0] script '/domains/markrose/new4.php' not found or unable to stat
[Thu Feb 19 02:41:05.219414 2026] [php:error] [pid 16816] [client 52.141.2.0:0] script '/domains/system_suspended/about.php' not found or unable to stat
[Thu Feb 19 02:41:05.227365 2026] [php:error] [pid 16822] [client 20.46.124.66:0] script '/domains/markrose/sc.php' not found or unable to stat
[Thu Feb 19 02:41:05.392389 2026] [php:error] [pid 16822] [client 20.46.124.66:0] script '/domains/markrose/pouhg.php' not found or unable to stat
[Thu Feb 19 02:41:05.551912 2026] [php:error] [pid 16822] [client 20.46.124.66:0] script '/domains/markrose/vgtyu.php' not found or unable to stat
[Thu Feb 19 02:41:05.711648 2026] [php:error] [pid 16822] [client 20.46.124.66:0] script '/domains/markrose/aq.php' not found or unable to stat
[Thu Feb 19 02:41:05.871266 2026] [php:error] [pid 16822] [client 20.46.124.66:0] script '/domains/markrose/opts.php' not found or unable to stat
[Thu Feb 19 02:41:06.031073 2026] [php:error] [pid 16822] [client 20.46.124.66:0] script '/domains/markrose/x123.php' not found or unable to stat
[Thu Feb 19 02:41:06.177779 2026] [php:error] [pid 16816] [client 52.141.2.0:0] script '/domains/system_suspended/info.php' not found or unable to stat
[Thu Feb 19 02:41:06.190608 2026] [php:error] [pid 16822] [client 20.46.124.66:0] script '/domains/markrose/wp-act.php' not found or unable to stat
[Thu Feb 19 02:41:06.350494 2026] [php:error] [pid 16822] [client 20.46.124.66:0] script '/domains/markrose/moshou.php' not found or unable to stat
[Thu Feb 19 02:41:06.389735 2026] [php:error] [pid 16816] [client 52.141.2.0:0] script '/domains/system_suspended/about.php' not found or unable to stat
[Thu Feb 19 02:41:06.511987 2026] [php:error] [pid 16822] [client 20.46.124.66:0] script '/domains/markrose/seetox.php' not found or unable to stat
[Thu Feb 19 02:41:06.671712 2026] [php:error] [pid 16822] [client 20.46.124.66:0] script '/domains/markrose/dom.php' not found or unable to stat
[Thu Feb 19 02:41:06.800538 2026] [php:error] [pid 16816] [client 52.141.2.0:0] script '/domains/system_suspended/222.php' not found or unable to stat
[Thu Feb 19 02:41:06.979341 2026] [php:error] [pid 16816] [client 52.141.2.0:0] script '/domains/system_suspended/adminfuns.php' not found or unable to stat
[Thu Feb 19 02:41:06.990530 2026] [php:error] [pid 16822] [client 20.46.124.66:0] script '/domains/markrose/samiri.php' not found or unable to stat
[Thu Feb 19 02:41:07.150383 2026] [php:error] [pid 16822] [client 20.46.124.66:0] script '/domains/markrose/plugins.php' not found or unable to stat
[Thu Feb 19 02:41:07.313134 2026] [php:error] [pid 16822] [client 20.46.124.66:0] script '/domains/markrose/xoot.php' not found or unable to stat
[Thu Feb 19 02:41:07.365726 2026] [php:error] [pid 16816] [client 52.141.2.0:0] script '/domains/system_suspended/xx.php' not found or unable to stat
[Thu Feb 19 02:41:07.472887 2026] [php:error] [pid 16822] [client 20.46.124.66:0] script '/domains/markrose/X57.php' not found or unable to stat
[Thu Feb 19 02:41:07.632568 2026] [php:error] [pid 16822] [client 20.46.124.66:0] script '/domains/markrose/vx.php' not found or unable to stat
[Thu Feb 19 02:41:07.758499 2026] [php:error] [pid 16816] [client 52.141.2.0:0] script '/domains/system_suspended/f5.php' not found or unable to stat
[Thu Feb 19 02:41:07.792195 2026] [php:error] [pid 16822] [client 20.46.124.66:0] script '/domains/markrose/file59.php' not found or unable to stat
[Thu Feb 19 02:41:07.958413 2026] [php:error] [pid 16816] [client 52.141.2.0:0] script '/domains/system_suspended/flower.php' not found or unable to stat
[Thu Feb 19 02:41:08.111919 2026] [php:error] [pid 16822] [client 20.46.124.66:0] script '/domains/markrose/shas.php' not found or unable to stat
[Thu Feb 19 02:41:08.145490 2026] [php:error] [pid 16816] [client 52.141.2.0:0] script '/domains/system_suspended/f6.php' not found or unable to stat
[Thu Feb 19 02:41:08.272127 2026] [php:error] [pid 16822] [client 20.46.124.66:0] script '/domains/markrose/xa.php' not found or unable to stat
[Thu Feb 19 02:41:08.431912 2026] [php:error] [pid 16822] [client 20.46.124.66:0] script '/domains/markrose/xda.php' not found or unable to stat
[Thu Feb 19 02:41:08.498551 2026] [php:error] [pid 16816] [client 52.141.2.0:0] script '/domains/system_suspended/edit.php' not found or unable to stat
[Thu Feb 19 02:41:08.591556 2026] [php:error] [pid 16822] [client 20.46.124.66:0] script '/domains/markrose/er.php' not found or unable to stat
[Thu Feb 19 02:41:08.751522 2026] [php:error] [pid 16822] [client 20.46.124.66:0] script '/domains/markrose/fault.php' not found or unable to stat
[Thu Feb 19 02:41:08.911059 2026] [php:error] [pid 16822] [client 20.46.124.66:0] script '/domains/markrose/motu.php' not found or unable to stat
[Thu Feb 19 02:41:09.070613 2026] [php:error] [pid 16822] [client 20.46.124.66:0] script '/domains/markrose/66.php' not found or unable to stat
[Thu Feb 19 02:41:09.193558 2026] [php:error] [pid 16816] [client 52.141.2.0:0] script '/domains/system_suspended/av.php' not found or unable to stat
[Thu Feb 19 02:41:09.231538 2026] [php:error] [pid 16822] [client 20.46.124.66:0] script '/domains/markrose/leuk.php' not found or unable to stat
[Thu Feb 19 02:41:09.391706 2026] [php:error] [pid 16822] [client 20.46.124.66:0] script '/domains/markrose/xqq.php' not found or unable to stat
[Thu Feb 19 02:41:09.551035 2026] [php:error] [pid 16816] [client 52.141.2.0:0] script '/domains/system_suspended/wsd.php' not found or unable to stat
[Thu Feb 19 02:41:09.552842 2026] [php:error] [pid 16822] [client 20.46.124.66:0] script '/domains/markrose/kolda.php' not found or unable to stat
[Thu Feb 19 02:41:09.718439 2026] [php:error] [pid 16822] [client 20.46.124.66:0] script '/domains/markrose/nw.php' not found or unable to stat
[Thu Feb 19 02:41:09.729806 2026] [php:error] [pid 16816] [client 52.141.2.0:0] script '/domains/system_suspended/jane.php' not found or unable to stat
[Thu Feb 19 02:41:09.878383 2026] [php:error] [pid 16822] [client 20.46.124.66:0] script '/domains/markrose/god.php' not found or unable to stat
[Thu Feb 19 02:41:09.909581 2026] [php:error] [pid 16816] [client 52.141.2.0:0] script '/domains/system_suspended/css.php' not found or unable to stat
[Thu Feb 19 02:41:10.047755 2026] [php:error] [pid 16822] [client 20.46.124.66:0] script '/domains/markrose/666.php' not found or unable to stat
[Thu Feb 19 02:41:10.088322 2026] [php:error] [pid 16816] [client 52.141.2.0:0] script '/domains/system_suspended/alfa.php' not found or unable to stat
[Thu Feb 19 02:41:10.211387 2026] [php:error] [pid 16822] [client 20.46.124.66:0] script '/domains/markrose/kj.php' not found or unable to stat
[Thu Feb 19 02:41:10.267362 2026] [php:error] [pid 16816] [client 52.141.2.0:0] script '/domains/system_suspended/wen.php' not found or unable to stat
[Thu Feb 19 02:41:10.269289 2026] [php:error] [pid 16821] [client 35.247.243.250:0] script '/domains/pauljbrock/unzipper.php' not found or unable to stat
[Thu Feb 19 02:41:10.371225 2026] [php:error] [pid 16822] [client 20.46.124.66:0] script '/domains/markrose/un.php' not found or unable to stat
[Thu Feb 19 02:41:10.493205 2026] [php:error] [pid 16816] [client 52.141.2.0:0] script '/domains/system_suspended/x.php' not found or unable to stat
[Thu Feb 19 02:41:10.530850 2026] [php:error] [pid 16822] [client 20.46.124.66:0] script '/domains/markrose/fs.php' not found or unable to stat
[Thu Feb 19 02:41:10.672381 2026] [php:error] [pid 16816] [client 52.141.2.0:0] script '/domains/system_suspended/xxxx.php' not found or unable to stat
[Thu Feb 19 02:41:10.692311 2026] [php:error] [pid 16822] [client 20.46.124.66:0] script '/domains/markrose/ms.php' not found or unable to stat
[Thu Feb 19 02:41:10.852409 2026] [php:error] [pid 16822] [client 20.46.124.66:0] script '/domains/markrose/login8.php' not found or unable to stat
[Thu Feb 19 02:41:10.974691 2026] [php:error] [pid 16816] [client 52.141.2.0:0] script '/domains/system_suspended/class.php' not found or unable to stat
[Thu Feb 19 02:41:11.012174 2026] [php:error] [pid 16822] [client 20.46.124.66:0] script '/domains/markrose/nnyvn.php' not found or unable to stat
[Thu Feb 19 02:41:11.153751 2026] [php:error] [pid 16816] [client 52.141.2.0:0] script '/domains/system_suspended/f35.php' not found or unable to stat
[Thu Feb 19 02:41:11.171948 2026] [php:error] [pid 16822] [client 20.46.124.66:0] script '/domains/markrose/cu.php' not found or unable to stat
[Thu Feb 19 02:41:11.332731 2026] [php:error] [pid 16822] [client 20.46.124.66:0] script '/domains/markrose/lul.php' not found or unable to stat
[Thu Feb 19 02:41:11.492646 2026] [php:error] [pid 16822] [client 20.46.124.66:0] script '/domains/markrose/0.php' not found or unable to stat
[Thu Feb 19 02:41:11.660163 2026] [php:error] [pid 16822] [client 20.46.124.66:0] script '/domains/markrose/ms-edit.php' not found or unable to stat
[Thu Feb 19 02:41:11.819997 2026] [php:error] [pid 16822] [client 20.46.124.66:0] script '/domains/markrose/ya.php' not found or unable to stat
[Thu Feb 19 02:41:11.892731 2026] [php:error] [pid 16816] [client 52.141.2.0:0] script '/domains/system_suspended/class-t.api.php' not found or unable to stat
[Thu Feb 19 02:41:11.980039 2026] [php:error] [pid 16822] [client 20.46.124.66:0] script '/domains/markrose/grsiuk.php' not found or unable to stat
[Thu Feb 19 02:41:12.074915 2026] [php:error] [pid 16816] [client 52.141.2.0:0] script '/domains/system_suspended/blurbs18.php' not found or unable to stat
[Thu Feb 19 02:41:12.163449 2026] [php:error] [pid 16822] [client 20.46.124.66:0] script '/domains/markrose/wp-blog.php' not found or unable to stat
[Thu Feb 19 02:41:12.325392 2026] [php:error] [pid 16822] [client 20.46.124.66:0] script '/domains/markrose/wp-access.php' not found or unable to stat
[Thu Feb 19 02:41:12.485122 2026] [php:error] [pid 16822] [client 20.46.124.66:0] script '/domains/markrose/a1vx.php' not found or unable to stat
[Thu Feb 19 02:41:12.645639 2026] [php:error] [pid 16822] [client 20.46.124.66:0] script '/domains/markrose/sbhu.php' not found or unable to stat
[Thu Feb 19 02:41:12.805794 2026] [php:error] [pid 16822] [client 20.46.124.66:0] script '/domains/markrose/wp-the.php' not found or unable to stat
[Thu Feb 19 02:41:12.965405 2026] [php:error] [pid 16822] [client 20.46.124.66:0] script '/domains/markrose/06.php' not found or unable to stat
[Thu Feb 19 02:41:13.125081 2026] [php:error] [pid 16822] [client 20.46.124.66:0] script '/domains/markrose/wp5.php' not found or unable to stat
[Thu Feb 19 02:41:13.287006 2026] [php:error] [pid 16822] [client 20.46.124.66:0] script '/domains/markrose/fot.php' not found or unable to stat
[Thu Feb 19 02:41:13.360977 2026] [php:error] [pid 16816] [client 52.141.2.0:0] script '/domains/system_suspended/bless11.php' not found or unable to stat
[Thu Feb 19 02:41:13.446867 2026] [php:error] [pid 16822] [client 20.46.124.66:0] script '/domains/markrose/ff1.php' not found or unable to stat
[Thu Feb 19 02:41:13.584233 2026] [php:error] [pid 16816] [client 52.141.2.0:0] script '/domains/system_suspended/init.php' not found or unable to stat
[Thu Feb 19 02:41:13.606730 2026] [php:error] [pid 16822] [client 20.46.124.66:0] script '/domains/markrose/forbidals.php' not found or unable to stat
[Thu Feb 19 02:41:13.766366 2026] [php:error] [pid 16822] [client 20.46.124.66:0] script '/domains/markrose/erty.php' not found or unable to stat
[Thu Feb 19 02:41:13.926475 2026] [php:error] [pid 16822] [client 20.46.124.66:0] script '/domains/markrose/dev1s.php' not found or unable to stat
[Thu Feb 19 02:41:13.972317 2026] [php:error] [pid 16816] [client 52.141.2.0:0] script '/domains/system_suspended/k.php' not found or unable to stat
[Thu Feb 19 02:41:14.086820 2026] [php:error] [pid 16822] [client 20.46.124.66:0] script '/domains/markrose/ffd.php' not found or unable to stat
[Thu Feb 19 02:41:14.179223 2026] [php:error] [pid 16816] [client 52.141.2.0:0] script '/domains/system_suspended/bless.php' not found or unable to stat
[Thu Feb 19 02:41:14.246935 2026] [php:error] [pid 16822] [client 20.46.124.66:0] script '/domains/markrose/admiin.php' not found or unable to stat
[Thu Feb 19 02:41:14.408245 2026] [php:error] [pid 16822] [client 20.46.124.66:0] script '/domains/markrose/ol.php' not found or unable to stat
[Thu Feb 19 02:41:14.409283 2026] [php:error] [pid 16816] [client 52.141.2.0:0] script '/domains/system_suspended/X7x.php' not found or unable to stat
[Thu Feb 19 02:41:14.568011 2026] [php:error] [pid 16822] [client 20.46.124.66:0] script '/domains/markrose/Sanskrit.php' not found or unable to stat
[Thu Feb 19 02:41:14.588108 2026] [php:error] [pid 16816] [client 52.141.2.0:0] script '/domains/system_suspended/166.php' not found or unable to stat
[Thu Feb 19 02:41:14.729042 2026] [php:error] [pid 16822] [client 20.46.124.66:0] script '/domains/markrose/vxrl.php' not found or unable to stat
[Thu Feb 19 02:41:14.768182 2026] [php:error] [pid 16816] [client 52.141.2.0:0] script '/domains/system_suspended/plss3.php' not found or unable to stat
[Thu Feb 19 02:41:14.888678 2026] [php:error] [pid 16822] [client 20.46.124.66:0] script '/domains/markrose/re.php' not found or unable to stat
[Thu Feb 19 02:41:15.048970 2026] [php:error] [pid 16822] [client 20.46.124.66:0] script '/domains/markrose/num.php' not found or unable to stat
[Thu Feb 19 02:41:15.146022 2026] [php:error] [pid 16816] [client 52.141.2.0:0] script '/domains/system_suspended/admins.php' not found or unable to stat
[Thu Feb 19 02:41:15.208786 2026] [php:error] [pid 16822] [client 20.46.124.66:0] script '/domains/markrose/axx.php' not found or unable to stat
[Thu Feb 19 02:41:15.324883 2026] [php:error] [pid 16816] [client 52.141.2.0:0] script '/domains/system_suspended/wp.php' not found or unable to stat
[Thu Feb 19 02:41:15.369787 2026] [php:error] [pid 16822] [client 20.46.124.66:0] script '/domains/markrose/vxrl.php' not found or unable to stat
[Thu Feb 19 02:41:15.521548 2026] [php:error] [pid 16816] [client 52.141.2.0:0] script '/domains/system_suspended/main.php' not found or unable to stat
[Thu Feb 19 02:41:15.529673 2026] [php:error] [pid 16822] [client 20.46.124.66:0] script '/domains/markrose/in.php' not found or unable to stat
[Thu Feb 19 02:41:15.689701 2026] [php:error] [pid 16822] [client 20.46.124.66:0] script '/domains/markrose/style.php' not found or unable to stat
[Thu Feb 19 02:41:15.700661 2026] [php:error] [pid 16816] [client 52.141.2.0:0] script '/domains/system_suspended/a1.php' not found or unable to stat
[Thu Feb 19 02:41:15.849353 2026] [php:error] [pid 16822] [client 20.46.124.66:0] script '/domains/markrose/we.php' not found or unable to stat
[Thu Feb 19 02:41:15.882347 2026] [php:error] [pid 16816] [client 52.141.2.0:0] script '/domains/system_suspended/lala.php' not found or unable to stat
[Thu Feb 19 02:41:16.008991 2026] [php:error] [pid 16822] [client 20.46.124.66:0] script '/domains/markrose/zwso.php' not found or unable to stat
[Thu Feb 19 02:41:16.070511 2026] [php:error] [pid 16816] [client 52.141.2.0:0] script '/domains/system_suspended/aaa.php' not found or unable to stat
[Thu Feb 19 02:41:16.168579 2026] [php:error] [pid 16822] [client 20.46.124.66:0] script '/domains/markrose/karak.php' not found or unable to stat
[Thu Feb 19 02:41:16.273172 2026] [php:error] [pid 16816] [client 52.141.2.0:0] script '/domains/system_suspended/a2.php' not found or unable to stat
[Thu Feb 19 02:41:16.328297 2026] [php:error] [pid 16822] [client 20.46.124.66:0] script '/domains/markrose/prv8.php' not found or unable to stat
[Thu Feb 19 02:41:16.488472 2026] [php:error] [pid 16822] [client 20.46.124.66:0] script '/domains/markrose/i.php' not found or unable to stat
[Thu Feb 19 02:41:16.652641 2026] [php:error] [pid 16822] [client 20.46.124.66:0] script '/domains/markrose/a.php' not found or unable to stat
[Thu Feb 19 02:41:16.747446 2026] [php:error] [pid 16816] [client 52.141.2.0:0] script '/domains/system_suspended/jsond.php' not found or unable to stat
[Thu Feb 19 02:41:16.813437 2026] [php:error] [pid 16822] [client 20.46.124.66:0] script '/domains/markrose/xmlrpc.php' not found or unable to stat
[Thu Feb 19 02:41:16.973349 2026] [php:error] [pid 16822] [client 20.46.124.66:0] script '/domains/markrose/aw.php' not found or unable to stat
[Thu Feb 19 02:41:17.133208 2026] [php:error] [pid 16822] [client 20.46.124.66:0] script '/domains/markrose/dev.php' not found or unable to stat
[Thu Feb 19 02:41:17.293389 2026] [php:error] [pid 16822] [client 20.46.124.66:0] script '/domains/markrose/lock360.php' not found or unable to stat
[Thu Feb 19 02:41:17.454512 2026] [php:error] [pid 16822] [client 20.46.124.66:0] script '/domains/markrose/155.php' not found or unable to stat
[Thu Feb 19 02:41:17.620753 2026] [php:error] [pid 16822] [client 20.46.124.66:0] script '/domains/markrose/goat.php' not found or unable to stat
[Thu Feb 19 02:41:17.780364 2026] [php:error] [pid 16822] [client 20.46.124.66:0] script '/domains/markrose/tcp.php' not found or unable to stat
[Thu Feb 19 02:41:17.940120 2026] [php:error] [pid 16822] [client 20.46.124.66:0] script '/domains/markrose/ext.php' not found or unable to stat
[Thu Feb 19 02:41:18.099951 2026] [php:error] [pid 16822] [client 20.46.124.66:0] script '/domains/markrose/inputs.php' not found or unable to stat
[Thu Feb 19 02:41:18.259855 2026] [php:error] [pid 16822] [client 20.46.124.66:0] script '/domains/markrose/ioxi.php' not found or unable to stat
[Thu Feb 19 02:41:18.420123 2026] [php:error] [pid 16822] [client 20.46.124.66:0] script '/domains/markrose/fe5.php' not found or unable to stat
[Thu Feb 19 02:41:18.580111 2026] [php:error] [pid 16822] [client 20.46.124.66:0] script '/domains/markrose/ov.php' not found or unable to stat
[Thu Feb 19 02:41:18.899983 2026] [php:error] [pid 16822] [client 20.46.124.66:0] script '/domains/markrose/default.php' not found or unable to stat
[Thu Feb 19 02:41:19.059723 2026] [php:error] [pid 16822] [client 20.46.124.66:0] script '/domains/markrose/goods.php' not found or unable to stat
[Thu Feb 19 02:41:19.228075 2026] [php:error] [pid 16822] [client 20.46.124.66:0] script '/domains/markrose/abcd.php' not found or unable to stat
[Thu Feb 19 02:41:19.389854 2026] [php:error] [pid 16822] [client 20.46.124.66:0] script '/domains/markrose/class.1.php' not found or unable to stat
[Thu Feb 19 02:41:19.549397 2026] [php:error] [pid 16822] [client 20.46.124.66:0] script '/domains/markrose/async.php' not found or unable to stat
[Thu Feb 19 02:41:19.709491 2026] [php:error] [pid 16822] [client 20.46.124.66:0] script '/domains/markrose/ff.php' not found or unable to stat
[Thu Feb 19 02:41:19.869621 2026] [php:error] [pid 16822] [client 20.46.124.66:0] script '/domains/markrose/ioxi-o.php' not found or unable to stat
[Thu Feb 19 02:41:20.029543 2026] [php:error] [pid 16822] [client 20.46.124.66:0] script '/domains/markrose/manager.php' not found or unable to stat
[Thu Feb 19 02:41:20.189399 2026] [php:error] [pid 16822] [client 20.46.124.66:0] script '/domains/markrose/wp-update.php' not found or unable to stat
[Thu Feb 19 02:41:20.349511 2026] [php:error] [pid 16822] [client 20.46.124.66:0] script '/domains/markrose/file.php' not found or unable to stat
[Thu Feb 19 02:41:20.673772 2026] [php:error] [pid 16822] [client 20.46.124.66:0] script '/domains/markrose/lc.php' not found or unable to stat
[Thu Feb 19 02:41:20.835157 2026] [php:error] [pid 16822] [client 20.46.124.66:0] script '/domains/markrose/cbrfo.php' not found or unable to stat
[Thu Feb 19 02:41:20.995856 2026] [php:error] [pid 16822] [client 20.46.124.66:0] script '/domains/markrose/inc.php' not found or unable to stat
[Thu Feb 19 02:41:21.318653 2026] [php:error] [pid 16814] [client 20.46.124.66:0] script '/domains/markrose/gifclass.php' not found or unable to stat
[Thu Feb 19 02:41:21.479337 2026] [php:error] [pid 16814] [client 20.46.124.66:0] script '/domains/markrose/miansha.php' not found or unable to stat
[Thu Feb 19 02:41:21.639616 2026] [php:error] [pid 16814] [client 20.46.124.66:0] script '/domains/markrose/tinyfilemanager.php' not found or unable to stat
[Thu Feb 19 02:41:21.800784 2026] [php:error] [pid 16814] [client 20.46.124.66:0] script '/domains/markrose/admin.php' not found or unable to stat
[Thu Feb 19 02:41:21.960844 2026] [php:error] [pid 16814] [client 20.46.124.66:0] script '/domains/markrose/ok.php' not found or unable to stat
[Thu Feb 19 02:41:22.120874 2026] [php:error] [pid 16814] [client 20.46.124.66:0] script '/domains/markrose/fi.php' not found or unable to stat
[Thu Feb 19 02:41:22.282576 2026] [php:error] [pid 16814] [client 20.46.124.66:0] script '/domains/markrose/muzu.php' not found or unable to stat
[Thu Feb 19 02:41:22.442634 2026] [php:error] [pid 16814] [client 20.46.124.66:0] script '/domains/markrose/reze.php' not found or unable to stat
[Thu Feb 19 02:41:22.615602 2026] [php:error] [pid 16814] [client 20.46.124.66:0] script '/domains/markrose/styll.php' not found or unable to stat
[Thu Feb 19 02:41:22.775807 2026] [php:error] [pid 16814] [client 20.46.124.66:0] script '/domains/markrose/x7.php' not found or unable to stat
[Thu Feb 19 02:41:22.935981 2026] [php:error] [pid 16814] [client 20.46.124.66:0] script '/domains/markrose/thebe.php' not found or unable to stat
[Thu Feb 19 02:41:23.096114 2026] [php:error] [pid 16814] [client 20.46.124.66:0] script '/domains/markrose/ddd.php' not found or unable to stat
[Thu Feb 19 02:41:23.257151 2026] [php:error] [pid 16814] [client 20.46.124.66:0] script '/domains/markrose/bgymj.php' not found or unable to stat
[Thu Feb 19 02:41:23.417314 2026] [php:error] [pid 16814] [client 20.46.124.66:0] script '/domains/markrose/8xyz.php' not found or unable to stat
[Thu Feb 19 02:41:23.577637 2026] [php:error] [pid 16814] [client 20.46.124.66:0] script '/domains/markrose/ioxi.php' not found or unable to stat
[Thu Feb 19 02:41:23.741976 2026] [php:error] [pid 16814] [client 20.46.124.66:0] script '/domains/markrose/xpwer1.php' not found or unable to stat
[Thu Feb 19 02:41:23.902655 2026] [php:error] [pid 16814] [client 20.46.124.66:0] script '/domains/markrose/lala.php' not found or unable to stat
[Thu Feb 19 02:41:24.064876 2026] [php:error] [pid 16814] [client 20.46.124.66:0] script '/domains/markrose/about.php' not found or unable to stat
[Thu Feb 19 02:41:24.870455 2026] [php:error] [pid 16814] [client 20.46.124.66:0] script '/domains/markrose/info.php' not found or unable to stat
[Thu Feb 19 02:41:25.031108 2026] [php:error] [pid 16814] [client 20.46.124.66:0] script '/domains/markrose/about.php' not found or unable to stat
[Thu Feb 19 02:41:25.356181 2026] [php:error] [pid 16814] [client 20.46.124.66:0] script '/domains/markrose/222.php' not found or unable to stat
[Thu Feb 19 02:41:25.516910 2026] [php:error] [pid 16814] [client 20.46.124.66:0] script '/domains/markrose/adminfuns.php' not found or unable to stat
[Thu Feb 19 02:41:25.837679 2026] [php:error] [pid 16814] [client 20.46.124.66:0] script '/domains/markrose/xx.php' not found or unable to stat
[Thu Feb 19 02:41:26.159094 2026] [php:error] [pid 16814] [client 20.46.124.66:0] script '/domains/markrose/f5.php' not found or unable to stat
[Thu Feb 19 02:41:26.319692 2026] [php:error] [pid 16814] [client 20.46.124.66:0] script '/domains/markrose/flower.php' not found or unable to stat
[Thu Feb 19 02:41:26.479807 2026] [php:error] [pid 16814] [client 20.46.124.66:0] script '/domains/markrose/f6.php' not found or unable to stat
[Thu Feb 19 02:41:26.640005 2026] [php:error] [pid 16814] [client 20.46.124.66:0] script '/domains/markrose/edit.php' not found or unable to stat
[Thu Feb 19 02:41:27.121524 2026] [php:error] [pid 16814] [client 20.46.124.66:0] script '/domains/markrose/av.php' not found or unable to stat
[Thu Feb 19 02:41:27.444334 2026] [php:error] [pid 16814] [client 20.46.124.66:0] script '/domains/markrose/wsd.php' not found or unable to stat
[Thu Feb 19 02:41:27.609121 2026] [php:error] [pid 16814] [client 20.46.124.66:0] script '/domains/markrose/jane.php' not found or unable to stat
[Thu Feb 19 02:41:27.770384 2026] [php:error] [pid 16814] [client 20.46.124.66:0] script '/domains/markrose/css.php' not found or unable to stat
[Thu Feb 19 02:41:27.930316 2026] [php:error] [pid 16814] [client 20.46.124.66:0] script '/domains/markrose/alfa.php' not found or unable to stat
[Thu Feb 19 02:41:28.093321 2026] [php:error] [pid 16814] [client 20.46.124.66:0] script '/domains/markrose/wen.php' not found or unable to stat
[Thu Feb 19 02:41:28.256085 2026] [php:error] [pid 16814] [client 20.46.124.66:0] script '/domains/markrose/x.php' not found or unable to stat
[Thu Feb 19 02:41:28.415941 2026] [php:error] [pid 16814] [client 20.46.124.66:0] script '/domains/markrose/xxxx.php' not found or unable to stat
[Thu Feb 19 02:41:28.576387 2026] [php:error] [pid 16814] [client 20.46.124.66:0] script '/domains/markrose/class.php' not found or unable to stat
[Thu Feb 19 02:41:28.738634 2026] [php:error] [pid 16814] [client 20.46.124.66:0] script '/domains/markrose/f35.php' not found or unable to stat
[Thu Feb 19 02:41:29.383809 2026] [php:error] [pid 16814] [client 20.46.124.66:0] script '/domains/markrose/class-t.api.php' not found or unable to stat
[Thu Feb 19 02:41:29.543588 2026] [php:error] [pid 16814] [client 20.46.124.66:0] script '/domains/markrose/blurbs18.php' not found or unable to stat
[Thu Feb 19 02:41:30.673736 2026] [php:error] [pid 16814] [client 20.46.124.66:0] script '/domains/markrose/bless11.php' not found or unable to stat
[Thu Feb 19 02:41:30.833539 2026] [php:error] [pid 16814] [client 20.46.124.66:0] script '/domains/markrose/init.php' not found or unable to stat
[Thu Feb 19 02:41:31.155810 2026] [php:error] [pid 16814] [client 20.46.124.66:0] script '/domains/markrose/k.php' not found or unable to stat
[Thu Feb 19 02:41:31.315415 2026] [php:error] [pid 16814] [client 20.46.124.66:0] script '/domains/markrose/bless.php' not found or unable to stat
[Thu Feb 19 02:41:31.478526 2026] [php:error] [pid 16814] [client 20.46.124.66:0] script '/domains/markrose/X7x.php' not found or unable to stat
[Thu Feb 19 02:41:31.638051 2026] [php:error] [pid 16814] [client 20.46.124.66:0] script '/domains/markrose/166.php' not found or unable to stat
[Thu Feb 19 02:41:31.797743 2026] [php:error] [pid 16814] [client 20.46.124.66:0] script '/domains/markrose/plss3.php' not found or unable to stat
[Thu Feb 19 02:41:32.121439 2026] [php:error] [pid 16814] [client 20.46.124.66:0] script '/domains/markrose/admins.php' not found or unable to stat
[Thu Feb 19 02:41:32.281004 2026] [php:error] [pid 16814] [client 20.46.124.66:0] script '/domains/markrose/wp.php' not found or unable to stat
[Thu Feb 19 02:41:32.442444 2026] [php:error] [pid 16814] [client 20.46.124.66:0] script '/domains/markrose/main.php' not found or unable to stat
[Thu Feb 19 02:41:32.603717 2026] [php:error] [pid 16814] [client 20.46.124.66:0] script '/domains/markrose/a1.php' not found or unable to stat
[Thu Feb 19 02:41:32.763218 2026] [php:error] [pid 16814] [client 20.46.124.66:0] script '/domains/markrose/lala.php' not found or unable to stat
[Thu Feb 19 02:41:32.922889 2026] [php:error] [pid 16814] [client 20.46.124.66:0] script '/domains/markrose/aaa.php' not found or unable to stat
[Thu Feb 19 02:41:33.082558 2026] [php:error] [pid 16814] [client 20.46.124.66:0] script '/domains/markrose/a2.php' not found or unable to stat
[Thu Feb 19 02:41:33.411789 2026] [php:error] [pid 16814] [client 20.46.124.66:0] script '/domains/markrose/jsond.php' not found or unable to stat
[Thu Feb 19 02:42:00.071030 2026] [php:error] [pid 16826] [client 20.203.180.135:0] script '/domains/amisol/C1.php' not found or unable to stat
[Thu Feb 19 02:42:00.167244 2026] [php:error] [pid 16826] [client 20.203.180.135:0] script '/domains/amisol/ava.php' not found or unable to stat
[Thu Feb 19 02:42:00.262071 2026] [php:error] [pid 16826] [client 20.203.180.135:0] script '/domains/amisol/priv.php' not found or unable to stat
[Thu Feb 19 02:42:00.358710 2026] [php:error] [pid 16826] [client 20.203.180.135:0] script '/domains/amisol/Okxob.php' not found or unable to stat
[Thu Feb 19 02:42:00.563405 2026] [php:error] [pid 16826] [client 20.203.180.135:0] script '/domains/amisol/gi.php' not found or unable to stat
[Thu Feb 19 02:42:00.659815 2026] [php:error] [pid 16826] [client 20.203.180.135:0] script '/domains/amisol/Sanskrit.php' not found or unable to stat
[Thu Feb 19 02:42:00.754530 2026] [php:error] [pid 16826] [client 20.203.180.135:0] script '/domains/amisol/jok3r.php' not found or unable to stat
[Thu Feb 19 02:42:00.958948 2026] [php:error] [pid 16826] [client 20.203.180.135:0] script '/domains/amisol/mjq.php' not found or unable to stat
[Thu Feb 19 02:42:01.053669 2026] [php:error] [pid 16826] [client 20.203.180.135:0] script '/domains/amisol/snus.php' not found or unable to stat
[Thu Feb 19 02:42:01.153769 2026] [php:error] [pid 16826] [client 20.203.180.135:0] script '/domains/amisol/shlo.php' not found or unable to stat
[Thu Feb 19 02:42:01.258828 2026] [php:error] [pid 16826] [client 20.203.180.135:0] script '/domains/amisol/pass.php' not found or unable to stat
[Thu Feb 19 02:42:01.353747 2026] [php:error] [pid 16826] [client 20.203.180.135:0] script '/domains/amisol/clnfnjna.php' not found or unable to stat
[Thu Feb 19 02:42:01.449887 2026] [php:error] [pid 16826] [client 20.203.180.135:0] script '/domains/amisol/grsiuk.php' not found or unable to stat
[Thu Feb 19 02:42:01.551115 2026] [php:error] [pid 16826] [client 20.203.180.135:0] script '/domains/amisol/byp8.php' not found or unable to stat
[Thu Feb 19 02:42:01.645948 2026] [php:error] [pid 16826] [client 20.203.180.135:0] script '/domains/amisol/jvfsi.php' not found or unable to stat
[Thu Feb 19 02:42:01.748930 2026] [php:error] [pid 16826] [client 20.203.180.135:0] script '/domains/amisol/diyxm.php' not found or unable to stat
[Thu Feb 19 02:42:01.843718 2026] [php:error] [pid 16826] [client 20.203.180.135:0] script '/domains/amisol/vjkzu.php' not found or unable to stat
[Thu Feb 19 02:42:01.946864 2026] [php:error] [pid 16826] [client 20.203.180.135:0] script '/domains/amisol/8nyu1r.php' not found or unable to stat
[Thu Feb 19 02:42:02.041809 2026] [php:error] [pid 16826] [client 20.203.180.135:0] script '/domains/amisol/etmvr.php' not found or unable to stat
[Thu Feb 19 02:42:02.154232 2026] [php:error] [pid 16826] [client 20.203.180.135:0] script '/domains/amisol/fs6.php' not found or unable to stat
[Thu Feb 19 02:42:02.249157 2026] [php:error] [pid 16826] [client 20.203.180.135:0] script '/domains/amisol/njrzp.php' not found or unable to stat
[Thu Feb 19 02:42:02.448038 2026] [php:error] [pid 16826] [client 20.203.180.135:0] script '/domains/amisol/rcoti.php' not found or unable to stat
[Thu Feb 19 02:42:02.542715 2026] [php:error] [pid 16826] [client 20.203.180.135:0] script '/domains/amisol/www.php' not found or unable to stat
[Thu Feb 19 02:42:02.637356 2026] [php:error] [pid 16826] [client 20.203.180.135:0] script '/domains/amisol/992.php' not found or unable to stat
[Thu Feb 19 02:42:02.838172 2026] [php:error] [pid 16826] [client 20.203.180.135:0] script '/domains/amisol/tmpls.php' not found or unable to stat
/bin/sh: /usr/public/bin/counter.cgi: not found
[Thu Feb 19 02:42:24.449093 2026] [php:error] [pid 16835] [client 34.96.162.51:0] script '/domains/pauljbrock/adminer-5.0.3-en.php' not found or unable to stat
[Thu Feb 19 02:42:30.494216 2026] [php:error] [pid 16837] [client 74.248.96.218:0] script '/domains/ebon/byp8.php' not found or unable to stat
[Thu Feb 19 02:42:33.857911 2026] [php:error] [pid 16835] [client 34.96.162.53:0] script '/domains/pauljbrock/adminer-5.0.6-en.php' not found or unable to stat
[Thu Feb 19 02:42:34.795014 2026] [php:error] [pid 16836] [client 34.96.162.57:0] script '/domains/pauljbrock/adminer-5.0.0-en.php' not found or unable to stat
[Thu Feb 19 02:42:40.343096 2026] [php:error] [pid 16831] [client 35.247.243.242:0] script '/domains/pauljbrock/adminer-5.0.1.php' not found or unable to stat
[Thu Feb 19 02:42:44.024183 2026] [php:error] [pid 16841] [client 35.247.243.243:0] script '/domains/hdickens.enteract/adminer-5.0.1.php' not found or unable to stat
[Thu Feb 19 02:42:44.555793 2026] [php:error] [pid 16839] [client 15.235.164.87:0] script '/domains/markrose/xmlrpc.php' not found or unable to stat
[Thu Feb 19 02:43:17.511142 2026] [php:error] [pid 16843] [client 35.247.243.246:0] script '/domains/pauljbrock/db.php' not found or unable to stat
[Thu Feb 19 02:43:18.580918 2026] [php:error] [pid 16822] [client 35.247.243.249:0] script '/domains/hdickens.enteract/adminer-4.6.2.php' not found or unable to stat
[Thu Feb 19 02:43:23.625519 2026] [php:error] [pid 16836] [client 35.247.243.248:0] script '/domains/hdickens.enteract/adminer-5.3.0-mysql.php' not found or unable to stat
[Thu Feb 19 02:43:47.469930 2026] [php:error] [pid 16831] [client 35.247.243.251:0] script '/domains/pauljbrock/adminer-5.0.2-mysql-en.php' not found or unable to stat
[Thu Feb 19 02:43:49.613035 2026] [php:error] [pid 16843] [client 35.247.243.240:0] script '/domains/hdickens.enteract/adminer-4.7.1.php' not found or unable to stat
[Thu Feb 19 02:43:49.771519 2026] [php:error] [pid 16831] [client 34.96.162.48:0] script '/domains/pauljbrock/adminer-4.6.2.php' not found or unable to stat
[Thu Feb 19 02:43:51.736160 2026] [php:error] [pid 16843] [client 35.247.243.245:0] script '/domains/hdickens.enteract/adminer-5.1.1-en.php' not found or unable to stat
[Thu Feb 19 02:44:05.892534 2026] [php:error] [pid 16843] [client 20.238.121.35:0] script '/domains/bburke/byp8.php' not found or unable to stat
[Thu Feb 19 02:44:12.380097 2026] [php:error] [pid 16846] [client 35.247.243.247:0] script '/domains/pauljbrock/adminer-5.1.1-mysql-en.php' not found or unable to stat
[Thu Feb 19 02:44:19.780106 2026] [php:error] [pid 16843] [client 34.96.162.52:0] script '/domains/pauljbrock/adminer-4.7.5.php' not found or unable to stat
[Thu Feb 19 02:44:27.612309 2026] [core:crit] [pid 16843] (13)Permission denied: [client 216.244.66.247:0] AH00529: /domains/performancepartsinc/graphics/psd/.htaccess pcfg_openfile: unable to check htaccess file, ensure it is readable and that '/domains/performancepartsinc/graphics/psd/' is executable
[Thu Feb 19 02:44:35.585375 2026] [php:error] [pid 16845] [client 35.247.243.249:0] script '/domains/pauljbrock/adminer-5.0.4-mysql.php' not found or unable to stat
[Thu Feb 19 02:44:43.804364 2026] [php:error] [pid 16846] [client 179.43.191.19:0] script '/domains/gk3c/wp-login.php' not found or unable to stat, referer: cluffassociates.com
[Thu Feb 19 02:44:47.605958 2026] [php:error] [pid 16830] [client 35.247.243.251:0] script '/domains/pauljbrock/adminer-5.0.3-mysql.php' not found or unable to stat
[Thu Feb 19 02:44:58.143940 2026] [php:error] [pid 16839] [client 35.247.243.243:0] script '/domains/pauljbrock/adminer-5.0.1-mysql.php' not found or unable to stat
[Thu Feb 19 02:45:01.628184 2026] [php:error] [pid 16860] [client 20.53.240.38:0] script '/domains/system_default/wp-2019.php' not found or unable to stat
[Thu Feb 19 02:45:02.163899 2026] [php:error] [pid 16860] [client 20.53.240.38:0] script '/domains/system_default/403.php' not found or unable to stat
[Thu Feb 19 02:45:02.367635 2026] [php:error] [pid 16860] [client 20.53.240.38:0] script '/domains/system_default/aaa.php' not found or unable to stat
[Thu Feb 19 02:45:03.515042 2026] [php:error] [pid 16860] [client 20.53.240.38:0] script '/domains/system_default/y.php' not found or unable to stat
[Thu Feb 19 02:45:04.259432 2026] [php:error] [pid 16860] [client 20.53.240.38:0] script '/domains/system_default/ggfi.php' not found or unable to stat
[Thu Feb 19 02:45:05.131926 2026] [php:error] [pid 16860] [client 20.53.240.38:0] script '/domains/system_default/buy.php' not found or unable to stat
[Thu Feb 19 02:45:05.359019 2026] [php:error] [pid 16860] [client 20.53.240.38:0] script '/domains/system_default/chosen.php' not found or unable to stat
[Thu Feb 19 02:45:05.880065 2026] [php:error] [pid 16860] [client 20.53.240.38:0] script '/domains/system_default/index.php' not found or unable to stat
[Thu Feb 19 02:45:06.266174 2026] [php:error] [pid 16860] [client 20.53.240.38:0] script '/domains/system_default/cron.php' not found or unable to stat
[Thu Feb 19 02:45:06.646866 2026] [php:error] [pid 16860] [client 20.53.240.38:0] script '/domains/system_default/functions.php' not found or unable to stat
[Thu Feb 19 02:45:06.771468 2026] [php:error] [pid 16864] [client 35.247.243.245:0] script '/domains/pauljbrock/db.php' not found or unable to stat
[Thu Feb 19 02:45:08.059982 2026] [php:error] [pid 16860] [client 20.53.240.38:0] script '/domains/system_default/wp-add.php' not found or unable to stat
[Thu Feb 19 02:45:08.518191 2026] [php:error] [pid 16860] [client 20.53.240.38:0] script '/domains/system_default/0.php' not found or unable to stat
[Thu Feb 19 02:45:08.886937 2026] [php:error] [pid 16860] [client 20.53.240.38:0] script '/domains/system_default/edit.php' not found or unable to stat
[Thu Feb 19 02:45:09.086602 2026] [php:error] [pid 16860] [client 20.53.240.38:0] script '/domains/system_default/meta.php' not found or unable to stat
[Thu Feb 19 02:45:09.486851 2026] [php:error] [pid 16860] [client 20.53.240.38:0] script '/domains/system_default/new.php' not found or unable to stat
