[Thu Feb 19 03:09:56.116732 2026] [php:error] [pid 17667] [client 40.80.90.214:0] script '/domains/proinc/about.php' not found or unable to stat
[Thu Feb 19 03:09:56.749675 2026] [php:error] [pid 17667] [client 40.80.90.214:0] script '/domains/proinc/222.php' not found or unable to stat
[Thu Feb 19 03:09:56.965924 2026] [php:error] [pid 17667] [client 40.80.90.214:0] script '/domains/proinc/adminfuns.php' not found or unable to stat
[Thu Feb 19 03:09:56.997420 2026] [php:error] [pid 17670] [client 35.247.243.249:0] script '/domains/pauljbrock/adminer-db.php' not found or unable to stat
[Thu Feb 19 03:09:57.372184 2026] [php:error] [pid 17667] [client 40.80.90.214:0] script '/domains/proinc/xx.php' not found or unable to stat
[Thu Feb 19 03:09:57.779216 2026] [php:error] [pid 17667] [client 40.80.90.214:0] script '/domains/proinc/f5.php' not found or unable to stat
[Thu Feb 19 03:09:57.986386 2026] [php:error] [pid 17667] [client 40.80.90.214:0] script '/domains/proinc/flower.php' not found or unable to stat
[Thu Feb 19 03:09:58.189298 2026] [php:error] [pid 17667] [client 40.80.90.214:0] script '/domains/proinc/f6.php' not found or unable to stat
[Thu Feb 19 03:09:58.392631 2026] [php:error] [pid 17667] [client 40.80.90.214:0] script '/domains/proinc/edit.php' not found or unable to stat
[Thu Feb 19 03:09:59.043908 2026] [php:error] [pid 17667] [client 40.80.90.214:0] script '/domains/proinc/av.php' not found or unable to stat
[Thu Feb 19 03:09:59.479030 2026] [php:error] [pid 17667] [client 40.80.90.214:0] script '/domains/proinc/wsd.php' not found or unable to stat
[Thu Feb 19 03:09:59.959675 2026] [php:error] [pid 17667] [client 40.80.90.214:0] script '/domains/proinc/jane.php' not found or unable to stat
[Thu Feb 19 03:10:00.259461 2026] [php:error] [pid 17667] [client 40.80.90.214:0] script '/domains/proinc/css.php' not found or unable to stat
[Thu Feb 19 03:10:00.462518 2026] [php:error] [pid 17667] [client 40.80.90.214:0] script '/domains/proinc/alfa.php' not found or unable to stat
[Thu Feb 19 03:10:00.686245 2026] [php:error] [pid 17667] [client 40.80.90.214:0] script '/domains/proinc/wen.php' not found or unable to stat
[Thu Feb 19 03:10:00.908942 2026] [php:error] [pid 17667] [client 40.80.90.214:0] script '/domains/proinc/x.php' not found or unable to stat
[Thu Feb 19 03:10:01.112652 2026] [php:error] [pid 17667] [client 40.80.90.214:0] script '/domains/proinc/xxxx.php' not found or unable to stat
[Thu Feb 19 03:10:01.328275 2026] [php:error] [pid 17667] [client 40.80.90.214:0] script '/domains/proinc/class.php' not found or unable to stat
[Thu Feb 19 03:10:01.632684 2026] [php:error] [pid 17667] [client 40.80.90.214:0] script '/domains/proinc/f35.php' not found or unable to stat
[Thu Feb 19 03:10:02.531298 2026] [php:error] [pid 17667] [client 40.80.90.214:0] script '/domains/proinc/class-t.api.php' not found or unable to stat
[Thu Feb 19 03:10:02.793646 2026] [php:error] [pid 17667] [client 40.80.90.214:0] script '/domains/proinc/blurbs18.php' not found or unable to stat
[Thu Feb 19 03:10:06.166853 2026] [php:error] [pid 17667] [client 40.80.90.214:0] script '/domains/proinc/bless11.php' not found or unable to stat
[Thu Feb 19 03:10:06.369653 2026] [php:error] [pid 17667] [client 40.80.90.214:0] script '/domains/proinc/init.php' not found or unable to stat
[Thu Feb 19 03:10:06.903307 2026] [php:error] [pid 17667] [client 40.80.90.214:0] script '/domains/proinc/k.php' not found or unable to stat
[Thu Feb 19 03:10:07.111821 2026] [php:error] [pid 17667] [client 40.80.90.214:0] script '/domains/proinc/bless.php' not found or unable to stat
[Thu Feb 19 03:10:07.315283 2026] [php:error] [pid 17667] [client 40.80.90.214:0] script '/domains/proinc/X7x.php' not found or unable to stat
[Thu Feb 19 03:10:07.518065 2026] [php:error] [pid 17667] [client 40.80.90.214:0] script '/domains/proinc/166.php' not found or unable to stat
[Thu Feb 19 03:10:07.608595 2026] [php:error] [pid 17662] [client 160.30.137.9:0] script '/domains/nlyfoods/wp-login.php' not found or unable to stat, referer: https://www.bing.com/
[Thu Feb 19 03:10:07.735232 2026] [php:error] [pid 17667] [client 40.80.90.214:0] script '/domains/proinc/plss3.php' not found or unable to stat
[Thu Feb 19 03:10:08.147816 2026] [php:error] [pid 17672] [client 160.30.137.9:0] script '/domains/nlyfoods/wp-login.php' not found or unable to stat
[Thu Feb 19 03:10:08.205712 2026] [php:error] [pid 17663] [client 35.247.243.244:0] script '/domains/hdickens.enteract/adminer-4.8.1-mysql.php' not found or unable to stat
[Thu Feb 19 03:10:08.235767 2026] [php:error] [pid 17667] [client 40.80.90.214:0] script '/domains/proinc/admins.php' not found or unable to stat
[Thu Feb 19 03:10:08.458102 2026] [php:error] [pid 17667] [client 40.80.90.214:0] script '/domains/proinc/wp.php' not found or unable to stat
[Thu Feb 19 03:10:08.661787 2026] [php:error] [pid 17667] [client 40.80.90.214:0] script '/domains/proinc/main.php' not found or unable to stat
[Thu Feb 19 03:10:09.070759 2026] [php:error] [pid 17667] [client 40.80.90.214:0] script '/domains/proinc/a1.php' not found or unable to stat
[Thu Feb 19 03:10:09.273294 2026] [php:error] [pid 17667] [client 40.80.90.214:0] script '/domains/proinc/lala.php' not found or unable to stat
[Thu Feb 19 03:10:09.482376 2026] [php:error] [pid 17667] [client 40.80.90.214:0] script '/domains/proinc/aaa.php' not found or unable to stat
[Thu Feb 19 03:10:09.702125 2026] [php:error] [pid 17667] [client 40.80.90.214:0] script '/domains/proinc/a2.php' not found or unable to stat
[Thu Feb 19 03:10:10.233798 2026] [php:error] [pid 17667] [client 40.80.90.214:0] script '/domains/proinc/jsond.php' not found or unable to stat
[Thu Feb 19 03:10:11.708600 2026] [php:error] [pid 17670] [client 35.247.243.245:0] script '/domains/pauljbrock/adminer-5.0.0.php' not found or unable to stat
[Thu Feb 19 03:10:13.354889 2026] [php:error] [pid 17658] [client 35.247.243.254:0] script '/domains/pauljbrock/adminer-5.0.5.php' not found or unable to stat
[Thu Feb 19 03:10:18.064087 2026] [php:error] [pid 17670] [client 34.96.162.54:0] script '/domains/pauljbrock/adminer-5.0.2.php' not found or unable to stat
[Thu Feb 19 03:10:24.636170 2026] [php:error] [pid 17672] [client 35.247.243.241:0] script '/domains/pauljbrock/adminer-5.4.1-mysql-en.php' not found or unable to stat
[Thu Feb 19 03:10:47.842705 2026] [php:error] [pid 17658] [client 34.96.162.52:0] script '/domains/pauljbrock/adminer-5.2.0-mysql.php' not found or unable to stat
[Thu Feb 19 03:10:49.500940 2026] [php:error] [pid 17679] [client 35.247.243.246:0] script '/domains/pauljbrock/adminer-5.0.1-en.php' not found or unable to stat
[Thu Feb 19 03:10:51.740989 2026] [php:error] [pid 17680] [client 35.247.243.250:0] script '/domains/hdickens.enteract/Adminer.php' not found or unable to stat
[Thu Feb 19 03:10:54.742397 2026] [php:error] [pid 17679] [client 34.96.162.55:0] script '/domains/pauljbrock/adminer-5.3.0-mysql-en.php' not found or unable to stat
[Thu Feb 19 03:10:56.653260 2026] [php:error] [pid 17679] [client 35.247.243.250:0] script '/domains/pauljbrock/adminer-5.0.6-en.php' not found or unable to stat
[Thu Feb 19 03:10:57.236519 2026] [php:error] [pid 17680] [client 20.219.8.79:0] script '/domains/gk3c/wp-2019.php' not found or unable to stat
[Thu Feb 19 03:10:57.441765 2026] [php:error] [pid 17680] [client 20.219.8.79:0] script '/domains/gk3c/403.php' not found or unable to stat
[Thu Feb 19 03:10:57.653354 2026] [php:error] [pid 17680] [client 20.219.8.79:0] script '/domains/gk3c/aaa.php' not found or unable to stat
[Thu Feb 19 03:10:58.950693 2026] [php:error] [pid 17680] [client 20.219.8.79:0] script '/domains/gk3c/y.php' not found or unable to stat
[Thu Feb 19 03:10:59.002687 2026] [php:error] [pid 17662] [client 35.247.243.247:0] script '/domains/pauljbrock/adminer-5.0.5-mysql.php' not found or unable to stat
[Thu Feb 19 03:10:59.601215 2026] [php:error] [pid 17680] [client 20.219.8.79:0] script '/domains/gk3c/ggfi.php' not found or unable to stat
[Thu Feb 19 03:10:59.758655 2026] [php:error] [pid 17682] [client 34.96.162.56:0] script '/domains/pauljbrock/adminer-5.0.0-mysql.php' not found or unable to stat
[Thu Feb 19 03:11:00.390519 2026] [php:error] [pid 17680] [client 20.219.8.79:0] script '/domains/gk3c/buy.php' not found or unable to stat
[Thu Feb 19 03:11:00.619260 2026] [php:error] [pid 17680] [client 20.219.8.79:0] script '/domains/gk3c/chosen.php' not found or unable to stat
[Thu Feb 19 03:11:01.126004 2026] [php:error] [pid 17680] [client 20.219.8.79:0] script '/domains/gk3c/index.php' not found or unable to stat
[Thu Feb 19 03:11:01.340693 2026] [php:error] [pid 17680] [client 20.219.8.79:0] script '/domains/gk3c/cron.php' not found or unable to stat
[Thu Feb 19 03:11:01.618394 2026] [php:error] [pid 17680] [client 20.219.8.79:0] script '/domains/gk3c/functions.php' not found or unable to stat
[Thu Feb 19 03:11:02.586471 2026] [php:error] [pid 17680] [client 20.219.8.79:0] script '/domains/gk3c/wp-add.php' not found or unable to stat
[Thu Feb 19 03:11:03.010321 2026] [php:error] [pid 17680] [client 20.219.8.79:0] script '/domains/gk3c/0.php' not found or unable to stat
[Thu Feb 19 03:11:03.218038 2026] [php:error] [pid 17680] [client 20.219.8.79:0] script '/domains/gk3c/edit.php' not found or unable to stat
[Thu Feb 19 03:11:03.416120 2026] [php:error] [pid 17680] [client 20.219.8.79:0] script '/domains/gk3c/meta.php' not found or unable to stat
[Thu Feb 19 03:11:03.621173 2026] [php:error] [pid 17680] [client 20.219.8.79:0] script '/domains/gk3c/new.php' not found or unable to stat
[Thu Feb 19 03:11:04.175311 2026] [php:error] [pid 17680] [client 20.219.8.79:0] script '/domains/gk3c/as.php' not found or unable to stat
[Thu Feb 19 03:11:04.375143 2026] [php:error] [pid 17680] [client 20.219.8.79:0] script '/domains/gk3c/ds.php' not found or unable to stat
[Thu Feb 19 03:11:04.673878 2026] [php:error] [pid 17680] [client 20.219.8.79:0] script '/domains/gk3c/error.php' not found or unable to stat
[Thu Feb 19 03:11:04.906127 2026] [php:error] [pid 17680] [client 20.219.8.79:0] script '/domains/gk3c/gecko-new.php' not found or unable to stat
[Thu Feb 19 03:11:05.107858 2026] [php:error] [pid 17680] [client 20.219.8.79:0] script '/domains/gk3c/randkeyword.php' not found or unable to stat
[Thu Feb 19 03:11:05.376186 2026] [php:error] [pid 17682] [client 35.247.243.246:0] script '/domains/pauljbrock/adminer-4.6.2.php' not found or unable to stat
[Thu Feb 19 03:11:05.796441 2026] [php:error] [pid 17680] [client 20.219.8.79:0] script '/domains/gk3c/NewFile.php' not found or unable to stat
[Thu Feb 19 03:11:05.996257 2026] [php:error] [pid 17680] [client 20.219.8.79:0] script '/domains/gk3c/goods.php' not found or unable to stat
[Thu Feb 19 03:11:06.440860 2026] [php:error] [pid 17680] [client 20.219.8.79:0] script '/domains/gk3c/simple.php' not found or unable to stat
[Thu Feb 19 03:11:07.275013 2026] [php:error] [pid 17680] [client 20.219.8.79:0] script '/domains/gk3c/c.php' not found or unable to stat
[Thu Feb 19 03:11:07.879847 2026] [php:error] [pid 17680] [client 20.219.8.79:0] script '/domains/gk3c/auth.php' not found or unable to stat
[Thu Feb 19 03:11:08.088645 2026] [php:error] [pid 17682] [client 35.247.243.252:0] script '/domains/pauljbrock/adminer-5.0.5-en.php' not found or unable to stat
[Thu Feb 19 03:11:08.234019 2026] [php:error] [pid 17680] [client 20.219.8.79:0] script '/domains/gk3c/class-wp-lock.php' not found or unable to stat
[Thu Feb 19 03:11:08.448846 2026] [php:error] [pid 17680] [client 20.219.8.79:0] script '/domains/gk3c/cookie.php' not found or unable to stat
[Thu Feb 19 03:11:08.647333 2026] [php:error] [pid 17680] [client 20.219.8.79:0] script '/domains/gk3c/admin.php' not found or unable to stat
[Thu Feb 19 03:11:08.997379 2026] [php:error] [pid 17680] [client 20.219.8.79:0] script '/domains/gk3c/baxa1.php' not found or unable to stat
[Thu Feb 19 03:11:09.764050 2026] [php:error] [pid 17680] [client 20.219.8.79:0] script '/domains/gk3c/xleet.php' not found or unable to stat
[Thu Feb 19 03:11:10.511789 2026] [php:error] [pid 17680] [client 20.219.8.79:0] script '/domains/gk3c/about.php' not found or unable to stat
[Thu Feb 19 03:11:12.431240 2026] [php:error] [pid 17680] [client 20.219.8.79:0] script '/domains/gk3c/alfanew.php' not found or unable to stat
[Thu Feb 19 03:11:12.855171 2026] [php:error] [pid 17680] [client 20.219.8.79:0] script '/domains/gk3c/22.php' not found or unable to stat
[Thu Feb 19 03:11:13.729682 2026] [php:error] [pid 17680] [client 20.219.8.79:0] script '/domains/gk3c/simple.php' not found or unable to stat
[Thu Feb 19 03:11:14.135805 2026] [php:error] [pid 17680] [client 20.219.8.79:0] script '/domains/gk3c/admin.php' not found or unable to stat
[Thu Feb 19 03:11:14.351138 2026] [php:error] [pid 17680] [client 20.219.8.79:0] script '/domains/gk3c/c99.php' not found or unable to stat
[Thu Feb 19 03:11:14.599271 2026] [php:error] [pid 17680] [client 20.219.8.79:0] script '/domains/gk3c/file.php' not found or unable to stat
[Thu Feb 19 03:11:14.805281 2026] [php:error] [pid 17680] [client 20.219.8.79:0] script '/domains/gk3c/b.php' not found or unable to stat
[Thu Feb 19 03:11:15.004023 2026] [php:error] [pid 17680] [client 20.219.8.79:0] script '/domains/gk3c/classwithtostring.php' not found or unable to stat
[Thu Feb 19 03:11:15.452351 2026] [php:error] [pid 17680] [client 20.219.8.79:0] script '/domains/gk3c/css.php' not found or unable to stat
[Thu Feb 19 03:11:15.761474 2026] [php:error] [pid 17680] [client 20.219.8.79:0] script '/domains/gk3c/flower.php' not found or unable to stat
[Thu Feb 19 03:11:16.482364 2026] [php:error] [pid 17680] [client 20.219.8.79:0] script '/domains/gk3c/jp.php' not found or unable to stat
[Thu Feb 19 03:11:16.683994 2026] [php:error] [pid 17680] [client 20.219.8.79:0] script '/domains/gk3c/room.php' not found or unable to stat
[Thu Feb 19 03:11:17.324351 2026] [php:error] [pid 17680] [client 20.219.8.79:0] script '/domains/gk3c/12.php' not found or unable to stat
[Thu Feb 19 03:11:17.534667 2026] [php:error] [pid 17680] [client 20.219.8.79:0] script '/domains/gk3c/404.php' not found or unable to stat
[Thu Feb 19 03:11:17.785963 2026] [php:error] [pid 17680] [client 20.219.8.79:0] script '/domains/gk3c/disagreed.php' not found or unable to stat
[Thu Feb 19 03:11:18.211896 2026] [php:error] [pid 17680] [client 20.219.8.79:0] script '/domains/gk3c/text.php' not found or unable to stat
[Thu Feb 19 03:11:20.036895 2026] [php:error] [pid 17680] [client 20.219.8.79:0] script '/domains/gk3c/GOD.php' not found or unable to stat
[Thu Feb 19 03:11:20.538541 2026] [php:error] [pid 17679] [client 34.96.162.51:0] script '/domains/pauljbrock/adminer-5.0.2-mysql-en.php' not found or unable to stat
[Thu Feb 19 03:11:20.578263 2026] [php:error] [pid 17680] [client 20.219.8.79:0] script '/domains/gk3c/alfa-rex.php' not found or unable to stat
[Thu Feb 19 03:11:20.834052 2026] [php:error] [pid 17681] [client 35.247.243.248:0] script '/domains/pauljbrock/adminer-5.0.3-en.php' not found or unable to stat
[Thu Feb 19 03:11:20.850758 2026] [php:error] [pid 17680] [client 20.219.8.79:0] script '/domains/gk3c/f35.php' not found or unable to stat
[Thu Feb 19 03:11:21.050485 2026] [php:error] [pid 17680] [client 20.219.8.79:0] script '/domains/gk3c/feeds.php' not found or unable to stat
[Thu Feb 19 03:11:21.552996 2026] [php:error] [pid 17680] [client 20.219.8.79:0] script '/domains/gk3c/favicon.php' not found or unable to stat
[Thu Feb 19 03:11:22.101487 2026] [php:error] [pid 17680] [client 20.219.8.79:0] script '/domains/gk3c/hehe.php' not found or unable to stat
[Thu Feb 19 03:11:22.779440 2026] [php:error] [pid 17691] [client 35.247.243.244:0] script '/domains/hdickens.enteract/adminer-5.4.0.php' not found or unable to stat
[Thu Feb 19 03:11:23.142664 2026] [php:error] [pid 17680] [client 20.219.8.79:0] script '/domains/gk3c/user.php' not found or unable to stat
[Thu Feb 19 03:11:23.745762 2026] [php:error] [pid 17678] [client 20.219.8.79:0] script '/domains/gk3c/autoload_classmap.php' not found or unable to stat
[Thu Feb 19 03:11:23.965617 2026] [php:error] [pid 17678] [client 20.219.8.79:0] script '/domains/gk3c/files.php' not found or unable to stat
[Thu Feb 19 03:11:24.472164 2026] [php:error] [pid 17662] [client 35.247.243.243:0] script '/domains/hdickens.enteract/adminer-5.0.4-en.php' not found or unable to stat
[Thu Feb 19 03:11:24.490497 2026] [php:error] [pid 17678] [client 20.219.8.79:0] script '/domains/gk3c/about.php' not found or unable to stat
[Thu Feb 19 03:11:24.690528 2026] [php:error] [pid 17678] [client 20.219.8.79:0] script '/domains/gk3c/al.php' not found or unable to stat
[Thu Feb 19 03:11:25.028470 2026] [php:error] [pid 17678] [client 20.219.8.79:0] script '/domains/gk3c/byp.php' not found or unable to stat
[Thu Feb 19 03:11:25.446433 2026] [php:error] [pid 17678] [client 20.219.8.79:0] script '/domains/gk3c/wander.php' not found or unable to stat
[Thu Feb 19 03:11:26.731861 2026] [php:error] [pid 17678] [client 20.219.8.79:0] script '/domains/gk3c/en.php' not found or unable to stat
[Thu Feb 19 03:11:26.939727 2026] [php:error] [pid 17678] [client 20.219.8.79:0] script '/domains/gk3c/help.php' not found or unable to stat
[Thu Feb 19 03:11:27.803216 2026] [php:error] [pid 17691] [client 34.96.162.61:0] script '/domains/hdickens.enteract/adminer-4.7.2.php' not found or unable to stat
[Thu Feb 19 03:11:28.060441 2026] [php:error] [pid 17678] [client 20.219.8.79:0] script '/domains/gk3c/control.php' not found or unable to stat
[Thu Feb 19 03:11:28.812613 2026] [php:error] [pid 17678] [client 20.219.8.79:0] script '/domains/gk3c/radio.php' not found or unable to stat
[Thu Feb 19 03:11:29.016619 2026] [php:error] [pid 17678] [client 20.219.8.79:0] script '/domains/gk3c/dropdown.php' not found or unable to stat
[Thu Feb 19 03:11:29.810324 2026] [php:error] [pid 17678] [client 20.219.8.79:0] script '/domains/gk3c/wp-2019.php' not found or unable to stat
[Thu Feb 19 03:11:30.343900 2026] [php:error] [pid 17678] [client 20.219.8.79:0] script '/domains/gk3c/403.php' not found or unable to stat
[Thu Feb 19 03:11:30.568110 2026] [php:error] [pid 17678] [client 20.219.8.79:0] script '/domains/gk3c/about.php' not found or unable to stat
[Thu Feb 19 03:11:30.803660 2026] [php:error] [pid 17678] [client 20.219.8.79:0] script '/domains/gk3c/admin.php' not found or unable to stat
[Thu Feb 19 03:11:31.006266 2026] [php:error] [pid 17678] [client 20.219.8.79:0] script '/domains/gk3c/as.php' not found or unable to stat
[Thu Feb 19 03:11:31.207124 2026] [php:error] [pid 17678] [client 20.219.8.79:0] script '/domains/gk3c/autoload_classmap.php' not found or unable to stat
[Thu Feb 19 03:11:31.416996 2026] [php:error] [pid 17678] [client 20.219.8.79:0] script '/domains/gk3c/classwithtostring.php' not found or unable to stat
[Thu Feb 19 03:11:31.642820 2026] [php:error] [pid 17678] [client 20.219.8.79:0] script '/domains/gk3c/content.php' not found or unable to stat
[Thu Feb 19 03:11:31.864508 2026] [php:error] [pid 17678] [client 20.219.8.79:0] script '/domains/gk3c/doc.php' not found or unable to stat
[Thu Feb 19 03:11:32.129281 2026] [php:error] [pid 17678] [client 20.219.8.79:0] script '/domains/gk3c/dropdown.php' not found or unable to stat
[Thu Feb 19 03:11:32.329401 2026] [php:error] [pid 17678] [client 20.219.8.79:0] script '/domains/gk3c/ee.php' not found or unable to stat
[Thu Feb 19 03:11:32.531077 2026] [php:error] [pid 17678] [client 20.219.8.79:0] script '/domains/gk3c/images/wp-login.php' not found or unable to stat
[Thu Feb 19 03:11:32.729060 2026] [php:error] [pid 17678] [client 20.219.8.79:0] script '/domains/gk3c/moon.php' not found or unable to stat
[Thu Feb 19 03:11:32.938406 2026] [php:error] [pid 17678] [client 20.219.8.79:0] script '/domains/gk3c/new.php' not found or unable to stat
[Thu Feb 19 03:11:33.171532 2026] [php:error] [pid 17678] [client 20.219.8.79:0] script '/domains/gk3c/radio.php' not found or unable to stat
[Thu Feb 19 03:11:33.378572 2026] [php:error] [pid 17678] [client 20.219.8.79:0] script '/domains/gk3c/s.php' not found or unable to stat
[Thu Feb 19 03:11:33.579968 2026] [php:error] [pid 17678] [client 20.219.8.79:0] script '/domains/gk3c/sim.php' not found or unable to stat
[Thu Feb 19 03:11:33.949926 2026] [php:error] [pid 17678] [client 20.219.8.79:0] script '/domains/gk3c/simple.php' not found or unable to stat
[Thu Feb 19 03:11:34.394557 2026] [php:error] [pid 17678] [client 20.219.8.79:0] script '/domains/gk3c/user.php' not found or unable to stat
[Thu Feb 19 03:11:34.696115 2026] [php:error] [pid 17678] [client 20.219.8.79:0] script '/domains/gk3c/webadmin.php' not found or unable to stat
[Thu Feb 19 03:11:34.706220 2026] [php:error] [pid 17693] [client 35.247.243.253:0] script '/domains/hdickens.enteract/adminer-4.8.1.php' not found or unable to stat
[Thu Feb 19 03:11:35.797043 2026] [php:error] [pid 17693] [client 35.247.243.247:0] script '/domains/pauljbrock/adminer-5.0.5-en.php' not found or unable to stat
[Thu Feb 19 03:11:36.611479 2026] [php:error] [pid 17678] [client 20.219.8.79:0] script '/domains/gk3c/wp-config-sample.php' not found or unable to stat
[Thu Feb 19 03:11:36.811204 2026] [php:error] [pid 17678] [client 20.219.8.79:0] script '/domains/gk3c/wp-configs.php' not found or unable to stat
[Thu Feb 19 03:11:37.014379 2026] [php:error] [pid 17678] [client 20.219.8.79:0] script '/domains/gk3c/wp-conflg.php' not found or unable to stat
[Thu Feb 19 03:11:38.695885 2026] [php:error] [pid 17694] [client 35.247.243.255:0] script '/domains/pauljbrock/adminer-5.0.2-mysql-en.php' not found or unable to stat
[Thu Feb 19 03:11:38.706330 2026] [php:error] [pid 17678] [client 20.219.8.79:0] script '/domains/gk3c/wp-mail.php' not found or unable to stat
[Thu Feb 19 03:11:39.088784 2026] [php:error] [pid 17678] [client 20.219.8.79:0] script '/domains/gk3c/wsa.php' not found or unable to stat
[Thu Feb 19 03:11:39.297260 2026] [php:error] [pid 17678] [client 20.219.8.79:0] script '/domains/gk3c/xmlrpc.php' not found or unable to stat
[Thu Feb 19 03:11:39.520310 2026] [php:error] [pid 17678] [client 20.219.8.79:0] script '/domains/gk3c/ab.php' not found or unable to stat
[Thu Feb 19 03:11:39.933410 2026] [php:error] [pid 17678] [client 20.219.8.79:0] script '/domains/gk3c/classwithtostring.php' not found or unable to stat
[Thu Feb 19 03:11:40.134502 2026] [php:error] [pid 17678] [client 20.219.8.79:0] script '/domains/gk3c/version.php' not found or unable to stat
[Thu Feb 19 03:11:40.338312 2026] [php:error] [pid 17678] [client 20.219.8.79:0] script '/domains/gk3c/xxx.php' not found or unable to stat
[Thu Feb 19 03:11:41.358637 2026] [php:error] [pid 17678] [client 20.219.8.79:0] script '/domains/gk3c/1.php' not found or unable to stat
[Thu Feb 19 03:11:41.667232 2026] [php:error] [pid 17678] [client 20.219.8.79:0] script '/domains/gk3c/themes.php' not found or unable to stat
[Thu Feb 19 03:11:41.672144 2026] [php:error] [pid 17662] [client 35.247.243.248:0] script '/domains/pauljbrock/adminer-5.2.0-mysql.php' not found or unable to stat
[Thu Feb 19 03:11:42.684241 2026] [php:error] [pid 17678] [client 20.219.8.79:0] script '/domains/gk3c/b0.php' not found or unable to stat
[Thu Feb 19 03:11:43.069360 2026] [php:error] [pid 17678] [client 20.219.8.79:0] script '/domains/gk3c/bala.php' not found or unable to stat
[Thu Feb 19 03:11:44.120611 2026] [php:error] [pid 17678] [client 20.219.8.79:0] script '/domains/gk3c/xl2023.php.php' not found or unable to stat
[Thu Feb 19 03:11:45.511905 2026] [php:error] [pid 17678] [client 20.219.8.79:0] script '/domains/gk3c/120f9.php' not found or unable to stat
[Thu Feb 19 03:11:45.809335 2026] [php:error] [pid 17678] [client 20.219.8.79:0] script '/domains/gk3c/504.php' not found or unable to stat
[Thu Feb 19 03:11:46.177963 2026] [php:error] [pid 17678] [client 20.219.8.79:0] script '/domains/gk3c/about.php' not found or unable to stat
[Thu Feb 19 03:11:46.406957 2026] [php:error] [pid 17681] [client 34.96.162.54:0] script '/domains/pauljbrock/adminer-5.0.3-mysql-en.php' not found or unable to stat
[Thu Feb 19 03:11:46.418469 2026] [php:error] [pid 17678] [client 20.219.8.79:0] script '/domains/gk3c/back.php' not found or unable to stat
[Thu Feb 19 03:11:46.671921 2026] [php:error] [pid 17678] [client 20.219.8.79:0] script '/domains/gk3c/cong.php' not found or unable to stat
[Thu Feb 19 03:11:47.160216 2026] [php:error] [pid 17678] [client 20.219.8.79:0] script '/domains/gk3c/credits.php' not found or unable to stat
[Thu Feb 19 03:11:47.442149 2026] [php:error] [pid 17678] [client 20.219.8.79:0] script '/domains/gk3c/credits.php' not found or unable to stat
[Thu Feb 19 03:11:47.749569 2026] [php:error] [pid 17678] [client 20.219.8.79:0] script '/domains/gk3c/data.php' not found or unable to stat
[Thu Feb 19 03:11:48.269151 2026] [php:error] [pid 17678] [client 20.219.8.79:0] script '/domains/gk3c/function.php' not found or unable to stat
[Thu Feb 19 03:11:48.583974 2026] [php:error] [pid 17678] [client 20.219.8.79:0] script '/domains/gk3c/goods.php' not found or unable to stat
[Thu Feb 19 03:11:48.910642 2026] [php:error] [pid 17678] [client 20.219.8.79:0] script '/domains/gk3c/gzak2w.php' not found or unable to stat
[Thu Feb 19 03:11:49.424438 2026] [php:error] [pid 17678] [client 20.219.8.79:0] script '/domains/gk3c/hehehehe.php' not found or unable to stat
[Thu Feb 19 03:11:50.646640 2026] [php:error] [pid 17678] [client 20.219.8.79:0] script '/domains/gk3c/install.php' not found or unable to stat
[Thu Feb 19 03:11:51.484737 2026] [php:error] [pid 17678] [client 20.219.8.79:0] script '/domains/gk3c/ova.php' not found or unable to stat
[Thu Feb 19 03:11:52.078076 2026] [php:error] [pid 17681] [client 35.247.243.241:0] script '/domains/pauljbrock/adminer-5.0.0-mysql-en.php' not found or unable to stat
[Thu Feb 19 03:11:55.093316 2026] [php:error] [pid 17679] [client 35.247.243.252:0] script '/domains/pauljbrock/adminer-4.7.2.php' not found or unable to stat
[Thu Feb 19 03:12:01.676178 2026] [php:error] [pid 17678] [client 20.219.8.79:0] script '/domains/gk3c/wp.php' not found or unable to stat
[Thu Feb 19 03:12:10.632606 2026] [php:error] [pid 17678] [client 35.247.243.242:0] script '/domains/pauljbrock/ADMINER.php' not found or unable to stat
[Thu Feb 19 03:12:16.531793 2026] [php:error] [pid 17700] [client 34.96.162.56:0] script '/domains/pauljbrock/adminer-5.2.0.php' not found or unable to stat
[Thu Feb 19 03:12:25.024851 2026] [php:error] [pid 17679] [client 34.96.162.58:0] script '/domains/pauljbrock/adminer-5.0.3-en.php' not found or unable to stat
[Thu Feb 19 03:12:25.771818 2026] [php:error] [pid 17680] [client 136.144.17.91:0] script '/domains/thewalshgroup/xmlrpc.php' not found or unable to stat
[Thu Feb 19 03:12:34.074517 2026] [php:error] [pid 17706] [client 35.247.243.252:0] script '/domains/hdickens.enteract/adminer-5.0.0-en.php' not found or unable to stat
[Thu Feb 19 03:12:37.080760 2026] [php:error] [pid 17708] [client 74.248.96.218:0] script '/domains/system_default/byp8.php' not found or unable to stat
[Thu Feb 19 03:12:39.665459 2026] [php:error] [pid 17700] [client 34.96.162.62:0] script '/domains/hdickens.enteract/adminer-5.0.6-mysql-en.php' not found or unable to stat
[Thu Feb 19 03:12:39.745624 2026] [php:error] [pid 17679] [client 35.247.243.245:0] script '/domains/hdickens.enteract/db.php' not found or unable to stat
[Thu Feb 19 03:12:47.318750 2026] [php:error] [pid 17705] [client 34.96.162.57:0] script '/domains/hdickens.enteract/unzipper.php' not found or unable to stat
[Thu Feb 19 03:12:48.358491 2026] [php:error] [pid 17702] [client 35.247.243.249:0] script '/domains/pauljbrock/adminer-5.4.1-en.php' not found or unable to stat
[Thu Feb 19 03:12:58.437762 2026] [php:error] [pid 17680] [client 35.247.243.243:0] script '/domains/hdickens.enteract/adminer-5.4.0-en.php' not found or unable to stat
[Thu Feb 19 03:13:02.400768 2026] [php:error] [pid 17702] [client 34.96.162.50:0] script '/domains/hdickens.enteract/ADMINER.php' not found or unable to stat
[Thu Feb 19 03:13:11.209005 2026] [php:error] [pid 17708] [client 35.247.243.253:0] script '/domains/hdickens.enteract/adminer-5.1.1-mysql-en.php' not found or unable to stat
[Thu Feb 19 03:13:13.374477 2026] [php:error] [pid 17708] [client 34.96.162.50:0] script '/domains/pauljbrock/adminer-5.2.1.php' not found or unable to stat
[Thu Feb 19 03:13:25.935027 2026] [php:error] [pid 17705] [client 35.247.243.241:0] script '/domains/pauljbrock/adminer-5.0.1-en.php' not found or unable to stat
[Thu Feb 19 03:13:44.374927 2026] [php:error] [pid 17700] [client 34.96.162.57:0] script '/domains/hdickens.enteract/_adminer.php' not found or unable to stat
[Thu Feb 19 03:14:02.679996 2026] [php:error] [pid 17709] [client 34.96.162.53:0] script '/domains/pauljbrock/adminer-4.5.0.php' not found or unable to stat
[Thu Feb 19 03:14:05.808546 2026] [php:error] [pid 17721] [client 158.158.33.103:0] script '/domains/frog.interport1/byp8.php' not found or unable to stat
[Thu Feb 19 03:14:10.405245 2026] [php:error] [pid 17722] [client 35.247.243.249:0] script '/domains/pauljbrock/_adminer.php' not found or unable to stat
[Thu Feb 19 03:14:21.196502 2026] [php:error] [pid 17709] [client 35.247.243.250:0] script '/domains/pauljbrock/adminer-5.0.6-mysql-en.php' not found or unable to stat
[Thu Feb 19 03:14:24.006057 2026] [php:error] [pid 17722] [client 35.247.243.253:0] script '/domains/hdickens.enteract/adminer-4.6.0.php' not found or unable to stat
[Thu Feb 19 03:14:26.292922 2026] [php:error] [pid 17719] [client 34.96.162.59:0] script '/domains/pauljbrock/adminer-5.1.1.php' not found or unable to stat
[Thu Feb 19 03:14:26.506569 2026] [php:error] [pid 17721] [client 35.247.243.255:0] script '/domains/pauljbrock/adminer-5.4.0-en.php' not found or unable to stat
[Thu Feb 19 03:14:36.000996 2026] [php:error] [pid 17721] [client 34.96.162.60:0] script '/domains/pauljbrock/_adminer.php' not found or unable to stat
[Thu Feb 19 03:14:37.575987 2026] [php:error] [pid 17721] [client 34.96.162.57:0] script '/domains/hdickens.enteract/adminer-5.2.1-en.php' not found or unable to stat
[Thu Feb 19 03:14:47.459141 2026] [php:error] [pid 17722] [client 34.96.162.52:0] script '/domains/pauljbrock/adminer-5.0.2-mysql-en.php' not found or unable to stat
[Thu Feb 19 03:14:58.726792 2026] [php:error] [pid 17719] [client 34.96.162.52:0] script '/domains/hdickens.enteract/adminer-5.0.5-mysql-en.php' not found or unable to stat
[Thu Feb 19 03:15:06.240489 2026] [php:error] [pid 17722] [client 35.247.243.253:0] script '/domains/pauljbrock/adminer-5.4.0.php' not found or unable to stat
[Thu Feb 19 03:15:15.288883 2026] [php:error] [pid 17730] [client 172.245.21.203:0] script '/domains/fairlane1/i.php' not found or unable to stat
[Thu Feb 19 03:15:15.422094 2026] [php:error] [pid 17730] [client 172.245.21.203:0] script '/domains/fairlane1/info.php' not found or unable to stat
[Thu Feb 19 03:15:15.489073 2026] [php:error] [pid 17730] [client 172.245.21.203:0] script '/domains/fairlane1/phpinfo.php' not found or unable to stat
[Thu Feb 19 03:15:15.754613 2026] [php:error] [pid 17730] [client 172.245.21.203:0] script '/domains/fairlane1/app_dev.php' not found or unable to stat
[Thu Feb 19 03:15:24.235431 2026] [php:error] [pid 17730] [client 35.247.243.255:0] script '/domains/hdickens.enteract/adminer-4.8.1-mysql-en.php' not found or unable to stat
[Thu Feb 19 03:15:28.370189 2026] [php:error] [pid 17731] [client 35.247.243.254:0] script '/domains/pauljbrock/__adm.php' not found or unable to stat
[Thu Feb 19 03:15:31.673610 2026] [php:error] [pid 17731] [client 20.194.29.45:0] script '/domains/astrosfm/wp-2019.php' not found or unable to stat
[Thu Feb 19 03:15:31.870351 2026] [php:error] [pid 17731] [client 20.194.29.45:0] script '/domains/astrosfm/403.php' not found or unable to stat
[Thu Feb 19 03:15:32.498294 2026] [php:error] [pid 17731] [client 20.194.29.45:0] script '/domains/astrosfm/aaa.php' not found or unable to stat
[Thu Feb 19 03:15:34.121637 2026] [php:error] [pid 17731] [client 20.194.29.45:0] script '/domains/astrosfm/y.php' not found or unable to stat
[Thu Feb 19 03:15:34.769255 2026] [php:error] [pid 17731] [client 20.194.29.45:0] script '/domains/astrosfm/ggfi.php' not found or unable to stat
[Thu Feb 19 03:15:35.987376 2026] [php:error] [pid 17731] [client 20.194.29.45:0] script '/domains/astrosfm/buy.php' not found or unable to stat
[Thu Feb 19 03:15:36.315141 2026] [php:error] [pid 17731] [client 20.194.29.45:0] script '/domains/astrosfm/chosen.php' not found or unable to stat
[Thu Feb 19 03:15:36.578389 2026] [php:error] [pid 17731] [client 20.194.29.45:0] script '/domains/astrosfm/index.php' not found or unable to stat
[Thu Feb 19 03:15:36.871091 2026] [php:error] [pid 17731] [client 20.194.29.45:0] script '/domains/astrosfm/cron.php' not found or unable to stat
[Thu Feb 19 03:15:37.263838 2026] [php:error] [pid 17731] [client 20.194.29.45:0] script '/domains/astrosfm/functions.php' not found or unable to stat
[Thu Feb 19 03:15:38.358947 2026] [php:error] [pid 17731] [client 20.194.29.45:0] script '/domains/astrosfm/wp-add.php' not found or unable to stat
[Thu Feb 19 03:15:38.572802 2026] [php:error] [pid 17731] [client 20.194.29.45:0] script '/domains/astrosfm/0.php' not found or unable to stat
[Thu Feb 19 03:15:38.952705 2026] [php:error] [pid 17731] [client 20.194.29.45:0] script '/domains/astrosfm/edit.php' not found or unable to stat
[Thu Feb 19 03:15:39.415182 2026] [php:error] [pid 17731] [client 20.194.29.45:0] script '/domains/astrosfm/meta.php' not found or unable to stat
[Thu Feb 19 03:15:39.613818 2026] [php:error] [pid 17731] [client 20.194.29.45:0] script '/domains/astrosfm/new.php' not found or unable to stat
[Thu Feb 19 03:15:40.369402 2026] [php:error] [pid 17731] [client 20.194.29.45:0] script '/domains/astrosfm/as.php' not found or unable to stat
[Thu Feb 19 03:15:40.864115 2026] [php:error] [pid 17731] [client 20.194.29.45:0] script '/domains/astrosfm/ds.php' not found or unable to stat
[Thu Feb 19 03:15:41.057966 2026] [php:error] [pid 17731] [client 20.194.29.45:0] script '/domains/astrosfm/error.php' not found or unable to stat
[Thu Feb 19 03:15:41.321054 2026] [php:error] [pid 17731] [client 20.194.29.45:0] script '/domains/astrosfm/gecko-new.php' not found or unable to stat
[Thu Feb 19 03:15:41.897071 2026] [php:error] [pid 17731] [client 20.194.29.45:0] script '/domains/astrosfm/randkeyword.php' not found or unable to stat
[Thu Feb 19 03:15:43.046569 2026] [php:error] [pid 17731] [client 20.194.29.45:0] script '/domains/astrosfm/NewFile.php' not found or unable to stat
[Thu Feb 19 03:15:43.241644 2026] [php:error] [pid 17731] [client 20.194.29.45:0] script '/domains/astrosfm/goods.php' not found or unable to stat
[Thu Feb 19 03:15:43.438355 2026] [php:error] [pid 17731] [client 20.194.29.45:0] script '/domains/astrosfm/simple.php' not found or unable to stat
[Thu Feb 19 03:15:44.236964 2026] [php:error] [pid 17731] [client 20.194.29.45:0] script '/domains/astrosfm/c.php' not found or unable to stat
[Thu Feb 19 03:15:45.048192 2026] [php:error] [pid 17731] [client 20.194.29.45:0] script '/domains/astrosfm/auth.php' not found or unable to stat
[Thu Feb 19 03:15:45.102913 2026] [php:error] [pid 17727] [client 34.96.162.59:0] script '/domains/hdickens.enteract/adminer-5.3.0-mysql-en.php' not found or unable to stat
[Thu Feb 19 03:15:45.476105 2026] [php:error] [pid 17731] [client 20.194.29.45:0] script '/domains/astrosfm/class-wp-lock.php' not found or unable to stat
[Thu Feb 19 03:15:45.670354 2026] [php:error] [pid 17731] [client 20.194.29.45:0] script '/domains/astrosfm/cookie.php' not found or unable to stat
[Thu Feb 19 03:15:46.235756 2026] [php:error] [pid 17731] [client 20.194.29.45:0] script '/domains/astrosfm/admin.php' not found or unable to stat
[Thu Feb 19 03:15:46.894870 2026] [php:error] [pid 17731] [client 20.194.29.45:0] script '/domains/astrosfm/baxa1.php' not found or unable to stat
[Thu Feb 19 03:15:47.775019 2026] [php:error] [pid 17731] [client 20.194.29.45:0] script '/domains/astrosfm/xleet.php' not found or unable to stat
[Thu Feb 19 03:15:48.547316 2026] [php:error] [pid 17731] [client 20.194.29.45:0] script '/domains/astrosfm/about.php' not found or unable to stat
[Thu Feb 19 03:15:50.427804 2026] [php:error] [pid 17731] [client 20.194.29.45:0] script '/domains/astrosfm/alfanew.php' not found or unable to stat
[Thu Feb 19 03:15:50.827135 2026] [php:error] [pid 17731] [client 20.194.29.45:0] script '/domains/astrosfm/22.php' not found or unable to stat
[Thu Feb 19 03:15:52.274554 2026] [php:error] [pid 17731] [client 20.194.29.45:0] script '/domains/astrosfm/simple.php' not found or unable to stat
[Thu Feb 19 03:15:52.961572 2026] [php:error] [pid 17722] [client 35.247.243.254:0] script '/domains/hdickens.enteract/adminer-5.2.1-mysql-en.php' not found or unable to stat
[Thu Feb 19 03:15:52.996233 2026] [php:error] [pid 17731] [client 20.194.29.45:0] script '/domains/astrosfm/admin.php' not found or unable to stat
[Thu Feb 19 03:15:53.660275 2026] [php:error] [pid 17731] [client 20.194.29.45:0] script '/domains/astrosfm/c99.php' not found or unable to stat
[Thu Feb 19 03:15:54.063534 2026] [php:error] [pid 17731] [client 20.194.29.45:0] script '/domains/astrosfm/file.php' not found or unable to stat
[Thu Feb 19 03:15:54.255303 2026] [php:error] [pid 17731] [client 20.194.29.45:0] script '/domains/astrosfm/b.php' not found or unable to stat
[Thu Feb 19 03:15:54.454447 2026] [php:error] [pid 17731] [client 20.194.29.45:0] script '/domains/astrosfm/classwithtostring.php' not found or unable to stat
[Thu Feb 19 03:15:54.891292 2026] [php:error] [pid 17735] [client 35.247.243.248:0] script '/domains/pauljbrock/adminer-5.4.0-en.php' not found or unable to stat
[Thu Feb 19 03:15:54.989511 2026] [php:error] [pid 17734] [client 34.96.162.62:0] script '/domains/hdickens.enteract/adminer-4.2.0.php' not found or unable to stat
[Thu Feb 19 03:15:55.080785 2026] [php:error] [pid 17731] [client 20.194.29.45:0] script '/domains/astrosfm/css.php' not found or unable to stat
[Thu Feb 19 03:15:55.086690 2026] [php:error] [pid 17736] [client 34.96.162.49:0] script '/domains/pauljbrock/adminer-4.7.2.php' not found or unable to stat
[Thu Feb 19 03:15:55.274203 2026] [php:error] [pid 17731] [client 20.194.29.45:0] script '/domains/astrosfm/flower.php' not found or unable to stat
[Thu Feb 19 03:15:56.589461 2026] [php:error] [pid 17731] [client 20.194.29.45:0] script '/domains/astrosfm/jp.php' not found or unable to stat
[Thu Feb 19 03:15:56.785669 2026] [php:error] [pid 17731] [client 20.194.29.45:0] script '/domains/astrosfm/room.php' not found or unable to stat
[Thu Feb 19 03:15:57.095235 2026] [php:error] [pid 17734] [client 35.247.243.240:0] script '/domains/hdickens.enteract/adminer-5.4.1-en.php' not found or unable to stat
[Thu Feb 19 03:15:57.558046 2026] [php:error] [pid 17731] [client 20.194.29.45:0] script '/domains/astrosfm/12.php' not found or unable to stat
[Thu Feb 19 03:15:57.749114 2026] [php:error] [pid 17731] [client 20.194.29.45:0] script '/domains/astrosfm/404.php' not found or unable to stat
[Thu Feb 19 03:15:58.231942 2026] [php:error] [pid 17731] [client 20.194.29.45:0] script '/domains/astrosfm/disagreed.php' not found or unable to stat
[Thu Feb 19 03:15:58.622365 2026] [php:error] [pid 17731] [client 20.194.29.45:0] script '/domains/astrosfm/text.php' not found or unable to stat
[Thu Feb 19 03:16:00.123646 2026] [php:error] [pid 17734] [client 34.96.162.56:0] script '/domains/hdickens.enteract/adminer-5.1.1-mysql-en.php' not found or unable to stat
[Thu Feb 19 03:16:00.249408 2026] [php:error] [pid 17736] [client 34.96.162.52:0] script '/domains/pauljbrock/adminer-5.4.1-en.php' not found or unable to stat
[Thu Feb 19 03:16:01.151997 2026] [php:error] [pid 17734] [client 34.96.162.61:0] script '/domains/pauljbrock/adminer-5.2.0-mysql-en.php' not found or unable to stat
[Thu Feb 19 03:16:01.161867 2026] [php:error] [pid 17731] [client 20.194.29.45:0] script '/domains/astrosfm/GOD.php' not found or unable to stat
[Thu Feb 19 03:16:01.544327 2026] [php:error] [pid 17731] [client 20.194.29.45:0] script '/domains/astrosfm/alfa-rex.php' not found or unable to stat
[Thu Feb 19 03:16:01.960115 2026] [php:error] [pid 17731] [client 20.194.29.45:0] script '/domains/astrosfm/f35.php' not found or unable to stat
[Thu Feb 19 03:16:02.405774 2026] [php:error] [pid 17731] [client 20.194.29.45:0] script '/domains/astrosfm/feeds.php' not found or unable to stat
[Thu Feb 19 03:16:02.896489 2026] [php:error] [pid 17731] [client 20.194.29.45:0] script '/domains/astrosfm/favicon.php' not found or unable to stat
[Thu Feb 19 03:16:03.348363 2026] [php:error] [pid 17731] [client 20.194.29.45:0] script '/domains/astrosfm/hehe.php' not found or unable to stat
[Thu Feb 19 03:16:04.713641 2026] [php:error] [pid 17731] [client 20.194.29.45:0] script '/domains/astrosfm/user.php' not found or unable to stat
[Thu Feb 19 03:16:05.317180 2026] [php:error] [pid 17722] [client 20.194.29.45:0] script '/domains/astrosfm/autoload_classmap.php' not found or unable to stat
[Thu Feb 19 03:16:05.730944 2026] [php:error] [pid 17719] [client 34.96.162.54:0] script '/domains/pauljbrock/adminer-5.4.0.php' not found or unable to stat
[Thu Feb 19 03:16:05.884536 2026] [php:error] [pid 17722] [client 20.194.29.45:0] script '/domains/astrosfm/files.php' not found or unable to stat
[Thu Feb 19 03:16:06.408353 2026] [php:error] [pid 17722] [client 20.194.29.45:0] script '/domains/astrosfm/about.php' not found or unable to stat
[Thu Feb 19 03:16:07.043934 2026] [php:error] [pid 17722] [client 20.194.29.45:0] script '/domains/astrosfm/al.php' not found or unable to stat
[Thu Feb 19 03:16:07.237000 2026] [php:error] [pid 17722] [client 20.194.29.45:0] script '/domains/astrosfm/byp.php' not found or unable to stat
[Thu Feb 19 03:16:07.653468 2026] [php:error] [pid 17722] [client 20.194.29.45:0] script '/domains/astrosfm/css/autoload_classmap.php' not found or unable to stat
[Thu Feb 19 03:16:08.214923 2026] [php:error] [pid 17722] [client 20.194.29.45:0] script '/domains/astrosfm/wander.php' not found or unable to stat
[Thu Feb 19 03:16:09.255402 2026] [php:error] [pid 17722] [client 20.194.29.45:0] script '/domains/astrosfm/en.php' not found or unable to stat
[Thu Feb 19 03:16:09.749711 2026] [php:error] [pid 17722] [client 20.194.29.45:0] script '/domains/astrosfm/help.php' not found or unable to stat
[Thu Feb 19 03:16:11.042177 2026] [php:error] [pid 17722] [client 20.194.29.45:0] script '/domains/astrosfm/control.php' not found or unable to stat
[Thu Feb 19 03:16:11.804062 2026] [php:error] [pid 17722] [client 20.194.29.45:0] script '/domains/astrosfm/radio.php' not found or unable to stat
[Thu Feb 19 03:16:11.998389 2026] [php:error] [pid 17722] [client 20.194.29.45:0] script '/domains/astrosfm/dropdown.php' not found or unable to stat
[Thu Feb 19 03:16:12.774573 2026] [php:error] [pid 17722] [client 20.194.29.45:0] script '/domains/astrosfm/wp-2019.php' not found or unable to stat
[Thu Feb 19 03:16:13.584889 2026] [php:error] [pid 17722] [client 20.194.29.45:0] script '/domains/astrosfm/403.php' not found or unable to stat
[Thu Feb 19 03:16:13.800160 2026] [php:error] [pid 17722] [client 20.194.29.45:0] script '/domains/astrosfm/about.php' not found or unable to stat
[Thu Feb 19 03:16:14.076015 2026] [php:error] [pid 17722] [client 20.194.29.45:0] script '/domains/astrosfm/admin.php' not found or unable to stat
[Thu Feb 19 03:16:14.356871 2026] [php:error] [pid 17722] [client 20.194.29.45:0] script '/domains/astrosfm/as.php' not found or unable to stat
[Thu Feb 19 03:16:14.844446 2026] [php:error] [pid 17722] [client 20.194.29.45:0] script '/domains/astrosfm/autoload_classmap.php' not found or unable to stat
[Thu Feb 19 03:16:15.035279 2026] [php:error] [pid 17722] [client 20.194.29.45:0] script '/domains/astrosfm/classwithtostring.php' not found or unable to stat
[Thu Feb 19 03:16:15.228343 2026] [php:error] [pid 17722] [client 20.194.29.45:0] script '/domains/astrosfm/content.php' not found or unable to stat
[Thu Feb 19 03:16:15.427923 2026] [php:error] [pid 17722] [client 20.194.29.45:0] script '/domains/astrosfm/doc.php' not found or unable to stat
[Thu Feb 19 03:16:15.904305 2026] [php:error] [pid 17722] [client 20.194.29.45:0] script '/domains/astrosfm/dropdown.php' not found or unable to stat
[Thu Feb 19 03:16:16.127979 2026] [php:error] [pid 17722] [client 20.194.29.45:0] script '/domains/astrosfm/ee.php' not found or unable to stat
[Thu Feb 19 03:16:16.515934 2026] [php:error] [pid 17722] [client 20.194.29.45:0] script '/domains/astrosfm/moon.php' not found or unable to stat
[Thu Feb 19 03:16:16.712650 2026] [php:error] [pid 17722] [client 20.194.29.45:0] script '/domains/astrosfm/new.php' not found or unable to stat
[Thu Feb 19 03:16:17.178713 2026] [php:error] [pid 17722] [client 20.194.29.45:0] script '/domains/astrosfm/radio.php' not found or unable to stat
[Thu Feb 19 03:16:17.653128 2026] [php:error] [pid 17722] [client 20.194.29.45:0] script '/domains/astrosfm/s.php' not found or unable to stat
[Thu Feb 19 03:16:18.059453 2026] [php:error] [pid 17722] [client 20.194.29.45:0] script '/domains/astrosfm/sim.php' not found or unable to stat
[Thu Feb 19 03:16:18.622760 2026] [php:error] [pid 17722] [client 20.194.29.45:0] script '/domains/astrosfm/simple.php' not found or unable to stat
[Thu Feb 19 03:16:19.022688 2026] [php:error] [pid 17722] [client 20.194.29.45:0] script '/domains/astrosfm/user.php' not found or unable to stat
[Thu Feb 19 03:16:19.140756 2026] [php:error] [pid 17736] [client 34.96.162.51:0] script '/domains/hdickens.enteract/adminer-4.7.7.php' not found or unable to stat
[Thu Feb 19 03:16:19.603346 2026] [php:error] [pid 17722] [client 20.194.29.45:0] script '/domains/astrosfm/webadmin.php' not found or unable to stat
[Thu Feb 19 03:16:22.633373 2026] [php:error] [pid 17722] [client 20.194.29.45:0] script '/domains/astrosfm/wp-config-sample.php' not found or unable to stat
[Thu Feb 19 03:16:22.831799 2026] [php:error] [pid 17722] [client 20.194.29.45:0] script '/domains/astrosfm/wp-configs.php' not found or unable to stat
[Thu Feb 19 03:16:23.057964 2026] [php:error] [pid 17722] [client 20.194.29.45:0] script '/domains/astrosfm/wp-conflg.php' not found or unable to stat
[Thu Feb 19 03:16:24.607582 2026] [php:error] [pid 17722] [client 20.194.29.45:0] script '/domains/astrosfm/wp-mail.php' not found or unable to stat
[Thu Feb 19 03:16:24.808512 2026] [php:error] [pid 17722] [client 20.194.29.45:0] script '/domains/astrosfm/wsa.php' not found or unable to stat
[Thu Feb 19 03:16:25.000941 2026] [php:error] [pid 17722] [client 20.194.29.45:0] script '/domains/astrosfm/xmlrpc.php' not found or unable to stat
[Thu Feb 19 03:16:25.195658 2026] [php:error] [pid 17722] [client 20.194.29.45:0] script '/domains/astrosfm/ab.php' not found or unable to stat
[Thu Feb 19 03:16:25.387937 2026] [php:error] [pid 17722] [client 20.194.29.45:0] script '/domains/astrosfm/classwithtostring.php' not found or unable to stat
[Thu Feb 19 03:16:25.857416 2026] [php:error] [pid 17722] [client 20.194.29.45:0] script '/domains/astrosfm/version.php' not found or unable to stat
[Thu Feb 19 03:16:26.050128 2026] [php:error] [pid 17722] [client 20.194.29.45:0] script '/domains/astrosfm/xxx.php' not found or unable to stat
[Thu Feb 19 03:16:27.150587 2026] [php:error] [pid 17722] [client 20.194.29.45:0] script '/domains/astrosfm/1.php' not found or unable to stat
[Thu Feb 19 03:16:27.358031 2026] [php:error] [pid 17722] [client 20.194.29.45:0] script '/domains/astrosfm/themes.php' not found or unable to stat
[Thu Feb 19 03:16:28.707083 2026] [php:error] [pid 17722] [client 20.194.29.45:0] script '/domains/astrosfm/b0.php' not found or unable to stat
[Thu Feb 19 03:16:28.898997 2026] [php:error] [pid 17722] [client 20.194.29.45:0] script '/domains/astrosfm/bala.php' not found or unable to stat
[Thu Feb 19 03:16:30.349075 2026] [php:error] [pid 17736] [client 35.247.243.248:0] script '/domains/hdickens.enteract/adminer-5.1.0-en.php' not found or unable to stat
[Thu Feb 19 03:16:30.651512 2026] [php:error] [pid 17722] [client 20.194.29.45:0] script '/domains/astrosfm/xl2023.php.php' not found or unable to stat
[Thu Feb 19 03:16:32.231868 2026] [php:error] [pid 17722] [client 20.194.29.45:0] script '/domains/astrosfm/120f9.php' not found or unable to stat
[Thu Feb 19 03:16:32.435338 2026] [php:error] [pid 17722] [client 20.194.29.45:0] script '/domains/astrosfm/504.php' not found or unable to stat
[Thu Feb 19 03:16:32.629642 2026] [php:error] [pid 17722] [client 20.194.29.45:0] script '/domains/astrosfm/about.php' not found or unable to stat
[Thu Feb 19 03:16:33.105491 2026] [php:error] [pid 17722] [client 20.194.29.45:0] script '/domains/astrosfm/back.php' not found or unable to stat
[Thu Feb 19 03:16:33.313396 2026] [php:error] [pid 17722] [client 20.194.29.45:0] script '/domains/astrosfm/cong.php' not found or unable to stat
[Thu Feb 19 03:16:33.505913 2026] [php:error] [pid 17722] [client 20.194.29.45:0] script '/domains/astrosfm/credits.php' not found or unable to stat
[Thu Feb 19 03:16:33.574124 2026] [php:error] [pid 17731] [client 35.247.243.255:0] script '/domains/pauljbrock/adminer-5.2.0-mysql-en.php' not found or unable to stat
[Thu Feb 19 03:16:34.250469 2026] [php:error] [pid 17722] [client 20.194.29.45:0] script '/domains/astrosfm/credits.php' not found or unable to stat
[Thu Feb 19 03:16:34.449123 2026] [php:error] [pid 17722] [client 20.194.29.45:0] script '/domains/astrosfm/data.php' not found or unable to stat
[Thu Feb 19 03:16:34.643003 2026] [php:error] [pid 17722] [client 20.194.29.45:0] script '/domains/astrosfm/function.php' not found or unable to stat
