[Thu Feb 19 03:06:24.725644 2026] [php:error] [pid 17633] [client 20.46.124.66:0] script '/domains/performancepartsinc/async.php' not found or unable to stat
[Thu Feb 19 03:06:24.789928 2026] [php:error] [pid 17635] [client 20.53.240.38:0] script '/domains/hpveweb/sim.php' not found or unable to stat
[Thu Feb 19 03:06:24.898020 2026] [php:error] [pid 17633] [client 20.46.124.66:0] script '/domains/performancepartsinc/ff.php' not found or unable to stat
[Thu Feb 19 03:06:24.995870 2026] [php:error] [pid 17635] [client 20.53.240.38:0] script '/domains/hpveweb/simple.php' not found or unable to stat
[Thu Feb 19 03:06:25.058377 2026] [php:error] [pid 17633] [client 20.46.124.66:0] script '/domains/performancepartsinc/ioxi-o.php' not found or unable to stat
[Thu Feb 19 03:06:25.218908 2026] [php:error] [pid 17633] [client 20.46.124.66:0] script '/domains/performancepartsinc/manager.php' not found or unable to stat
[Thu Feb 19 03:06:25.260501 2026] [php:error] [pid 17625] [client 34.96.162.60:0] script '/domains/pauljbrock/adminer-4.1.0.php' not found or unable to stat
[Thu Feb 19 03:06:25.379036 2026] [php:error] [pid 17633] [client 20.46.124.66:0] script '/domains/performancepartsinc/wp-update.php' not found or unable to stat
[Thu Feb 19 03:06:25.542560 2026] [php:error] [pid 17633] [client 20.46.124.66:0] script '/domains/performancepartsinc/file.php' not found or unable to stat
[Thu Feb 19 03:06:25.553329 2026] [php:error] [pid 17635] [client 20.53.240.38:0] script '/domains/hpveweb/user.php' not found or unable to stat
[Thu Feb 19 03:06:25.764748 2026] [php:error] [pid 17635] [client 20.53.240.38:0] script '/domains/hpveweb/webadmin.php' not found or unable to stat
[Thu Feb 19 03:06:25.891703 2026] [php:error] [pid 17633] [client 20.46.124.66:0] script '/domains/performancepartsinc/lc.php' not found or unable to stat
[Thu Feb 19 03:06:26.052441 2026] [php:error] [pid 17633] [client 20.46.124.66:0] script '/domains/performancepartsinc/cbrfo.php' not found or unable to stat
[Thu Feb 19 03:06:26.283429 2026] [php:error] [pid 17633] [client 20.46.124.66:0] script '/domains/performancepartsinc/inc.php' not found or unable to stat
[Thu Feb 19 03:06:26.610562 2026] [php:error] [pid 17628] [client 20.46.124.66:0] script '/domains/performancepartsinc/gifclass.php' not found or unable to stat
[Thu Feb 19 03:06:26.800230 2026] [php:error] [pid 17628] [client 20.46.124.66:0] script '/domains/performancepartsinc/miansha.php' not found or unable to stat
[Thu Feb 19 03:06:26.982242 2026] [php:error] [pid 17628] [client 20.46.124.66:0] script '/domains/performancepartsinc/tinyfilemanager.php' not found or unable to stat
[Thu Feb 19 03:06:27.142393 2026] [php:error] [pid 17628] [client 20.46.124.66:0] script '/domains/performancepartsinc/admin.php' not found or unable to stat
[Thu Feb 19 03:06:27.303230 2026] [php:error] [pid 17628] [client 20.46.124.66:0] script '/domains/performancepartsinc/ok.php' not found or unable to stat
[Thu Feb 19 03:06:27.464242 2026] [php:error] [pid 17628] [client 20.46.124.66:0] script '/domains/performancepartsinc/fi.php' not found or unable to stat
[Thu Feb 19 03:06:27.624138 2026] [php:error] [pid 17628] [client 20.46.124.66:0] script '/domains/performancepartsinc/muzu.php' not found or unable to stat
[Thu Feb 19 03:06:27.804387 2026] [php:error] [pid 17628] [client 20.46.124.66:0] script '/domains/performancepartsinc/reze.php' not found or unable to stat
[Thu Feb 19 03:06:27.964333 2026] [php:error] [pid 17628] [client 20.46.124.66:0] script '/domains/performancepartsinc/styll.php' not found or unable to stat
[Thu Feb 19 03:06:28.110995 2026] [php:error] [pid 17635] [client 20.53.240.38:0] script '/domains/hpveweb/wp-config-sample.php' not found or unable to stat
[Thu Feb 19 03:06:28.124344 2026] [php:error] [pid 17628] [client 20.46.124.66:0] script '/domains/performancepartsinc/x7.php' not found or unable to stat
[Thu Feb 19 03:06:28.283990 2026] [php:error] [pid 17628] [client 20.46.124.66:0] script '/domains/performancepartsinc/thebe.php' not found or unable to stat
[Thu Feb 19 03:06:28.317256 2026] [php:error] [pid 17635] [client 20.53.240.38:0] script '/domains/hpveweb/wp-configs.php' not found or unable to stat
[Thu Feb 19 03:06:28.443903 2026] [php:error] [pid 17628] [client 20.46.124.66:0] script '/domains/performancepartsinc/ddd.php' not found or unable to stat
[Thu Feb 19 03:06:28.536334 2026] [php:error] [pid 17635] [client 20.53.240.38:0] script '/domains/hpveweb/wp-conflg.php' not found or unable to stat
[Thu Feb 19 03:06:28.605219 2026] [php:error] [pid 17628] [client 20.46.124.66:0] script '/domains/performancepartsinc/bgymj.php' not found or unable to stat
[Thu Feb 19 03:06:28.776726 2026] [php:error] [pid 17628] [client 20.46.124.66:0] script '/domains/performancepartsinc/8xyz.php' not found or unable to stat
[Thu Feb 19 03:06:28.811278 2026] [php:error] [pid 17629] [client 35.247.243.246:0] script '/domains/hdickens.enteract/adminer-5.0.6-en.php' not found or unable to stat
[Thu Feb 19 03:06:28.937042 2026] [php:error] [pid 17628] [client 20.46.124.66:0] script '/domains/performancepartsinc/ioxi.php' not found or unable to stat
[Thu Feb 19 03:06:29.138184 2026] [php:error] [pid 17628] [client 20.46.124.66:0] script '/domains/performancepartsinc/xpwer1.php' not found or unable to stat
[Thu Feb 19 03:06:29.298189 2026] [php:error] [pid 17628] [client 20.46.124.66:0] script '/domains/performancepartsinc/lala.php' not found or unable to stat
[Thu Feb 19 03:06:29.465905 2026] [php:error] [pid 17628] [client 20.46.124.66:0] script '/domains/performancepartsinc/about.php' not found or unable to stat
[Thu Feb 19 03:06:29.967918 2026] [php:error] [pid 17635] [client 20.53.240.38:0] script '/domains/hpveweb/wp-mail.php' not found or unable to stat
[Thu Feb 19 03:06:30.171015 2026] [php:error] [pid 17635] [client 20.53.240.38:0] script '/domains/hpveweb/wsa.php' not found or unable to stat
[Thu Feb 19 03:06:30.299696 2026] [php:error] [pid 17628] [client 20.46.124.66:0] script '/domains/performancepartsinc/info.php' not found or unable to stat
[Thu Feb 19 03:06:30.373117 2026] [php:error] [pid 17635] [client 20.53.240.38:0] script '/domains/hpveweb/xmlrpc.php' not found or unable to stat
[Thu Feb 19 03:06:30.461750 2026] [php:error] [pid 17628] [client 20.46.124.66:0] script '/domains/performancepartsinc/about.php' not found or unable to stat
[Thu Feb 19 03:06:30.545702 2026] [php:error] [pid 17636] [client 35.247.243.251:0] script '/domains/pauljbrock/adminer-4.3.0.php' not found or unable to stat
[Thu Feb 19 03:06:30.752479 2026] [php:error] [pid 17635] [client 20.53.240.38:0] script '/domains/hpveweb/ab.php' not found or unable to stat
[Thu Feb 19 03:06:30.793267 2026] [php:error] [pid 17628] [client 20.46.124.66:0] script '/domains/performancepartsinc/222.php' not found or unable to stat
[Thu Feb 19 03:06:30.953223 2026] [php:error] [pid 17628] [client 20.46.124.66:0] script '/domains/performancepartsinc/adminfuns.php' not found or unable to stat
[Thu Feb 19 03:06:30.968013 2026] [php:error] [pid 17635] [client 20.53.240.38:0] script '/domains/hpveweb/classwithtostring.php' not found or unable to stat
[Thu Feb 19 03:06:31.278948 2026] [php:error] [pid 17628] [client 20.46.124.66:0] script '/domains/performancepartsinc/xx.php' not found or unable to stat
[Thu Feb 19 03:06:31.327850 2026] [php:error] [pid 17635] [client 20.53.240.38:0] script '/domains/hpveweb/version.php' not found or unable to stat
[Thu Feb 19 03:06:31.532714 2026] [php:error] [pid 17635] [client 20.53.240.38:0] script '/domains/hpveweb/xxx.php' not found or unable to stat
[Thu Feb 19 03:06:31.600416 2026] [php:error] [pid 17628] [client 20.46.124.66:0] script '/domains/performancepartsinc/f5.php' not found or unable to stat
[Thu Feb 19 03:06:31.762234 2026] [php:error] [pid 17628] [client 20.46.124.66:0] script '/domains/performancepartsinc/flower.php' not found or unable to stat
[Thu Feb 19 03:06:31.939304 2026] [php:error] [pid 17628] [client 20.46.124.66:0] script '/domains/performancepartsinc/f6.php' not found or unable to stat
[Thu Feb 19 03:06:32.099515 2026] [php:error] [pid 17628] [client 20.46.124.66:0] script '/domains/performancepartsinc/edit.php' not found or unable to stat
[Thu Feb 19 03:06:32.191296 2026] [php:error] [pid 17638] [client 35.247.243.252:0] script '/domains/pauljbrock/adminer-5.0.0-en.php' not found or unable to stat
[Thu Feb 19 03:06:32.377150 2026] [php:error] [pid 17635] [client 20.53.240.38:0] script '/domains/hpveweb/1.php' not found or unable to stat
[Thu Feb 19 03:06:32.600404 2026] [php:error] [pid 17628] [client 20.46.124.66:0] script '/domains/performancepartsinc/av.php' not found or unable to stat
[Thu Feb 19 03:06:32.612372 2026] [php:error] [pid 17635] [client 20.53.240.38:0] script '/domains/hpveweb/themes.php' not found or unable to stat
[Thu Feb 19 03:06:32.941399 2026] [php:error] [pid 17628] [client 20.46.124.66:0] script '/domains/performancepartsinc/wsd.php' not found or unable to stat
[Thu Feb 19 03:06:33.101761 2026] [php:error] [pid 17628] [client 20.46.124.66:0] script '/domains/performancepartsinc/jane.php' not found or unable to stat
[Thu Feb 19 03:06:33.407777 2026] [php:error] [pid 17635] [client 20.53.240.38:0] script '/domains/hpveweb/b0.php' not found or unable to stat
[Thu Feb 19 03:06:33.490794 2026] [php:error] [pid 17628] [client 20.46.124.66:0] script '/domains/performancepartsinc/alfa.php' not found or unable to stat
[Thu Feb 19 03:06:33.609229 2026] [php:error] [pid 17635] [client 20.53.240.38:0] script '/domains/hpveweb/bala.php' not found or unable to stat
[Thu Feb 19 03:06:33.690595 2026] [php:error] [pid 17628] [client 20.46.124.66:0] script '/domains/performancepartsinc/wen.php' not found or unable to stat
[Thu Feb 19 03:06:33.854117 2026] [php:error] [pid 17628] [client 20.46.124.66:0] script '/domains/performancepartsinc/x.php' not found or unable to stat
[Thu Feb 19 03:06:34.014543 2026] [php:error] [pid 17628] [client 20.46.124.66:0] script '/domains/performancepartsinc/xxxx.php' not found or unable to stat
[Thu Feb 19 03:06:34.237899 2026] [php:error] [pid 17638] [client 35.247.243.248:0] script '/domains/pauljbrock/adminer-5.0.6.php' not found or unable to stat
[Thu Feb 19 03:06:34.272070 2026] [php:error] [pid 17628] [client 20.46.124.66:0] script '/domains/performancepartsinc/class.php' not found or unable to stat
[Thu Feb 19 03:06:34.432473 2026] [php:error] [pid 17628] [client 20.46.124.66:0] script '/domains/performancepartsinc/f35.php' not found or unable to stat
[Thu Feb 19 03:06:34.827544 2026] [php:error] [pid 17635] [client 20.53.240.38:0] script '/domains/hpveweb/xl2023.php.php' not found or unable to stat
[Thu Feb 19 03:06:35.082644 2026] [php:error] [pid 17628] [client 20.46.124.66:0] script '/domains/performancepartsinc/class-t.api.php' not found or unable to stat
[Thu Feb 19 03:06:35.248580 2026] [php:error] [pid 17628] [client 20.46.124.66:0] script '/domains/performancepartsinc/blurbs18.php' not found or unable to stat
[Thu Feb 19 03:06:36.162046 2026] [php:error] [pid 17635] [client 20.53.240.38:0] script '/domains/hpveweb/120f9.php' not found or unable to stat
[Thu Feb 19 03:06:36.392452 2026] [php:error] [pid 17628] [client 20.46.124.66:0] script '/domains/performancepartsinc/bless11.php' not found or unable to stat
[Thu Feb 19 03:06:36.538651 2026] [php:error] [pid 17635] [client 20.53.240.38:0] script '/domains/hpveweb/504.php' not found or unable to stat
[Thu Feb 19 03:06:36.552475 2026] [php:error] [pid 17628] [client 20.46.124.66:0] script '/domains/performancepartsinc/init.php' not found or unable to stat
[Thu Feb 19 03:06:36.871996 2026] [php:error] [pid 17628] [client 20.46.124.66:0] script '/domains/performancepartsinc/k.php' not found or unable to stat
[Thu Feb 19 03:06:36.915499 2026] [php:error] [pid 17635] [client 20.53.240.38:0] script '/domains/hpveweb/about.php' not found or unable to stat
[Thu Feb 19 03:06:37.032783 2026] [php:error] [pid 17628] [client 20.46.124.66:0] script '/domains/performancepartsinc/bless.php' not found or unable to stat
[Thu Feb 19 03:06:37.122911 2026] [php:error] [pid 17635] [client 20.53.240.38:0] script '/domains/hpveweb/back.php' not found or unable to stat
[Thu Feb 19 03:06:37.210936 2026] [php:error] [pid 17628] [client 20.46.124.66:0] script '/domains/performancepartsinc/X7x.php' not found or unable to stat
[Thu Feb 19 03:06:37.342643 2026] [php:error] [pid 17635] [client 20.53.240.38:0] script '/domains/hpveweb/cong.php' not found or unable to stat
[Thu Feb 19 03:06:37.382150 2026] [php:error] [pid 17628] [client 20.46.124.66:0] script '/domains/performancepartsinc/166.php' not found or unable to stat
[Thu Feb 19 03:06:37.550614 2026] [php:error] [pid 17628] [client 20.46.124.66:0] script '/domains/performancepartsinc/plss3.php' not found or unable to stat
[Thu Feb 19 03:06:37.593641 2026] [php:error] [pid 17635] [client 20.53.240.38:0] script '/domains/hpveweb/credits.php' not found or unable to stat
[Thu Feb 19 03:06:37.804544 2026] [php:error] [pid 17635] [client 20.53.240.38:0] script '/domains/hpveweb/credits.php' not found or unable to stat
[Thu Feb 19 03:06:37.880102 2026] [php:error] [pid 17628] [client 20.46.124.66:0] script '/domains/performancepartsinc/admins.php' not found or unable to stat
[Thu Feb 19 03:06:38.161099 2026] [php:error] [pid 17628] [client 20.46.124.66:0] script '/domains/performancepartsinc/wp.php' not found or unable to stat
[Thu Feb 19 03:06:38.213142 2026] [php:error] [pid 17635] [client 20.53.240.38:0] script '/domains/hpveweb/data.php' not found or unable to stat
[Thu Feb 19 03:06:38.427445 2026] [php:error] [pid 17635] [client 20.53.240.38:0] script '/domains/hpveweb/function.php' not found or unable to stat
[Thu Feb 19 03:06:38.629980 2026] [php:error] [pid 17628] [client 20.46.124.66:0] script '/domains/performancepartsinc/a1.php' not found or unable to stat
[Thu Feb 19 03:06:38.638155 2026] [php:error] [pid 17635] [client 20.53.240.38:0] script '/domains/hpveweb/goods.php' not found or unable to stat
[Thu Feb 19 03:06:38.792090 2026] [php:error] [pid 17628] [client 20.46.124.66:0] script '/domains/performancepartsinc/lala.php' not found or unable to stat
[Thu Feb 19 03:06:38.871630 2026] [php:error] [pid 17635] [client 20.53.240.38:0] script '/domains/hpveweb/gzak2w.php' not found or unable to stat
[Thu Feb 19 03:06:38.952329 2026] [php:error] [pid 17628] [client 20.46.124.66:0] script '/domains/performancepartsinc/aaa.php' not found or unable to stat
[Thu Feb 19 03:06:39.163342 2026] [php:error] [pid 17628] [client 20.46.124.66:0] script '/domains/performancepartsinc/a2.php' not found or unable to stat
[Thu Feb 19 03:06:39.195300 2026] [php:error] [pid 17635] [client 20.53.240.38:0] script '/domains/hpveweb/hehehehe.php' not found or unable to stat
[Thu Feb 19 03:06:39.483251 2026] [php:error] [pid 17628] [client 20.46.124.66:0] script '/domains/performancepartsinc/jsond.php' not found or unable to stat
[Thu Feb 19 03:06:39.954202 2026] [php:error] [pid 17635] [client 20.53.240.38:0] script '/domains/hpveweb/install.php' not found or unable to stat
[Thu Feb 19 03:06:40.632039 2026] [php:error] [pid 17635] [client 20.53.240.38:0] script '/domains/hpveweb/ova.php' not found or unable to stat
[Thu Feb 19 03:06:41.791133 2026] [php:error] [pid 17638] [client 35.247.243.241:0] script '/domains/pauljbrock/adminer-5.0.6-mysql-en.php' not found or unable to stat
[Thu Feb 19 03:06:44.027215 2026] [php:error] [pid 17632] [client 34.96.162.48:0] script '/domains/pauljbrock/adminer-4.2.5.php' not found or unable to stat
[Thu Feb 19 03:06:45.484103 2026] [php:error] [pid 17635] [client 35.247.243.255:0] script '/domains/pauljbrock/adminer-db.php' not found or unable to stat
[Thu Feb 19 03:06:46.573441 2026] [php:error] [pid 17638] [client 34.96.162.58:0] script '/domains/pauljbrock/adminer-5.0.5-mysql.php' not found or unable to stat
[Thu Feb 19 03:06:47.848175 2026] [php:error] [pid 17604] [client 20.53.240.38:0] script '/domains/hpveweb/wp.php' not found or unable to stat
[Thu Feb 19 03:06:49.176811 2026] [php:error] [pid 17638] [client 34.96.162.55:0] script '/domains/hdickens.enteract/adminer-5.0.2-mysql-en.php' not found or unable to stat
[Thu Feb 19 03:06:57.847303 2026] [php:error] [pid 17636] [client 35.247.243.246:0] script '/domains/pauljbrock/adminer-5.4.0.php' not found or unable to stat
[Thu Feb 19 03:07:03.205953 2026] [php:error] [pid 17604] [client 35.247.243.253:0] script '/domains/hdickens.enteract/_adminer.php' not found or unable to stat
[Thu Feb 19 03:07:06.273522 2026] [php:error] [pid 17633] [client 34.96.162.48:0] script '/domains/pauljbrock/adminer-4.6.1.php' not found or unable to stat
[Thu Feb 19 03:07:06.654538 2026] [php:error] [pid 17638] [client 35.247.243.248:0] script '/domains/pauljbrock/adminer-5.4.0.php' not found or unable to stat
[Thu Feb 19 03:07:07.189070 2026] [php:error] [pid 17604] [client 35.247.243.249:0] script '/domains/pauljbrock/adminer-5.0.3-mysql.php' not found or unable to stat
[Thu Feb 19 03:07:23.807263 2026] [php:error] [pid 17639] [client 35.247.243.247:0] script '/domains/pauljbrock/adminer-5.3.0-mysql-en.php' not found or unable to stat
[Thu Feb 19 03:07:29.982055 2026] [php:error] [pid 17636] [client 35.247.243.243:0] script '/domains/hdickens.enteract/adminer-5.3.0-mysql.php' not found or unable to stat
[Thu Feb 19 03:07:34.633820 2026] [php:error] [pid 17635] [client 125.122.15.200:0] script '/domains/wsmith.enteract/s.php' not found or unable to stat, referer: http://etc.com/s.php
[Thu Feb 19 03:07:34.987993 2026] [php:error] [pid 17604] [client 34.96.162.48:0] script '/domains/hdickens.enteract/adminer-5.4.1-en.php' not found or unable to stat
[Thu Feb 19 03:07:42.160730 2026] [php:error] [pid 17644] [client 35.247.243.254:0] script '/domains/pauljbrock/adminer-5.1.1.php' not found or unable to stat
[Thu Feb 19 03:07:42.266083 2026] [php:error] [pid 17645] [client 20.219.8.79:0] script '/domains/nostrada/wp-login.php' not found or unable to stat
[Thu Feb 19 03:07:46.534843 2026] [php:error] [pid 17644] [client 35.247.243.254:0] script '/domains/pauljbrock/adminer-db.php' not found or unable to stat
[Thu Feb 19 03:07:46.838639 2026] [php:error] [pid 17648] [client 34.96.162.57:0] script '/domains/pauljbrock/adminer-5.0.3-mysql-en.php' not found or unable to stat
[Thu Feb 19 03:07:47.611373 2026] [php:error] [pid 17604] [client 89.187.187.82:0] script '/domains/piltdweb1/xmlrpc.php' not found or unable to stat
[Thu Feb 19 03:07:49.190987 2026] [php:error] [pid 17636] [client 34.96.162.60:0] script '/domains/pauljbrock/adminer-5.0.0.php' not found or unable to stat
[Thu Feb 19 03:07:52.617492 2026] [php:error] [pid 17636] [client 34.96.162.54:0] script '/domains/pauljbrock/adminer-5.0.4-mysql.php' not found or unable to stat
[Thu Feb 19 03:07:54.159457 2026] [php:error] [pid 17643] [client 34.96.162.62:0] script '/domains/pauljbrock/adminer-5.2.1-mysql-en.php' not found or unable to stat
[Thu Feb 19 03:07:55.796470 2026] [php:error] [pid 17641] [client 35.247.243.251:0] script '/domains/pauljbrock/adminer-5.2.0-mysql-en.php' not found or unable to stat
[Thu Feb 19 03:07:56.549608 2026] [php:error] [pid 17640] [client 35.247.243.248:0] script '/domains/pauljbrock/adminer-4.2.5.php' not found or unable to stat
[Thu Feb 19 03:08:01.397648 2026] [php:error] [pid 17636] [client 35.247.243.253:0] script '/domains/hdickens.enteract/adminer-5.0.0-en.php' not found or unable to stat
[Thu Feb 19 03:08:03.401299 2026] [php:error] [pid 17636] [client 35.247.243.247:0] script '/domains/pauljbrock/adminer-db.php' not found or unable to stat
[Thu Feb 19 03:08:03.581100 2026] [php:error] [pid 17643] [client 35.247.243.247:0] script '/domains/pauljbrock/adminer-5.0.3-mysql.php' not found or unable to stat
[Thu Feb 19 03:08:07.982699 2026] [php:error] [pid 17656] [client 35.247.243.253:0] script '/domains/hdickens.enteract/adminer-4.5.0.php' not found or unable to stat
[Thu Feb 19 03:08:18.311946 2026] [php:error] [pid 17654] [client 34.96.162.52:0] script '/domains/pauljbrock/adminer-5.1.0-mysql.php' not found or unable to stat
[Thu Feb 19 03:08:18.409362 2026] [php:error] [pid 17641] [client 34.96.162.55:0] script '/domains/pauljbrock/_adminer.php' not found or unable to stat
[Thu Feb 19 03:08:19.690442 2026] [php:error] [pid 17658] [client 34.96.162.60:0] script '/domains/pauljbrock/adminer-5.4.1-mysql-en.php' not found or unable to stat
[Thu Feb 19 03:08:22.292824 2026] [php:error] [pid 17641] [client 34.96.162.55:0] script '/domains/pauljbrock/__adm.php' not found or unable to stat
[Thu Feb 19 03:08:35.344356 2026] [php:error] [pid 17663] [client 4.188.251.0:0] script '/domains/smartny/lock360.php' not found or unable to stat
[Thu Feb 19 03:08:35.953903 2026] [php:error] [pid 17663] [client 4.188.251.0:0] script '/domains/smartny/ahcc.php' not found or unable to stat
[Thu Feb 19 03:08:36.628516 2026] [php:error] [pid 17663] [client 4.188.251.0:0] script '/domains/smartny/R57.php' not found or unable to stat
[Thu Feb 19 03:08:37.303766 2026] [php:error] [pid 17663] [client 4.188.251.0:0] script '/domains/smartny/vqgii.php' not found or unable to stat
[Thu Feb 19 03:08:37.941322 2026] [php:error] [pid 17663] [client 4.188.251.0:0] script '/domains/smartny/jrxzb.php' not found or unable to stat
[Thu Feb 19 03:08:38.535424 2026] [php:error] [pid 17663] [client 4.188.251.0:0] script '/domains/smartny/sc.php' not found or unable to stat
[Thu Feb 19 03:08:38.995808 2026] [php:error] [pid 17638] [client 34.96.162.58:0] script '/domains/pauljbrock/adminer-5.0.3-en.php' not found or unable to stat
[Thu Feb 19 03:08:39.227487 2026] [php:error] [pid 17663] [client 4.188.251.0:0] script '/domains/smartny/qowaa.php' not found or unable to stat
[Thu Feb 19 03:08:39.835119 2026] [php:error] [pid 17663] [client 4.188.251.0:0] script '/domains/smartny/beixl.php' not found or unable to stat
[Thu Feb 19 03:08:40.485576 2026] [php:error] [pid 17663] [client 4.188.251.0:0] script '/domains/smartny/8.php' not found or unable to stat
[Thu Feb 19 03:08:41.196925 2026] [php:error] [pid 17663] [client 4.188.251.0:0] script '/domains/smartny/lkui.php' not found or unable to stat
[Thu Feb 19 03:08:41.818364 2026] [php:error] [pid 17663] [client 4.188.251.0:0] script '/domains/smartny/reyna.php' not found or unable to stat
[Thu Feb 19 03:08:42.506927 2026] [php:error] [pid 17663] [client 4.188.251.0:0] script '/domains/smartny/meew.php' not found or unable to stat
[Thu Feb 19 03:08:42.835220 2026] [php:error] [pid 17665] [client 34.96.162.58:0] script '/domains/hdickens.enteract/adminer-5.0.4.php' not found or unable to stat
[Thu Feb 19 03:08:43.116434 2026] [php:error] [pid 17663] [client 4.188.251.0:0] script '/domains/smartny/71.php' not found or unable to stat
[Thu Feb 19 03:08:43.750545 2026] [php:error] [pid 17663] [client 4.188.251.0:0] script '/domains/smartny/Timing.php' not found or unable to stat
[Thu Feb 19 03:08:44.349774 2026] [php:error] [pid 17663] [client 4.188.251.0:0] script '/domains/smartny/extract.php' not found or unable to stat
[Thu Feb 19 03:08:45.002958 2026] [php:error] [pid 17663] [client 4.188.251.0:0] script '/domains/smartny/comp.php' not found or unable to stat
[Thu Feb 19 03:08:45.289795 2026] [php:error] [pid 17661] [client 179.43.191.19:0] script '/domains/covertcomic/wp-login.php' not found or unable to stat, referer: covertcomic.com
[Thu Feb 19 03:08:45.668688 2026] [php:error] [pid 17663] [client 4.188.251.0:0] script '/domains/smartny/C1.php' not found or unable to stat
[Thu Feb 19 03:08:46.275721 2026] [php:error] [pid 17663] [client 4.188.251.0:0] script '/domains/smartny/credits.php' not found or unable to stat
[Thu Feb 19 03:08:46.899273 2026] [php:error] [pid 17663] [client 4.188.251.0:0] script '/domains/smartny/term.php' not found or unable to stat
[Thu Feb 19 03:08:47.512860 2026] [php:error] [pid 17663] [client 4.188.251.0:0] script '/domains/smartny/classsmtps.php' not found or unable to stat
[Thu Feb 19 03:08:48.128319 2026] [php:error] [pid 17663] [client 4.188.251.0:0] script '/domains/smartny/blkfqnikz.php' not found or unable to stat
[Thu Feb 19 03:08:48.358873 2026] [php:error] [pid 17665] [client 35.247.243.249:0] script '/domains/pauljbrock/sql.php' not found or unable to stat
[Thu Feb 19 03:08:48.767226 2026] [php:error] [pid 17663] [client 4.188.251.0:0] script '/domains/smartny/6i85g10k.php' not found or unable to stat
[Thu Feb 19 03:08:49.401391 2026] [php:error] [pid 17663] [client 4.188.251.0:0] script '/domains/smartny/filefuns.php' not found or unable to stat
[Thu Feb 19 03:08:50.115731 2026] [php:error] [pid 17663] [client 4.188.251.0:0] script '/domains/smartny/ovataumpr.php' not found or unable to stat
[Thu Feb 19 03:08:50.857928 2026] [php:error] [pid 17663] [client 4.188.251.0:0] script '/domains/smartny/wp-cache.php' not found or unable to stat
[Thu Feb 19 03:08:51.445729 2026] [php:error] [pid 17663] [client 4.188.251.0:0] script '/domains/smartny/SH9JQ3.php' not found or unable to stat
[Thu Feb 19 03:08:52.056080 2026] [php:error] [pid 17663] [client 4.188.251.0:0] script '/domains/smartny/index_sso.php' not found or unable to stat
[Thu Feb 19 03:08:52.662426 2026] [php:error] [pid 17663] [client 4.188.251.0:0] script '/domains/smartny/rating.php' not found or unable to stat
[Thu Feb 19 03:08:53.304590 2026] [php:error] [pid 17663] [client 4.188.251.0:0] script '/domains/smartny/mfjtrzzg.php' not found or unable to stat
[Thu Feb 19 03:08:53.970099 2026] [php:error] [pid 17663] [client 4.188.251.0:0] script '/domains/smartny/style-engine.php' not found or unable to stat
[Thu Feb 19 03:08:54.592864 2026] [php:error] [pid 17663] [client 4.188.251.0:0] script '/domains/smartny/report.php' not found or unable to stat
[Thu Feb 19 03:08:55.228357 2026] [php:error] [pid 17663] [client 4.188.251.0:0] script '/domains/smartny/edit-tags.php' not found or unable to stat
[Thu Feb 19 03:08:55.856395 2026] [php:error] [pid 17663] [client 4.188.251.0:0] script '/domains/smartny/cwianpri.php' not found or unable to stat
[Thu Feb 19 03:08:56.467628 2026] [php:error] [pid 17663] [client 4.188.251.0:0] script '/domains/smartny/wunaivpl.php' not found or unable to stat
[Thu Feb 19 03:08:57.093517 2026] [php:error] [pid 17663] [client 4.188.251.0:0] script '/domains/smartny/gyj.php' not found or unable to stat
[Thu Feb 19 03:08:57.743917 2026] [php:error] [pid 17663] [client 4.188.251.0:0] script '/domains/smartny/install.php' not found or unable to stat
[Thu Feb 19 03:08:58.210062 2026] [php:error] [pid 17658] [client 34.96.162.55:0] script '/domains/pauljbrock/adminer-4.2.1.php' not found or unable to stat
[Thu Feb 19 03:08:58.365652 2026] [php:error] [pid 17663] [client 4.188.251.0:0] script '/domains/smartny/update.php' not found or unable to stat
[Thu Feb 19 03:08:59.017609 2026] [php:error] [pid 17663] [client 4.188.251.0:0] script '/domains/smartny/home.php' not found or unable to stat
[Thu Feb 19 03:08:59.656552 2026] [php:error] [pid 17663] [client 4.188.251.0:0] script '/domains/smartny/dfpbtqbc.php' not found or unable to stat
[Thu Feb 19 03:09:00.251409 2026] [php:error] [pid 17663] [client 4.188.251.0:0] script '/domains/smartny/files.php' not found or unable to stat
[Thu Feb 19 03:09:00.851279 2026] [php:error] [pid 17663] [client 4.188.251.0:0] script '/domains/smartny/ifoklzle.php' not found or unable to stat
[Thu Feb 19 03:09:01.575949 2026] [php:error] [pid 17663] [client 4.188.251.0:0] script '/domains/smartny/bi.php' not found or unable to stat
[Thu Feb 19 03:09:02.232674 2026] [php:error] [pid 17663] [client 4.188.251.0:0] script '/domains/smartny/es.php' not found or unable to stat
[Thu Feb 19 03:09:02.837921 2026] [php:error] [pid 17663] [client 4.188.251.0:0] script '/domains/smartny/sidwso.php' not found or unable to stat
[Thu Feb 19 03:09:03.469467 2026] [php:error] [pid 17663] [client 4.188.251.0:0] script '/domains/smartny/R00T.php' not found or unable to stat
[Thu Feb 19 03:09:03.728375 2026] [php:error] [pid 17661] [client 35.247.243.243:0] script '/domains/pauljbrock/adminer-5.4.1-en.php' not found or unable to stat
[Thu Feb 19 03:09:04.059616 2026] [php:error] [pid 17663] [client 4.188.251.0:0] script '/domains/smartny/hplfuns.php' not found or unable to stat
[Thu Feb 19 03:09:04.665520 2026] [php:error] [pid 17663] [client 4.188.251.0:0] script '/domains/smartny/getid3-core.php' not found or unable to stat
[Thu Feb 19 03:09:05.353317 2026] [php:error] [pid 17663] [client 4.188.251.0:0] script '/domains/smartny/123.php' not found or unable to stat
[Thu Feb 19 03:09:05.975550 2026] [php:error] [pid 17663] [client 4.188.251.0:0] script '/domains/smartny/wlyeA.php' not found or unable to stat
[Thu Feb 19 03:09:06.637431 2026] [php:error] [pid 17663] [client 4.188.251.0:0] script '/domains/smartny/wp-act.php' not found or unable to stat
[Thu Feb 19 03:09:07.331514 2026] [php:error] [pid 17663] [client 4.188.251.0:0] script '/domains/smartny/suu.php' not found or unable to stat
[Thu Feb 19 03:09:07.956196 2026] [php:error] [pid 17663] [client 4.188.251.0:0] script '/domains/smartny/repeater.php' not found or unable to stat
[Thu Feb 19 03:09:08.557536 2026] [php:error] [pid 17666] [client 35.247.243.242:0] script '/domains/pauljbrock/adminer-5.0.0-mysql.php' not found or unable to stat
[Thu Feb 19 03:09:08.605974 2026] [php:error] [pid 17663] [client 4.188.251.0:0] script '/domains/smartny/user_add.php' not found or unable to stat
[Thu Feb 19 03:09:09.249009 2026] [php:error] [pid 17663] [client 4.188.251.0:0] script '/domains/smartny/disoxrmons.php' not found or unable to stat
[Thu Feb 19 03:09:09.916650 2026] [php:error] [pid 17663] [client 4.188.251.0:0] script '/domains/smartny/TNT.php' not found or unable to stat
[Thu Feb 19 03:09:10.597354 2026] [php:error] [pid 17663] [client 4.188.251.0:0] script '/domains/smartny/504.php' not found or unable to stat
[Thu Feb 19 03:09:11.233604 2026] [php:error] [pid 17663] [client 4.188.251.0:0] script '/domains/smartny/F0x.php' not found or unable to stat
[Thu Feb 19 03:09:11.917221 2026] [php:error] [pid 17663] [client 4.188.251.0:0] script '/domains/smartny/aleXus.php' not found or unable to stat
[Thu Feb 19 03:09:12.592458 2026] [php:error] [pid 17663] [client 4.188.251.0:0] script '/domains/smartny/alert.php' not found or unable to stat
[Thu Feb 19 03:09:13.212883 2026] [php:error] [pid 17663] [client 4.188.251.0:0] script '/domains/smartny/se.php' not found or unable to stat
[Thu Feb 19 03:09:13.866567 2026] [php:error] [pid 17663] [client 4.188.251.0:0] script '/domains/smartny/al.php' not found or unable to stat
[Thu Feb 19 03:09:14.467490 2026] [php:error] [pid 17663] [client 4.188.251.0:0] script '/domains/smartny/dirs.php' not found or unable to stat
[Thu Feb 19 03:09:15.076875 2026] [php:error] [pid 17663] [client 4.188.251.0:0] script '/domains/smartny/lufix.php' not found or unable to stat
[Thu Feb 19 03:09:15.688382 2026] [php:error] [pid 17663] [client 4.188.251.0:0] script '/domains/smartny/pwnd.php' not found or unable to stat
[Thu Feb 19 03:09:16.307935 2026] [php:error] [pid 17663] [client 4.188.251.0:0] script '/domains/smartny/srx.php' not found or unable to stat
[Thu Feb 19 03:09:16.963032 2026] [php:error] [pid 17663] [client 4.188.251.0:0] script '/domains/smartny/class-wp-cmd.php' not found or unable to stat
[Thu Feb 19 03:09:17.602151 2026] [php:error] [pid 17663] [client 4.188.251.0:0] script '/domains/smartny/temp.php' not found or unable to stat
[Thu Feb 19 03:09:18.205932 2026] [php:error] [pid 17663] [client 4.188.251.0:0] script '/domains/smartny/libcore.php' not found or unable to stat
[Thu Feb 19 03:09:18.810476 2026] [php:error] [pid 17663] [client 4.188.251.0:0] script '/domains/smartny/bmccxior.php' not found or unable to stat
[Thu Feb 19 03:09:19.455400 2026] [php:error] [pid 17663] [client 4.188.251.0:0] script '/domains/smartny/wp-blog-header.php' not found or unable to stat
[Thu Feb 19 03:09:20.050055 2026] [php:error] [pid 17663] [client 4.188.251.0:0] script '/domains/smartny/IDhrIlrLb.php' not found or unable to stat
[Thu Feb 19 03:09:20.646098 2026] [php:error] [pid 17663] [client 4.188.251.0:0] script '/domains/smartny/shell4.php' not found or unable to stat
[Thu Feb 19 03:09:21.288230 2026] [php:error] [pid 17663] [client 4.188.251.0:0] script '/domains/smartny/tron.php' not found or unable to stat
[Thu Feb 19 03:09:21.893398 2026] [php:error] [pid 17663] [client 4.188.251.0:0] script '/domains/smartny/database.php' not found or unable to stat
[Thu Feb 19 03:09:22.486821 2026] [php:error] [pid 17663] [client 4.188.251.0:0] script '/domains/smartny/media-admin.php' not found or unable to stat
[Thu Feb 19 03:09:23.081671 2026] [php:error] [pid 17663] [client 4.188.251.0:0] script '/domains/smartny/cljntmcz.php' not found or unable to stat
[Thu Feb 19 03:09:24.809672 2026] [php:error] [pid 17661] [client 40.80.90.214:0] script '/domains/proinc/new4.php' not found or unable to stat
[Thu Feb 19 03:09:25.007461 2026] [php:error] [pid 17661] [client 40.80.90.214:0] script '/domains/proinc/sc.php' not found or unable to stat
[Thu Feb 19 03:09:25.224146 2026] [php:error] [pid 17661] [client 40.80.90.214:0] script '/domains/proinc/aq.php' not found or unable to stat
[Thu Feb 19 03:09:25.423416 2026] [php:error] [pid 17661] [client 40.80.90.214:0] script '/domains/proinc/opts.php' not found or unable to stat
[Thu Feb 19 03:09:25.621036 2026] [php:error] [pid 17661] [client 40.80.90.214:0] script '/domains/proinc/wp-act.php' not found or unable to stat
[Thu Feb 19 03:09:25.820288 2026] [php:error] [pid 17661] [client 40.80.90.214:0] script '/domains/proinc/myfile.php' not found or unable to stat
[Thu Feb 19 03:09:26.068933 2026] [php:error] [pid 17661] [client 40.80.90.214:0] script '/domains/proinc/work.php' not found or unable to stat
[Thu Feb 19 03:09:26.355342 2026] [php:error] [pid 17661] [client 40.80.90.214:0] script '/domains/proinc/C.php' not found or unable to stat
[Thu Feb 19 03:09:26.590902 2026] [php:error] [pid 17661] [client 40.80.90.214:0] script '/domains/proinc/ze.php' not found or unable to stat
[Thu Feb 19 03:09:26.906500 2026] [php:error] [pid 17661] [client 40.80.90.214:0] script '/domains/proinc/seetox.php' not found or unable to stat
[Thu Feb 19 03:09:27.175975 2026] [php:error] [pid 17661] [client 40.80.90.214:0] script '/domains/proinc/dom.php' not found or unable to stat
[Thu Feb 19 03:09:27.579691 2026] [php:error] [pid 17661] [client 40.80.90.214:0] script '/domains/proinc/samiri.php' not found or unable to stat
[Thu Feb 19 03:09:27.780667 2026] [php:error] [pid 17661] [client 40.80.90.214:0] script '/domains/proinc/plugins.php' not found or unable to stat
[Thu Feb 19 03:09:28.014666 2026] [php:error] [pid 17661] [client 40.80.90.214:0] script '/domains/proinc/xoot.php' not found or unable to stat
[Thu Feb 19 03:09:28.213180 2026] [php:error] [pid 17661] [client 40.80.90.214:0] script '/domains/proinc/X57.php' not found or unable to stat
[Thu Feb 19 03:09:28.495015 2026] [php:error] [pid 17661] [client 40.80.90.214:0] script '/domains/proinc/vx.php' not found or unable to stat
[Thu Feb 19 03:09:28.709104 2026] [php:error] [pid 17661] [client 40.80.90.214:0] script '/domains/proinc/file59.php' not found or unable to stat
[Thu Feb 19 03:09:29.178917 2026] [php:error] [pid 17661] [client 40.80.90.214:0] script '/domains/proinc/shas.php' not found or unable to stat
[Thu Feb 19 03:09:29.409247 2026] [php:error] [pid 17661] [client 40.80.90.214:0] script '/domains/proinc/xa.php' not found or unable to stat
[Thu Feb 19 03:09:29.631823 2026] [php:error] [pid 17661] [client 40.80.90.214:0] script '/domains/proinc/xda.php' not found or unable to stat
[Thu Feb 19 03:09:29.897663 2026] [php:error] [pid 17661] [client 40.80.90.214:0] script '/domains/proinc/er.php' not found or unable to stat
[Thu Feb 19 03:09:30.158316 2026] [php:error] [pid 17661] [client 40.80.90.214:0] script '/domains/proinc/fault.php' not found or unable to stat
[Thu Feb 19 03:09:30.435630 2026] [php:error] [pid 17661] [client 40.80.90.214:0] script '/domains/proinc/motu.php' not found or unable to stat
[Thu Feb 19 03:09:30.647888 2026] [php:error] [pid 17661] [client 40.80.90.214:0] script '/domains/proinc/66.php' not found or unable to stat
[Thu Feb 19 03:09:30.954842 2026] [php:error] [pid 17661] [client 40.80.90.214:0] script '/domains/proinc/leuk.php' not found or unable to stat
[Thu Feb 19 03:09:31.152264 2026] [php:error] [pid 17661] [client 40.80.90.214:0] script '/domains/proinc/xqq.php' not found or unable to stat
[Thu Feb 19 03:09:31.364902 2026] [php:error] [pid 17661] [client 40.80.90.214:0] script '/domains/proinc/kolda.php' not found or unable to stat
[Thu Feb 19 03:09:31.648005 2026] [php:error] [pid 17661] [client 40.80.90.214:0] script '/domains/proinc/nw.php' not found or unable to stat
[Thu Feb 19 03:09:32.063933 2026] [php:error] [pid 17661] [client 40.80.90.214:0] script '/domains/proinc/god.php' not found or unable to stat
[Thu Feb 19 03:09:32.261301 2026] [php:error] [pid 17661] [client 40.80.90.214:0] script '/domains/proinc/666.php' not found or unable to stat
[Thu Feb 19 03:09:32.458481 2026] [php:error] [pid 17661] [client 40.80.90.214:0] script '/domains/proinc/kj.php' not found or unable to stat
[Thu Feb 19 03:09:32.667442 2026] [php:error] [pid 17661] [client 40.80.90.214:0] script '/domains/proinc/un.php' not found or unable to stat
[Thu Feb 19 03:09:32.923208 2026] [php:error] [pid 17661] [client 40.80.90.214:0] script '/domains/proinc/fs.php' not found or unable to stat
[Thu Feb 19 03:09:33.123988 2026] [php:error] [pid 17661] [client 40.80.90.214:0] script '/domains/proinc/ms.php' not found or unable to stat
[Thu Feb 19 03:09:33.333645 2026] [php:error] [pid 17661] [client 40.80.90.214:0] script '/domains/proinc/login8.php' not found or unable to stat
[Thu Feb 19 03:09:33.535040 2026] [php:error] [pid 17661] [client 40.80.90.214:0] script '/domains/proinc/nnyvn.php' not found or unable to stat
[Thu Feb 19 03:09:33.732452 2026] [php:error] [pid 17661] [client 40.80.90.214:0] script '/domains/proinc/cu.php' not found or unable to stat
[Thu Feb 19 03:09:33.944630 2026] [php:error] [pid 17661] [client 40.80.90.214:0] script '/domains/proinc/lul.php' not found or unable to stat
[Thu Feb 19 03:09:34.220179 2026] [php:error] [pid 17661] [client 40.80.90.214:0] script '/domains/proinc/0.php' not found or unable to stat
[Thu Feb 19 03:09:34.633818 2026] [php:error] [pid 17661] [client 40.80.90.214:0] script '/domains/proinc/ms-edit.php' not found or unable to stat
[Thu Feb 19 03:09:34.838995 2026] [php:error] [pid 17661] [client 40.80.90.214:0] script '/domains/proinc/ya.php' not found or unable to stat
[Thu Feb 19 03:09:35.036134 2026] [php:error] [pid 17661] [client 40.80.90.214:0] script '/domains/proinc/grsiuk.php' not found or unable to stat
[Thu Feb 19 03:09:35.483779 2026] [php:error] [pid 17661] [client 40.80.90.214:0] script '/domains/proinc/wp-blog.php' not found or unable to stat
[Thu Feb 19 03:09:35.721679 2026] [php:error] [pid 17661] [client 40.80.90.214:0] script '/domains/proinc/wp-access.php' not found or unable to stat
[Thu Feb 19 03:09:35.945887 2026] [php:error] [pid 17661] [client 40.80.90.214:0] script '/domains/proinc/a1vx.php' not found or unable to stat
[Thu Feb 19 03:09:36.157977 2026] [php:error] [pid 17661] [client 40.80.90.214:0] script '/domains/proinc/sbhu.php' not found or unable to stat
[Thu Feb 19 03:09:36.403565 2026] [php:error] [pid 17661] [client 40.80.90.214:0] script '/domains/proinc/wp-the.php' not found or unable to stat
[Thu Feb 19 03:09:36.602707 2026] [php:error] [pid 17661] [client 40.80.90.214:0] script '/domains/proinc/06.php' not found or unable to stat
[Thu Feb 19 03:09:36.845426 2026] [php:error] [pid 17661] [client 40.80.90.214:0] script '/domains/proinc/wp5.php' not found or unable to stat
[Thu Feb 19 03:09:37.098317 2026] [php:error] [pid 17661] [client 40.80.90.214:0] script '/domains/proinc/fot.php' not found or unable to stat
[Thu Feb 19 03:09:37.325180 2026] [php:error] [pid 17661] [client 40.80.90.214:0] script '/domains/proinc/ff1.php' not found or unable to stat
[Thu Feb 19 03:09:37.672021 2026] [php:error] [pid 17661] [client 40.80.90.214:0] script '/domains/proinc/forbidals.php' not found or unable to stat
[Thu Feb 19 03:09:37.990746 2026] [php:error] [pid 17661] [client 40.80.90.214:0] script '/domains/proinc/erty.php' not found or unable to stat
[Thu Feb 19 03:09:38.363647 2026] [php:error] [pid 17661] [client 40.80.90.214:0] script '/domains/proinc/dev1s.php' not found or unable to stat
[Thu Feb 19 03:09:38.620244 2026] [php:error] [pid 17661] [client 40.80.90.214:0] script '/domains/proinc/ffd.php' not found or unable to stat
[Thu Feb 19 03:09:38.818363 2026] [php:error] [pid 17661] [client 40.80.90.214:0] script '/domains/proinc/admiin.php' not found or unable to stat
[Thu Feb 19 03:09:39.015887 2026] [php:error] [pid 17661] [client 40.80.90.214:0] script '/domains/proinc/ol.php' not found or unable to stat
[Thu Feb 19 03:09:39.213401 2026] [php:error] [pid 17661] [client 40.80.90.214:0] script '/domains/proinc/Sanskrit.php' not found or unable to stat
[Thu Feb 19 03:09:39.529817 2026] [php:error] [pid 17661] [client 40.80.90.214:0] script '/domains/proinc/vxrl.php' not found or unable to stat
[Thu Feb 19 03:09:40.012771 2026] [php:error] [pid 17661] [client 40.80.90.214:0] script '/domains/proinc/re.php' not found or unable to stat
[Thu Feb 19 03:09:40.391788 2026] [php:error] [pid 17661] [client 40.80.90.214:0] script '/domains/proinc/num.php' not found or unable to stat
[Thu Feb 19 03:09:40.594821 2026] [php:error] [pid 17661] [client 40.80.90.214:0] script '/domains/proinc/axx.php' not found or unable to stat
[Thu Feb 19 03:09:40.944446 2026] [php:error] [pid 17661] [client 40.80.90.214:0] script '/domains/proinc/vxrl.php' not found or unable to stat
[Thu Feb 19 03:09:41.237564 2026] [php:error] [pid 17661] [client 40.80.90.214:0] script '/domains/proinc/in.php' not found or unable to stat
[Thu Feb 19 03:09:41.445218 2026] [php:error] [pid 17661] [client 40.80.90.214:0] script '/domains/proinc/style.php' not found or unable to stat
[Thu Feb 19 03:09:41.642777 2026] [php:error] [pid 17661] [client 40.80.90.214:0] script '/domains/proinc/we.php' not found or unable to stat
[Thu Feb 19 03:09:41.910411 2026] [php:error] [pid 17661] [client 40.80.90.214:0] script '/domains/proinc/zwso.php' not found or unable to stat
[Thu Feb 19 03:09:42.213371 2026] [php:error] [pid 17661] [client 40.80.90.214:0] script '/domains/proinc/karak.php' not found or unable to stat
[Thu Feb 19 03:09:42.410610 2026] [php:error] [pid 17661] [client 40.80.90.214:0] script '/domains/proinc/prv8.php' not found or unable to stat
[Thu Feb 19 03:09:42.612082 2026] [php:error] [pid 17661] [client 40.80.90.214:0] script '/domains/proinc/i.php' not found or unable to stat
[Thu Feb 19 03:09:42.821457 2026] [php:error] [pid 17661] [client 40.80.90.214:0] script '/domains/proinc/a.php' not found or unable to stat
[Thu Feb 19 03:09:43.018945 2026] [php:error] [pid 17661] [client 40.80.90.214:0] script '/domains/proinc/xmlrpc.php' not found or unable to stat
[Thu Feb 19 03:09:43.223321 2026] [php:error] [pid 17661] [client 40.80.90.214:0] script '/domains/proinc/aw.php' not found or unable to stat
[Thu Feb 19 03:09:43.512167 2026] [php:error] [pid 17661] [client 40.80.90.214:0] script '/domains/proinc/dev.php' not found or unable to stat
[Thu Feb 19 03:09:43.715085 2026] [php:error] [pid 17661] [client 40.80.90.214:0] script '/domains/proinc/lock360.php' not found or unable to stat
[Thu Feb 19 03:09:44.061874 2026] [php:error] [pid 17661] [client 40.80.90.214:0] script '/domains/proinc/155.php' not found or unable to stat
[Thu Feb 19 03:09:44.259059 2026] [php:error] [pid 17661] [client 40.80.90.214:0] script '/domains/proinc/goat.php' not found or unable to stat
[Thu Feb 19 03:09:44.503711 2026] [php:error] [pid 17638] [client 35.247.243.248:0] script '/domains/hdickens.enteract/adminer-5.0.1-mysql.php' not found or unable to stat
[Thu Feb 19 03:09:44.644817 2026] [php:error] [pid 17661] [client 40.80.90.214:0] script '/domains/proinc/tcp.php' not found or unable to stat
[Thu Feb 19 03:09:44.846097 2026] [php:error] [pid 17661] [client 40.80.90.214:0] script '/domains/proinc/ext.php' not found or unable to stat
[Thu Feb 19 03:09:45.043116 2026] [php:error] [pid 17661] [client 40.80.90.214:0] script '/domains/proinc/inputs.php' not found or unable to stat
[Thu Feb 19 03:09:45.240428 2026] [php:error] [pid 17661] [client 40.80.90.214:0] script '/domains/proinc/ioxi.php' not found or unable to stat
[Thu Feb 19 03:09:45.465519 2026] [php:error] [pid 17661] [client 40.80.90.214:0] script '/domains/proinc/fe5.php' not found or unable to stat
[Thu Feb 19 03:09:45.705384 2026] [php:error] [pid 17661] [client 40.80.90.214:0] script '/domains/proinc/ov.php' not found or unable to stat
[Thu Feb 19 03:09:46.183227 2026] [php:error] [pid 17661] [client 40.80.90.214:0] script '/domains/proinc/default.php' not found or unable to stat
[Thu Feb 19 03:09:46.595089 2026] [php:error] [pid 17661] [client 40.80.90.214:0] script '/domains/proinc/goods.php' not found or unable to stat
[Thu Feb 19 03:09:46.794821 2026] [php:error] [pid 17661] [client 40.80.90.214:0] script '/domains/proinc/abcd.php' not found or unable to stat
[Thu Feb 19 03:09:47.090262 2026] [php:error] [pid 17661] [client 40.80.90.214:0] script '/domains/proinc/class.1.php' not found or unable to stat
[Thu Feb 19 03:09:47.287770 2026] [php:error] [pid 17661] [client 40.80.90.214:0] script '/domains/proinc/async.php' not found or unable to stat
[Thu Feb 19 03:09:47.469219 2026] [php:error] [pid 17663] [client 34.96.162.58:0] script '/domains/pauljbrock/adminer-5.4.1-mysql.php' not found or unable to stat
[Thu Feb 19 03:09:47.528264 2026] [php:error] [pid 17661] [client 40.80.90.214:0] script '/domains/proinc/ff.php' not found or unable to stat
[Thu Feb 19 03:09:47.729860 2026] [php:error] [pid 17661] [client 40.80.90.214:0] script '/domains/proinc/ioxi-o.php' not found or unable to stat
[Thu Feb 19 03:09:47.929875 2026] [php:error] [pid 17661] [client 40.80.90.214:0] script '/domains/proinc/manager.php' not found or unable to stat
[Thu Feb 19 03:09:48.383776 2026] [php:error] [pid 17661] [client 40.80.90.214:0] script '/domains/proinc/wp-update.php' not found or unable to stat
[Thu Feb 19 03:09:48.582311 2026] [php:error] [pid 17661] [client 40.80.90.214:0] script '/domains/proinc/file.php' not found or unable to stat
[Thu Feb 19 03:09:49.003687 2026] [php:error] [pid 17661] [client 40.80.90.214:0] script '/domains/proinc/lc.php' not found or unable to stat
[Thu Feb 19 03:09:49.216245 2026] [php:error] [pid 17661] [client 40.80.90.214:0] script '/domains/proinc/cbrfo.php' not found or unable to stat
[Thu Feb 19 03:09:49.437076 2026] [php:error] [pid 17661] [client 40.80.90.214:0] script '/domains/proinc/inc.php' not found or unable to stat
[Thu Feb 19 03:09:50.090336 2026] [php:error] [pid 17667] [client 40.80.90.214:0] script '/domains/proinc/gifclass.php' not found or unable to stat
[Thu Feb 19 03:09:50.388706 2026] [php:error] [pid 17667] [client 40.80.90.214:0] script '/domains/proinc/miansha.php' not found or unable to stat
[Thu Feb 19 03:09:50.596535 2026] [php:error] [pid 17667] [client 40.80.90.214:0] script '/domains/proinc/tinyfilemanager.php' not found or unable to stat
[Thu Feb 19 03:09:50.800637 2026] [php:error] [pid 17667] [client 40.80.90.214:0] script '/domains/proinc/admin.php' not found or unable to stat
[Thu Feb 19 03:09:51.005604 2026] [php:error] [pid 17667] [client 40.80.90.214:0] script '/domains/proinc/ok.php' not found or unable to stat
[Thu Feb 19 03:09:51.355649 2026] [php:error] [pid 17667] [client 40.80.90.214:0] script '/domains/proinc/fi.php' not found or unable to stat
[Thu Feb 19 03:09:51.561839 2026] [php:error] [pid 17667] [client 40.80.90.214:0] script '/domains/proinc/muzu.php' not found or unable to stat
[Thu Feb 19 03:09:51.776125 2026] [php:error] [pid 17667] [client 40.80.90.214:0] script '/domains/proinc/reze.php' not found or unable to stat
[Thu Feb 19 03:09:51.991179 2026] [php:error] [pid 17667] [client 40.80.90.214:0] script '/domains/proinc/styll.php' not found or unable to stat
[Thu Feb 19 03:09:52.311256 2026] [php:error] [pid 17667] [client 40.80.90.214:0] script '/domains/proinc/x7.php' not found or unable to stat
[Thu Feb 19 03:09:52.639329 2026] [php:error] [pid 17667] [client 40.80.90.214:0] script '/domains/proinc/thebe.php' not found or unable to stat
[Thu Feb 19 03:09:53.082738 2026] [php:error] [pid 17667] [client 40.80.90.214:0] script '/domains/proinc/ddd.php' not found or unable to stat
[Thu Feb 19 03:09:53.292453 2026] [php:error] [pid 17667] [client 40.80.90.214:0] script '/domains/proinc/bgymj.php' not found or unable to stat
[Thu Feb 19 03:09:53.495727 2026] [php:error] [pid 17667] [client 40.80.90.214:0] script '/domains/proinc/8xyz.php' not found or unable to stat
[Thu Feb 19 03:09:53.700143 2026] [php:error] [pid 17667] [client 40.80.90.214:0] script '/domains/proinc/ioxi.php' not found or unable to stat
[Thu Feb 19 03:09:53.907422 2026] [php:error] [pid 17667] [client 40.80.90.214:0] script '/domains/proinc/xpwer1.php' not found or unable to stat
[Thu Feb 19 03:09:54.231699 2026] [php:error] [pid 17667] [client 40.80.90.214:0] script '/domains/proinc/lala.php' not found or unable to stat
[Thu Feb 19 03:09:54.535501 2026] [php:error] [pid 17667] [client 40.80.90.214:0] script '/domains/proinc/about.php' not found or unable to stat
[Thu Feb 19 03:09:54.557776 2026] [php:error] [pid 17670] [client 35.247.243.250:0] script '/domains/hdickens.enteract/adminer-5.0.2-en.php' not found or unable to stat
[Thu Feb 19 03:09:55.890013 2026] [php:error] [pid 17667] [client 40.80.90.214:0] script '/domains/proinc/info.php' not found or unable to stat
