[Thu Feb 19 02:15:22.119897 2026] [php:error] [pid 16563] [client 4.217.180.34:0] script '/domains/tbarnhil/repeater.php' not found or unable to stat
[Thu Feb 19 02:15:22.205921 2026] [php:error] [pid 16548] [client 4.193.188.12:0] script '/domains/conceptlabs1/ms.php' not found or unable to stat
[Thu Feb 19 02:15:22.306948 2026] [php:error] [pid 16563] [client 4.217.180.34:0] script '/domains/tbarnhil/user_add.php' not found or unable to stat
[Thu Feb 19 02:15:22.436149 2026] [php:error] [pid 16548] [client 4.193.188.12:0] script '/domains/conceptlabs1/login8.php' not found or unable to stat
[Thu Feb 19 02:15:22.488757 2026] [php:error] [pid 16563] [client 4.217.180.34:0] script '/domains/tbarnhil/disoxrmons.php' not found or unable to stat
[Thu Feb 19 02:15:22.665445 2026] [php:error] [pid 16548] [client 4.193.188.12:0] script '/domains/conceptlabs1/nnyvn.php' not found or unable to stat
[Thu Feb 19 02:15:22.752992 2026] [php:error] [pid 16563] [client 4.217.180.34:0] script '/domains/tbarnhil/TNT.php' not found or unable to stat
[Thu Feb 19 02:15:22.890154 2026] [php:error] [pid 16548] [client 4.193.188.12:0] script '/domains/conceptlabs1/cu.php' not found or unable to stat
[Thu Feb 19 02:15:22.934757 2026] [php:error] [pid 16563] [client 4.217.180.34:0] script '/domains/tbarnhil/504.php' not found or unable to stat
[Thu Feb 19 02:15:23.115046 2026] [php:error] [pid 16548] [client 4.193.188.12:0] script '/domains/conceptlabs1/lul.php' not found or unable to stat
[Thu Feb 19 02:15:23.139865 2026] [php:error] [pid 16563] [client 4.217.180.34:0] script '/domains/tbarnhil/F0x.php' not found or unable to stat
[Thu Feb 19 02:15:23.343213 2026] [php:error] [pid 16548] [client 4.193.188.12:0] script '/domains/conceptlabs1/0.php' not found or unable to stat
[Thu Feb 19 02:15:23.424736 2026] [php:error] [pid 16563] [client 4.217.180.34:0] script '/domains/tbarnhil/aleXus.php' not found or unable to stat
[Thu Feb 19 02:15:23.567587 2026] [php:error] [pid 16548] [client 4.193.188.12:0] script '/domains/conceptlabs1/ms-edit.php' not found or unable to stat
[Thu Feb 19 02:15:23.606607 2026] [php:error] [pid 16563] [client 4.217.180.34:0] script '/domains/tbarnhil/alert.php' not found or unable to stat
[Thu Feb 19 02:15:23.788723 2026] [php:error] [pid 16563] [client 4.217.180.34:0] script '/domains/tbarnhil/se.php' not found or unable to stat
[Thu Feb 19 02:15:23.791634 2026] [php:error] [pid 16548] [client 4.193.188.12:0] script '/domains/conceptlabs1/ya.php' not found or unable to stat
[Thu Feb 19 02:15:23.986350 2026] [php:error] [pid 16563] [client 4.217.180.34:0] script '/domains/tbarnhil/al.php' not found or unable to stat
[Thu Feb 19 02:15:24.015751 2026] [php:error] [pid 16548] [client 4.193.188.12:0] script '/domains/conceptlabs1/grsiuk.php' not found or unable to stat
[Thu Feb 19 02:15:24.176055 2026] [php:error] [pid 16563] [client 4.217.180.34:0] script '/domains/tbarnhil/dirs.php' not found or unable to stat
[Thu Feb 19 02:15:24.242034 2026] [php:error] [pid 16548] [client 4.193.188.12:0] script '/domains/conceptlabs1/wp-blog.php' not found or unable to stat
[Thu Feb 19 02:15:24.358171 2026] [php:error] [pid 16563] [client 4.217.180.34:0] script '/domains/tbarnhil/lufix.php' not found or unable to stat
[Thu Feb 19 02:15:24.484062 2026] [php:error] [pid 16548] [client 4.193.188.12:0] script '/domains/conceptlabs1/wp-access.php' not found or unable to stat
[Thu Feb 19 02:15:24.539983 2026] [php:error] [pid 16563] [client 4.217.180.34:0] script '/domains/tbarnhil/pwnd.php' not found or unable to stat
[Thu Feb 19 02:15:24.709593 2026] [php:error] [pid 16548] [client 4.193.188.12:0] script '/domains/conceptlabs1/a1vx.php' not found or unable to stat
[Thu Feb 19 02:15:24.743914 2026] [php:error] [pid 16563] [client 4.217.180.34:0] script '/domains/tbarnhil/srx.php' not found or unable to stat
[Thu Feb 19 02:15:24.930316 2026] [php:error] [pid 16563] [client 4.217.180.34:0] script '/domains/tbarnhil/class-wp-cmd.php' not found or unable to stat
[Thu Feb 19 02:15:24.933994 2026] [php:error] [pid 16548] [client 4.193.188.12:0] script '/domains/conceptlabs1/sbhu.php' not found or unable to stat
[Thu Feb 19 02:15:25.122819 2026] [php:error] [pid 16563] [client 4.217.180.34:0] script '/domains/tbarnhil/temp.php' not found or unable to stat
[Thu Feb 19 02:15:25.169169 2026] [php:error] [pid 16548] [client 4.193.188.12:0] script '/domains/conceptlabs1/wp-the.php' not found or unable to stat
[Thu Feb 19 02:15:25.312060 2026] [php:error] [pid 16563] [client 4.217.180.34:0] script '/domains/tbarnhil/libcore.php' not found or unable to stat
[Thu Feb 19 02:15:25.394049 2026] [php:error] [pid 16548] [client 4.193.188.12:0] script '/domains/conceptlabs1/06.php' not found or unable to stat
[Thu Feb 19 02:15:25.494179 2026] [php:error] [pid 16563] [client 4.217.180.34:0] script '/domains/tbarnhil/bmccxior.php' not found or unable to stat
[Thu Feb 19 02:15:25.618759 2026] [php:error] [pid 16548] [client 4.193.188.12:0] script '/domains/conceptlabs1/wp5.php' not found or unable to stat
[Thu Feb 19 02:15:25.676306 2026] [php:error] [pid 16563] [client 4.217.180.34:0] script '/domains/tbarnhil/wp-blog-header.php' not found or unable to stat
[Thu Feb 19 02:15:25.851017 2026] [php:error] [pid 16548] [client 4.193.188.12:0] script '/domains/conceptlabs1/fot.php' not found or unable to stat
[Thu Feb 19 02:15:25.858049 2026] [php:error] [pid 16563] [client 4.217.180.34:0] script '/domains/tbarnhil/IDhrIlrLb.php' not found or unable to stat
[Thu Feb 19 02:15:26.054719 2026] [php:error] [pid 16563] [client 4.217.180.34:0] script '/domains/tbarnhil/shell4.php' not found or unable to stat
[Thu Feb 19 02:15:26.077128 2026] [php:error] [pid 16548] [client 4.193.188.12:0] script '/domains/conceptlabs1/ff1.php' not found or unable to stat
[Thu Feb 19 02:15:26.237204 2026] [php:error] [pid 16563] [client 4.217.180.34:0] script '/domains/tbarnhil/tron.php' not found or unable to stat
[Thu Feb 19 02:15:26.308575 2026] [php:error] [pid 16548] [client 4.193.188.12:0] script '/domains/conceptlabs1/forbidals.php' not found or unable to stat
[Thu Feb 19 02:15:26.419493 2026] [php:error] [pid 16563] [client 4.217.180.34:0] script '/domains/tbarnhil/database.php' not found or unable to stat
[Thu Feb 19 02:15:26.536305 2026] [php:error] [pid 16548] [client 4.193.188.12:0] script '/domains/conceptlabs1/erty.php' not found or unable to stat
[Thu Feb 19 02:15:26.601812 2026] [php:error] [pid 16563] [client 4.217.180.34:0] script '/domains/tbarnhil/media-admin.php' not found or unable to stat
[Thu Feb 19 02:15:26.766236 2026] [php:error] [pid 16548] [client 4.193.188.12:0] script '/domains/conceptlabs1/dev1s.php' not found or unable to stat
[Thu Feb 19 02:15:26.791615 2026] [php:error] [pid 16563] [client 4.217.180.34:0] script '/domains/tbarnhil/cljntmcz.php' not found or unable to stat
[Thu Feb 19 02:15:27.007775 2026] [php:error] [pid 16548] [client 4.193.188.12:0] script '/domains/conceptlabs1/ffd.php' not found or unable to stat
[Thu Feb 19 02:15:27.233389 2026] [php:error] [pid 16548] [client 4.193.188.12:0] script '/domains/conceptlabs1/admiin.php' not found or unable to stat
[Thu Feb 19 02:15:27.458651 2026] [php:error] [pid 16548] [client 4.193.188.12:0] script '/domains/conceptlabs1/ol.php' not found or unable to stat
[Thu Feb 19 02:15:27.683001 2026] [php:error] [pid 16548] [client 4.193.188.12:0] script '/domains/conceptlabs1/Sanskrit.php' not found or unable to stat
[Thu Feb 19 02:15:27.970544 2026] [php:error] [pid 16548] [client 4.193.188.12:0] script '/domains/conceptlabs1/vxrl.php' not found or unable to stat
[Thu Feb 19 02:15:28.201580 2026] [php:error] [pid 16548] [client 4.193.188.12:0] script '/domains/conceptlabs1/re.php' not found or unable to stat
[Thu Feb 19 02:15:28.426105 2026] [php:error] [pid 16548] [client 4.193.188.12:0] script '/domains/conceptlabs1/num.php' not found or unable to stat
[Thu Feb 19 02:15:28.650760 2026] [php:error] [pid 16548] [client 4.193.188.12:0] script '/domains/conceptlabs1/axx.php' not found or unable to stat
[Thu Feb 19 02:15:28.875615 2026] [php:error] [pid 16548] [client 4.193.188.12:0] script '/domains/conceptlabs1/vxrl.php' not found or unable to stat
[Thu Feb 19 02:15:28.910020 2026] [php:error] [pid 16552] [client 20.238.121.35:0] script '/domains/abtechsci/byp8.php' not found or unable to stat
[Thu Feb 19 02:15:29.101244 2026] [php:error] [pid 16548] [client 4.193.188.12:0] script '/domains/conceptlabs1/in.php' not found or unable to stat
[Thu Feb 19 02:15:29.325976 2026] [php:error] [pid 16548] [client 4.193.188.12:0] script '/domains/conceptlabs1/style.php' not found or unable to stat
[Thu Feb 19 02:15:29.550414 2026] [php:error] [pid 16548] [client 4.193.188.12:0] script '/domains/conceptlabs1/we.php' not found or unable to stat
[Thu Feb 19 02:15:29.774658 2026] [php:error] [pid 16548] [client 4.193.188.12:0] script '/domains/conceptlabs1/zwso.php' not found or unable to stat
[Thu Feb 19 02:15:30.004402 2026] [php:error] [pid 16548] [client 4.193.188.12:0] script '/domains/conceptlabs1/karak.php' not found or unable to stat
[Thu Feb 19 02:15:30.241789 2026] [php:error] [pid 16548] [client 4.193.188.12:0] script '/domains/conceptlabs1/prv8.php' not found or unable to stat
[Thu Feb 19 02:15:30.466097 2026] [php:error] [pid 16548] [client 4.193.188.12:0] script '/domains/conceptlabs1/i.php' not found or unable to stat
[Thu Feb 19 02:15:30.690550 2026] [php:error] [pid 16548] [client 4.193.188.12:0] script '/domains/conceptlabs1/a.php' not found or unable to stat
[Thu Feb 19 02:15:30.941091 2026] [php:error] [pid 16548] [client 4.193.188.12:0] script '/domains/conceptlabs1/xmlrpc.php' not found or unable to stat
[Thu Feb 19 02:15:31.165723 2026] [php:error] [pid 16548] [client 4.193.188.12:0] script '/domains/conceptlabs1/aw.php' not found or unable to stat
[Thu Feb 19 02:15:31.394206 2026] [php:error] [pid 16548] [client 4.193.188.12:0] script '/domains/conceptlabs1/dev.php' not found or unable to stat
[Thu Feb 19 02:15:31.619238 2026] [php:error] [pid 16548] [client 4.193.188.12:0] script '/domains/conceptlabs1/lock360.php' not found or unable to stat
[Thu Feb 19 02:15:31.843686 2026] [php:error] [pid 16548] [client 4.193.188.12:0] script '/domains/conceptlabs1/155.php' not found or unable to stat
[Thu Feb 19 02:15:32.067975 2026] [php:error] [pid 16548] [client 4.193.188.12:0] script '/domains/conceptlabs1/goat.php' not found or unable to stat
[Thu Feb 19 02:15:32.293363 2026] [php:error] [pid 16548] [client 4.193.188.12:0] script '/domains/conceptlabs1/tcp.php' not found or unable to stat
[Thu Feb 19 02:15:32.522773 2026] [php:error] [pid 16548] [client 4.193.188.12:0] script '/domains/conceptlabs1/ext.php' not found or unable to stat
[Thu Feb 19 02:15:32.748030 2026] [php:error] [pid 16548] [client 4.193.188.12:0] script '/domains/conceptlabs1/inputs.php' not found or unable to stat
[Thu Feb 19 02:15:32.972740 2026] [php:error] [pid 16548] [client 4.193.188.12:0] script '/domains/conceptlabs1/ioxi.php' not found or unable to stat
[Thu Feb 19 02:15:33.197556 2026] [php:error] [pid 16548] [client 4.193.188.12:0] script '/domains/conceptlabs1/fe5.php' not found or unable to stat
[Thu Feb 19 02:15:33.422008 2026] [php:error] [pid 16548] [client 4.193.188.12:0] script '/domains/conceptlabs1/ov.php' not found or unable to stat
[Thu Feb 19 02:15:33.880179 2026] [php:error] [pid 16548] [client 4.193.188.12:0] script '/domains/conceptlabs1/default.php' not found or unable to stat
[Thu Feb 19 02:15:34.105254 2026] [php:error] [pid 16548] [client 4.193.188.12:0] script '/domains/conceptlabs1/goods.php' not found or unable to stat
[Thu Feb 19 02:15:34.330206 2026] [php:error] [pid 16548] [client 4.193.188.12:0] script '/domains/conceptlabs1/abcd.php' not found or unable to stat
[Thu Feb 19 02:15:34.554705 2026] [php:error] [pid 16548] [client 4.193.188.12:0] script '/domains/conceptlabs1/class.1.php' not found or unable to stat
[Thu Feb 19 02:15:34.793187 2026] [php:error] [pid 16548] [client 4.193.188.12:0] script '/domains/conceptlabs1/async.php' not found or unable to stat
[Thu Feb 19 02:15:35.017773 2026] [php:error] [pid 16548] [client 4.193.188.12:0] script '/domains/conceptlabs1/ff.php' not found or unable to stat
[Thu Feb 19 02:15:35.242488 2026] [php:error] [pid 16548] [client 4.193.188.12:0] script '/domains/conceptlabs1/ioxi-o.php' not found or unable to stat
[Thu Feb 19 02:15:35.466962 2026] [php:error] [pid 16548] [client 4.193.188.12:0] script '/domains/conceptlabs1/manager.php' not found or unable to stat
[Thu Feb 19 02:15:35.691949 2026] [php:error] [pid 16548] [client 4.193.188.12:0] script '/domains/conceptlabs1/wp-update.php' not found or unable to stat
[Thu Feb 19 02:15:35.918255 2026] [php:error] [pid 16548] [client 4.193.188.12:0] script '/domains/conceptlabs1/file.php' not found or unable to stat
[Thu Feb 19 02:15:36.367708 2026] [php:error] [pid 16548] [client 4.193.188.12:0] script '/domains/conceptlabs1/lc.php' not found or unable to stat
[Thu Feb 19 02:15:36.595326 2026] [php:error] [pid 16548] [client 4.193.188.12:0] script '/domains/conceptlabs1/cbrfo.php' not found or unable to stat
[Thu Feb 19 02:15:36.819730 2026] [php:error] [pid 16548] [client 4.193.188.12:0] script '/domains/conceptlabs1/inc.php' not found or unable to stat
[Thu Feb 19 02:15:37.270930 2026] [php:error] [pid 16556] [client 4.193.188.12:0] script '/domains/conceptlabs1/gifclass.php' not found or unable to stat
[Thu Feb 19 02:15:37.496380 2026] [php:error] [pid 16556] [client 4.193.188.12:0] script '/domains/conceptlabs1/miansha.php' not found or unable to stat
[Thu Feb 19 02:15:37.722076 2026] [php:error] [pid 16556] [client 4.193.188.12:0] script '/domains/conceptlabs1/tinyfilemanager.php' not found or unable to stat
[Thu Feb 19 02:15:37.947405 2026] [php:error] [pid 16556] [client 4.193.188.12:0] script '/domains/conceptlabs1/admin.php' not found or unable to stat
[Thu Feb 19 02:15:38.172785 2026] [php:error] [pid 16556] [client 4.193.188.12:0] script '/domains/conceptlabs1/ok.php' not found or unable to stat
[Thu Feb 19 02:15:38.398363 2026] [php:error] [pid 16556] [client 4.193.188.12:0] script '/domains/conceptlabs1/fi.php' not found or unable to stat
[Thu Feb 19 02:15:38.624613 2026] [php:error] [pid 16556] [client 4.193.188.12:0] script '/domains/conceptlabs1/muzu.php' not found or unable to stat
[Thu Feb 19 02:15:38.851561 2026] [php:error] [pid 16556] [client 4.193.188.12:0] script '/domains/conceptlabs1/reze.php' not found or unable to stat
[Thu Feb 19 02:15:39.076874 2026] [php:error] [pid 16556] [client 4.193.188.12:0] script '/domains/conceptlabs1/styll.php' not found or unable to stat
[Thu Feb 19 02:15:39.311279 2026] [php:error] [pid 16556] [client 4.193.188.12:0] script '/domains/conceptlabs1/x7.php' not found or unable to stat
[Thu Feb 19 02:15:39.536695 2026] [php:error] [pid 16556] [client 4.193.188.12:0] script '/domains/conceptlabs1/thebe.php' not found or unable to stat
[Thu Feb 19 02:15:39.762091 2026] [php:error] [pid 16556] [client 4.193.188.12:0] script '/domains/conceptlabs1/ddd.php' not found or unable to stat
[Thu Feb 19 02:15:39.987533 2026] [php:error] [pid 16556] [client 4.193.188.12:0] script '/domains/conceptlabs1/bgymj.php' not found or unable to stat
[Thu Feb 19 02:15:40.221823 2026] [php:error] [pid 16556] [client 4.193.188.12:0] script '/domains/conceptlabs1/8xyz.php' not found or unable to stat
[Thu Feb 19 02:15:40.489822 2026] [php:error] [pid 16556] [client 4.193.188.12:0] script '/domains/conceptlabs1/ioxi.php' not found or unable to stat
[Thu Feb 19 02:15:40.718020 2026] [php:error] [pid 16556] [client 4.193.188.12:0] script '/domains/conceptlabs1/xpwer1.php' not found or unable to stat
[Thu Feb 19 02:15:40.944637 2026] [php:error] [pid 16556] [client 4.193.188.12:0] script '/domains/conceptlabs1/lala.php' not found or unable to stat
[Thu Feb 19 02:15:41.169752 2026] [php:error] [pid 16556] [client 4.193.188.12:0] script '/domains/conceptlabs1/about.php' not found or unable to stat
[Thu Feb 19 02:15:41.620941 2026] [php:error] [pid 16556] [client 4.193.188.12:0] script '/domains/conceptlabs1/cgi-bin/index.php' not found or unable to stat
[Thu Feb 19 02:15:42.296124 2026] [php:error] [pid 16556] [client 4.193.188.12:0] script '/domains/conceptlabs1/info.php' not found or unable to stat
[Thu Feb 19 02:15:42.522072 2026] [php:error] [pid 16556] [client 4.193.188.12:0] script '/domains/conceptlabs1/about.php' not found or unable to stat
[Thu Feb 19 02:15:42.973194 2026] [php:error] [pid 16556] [client 4.193.188.12:0] script '/domains/conceptlabs1/222.php' not found or unable to stat
[Thu Feb 19 02:15:43.200263 2026] [php:error] [pid 16556] [client 4.193.188.12:0] script '/domains/conceptlabs1/adminfuns.php' not found or unable to stat
[Thu Feb 19 02:15:43.653173 2026] [php:error] [pid 16556] [client 4.193.188.12:0] script '/domains/conceptlabs1/xx.php' not found or unable to stat
[Thu Feb 19 02:15:44.103565 2026] [php:error] [pid 16556] [client 4.193.188.12:0] script '/domains/conceptlabs1/f5.php' not found or unable to stat
[Thu Feb 19 02:15:44.329507 2026] [php:error] [pid 16556] [client 4.193.188.12:0] script '/domains/conceptlabs1/flower.php' not found or unable to stat
[Thu Feb 19 02:15:44.560295 2026] [php:error] [pid 16556] [client 4.193.188.12:0] script '/domains/conceptlabs1/f6.php' not found or unable to stat
[Thu Feb 19 02:15:44.789930 2026] [php:error] [pid 16556] [client 4.193.188.12:0] script '/domains/conceptlabs1/edit.php' not found or unable to stat
[Thu Feb 19 02:15:45.477618 2026] [php:error] [pid 16556] [client 4.193.188.12:0] script '/domains/conceptlabs1/av.php' not found or unable to stat
[Thu Feb 19 02:15:45.928218 2026] [php:error] [pid 16556] [client 4.193.188.12:0] script '/domains/conceptlabs1/wsd.php' not found or unable to stat
[Thu Feb 19 02:15:46.154908 2026] [php:error] [pid 16556] [client 4.193.188.12:0] script '/domains/conceptlabs1/jane.php' not found or unable to stat
[Thu Feb 19 02:15:46.380988 2026] [php:error] [pid 16556] [client 4.193.188.12:0] script '/domains/conceptlabs1/css.php' not found or unable to stat
[Thu Feb 19 02:15:46.606395 2026] [php:error] [pid 16556] [client 4.193.188.12:0] script '/domains/conceptlabs1/alfa.php' not found or unable to stat
[Thu Feb 19 02:15:46.832991 2026] [php:error] [pid 16556] [client 4.193.188.12:0] script '/domains/conceptlabs1/wen.php' not found or unable to stat
[Thu Feb 19 02:15:47.058511 2026] [php:error] [pid 16556] [client 4.193.188.12:0] script '/domains/conceptlabs1/x.php' not found or unable to stat
[Thu Feb 19 02:15:47.284010 2026] [php:error] [pid 16556] [client 4.193.188.12:0] script '/domains/conceptlabs1/xxxx.php' not found or unable to stat
[Thu Feb 19 02:15:47.509694 2026] [php:error] [pid 16556] [client 4.193.188.12:0] script '/domains/conceptlabs1/class.php' not found or unable to stat
[Thu Feb 19 02:15:47.737749 2026] [php:error] [pid 16556] [client 4.193.188.12:0] script '/domains/conceptlabs1/f35.php' not found or unable to stat
[Thu Feb 19 02:15:48.670313 2026] [php:error] [pid 16556] [client 4.193.188.12:0] script '/domains/conceptlabs1/class-t.api.php' not found or unable to stat
[Thu Feb 19 02:15:48.896754 2026] [php:error] [pid 16556] [client 4.193.188.12:0] script '/domains/conceptlabs1/blurbs18.php' not found or unable to stat
[Thu Feb 19 02:15:50.477959 2026] [php:error] [pid 16556] [client 4.193.188.12:0] script '/domains/conceptlabs1/bless11.php' not found or unable to stat
[Thu Feb 19 02:15:50.702690 2026] [php:error] [pid 16556] [client 4.193.188.12:0] script '/domains/conceptlabs1/init.php' not found or unable to stat
[Thu Feb 19 02:15:51.152037 2026] [php:error] [pid 16556] [client 4.193.188.12:0] script '/domains/conceptlabs1/k.php' not found or unable to stat
[Thu Feb 19 02:15:51.387317 2026] [php:error] [pid 16556] [client 4.193.188.12:0] script '/domains/conceptlabs1/bless.php' not found or unable to stat
[Thu Feb 19 02:15:51.612289 2026] [php:error] [pid 16556] [client 4.193.188.12:0] script '/domains/conceptlabs1/X7x.php' not found or unable to stat
[Thu Feb 19 02:15:51.837917 2026] [php:error] [pid 16556] [client 4.193.188.12:0] script '/domains/conceptlabs1/166.php' not found or unable to stat
[Thu Feb 19 02:15:52.062752 2026] [php:error] [pid 16556] [client 4.193.188.12:0] script '/domains/conceptlabs1/plss3.php' not found or unable to stat
[Thu Feb 19 02:15:52.526235 2026] [php:error] [pid 16556] [client 4.193.188.12:0] script '/domains/conceptlabs1/admins.php' not found or unable to stat
[Thu Feb 19 02:15:52.751187 2026] [php:error] [pid 16556] [client 4.193.188.12:0] script '/domains/conceptlabs1/wp.php' not found or unable to stat
[Thu Feb 19 02:15:52.976555 2026] [php:error] [pid 16556] [client 4.193.188.12:0] script '/domains/conceptlabs1/main.php' not found or unable to stat
[Thu Feb 19 02:15:53.202127 2026] [php:error] [pid 16556] [client 4.193.188.12:0] script '/domains/conceptlabs1/a1.php' not found or unable to stat
[Thu Feb 19 02:15:53.426686 2026] [php:error] [pid 16556] [client 4.193.188.12:0] script '/domains/conceptlabs1/lala.php' not found or unable to stat
[Thu Feb 19 02:15:53.651867 2026] [php:error] [pid 16556] [client 4.193.188.12:0] script '/domains/conceptlabs1/aaa.php' not found or unable to stat
[Thu Feb 19 02:15:53.878181 2026] [php:error] [pid 16556] [client 4.193.188.12:0] script '/domains/conceptlabs1/a2.php' not found or unable to stat
[Thu Feb 19 02:15:54.327744 2026] [php:error] [pid 16556] [client 4.193.188.12:0] script '/domains/conceptlabs1/jsond.php' not found or unable to stat
[Thu Feb 19 02:15:57.668836 2026] [php:error] [pid 16565] [client 34.96.162.56:0] script '/domains/pauljbrock/adminer-5.4.0-mysql.php' not found or unable to stat
[Thu Feb 19 02:16:23.765258 2026] [php:error] [pid 16548] [client 34.96.162.50:0] script '/domains/pauljbrock/adminer-5.0.4.php' not found or unable to stat
[Thu Feb 19 02:16:34.592417 2026] [php:error] [pid 16571] [client 35.247.243.248:0] script '/domains/pauljbrock/adminer-4.7.7.php' not found or unable to stat
[Thu Feb 19 02:16:46.286692 2026] [php:error] [pid 16575] [client 179.43.191.19:0] script '/domains/ceonlinenews/wp-login.php' not found or unable to stat, referer: ceonlinenews.com
[Thu Feb 19 02:17:17.515819 2026] [core:crit] [pid 16579] (13)Permission denied: [client 114.119.134.230:0] AH00529: /domains/performancepartsinc/graphics/psd/.htaccess pcfg_openfile: unable to check htaccess file, ensure it is readable and that '/domains/performancepartsinc/graphics/psd/' is executable
[Thu Feb 19 02:17:30.067965 2026] [php:error] [pid 16576] [client 20.78.146.86:0] script '/domains/vangoghagainweb/wp-2019.php' not found or unable to stat
[Thu Feb 19 02:17:30.776932 2026] [php:error] [pid 16576] [client 20.78.146.86:0] script '/domains/vangoghagainweb/403.php' not found or unable to stat
[Thu Feb 19 02:17:30.967712 2026] [php:error] [pid 16576] [client 20.78.146.86:0] script '/domains/vangoghagainweb/aaa.php' not found or unable to stat
[Thu Feb 19 02:17:33.049497 2026] [php:error] [pid 16576] [client 20.78.146.86:0] script '/domains/vangoghagainweb/y.php' not found or unable to stat
[Thu Feb 19 02:17:34.385135 2026] [php:error] [pid 16576] [client 20.78.146.86:0] script '/domains/vangoghagainweb/ggfi.php' not found or unable to stat
[Thu Feb 19 02:17:35.024987 2026] [php:error] [pid 16576] [client 20.78.146.86:0] script '/domains/vangoghagainweb/buy.php' not found or unable to stat
[Thu Feb 19 02:17:35.199841 2026] [php:error] [pid 16576] [client 20.78.146.86:0] script '/domains/vangoghagainweb/chosen.php' not found or unable to stat
[Thu Feb 19 02:17:36.337447 2026] [php:error] [pid 16576] [client 20.78.146.86:0] script '/domains/vangoghagainweb/cron.php' not found or unable to stat
[Thu Feb 19 02:17:37.059474 2026] [php:error] [pid 16576] [client 20.78.146.86:0] script '/domains/vangoghagainweb/functions.php' not found or unable to stat
[Thu Feb 19 02:17:38.936433 2026] [php:error] [pid 16576] [client 20.78.146.86:0] script '/domains/vangoghagainweb/wp-add.php' not found or unable to stat
[Thu Feb 19 02:17:39.668674 2026] [php:error] [pid 16576] [client 20.78.146.86:0] script '/domains/vangoghagainweb/0.php' not found or unable to stat
[Thu Feb 19 02:17:40.366261 2026] [php:error] [pid 16576] [client 20.78.146.86:0] script '/domains/vangoghagainweb/edit.php' not found or unable to stat
[Thu Feb 19 02:17:41.081887 2026] [php:error] [pid 16576] [client 20.78.146.86:0] script '/domains/vangoghagainweb/meta.php' not found or unable to stat
[Thu Feb 19 02:17:41.260693 2026] [php:error] [pid 16576] [client 20.78.146.86:0] script '/domains/vangoghagainweb/new.php' not found or unable to stat
[Thu Feb 19 02:17:41.613959 2026] [php:error] [pid 16576] [client 20.78.146.86:0] script '/domains/vangoghagainweb/as.php' not found or unable to stat
[Thu Feb 19 02:17:41.796188 2026] [php:error] [pid 16576] [client 20.78.146.86:0] script '/domains/vangoghagainweb/ds.php' not found or unable to stat
[Thu Feb 19 02:17:41.984105 2026] [php:error] [pid 16576] [client 20.78.146.86:0] script '/domains/vangoghagainweb/error.php' not found or unable to stat
[Thu Feb 19 02:17:42.189619 2026] [php:error] [pid 16576] [client 20.78.146.86:0] script '/domains/vangoghagainweb/gecko-new.php' not found or unable to stat
[Thu Feb 19 02:17:42.410301 2026] [php:error] [pid 16576] [client 20.78.146.86:0] script '/domains/vangoghagainweb/randkeyword.php' not found or unable to stat
[Thu Feb 19 02:17:43.853060 2026] [php:error] [pid 16576] [client 20.78.146.86:0] script '/domains/vangoghagainweb/NewFile.php' not found or unable to stat
[Thu Feb 19 02:17:44.406238 2026] [php:error] [pid 16576] [client 20.78.146.86:0] script '/domains/vangoghagainweb/goods.php' not found or unable to stat
[Thu Feb 19 02:17:44.594533 2026] [php:error] [pid 16576] [client 20.78.146.86:0] script '/domains/vangoghagainweb/simple.php' not found or unable to stat
[Thu Feb 19 02:17:45.907433 2026] [php:error] [pid 16576] [client 20.78.146.86:0] script '/domains/vangoghagainweb/c.php' not found or unable to stat
[Thu Feb 19 02:17:47.188386 2026] [php:error] [pid 16576] [client 20.78.146.86:0] script '/domains/vangoghagainweb/auth.php' not found or unable to stat
[Thu Feb 19 02:17:47.728602 2026] [php:error] [pid 16576] [client 20.78.146.86:0] script '/domains/vangoghagainweb/class-wp-lock.php' not found or unable to stat
[Thu Feb 19 02:17:47.910148 2026] [php:error] [pid 16576] [client 20.78.146.86:0] script '/domains/vangoghagainweb/cookie.php' not found or unable to stat
[Thu Feb 19 02:17:48.467975 2026] [php:error] [pid 16568] [client 20.203.180.135:0] script '/domains/davidbacker/new4.php' not found or unable to stat
[Thu Feb 19 02:17:48.561893 2026] [php:error] [pid 16568] [client 20.203.180.135:0] script '/domains/davidbacker/xoot.php' not found or unable to stat
[Thu Feb 19 02:17:48.598054 2026] [php:error] [pid 16576] [client 20.78.146.86:0] script '/domains/vangoghagainweb/admin.php' not found or unable to stat
[Thu Feb 19 02:17:48.661992 2026] [php:error] [pid 16568] [client 20.203.180.135:0] script '/domains/davidbacker/er.php' not found or unable to stat
[Thu Feb 19 02:17:48.755897 2026] [php:error] [pid 16568] [client 20.203.180.135:0] script '/domains/davidbacker/fault.php' not found or unable to stat
[Thu Feb 19 02:17:48.851658 2026] [php:error] [pid 16568] [client 20.203.180.135:0] script '/domains/davidbacker/x2x.php' not found or unable to stat
[Thu Feb 19 02:17:48.946826 2026] [php:error] [pid 16568] [client 20.203.180.135:0] script '/domains/davidbacker/motu.php' not found or unable to stat
[Thu Feb 19 02:17:49.040776 2026] [php:error] [pid 16568] [client 20.203.180.135:0] script '/domains/davidbacker/66.php' not found or unable to stat
[Thu Feb 19 02:17:49.135375 2026] [php:error] [pid 16568] [client 20.203.180.135:0] script '/domains/davidbacker/leuk.php' not found or unable to stat
[Thu Feb 19 02:17:49.244037 2026] [php:error] [pid 16568] [client 20.203.180.135:0] script '/domains/davidbacker/bc-456.php' not found or unable to stat
[Thu Feb 19 02:17:49.245686 2026] [php:error] [pid 16576] [client 20.78.146.86:0] script '/domains/vangoghagainweb/baxa1.php' not found or unable to stat
[Thu Feb 19 02:17:49.338496 2026] [php:error] [pid 16568] [client 20.203.180.135:0] script '/domains/davidbacker/wo.php' not found or unable to stat
[Thu Feb 19 02:17:49.433291 2026] [php:error] [pid 16568] [client 20.203.180.135:0] script '/domains/davidbacker/bvb.php' not found or unable to stat
[Thu Feb 19 02:17:49.527022 2026] [php:error] [pid 16568] [client 20.203.180.135:0] script '/domains/davidbacker/xqq.php' not found or unable to stat
[Thu Feb 19 02:17:49.620845 2026] [php:error] [pid 16568] [client 20.203.180.135:0] script '/domains/davidbacker/kolda.php' not found or unable to stat
[Thu Feb 19 02:17:49.749532 2026] [php:error] [pid 16568] [client 20.203.180.135:0] script '/domains/davidbacker/nw.php' not found or unable to stat
[Thu Feb 19 02:17:49.844131 2026] [php:error] [pid 16568] [client 20.203.180.135:0] script '/domains/davidbacker/god.php' not found or unable to stat
[Thu Feb 19 02:17:49.938817 2026] [php:error] [pid 16568] [client 20.203.180.135:0] script '/domains/davidbacker/666.php' not found or unable to stat
[Thu Feb 19 02:17:50.035935 2026] [php:error] [pid 16568] [client 20.203.180.135:0] script '/domains/davidbacker/kj.php' not found or unable to stat
[Thu Feb 19 02:17:50.130428 2026] [php:error] [pid 16568] [client 20.203.180.135:0] script '/domains/davidbacker/un.php' not found or unable to stat
[Thu Feb 19 02:17:50.224770 2026] [php:error] [pid 16568] [client 20.203.180.135:0] script '/domains/davidbacker/fs.php' not found or unable to stat
[Thu Feb 19 02:17:50.318924 2026] [php:error] [pid 16568] [client 20.203.180.135:0] script '/domains/davidbacker/lts.php' not found or unable to stat
[Thu Feb 19 02:17:50.413817 2026] [php:error] [pid 16568] [client 20.203.180.135:0] script '/domains/davidbacker/ms.php' not found or unable to stat
[Thu Feb 19 02:17:50.506195 2026] [php:error] [pid 16576] [client 20.78.146.86:0] script '/domains/vangoghagainweb/xleet.php' not found or unable to stat
[Thu Feb 19 02:17:50.509514 2026] [php:error] [pid 16568] [client 20.203.180.135:0] script '/domains/davidbacker/login8.php' not found or unable to stat
[Thu Feb 19 02:17:50.603251 2026] [php:error] [pid 16568] [client 20.203.180.135:0] script '/domains/davidbacker/nnyvn.php' not found or unable to stat
[Thu Feb 19 02:17:50.696827 2026] [php:error] [pid 16568] [client 20.203.180.135:0] script '/domains/davidbacker/cu.php' not found or unable to stat
[Thu Feb 19 02:17:50.796242 2026] [php:error] [pid 16568] [client 20.203.180.135:0] script '/domains/davidbacker/lul.php' not found or unable to stat
[Thu Feb 19 02:17:50.859818 2026] [php:error] [pid 16576] [client 20.78.146.86:0] script '/domains/vangoghagainweb/about.php' not found or unable to stat
[Thu Feb 19 02:17:50.895037 2026] [php:error] [pid 16568] [client 20.203.180.135:0] script '/domains/davidbacker/0.php' not found or unable to stat
[Thu Feb 19 02:17:50.993326 2026] [php:error] [pid 16568] [client 20.203.180.135:0] script '/domains/davidbacker/ms-edit.php' not found or unable to stat
[Thu Feb 19 02:17:51.087764 2026] [php:error] [pid 16568] [client 20.203.180.135:0] script '/domains/davidbacker/ya.php' not found or unable to stat
[Thu Feb 19 02:17:51.183041 2026] [php:error] [pid 16568] [client 20.203.180.135:0] script '/domains/davidbacker/grsiuk.php' not found or unable to stat
[Thu Feb 19 02:17:51.296859 2026] [php:error] [pid 16568] [client 20.203.180.135:0] script '/domains/davidbacker/wp-blog.php' not found or unable to stat
[Thu Feb 19 02:17:51.391318 2026] [php:error] [pid 16568] [client 20.203.180.135:0] script '/domains/davidbacker/ftem.php' not found or unable to stat
[Thu Feb 19 02:17:51.485107 2026] [php:error] [pid 16568] [client 20.203.180.135:0] script '/domains/davidbacker/7wom.php' not found or unable to stat
[Thu Feb 19 02:17:51.608296 2026] [php:error] [pid 16568] [client 20.203.180.135:0] script '/domains/davidbacker/wp-access.php' not found or unable to stat
[Thu Feb 19 02:17:51.701923 2026] [php:error] [pid 16568] [client 20.203.180.135:0] script '/domains/davidbacker/a1vx.php' not found or unable to stat
[Thu Feb 19 02:17:51.795595 2026] [php:error] [pid 16568] [client 20.203.180.135:0] script '/domains/davidbacker/sbhu.php' not found or unable to stat
[Thu Feb 19 02:17:51.889421 2026] [php:error] [pid 16568] [client 20.203.180.135:0] script '/domains/davidbacker/wp-the.php' not found or unable to stat
[Thu Feb 19 02:17:51.983977 2026] [php:error] [pid 16568] [client 20.203.180.135:0] script '/domains/davidbacker/06.php' not found or unable to stat
[Thu Feb 19 02:17:52.077852 2026] [php:error] [pid 16568] [client 20.203.180.135:0] script '/domains/davidbacker/wp5.php' not found or unable to stat
[Thu Feb 19 02:17:52.172134 2026] [php:error] [pid 16568] [client 20.203.180.135:0] script '/domains/davidbacker/fot.php' not found or unable to stat
[Thu Feb 19 02:17:52.259407 2026] [php:error] [pid 16576] [client 20.78.146.86:0] script '/domains/vangoghagainweb/alfanew.php' not found or unable to stat
[Thu Feb 19 02:17:52.271721 2026] [php:error] [pid 16568] [client 20.203.180.135:0] script '/domains/davidbacker/ff1.php' not found or unable to stat
[Thu Feb 19 02:17:52.365713 2026] [php:error] [pid 16568] [client 20.203.180.135:0] script '/domains/davidbacker/forbidals.php' not found or unable to stat
[Thu Feb 19 02:17:52.459511 2026] [php:error] [pid 16568] [client 20.203.180.135:0] script '/domains/davidbacker/erty.php' not found or unable to stat
[Thu Feb 19 02:17:52.560007 2026] [php:error] [pid 16568] [client 20.203.180.135:0] script '/domains/davidbacker/dev1s.php' not found or unable to stat
[Thu Feb 19 02:17:52.654885 2026] [php:error] [pid 16568] [client 20.203.180.135:0] script '/domains/davidbacker/ffd.php' not found or unable to stat
[Thu Feb 19 02:17:52.749214 2026] [php:error] [pid 16568] [client 20.203.180.135:0] script '/domains/davidbacker/admiin.php' not found or unable to stat
[Thu Feb 19 02:17:52.758052 2026] [php:error] [pid 16576] [client 20.78.146.86:0] script '/domains/vangoghagainweb/22.php' not found or unable to stat
[Thu Feb 19 02:17:52.862039 2026] [php:error] [pid 16568] [client 20.203.180.135:0] script '/domains/davidbacker/ol.php' not found or unable to stat
[Thu Feb 19 02:17:52.956021 2026] [php:error] [pid 16568] [client 20.203.180.135:0] script '/domains/davidbacker/Sanskrit.php' not found or unable to stat
[Thu Feb 19 02:17:53.072877 2026] [php:error] [pid 16568] [client 20.203.180.135:0] script '/domains/davidbacker/vxrl.php' not found or unable to stat
[Thu Feb 19 02:17:53.166580 2026] [php:error] [pid 16568] [client 20.203.180.135:0] script '/domains/davidbacker/re.php' not found or unable to stat
[Thu Feb 19 02:17:53.260376 2026] [php:error] [pid 16568] [client 20.203.180.135:0] script '/domains/davidbacker/num.php' not found or unable to stat
[Thu Feb 19 02:17:53.354311 2026] [php:error] [pid 16568] [client 20.203.180.135:0] script '/domains/davidbacker/axx.php' not found or unable to stat
[Thu Feb 19 02:17:53.452858 2026] [php:error] [pid 16568] [client 20.203.180.135:0] script '/domains/davidbacker/vxrl.php' not found or unable to stat
[Thu Feb 19 02:17:53.558161 2026] [php:error] [pid 16568] [client 20.203.180.135:0] script '/domains/davidbacker/in.php' not found or unable to stat
[Thu Feb 19 02:17:53.651804 2026] [php:error] [pid 16568] [client 20.203.180.135:0] script '/domains/davidbacker/style.php' not found or unable to stat
[Thu Feb 19 02:17:53.745656 2026] [php:error] [pid 16568] [client 20.203.180.135:0] script '/domains/davidbacker/we.php' not found or unable to stat
[Thu Feb 19 02:17:53.839780 2026] [php:error] [pid 16568] [client 20.203.180.135:0] script '/domains/davidbacker/zwso.php' not found or unable to stat
[Thu Feb 19 02:17:53.935196 2026] [php:error] [pid 16568] [client 20.203.180.135:0] script '/domains/davidbacker/karak.php' not found or unable to stat
[Thu Feb 19 02:17:54.029650 2026] [php:error] [pid 16568] [client 20.203.180.135:0] script '/domains/davidbacker/trd.php' not found or unable to stat
[Thu Feb 19 02:17:54.106080 2026] [php:error] [pid 16576] [client 20.78.146.86:0] script '/domains/vangoghagainweb/simple.php' not found or unable to stat
[Thu Feb 19 02:17:54.150317 2026] [php:error] [pid 16568] [client 20.203.180.135:0] script '/domains/davidbacker/past.php' not found or unable to stat
[Thu Feb 19 02:17:54.243983 2026] [php:error] [pid 16568] [client 20.203.180.135:0] script '/domains/davidbacker/prv8.php' not found or unable to stat
[Thu Feb 19 02:17:54.350823 2026] [php:error] [pid 16568] [client 20.203.180.135:0] script '/domains/davidbacker/i.php' not found or unable to stat
[Thu Feb 19 02:17:54.477409 2026] [php:error] [pid 16576] [client 20.78.146.86:0] script '/domains/vangoghagainweb/admin.php' not found or unable to stat
[Thu Feb 19 02:17:54.538291 2026] [php:error] [pid 16568] [client 20.203.180.135:0] script '/domains/davidbacker/xmlrpc.php' not found or unable to stat
[Thu Feb 19 02:17:54.632456 2026] [php:error] [pid 16568] [client 20.203.180.135:0] script '/domains/davidbacker/aw.php' not found or unable to stat
[Thu Feb 19 02:17:54.726279 2026] [php:error] [pid 16568] [client 20.203.180.135:0] script '/domains/davidbacker/dev.php' not found or unable to stat
[Thu Feb 19 02:17:54.820252 2026] [php:error] [pid 16568] [client 20.203.180.135:0] script '/domains/davidbacker/lock360.php' not found or unable to stat
[Thu Feb 19 02:17:54.915066 2026] [php:error] [pid 16568] [client 20.203.180.135:0] script '/domains/davidbacker/155.php' not found or unable to stat
[Thu Feb 19 02:17:54.997974 2026] [php:error] [pid 16576] [client 20.78.146.86:0] script '/domains/vangoghagainweb/c99.php' not found or unable to stat
[Thu Feb 19 02:17:55.012166 2026] [php:error] [pid 16568] [client 20.203.180.135:0] script '/domains/davidbacker/goat.php' not found or unable to stat
[Thu Feb 19 02:17:55.109894 2026] [php:error] [pid 16568] [client 20.203.180.135:0] script '/domains/davidbacker/tcp.php' not found or unable to stat
[Thu Feb 19 02:17:55.179046 2026] [php:error] [pid 16576] [client 20.78.146.86:0] script '/domains/vangoghagainweb/file.php' not found or unable to stat
[Thu Feb 19 02:17:55.205881 2026] [php:error] [pid 16568] [client 20.203.180.135:0] script '/domains/davidbacker/ext.php' not found or unable to stat
[Thu Feb 19 02:17:55.299882 2026] [php:error] [pid 16568] [client 20.203.180.135:0] script '/domains/davidbacker/inputs.php' not found or unable to stat
[Thu Feb 19 02:17:55.361675 2026] [php:error] [pid 16576] [client 20.78.146.86:0] script '/domains/vangoghagainweb/b.php' not found or unable to stat
[Thu Feb 19 02:17:55.393614 2026] [php:error] [pid 16568] [client 20.203.180.135:0] script '/domains/davidbacker/ioxi.php' not found or unable to stat
[Thu Feb 19 02:17:55.493147 2026] [php:error] [pid 16568] [client 20.203.180.135:0] script '/domains/davidbacker/fe5.php' not found or unable to stat
[Thu Feb 19 02:17:55.599095 2026] [php:error] [pid 16568] [client 20.203.180.135:0] script '/domains/davidbacker/ov.php' not found or unable to stat
[Thu Feb 19 02:17:55.692718 2026] [php:error] [pid 16568] [client 20.203.180.135:0] script '/domains/davidbacker/past1.php' not found or unable to stat
[Thu Feb 19 02:17:55.880313 2026] [php:error] [pid 16568] [client 20.203.180.135:0] script '/domains/davidbacker/default.php' not found or unable to stat
[Thu Feb 19 02:17:55.996155 2026] [php:error] [pid 16568] [client 20.203.180.135:0] script '/domains/davidbacker/goods.php' not found or unable to stat
[Thu Feb 19 02:17:56.075496 2026] [php:error] [pid 16576] [client 20.78.146.86:0] script '/domains/vangoghagainweb/classwithtostring.php' not found or unable to stat
[Thu Feb 19 02:17:56.091875 2026] [php:error] [pid 16568] [client 20.203.180.135:0] script '/domains/davidbacker/abcd.php' not found or unable to stat
[Thu Feb 19 02:17:56.187755 2026] [php:error] [pid 16568] [client 20.203.180.135:0] script '/domains/davidbacker/yos.php' not found or unable to stat
[Thu Feb 19 02:17:56.248282 2026] [php:error] [pid 16576] [client 20.78.146.86:0] script '/domains/vangoghagainweb/css.php' not found or unable to stat
[Thu Feb 19 02:17:56.281594 2026] [php:error] [pid 16568] [client 20.203.180.135:0] script '/domains/davidbacker/nope.php' not found or unable to stat
[Thu Feb 19 02:17:56.375449 2026] [php:error] [pid 16568] [client 20.203.180.135:0] script '/domains/davidbacker/class.1.php' not found or unable to stat
[Thu Feb 19 02:17:56.494725 2026] [php:error] [pid 16568] [client 20.203.180.135:0] script '/domains/davidbacker/file5.php' not found or unable to stat
[Thu Feb 19 02:17:56.588818 2026] [php:error] [pid 16568] [client 20.203.180.135:0] script '/domains/davidbacker/async.php' not found or unable to stat
[Thu Feb 19 02:17:56.698759 2026] [php:error] [pid 16568] [client 20.203.180.135:0] script '/domains/davidbacker/ff.php' not found or unable to stat
[Thu Feb 19 02:17:56.718946 2026] [php:error] [pid 16576] [client 20.78.146.86:0] script '/domains/vangoghagainweb/flower.php' not found or unable to stat
[Thu Feb 19 02:17:56.793813 2026] [php:error] [pid 16568] [client 20.203.180.135:0] script '/domains/davidbacker/ioxi-o.php' not found or unable to stat
[Thu Feb 19 02:17:56.888067 2026] [php:error] [pid 16568] [client 20.203.180.135:0] script '/domains/davidbacker/manager.php' not found or unable to stat
[Thu Feb 19 02:17:56.982685 2026] [php:error] [pid 16568] [client 20.203.180.135:0] script '/domains/davidbacker/wp-update.php' not found or unable to stat
[Thu Feb 19 02:17:57.164451 2026] [php:error] [pid 16568] [client 20.203.180.135:0] script '/domains/davidbacker/file.php' not found or unable to stat
[Thu Feb 19 02:17:57.367508 2026] [php:error] [pid 16568] [client 20.203.180.135:0] script '/domains/davidbacker/lc.php' not found or unable to stat
[Thu Feb 19 02:17:57.478185 2026] [php:error] [pid 16568] [client 20.203.180.135:0] script '/domains/davidbacker/hexx.php' not found or unable to stat
[Thu Feb 19 02:17:57.664144 2026] [php:error] [pid 16568] [client 20.203.180.135:0] script '/domains/davidbacker/cbrfo.php' not found or unable to stat
[Thu Feb 19 02:17:57.757904 2026] [php:error] [pid 16568] [client 20.203.180.135:0] script '/domains/davidbacker/inc.php' not found or unable to stat
[Thu Feb 19 02:17:57.851884 2026] [php:error] [pid 16568] [client 20.203.180.135:0] script '/domains/davidbacker/gifclass.php' not found or unable to stat
[Thu Feb 19 02:17:57.945509 2026] [php:error] [pid 16568] [client 20.203.180.135:0] script '/domains/davidbacker/miansha.php' not found or unable to stat
[Thu Feb 19 02:17:57.952220 2026] [php:error] [pid 16576] [client 20.78.146.86:0] script '/domains/vangoghagainweb/jp.php' not found or unable to stat
[Thu Feb 19 02:17:58.046537 2026] [php:error] [pid 16568] [client 20.203.180.135:0] script '/domains/davidbacker/tinyfilemanager.php' not found or unable to stat
[Thu Feb 19 02:17:58.146782 2026] [php:error] [pid 16568] [client 20.203.180.135:0] script '/domains/davidbacker/xfile25.php' not found or unable to stat
[Thu Feb 19 02:17:58.240737 2026] [php:error] [pid 16568] [client 20.203.180.135:0] script '/domains/davidbacker/ok.php' not found or unable to stat
[Thu Feb 19 02:17:58.329360 2026] [php:error] [pid 16576] [client 20.78.146.86:0] script '/domains/vangoghagainweb/room.php' not found or unable to stat
[Thu Feb 19 02:17:58.334467 2026] [php:error] [pid 16568] [client 20.203.180.135:0] script '/domains/davidbacker/fi.php' not found or unable to stat
[Thu Feb 19 02:17:58.721485 2026] [php:error] [pid 16548] [client 20.203.180.135:0] script '/domains/davidbacker/muzu.php' not found or unable to stat
[Thu Feb 19 02:17:58.818327 2026] [php:error] [pid 16548] [client 20.203.180.135:0] script '/domains/davidbacker/reze.php' not found or unable to stat
[Thu Feb 19 02:17:58.913905 2026] [php:error] [pid 16576] [client 20.78.146.86:0] script '/domains/vangoghagainweb/12.php' not found or unable to stat
[Thu Feb 19 02:17:59.039909 2026] [php:error] [pid 16548] [client 20.203.180.135:0] script '/domains/davidbacker/styll.php' not found or unable to stat
[Thu Feb 19 02:17:59.112061 2026] [php:error] [pid 16576] [client 20.78.146.86:0] script '/domains/vangoghagainweb/404.php' not found or unable to stat
[Thu Feb 19 02:17:59.134982 2026] [php:error] [pid 16548] [client 20.203.180.135:0] script '/domains/davidbacker/x7.php' not found or unable to stat
[Thu Feb 19 02:17:59.230332 2026] [php:error] [pid 16548] [client 20.203.180.135:0] script '/domains/davidbacker/thebe.php' not found or unable to stat
[Thu Feb 19 02:17:59.334008 2026] [php:error] [pid 16548] [client 20.203.180.135:0] script '/domains/davidbacker/ddd.php' not found or unable to stat
[Thu Feb 19 02:17:59.435329 2026] [php:error] [pid 16548] [client 20.203.180.135:0] script '/domains/davidbacker/ccs.php' not found or unable to stat
[Thu Feb 19 02:17:59.557454 2026] [php:error] [pid 16548] [client 20.203.180.135:0] script '/domains/davidbacker/bgymj.php' not found or unable to stat
[Thu Feb 19 02:17:59.651910 2026] [php:error] [pid 16548] [client 20.203.180.135:0] script '/domains/davidbacker/8xyz.php' not found or unable to stat
[Thu Feb 19 02:17:59.747247 2026] [php:error] [pid 16548] [client 20.203.180.135:0] script '/domains/davidbacker/la.php' not found or unable to stat
[Thu Feb 19 02:17:59.802782 2026] [php:error] [pid 16576] [client 20.78.146.86:0] script '/domains/vangoghagainweb/disagreed.php' not found or unable to stat
[Thu Feb 19 02:17:59.841419 2026] [php:error] [pid 16548] [client 20.203.180.135:0] script '/domains/davidbacker/ioxi.php' not found or unable to stat
[Thu Feb 19 02:17:59.936020 2026] [php:error] [pid 16548] [client 20.203.180.135:0] script '/domains/davidbacker/xpwer1.php' not found or unable to stat
[Thu Feb 19 02:18:00.030411 2026] [php:error] [pid 16548] [client 20.203.180.135:0] script '/domains/davidbacker/lala.php' not found or unable to stat
[Thu Feb 19 02:18:00.125260 2026] [php:error] [pid 16548] [client 20.203.180.135:0] script '/domains/davidbacker/about.php' not found or unable to stat
[Thu Feb 19 02:18:00.155099 2026] [php:error] [pid 16576] [client 20.78.146.86:0] script '/domains/vangoghagainweb/text.php' not found or unable to stat
[Thu Feb 19 02:18:00.720517 2026] [php:error] [pid 16548] [client 20.203.180.135:0] script '/domains/davidbacker/info.php' not found or unable to stat
[Thu Feb 19 02:18:00.815534 2026] [php:error] [pid 16548] [client 20.203.180.135:0] script '/domains/davidbacker/about.php' not found or unable to stat
[Thu Feb 19 02:18:01.017234 2026] [php:error] [pid 16548] [client 20.203.180.135:0] script '/domains/davidbacker/222.php' not found or unable to stat
[Thu Feb 19 02:18:01.146073 2026] [php:error] [pid 16548] [client 20.203.180.135:0] script '/domains/davidbacker/adminfuns.php' not found or unable to stat
[Thu Feb 19 02:18:01.387691 2026] [php:error] [pid 16548] [client 20.203.180.135:0] script '/domains/davidbacker/xx.php' not found or unable to stat
[Thu Feb 19 02:18:01.576037 2026] [php:error] [pid 16548] [client 20.203.180.135:0] script '/domains/davidbacker/f5.php' not found or unable to stat
[Thu Feb 19 02:18:01.670414 2026] [php:error] [pid 16548] [client 20.203.180.135:0] script '/domains/davidbacker/flower.php' not found or unable to stat
[Thu Feb 19 02:18:01.765145 2026] [php:error] [pid 16548] [client 20.203.180.135:0] script '/domains/davidbacker/f6.php' not found or unable to stat
[Thu Feb 19 02:18:01.859551 2026] [php:error] [pid 16548] [client 20.203.180.135:0] script '/domains/davidbacker/edit.php' not found or unable to stat
[Thu Feb 19 02:18:01.965665 2026] [php:error] [pid 16548] [client 20.203.180.135:0] script '/domains/davidbacker/aa.php' not found or unable to stat
[Thu Feb 19 02:18:02.259880 2026] [php:error] [pid 16548] [client 20.203.180.135:0] script '/domains/davidbacker/av.php' not found or unable to stat
[Thu Feb 19 02:18:02.425619 2026] [php:error] [pid 16576] [client 20.78.146.86:0] script '/domains/vangoghagainweb/GOD.php' not found or unable to stat
[Thu Feb 19 02:18:02.474106 2026] [php:error] [pid 16548] [client 20.203.180.135:0] script '/domains/davidbacker/wsd.php' not found or unable to stat
[Thu Feb 19 02:18:02.568287 2026] [php:error] [pid 16548] [client 20.203.180.135:0] script '/domains/davidbacker/jane.php' not found or unable to stat
[Thu Feb 19 02:18:02.665318 2026] [php:error] [pid 16548] [client 20.203.180.135:0] script '/domains/davidbacker/css.php' not found or unable to stat
[Thu Feb 19 02:18:02.760070 2026] [php:error] [pid 16548] [client 20.203.180.135:0] script '/domains/davidbacker/alfa.php' not found or unable to stat
[Thu Feb 19 02:18:02.855162 2026] [php:error] [pid 16548] [client 20.203.180.135:0] script '/domains/davidbacker/wen.php' not found or unable to stat
[Thu Feb 19 02:18:02.914813 2026] [php:error] [pid 16576] [client 20.78.146.86:0] script '/domains/vangoghagainweb/alfa-rex.php' not found or unable to stat
[Thu Feb 19 02:18:02.985934 2026] [php:error] [pid 16548] [client 20.203.180.135:0] script '/domains/davidbacker/x.php' not found or unable to stat
[Thu Feb 19 02:18:03.092340 2026] [php:error] [pid 16548] [client 20.203.180.135:0] script '/domains/davidbacker/xxxx.php' not found or unable to stat
[Thu Feb 19 02:18:03.199609 2026] [php:error] [pid 16548] [client 20.203.180.135:0] script '/domains/davidbacker/class.php' not found or unable to stat
[Thu Feb 19 02:18:03.296216 2026] [php:error] [pid 16548] [client 20.203.180.135:0] script '/domains/davidbacker/f35.php' not found or unable to stat
[Thu Feb 19 02:18:03.359710 2026] [php:error] [pid 16576] [client 20.78.146.86:0] script '/domains/vangoghagainweb/f35.php' not found or unable to stat
