[Thu Feb 19 02:56:40.072624 2026] [php:error] [pid 17006] [client 74.248.34.156:0] script '/domains/system_suspended/ms.php' not found or unable to stat
[Thu Feb 19 02:56:40.132260 2026] [php:error] [pid 16998] [client 20.46.124.66:0] script '/domains/fifibear/sbhu.php' not found or unable to stat
[Thu Feb 19 02:56:40.176761 2026] [php:error] [pid 17006] [client 74.248.34.156:0] script '/domains/system_suspended/xxw.php' not found or unable to stat
[Thu Feb 19 02:56:40.293601 2026] [php:error] [pid 16998] [client 20.46.124.66:0] script '/domains/fifibear/wp-the.php' not found or unable to stat
[Thu Feb 19 02:56:40.295864 2026] [php:error] [pid 17006] [client 74.248.34.156:0] script '/domains/system_suspended/callback.php' not found or unable to stat
[Thu Feb 19 02:56:40.399531 2026] [php:error] [pid 17006] [client 74.248.34.156:0] script '/domains/system_suspended/logs.php' not found or unable to stat
[Thu Feb 19 02:56:40.456223 2026] [php:error] [pid 16998] [client 20.46.124.66:0] script '/domains/fifibear/06.php' not found or unable to stat
[Thu Feb 19 02:56:40.514351 2026] [php:error] [pid 17006] [client 74.248.34.156:0] script '/domains/system_suspended/aboutc.php' not found or unable to stat
[Thu Feb 19 02:56:40.616238 2026] [php:error] [pid 16998] [client 20.46.124.66:0] script '/domains/fifibear/wp5.php' not found or unable to stat
[Thu Feb 19 02:56:40.785981 2026] [php:error] [pid 16998] [client 20.46.124.66:0] script '/domains/fifibear/fot.php' not found or unable to stat
[Thu Feb 19 02:56:40.964694 2026] [php:error] [pid 16998] [client 20.46.124.66:0] script '/domains/fifibear/ff1.php' not found or unable to stat
[Thu Feb 19 02:56:41.052665 2026] [php:error] [pid 17006] [client 74.248.34.156:0] script '/domains/system_suspended/ajax.php' not found or unable to stat
[Thu Feb 19 02:56:41.126451 2026] [php:error] [pid 16998] [client 20.46.124.66:0] script '/domains/fifibear/forbidals.php' not found or unable to stat
[Thu Feb 19 02:56:41.164908 2026] [php:error] [pid 17006] [client 74.248.34.156:0] script '/domains/system_suspended/xr.php' not found or unable to stat
[Thu Feb 19 02:56:41.268363 2026] [php:error] [pid 17006] [client 74.248.34.156:0] script '/domains/system_suspended/ff.php' not found or unable to stat
[Thu Feb 19 02:56:41.288149 2026] [php:error] [pid 16998] [client 20.46.124.66:0] script '/domains/fifibear/erty.php' not found or unable to stat
[Thu Feb 19 02:56:41.459092 2026] [php:error] [pid 16998] [client 20.46.124.66:0] script '/domains/fifibear/dev1s.php' not found or unable to stat
[Thu Feb 19 02:56:41.517739 2026] [php:error] [pid 17006] [client 74.248.34.156:0] script '/domains/system_suspended/aaa.php' not found or unable to stat
[Thu Feb 19 02:56:41.591126 2026] [php:error] [pid 17007] [client 35.247.243.249:0] script '/domains/pauljbrock/adminer-5.0.0-en.php' not found or unable to stat
[Thu Feb 19 02:56:41.622444 2026] [php:error] [pid 17006] [client 74.248.34.156:0] script '/domains/system_suspended/RIP.php' not found or unable to stat
[Thu Feb 19 02:56:41.689602 2026] [php:error] [pid 16998] [client 20.46.124.66:0] script '/domains/fifibear/ffd.php' not found or unable to stat
[Thu Feb 19 02:56:41.768587 2026] [php:error] [pid 17006] [client 74.248.34.156:0] script '/domains/system_suspended/knme.php' not found or unable to stat
[Thu Feb 19 02:56:41.865288 2026] [php:error] [pid 16998] [client 20.46.124.66:0] script '/domains/fifibear/admiin.php' not found or unable to stat
[Thu Feb 19 02:56:41.882728 2026] [php:error] [pid 17006] [client 74.248.34.156:0] script '/domains/system_suspended/ws71.php' not found or unable to stat
[Thu Feb 19 02:56:41.986324 2026] [php:error] [pid 17006] [client 74.248.34.156:0] script '/domains/system_suspended/ws67.php' not found or unable to stat
[Thu Feb 19 02:56:42.025731 2026] [php:error] [pid 16998] [client 20.46.124.66:0] script '/domains/fifibear/ol.php' not found or unable to stat
[Thu Feb 19 02:56:42.095621 2026] [php:error] [pid 17006] [client 74.248.34.156:0] script '/domains/system_suspended/momo.php' not found or unable to stat
[Thu Feb 19 02:56:42.198242 2026] [php:error] [pid 16998] [client 20.46.124.66:0] script '/domains/fifibear/Sanskrit.php' not found or unable to stat
[Thu Feb 19 02:56:42.372226 2026] [php:error] [pid 16998] [client 20.46.124.66:0] script '/domains/fifibear/vxrl.php' not found or unable to stat
[Thu Feb 19 02:56:42.532951 2026] [php:error] [pid 16998] [client 20.46.124.66:0] script '/domains/fifibear/re.php' not found or unable to stat
[Thu Feb 19 02:56:42.727328 2026] [php:error] [pid 16998] [client 20.46.124.66:0] script '/domains/fifibear/num.php' not found or unable to stat
[Thu Feb 19 02:56:42.887917 2026] [php:error] [pid 16998] [client 20.46.124.66:0] script '/domains/fifibear/axx.php' not found or unable to stat
[Thu Feb 19 02:56:43.052878 2026] [php:error] [pid 16998] [client 20.46.124.66:0] script '/domains/fifibear/vxrl.php' not found or unable to stat
[Thu Feb 19 02:56:43.213559 2026] [php:error] [pid 16998] [client 20.46.124.66:0] script '/domains/fifibear/in.php' not found or unable to stat
[Thu Feb 19 02:56:43.375749 2026] [php:error] [pid 16998] [client 20.46.124.66:0] script '/domains/fifibear/style.php' not found or unable to stat
[Thu Feb 19 02:56:43.550255 2026] [php:error] [pid 16998] [client 20.46.124.66:0] script '/domains/fifibear/we.php' not found or unable to stat
[Thu Feb 19 02:56:43.717731 2026] [php:error] [pid 16998] [client 20.46.124.66:0] script '/domains/fifibear/zwso.php' not found or unable to stat
[Thu Feb 19 02:56:44.022949 2026] [php:error] [pid 16998] [client 20.46.124.66:0] script '/domains/fifibear/karak.php' not found or unable to stat
[Thu Feb 19 02:56:44.183762 2026] [php:error] [pid 16998] [client 20.46.124.66:0] script '/domains/fifibear/prv8.php' not found or unable to stat
[Thu Feb 19 02:56:44.366675 2026] [php:error] [pid 16998] [client 20.46.124.66:0] script '/domains/fifibear/i.php' not found or unable to stat
[Thu Feb 19 02:56:44.543495 2026] [php:error] [pid 16998] [client 20.46.124.66:0] script '/domains/fifibear/a.php' not found or unable to stat
[Thu Feb 19 02:56:44.654240 2026] [php:error] [pid 17000] [client 35.247.243.247:0] script '/domains/pauljbrock/adminer-5.2.0-mysql-en.php' not found or unable to stat
[Thu Feb 19 02:56:44.708695 2026] [php:error] [pid 16998] [client 20.46.124.66:0] script '/domains/fifibear/xmlrpc.php' not found or unable to stat
[Thu Feb 19 02:56:44.879540 2026] [php:error] [pid 16998] [client 20.46.124.66:0] script '/domains/fifibear/aw.php' not found or unable to stat
[Thu Feb 19 02:56:45.044907 2026] [php:error] [pid 16998] [client 20.46.124.66:0] script '/domains/fifibear/dev.php' not found or unable to stat
[Thu Feb 19 02:56:45.221803 2026] [php:error] [pid 16998] [client 20.46.124.66:0] script '/domains/fifibear/lock360.php' not found or unable to stat
[Thu Feb 19 02:56:45.382468 2026] [php:error] [pid 16998] [client 20.46.124.66:0] script '/domains/fifibear/155.php' not found or unable to stat
[Thu Feb 19 02:56:45.544428 2026] [php:error] [pid 16998] [client 20.46.124.66:0] script '/domains/fifibear/goat.php' not found or unable to stat
[Thu Feb 19 02:56:45.742209 2026] [php:error] [pid 16998] [client 20.46.124.66:0] script '/domains/fifibear/tcp.php' not found or unable to stat
[Thu Feb 19 02:56:45.902419 2026] [php:error] [pid 16998] [client 20.46.124.66:0] script '/domains/fifibear/ext.php' not found or unable to stat
[Thu Feb 19 02:56:46.063567 2026] [php:error] [pid 16998] [client 20.46.124.66:0] script '/domains/fifibear/inputs.php' not found or unable to stat
[Thu Feb 19 02:56:46.070350 2026] [php:error] [pid 17000] [client 35.247.243.242:0] script '/domains/pauljbrock/adminer-5.0.5.php' not found or unable to stat
[Thu Feb 19 02:56:46.226028 2026] [php:error] [pid 16998] [client 20.46.124.66:0] script '/domains/fifibear/ioxi.php' not found or unable to stat
[Thu Feb 19 02:56:46.388860 2026] [php:error] [pid 16998] [client 20.46.124.66:0] script '/domains/fifibear/fe5.php' not found or unable to stat
[Thu Feb 19 02:56:46.426104 2026] [php:error] [pid 17002] [client 34.96.162.63:0] script '/domains/hdickens.enteract/adminer-4.7.0.php' not found or unable to stat
[Thu Feb 19 02:56:46.564279 2026] [php:error] [pid 16998] [client 20.46.124.66:0] script '/domains/fifibear/ov.php' not found or unable to stat
[Thu Feb 19 02:56:46.914323 2026] [php:error] [pid 16998] [client 20.46.124.66:0] script '/domains/fifibear/default.php' not found or unable to stat
[Thu Feb 19 02:56:47.077391 2026] [php:error] [pid 16998] [client 20.46.124.66:0] script '/domains/fifibear/goods.php' not found or unable to stat
[Thu Feb 19 02:56:47.238748 2026] [php:error] [pid 16998] [client 20.46.124.66:0] script '/domains/fifibear/abcd.php' not found or unable to stat
[Thu Feb 19 02:56:47.398989 2026] [php:error] [pid 16998] [client 20.46.124.66:0] script '/domains/fifibear/class.1.php' not found or unable to stat
[Thu Feb 19 02:56:47.582658 2026] [php:error] [pid 16998] [client 20.46.124.66:0] script '/domains/fifibear/async.php' not found or unable to stat
[Thu Feb 19 02:56:47.771748 2026] [php:error] [pid 16998] [client 20.46.124.66:0] script '/domains/fifibear/ff.php' not found or unable to stat
[Thu Feb 19 02:56:47.934255 2026] [php:error] [pid 16998] [client 20.46.124.66:0] script '/domains/fifibear/ioxi-o.php' not found or unable to stat
[Thu Feb 19 02:56:48.094917 2026] [php:error] [pid 16998] [client 20.46.124.66:0] script '/domains/fifibear/manager.php' not found or unable to stat
[Thu Feb 19 02:56:48.283405 2026] [php:error] [pid 16998] [client 20.46.124.66:0] script '/domains/fifibear/wp-update.php' not found or unable to stat
[Thu Feb 19 02:56:48.444888 2026] [php:error] [pid 16998] [client 20.46.124.66:0] script '/domains/fifibear/file.php' not found or unable to stat
[Thu Feb 19 02:56:48.767286 2026] [php:error] [pid 16998] [client 20.46.124.66:0] script '/domains/fifibear/lc.php' not found or unable to stat
[Thu Feb 19 02:56:48.942080 2026] [php:error] [pid 16998] [client 20.46.124.66:0] script '/domains/fifibear/cbrfo.php' not found or unable to stat
[Thu Feb 19 02:56:49.102185 2026] [php:error] [pid 16998] [client 20.46.124.66:0] script '/domains/fifibear/inc.php' not found or unable to stat
[Thu Feb 19 02:56:49.540306 2026] [php:error] [pid 16995] [client 20.46.124.66:0] script '/domains/fifibear/gifclass.php' not found or unable to stat
[Thu Feb 19 02:56:49.705683 2026] [php:error] [pid 16995] [client 20.46.124.66:0] script '/domains/fifibear/miansha.php' not found or unable to stat
[Thu Feb 19 02:56:49.890731 2026] [php:error] [pid 16995] [client 20.46.124.66:0] script '/domains/fifibear/tinyfilemanager.php' not found or unable to stat
[Thu Feb 19 02:56:50.062694 2026] [php:error] [pid 16995] [client 20.46.124.66:0] script '/domains/fifibear/admin.php' not found or unable to stat
[Thu Feb 19 02:56:50.236303 2026] [php:error] [pid 16995] [client 20.46.124.66:0] script '/domains/fifibear/ok.php' not found or unable to stat
[Thu Feb 19 02:56:50.398903 2026] [php:error] [pid 16995] [client 20.46.124.66:0] script '/domains/fifibear/fi.php' not found or unable to stat
[Thu Feb 19 02:56:50.571583 2026] [php:error] [pid 16995] [client 20.46.124.66:0] script '/domains/fifibear/muzu.php' not found or unable to stat
[Thu Feb 19 02:56:50.753311 2026] [php:error] [pid 16995] [client 20.46.124.66:0] script '/domains/fifibear/reze.php' not found or unable to stat
[Thu Feb 19 02:56:50.929296 2026] [php:error] [pid 16995] [client 20.46.124.66:0] script '/domains/fifibear/styll.php' not found or unable to stat
[Thu Feb 19 02:56:51.107358 2026] [php:error] [pid 16995] [client 20.46.124.66:0] script '/domains/fifibear/x7.php' not found or unable to stat
[Thu Feb 19 02:56:51.310786 2026] [php:error] [pid 16995] [client 20.46.124.66:0] script '/domains/fifibear/thebe.php' not found or unable to stat
[Thu Feb 19 02:56:51.473293 2026] [php:error] [pid 16995] [client 20.46.124.66:0] script '/domains/fifibear/ddd.php' not found or unable to stat
[Thu Feb 19 02:56:51.653346 2026] [php:error] [pid 16995] [client 20.46.124.66:0] script '/domains/fifibear/bgymj.php' not found or unable to stat
[Thu Feb 19 02:56:51.829471 2026] [php:error] [pid 16995] [client 20.46.124.66:0] script '/domains/fifibear/8xyz.php' not found or unable to stat
[Thu Feb 19 02:56:51.991478 2026] [php:error] [pid 16995] [client 20.46.124.66:0] script '/domains/fifibear/ioxi.php' not found or unable to stat
[Thu Feb 19 02:56:52.154936 2026] [php:error] [pid 16995] [client 20.46.124.66:0] script '/domains/fifibear/xpwer1.php' not found or unable to stat
[Thu Feb 19 02:56:52.317478 2026] [php:error] [pid 16995] [client 20.46.124.66:0] script '/domains/fifibear/lala.php' not found or unable to stat
[Thu Feb 19 02:56:52.514941 2026] [php:error] [pid 16995] [client 20.46.124.66:0] script '/domains/fifibear/about.php' not found or unable to stat
[Thu Feb 19 02:56:53.650467 2026] [php:error] [pid 16995] [client 20.46.124.66:0] script '/domains/fifibear/info.php' not found or unable to stat
[Thu Feb 19 02:56:53.813992 2026] [php:error] [pid 16995] [client 20.46.124.66:0] script '/domains/fifibear/about.php' not found or unable to stat
[Thu Feb 19 02:56:54.139132 2026] [php:error] [pid 16995] [client 20.46.124.66:0] script '/domains/fifibear/222.php' not found or unable to stat
[Thu Feb 19 02:56:54.305314 2026] [php:error] [pid 16995] [client 20.46.124.66:0] script '/domains/fifibear/adminfuns.php' not found or unable to stat
[Thu Feb 19 02:56:54.644429 2026] [php:error] [pid 16995] [client 20.46.124.66:0] script '/domains/fifibear/xx.php' not found or unable to stat
[Thu Feb 19 02:56:55.074390 2026] [php:error] [pid 16995] [client 20.46.124.66:0] script '/domains/fifibear/f5.php' not found or unable to stat
[Thu Feb 19 02:56:55.238532 2026] [php:error] [pid 16995] [client 20.46.124.66:0] script '/domains/fifibear/flower.php' not found or unable to stat
[Thu Feb 19 02:56:55.402137 2026] [php:error] [pid 16995] [client 20.46.124.66:0] script '/domains/fifibear/f6.php' not found or unable to stat
[Thu Feb 19 02:56:55.564792 2026] [php:error] [pid 16995] [client 20.46.124.66:0] script '/domains/fifibear/edit.php' not found or unable to stat
[Thu Feb 19 02:56:56.053010 2026] [php:error] [pid 16995] [client 20.46.124.66:0] script '/domains/fifibear/av.php' not found or unable to stat
[Thu Feb 19 02:56:56.384554 2026] [php:error] [pid 16995] [client 20.46.124.66:0] script '/domains/fifibear/wsd.php' not found or unable to stat
[Thu Feb 19 02:56:56.557234 2026] [php:error] [pid 16995] [client 20.46.124.66:0] script '/domains/fifibear/jane.php' not found or unable to stat
[Thu Feb 19 02:56:56.731220 2026] [php:error] [pid 16995] [client 20.46.124.66:0] script '/domains/fifibear/css.php' not found or unable to stat
[Thu Feb 19 02:56:56.894090 2026] [php:error] [pid 16995] [client 20.46.124.66:0] script '/domains/fifibear/alfa.php' not found or unable to stat
[Thu Feb 19 02:56:57.067056 2026] [php:error] [pid 16995] [client 20.46.124.66:0] script '/domains/fifibear/wen.php' not found or unable to stat
[Thu Feb 19 02:56:57.234225 2026] [php:error] [pid 16995] [client 20.46.124.66:0] script '/domains/fifibear/x.php' not found or unable to stat
[Thu Feb 19 02:56:57.403362 2026] [php:error] [pid 16995] [client 20.46.124.66:0] script '/domains/fifibear/xxxx.php' not found or unable to stat
[Thu Feb 19 02:56:57.600244 2026] [php:error] [pid 16995] [client 20.46.124.66:0] script '/domains/fifibear/class.php' not found or unable to stat
[Thu Feb 19 02:56:57.762998 2026] [php:error] [pid 16995] [client 20.46.124.66:0] script '/domains/fifibear/f35.php' not found or unable to stat
[Thu Feb 19 02:56:58.430646 2026] [php:error] [pid 16995] [client 20.46.124.66:0] script '/domains/fifibear/class-t.api.php' not found or unable to stat
[Thu Feb 19 02:56:58.598369 2026] [php:error] [pid 16995] [client 20.46.124.66:0] script '/domains/fifibear/blurbs18.php' not found or unable to stat
[Thu Feb 19 02:56:58.911565 2026] [php:error] [pid 17013] [client 35.247.243.255:0] script '/domains/pauljbrock/adminer-5.1.1-en.php' not found or unable to stat
[Thu Feb 19 02:56:59.822485 2026] [php:error] [pid 16995] [client 20.46.124.66:0] script '/domains/fifibear/bless11.php' not found or unable to stat
[Thu Feb 19 02:56:59.986445 2026] [php:error] [pid 16995] [client 20.46.124.66:0] script '/domains/fifibear/init.php' not found or unable to stat
[Thu Feb 19 02:57:00.334267 2026] [php:error] [pid 16995] [client 20.46.124.66:0] script '/domains/fifibear/k.php' not found or unable to stat
[Thu Feb 19 02:57:00.496934 2026] [php:error] [pid 16995] [client 20.46.124.66:0] script '/domains/fifibear/bless.php' not found or unable to stat
[Thu Feb 19 02:57:00.674927 2026] [php:error] [pid 16995] [client 20.46.124.66:0] script '/domains/fifibear/X7x.php' not found or unable to stat
[Thu Feb 19 02:57:01.028611 2026] [php:error] [pid 16995] [client 20.46.124.66:0] script '/domains/fifibear/166.php' not found or unable to stat
[Thu Feb 19 02:57:01.191548 2026] [php:error] [pid 16995] [client 20.46.124.66:0] script '/domains/fifibear/plss3.php' not found or unable to stat
[Thu Feb 19 02:57:01.540581 2026] [php:error] [pid 16995] [client 20.46.124.66:0] script '/domains/fifibear/admins.php' not found or unable to stat
[Thu Feb 19 02:57:01.713596 2026] [php:error] [pid 16995] [client 20.46.124.66:0] script '/domains/fifibear/wp.php' not found or unable to stat
[Thu Feb 19 02:57:01.901051 2026] [php:error] [pid 16995] [client 20.46.124.66:0] script '/domains/fifibear/main.php' not found or unable to stat
[Thu Feb 19 02:57:02.084939 2026] [php:error] [pid 16995] [client 20.46.124.66:0] script '/domains/fifibear/a1.php' not found or unable to stat
[Thu Feb 19 02:57:02.261252 2026] [php:error] [pid 16995] [client 20.46.124.66:0] script '/domains/fifibear/lala.php' not found or unable to stat
[Thu Feb 19 02:57:02.762023 2026] [php:error] [pid 16995] [client 20.46.124.66:0] script '/domains/fifibear/aaa.php' not found or unable to stat
[Thu Feb 19 02:57:02.929021 2026] [php:error] [pid 16995] [client 20.46.124.66:0] script '/domains/fifibear/a2.php' not found or unable to stat
[Thu Feb 19 02:57:03.358188 2026] [php:error] [pid 16995] [client 20.46.124.66:0] script '/domains/fifibear/jsond.php' not found or unable to stat
[Thu Feb 19 02:57:06.100914 2026] [php:error] [pid 17002] [client 179.43.191.19:0] script '/domains/conceptlabs1/wp-login.php' not found or unable to stat, referer: conceptlabs.com
[Thu Feb 19 02:57:29.262956 2026] [php:error] [pid 17006] [client 35.247.243.247:0] script '/domains/pauljbrock/adminer-5.1.0.php' not found or unable to stat
[Thu Feb 19 02:57:33.248674 2026] [php:error] [pid 16995] [client 34.96.162.61:0] script '/domains/pauljbrock/adminer-5.4.1-mysql-en.php' not found or unable to stat
[Thu Feb 19 02:57:35.733127 2026] [php:error] [pid 16995] [client 35.247.243.252:0] script '/domains/pauljbrock/adminer-5.0.1-mysql.php' not found or unable to stat
[Thu Feb 19 02:57:36.392931 2026] [php:error] [pid 17013] [client 34.96.162.59:0] script '/domains/pauljbrock/adminer-5.4.0.php' not found or unable to stat
[Thu Feb 19 02:57:51.242351 2026] [php:error] [pid 17011] [client 35.247.243.243:0] script '/domains/pauljbrock/adminer-5.2.1-en.php' not found or unable to stat
[Thu Feb 19 02:57:58.683742 2026] [php:error] [pid 16995] [client 35.247.243.245:0] script '/domains/hdickens.enteract/adminer-5.0.4-en.php' not found or unable to stat
[Thu Feb 19 02:57:58.865049 2026] [php:error] [pid 17013] [client 34.96.162.57:0] script '/domains/pauljbrock/adminer-5.1.0.php' not found or unable to stat
[Thu Feb 19 02:58:03.514440 2026] [php:error] [pid 16995] [client 34.96.162.60:0] script '/domains/hdickens.enteract/adminer-4.6.1.php' not found or unable to stat
[Thu Feb 19 02:58:07.739141 2026] [php:error] [pid 17018] [client 34.96.162.49:0] script '/domains/pauljbrock/adminer-5.1.1-en.php' not found or unable to stat
[Thu Feb 19 02:58:08.431903 2026] [php:error] [pid 17011] [client 34.96.162.55:0] script '/domains/pauljbrock/adminer-5.1.1.php' not found or unable to stat
[Thu Feb 19 02:58:11.948687 2026] [php:error] [pid 17024] [client 34.96.162.56:0] script '/domains/hdickens.enteract/adminer-5.4.1-mysql.php' not found or unable to stat
[Thu Feb 19 02:58:11.949296 2026] [php:error] [pid 17023] [client 35.247.243.253:0] script '/domains/pauljbrock/adminer-4.4.0.php' not found or unable to stat
[Thu Feb 19 02:58:13.274562 2026] [php:error] [pid 17024] [client 34.96.162.57:0] script '/domains/pauljbrock/adminer-4.1.0.php' not found or unable to stat
[Thu Feb 19 02:58:13.338326 2026] [php:error] [pid 17023] [client 169.150.203.197:0] script '/domains/nostrada/xmlrpc.php' not found or unable to stat
[Thu Feb 19 02:58:15.959176 2026] [php:error] [pid 17023] [client 34.96.162.63:0] script '/domains/hdickens.enteract/adminer-5.0.0.php' not found or unable to stat
[Thu Feb 19 02:58:16.355243 2026] [php:error] [pid 17024] [client 35.247.243.255:0] script '/domains/hdickens.enteract/adminer-5.1.1-mysql.php' not found or unable to stat
[Thu Feb 19 02:58:17.253587 2026] [php:error] [pid 17006] [client 34.96.162.56:0] script '/domains/pauljbrock/adminer-5.0.3-mysql.php' not found or unable to stat
[Thu Feb 19 02:58:23.649729 2026] [php:error] [pid 17013] [client 34.96.162.63:0] script '/domains/pauljbrock/adminer-5.0.0-mysql.php' not found or unable to stat
[Thu Feb 19 02:58:28.472279 2026] [php:error] [pid 17020] [client 35.247.243.244:0] script '/domains/pauljbrock/adminer-4.6.1.php' not found or unable to stat
[Thu Feb 19 02:58:35.420814 2026] [php:error] [pid 17016] [client 34.96.162.62:0] script '/domains/pauljbrock/adminer-5.4.1-mysql-en.php' not found or unable to stat
[Thu Feb 19 02:58:36.469381 2026] [php:error] [pid 17023] [client 35.247.243.251:0] script '/domains/pauljbrock/adminer-5.1.1-en.php' not found or unable to stat
[Thu Feb 19 02:58:38.086438 2026] [php:error] [pid 17026] [client 35.247.243.250:0] script '/domains/pauljbrock/adminer-5.0.0.php' not found or unable to stat
[Thu Feb 19 02:58:48.567934 2026] [php:error] [pid 17029] [client 34.96.162.49:0] script '/domains/hdickens.enteract/adminer-4.7.2.php' not found or unable to stat
[Thu Feb 19 02:58:53.816470 2026] [php:error] [pid 17030] [client 35.247.243.250:0] script '/domains/hdickens.enteract/adminer-4.2.5.php' not found or unable to stat
[Thu Feb 19 02:59:05.948660 2026] [php:error] [pid 17011] [client 35.247.243.249:0] script '/domains/hdickens.enteract/adminer-4.6.3.php' not found or unable to stat
[Thu Feb 19 02:59:07.843368 2026] [php:error] [pid 17026] [client 165.227.20.249:0] script '/domains/domilici/wp-login.php' not found or unable to stat
[Thu Feb 19 02:59:10.796050 2026] [php:error] [pid 17011] [client 165.227.20.249:0] script '/domains/domilici/wp-login.php' not found or unable to stat
[Thu Feb 19 02:59:30.147539 2026] [php:error] [pid 17028] [client 34.96.162.54:0] script '/domains/hdickens.enteract/adminer-5.0.6-en.php' not found or unable to stat
[Thu Feb 19 02:59:30.921535 2026] [php:error] [pid 17016] [client 179.43.191.19:0] script '/domains/system_default/wp-login.php' not found or unable to stat, referer: consela.com
[Thu Feb 19 02:59:34.747340 2026] [php:error] [pid 17040] [client 35.247.243.245:0] script '/domains/hdickens.enteract/adminer-4.7.5.php' not found or unable to stat
[Thu Feb 19 02:59:35.447278 2026] [php:error] [pid 17041] [client 179.43.191.19:0] script '/domains/conservation1/wp-login.php' not found or unable to stat, referer: conservationofpaper.com
[Thu Feb 19 02:59:38.400496 2026] [php:error] [pid 17026] [client 34.96.162.49:0] script '/domains/pauljbrock/adminer-4.7.6.php' not found or unable to stat
[Thu Feb 19 02:59:47.956816 2026] [php:error] [pid 17028] [client 34.96.162.48:0] script '/domains/pauljbrock/adminer-5.1.1-mysql.php' not found or unable to stat
[Thu Feb 19 02:59:54.627999 2026] [php:error] [pid 17043] [client 20.219.8.79:0] script '/domains/homesbyaudrey1/wp-login.php' not found or unable to stat
[Thu Feb 19 03:00:06.994747 2026] [php:error] [pid 17016] [client 20.89.56.154:0] script '/domains/system_cancel/lock360.php' not found or unable to stat
[Thu Feb 19 03:00:07.154787 2026] [php:error] [pid 17016] [client 20.89.56.154:0] script '/domains/system_cancel/ahcc.php' not found or unable to stat
[Thu Feb 19 03:00:09.576585 2026] [php:error] [pid 17016] [client 20.89.56.154:0] script '/domains/system_cancel/lkui.php' not found or unable to stat
[Thu Feb 19 03:00:09.736257 2026] [php:error] [pid 17016] [client 20.89.56.154:0] script '/domains/system_cancel/reyna.php' not found or unable to stat
[Thu Feb 19 03:00:09.896189 2026] [php:error] [pid 17016] [client 20.89.56.154:0] script '/domains/system_cancel/meew.php' not found or unable to stat
[Thu Feb 19 03:00:10.698724 2026] [php:error] [pid 17016] [client 20.89.56.154:0] script '/domains/system_cancel/extract.php' not found or unable to stat
[Thu Feb 19 03:00:10.858928 2026] [php:error] [pid 17016] [client 20.89.56.154:0] script '/domains/system_cancel/comp.php' not found or unable to stat
[Thu Feb 19 03:00:11.339408 2026] [php:error] [pid 17016] [client 20.89.56.154:0] script '/domains/system_cancel/credits.php' not found or unable to stat
[Thu Feb 19 03:00:11.499549 2026] [php:error] [pid 17016] [client 20.89.56.154:0] script '/domains/system_cancel/term.php' not found or unable to stat
[Thu Feb 19 03:00:11.659471 2026] [php:error] [pid 17016] [client 20.89.56.154:0] script '/domains/system_cancel/classsmtps.php' not found or unable to stat
[Thu Feb 19 03:00:13.749676 2026] [php:error] [pid 17043] [client 20.89.56.154:0] script '/domains/system_cancel/index_sso.php' not found or unable to stat
[Thu Feb 19 03:00:13.919679 2026] [php:error] [pid 17043] [client 20.89.56.154:0] script '/domains/system_cancel/rating.php' not found or unable to stat
[Thu Feb 19 03:00:13.959078 2026] [php:error] [pid 17028] [client 35.247.243.250:0] script '/domains/pauljbrock/adminer-5.1.1-mysql.php' not found or unable to stat
[Thu Feb 19 03:00:14.087316 2026] [php:error] [pid 17043] [client 20.89.56.154:0] script '/domains/system_cancel/mfjtrzzg.php' not found or unable to stat
[Thu Feb 19 03:00:14.587021 2026] [php:error] [pid 17043] [client 20.89.56.154:0] script '/domains/system_cancel/report.php' not found or unable to stat
[Thu Feb 19 03:00:14.749865 2026] [php:error] [pid 17043] [client 20.89.56.154:0] script '/domains/system_cancel/edit-tags.php' not found or unable to stat
[Thu Feb 19 03:00:14.912647 2026] [php:error] [pid 17043] [client 20.89.56.154:0] script '/domains/system_cancel/cwianpri.php' not found or unable to stat
[Thu Feb 19 03:00:15.727510 2026] [php:error] [pid 17043] [client 20.89.56.154:0] script '/domains/system_cancel/install.php' not found or unable to stat
[Thu Feb 19 03:00:16.216254 2026] [php:error] [pid 17043] [client 20.89.56.154:0] script '/domains/system_cancel/home.php' not found or unable to stat
[Thu Feb 19 03:00:16.386921 2026] [php:error] [pid 17043] [client 20.89.56.154:0] script '/domains/system_cancel/dfpbtqbc.php' not found or unable to stat
[Thu Feb 19 03:00:16.877728 2026] [php:error] [pid 17043] [client 20.89.56.154:0] script '/domains/system_cancel/ifoklzle.php' not found or unable to stat
[Thu Feb 19 03:00:17.370908 2026] [php:error] [pid 17043] [client 20.89.56.154:0] script '/domains/system_cancel/es.php' not found or unable to stat
[Thu Feb 19 03:00:18.188449 2026] [php:error] [pid 17043] [client 20.89.56.154:0] script '/domains/system_cancel/hplfuns.php' not found or unable to stat
[Thu Feb 19 03:00:19.984416 2026] [php:error] [pid 17043] [client 20.89.56.154:0] script '/domains/system_cancel/repeater.php' not found or unable to stat
[Thu Feb 19 03:00:20.475342 2026] [php:error] [pid 17043] [client 20.89.56.154:0] script '/domains/system_cancel/disoxrmons.php' not found or unable to stat
[Thu Feb 19 03:00:21.621448 2026] [php:error] [pid 17043] [client 20.89.56.154:0] script '/domains/system_cancel/aleXus.php' not found or unable to stat
[Thu Feb 19 03:00:21.729087 2026] [php:error] [pid 17066] [client 35.247.243.246:0] script '/domains/hdickens.enteract/adminer-5.2.0.php' not found or unable to stat
[Thu Feb 19 03:00:21.781357 2026] [php:error] [pid 17043] [client 20.89.56.154:0] script '/domains/system_cancel/alert.php' not found or unable to stat
[Thu Feb 19 03:00:22.261961 2026] [php:error] [pid 17043] [client 20.89.56.154:0] script '/domains/system_cancel/al.php' not found or unable to stat
[Thu Feb 19 03:00:22.423926 2026] [php:error] [pid 17043] [client 20.89.56.154:0] script '/domains/system_cancel/dirs.php' not found or unable to stat
[Thu Feb 19 03:00:22.583981 2026] [php:error] [pid 17043] [client 20.89.56.154:0] script '/domains/system_cancel/lufix.php' not found or unable to stat
[Thu Feb 19 03:00:23.386261 2026] [php:error] [pid 17067] [client 20.89.56.154:0] script '/domains/system_cancel/class-wp-cmd.php' not found or unable to stat
[Thu Feb 19 03:00:23.547338 2026] [php:error] [pid 17067] [client 20.89.56.154:0] script '/domains/system_cancel/temp.php' not found or unable to stat
[Thu Feb 19 03:00:23.722634 2026] [php:error] [pid 17067] [client 20.89.56.154:0] script '/domains/system_cancel/libcore.php' not found or unable to stat
[Thu Feb 19 03:00:25.163484 2026] [php:error] [pid 17067] [client 20.89.56.154:0] script '/domains/system_cancel/tron.php' not found or unable to stat
[Thu Feb 19 03:00:25.323420 2026] [php:error] [pid 17067] [client 20.89.56.154:0] script '/domains/system_cancel/database.php' not found or unable to stat
[Thu Feb 19 03:00:25.483179 2026] [php:error] [pid 17067] [client 20.89.56.154:0] script '/domains/system_cancel/media-admin.php' not found or unable to stat
[Thu Feb 19 03:00:25.643065 2026] [php:error] [pid 17067] [client 20.89.56.154:0] script '/domains/system_cancel/cljntmcz.php' not found or unable to stat
[Thu Feb 19 03:00:33.342711 2026] [php:error] [pid 17065] [client 34.96.162.63:0] script '/domains/hdickens.enteract/adminer-4.7.1.php' not found or unable to stat
[Thu Feb 19 03:00:41.915574 2026] [php:error] [pid 17063] [client 35.247.243.246:0] script '/domains/hdickens.enteract/adminer-5.4.1-mysql.php' not found or unable to stat
[Thu Feb 19 03:00:44.812490 2026] [php:error] [pid 17063] [client 34.96.162.61:0] script '/domains/hdickens.enteract/adminer-4.4.0.php' not found or unable to stat
[Thu Feb 19 03:00:47.273034 2026] [php:error] [pid 17061] [client 35.247.243.241:0] script '/domains/hdickens.enteract/adminer-4.1.0.php' not found or unable to stat
[Thu Feb 19 03:01:03.482342 2026] [php:error] [pid 17034] [client 35.247.243.245:0] script '/domains/pauljbrock/adminer-5.4.0.php' not found or unable to stat
[Thu Feb 19 03:01:06.434374 2026] [php:error] [pid 17034] [client 74.248.96.218:0] script '/domains/hans.interport/byp8.php' not found or unable to stat
[Thu Feb 19 03:01:18.446703 2026] [php:error] [pid 17028] [client 35.247.243.251:0] script '/domains/pauljbrock/adminer-5.0.5-en.php' not found or unable to stat
[Thu Feb 19 03:01:32.494510 2026] [php:error] [pid 17034] [client 34.96.162.63:0] script '/domains/pauljbrock/adminer-5.0.5-en.php' not found or unable to stat
[Thu Feb 19 03:01:37.986297 2026] [php:error] [pid 17396] [client 35.247.243.241:0] script '/domains/pauljbrock/adminer-5.1.1-en.php' not found or unable to stat
[Thu Feb 19 03:01:46.945242 2026] [php:error] [pid 17062] [client 35.247.243.247:0] script '/domains/pauljbrock/__adm.php' not found or unable to stat
[Thu Feb 19 03:01:48.588203 2026] [php:error] [pid 17396] [client 35.247.243.248:0] script '/domains/hdickens.enteract/adminer-5.0.5.php' not found or unable to stat
[Thu Feb 19 03:01:51.606767 2026] [php:error] [pid 17062] [client 35.247.243.241:0] script '/domains/hdickens.enteract/adminer-5.0.4.php' not found or unable to stat
[Thu Feb 19 03:02:04.006646 2026] [php:error] [pid 17409] [client 34.96.162.55:0] script '/domains/hdickens.enteract/adminer-5.2.1-mysql-en.php' not found or unable to stat
[Thu Feb 19 03:02:08.645505 2026] [php:error] [pid 17402] [client 35.247.243.255:0] script '/domains/pauljbrock/adminer-4.4.0.php' not found or unable to stat
[Thu Feb 19 03:02:08.649931 2026] [php:error] [pid 17062] [client 35.247.243.247:0] script '/domains/hdickens.enteract/adminer-5.0.5-mysql.php' not found or unable to stat
[Thu Feb 19 03:02:17.137156 2026] [php:error] [pid 17407] [client 35.247.243.243:0] script '/domains/hdickens.enteract/adminer-5.0.4-mysql.php' not found or unable to stat
[Thu Feb 19 03:02:20.206053 2026] [php:error] [pid 17406] [client 34.96.162.63:0] script '/domains/pauljbrock/adminer-4.2.1.php' not found or unable to stat
[Thu Feb 19 03:02:22.312934 2026] [php:error] [pid 17407] [client 34.96.162.51:0] script '/domains/pauljbrock/ADMINER.php' not found or unable to stat
[Thu Feb 19 03:02:40.820948 2026] [php:error] [pid 17399] [client 34.96.162.59:0] script '/domains/pauljbrock/adminer-5.1.1.php' not found or unable to stat
[Thu Feb 19 03:02:50.363354 2026] [php:error] [pid 17413] [client 20.203.136.132:0] script '/domains/system_default/new99.php' not found or unable to stat
[Thu Feb 19 03:02:50.458809 2026] [php:error] [pid 17413] [client 20.203.136.132:0] script '/domains/system_default/e.php' not found or unable to stat
[Thu Feb 19 03:02:50.558672 2026] [php:error] [pid 17413] [client 20.203.136.132:0] script '/domains/system_default/lp6.php' not found or unable to stat
[Thu Feb 19 03:02:50.654846 2026] [php:error] [pid 17413] [client 20.203.136.132:0] script '/domains/system_default/a4.php' not found or unable to stat
[Thu Feb 19 03:02:50.750055 2026] [php:error] [pid 17413] [client 20.203.136.132:0] script '/domains/system_default/222.php' not found or unable to stat
[Thu Feb 19 03:02:51.365946 2026] [php:error] [pid 17413] [client 20.203.136.132:0] script '/domains/system_default/403.php' not found or unable to stat
[Thu Feb 19 03:02:51.468140 2026] [php:error] [pid 17413] [client 20.203.136.132:0] script '/domains/system_default/file5.php' not found or unable to stat
[Thu Feb 19 03:02:51.565956 2026] [php:error] [pid 17413] [client 20.203.136.132:0] script '/domains/system_default/file9.php' not found or unable to stat
[Thu Feb 19 03:02:51.661592 2026] [php:error] [pid 17413] [client 20.203.136.132:0] script '/domains/system_default/file8.php' not found or unable to stat
[Thu Feb 19 03:02:51.757760 2026] [php:error] [pid 17413] [client 20.203.136.132:0] script '/domains/system_default/file3.php' not found or unable to stat
[Thu Feb 19 03:02:51.882181 2026] [php:error] [pid 17413] [client 20.203.136.132:0] script '/domains/system_default/404.php' not found or unable to stat
[Thu Feb 19 03:02:51.980819 2026] [php:error] [pid 17413] [client 20.203.136.132:0] script '/domains/system_default/file6.php' not found or unable to stat
[Thu Feb 19 03:02:52.083829 2026] [php:error] [pid 17413] [client 20.203.136.132:0] script '/domains/system_default/file2.php' not found or unable to stat
[Thu Feb 19 03:02:52.180033 2026] [php:error] [pid 17413] [client 20.203.136.132:0] script '/domains/system_default/file.php' not found or unable to stat
[Thu Feb 19 03:03:11.146170 2026] [php:error] [pid 17415] [client 35.247.243.252:0] script '/domains/hdickens.enteract/adminer-5.1.0-mysql.php' not found or unable to stat
[Thu Feb 19 03:03:21.830599 2026] [php:error] [pid 17399] [client 34.96.162.60:0] script '/domains/hdickens.enteract/adminer-4.3.1.php' not found or unable to stat
[Thu Feb 19 03:03:35.669205 2026] [php:error] [pid 17402] [client 35.247.243.254:0] script '/domains/hdickens.enteract/adminer-5.1.0-mysql-en.php' not found or unable to stat
[Thu Feb 19 03:03:38.146308 2026] [php:error] [pid 17416] [client 35.247.243.247:0] script '/domains/hdickens.enteract/adminer-5.1.0-mysql-en.php' not found or unable to stat
[Thu Feb 19 03:03:43.169930 2026] [php:error] [pid 17420] [client 35.247.243.247:0] script '/domains/hdickens.enteract/adminer-4.4.0.php' not found or unable to stat
[Thu Feb 19 03:03:56.766786 2026] [php:error] [pid 17421] [client 20.43.58.61:0] script '/domains/system_default/new99.php' not found or unable to stat
[Thu Feb 19 03:03:56.855910 2026] [php:error] [pid 17421] [client 20.43.58.61:0] script '/domains/system_default/e.php' not found or unable to stat
[Thu Feb 19 03:03:56.944688 2026] [php:error] [pid 17421] [client 20.43.58.61:0] script '/domains/system_default/lp6.php' not found or unable to stat
[Thu Feb 19 03:03:57.043295 2026] [php:error] [pid 17421] [client 20.43.58.61:0] script '/domains/system_default/a4.php' not found or unable to stat
[Thu Feb 19 03:03:57.131878 2026] [php:error] [pid 17421] [client 20.43.58.61:0] script '/domains/system_default/222.php' not found or unable to stat
[Thu Feb 19 03:03:57.441098 2026] [php:error] [pid 17402] [client 35.247.243.250:0] script '/domains/pauljbrock/adminer-5.2.1-mysql-en.php' not found or unable to stat
[Thu Feb 19 03:03:57.677780 2026] [php:error] [pid 17421] [client 20.43.58.61:0] script '/domains/system_default/403.php' not found or unable to stat
[Thu Feb 19 03:03:57.766259 2026] [php:error] [pid 17421] [client 20.43.58.61:0] script '/domains/system_default/file5.php' not found or unable to stat
[Thu Feb 19 03:03:57.855253 2026] [php:error] [pid 17421] [client 20.43.58.61:0] script '/domains/system_default/file9.php' not found or unable to stat
[Thu Feb 19 03:03:57.943718 2026] [php:error] [pid 17421] [client 20.43.58.61:0] script '/domains/system_default/file8.php' not found or unable to stat
[Thu Feb 19 03:03:58.032247 2026] [php:error] [pid 17421] [client 20.43.58.61:0] script '/domains/system_default/file3.php' not found or unable to stat
[Thu Feb 19 03:03:58.120431 2026] [php:error] [pid 17421] [client 20.43.58.61:0] script '/domains/system_default/404.php' not found or unable to stat
[Thu Feb 19 03:03:58.217272 2026] [php:error] [pid 17421] [client 20.43.58.61:0] script '/domains/system_default/file6.php' not found or unable to stat
[Thu Feb 19 03:03:58.316089 2026] [php:error] [pid 17421] [client 20.43.58.61:0] script '/domains/system_default/file2.php' not found or unable to stat
[Thu Feb 19 03:03:58.405688 2026] [php:error] [pid 17421] [client 20.43.58.61:0] script '/domains/system_default/file.php' not found or unable to stat
[Thu Feb 19 03:04:01.432026 2026] [php:error] [pid 17591] [client 35.247.243.241:0] script '/domains/pauljbrock/adminer-5.0.2.php' not found or unable to stat
[Thu Feb 19 03:04:19.476089 2026] [php:error] [pid 17402] [client 34.96.162.61:0] script '/domains/pauljbrock/adminer-5.1.0-mysql.php' not found or unable to stat
[Thu Feb 19 03:04:20.925666 2026] [php:error] [pid 17423] [client 35.247.243.247:0] script '/domains/pauljbrock/adminer-4.7.5.php' not found or unable to stat
[Thu Feb 19 03:04:24.378468 2026] [php:error] [pid 17591] [client 195.3.220.176:0] script '/domains/quintet/wp-login.php' not found or unable to stat, referer: https://duckduckgo.com/
[Thu Feb 19 03:04:24.812942 2026] [php:error] [pid 17425] [client 195.3.220.176:0] script '/domains/quintet/wp-login.php' not found or unable to stat, referer: https://www.facebook.com/
[Thu Feb 19 03:04:28.307250 2026] [php:error] [pid 17425] [client 34.96.162.55:0] script '/domains/pauljbrock/adminer-5.0.1.php' not found or unable to stat
[Thu Feb 19 03:04:38.177619 2026] [php:error] [pid 17413] [client 35.247.243.242:0] script '/domains/pauljbrock/adminer-5.0.2.php' not found or unable to stat
[Thu Feb 19 03:04:39.352674 2026] [php:error] [pid 17423] [client 34.96.162.48:0] script '/domains/pauljbrock/adminer-5.0.0-mysql.php' not found or unable to stat
[Thu Feb 19 03:04:44.829455 2026] [php:error] [pid 17604] [client 20.205.120.43:0] script '/domains/system_suspended/wp-2019.php' not found or unable to stat
[Thu Feb 19 03:04:45.052640 2026] [php:error] [pid 17604] [client 20.205.120.43:0] script '/domains/system_suspended/403.php' not found or unable to stat
[Thu Feb 19 03:04:45.267309 2026] [php:error] [pid 17604] [client 20.205.120.43:0] script '/domains/system_suspended/aaa.php' not found or unable to stat
[Thu Feb 19 03:04:46.481095 2026] [php:error] [pid 17604] [client 20.205.120.43:0] script '/domains/system_suspended/y.php' not found or unable to stat
[Thu Feb 19 03:04:46.919457 2026] [php:error] [pid 17604] [client 20.205.120.43:0] script '/domains/system_suspended/ggfi.php' not found or unable to stat
[Thu Feb 19 03:04:47.934501 2026] [php:error] [pid 17604] [client 20.205.120.43:0] script '/domains/system_suspended/buy.php' not found or unable to stat
[Thu Feb 19 03:04:48.250824 2026] [php:error] [pid 17604] [client 20.205.120.43:0] script '/domains/system_suspended/chosen.php' not found or unable to stat
[Thu Feb 19 03:04:48.657766 2026] [php:error] [pid 17604] [client 20.205.120.43:0] script '/domains/system_suspended/index.php' not found or unable to stat
[Thu Feb 19 03:04:48.879090 2026] [php:error] [pid 17604] [client 20.205.120.43:0] script '/domains/system_suspended/cron.php' not found or unable to stat
[Thu Feb 19 03:04:49.210336 2026] [php:error] [pid 17604] [client 20.205.120.43:0] script '/domains/system_suspended/functions.php' not found or unable to stat
[Thu Feb 19 03:04:50.255311 2026] [php:error] [pid 17604] [client 20.205.120.43:0] script '/domains/system_suspended/wp-add.php' not found or unable to stat
[Thu Feb 19 03:04:50.880009 2026] [php:error] [pid 17604] [client 20.205.120.43:0] script '/domains/system_suspended/0.php' not found or unable to stat
[Thu Feb 19 03:04:51.097967 2026] [php:error] [pid 17604] [client 20.205.120.43:0] script '/domains/system_suspended/edit.php' not found or unable to stat
[Thu Feb 19 03:04:51.418257 2026] [php:error] [pid 17604] [client 20.205.120.43:0] script '/domains/system_suspended/meta.php' not found or unable to stat
[Thu Feb 19 03:04:51.801387 2026] [php:error] [pid 17604] [client 20.205.120.43:0] script '/domains/system_suspended/new.php' not found or unable to stat
[Thu Feb 19 03:04:52.718500 2026] [php:error] [pid 17604] [client 20.205.120.43:0] script '/domains/system_suspended/as.php' not found or unable to stat
[Thu Feb 19 03:04:52.806081 2026] [php:error] [pid 17603] [client 35.247.243.249:0] script '/domains/hdickens.enteract/adminer-5.0.5.php' not found or unable to stat
[Thu Feb 19 03:04:53.029294 2026] [php:error] [pid 17604] [client 20.205.120.43:0] script '/domains/system_suspended/ds.php' not found or unable to stat
[Thu Feb 19 03:04:53.435501 2026] [php:error] [pid 17604] [client 20.205.120.43:0] script '/domains/system_suspended/error.php' not found or unable to stat
[Thu Feb 19 03:04:53.817056 2026] [php:error] [pid 17604] [client 20.205.120.43:0] script '/domains/system_suspended/gecko-new.php' not found or unable to stat
[Thu Feb 19 03:04:54.041008 2026] [php:error] [pid 17604] [client 20.205.120.43:0] script '/domains/system_suspended/randkeyword.php' not found or unable to stat
[Thu Feb 19 03:04:55.587887 2026] [php:error] [pid 17604] [client 20.205.120.43:0] script '/domains/system_suspended/NewFile.php' not found or unable to stat
[Thu Feb 19 03:04:56.143229 2026] [php:error] [pid 17604] [client 20.205.120.43:0] script '/domains/system_suspended/goods.php' not found or unable to stat
[Thu Feb 19 03:04:56.363040 2026] [php:error] [pid 17604] [client 20.205.120.43:0] script '/domains/system_suspended/simple.php' not found or unable to stat
[Thu Feb 19 03:04:57.848739 2026] [php:error] [pid 17604] [client 20.205.120.43:0] script '/domains/system_suspended/c.php' not found or unable to stat
[Thu Feb 19 03:04:58.261372 2026] [php:error] [pid 17603] [client 4.232.88.90:0] script '/domains/testregisgroup/byp8.php' not found or unable to stat
[Thu Feb 19 03:04:59.010911 2026] [php:error] [pid 17604] [client 20.205.120.43:0] script '/domains/system_suspended/auth.php' not found or unable to stat
[Thu Feb 19 03:04:59.283750 2026] [php:error] [pid 17610] [client 34.96.162.60:0] script '/domains/pauljbrock/adminer-5.2.0.php' not found or unable to stat
[Thu Feb 19 03:04:59.393996 2026] [php:error] [pid 17604] [client 20.205.120.43:0] script '/domains/system_suspended/class-wp-lock.php' not found or unable to stat
[Thu Feb 19 03:04:59.697275 2026] [php:error] [pid 17604] [client 20.205.120.43:0] script '/domains/system_suspended/cookie.php' not found or unable to stat
[Thu Feb 19 03:04:59.926901 2026] [php:error] [pid 17604] [client 20.205.120.43:0] script '/domains/system_suspended/admin.php' not found or unable to stat
[Thu Feb 19 03:04:59.985769 2026] [php:error] [pid 17608] [client 35.247.243.247:0] script '/domains/pauljbrock/adminer-4.7.6.php' not found or unable to stat
[Thu Feb 19 03:05:00.603301 2026] [php:error] [pid 17604] [client 20.205.120.43:0] script '/domains/system_suspended/baxa1.php' not found or unable to stat
[Thu Feb 19 03:05:01.574911 2026] [php:error] [pid 17604] [client 20.205.120.43:0] script '/domains/system_suspended/xleet.php' not found or unable to stat
[Thu Feb 19 03:05:02.482476 2026] [php:error] [pid 17604] [client 20.205.120.43:0] script '/domains/system_suspended/about.php' not found or unable to stat
[Thu Feb 19 03:05:04.367688 2026] [php:error] [pid 17604] [client 20.205.120.43:0] script '/domains/system_suspended/alfanew.php' not found or unable to stat
[Thu Feb 19 03:05:05.267573 2026] [php:error] [pid 17604] [client 20.205.120.43:0] script '/domains/system_suspended/22.php' not found or unable to stat
[Thu Feb 19 03:05:06.229208 2026] [php:error] [pid 17604] [client 20.205.120.43:0] script '/domains/system_suspended/simple.php' not found or unable to stat
[Thu Feb 19 03:05:06.886755 2026] [php:error] [pid 17604] [client 20.205.120.43:0] script '/domains/system_suspended/admin.php' not found or unable to stat
[Thu Feb 19 03:05:07.186836 2026] [php:error] [pid 17604] [client 20.205.120.43:0] script '/domains/system_suspended/c99.php' not found or unable to stat
[Thu Feb 19 03:05:07.410291 2026] [php:error] [pid 17604] [client 20.205.120.43:0] script '/domains/system_suspended/file.php' not found or unable to stat
[Thu Feb 19 03:05:07.732882 2026] [php:error] [pid 17604] [client 20.205.120.43:0] script '/domains/system_suspended/b.php' not found or unable to stat
[Thu Feb 19 03:05:07.948502 2026] [php:error] [pid 17604] [client 20.205.120.43:0] script '/domains/system_suspended/classwithtostring.php' not found or unable to stat
[Thu Feb 19 03:05:08.170939 2026] [php:error] [pid 17604] [client 20.205.120.43:0] script '/domains/system_suspended/css.php' not found or unable to stat
[Thu Feb 19 03:05:08.389795 2026] [php:error] [pid 17604] [client 20.205.120.43:0] script '/domains/system_suspended/flower.php' not found or unable to stat
[Thu Feb 19 03:05:08.456456 2026] [php:error] [pid 17425] [client 35.247.243.245:0] script '/domains/pauljbrock/adminer-5.4.0.php' not found or unable to stat
[Thu Feb 19 03:05:09.140412 2026] [php:error] [pid 17604] [client 20.205.120.43:0] script '/domains/system_suspended/jp.php' not found or unable to stat
[Thu Feb 19 03:05:09.448366 2026] [php:error] [pid 17604] [client 20.205.120.43:0] script '/domains/system_suspended/room.php' not found or unable to stat
[Thu Feb 19 03:05:10.113897 2026] [php:error] [pid 17604] [client 20.205.120.43:0] script '/domains/system_suspended/12.php' not found or unable to stat
[Thu Feb 19 03:05:10.415636 2026] [php:error] [pid 17604] [client 20.205.120.43:0] script '/domains/system_suspended/404.php' not found or unable to stat
[Thu Feb 19 03:05:10.638939 2026] [php:error] [pid 17604] [client 20.205.120.43:0] script '/domains/system_suspended/disagreed.php' not found or unable to stat
[Thu Feb 19 03:05:11.269627 2026] [php:error] [pid 17604] [client 20.205.120.43:0] script '/domains/system_suspended/text.php' not found or unable to stat
[Thu Feb 19 03:05:12.098487 2026] [php:error] [pid 17425] [client 20.42.209.0:0] script '/domains/larrysr/lock360.php' not found or unable to stat
[Thu Feb 19 03:05:12.327784 2026] [php:error] [pid 17425] [client 20.42.209.0:0] script '/domains/larrysr/ahcc.php' not found or unable to stat
[Thu Feb 19 03:05:12.550532 2026] [php:error] [pid 17425] [client 20.42.209.0:0] script '/domains/larrysr/R57.php' not found or unable to stat
[Thu Feb 19 03:05:12.767632 2026] [php:error] [pid 17425] [client 20.42.209.0:0] script '/domains/larrysr/vqgii.php' not found or unable to stat
[Thu Feb 19 03:05:12.988324 2026] [php:error] [pid 17425] [client 20.42.209.0:0] script '/domains/larrysr/jrxzb.php' not found or unable to stat
[Thu Feb 19 03:05:13.183712 2026] [php:error] [pid 17425] [client 20.42.209.0:0] script '/domains/larrysr/sc.php' not found or unable to stat
[Thu Feb 19 03:05:13.393601 2026] [php:error] [pid 17604] [client 20.205.120.43:0] script '/domains/system_suspended/GOD.php' not found or unable to stat
[Thu Feb 19 03:05:13.443745 2026] [php:error] [pid 17425] [client 20.42.209.0:0] script '/domains/larrysr/qowaa.php' not found or unable to stat
[Thu Feb 19 03:05:13.674436 2026] [php:error] [pid 17425] [client 20.42.209.0:0] script '/domains/larrysr/beixl.php' not found or unable to stat
[Thu Feb 19 03:05:13.886913 2026] [php:error] [pid 17425] [client 20.42.209.0:0] script '/domains/larrysr/8.php' not found or unable to stat
[Thu Feb 19 03:05:13.959053 2026] [php:error] [pid 17593] [client 35.247.243.249:0] script '/domains/pauljbrock/adminer-5.0.3-en.php' not found or unable to stat
[Thu Feb 19 03:05:14.088826 2026] [php:error] [pid 17604] [client 20.205.120.43:0] script '/domains/system_suspended/alfa-rex.php' not found or unable to stat
[Thu Feb 19 03:05:14.151007 2026] [php:error] [pid 17425] [client 20.42.209.0:0] script '/domains/larrysr/lkui.php' not found or unable to stat
[Thu Feb 19 03:05:14.346775 2026] [php:error] [pid 17425] [client 20.42.209.0:0] script '/domains/larrysr/reyna.php' not found or unable to stat
[Thu Feb 19 03:05:14.445404 2026] [php:error] [pid 17604] [client 20.205.120.43:0] script '/domains/system_suspended/f35.php' not found or unable to stat
