[Thu Feb 19 01:31:17.085656 2026] [php:error] [pid 15945] [client 20.214.159.60:0] script '/domains/antiqueweb1/class-wp-lock.php' not found or unable to stat
[Thu Feb 19 01:31:17.283990 2026] [php:error] [pid 15945] [client 20.214.159.60:0] script '/domains/antiqueweb1/cookie.php' not found or unable to stat
[Thu Feb 19 01:31:17.488329 2026] [php:error] [pid 15945] [client 20.214.159.60:0] script '/domains/antiqueweb1/admin.php' not found or unable to stat
[Thu Feb 19 01:31:17.688465 2026] [php:error] [pid 15945] [client 20.214.159.60:0] script '/domains/antiqueweb1/baxa1.php' not found or unable to stat
[Thu Feb 19 01:31:19.780036 2026] [php:error] [pid 15945] [client 20.214.159.60:0] script '/domains/antiqueweb1/xleet.php' not found or unable to stat
[Thu Feb 19 01:31:21.139088 2026] [php:error] [pid 15945] [client 20.214.159.60:0] script '/domains/antiqueweb1/about.php' not found or unable to stat
[Thu Feb 19 01:31:22.846134 2026] [php:error] [pid 15945] [client 20.214.159.60:0] script '/domains/antiqueweb1/alfanew.php' not found or unable to stat
[Thu Feb 19 01:31:23.765684 2026] [php:error] [pid 15945] [client 20.214.159.60:0] script '/domains/antiqueweb1/22.php' not found or unable to stat
[Thu Feb 19 01:31:25.377498 2026] [php:error] [pid 15945] [client 20.214.159.60:0] script '/domains/antiqueweb1/simple.php' not found or unable to stat
[Thu Feb 19 01:31:25.788073 2026] [php:error] [pid 15945] [client 20.214.159.60:0] script '/domains/antiqueweb1/admin.php' not found or unable to stat
[Thu Feb 19 01:31:25.987556 2026] [php:error] [pid 15945] [client 20.214.159.60:0] script '/domains/antiqueweb1/c99.php' not found or unable to stat
[Thu Feb 19 01:31:26.122004 2026] [php:error] [pid 15977] [client 20.194.29.45:0] script '/domains/afglcweb/wp-2019.php' not found or unable to stat
[Thu Feb 19 01:31:26.314135 2026] [php:error] [pid 15977] [client 20.194.29.45:0] script '/domains/afglcweb/403.php' not found or unable to stat
[Thu Feb 19 01:31:26.520874 2026] [php:error] [pid 15977] [client 20.194.29.45:0] script '/domains/afglcweb/aaa.php' not found or unable to stat
[Thu Feb 19 01:31:26.976617 2026] [php:error] [pid 15945] [client 20.214.159.60:0] script '/domains/antiqueweb1/file.php' not found or unable to stat
[Thu Feb 19 01:31:27.636355 2026] [php:error] [pid 15977] [client 20.194.29.45:0] script '/domains/afglcweb/y.php' not found or unable to stat
[Thu Feb 19 01:31:27.642472 2026] [php:error] [pid 15945] [client 20.214.159.60:0] script '/domains/antiqueweb1/b.php' not found or unable to stat
[Thu Feb 19 01:31:27.896778 2026] [php:error] [pid 15945] [client 20.214.159.60:0] script '/domains/antiqueweb1/classwithtostring.php' not found or unable to stat
[Thu Feb 19 01:31:28.399092 2026] [php:error] [pid 15977] [client 20.194.29.45:0] script '/domains/afglcweb/ggfi.php' not found or unable to stat
[Thu Feb 19 01:31:28.485404 2026] [php:error] [pid 15945] [client 20.214.159.60:0] script '/domains/antiqueweb1/css.php' not found or unable to stat
[Thu Feb 19 01:31:28.913685 2026] [php:error] [pid 15945] [client 20.214.159.60:0] script '/domains/antiqueweb1/flower.php' not found or unable to stat
[Thu Feb 19 01:31:29.440722 2026] [php:error] [pid 15977] [client 20.194.29.45:0] script '/domains/afglcweb/buy.php' not found or unable to stat
[Thu Feb 19 01:31:29.830448 2026] [php:error] [pid 15977] [client 20.194.29.45:0] script '/domains/afglcweb/chosen.php' not found or unable to stat
[Thu Feb 19 01:31:30.014150 2026] [php:error] [pid 15945] [client 20.214.159.60:0] script '/domains/antiqueweb1/jp.php' not found or unable to stat
[Thu Feb 19 01:31:30.021008 2026] [php:error] [pid 15977] [client 20.194.29.45:0] script '/domains/afglcweb/index.php' not found or unable to stat
[Thu Feb 19 01:31:30.215995 2026] [php:error] [pid 15977] [client 20.194.29.45:0] script '/domains/afglcweb/cron.php' not found or unable to stat
[Thu Feb 19 01:31:30.266185 2026] [php:error] [pid 15945] [client 20.214.159.60:0] script '/domains/antiqueweb1/room.php' not found or unable to stat
[Thu Feb 19 01:31:30.568972 2026] [php:error] [pid 15977] [client 20.194.29.45:0] script '/domains/afglcweb/functions.php' not found or unable to stat
[Thu Feb 19 01:31:31.601704 2026] [php:error] [pid 15977] [client 20.194.29.45:0] script '/domains/afglcweb/wp-add.php' not found or unable to stat
[Thu Feb 19 01:31:31.829671 2026] [php:error] [pid 15945] [client 20.214.159.60:0] script '/domains/antiqueweb1/12.php' not found or unable to stat
[Thu Feb 19 01:31:32.265166 2026] [php:error] [pid 15977] [client 20.194.29.45:0] script '/domains/afglcweb/0.php' not found or unable to stat
[Thu Feb 19 01:31:32.638053 2026] [php:error] [pid 15945] [client 20.214.159.60:0] script '/domains/antiqueweb1/404.php' not found or unable to stat
[Thu Feb 19 01:31:32.700884 2026] [php:error] [pid 15977] [client 20.194.29.45:0] script '/domains/afglcweb/edit.php' not found or unable to stat
[Thu Feb 19 01:31:32.892480 2026] [php:error] [pid 15977] [client 20.194.29.45:0] script '/domains/afglcweb/meta.php' not found or unable to stat
[Thu Feb 19 01:31:33.099389 2026] [php:error] [pid 15977] [client 20.194.29.45:0] script '/domains/afglcweb/new.php' not found or unable to stat
[Thu Feb 19 01:31:33.451580 2026] [php:error] [pid 15945] [client 20.214.159.60:0] script '/domains/antiqueweb1/disagreed.php' not found or unable to stat
[Thu Feb 19 01:31:33.685600 2026] [php:error] [pid 15977] [client 20.194.29.45:0] script '/domains/afglcweb/as.php' not found or unable to stat
[Thu Feb 19 01:31:33.884574 2026] [php:error] [pid 15977] [client 20.194.29.45:0] script '/domains/afglcweb/ds.php' not found or unable to stat
[Thu Feb 19 01:31:34.181668 2026] [php:error] [pid 15977] [client 20.194.29.45:0] script '/domains/afglcweb/error.php' not found or unable to stat
[Thu Feb 19 01:31:34.255502 2026] [php:error] [pid 15945] [client 20.214.159.60:0] script '/domains/antiqueweb1/text.php' not found or unable to stat
[Thu Feb 19 01:31:34.581494 2026] [php:error] [pid 15977] [client 20.194.29.45:0] script '/domains/afglcweb/gecko-new.php' not found or unable to stat
[Thu Feb 19 01:31:34.773701 2026] [php:error] [pid 15977] [client 20.194.29.45:0] script '/domains/afglcweb/randkeyword.php' not found or unable to stat
[Thu Feb 19 01:31:35.622544 2026] [php:error] [pid 15977] [client 20.194.29.45:0] script '/domains/afglcweb/NewFile.php' not found or unable to stat
[Thu Feb 19 01:31:35.969708 2026] [php:error] [pid 15977] [client 20.194.29.45:0] script '/domains/afglcweb/goods.php' not found or unable to stat
[Thu Feb 19 01:31:36.166803 2026] [php:error] [pid 15977] [client 20.194.29.45:0] script '/domains/afglcweb/simple.php' not found or unable to stat
[Thu Feb 19 01:31:37.698054 2026] [php:error] [pid 15977] [client 20.194.29.45:0] script '/domains/afglcweb/c.php' not found or unable to stat
[Thu Feb 19 01:31:38.431677 2026] [php:error] [pid 15977] [client 20.194.29.45:0] script '/domains/afglcweb/auth.php' not found or unable to stat
[Thu Feb 19 01:31:38.841454 2026] [php:error] [pid 15977] [client 20.194.29.45:0] script '/domains/afglcweb/class-wp-lock.php' not found or unable to stat
[Thu Feb 19 01:31:39.019072 2026] [php:error] [pid 15945] [client 20.214.159.60:0] script '/domains/antiqueweb1/GOD.php' not found or unable to stat
[Thu Feb 19 01:31:39.030963 2026] [php:error] [pid 15977] [client 20.194.29.45:0] script '/domains/afglcweb/cookie.php' not found or unable to stat
[Thu Feb 19 01:31:39.231791 2026] [php:error] [pid 15977] [client 20.194.29.45:0] script '/domains/afglcweb/admin.php' not found or unable to stat
[Thu Feb 19 01:31:39.407363 2026] [php:error] [pid 15945] [client 20.214.159.60:0] script '/domains/antiqueweb1/alfa-rex.php' not found or unable to stat
[Thu Feb 19 01:31:39.425781 2026] [php:error] [pid 15977] [client 20.194.29.45:0] script '/domains/afglcweb/baxa1.php' not found or unable to stat
[Thu Feb 19 01:31:39.607724 2026] [php:error] [pid 15945] [client 20.214.159.60:0] script '/domains/antiqueweb1/f35.php' not found or unable to stat
[Thu Feb 19 01:31:40.269511 2026] [php:error] [pid 15977] [client 20.194.29.45:0] script '/domains/afglcweb/xleet.php' not found or unable to stat
[Thu Feb 19 01:31:40.288922 2026] [php:error] [pid 15945] [client 20.214.159.60:0] script '/domains/antiqueweb1/feeds.php' not found or unable to stat
[Thu Feb 19 01:31:41.189738 2026] [php:error] [pid 15977] [client 20.194.29.45:0] script '/domains/afglcweb/about.php' not found or unable to stat
[Thu Feb 19 01:31:41.243307 2026] [php:error] [pid 15945] [client 20.214.159.60:0] script '/domains/antiqueweb1/favicon.php' not found or unable to stat
[Thu Feb 19 01:31:42.147766 2026] [php:error] [pid 15945] [client 20.214.159.60:0] script '/domains/antiqueweb1/hehe.php' not found or unable to stat
[Thu Feb 19 01:31:42.842580 2026] [php:error] [pid 15977] [client 20.194.29.45:0] script '/domains/afglcweb/alfanew.php' not found or unable to stat
[Thu Feb 19 01:31:43.486185 2026] [php:error] [pid 15977] [client 20.194.29.45:0] script '/domains/afglcweb/22.php' not found or unable to stat
[Thu Feb 19 01:31:43.919052 2026] [php:error] [pid 15945] [client 20.214.159.60:0] script '/domains/antiqueweb1/user.php' not found or unable to stat
[Thu Feb 19 01:31:44.251492 2026] [php:error] [pid 15977] [client 20.194.29.45:0] script '/domains/afglcweb/simple.php' not found or unable to stat
[Thu Feb 19 01:31:44.498320 2026] [php:error] [pid 15966] [client 20.214.159.60:0] script '/domains/antiqueweb1/autoload_classmap.php' not found or unable to stat
[Thu Feb 19 01:31:44.887051 2026] [php:error] [pid 15977] [client 20.194.29.45:0] script '/domains/afglcweb/admin.php' not found or unable to stat
[Thu Feb 19 01:31:45.091395 2026] [php:error] [pid 15977] [client 20.194.29.45:0] script '/domains/afglcweb/c99.php' not found or unable to stat
[Thu Feb 19 01:31:45.327151 2026] [php:error] [pid 15966] [client 20.214.159.60:0] script '/domains/antiqueweb1/files.php' not found or unable to stat
[Thu Feb 19 01:31:45.651214 2026] [php:error] [pid 15977] [client 20.194.29.45:0] script '/domains/afglcweb/file.php' not found or unable to stat
[Thu Feb 19 01:31:45.739086 2026] [php:error] [pid 15966] [client 20.214.159.60:0] script '/domains/antiqueweb1/about.php' not found or unable to stat
[Thu Feb 19 01:31:45.842452 2026] [php:error] [pid 15977] [client 20.194.29.45:0] script '/domains/afglcweb/b.php' not found or unable to stat
[Thu Feb 19 01:31:46.111677 2026] [php:error] [pid 15977] [client 20.194.29.45:0] script '/domains/afglcweb/classwithtostring.php' not found or unable to stat
[Thu Feb 19 01:31:46.312371 2026] [php:error] [pid 15977] [client 20.194.29.45:0] script '/domains/afglcweb/css.php' not found or unable to stat
[Thu Feb 19 01:31:46.326030 2026] [php:error] [pid 15966] [client 20.214.159.60:0] script '/domains/antiqueweb1/al.php' not found or unable to stat
[Thu Feb 19 01:31:46.512910 2026] [php:error] [pid 15977] [client 20.194.29.45:0] script '/domains/afglcweb/flower.php' not found or unable to stat
[Thu Feb 19 01:31:46.525982 2026] [php:error] [pid 15966] [client 20.214.159.60:0] script '/domains/antiqueweb1/byp.php' not found or unable to stat
[Thu Feb 19 01:31:47.021111 2026] [php:error] [pid 15966] [client 20.214.159.60:0] script '/domains/antiqueweb1/wander.php' not found or unable to stat
[Thu Feb 19 01:31:47.083279 2026] [php:error] [pid 15977] [client 20.194.29.45:0] script '/domains/afglcweb/jp.php' not found or unable to stat
[Thu Feb 19 01:31:47.276567 2026] [php:error] [pid 15977] [client 20.194.29.45:0] script '/domains/afglcweb/room.php' not found or unable to stat
[Thu Feb 19 01:31:48.199920 2026] [php:error] [pid 15966] [client 20.214.159.60:0] script '/domains/antiqueweb1/en.php' not found or unable to stat
[Thu Feb 19 01:31:48.239184 2026] [php:error] [pid 15977] [client 20.194.29.45:0] script '/domains/afglcweb/12.php' not found or unable to stat
[Thu Feb 19 01:31:48.435083 2026] [php:error] [pid 15977] [client 20.194.29.45:0] script '/domains/afglcweb/404.php' not found or unable to stat
[Thu Feb 19 01:31:48.541880 2026] [php:error] [pid 15966] [client 20.214.159.60:0] script '/domains/antiqueweb1/help.php' not found or unable to stat
[Thu Feb 19 01:31:48.623222 2026] [php:error] [pid 15977] [client 20.194.29.45:0] script '/domains/afglcweb/disagreed.php' not found or unable to stat
[Thu Feb 19 01:31:49.170965 2026] [php:error] [pid 15977] [client 20.194.29.45:0] script '/domains/afglcweb/text.php' not found or unable to stat
[Thu Feb 19 01:31:49.384021 2026] [php:error] [pid 15971] [client 20.219.8.79:0] script '/domains/piltdweb1/wp-2019.php' not found or unable to stat
[Thu Feb 19 01:31:49.730642 2026] [php:error] [pid 15971] [client 20.219.8.79:0] script '/domains/piltdweb1/403.php' not found or unable to stat
[Thu Feb 19 01:31:50.068479 2026] [php:error] [pid 15971] [client 20.219.8.79:0] script '/domains/piltdweb1/aaa.php' not found or unable to stat
[Thu Feb 19 01:31:51.124568 2026] [php:error] [pid 15971] [client 20.219.8.79:0] script '/domains/piltdweb1/y.php' not found or unable to stat
[Thu Feb 19 01:31:51.259117 2026] [php:error] [pid 15966] [client 20.214.159.60:0] script '/domains/antiqueweb1/control.php' not found or unable to stat
[Thu Feb 19 01:31:51.794688 2026] [php:error] [pid 15971] [client 20.219.8.79:0] script '/domains/piltdweb1/ggfi.php' not found or unable to stat
[Thu Feb 19 01:31:52.100601 2026] [php:error] [pid 15977] [client 20.194.29.45:0] script '/domains/afglcweb/GOD.php' not found or unable to stat
[Thu Feb 19 01:31:52.494720 2026] [php:error] [pid 15977] [client 20.194.29.45:0] script '/domains/afglcweb/alfa-rex.php' not found or unable to stat
[Thu Feb 19 01:31:52.714946 2026] [php:error] [pid 15966] [client 20.214.159.60:0] script '/domains/antiqueweb1/radio.php' not found or unable to stat
[Thu Feb 19 01:31:52.848147 2026] [php:error] [pid 15977] [client 20.194.29.45:0] script '/domains/afglcweb/f35.php' not found or unable to stat
[Thu Feb 19 01:31:52.867217 2026] [php:error] [pid 15971] [client 20.219.8.79:0] script '/domains/piltdweb1/buy.php' not found or unable to stat
[Thu Feb 19 01:31:52.909756 2026] [php:error] [pid 15966] [client 20.214.159.60:0] script '/domains/antiqueweb1/dropdown.php' not found or unable to stat
[Thu Feb 19 01:31:53.095572 2026] [php:error] [pid 15971] [client 20.219.8.79:0] script '/domains/piltdweb1/chosen.php' not found or unable to stat
[Thu Feb 19 01:31:53.321823 2026] [php:error] [pid 15971] [client 20.219.8.79:0] script '/domains/piltdweb1/index.php' not found or unable to stat
[Thu Feb 19 01:31:53.474613 2026] [php:error] [pid 15977] [client 20.194.29.45:0] script '/domains/afglcweb/feeds.php' not found or unable to stat
[Thu Feb 19 01:31:53.791301 2026] [php:error] [pid 15971] [client 20.219.8.79:0] script '/domains/piltdweb1/cron.php' not found or unable to stat
[Thu Feb 19 01:31:53.935862 2026] [php:error] [pid 15977] [client 20.194.29.45:0] script '/domains/afglcweb/favicon.php' not found or unable to stat
[Thu Feb 19 01:31:53.998194 2026] [php:error] [pid 15971] [client 20.219.8.79:0] script '/domains/piltdweb1/functions.php' not found or unable to stat
[Thu Feb 19 01:31:54.569812 2026] [php:error] [pid 15977] [client 20.194.29.45:0] script '/domains/afglcweb/hehe.php' not found or unable to stat
[Thu Feb 19 01:31:54.620694 2026] [php:error] [pid 15966] [client 20.214.159.60:0] script '/domains/antiqueweb1/wp-2019.php' not found or unable to stat
[Thu Feb 19 01:31:55.017056 2026] [php:error] [pid 15966] [client 20.214.159.60:0] script '/domains/antiqueweb1/403.php' not found or unable to stat
[Thu Feb 19 01:31:55.220023 2026] [php:error] [pid 15966] [client 20.214.159.60:0] script '/domains/antiqueweb1/about.php' not found or unable to stat
[Thu Feb 19 01:31:55.414378 2026] [php:error] [pid 15966] [client 20.214.159.60:0] script '/domains/antiqueweb1/admin.php' not found or unable to stat
[Thu Feb 19 01:31:55.529724 2026] [php:error] [pid 15977] [client 20.194.29.45:0] script '/domains/afglcweb/user.php' not found or unable to stat
[Thu Feb 19 01:31:55.607948 2026] [php:error] [pid 15966] [client 20.214.159.60:0] script '/domains/antiqueweb1/as.php' not found or unable to stat
[Thu Feb 19 01:31:55.743372 2026] [php:error] [pid 15971] [client 20.219.8.79:0] script '/domains/piltdweb1/wp-add.php' not found or unable to stat
[Thu Feb 19 01:31:56.073320 2026] [php:error] [pid 15971] [client 20.219.8.79:0] script '/domains/piltdweb1/0.php' not found or unable to stat
[Thu Feb 19 01:31:56.119358 2026] [php:error] [pid 15979] [client 20.194.29.45:0] script '/domains/afglcweb/autoload_classmap.php' not found or unable to stat
[Thu Feb 19 01:31:56.266547 2026] [php:error] [pid 15966] [client 20.214.159.60:0] script '/domains/antiqueweb1/autoload_classmap.php' not found or unable to stat
[Thu Feb 19 01:31:56.278644 2026] [php:error] [pid 15971] [client 20.219.8.79:0] script '/domains/piltdweb1/edit.php' not found or unable to stat
[Thu Feb 19 01:31:56.456972 2026] [php:error] [pid 15966] [client 20.214.159.60:0] script '/domains/antiqueweb1/classwithtostring.php' not found or unable to stat
[Thu Feb 19 01:31:56.506400 2026] [php:error] [pid 15971] [client 20.219.8.79:0] script '/domains/piltdweb1/meta.php' not found or unable to stat
[Thu Feb 19 01:31:56.508971 2026] [php:error] [pid 15979] [client 20.194.29.45:0] script '/domains/afglcweb/files.php' not found or unable to stat
[Thu Feb 19 01:31:56.654501 2026] [php:error] [pid 15966] [client 20.214.159.60:0] script '/domains/antiqueweb1/content.php' not found or unable to stat
[Thu Feb 19 01:31:56.830846 2026] [php:error] [pid 15971] [client 20.219.8.79:0] script '/domains/piltdweb1/new.php' not found or unable to stat
[Thu Feb 19 01:31:56.859094 2026] [php:error] [pid 15966] [client 20.214.159.60:0] script '/domains/antiqueweb1/doc.php' not found or unable to stat
[Thu Feb 19 01:31:56.918971 2026] [php:error] [pid 15979] [client 20.194.29.45:0] script '/domains/afglcweb/about.php' not found or unable to stat
[Thu Feb 19 01:31:57.307710 2026] [php:error] [pid 15979] [client 20.194.29.45:0] script '/domains/afglcweb/al.php' not found or unable to stat
[Thu Feb 19 01:31:57.325342 2026] [php:error] [pid 15971] [client 20.219.8.79:0] script '/domains/piltdweb1/as.php' not found or unable to stat
[Thu Feb 19 01:31:57.357785 2026] [php:error] [pid 15981] [client 179.43.191.19:0] script '/domains/braniff/wp-login.php' not found or unable to stat, referer: braniffcommunications.com
[Thu Feb 19 01:31:57.637361 2026] [php:error] [pid 15979] [client 20.194.29.45:0] script '/domains/afglcweb/byp.php' not found or unable to stat
[Thu Feb 19 01:31:57.663843 2026] [php:error] [pid 15971] [client 20.219.8.79:0] script '/domains/piltdweb1/ds.php' not found or unable to stat
[Thu Feb 19 01:31:57.726438 2026] [php:error] [pid 15966] [client 20.214.159.60:0] script '/domains/antiqueweb1/dropdown.php' not found or unable to stat
[Thu Feb 19 01:31:57.827922 2026] [php:error] [pid 15979] [client 20.194.29.45:0] script '/domains/afglcweb/css/autoload_classmap.php' not found or unable to stat
[Thu Feb 19 01:31:57.864292 2026] [php:error] [pid 15971] [client 20.219.8.79:0] script '/domains/piltdweb1/error.php' not found or unable to stat
[Thu Feb 19 01:31:58.066333 2026] [php:error] [pid 15971] [client 20.219.8.79:0] script '/domains/piltdweb1/gecko-new.php' not found or unable to stat
[Thu Feb 19 01:31:58.310662 2026] [php:error] [pid 15979] [client 20.194.29.45:0] script '/domains/afglcweb/wander.php' not found or unable to stat
[Thu Feb 19 01:31:58.432619 2026] [php:error] [pid 15971] [client 20.219.8.79:0] script '/domains/piltdweb1/randkeyword.php' not found or unable to stat
[Thu Feb 19 01:31:58.809034 2026] [php:error] [pid 15966] [client 20.214.159.60:0] script '/domains/antiqueweb1/ee.php' not found or unable to stat
[Thu Feb 19 01:31:59.030771 2026] [php:error] [pid 15966] [client 20.214.159.60:0] script '/domains/antiqueweb1/images/wp-login.php' not found or unable to stat
[Thu Feb 19 01:31:59.291913 2026] [php:error] [pid 15971] [client 20.219.8.79:0] script '/domains/piltdweb1/NewFile.php' not found or unable to stat
[Thu Feb 19 01:31:59.493939 2026] [php:error] [pid 15971] [client 20.219.8.79:0] script '/domains/piltdweb1/goods.php' not found or unable to stat
[Thu Feb 19 01:31:59.604155 2026] [php:error] [pid 15966] [client 20.214.159.60:0] script '/domains/antiqueweb1/moon.php' not found or unable to stat
[Thu Feb 19 01:31:59.721341 2026] [php:error] [pid 15971] [client 20.219.8.79:0] script '/domains/piltdweb1/simple.php' not found or unable to stat
[Thu Feb 19 01:31:59.734318 2026] [php:error] [pid 15979] [client 20.194.29.45:0] script '/domains/afglcweb/en.php' not found or unable to stat
[Thu Feb 19 01:31:59.815433 2026] [php:error] [pid 15966] [client 20.214.159.60:0] script '/domains/antiqueweb1/new.php' not found or unable to stat
[Thu Feb 19 01:31:59.936889 2026] [php:error] [pid 15979] [client 20.194.29.45:0] script '/domains/afglcweb/help.php' not found or unable to stat
[Thu Feb 19 01:32:00.418484 2026] [php:error] [pid 15966] [client 20.214.159.60:0] script '/domains/antiqueweb1/radio.php' not found or unable to stat
[Thu Feb 19 01:32:00.835886 2026] [php:error] [pid 15971] [client 20.219.8.79:0] script '/domains/piltdweb1/c.php' not found or unable to stat
[Thu Feb 19 01:32:00.933249 2026] [php:error] [pid 15979] [client 20.194.29.45:0] script '/domains/afglcweb/control.php' not found or unable to stat
[Thu Feb 19 01:32:01.205955 2026] [php:error] [pid 15966] [client 20.214.159.60:0] script '/domains/antiqueweb1/s.php' not found or unable to stat
[Thu Feb 19 01:32:01.394438 2026] [php:error] [pid 15966] [client 20.214.159.60:0] script '/domains/antiqueweb1/sim.php' not found or unable to stat
[Thu Feb 19 01:32:01.580958 2026] [php:error] [pid 15971] [client 20.219.8.79:0] script '/domains/piltdweb1/auth.php' not found or unable to stat
[Thu Feb 19 01:32:01.780238 2026] [php:error] [pid 15971] [client 20.219.8.79:0] script '/domains/piltdweb1/class-wp-lock.php' not found or unable to stat
[Thu Feb 19 01:32:01.866191 2026] [php:error] [pid 15979] [client 20.194.29.45:0] script '/domains/afglcweb/radio.php' not found or unable to stat
[Thu Feb 19 01:32:02.130207 2026] [php:error] [pid 15966] [client 20.214.159.60:0] script '/domains/antiqueweb1/simple.php' not found or unable to stat
[Thu Feb 19 01:32:02.130939 2026] [php:error] [pid 15971] [client 20.219.8.79:0] script '/domains/piltdweb1/cookie.php' not found or unable to stat
[Thu Feb 19 01:32:02.142830 2026] [php:error] [pid 15979] [client 20.194.29.45:0] script '/domains/afglcweb/dropdown.php' not found or unable to stat
[Thu Feb 19 01:32:02.440148 2026] [php:error] [pid 15971] [client 20.219.8.79:0] script '/domains/piltdweb1/admin.php' not found or unable to stat
[Thu Feb 19 01:32:02.809524 2026] [php:error] [pid 15971] [client 20.219.8.79:0] script '/domains/piltdweb1/baxa1.php' not found or unable to stat
[Thu Feb 19 01:32:03.003176 2026] [php:error] [pid 15979] [client 20.194.29.45:0] script '/domains/afglcweb/wp-2019.php' not found or unable to stat
[Thu Feb 19 01:32:03.119202 2026] [php:error] [pid 15966] [client 20.214.159.60:0] script '/domains/antiqueweb1/user.php' not found or unable to stat
[Thu Feb 19 01:32:03.592948 2026] [php:error] [pid 15966] [client 20.214.159.60:0] script '/domains/antiqueweb1/webadmin.php' not found or unable to stat
[Thu Feb 19 01:32:03.662621 2026] [php:error] [pid 15971] [client 20.219.8.79:0] script '/domains/piltdweb1/xleet.php' not found or unable to stat
[Thu Feb 19 01:32:03.719712 2026] [php:error] [pid 15979] [client 20.194.29.45:0] script '/domains/afglcweb/403.php' not found or unable to stat
[Thu Feb 19 01:32:03.910215 2026] [php:error] [pid 15979] [client 20.194.29.45:0] script '/domains/afglcweb/about.php' not found or unable to stat
[Thu Feb 19 01:32:04.231949 2026] [php:error] [pid 15979] [client 20.194.29.45:0] script '/domains/afglcweb/admin.php' not found or unable to stat
[Thu Feb 19 01:32:04.233248 2026] [php:error] [pid 15971] [client 20.219.8.79:0] script '/domains/piltdweb1/about.php' not found or unable to stat
[Thu Feb 19 01:32:04.541510 2026] [php:error] [pid 15979] [client 20.194.29.45:0] script '/domains/afglcweb/as.php' not found or unable to stat
[Thu Feb 19 01:32:04.729800 2026] [php:error] [pid 15979] [client 20.194.29.45:0] script '/domains/afglcweb/autoload_classmap.php' not found or unable to stat
[Thu Feb 19 01:32:04.917079 2026] [php:error] [pid 15979] [client 20.194.29.45:0] script '/domains/afglcweb/classwithtostring.php' not found or unable to stat
[Thu Feb 19 01:32:05.213955 2026] [php:error] [pid 15979] [client 20.194.29.45:0] script '/domains/afglcweb/content.php' not found or unable to stat
[Thu Feb 19 01:32:05.415465 2026] [php:error] [pid 15979] [client 20.194.29.45:0] script '/domains/afglcweb/doc.php' not found or unable to stat
[Thu Feb 19 01:32:05.437247 2026] [php:error] [pid 15966] [client 20.214.159.60:0] script '/domains/antiqueweb1/wp-config-sample.php' not found or unable to stat
[Thu Feb 19 01:32:05.620462 2026] [php:error] [pid 15979] [client 20.194.29.45:0] script '/domains/afglcweb/dropdown.php' not found or unable to stat
[Thu Feb 19 01:32:05.636191 2026] [php:error] [pid 15966] [client 20.214.159.60:0] script '/domains/antiqueweb1/wp-configs.php' not found or unable to stat
[Thu Feb 19 01:32:05.828716 2026] [php:error] [pid 15979] [client 20.194.29.45:0] script '/domains/afglcweb/ee.php' not found or unable to stat
[Thu Feb 19 01:32:05.899116 2026] [php:error] [pid 15966] [client 20.214.159.60:0] script '/domains/antiqueweb1/wp-conflg.php' not found or unable to stat
[Thu Feb 19 01:32:06.082772 2026] [php:error] [pid 15971] [client 20.219.8.79:0] script '/domains/piltdweb1/alfanew.php' not found or unable to stat
[Thu Feb 19 01:32:06.162492 2026] [php:error] [pid 15979] [client 20.194.29.45:0] script '/domains/afglcweb/images/wp-login.php' not found or unable to stat
[Thu Feb 19 01:32:06.360813 2026] [php:error] [pid 15979] [client 20.194.29.45:0] script '/domains/afglcweb/moon.php' not found or unable to stat
[Thu Feb 19 01:32:06.548792 2026] [php:error] [pid 15979] [client 20.194.29.45:0] script '/domains/afglcweb/new.php' not found or unable to stat
[Thu Feb 19 01:32:06.745342 2026] [php:error] [pid 15979] [client 20.194.29.45:0] script '/domains/afglcweb/radio.php' not found or unable to stat
[Thu Feb 19 01:32:06.903378 2026] [php:error] [pid 15971] [client 20.219.8.79:0] script '/domains/piltdweb1/22.php' not found or unable to stat
[Thu Feb 19 01:32:07.197909 2026] [php:error] [pid 15979] [client 20.194.29.45:0] script '/domains/afglcweb/s.php' not found or unable to stat
[Thu Feb 19 01:32:07.543353 2026] [php:error] [pid 15971] [client 20.219.8.79:0] script '/domains/piltdweb1/simple.php' not found or unable to stat
[Thu Feb 19 01:32:07.584560 2026] [php:error] [pid 15979] [client 20.194.29.45:0] script '/domains/afglcweb/sim.php' not found or unable to stat
[Thu Feb 19 01:32:07.889974 2026] [php:error] [pid 15979] [client 20.194.29.45:0] script '/domains/afglcweb/simple.php' not found or unable to stat
[Thu Feb 19 01:32:07.982202 2026] [php:error] [pid 15971] [client 20.219.8.79:0] script '/domains/piltdweb1/admin.php' not found or unable to stat
[Thu Feb 19 01:32:08.334239 2026] [php:error] [pid 15979] [client 20.194.29.45:0] script '/domains/afglcweb/user.php' not found or unable to stat
[Thu Feb 19 01:32:08.380091 2026] [php:error] [pid 15971] [client 20.219.8.79:0] script '/domains/piltdweb1/c99.php' not found or unable to stat
[Thu Feb 19 01:32:08.588166 2026] [php:error] [pid 15971] [client 20.219.8.79:0] script '/domains/piltdweb1/file.php' not found or unable to stat
[Thu Feb 19 01:32:08.592303 2026] [php:error] [pid 15966] [client 20.214.159.60:0] script '/domains/antiqueweb1/wp-mail.php' not found or unable to stat
[Thu Feb 19 01:32:08.709352 2026] [php:error] [pid 15979] [client 20.194.29.45:0] script '/domains/afglcweb/webadmin.php' not found or unable to stat
[Thu Feb 19 01:32:08.796725 2026] [php:error] [pid 15966] [client 20.214.159.60:0] script '/domains/antiqueweb1/wsa.php' not found or unable to stat
[Thu Feb 19 01:32:08.900449 2026] [php:error] [pid 15971] [client 20.219.8.79:0] script '/domains/piltdweb1/b.php' not found or unable to stat
[Thu Feb 19 01:32:08.999094 2026] [php:error] [pid 15966] [client 20.214.159.60:0] script '/domains/antiqueweb1/xmlrpc.php' not found or unable to stat
[Thu Feb 19 01:32:09.116694 2026] [php:error] [pid 15971] [client 20.219.8.79:0] script '/domains/piltdweb1/classwithtostring.php' not found or unable to stat
[Thu Feb 19 01:32:09.211301 2026] [php:error] [pid 15966] [client 20.214.159.60:0] script '/domains/antiqueweb1/ab.php' not found or unable to stat
[Thu Feb 19 01:32:09.490370 2026] [php:error] [pid 15971] [client 20.219.8.79:0] script '/domains/piltdweb1/css.php' not found or unable to stat
[Thu Feb 19 01:32:09.695525 2026] [php:error] [pid 15971] [client 20.219.8.79:0] script '/domains/piltdweb1/flower.php' not found or unable to stat
[Thu Feb 19 01:32:09.985851 2026] [php:error] [pid 15966] [client 20.214.159.60:0] script '/domains/antiqueweb1/classwithtostring.php' not found or unable to stat
[Thu Feb 19 01:32:10.190470 2026] [php:error] [pid 15966] [client 20.214.159.60:0] script '/domains/antiqueweb1/version.php' not found or unable to stat
[Thu Feb 19 01:32:10.357908 2026] [php:error] [pid 15979] [client 20.194.29.45:0] script '/domains/afglcweb/wp-config-sample.php' not found or unable to stat
[Thu Feb 19 01:32:10.383138 2026] [php:error] [pid 15966] [client 20.214.159.60:0] script '/domains/antiqueweb1/xxx.php' not found or unable to stat
[Thu Feb 19 01:32:10.550137 2026] [php:error] [pid 15979] [client 20.194.29.45:0] script '/domains/afglcweb/wp-configs.php' not found or unable to stat
[Thu Feb 19 01:32:10.571766 2026] [php:error] [pid 15971] [client 20.219.8.79:0] script '/domains/piltdweb1/jp.php' not found or unable to stat
[Thu Feb 19 01:32:10.773531 2026] [php:error] [pid 15971] [client 20.219.8.79:0] script '/domains/piltdweb1/room.php' not found or unable to stat
[Thu Feb 19 01:32:10.889731 2026] [php:error] [pid 15979] [client 20.194.29.45:0] script '/domains/afglcweb/wp-conflg.php' not found or unable to stat
[Thu Feb 19 01:32:11.492340 2026] [php:error] [pid 15971] [client 20.219.8.79:0] script '/domains/piltdweb1/12.php' not found or unable to stat
[Thu Feb 19 01:32:11.698142 2026] [php:error] [pid 15971] [client 20.219.8.79:0] script '/domains/piltdweb1/404.php' not found or unable to stat
[Thu Feb 19 01:32:11.781577 2026] [php:error] [pid 15966] [client 20.214.159.60:0] script '/domains/antiqueweb1/1.php' not found or unable to stat
[Thu Feb 19 01:32:12.105717 2026] [php:error] [pid 15971] [client 20.219.8.79:0] script '/domains/piltdweb1/disagreed.php' not found or unable to stat
[Thu Feb 19 01:32:12.512924 2026] [php:error] [pid 15979] [client 20.194.29.45:0] script '/domains/afglcweb/wp-mail.php' not found or unable to stat
[Thu Feb 19 01:32:12.702346 2026] [php:error] [pid 15979] [client 20.194.29.45:0] script '/domains/afglcweb/wsa.php' not found or unable to stat
[Thu Feb 19 01:32:12.763488 2026] [php:error] [pid 15971] [client 20.219.8.79:0] script '/domains/piltdweb1/text.php' not found or unable to stat
[Thu Feb 19 01:32:12.850051 2026] [php:error] [pid 15966] [client 20.214.159.60:0] script '/domains/antiqueweb1/themes.php' not found or unable to stat
[Thu Feb 19 01:32:12.893798 2026] [php:error] [pid 15979] [client 20.194.29.45:0] script '/domains/afglcweb/xmlrpc.php' not found or unable to stat
[Thu Feb 19 01:32:13.086566 2026] [php:error] [pid 15979] [client 20.194.29.45:0] script '/domains/afglcweb/ab.php' not found or unable to stat
[Thu Feb 19 01:32:13.286896 2026] [php:error] [pid 15979] [client 20.194.29.45:0] script '/domains/afglcweb/classwithtostring.php' not found or unable to stat
[Thu Feb 19 01:32:13.491638 2026] [php:error] [pid 15979] [client 20.194.29.45:0] script '/domains/afglcweb/version.php' not found or unable to stat
[Thu Feb 19 01:32:13.921658 2026] [php:error] [pid 15979] [client 20.194.29.45:0] script '/domains/afglcweb/xxx.php' not found or unable to stat
[Thu Feb 19 01:32:14.859972 2026] [php:error] [pid 15971] [client 20.219.8.79:0] script '/domains/piltdweb1/GOD.php' not found or unable to stat
[Thu Feb 19 01:32:14.914360 2026] [php:error] [pid 15979] [client 20.194.29.45:0] script '/domains/afglcweb/1.php' not found or unable to stat
[Thu Feb 19 01:32:15.046836 2026] [php:error] [pid 15966] [client 20.214.159.60:0] script '/domains/antiqueweb1/b0.php' not found or unable to stat
[Thu Feb 19 01:32:15.129528 2026] [php:error] [pid 15979] [client 20.194.29.45:0] script '/domains/afglcweb/themes.php' not found or unable to stat
[Thu Feb 19 01:32:15.291056 2026] [php:error] [pid 15971] [client 20.219.8.79:0] script '/domains/piltdweb1/alfa-rex.php' not found or unable to stat
[Thu Feb 19 01:32:15.597417 2026] [php:error] [pid 15971] [client 20.219.8.79:0] script '/domains/piltdweb1/f35.php' not found or unable to stat
[Thu Feb 19 01:32:15.913842 2026] [php:error] [pid 15971] [client 20.219.8.79:0] script '/domains/piltdweb1/feeds.php' not found or unable to stat
[Thu Feb 19 01:32:15.987037 2026] [php:error] [pid 15966] [client 20.214.159.60:0] script '/domains/antiqueweb1/bala.php' not found or unable to stat
[Thu Feb 19 01:32:16.186396 2026] [php:error] [pid 15979] [client 20.194.29.45:0] script '/domains/afglcweb/b0.php' not found or unable to stat
[Thu Feb 19 01:32:16.377434 2026] [php:error] [pid 15979] [client 20.194.29.45:0] script '/domains/afglcweb/bala.php' not found or unable to stat
[Thu Feb 19 01:32:16.418702 2026] [php:error] [pid 15971] [client 20.219.8.79:0] script '/domains/piltdweb1/favicon.php' not found or unable to stat
[Thu Feb 19 01:32:16.903924 2026] [php:error] [pid 15971] [client 20.219.8.79:0] script '/domains/piltdweb1/hehe.php' not found or unable to stat
[Thu Feb 19 01:32:17.453641 2026] [php:error] [pid 15979] [client 20.194.29.45:0] script '/domains/afglcweb/xl2023.php.php' not found or unable to stat
[Thu Feb 19 01:32:17.757593 2026] [php:error] [pid 15966] [client 20.214.159.60:0] script '/domains/antiqueweb1/xl2023.php.php' not found or unable to stat
[Thu Feb 19 01:32:17.998144 2026] [php:error] [pid 15971] [client 20.219.8.79:0] script '/domains/piltdweb1/user.php' not found or unable to stat
[Thu Feb 19 01:32:18.669130 2026] [php:error] [pid 15983] [client 20.219.8.79:0] script '/domains/piltdweb1/autoload_classmap.php' not found or unable to stat
[Thu Feb 19 01:32:18.984230 2026] [php:error] [pid 15979] [client 20.194.29.45:0] script '/domains/afglcweb/120f9.php' not found or unable to stat
[Thu Feb 19 01:32:19.046645 2026] [php:error] [pid 15983] [client 20.219.8.79:0] script '/domains/piltdweb1/files.php' not found or unable to stat
[Thu Feb 19 01:32:19.372238 2026] [php:error] [pid 15979] [client 20.194.29.45:0] script '/domains/afglcweb/504.php' not found or unable to stat
[Thu Feb 19 01:32:19.461853 2026] [php:error] [pid 15983] [client 20.219.8.79:0] script '/domains/piltdweb1/about.php' not found or unable to stat
[Thu Feb 19 01:32:19.563576 2026] [php:error] [pid 15979] [client 20.194.29.45:0] script '/domains/afglcweb/about.php' not found or unable to stat
[Thu Feb 19 01:32:19.661850 2026] [php:error] [pid 15983] [client 20.219.8.79:0] script '/domains/piltdweb1/al.php' not found or unable to stat
[Thu Feb 19 01:32:19.773791 2026] [php:error] [pid 15979] [client 20.194.29.45:0] script '/domains/afglcweb/back.php' not found or unable to stat
[Thu Feb 19 01:32:19.861799 2026] [php:error] [pid 15983] [client 20.219.8.79:0] script '/domains/piltdweb1/byp.php' not found or unable to stat
[Thu Feb 19 01:32:20.074139 2026] [php:error] [pid 15983] [client 20.219.8.79:0] script '/domains/piltdweb1/css/autoload_classmap.php' not found or unable to stat
[Thu Feb 19 01:32:20.130998 2026] [php:error] [pid 15979] [client 20.194.29.45:0] script '/domains/afglcweb/cong.php' not found or unable to stat
[Thu Feb 19 01:32:20.276264 2026] [php:error] [pid 15983] [client 20.219.8.79:0] script '/domains/piltdweb1/wander.php' not found or unable to stat
[Thu Feb 19 01:32:20.548225 2026] [php:error] [pid 15966] [client 20.214.159.60:0] script '/domains/antiqueweb1/120f9.php' not found or unable to stat
[Thu Feb 19 01:32:20.580106 2026] [php:error] [pid 15979] [client 20.194.29.45:0] script '/domains/afglcweb/credits.php' not found or unable to stat
[Thu Feb 19 01:32:20.753122 2026] [php:error] [pid 15966] [client 20.214.159.60:0] script '/domains/antiqueweb1/504.php' not found or unable to stat
[Thu Feb 19 01:32:20.768692 2026] [php:error] [pid 15979] [client 20.194.29.45:0] script '/domains/afglcweb/credits.php' not found or unable to stat
[Thu Feb 19 01:32:20.955807 2026] [php:error] [pid 15966] [client 20.214.159.60:0] script '/domains/antiqueweb1/about.php' not found or unable to stat
[Thu Feb 19 01:32:20.959009 2026] [php:error] [pid 15979] [client 20.194.29.45:0] script '/domains/afglcweb/data.php' not found or unable to stat
[Thu Feb 19 01:32:21.115850 2026] [php:error] [pid 15983] [client 20.219.8.79:0] script '/domains/piltdweb1/en.php' not found or unable to stat
[Thu Feb 19 01:32:21.157939 2026] [php:error] [pid 15979] [client 20.194.29.45:0] script '/domains/afglcweb/function.php' not found or unable to stat
[Thu Feb 19 01:32:21.328402 2026] [php:error] [pid 15983] [client 20.219.8.79:0] script '/domains/piltdweb1/help.php' not found or unable to stat
[Thu Feb 19 01:32:21.706261 2026] [php:error] [pid 15979] [client 20.194.29.45:0] script '/domains/afglcweb/goods.php' not found or unable to stat
[Thu Feb 19 01:32:22.002635 2026] [php:error] [pid 15966] [client 20.214.159.60:0] script '/domains/antiqueweb1/back.php' not found or unable to stat
[Thu Feb 19 01:32:22.023749 2026] [php:error] [pid 15979] [client 20.194.29.45:0] script '/domains/afglcweb/gzak2w.php' not found or unable to stat
[Thu Feb 19 01:32:22.254865 2026] [php:error] [pid 15966] [client 20.214.159.60:0] script '/domains/antiqueweb1/cong.php' not found or unable to stat
[Thu Feb 19 01:32:22.360633 2026] [php:error] [pid 15979] [client 20.194.29.45:0] script '/domains/afglcweb/hehehehe.php' not found or unable to stat
[Thu Feb 19 01:32:22.453558 2026] [php:error] [pid 15966] [client 20.214.159.60:0] script '/domains/antiqueweb1/credits.php' not found or unable to stat
[Thu Feb 19 01:32:22.500758 2026] [php:error] [pid 15983] [client 20.219.8.79:0] script '/domains/piltdweb1/control.php' not found or unable to stat
[Thu Feb 19 01:32:22.659483 2026] [php:error] [pid 15966] [client 20.214.159.60:0] script '/domains/antiqueweb1/credits.php' not found or unable to stat
[Thu Feb 19 01:32:22.855864 2026] [php:error] [pid 15966] [client 20.214.159.60:0] script '/domains/antiqueweb1/data.php' not found or unable to stat
[Thu Feb 19 01:32:23.057534 2026] [php:error] [pid 15966] [client 20.214.159.60:0] script '/domains/antiqueweb1/function.php' not found or unable to stat
[Thu Feb 19 01:32:23.257643 2026] [php:error] [pid 15966] [client 20.214.159.60:0] script '/domains/antiqueweb1/goods.php' not found or unable to stat
[Thu Feb 19 01:32:23.296823 2026] [php:error] [pid 15979] [client 20.194.29.45:0] script '/domains/afglcweb/install.php' not found or unable to stat
[Thu Feb 19 01:32:23.452126 2026] [php:error] [pid 15966] [client 20.214.159.60:0] script '/domains/antiqueweb1/gzak2w.php' not found or unable to stat
[Thu Feb 19 01:32:23.458281 2026] [php:error] [pid 15983] [client 20.219.8.79:0] script '/domains/piltdweb1/radio.php' not found or unable to stat
[Thu Feb 19 01:32:23.660386 2026] [php:error] [pid 15966] [client 20.214.159.60:0] script '/domains/antiqueweb1/hehehehe.php' not found or unable to stat
[Thu Feb 19 01:32:23.684436 2026] [php:error] [pid 15979] [client 20.194.29.45:0] script '/domains/afglcweb/ova.php' not found or unable to stat
[Thu Feb 19 01:32:23.945983 2026] [php:error] [pid 15983] [client 20.219.8.79:0] script '/domains/piltdweb1/dropdown.php' not found or unable to stat
[Thu Feb 19 01:32:24.259977 2026] [php:error] [pid 15966] [client 20.214.159.60:0] script '/domains/antiqueweb1/install.php' not found or unable to stat
[Thu Feb 19 01:32:24.823342 2026] [php:error] [pid 15983] [client 20.219.8.79:0] script '/domains/piltdweb1/wp-2019.php' not found or unable to stat
[Thu Feb 19 01:32:25.749595 2026] [php:error] [pid 15983] [client 20.219.8.79:0] script '/domains/piltdweb1/403.php' not found or unable to stat
[Thu Feb 19 01:32:25.848865 2026] [php:error] [pid 15966] [client 20.214.159.60:0] script '/domains/antiqueweb1/ova.php' not found or unable to stat
[Thu Feb 19 01:32:25.949838 2026] [php:error] [pid 15983] [client 20.219.8.79:0] script '/domains/piltdweb1/about.php' not found or unable to stat
[Thu Feb 19 01:32:26.517455 2026] [php:error] [pid 15983] [client 20.219.8.79:0] script '/domains/piltdweb1/admin.php' not found or unable to stat
[Thu Feb 19 01:32:27.167569 2026] [php:error] [pid 15983] [client 20.219.8.79:0] script '/domains/piltdweb1/as.php' not found or unable to stat
[Thu Feb 19 01:32:27.582810 2026] [php:error] [pid 15983] [client 20.219.8.79:0] script '/domains/piltdweb1/autoload_classmap.php' not found or unable to stat
[Thu Feb 19 01:32:28.012507 2026] [php:error] [pid 15983] [client 20.219.8.79:0] script '/domains/piltdweb1/classwithtostring.php' not found or unable to stat
[Thu Feb 19 01:32:28.218440 2026] [php:error] [pid 15983] [client 20.219.8.79:0] script '/domains/piltdweb1/content.php' not found or unable to stat
[Thu Feb 19 01:32:28.420634 2026] [php:error] [pid 15983] [client 20.219.8.79:0] script '/domains/piltdweb1/doc.php' not found or unable to stat
[Thu Feb 19 01:32:28.823206 2026] [php:error] [pid 15983] [client 20.219.8.79:0] script '/domains/piltdweb1/dropdown.php' not found or unable to stat
[Thu Feb 19 01:32:29.249026 2026] [php:error] [pid 15983] [client 20.219.8.79:0] script '/domains/piltdweb1/ee.php' not found or unable to stat
[Thu Feb 19 01:32:29.662257 2026] [php:error] [pid 15983] [client 20.219.8.79:0] script '/domains/piltdweb1/moon.php' not found or unable to stat
[Thu Feb 19 01:32:30.210272 2026] [php:error] [pid 15983] [client 20.219.8.79:0] script '/domains/piltdweb1/new.php' not found or unable to stat
[Thu Feb 19 01:32:30.411388 2026] [php:error] [pid 15983] [client 20.219.8.79:0] script '/domains/piltdweb1/radio.php' not found or unable to stat
[Thu Feb 19 01:32:30.623512 2026] [php:error] [pid 15983] [client 20.219.8.79:0] script '/domains/piltdweb1/s.php' not found or unable to stat
[Thu Feb 19 01:32:30.637289 2026] [php:error] [pid 15979] [client 20.194.29.45:0] script '/domains/afglcweb/wp.php' not found or unable to stat
[Thu Feb 19 01:32:31.060362 2026] [php:error] [pid 15983] [client 20.219.8.79:0] script '/domains/piltdweb1/sim.php' not found or unable to stat
[Thu Feb 19 01:32:31.260518 2026] [php:error] [pid 15983] [client 20.219.8.79:0] script '/domains/piltdweb1/simple.php' not found or unable to stat
[Thu Feb 19 01:32:31.661138 2026] [php:error] [pid 15983] [client 20.219.8.79:0] script '/domains/piltdweb1/user.php' not found or unable to stat
[Thu Feb 19 01:32:32.139527 2026] [php:error] [pid 15983] [client 20.219.8.79:0] script '/domains/piltdweb1/webadmin.php' not found or unable to stat
[Thu Feb 19 01:32:34.214556 2026] [php:error] [pid 15983] [client 20.219.8.79:0] script '/domains/piltdweb1/wp-config-sample.php' not found or unable to stat
[Thu Feb 19 01:32:34.589592 2026] [php:error] [pid 15983] [client 20.219.8.79:0] script '/domains/piltdweb1/wp-configs.php' not found or unable to stat
[Thu Feb 19 01:32:34.789247 2026] [php:error] [pid 15983] [client 20.219.8.79:0] script '/domains/piltdweb1/wp-conflg.php' not found or unable to stat
[Thu Feb 19 01:32:36.521220 2026] [php:error] [pid 15983] [client 20.219.8.79:0] script '/domains/piltdweb1/wp-mail.php' not found or unable to stat
[Thu Feb 19 01:32:37.007227 2026] [php:error] [pid 15983] [client 20.219.8.79:0] script '/domains/piltdweb1/wsa.php' not found or unable to stat
[Thu Feb 19 01:32:37.393546 2026] [php:error] [pid 15983] [client 20.219.8.79:0] script '/domains/piltdweb1/xmlrpc.php' not found or unable to stat
[Thu Feb 19 01:32:37.592938 2026] [php:error] [pid 15983] [client 20.219.8.79:0] script '/domains/piltdweb1/ab.php' not found or unable to stat
[Thu Feb 19 01:32:37.795871 2026] [php:error] [pid 15983] [client 20.219.8.79:0] script '/domains/piltdweb1/classwithtostring.php' not found or unable to stat
[Thu Feb 19 01:32:38.003307 2026] [php:error] [pid 15983] [client 20.219.8.79:0] script '/domains/piltdweb1/version.php' not found or unable to stat
[Thu Feb 19 01:32:38.417881 2026] [php:error] [pid 15983] [client 20.219.8.79:0] script '/domains/piltdweb1/xxx.php' not found or unable to stat
[Thu Feb 19 01:32:39.025007 2026] [php:error] [pid 15983] [client 20.219.8.79:0] script '/domains/piltdweb1/1.php' not found or unable to stat
[Thu Feb 19 01:32:39.226114 2026] [php:error] [pid 15983] [client 20.219.8.79:0] script '/domains/piltdweb1/themes.php' not found or unable to stat
[Thu Feb 19 01:32:39.777772 2026] [php:error] [pid 15925] [client 20.214.159.60:0] script '/domains/antiqueweb1/wp.php' not found or unable to stat
[Thu Feb 19 01:32:40.417446 2026] [php:error] [pid 15983] [client 20.219.8.79:0] script '/domains/piltdweb1/b0.php' not found or unable to stat
[Thu Feb 19 01:32:40.617854 2026] [php:error] [pid 15983] [client 20.219.8.79:0] script '/domains/piltdweb1/bala.php' not found or unable to stat
[Thu Feb 19 01:32:41.775500 2026] [php:error] [pid 15983] [client 20.219.8.79:0] script '/domains/piltdweb1/xl2023.php.php' not found or unable to stat
[Thu Feb 19 01:32:42.801339 2026] [php:error] [pid 15983] [client 20.219.8.79:0] script '/domains/piltdweb1/120f9.php' not found or unable to stat
[Thu Feb 19 01:32:43.008688 2026] [php:error] [pid 15983] [client 20.219.8.79:0] script '/domains/piltdweb1/504.php' not found or unable to stat
[Thu Feb 19 01:32:43.465391 2026] [php:error] [pid 15983] [client 20.219.8.79:0] script '/domains/piltdweb1/about.php' not found or unable to stat
[Thu Feb 19 01:32:43.910620 2026] [php:error] [pid 15983] [client 20.219.8.79:0] script '/domains/piltdweb1/back.php' not found or unable to stat
[Thu Feb 19 01:32:44.110220 2026] [php:error] [pid 15983] [client 20.219.8.79:0] script '/domains/piltdweb1/cong.php' not found or unable to stat
[Thu Feb 19 01:32:44.309739 2026] [php:error] [pid 15983] [client 20.219.8.79:0] script '/domains/piltdweb1/credits.php' not found or unable to stat
[Thu Feb 19 01:32:44.510953 2026] [php:error] [pid 15983] [client 20.219.8.79:0] script '/domains/piltdweb1/credits.php' not found or unable to stat
[Thu Feb 19 01:32:44.712584 2026] [php:error] [pid 15983] [client 20.219.8.79:0] script '/domains/piltdweb1/data.php' not found or unable to stat
[Thu Feb 19 01:32:45.144843 2026] [php:error] [pid 15983] [client 20.219.8.79:0] script '/domains/piltdweb1/function.php' not found or unable to stat
[Thu Feb 19 01:32:45.472040 2026] [php:error] [pid 15983] [client 20.219.8.79:0] script '/domains/piltdweb1/goods.php' not found or unable to stat
[Thu Feb 19 01:32:45.688175 2026] [php:error] [pid 15983] [client 20.219.8.79:0] script '/domains/piltdweb1/gzak2w.php' not found or unable to stat
[Thu Feb 19 01:32:45.896935 2026] [php:error] [pid 15983] [client 20.219.8.79:0] script '/domains/piltdweb1/hehehehe.php' not found or unable to stat
[Thu Feb 19 01:32:46.865862 2026] [php:error] [pid 15983] [client 20.219.8.79:0] script '/domains/piltdweb1/install.php' not found or unable to stat
[Thu Feb 19 01:32:47.644563 2026] [php:error] [pid 15983] [client 20.219.8.79:0] script '/domains/piltdweb1/ova.php' not found or unable to stat
[Thu Feb 19 01:32:56.345030 2026] [php:error] [pid 15991] [client 20.219.8.79:0] script '/domains/piltdweb1/wp.php' not found or unable to stat
[Thu Feb 19 01:33:36.452144 2026] [php:error] [pid 15971] [client 216.73.162.41:0] script '/domains/highlandlabs/xmlrpc.php' not found or unable to stat
[Thu Feb 19 01:33:58.262181 2026] [php:error] [pid 16006] [client 20.53.240.38:0] script '/domains/apunderkofler/wp-2019.php' not found or unable to stat
[Thu Feb 19 01:33:58.651395 2026] [php:error] [pid 16006] [client 20.53.240.38:0] script '/domains/apunderkofler/403.php' not found or unable to stat
[Thu Feb 19 01:33:58.933320 2026] [php:error] [pid 16006] [client 20.53.240.38:0] script '/domains/apunderkofler/aaa.php' not found or unable to stat
[Thu Feb 19 01:33:59.967915 2026] [php:error] [pid 16006] [client 20.53.240.38:0] script '/domains/apunderkofler/y.php' not found or unable to stat
[Thu Feb 19 01:34:00.371286 2026] [php:error] [pid 16006] [client 20.53.240.38:0] script '/domains/apunderkofler/ggfi.php' not found or unable to stat
[Thu Feb 19 01:34:01.064628 2026] [php:error] [pid 16006] [client 20.53.240.38:0] script '/domains/apunderkofler/buy.php' not found or unable to stat
[Thu Feb 19 01:34:01.341670 2026] [php:error] [pid 16006] [client 20.53.240.38:0] script '/domains/apunderkofler/chosen.php' not found or unable to stat
[Thu Feb 19 01:34:01.782568 2026] [php:error] [pid 16006] [client 20.53.240.38:0] script '/domains/apunderkofler/index.php' not found or unable to stat
[Thu Feb 19 01:34:01.985437 2026] [php:error] [pid 16006] [client 20.53.240.38:0] script '/domains/apunderkofler/cron.php' not found or unable to stat
[Thu Feb 19 01:34:02.211440 2026] [php:error] [pid 16006] [client 20.53.240.38:0] script '/domains/apunderkofler/functions.php' not found or unable to stat
[Thu Feb 19 01:34:03.035659 2026] [php:error] [pid 16006] [client 20.53.240.38:0] script '/domains/apunderkofler/wp-add.php' not found or unable to stat
[Thu Feb 19 01:34:03.241801 2026] [php:error] [pid 16006] [client 20.53.240.38:0] script '/domains/apunderkofler/0.php' not found or unable to stat
