[Thu Feb 19 02:51:40.780951 2026] [php:error] [pid 16876] [client 34.96.162.61:0] script '/domains/pauljbrock/adminer-5.1.0-mysql.php' not found or unable to stat
[Thu Feb 19 02:51:40.980709 2026] [php:error] [pid 16920] [client 20.78.146.86:0] script '/domains/rfisher.dnai/0.php' not found or unable to stat
[Thu Feb 19 02:51:41.177789 2026] [php:error] [pid 16920] [client 20.78.146.86:0] script '/domains/rfisher.dnai/edit.php' not found or unable to stat
[Thu Feb 19 02:51:41.347923 2026] [php:error] [pid 16920] [client 20.78.146.86:0] script '/domains/rfisher.dnai/meta.php' not found or unable to stat
[Thu Feb 19 02:51:41.650191 2026] [php:error] [pid 16920] [client 20.78.146.86:0] script '/domains/rfisher.dnai/new.php' not found or unable to stat
[Thu Feb 19 02:51:42.153063 2026] [php:error] [pid 16920] [client 20.78.146.86:0] script '/domains/rfisher.dnai/as.php' not found or unable to stat
[Thu Feb 19 02:51:42.324186 2026] [php:error] [pid 16920] [client 20.78.146.86:0] script '/domains/rfisher.dnai/ds.php' not found or unable to stat
[Thu Feb 19 02:51:42.496333 2026] [php:error] [pid 16920] [client 20.78.146.86:0] script '/domains/rfisher.dnai/error.php' not found or unable to stat
[Thu Feb 19 02:51:42.672879 2026] [php:error] [pid 16920] [client 20.78.146.86:0] script '/domains/rfisher.dnai/gecko-new.php' not found or unable to stat
[Thu Feb 19 02:51:42.845938 2026] [php:error] [pid 16920] [client 20.78.146.86:0] script '/domains/rfisher.dnai/randkeyword.php' not found or unable to stat
[Thu Feb 19 02:51:43.388864 2026] [php:error] [pid 16920] [client 20.78.146.86:0] script '/domains/rfisher.dnai/NewFile.php' not found or unable to stat
[Thu Feb 19 02:51:43.498221 2026] [php:error] [pid 16876] [client 35.247.243.250:0] script '/domains/pauljbrock/adminer-5.0.1-en.php' not found or unable to stat
[Thu Feb 19 02:51:43.830071 2026] [php:error] [pid 16920] [client 20.78.146.86:0] script '/domains/rfisher.dnai/goods.php' not found or unable to stat
[Thu Feb 19 02:51:43.999446 2026] [php:error] [pid 16920] [client 20.78.146.86:0] script '/domains/rfisher.dnai/simple.php' not found or unable to stat
[Thu Feb 19 02:51:45.248437 2026] [php:error] [pid 16920] [client 20.78.146.86:0] script '/domains/rfisher.dnai/c.php' not found or unable to stat
[Thu Feb 19 02:51:45.560804 2026] [php:error] [pid 16925] [client 34.96.162.52:0] script '/domains/pauljbrock/adminer-4.7.6.php' not found or unable to stat
[Thu Feb 19 02:51:46.031652 2026] [php:error] [pid 16920] [client 20.78.146.86:0] script '/domains/rfisher.dnai/auth.php' not found or unable to stat
[Thu Feb 19 02:51:46.603952 2026] [php:error] [pid 16920] [client 20.78.146.86:0] script '/domains/rfisher.dnai/class-wp-lock.php' not found or unable to stat
[Thu Feb 19 02:51:47.054792 2026] [php:error] [pid 16917] [client 34.96.162.58:0] script '/domains/pauljbrock/adminer-5.0.3-mysql.php' not found or unable to stat
[Thu Feb 19 02:51:47.156881 2026] [php:error] [pid 16920] [client 20.78.146.86:0] script '/domains/rfisher.dnai/cookie.php' not found or unable to stat
[Thu Feb 19 02:51:47.391172 2026] [php:error] [pid 16920] [client 20.78.146.86:0] script '/domains/rfisher.dnai/admin.php' not found or unable to stat
[Thu Feb 19 02:51:47.752635 2026] [php:error] [pid 16920] [client 20.78.146.86:0] script '/domains/rfisher.dnai/baxa1.php' not found or unable to stat
[Thu Feb 19 02:51:48.387382 2026] [php:error] [pid 16920] [client 20.78.146.86:0] script '/domains/rfisher.dnai/xleet.php' not found or unable to stat
[Thu Feb 19 02:51:48.903857 2026] [php:error] [pid 16920] [client 20.78.146.86:0] script '/domains/rfisher.dnai/about.php' not found or unable to stat
[Thu Feb 19 02:51:50.749020 2026] [php:error] [pid 16920] [client 20.78.146.86:0] script '/domains/rfisher.dnai/alfanew.php' not found or unable to stat
[Thu Feb 19 02:51:51.267348 2026] [php:error] [pid 16920] [client 20.78.146.86:0] script '/domains/rfisher.dnai/22.php' not found or unable to stat
[Thu Feb 19 02:51:51.771679 2026] [php:error] [pid 16892] [client 35.247.243.245:0] script '/domains/pauljbrock/adminer-5.2.1-en.php' not found or unable to stat
[Thu Feb 19 02:51:52.002327 2026] [php:error] [pid 16920] [client 20.78.146.86:0] script '/domains/rfisher.dnai/simple.php' not found or unable to stat
[Thu Feb 19 02:51:52.330180 2026] [php:error] [pid 16923] [client 35.247.243.254:0] script '/domains/pauljbrock/ADMINER.php' not found or unable to stat
[Thu Feb 19 02:51:52.355122 2026] [php:error] [pid 16920] [client 20.78.146.86:0] script '/domains/rfisher.dnai/admin.php' not found or unable to stat
[Thu Feb 19 02:51:52.532896 2026] [php:error] [pid 16920] [client 20.78.146.86:0] script '/domains/rfisher.dnai/c99.php' not found or unable to stat
[Thu Feb 19 02:51:52.733097 2026] [php:error] [pid 16920] [client 20.78.146.86:0] script '/domains/rfisher.dnai/file.php' not found or unable to stat
[Thu Feb 19 02:51:52.916644 2026] [php:error] [pid 16920] [client 20.78.146.86:0] script '/domains/rfisher.dnai/b.php' not found or unable to stat
[Thu Feb 19 02:51:53.446212 2026] [php:error] [pid 16920] [client 20.78.146.86:0] script '/domains/rfisher.dnai/classwithtostring.php' not found or unable to stat
[Thu Feb 19 02:51:53.623325 2026] [php:error] [pid 16920] [client 20.78.146.86:0] script '/domains/rfisher.dnai/css.php' not found or unable to stat
[Thu Feb 19 02:51:53.794967 2026] [php:error] [pid 16920] [client 20.78.146.86:0] script '/domains/rfisher.dnai/flower.php' not found or unable to stat
[Thu Feb 19 02:51:54.436786 2026] [php:error] [pid 16928] [client 35.247.243.251:0] script '/domains/pauljbrock/adminer-5.1.0.php' not found or unable to stat
[Thu Feb 19 02:51:55.078176 2026] [php:error] [pid 16920] [client 20.78.146.86:0] script '/domains/rfisher.dnai/jp.php' not found or unable to stat
[Thu Feb 19 02:51:55.249092 2026] [php:error] [pid 16920] [client 20.78.146.86:0] script '/domains/rfisher.dnai/room.php' not found or unable to stat
[Thu Feb 19 02:51:56.098767 2026] [php:error] [pid 16920] [client 20.78.146.86:0] script '/domains/rfisher.dnai/12.php' not found or unable to stat
[Thu Feb 19 02:51:56.617753 2026] [php:error] [pid 16920] [client 20.78.146.86:0] script '/domains/rfisher.dnai/404.php' not found or unable to stat
[Thu Feb 19 02:51:56.790224 2026] [php:error] [pid 16920] [client 20.78.146.86:0] script '/domains/rfisher.dnai/disagreed.php' not found or unable to stat
[Thu Feb 19 02:51:57.151149 2026] [php:error] [pid 16920] [client 20.78.146.86:0] script '/domains/rfisher.dnai/text.php' not found or unable to stat
[Thu Feb 19 02:51:57.167631 2026] [php:error] [pid 16876] [client 35.247.243.244:0] script '/domains/pauljbrock/adminer-5.0.1-en.php' not found or unable to stat
[Thu Feb 19 02:51:57.268220 2026] [php:error] [pid 16917] [client 34.96.162.59:0] script '/domains/pauljbrock/adminer-4.5.0.php' not found or unable to stat
[Thu Feb 19 02:51:59.330146 2026] [php:error] [pid 16920] [client 20.78.146.86:0] script '/domains/rfisher.dnai/GOD.php' not found or unable to stat
[Thu Feb 19 02:52:00.199611 2026] [php:error] [pid 16920] [client 20.78.146.86:0] script '/domains/rfisher.dnai/alfa-rex.php' not found or unable to stat
[Thu Feb 19 02:52:00.512762 2026] [php:error] [pid 16920] [client 20.78.146.86:0] script '/domains/rfisher.dnai/f35.php' not found or unable to stat
[Thu Feb 19 02:52:00.697495 2026] [php:error] [pid 16920] [client 20.78.146.86:0] script '/domains/rfisher.dnai/feeds.php' not found or unable to stat
[Thu Feb 19 02:52:01.088648 2026] [php:error] [pid 16920] [client 20.78.146.86:0] script '/domains/rfisher.dnai/favicon.php' not found or unable to stat
[Thu Feb 19 02:52:01.453522 2026] [php:error] [pid 16920] [client 20.78.146.86:0] script '/domains/rfisher.dnai/hehe.php' not found or unable to stat
[Thu Feb 19 02:52:02.260548 2026] [php:error] [pid 16920] [client 20.78.146.86:0] script '/domains/rfisher.dnai/user.php' not found or unable to stat
[Thu Feb 19 02:52:02.777209 2026] [php:error] [pid 16876] [client 20.78.146.86:0] script '/domains/rfisher.dnai/autoload_classmap.php' not found or unable to stat
[Thu Feb 19 02:52:02.959479 2026] [php:error] [pid 16876] [client 20.78.146.86:0] script '/domains/rfisher.dnai/files.php' not found or unable to stat
[Thu Feb 19 02:52:03.566102 2026] [php:error] [pid 16876] [client 20.78.146.86:0] script '/domains/rfisher.dnai/about.php' not found or unable to stat
[Thu Feb 19 02:52:04.044246 2026] [php:error] [pid 16876] [client 20.78.146.86:0] script '/domains/rfisher.dnai/al.php' not found or unable to stat
[Thu Feb 19 02:52:04.213099 2026] [php:error] [pid 16876] [client 20.78.146.86:0] script '/domains/rfisher.dnai/byp.php' not found or unable to stat
[Thu Feb 19 02:52:04.614528 2026] [php:error] [pid 16876] [client 20.78.146.86:0] script '/domains/rfisher.dnai/wander.php' not found or unable to stat
[Thu Feb 19 02:52:05.771706 2026] [php:error] [pid 16876] [client 20.78.146.86:0] script '/domains/rfisher.dnai/en.php' not found or unable to stat
[Thu Feb 19 02:52:06.224469 2026] [php:error] [pid 16876] [client 20.78.146.86:0] script '/domains/rfisher.dnai/help.php' not found or unable to stat
[Thu Feb 19 02:52:07.035732 2026] [php:error] [pid 16920] [client 34.96.162.53:0] script '/domains/hdickens.enteract/adminer-5.1.0.php' not found or unable to stat
[Thu Feb 19 02:52:07.520247 2026] [php:error] [pid 16876] [client 20.78.146.86:0] script '/domains/rfisher.dnai/control.php' not found or unable to stat
[Thu Feb 19 02:52:08.311319 2026] [php:error] [pid 16876] [client 20.78.146.86:0] script '/domains/rfisher.dnai/radio.php' not found or unable to stat
[Thu Feb 19 02:52:08.613128 2026] [php:error] [pid 16876] [client 20.78.146.86:0] script '/domains/rfisher.dnai/dropdown.php' not found or unable to stat
[Thu Feb 19 02:52:09.542662 2026] [php:error] [pid 16876] [client 20.78.146.86:0] script '/domains/rfisher.dnai/wp-2019.php' not found or unable to stat
[Thu Feb 19 02:52:09.891632 2026] [php:error] [pid 16876] [client 20.78.146.86:0] script '/domains/rfisher.dnai/403.php' not found or unable to stat
[Thu Feb 19 02:52:10.066908 2026] [php:error] [pid 16876] [client 20.78.146.86:0] script '/domains/rfisher.dnai/about.php' not found or unable to stat
[Thu Feb 19 02:52:10.256525 2026] [php:error] [pid 16876] [client 20.78.146.86:0] script '/domains/rfisher.dnai/admin.php' not found or unable to stat
[Thu Feb 19 02:52:10.445992 2026] [php:error] [pid 16876] [client 20.78.146.86:0] script '/domains/rfisher.dnai/as.php' not found or unable to stat
[Thu Feb 19 02:52:10.885372 2026] [php:error] [pid 16876] [client 20.78.146.86:0] script '/domains/rfisher.dnai/autoload_classmap.php' not found or unable to stat
[Thu Feb 19 02:52:11.302837 2026] [php:error] [pid 16876] [client 20.78.146.86:0] script '/domains/rfisher.dnai/classwithtostring.php' not found or unable to stat
[Thu Feb 19 02:52:11.498571 2026] [php:error] [pid 16876] [client 20.78.146.86:0] script '/domains/rfisher.dnai/content.php' not found or unable to stat
[Thu Feb 19 02:52:11.668200 2026] [php:error] [pid 16876] [client 20.78.146.86:0] script '/domains/rfisher.dnai/doc.php' not found or unable to stat
[Thu Feb 19 02:52:11.975766 2026] [php:error] [pid 16876] [client 20.78.146.86:0] script '/domains/rfisher.dnai/dropdown.php' not found or unable to stat
[Thu Feb 19 02:52:12.576877 2026] [php:error] [pid 16876] [client 20.78.146.86:0] script '/domains/rfisher.dnai/ee.php' not found or unable to stat
[Thu Feb 19 02:52:12.763767 2026] [php:error] [pid 16876] [client 20.78.146.86:0] script '/domains/rfisher.dnai/images/wp-login.php' not found or unable to stat
[Thu Feb 19 02:52:12.948777 2026] [php:error] [pid 16876] [client 20.78.146.86:0] script '/domains/rfisher.dnai/moon.php' not found or unable to stat
[Thu Feb 19 02:52:13.121072 2026] [php:error] [pid 16876] [client 20.78.146.86:0] script '/domains/rfisher.dnai/new.php' not found or unable to stat
[Thu Feb 19 02:52:13.352362 2026] [php:error] [pid 16876] [client 20.78.146.86:0] script '/domains/rfisher.dnai/radio.php' not found or unable to stat
[Thu Feb 19 02:52:13.529527 2026] [php:error] [pid 16876] [client 20.78.146.86:0] script '/domains/rfisher.dnai/s.php' not found or unable to stat
[Thu Feb 19 02:52:13.703315 2026] [php:error] [pid 16876] [client 20.78.146.86:0] script '/domains/rfisher.dnai/sim.php' not found or unable to stat
[Thu Feb 19 02:52:13.885586 2026] [php:error] [pid 16876] [client 20.78.146.86:0] script '/domains/rfisher.dnai/simple.php' not found or unable to stat
[Thu Feb 19 02:52:14.457020 2026] [php:error] [pid 16876] [client 20.78.146.86:0] script '/domains/rfisher.dnai/user.php' not found or unable to stat
[Thu Feb 19 02:52:14.630136 2026] [php:error] [pid 16876] [client 20.78.146.86:0] script '/domains/rfisher.dnai/webadmin.php' not found or unable to stat
[Thu Feb 19 02:52:16.372826 2026] [php:error] [pid 16876] [client 20.78.146.86:0] script '/domains/rfisher.dnai/wp-config-sample.php' not found or unable to stat
[Thu Feb 19 02:52:16.549543 2026] [php:error] [pid 16876] [client 20.78.146.86:0] script '/domains/rfisher.dnai/wp-configs.php' not found or unable to stat
[Thu Feb 19 02:52:16.728773 2026] [php:error] [pid 16876] [client 20.78.146.86:0] script '/domains/rfisher.dnai/wp-conflg.php' not found or unable to stat
[Thu Feb 19 02:52:18.037544 2026] [php:error] [pid 16876] [client 20.78.146.86:0] script '/domains/rfisher.dnai/wp-mail.php' not found or unable to stat
[Thu Feb 19 02:52:18.415879 2026] [php:error] [pid 16876] [client 20.78.146.86:0] script '/domains/rfisher.dnai/wsa.php' not found or unable to stat
[Thu Feb 19 02:52:18.748860 2026] [php:error] [pid 16876] [client 20.78.146.86:0] script '/domains/rfisher.dnai/xmlrpc.php' not found or unable to stat
[Thu Feb 19 02:52:19.219166 2026] [php:error] [pid 16876] [client 20.78.146.86:0] script '/domains/rfisher.dnai/ab.php' not found or unable to stat
[Thu Feb 19 02:52:19.402125 2026] [php:error] [pid 16876] [client 20.78.146.86:0] script '/domains/rfisher.dnai/classwithtostring.php' not found or unable to stat
[Thu Feb 19 02:52:19.742073 2026] [php:error] [pid 16876] [client 20.78.146.86:0] script '/domains/rfisher.dnai/version.php' not found or unable to stat
[Thu Feb 19 02:52:19.915794 2026] [php:error] [pid 16876] [client 20.78.146.86:0] script '/domains/rfisher.dnai/xxx.php' not found or unable to stat
[Thu Feb 19 02:52:20.663187 2026] [php:error] [pid 16876] [client 20.78.146.86:0] script '/domains/rfisher.dnai/1.php' not found or unable to stat
[Thu Feb 19 02:52:21.072417 2026] [php:error] [pid 16876] [client 20.78.146.86:0] script '/domains/rfisher.dnai/themes.php' not found or unable to stat
[Thu Feb 19 02:52:22.244177 2026] [php:error] [pid 16876] [client 20.78.146.86:0] script '/domains/rfisher.dnai/b0.php' not found or unable to stat
[Thu Feb 19 02:52:22.493877 2026] [php:error] [pid 16876] [client 20.78.146.86:0] script '/domains/rfisher.dnai/bala.php' not found or unable to stat
[Thu Feb 19 02:52:22.649198 2026] [php:error] [pid 16930] [client 35.247.243.247:0] script '/domains/pauljbrock/adminer-4.7.5.php' not found or unable to stat
[Thu Feb 19 02:52:23.863812 2026] [php:error] [pid 16876] [client 20.78.146.86:0] script '/domains/rfisher.dnai/xl2023.php.php' not found or unable to stat
[Thu Feb 19 02:52:24.871958 2026] [php:error] [pid 16876] [client 20.78.146.86:0] script '/domains/rfisher.dnai/120f9.php' not found or unable to stat
[Thu Feb 19 02:52:25.066282 2026] [php:error] [pid 16876] [client 20.78.146.86:0] script '/domains/rfisher.dnai/504.php' not found or unable to stat
[Thu Feb 19 02:52:25.303874 2026] [php:error] [pid 16876] [client 20.78.146.86:0] script '/domains/rfisher.dnai/about.php' not found or unable to stat
[Thu Feb 19 02:52:25.481479 2026] [php:error] [pid 16876] [client 20.78.146.86:0] script '/domains/rfisher.dnai/back.php' not found or unable to stat
[Thu Feb 19 02:52:25.526970 2026] [php:error] [pid 16923] [client 35.247.243.246:0] script '/domains/pauljbrock/adminer-4.7.6.php' not found or unable to stat
[Thu Feb 19 02:52:25.674609 2026] [php:error] [pid 16876] [client 20.78.146.86:0] script '/domains/rfisher.dnai/cong.php' not found or unable to stat
[Thu Feb 19 02:52:26.003937 2026] [php:error] [pid 16876] [client 20.78.146.86:0] script '/domains/rfisher.dnai/credits.php' not found or unable to stat
[Thu Feb 19 02:52:26.177317 2026] [php:error] [pid 16876] [client 20.78.146.86:0] script '/domains/rfisher.dnai/credits.php' not found or unable to stat
[Thu Feb 19 02:52:26.747513 2026] [php:error] [pid 16876] [client 20.78.146.86:0] script '/domains/rfisher.dnai/data.php' not found or unable to stat
[Thu Feb 19 02:52:26.916451 2026] [php:error] [pid 16876] [client 20.78.146.86:0] script '/domains/rfisher.dnai/function.php' not found or unable to stat
[Thu Feb 19 02:52:27.318907 2026] [php:error] [pid 16876] [client 20.78.146.86:0] script '/domains/rfisher.dnai/goods.php' not found or unable to stat
[Thu Feb 19 02:52:27.488424 2026] [php:error] [pid 16876] [client 20.78.146.86:0] script '/domains/rfisher.dnai/gzak2w.php' not found or unable to stat
[Thu Feb 19 02:52:27.658216 2026] [php:error] [pid 16876] [client 20.78.146.86:0] script '/domains/rfisher.dnai/hehehehe.php' not found or unable to stat
[Thu Feb 19 02:52:28.164928 2026] [php:error] [pid 16876] [client 20.78.146.86:0] script '/domains/rfisher.dnai/install.php' not found or unable to stat
[Thu Feb 19 02:52:28.703912 2026] [php:error] [pid 16876] [client 20.78.146.86:0] script '/domains/rfisher.dnai/ova.php' not found or unable to stat
[Thu Feb 19 02:52:30.127477 2026] [php:error] [pid 16917] [client 35.247.243.252:0] script '/domains/pauljbrock/adminer-4.7.3.php' not found or unable to stat
[Thu Feb 19 02:52:32.770673 2026] [php:error] [pid 16924] [client 34.96.162.56:0] script '/domains/pauljbrock/sql.php' not found or unable to stat
[Thu Feb 19 02:52:34.682728 2026] [php:error] [pid 16923] [client 20.78.146.86:0] script '/domains/rfisher.dnai/wp.php' not found or unable to stat
[Thu Feb 19 02:52:39.618119 2026] [php:error] [pid 16938] [client 34.96.162.56:0] script '/domains/pauljbrock/adminer-5.2.1-en.php' not found or unable to stat
[Thu Feb 19 02:52:59.256539 2026] [php:error] [pid 16947] [client 35.247.243.248:0] script '/domains/pauljbrock/adminer-5.3.0-mysql-en.php' not found or unable to stat
[Thu Feb 19 02:53:08.367280 2026] [php:error] [pid 16924] [client 35.247.243.242:0] script '/domains/pauljbrock/adminer-5.4.1-mysql.php' not found or unable to stat
[Thu Feb 19 02:53:13.496427 2026] [php:error] [pid 16950] [client 117.41.244.211:0] script '/domains/nostrada/s.php' not found or unable to stat, referer: http://nostradamus.net/s.php
[Thu Feb 19 02:53:16.476195 2026] [php:error] [pid 16951] [client 34.96.162.55:0] script '/domains/hdickens.enteract/adminer-4.16.0.php' not found or unable to stat
[Thu Feb 19 02:53:25.731343 2026] [php:error] [pid 16956] [client 34.96.162.52:0] script '/domains/pauljbrock/adminer-5.1.1-mysql-en.php' not found or unable to stat
[Thu Feb 19 02:53:28.094022 2026] [php:error] [pid 16933] [client 35.247.243.255:0] script '/domains/pauljbrock/adminer-4.5.0.php' not found or unable to stat
[Thu Feb 19 02:53:38.625955 2026] [php:error] [pid 16945] [client 35.247.243.254:0] script '/domains/pauljbrock/adminer-5.0.3-mysql.php' not found or unable to stat
[Thu Feb 19 02:53:38.809596 2026] [php:error] [pid 16950] [client 34.96.162.51:0] script '/domains/pauljbrock/adminer-5.2.1.php' not found or unable to stat
[Thu Feb 19 02:53:38.996095 2026] [php:error] [pid 16924] [client 34.96.162.62:0] script '/domains/pauljbrock/adminer-5.0.6-mysql-en.php' not found or unable to stat
[Thu Feb 19 02:53:45.869905 2026] [php:error] [pid 16950] [client 34.96.162.63:0] script '/domains/pauljbrock/adminer-5.4.0.php' not found or unable to stat
[Thu Feb 19 02:53:47.779420 2026] [php:error] [pid 16958] [client 35.247.243.255:0] script '/domains/pauljbrock/_adminer.php' not found or unable to stat
[Thu Feb 19 02:53:48.256764 2026] [php:error] [pid 16958] [client 34.96.162.51:0] script '/domains/pauljbrock/adminer-4.4.0.php' not found or unable to stat
[Thu Feb 19 02:53:49.370000 2026] [php:error] [pid 16958] [client 35.247.243.244:0] script '/domains/hdickens.enteract/adminer-4.7.7.php' not found or unable to stat
[Thu Feb 19 02:53:53.114906 2026] [php:error] [pid 16959] [client 35.247.243.242:0] script '/domains/pauljbrock/sql.php' not found or unable to stat
[Thu Feb 19 02:53:54.647979 2026] [php:error] [pid 16953] [client 35.247.243.244:0] script '/domains/hdickens.enteract/db.php' not found or unable to stat
[Thu Feb 19 02:54:01.707023 2026] [php:error] [pid 16953] [client 20.205.115.105:0] script '/domains/cccweb/lock360.php' not found or unable to stat
[Thu Feb 19 02:54:01.912799 2026] [php:error] [pid 16953] [client 20.205.115.105:0] script '/domains/cccweb/ahcc.php' not found or unable to stat
[Thu Feb 19 02:54:02.118331 2026] [php:error] [pid 16953] [client 20.205.115.105:0] script '/domains/cccweb/R57.php' not found or unable to stat
[Thu Feb 19 02:54:02.324308 2026] [php:error] [pid 16953] [client 20.205.115.105:0] script '/domains/cccweb/vqgii.php' not found or unable to stat
[Thu Feb 19 02:54:02.530202 2026] [php:error] [pid 16953] [client 20.205.115.105:0] script '/domains/cccweb/jrxzb.php' not found or unable to stat
[Thu Feb 19 02:54:02.736915 2026] [php:error] [pid 16953] [client 20.205.115.105:0] script '/domains/cccweb/sc.php' not found or unable to stat
[Thu Feb 19 02:54:02.942652 2026] [php:error] [pid 16953] [client 20.205.115.105:0] script '/domains/cccweb/qowaa.php' not found or unable to stat
[Thu Feb 19 02:54:03.148130 2026] [php:error] [pid 16953] [client 20.205.115.105:0] script '/domains/cccweb/beixl.php' not found or unable to stat
[Thu Feb 19 02:54:03.353737 2026] [php:error] [pid 16953] [client 20.205.115.105:0] script '/domains/cccweb/8.php' not found or unable to stat
[Thu Feb 19 02:54:03.559796 2026] [php:error] [pid 16953] [client 20.205.115.105:0] script '/domains/cccweb/lkui.php' not found or unable to stat
[Thu Feb 19 02:54:03.765315 2026] [php:error] [pid 16953] [client 20.205.115.105:0] script '/domains/cccweb/reyna.php' not found or unable to stat
[Thu Feb 19 02:54:03.970940 2026] [php:error] [pid 16953] [client 20.205.115.105:0] script '/domains/cccweb/meew.php' not found or unable to stat
[Thu Feb 19 02:54:04.176719 2026] [php:error] [pid 16953] [client 20.205.115.105:0] script '/domains/cccweb/71.php' not found or unable to stat
[Thu Feb 19 02:54:04.382480 2026] [php:error] [pid 16953] [client 20.205.115.105:0] script '/domains/cccweb/Timing.php' not found or unable to stat
[Thu Feb 19 02:54:04.588133 2026] [php:error] [pid 16953] [client 20.205.115.105:0] script '/domains/cccweb/extract.php' not found or unable to stat
[Thu Feb 19 02:54:04.793962 2026] [php:error] [pid 16953] [client 20.205.115.105:0] script '/domains/cccweb/comp.php' not found or unable to stat
[Thu Feb 19 02:54:04.999622 2026] [php:error] [pid 16953] [client 20.205.115.105:0] script '/domains/cccweb/C1.php' not found or unable to stat
[Thu Feb 19 02:54:05.205007 2026] [php:error] [pid 16953] [client 20.205.115.105:0] script '/domains/cccweb/credits.php' not found or unable to stat
[Thu Feb 19 02:54:05.410679 2026] [php:error] [pid 16953] [client 20.205.115.105:0] script '/domains/cccweb/term.php' not found or unable to stat
[Thu Feb 19 02:54:05.616264 2026] [php:error] [pid 16953] [client 20.205.115.105:0] script '/domains/cccweb/classsmtps.php' not found or unable to stat
[Thu Feb 19 02:54:05.821826 2026] [php:error] [pid 16953] [client 20.205.115.105:0] script '/domains/cccweb/blkfqnikz.php' not found or unable to stat
[Thu Feb 19 02:54:06.027506 2026] [php:error] [pid 16953] [client 20.205.115.105:0] script '/domains/cccweb/6i85g10k.php' not found or unable to stat
[Thu Feb 19 02:54:06.233277 2026] [php:error] [pid 16953] [client 20.205.115.105:0] script '/domains/cccweb/filefuns.php' not found or unable to stat
[Thu Feb 19 02:54:06.438944 2026] [php:error] [pid 16953] [client 20.205.115.105:0] script '/domains/cccweb/ovataumpr.php' not found or unable to stat
[Thu Feb 19 02:54:06.644726 2026] [php:error] [pid 16953] [client 20.205.115.105:0] script '/domains/cccweb/wp-cache.php' not found or unable to stat
[Thu Feb 19 02:54:06.850687 2026] [php:error] [pid 16953] [client 20.205.115.105:0] script '/domains/cccweb/SH9JQ3.php' not found or unable to stat
[Thu Feb 19 02:54:07.056212 2026] [php:error] [pid 16953] [client 20.205.115.105:0] script '/domains/cccweb/index_sso.php' not found or unable to stat
[Thu Feb 19 02:54:07.261992 2026] [php:error] [pid 16953] [client 20.205.115.105:0] script '/domains/cccweb/rating.php' not found or unable to stat
[Thu Feb 19 02:54:07.467861 2026] [php:error] [pid 16953] [client 20.205.115.105:0] script '/domains/cccweb/mfjtrzzg.php' not found or unable to stat
[Thu Feb 19 02:54:07.673420 2026] [php:error] [pid 16953] [client 20.205.115.105:0] script '/domains/cccweb/style-engine.php' not found or unable to stat
[Thu Feb 19 02:54:07.879058 2026] [php:error] [pid 16953] [client 20.205.115.105:0] script '/domains/cccweb/report.php' not found or unable to stat
[Thu Feb 19 02:54:08.084601 2026] [php:error] [pid 16953] [client 20.205.115.105:0] script '/domains/cccweb/edit-tags.php' not found or unable to stat
[Thu Feb 19 02:54:08.290448 2026] [php:error] [pid 16953] [client 20.205.115.105:0] script '/domains/cccweb/cwianpri.php' not found or unable to stat
[Thu Feb 19 02:54:08.496010 2026] [php:error] [pid 16953] [client 20.205.115.105:0] script '/domains/cccweb/wunaivpl.php' not found or unable to stat
[Thu Feb 19 02:54:08.701947 2026] [php:error] [pid 16953] [client 20.205.115.105:0] script '/domains/cccweb/gyj.php' not found or unable to stat
[Thu Feb 19 02:54:08.907800 2026] [php:error] [pid 16953] [client 20.205.115.105:0] script '/domains/cccweb/install.php' not found or unable to stat
[Thu Feb 19 02:54:09.113325 2026] [php:error] [pid 16953] [client 20.205.115.105:0] script '/domains/cccweb/update.php' not found or unable to stat
[Thu Feb 19 02:54:09.318812 2026] [php:error] [pid 16953] [client 20.205.115.105:0] script '/domains/cccweb/home.php' not found or unable to stat
[Thu Feb 19 02:54:09.532559 2026] [php:error] [pid 16953] [client 20.205.115.105:0] script '/domains/cccweb/dfpbtqbc.php' not found or unable to stat
[Thu Feb 19 02:54:09.738109 2026] [php:error] [pid 16953] [client 20.205.115.105:0] script '/domains/cccweb/files.php' not found or unable to stat
[Thu Feb 19 02:54:09.944109 2026] [php:error] [pid 16953] [client 20.205.115.105:0] script '/domains/cccweb/ifoklzle.php' not found or unable to stat
[Thu Feb 19 02:54:10.149522 2026] [php:error] [pid 16953] [client 20.205.115.105:0] script '/domains/cccweb/bi.php' not found or unable to stat
[Thu Feb 19 02:54:10.355288 2026] [php:error] [pid 16953] [client 20.205.115.105:0] script '/domains/cccweb/es.php' not found or unable to stat
[Thu Feb 19 02:54:10.560978 2026] [php:error] [pid 16953] [client 20.205.115.105:0] script '/domains/cccweb/sidwso.php' not found or unable to stat
[Thu Feb 19 02:54:10.766476 2026] [php:error] [pid 16953] [client 20.205.115.105:0] script '/domains/cccweb/R00T.php' not found or unable to stat
[Thu Feb 19 02:54:10.972998 2026] [php:error] [pid 16953] [client 20.205.115.105:0] script '/domains/cccweb/hplfuns.php' not found or unable to stat
[Thu Feb 19 02:54:11.178595 2026] [php:error] [pid 16953] [client 20.205.115.105:0] script '/domains/cccweb/getid3-core.php' not found or unable to stat
[Thu Feb 19 02:54:11.384016 2026] [php:error] [pid 16953] [client 20.205.115.105:0] script '/domains/cccweb/123.php' not found or unable to stat
[Thu Feb 19 02:54:11.591029 2026] [php:error] [pid 16953] [client 20.205.115.105:0] script '/domains/cccweb/wlyeA.php' not found or unable to stat
[Thu Feb 19 02:54:11.796457 2026] [php:error] [pid 16953] [client 20.205.115.105:0] script '/domains/cccweb/wp-act.php' not found or unable to stat
[Thu Feb 19 02:54:12.002269 2026] [php:error] [pid 16953] [client 20.205.115.105:0] script '/domains/cccweb/suu.php' not found or unable to stat
[Thu Feb 19 02:54:12.207812 2026] [php:error] [pid 16953] [client 20.205.115.105:0] script '/domains/cccweb/repeater.php' not found or unable to stat
[Thu Feb 19 02:54:12.414198 2026] [php:error] [pid 16953] [client 20.205.115.105:0] script '/domains/cccweb/user_add.php' not found or unable to stat
[Thu Feb 19 02:54:12.619860 2026] [php:error] [pid 16953] [client 20.205.115.105:0] script '/domains/cccweb/disoxrmons.php' not found or unable to stat
[Thu Feb 19 02:54:12.825638 2026] [php:error] [pid 16953] [client 20.205.115.105:0] script '/domains/cccweb/TNT.php' not found or unable to stat
[Thu Feb 19 02:54:13.031960 2026] [php:error] [pid 16953] [client 20.205.115.105:0] script '/domains/cccweb/504.php' not found or unable to stat
[Thu Feb 19 02:54:13.237463 2026] [php:error] [pid 16953] [client 20.205.115.105:0] script '/domains/cccweb/F0x.php' not found or unable to stat
[Thu Feb 19 02:54:13.443013 2026] [php:error] [pid 16953] [client 20.205.115.105:0] script '/domains/cccweb/aleXus.php' not found or unable to stat
[Thu Feb 19 02:54:13.648976 2026] [php:error] [pid 16953] [client 20.205.115.105:0] script '/domains/cccweb/alert.php' not found or unable to stat
[Thu Feb 19 02:54:13.854688 2026] [php:error] [pid 16953] [client 20.205.115.105:0] script '/domains/cccweb/se.php' not found or unable to stat
[Thu Feb 19 02:54:14.060186 2026] [php:error] [pid 16953] [client 20.205.115.105:0] script '/domains/cccweb/al.php' not found or unable to stat
[Thu Feb 19 02:54:14.265548 2026] [php:error] [pid 16953] [client 20.205.115.105:0] script '/domains/cccweb/dirs.php' not found or unable to stat
[Thu Feb 19 02:54:14.471159 2026] [php:error] [pid 16953] [client 20.205.115.105:0] script '/domains/cccweb/lufix.php' not found or unable to stat
[Thu Feb 19 02:54:14.676774 2026] [php:error] [pid 16953] [client 20.205.115.105:0] script '/domains/cccweb/pwnd.php' not found or unable to stat
[Thu Feb 19 02:54:14.882470 2026] [php:error] [pid 16953] [client 20.205.115.105:0] script '/domains/cccweb/srx.php' not found or unable to stat
[Thu Feb 19 02:54:15.088978 2026] [php:error] [pid 16953] [client 20.205.115.105:0] script '/domains/cccweb/class-wp-cmd.php' not found or unable to stat
[Thu Feb 19 02:54:15.294595 2026] [php:error] [pid 16953] [client 20.205.115.105:0] script '/domains/cccweb/temp.php' not found or unable to stat
[Thu Feb 19 02:54:15.500284 2026] [php:error] [pid 16953] [client 20.205.115.105:0] script '/domains/cccweb/libcore.php' not found or unable to stat
[Thu Feb 19 02:54:15.705868 2026] [php:error] [pid 16953] [client 20.205.115.105:0] script '/domains/cccweb/bmccxior.php' not found or unable to stat
[Thu Feb 19 02:54:15.911746 2026] [php:error] [pid 16953] [client 20.205.115.105:0] script '/domains/cccweb/wp-blog-header.php' not found or unable to stat
[Thu Feb 19 02:54:16.117214 2026] [php:error] [pid 16953] [client 20.205.115.105:0] script '/domains/cccweb/IDhrIlrLb.php' not found or unable to stat
[Thu Feb 19 02:54:16.324197 2026] [php:error] [pid 16953] [client 20.205.115.105:0] script '/domains/cccweb/shell4.php' not found or unable to stat
[Thu Feb 19 02:54:16.529753 2026] [php:error] [pid 16953] [client 20.205.115.105:0] script '/domains/cccweb/tron.php' not found or unable to stat
[Thu Feb 19 02:54:16.735124 2026] [php:error] [pid 16953] [client 20.205.115.105:0] script '/domains/cccweb/database.php' not found or unable to stat
[Thu Feb 19 02:54:16.962489 2026] [php:error] [pid 16953] [client 20.205.115.105:0] script '/domains/cccweb/media-admin.php' not found or unable to stat
[Thu Feb 19 02:54:17.168409 2026] [php:error] [pid 16953] [client 20.205.115.105:0] script '/domains/cccweb/cljntmcz.php' not found or unable to stat
[Thu Feb 19 02:54:19.821117 2026] [php:error] [pid 16978] [client 34.96.162.54:0] script '/domains/pauljbrock/adminer-5.1.0.php' not found or unable to stat
[Thu Feb 19 02:54:23.561257 2026] [php:error] [pid 16966] [client 35.247.243.240:0] script '/domains/pauljbrock/adminer-5.0.3-mysql-en.php' not found or unable to stat
[Thu Feb 19 02:54:29.225557 2026] [php:error] [pid 16976] [client 35.247.243.245:0] script '/domains/pauljbrock/adminer-5.1.1-mysql.php' not found or unable to stat
[Thu Feb 19 02:54:32.015543 2026] [php:error] [pid 16976] [client 35.247.243.246:0] script '/domains/hdickens.enteract/adminer-5.0.2-en.php' not found or unable to stat
[Thu Feb 19 02:54:35.998857 2026] [php:error] [pid 16960] [client 34.96.162.50:0] script '/domains/pauljbrock/adminer-4.3.0.php' not found or unable to stat
[Thu Feb 19 02:54:41.247316 2026] [php:error] [pid 16960] [client 34.96.162.58:0] script '/domains/hdickens.enteract/adminer-5.4.1.php' not found or unable to stat
[Thu Feb 19 02:54:48.627147 2026] [php:error] [pid 16954] [client 35.247.243.240:0] script '/domains/pauljbrock/adminer-4.5.0.php' not found or unable to stat
[Thu Feb 19 02:54:48.818578 2026] [php:error] [pid 16924] [client 35.247.243.251:0] script '/domains/hdickens.enteract/adminer-4.7.3.php' not found or unable to stat
[Thu Feb 19 02:54:50.698973 2026] [php:error] [pid 16924] [client 35.247.243.246:0] script '/domains/hdickens.enteract/adminer-4.3.0.php' not found or unable to stat
[Thu Feb 19 02:54:56.837915 2026] [php:error] [pid 16967] [client 35.247.243.251:0] script '/domains/pauljbrock/sql.php' not found or unable to stat
[Thu Feb 19 02:55:16.201784 2026] [php:error] [pid 16976] [client 34.96.162.50:0] script '/domains/hdickens.enteract/adminer-5.1.1.php' not found or unable to stat
[Thu Feb 19 02:55:17.468076 2026] [php:error] [pid 16979] [client 34.96.162.58:0] script '/domains/hdickens.enteract/adminer-4.8.1-mysql.php' not found or unable to stat
[Thu Feb 19 02:55:17.879182 2026] [php:error] [pid 16976] [client 34.96.162.60:0] script '/domains/pauljbrock/adminer-4.7.2.php' not found or unable to stat
[Thu Feb 19 02:55:19.857450 2026] [php:error] [pid 16991] [client 34.96.162.50:0] script '/domains/pauljbrock/adminer-4.8.1-mysql.php' not found or unable to stat
[Thu Feb 19 02:55:26.968455 2026] [php:error] [pid 16992] [client 34.96.162.55:0] script '/domains/pauljbrock/adminer-5.4.1-mysql.php' not found or unable to stat
[Thu Feb 19 02:55:35.226558 2026] [php:error] [pid 16995] [client 34.96.162.51:0] script '/domains/pauljbrock/adminer-5.2.1-mysql-en.php' not found or unable to stat
[Thu Feb 19 02:55:36.291560 2026] [php:error] [pid 16995] [client 35.247.243.243:0] script '/domains/pauljbrock/__adm.php' not found or unable to stat
[Thu Feb 19 02:55:42.100950 2026] [php:error] [pid 16995] [client 35.247.243.240:0] script '/domains/hdickens.enteract/adminer-5.1.0-en.php' not found or unable to stat
[Thu Feb 19 02:55:47.148317 2026] [php:error] [pid 17000] [client 34.96.162.60:0] script '/domains/pauljbrock/ADMINER.php' not found or unable to stat
[Thu Feb 19 02:56:25.558656 2026] [php:error] [pid 17002] [client 34.96.162.56:0] script '/domains/pauljbrock/db.php' not found or unable to stat
[Thu Feb 19 02:56:28.747925 2026] [php:error] [pid 16995] [client 34.96.162.61:0] script '/domains/pauljbrock/adminer-5.1.1-mysql.php' not found or unable to stat
[Thu Feb 19 02:56:32.044996 2026] [php:error] [pid 16998] [client 20.46.124.66:0] script '/domains/fifibear/new4.php' not found or unable to stat
[Thu Feb 19 02:56:32.212713 2026] [php:error] [pid 16998] [client 20.46.124.66:0] script '/domains/fifibear/sc.php' not found or unable to stat
[Thu Feb 19 02:56:32.392806 2026] [php:error] [pid 16998] [client 20.46.124.66:0] script '/domains/fifibear/pouhg.php' not found or unable to stat
[Thu Feb 19 02:56:32.554588 2026] [php:error] [pid 16998] [client 20.46.124.66:0] script '/domains/fifibear/vgtyu.php' not found or unable to stat
[Thu Feb 19 02:56:32.717551 2026] [php:error] [pid 16998] [client 20.46.124.66:0] script '/domains/fifibear/aq.php' not found or unable to stat
[Thu Feb 19 02:56:32.878849 2026] [php:error] [pid 16998] [client 20.46.124.66:0] script '/domains/fifibear/opts.php' not found or unable to stat
[Thu Feb 19 02:56:33.039762 2026] [php:error] [pid 16998] [client 20.46.124.66:0] script '/domains/fifibear/x123.php' not found or unable to stat
[Thu Feb 19 02:56:33.200706 2026] [php:error] [pid 16998] [client 20.46.124.66:0] script '/domains/fifibear/wp-act.php' not found or unable to stat
[Thu Feb 19 02:56:33.371453 2026] [php:error] [pid 16998] [client 20.46.124.66:0] script '/domains/fifibear/moshou.php' not found or unable to stat
[Thu Feb 19 02:56:33.450307 2026] [php:error] [pid 17006] [client 74.248.34.156:0] script '/domains/system_suspended/tfm.php' not found or unable to stat
[Thu Feb 19 02:56:33.531584 2026] [php:error] [pid 16998] [client 20.46.124.66:0] script '/domains/fifibear/seetox.php' not found or unable to stat
[Thu Feb 19 02:56:33.560160 2026] [php:error] [pid 17006] [client 74.248.34.156:0] script '/domains/system_suspended/wp-blogs.php' not found or unable to stat
[Thu Feb 19 02:56:33.693726 2026] [php:error] [pid 16998] [client 20.46.124.66:0] script '/domains/fifibear/dom.php' not found or unable to stat
[Thu Feb 19 02:56:33.934936 2026] [php:error] [pid 17006] [client 74.248.34.156:0] script '/domains/system_suspended/amp.php' not found or unable to stat
[Thu Feb 19 02:56:34.013896 2026] [php:error] [pid 16998] [client 20.46.124.66:0] script '/domains/fifibear/samiri.php' not found or unable to stat
[Thu Feb 19 02:56:34.049158 2026] [php:error] [pid 17006] [client 74.248.34.156:0] script '/domains/system_suspended/666.php' not found or unable to stat
[Thu Feb 19 02:56:34.157239 2026] [php:error] [pid 17006] [client 74.248.34.156:0] script '/domains/system_suspended/asax.php' not found or unable to stat
[Thu Feb 19 02:56:34.271664 2026] [php:error] [pid 17006] [client 74.248.34.156:0] script '/domains/system_suspended/init.php' not found or unable to stat
[Thu Feb 19 02:56:34.313138 2026] [php:error] [pid 16998] [client 20.46.124.66:0] script '/domains/fifibear/plugins.php' not found or unable to stat
[Thu Feb 19 02:56:34.375106 2026] [php:error] [pid 17006] [client 74.248.34.156:0] script '/domains/system_suspended/bootstrap.php' not found or unable to stat
[Thu Feb 19 02:56:34.476552 2026] [php:error] [pid 16998] [client 20.46.124.66:0] script '/domains/fifibear/xoot.php' not found or unable to stat
[Thu Feb 19 02:56:34.485179 2026] [php:error] [pid 17006] [client 74.248.34.156:0] script '/domains/system_suspended/sc.php' not found or unable to stat
[Thu Feb 19 02:56:34.588538 2026] [php:error] [pid 17006] [client 74.248.34.156:0] script '/domains/system_suspended/term.php' not found or unable to stat
[Thu Feb 19 02:56:34.636788 2026] [php:error] [pid 16998] [client 20.46.124.66:0] script '/domains/fifibear/X57.php' not found or unable to stat
[Thu Feb 19 02:56:34.691874 2026] [php:error] [pid 17006] [client 74.248.34.156:0] script '/domains/system_suspended/global.php' not found or unable to stat
[Thu Feb 19 02:56:34.795655 2026] [php:error] [pid 17006] [client 74.248.34.156:0] script '/domains/system_suspended/black.php' not found or unable to stat
[Thu Feb 19 02:56:34.805668 2026] [php:error] [pid 16998] [client 20.46.124.66:0] script '/domains/fifibear/vx.php' not found or unable to stat
[Thu Feb 19 02:56:34.965964 2026] [php:error] [pid 16998] [client 20.46.124.66:0] script '/domains/fifibear/file59.php' not found or unable to stat
[Thu Feb 19 02:56:35.034810 2026] [php:error] [pid 17006] [client 74.248.34.156:0] script '/domains/system_suspended/222.php' not found or unable to stat
[Thu Feb 19 02:56:35.138375 2026] [php:error] [pid 17006] [client 74.248.34.156:0] script '/domains/system_suspended/t.php' not found or unable to stat
[Thu Feb 19 02:56:35.254394 2026] [php:error] [pid 17006] [client 74.248.34.156:0] script '/domains/system_suspended/lib.php' not found or unable to stat
[Thu Feb 19 02:56:35.286294 2026] [php:error] [pid 16998] [client 20.46.124.66:0] script '/domains/fifibear/shas.php' not found or unable to stat
[Thu Feb 19 02:56:35.463033 2026] [php:error] [pid 16998] [client 20.46.124.66:0] script '/domains/fifibear/xa.php' not found or unable to stat
[Thu Feb 19 02:56:35.468642 2026] [php:error] [pid 17006] [client 74.248.34.156:0] script '/domains/system_suspended/asus.php' not found or unable to stat
[Thu Feb 19 02:56:35.578287 2026] [php:error] [pid 17006] [client 74.248.34.156:0] script '/domains/system_suspended/dox.php' not found or unable to stat
[Thu Feb 19 02:56:35.631905 2026] [php:error] [pid 16998] [client 20.46.124.66:0] script '/domains/fifibear/xda.php' not found or unable to stat
[Thu Feb 19 02:56:35.770802 2026] [php:error] [pid 17006] [client 74.248.34.156:0] script '/domains/system_suspended/s.php' not found or unable to stat
[Thu Feb 19 02:56:35.793012 2026] [php:error] [pid 16998] [client 20.46.124.66:0] script '/domains/fifibear/er.php' not found or unable to stat
[Thu Feb 19 02:56:35.882612 2026] [php:error] [pid 17006] [client 74.248.34.156:0] script '/domains/system_suspended/file.php' not found or unable to stat
[Thu Feb 19 02:56:35.960074 2026] [php:error] [pid 16998] [client 20.46.124.66:0] script '/domains/fifibear/fault.php' not found or unable to stat
[Thu Feb 19 02:56:35.996579 2026] [php:error] [pid 17006] [client 74.248.34.156:0] script '/domains/system_suspended/bolt.php' not found or unable to stat
[Thu Feb 19 02:56:36.100076 2026] [php:error] [pid 17006] [client 74.248.34.156:0] script '/domains/system_suspended/166.php' not found or unable to stat
[Thu Feb 19 02:56:36.120113 2026] [php:error] [pid 16998] [client 20.46.124.66:0] script '/domains/fifibear/motu.php' not found or unable to stat
[Thu Feb 19 02:56:36.212295 2026] [php:error] [pid 17006] [client 74.248.34.156:0] script '/domains/system_suspended/wen.php' not found or unable to stat
[Thu Feb 19 02:56:36.280862 2026] [php:error] [pid 16998] [client 20.46.124.66:0] script '/domains/fifibear/66.php' not found or unable to stat
[Thu Feb 19 02:56:36.315840 2026] [php:error] [pid 17006] [client 74.248.34.156:0] script '/domains/system_suspended/wp-act.php' not found or unable to stat
[Thu Feb 19 02:56:36.441116 2026] [php:error] [pid 16998] [client 20.46.124.66:0] script '/domains/fifibear/leuk.php' not found or unable to stat
[Thu Feb 19 02:56:36.460151 2026] [php:error] [pid 17006] [client 74.248.34.156:0] script '/domains/system_suspended/ff1.php' not found or unable to stat
[Thu Feb 19 02:56:36.564127 2026] [php:error] [pid 17006] [client 74.248.34.156:0] script '/domains/system_suspended/66.php' not found or unable to stat
[Thu Feb 19 02:56:36.601409 2026] [php:error] [pid 16998] [client 20.46.124.66:0] script '/domains/fifibear/xqq.php' not found or unable to stat
[Thu Feb 19 02:56:36.667690 2026] [php:error] [pid 17006] [client 74.248.34.156:0] script '/domains/system_suspended/ws66.php' not found or unable to stat
[Thu Feb 19 02:56:36.765663 2026] [php:error] [pid 16998] [client 20.46.124.66:0] script '/domains/fifibear/kolda.php' not found or unable to stat
[Thu Feb 19 02:56:36.783911 2026] [php:error] [pid 17012] [client 35.247.243.241:0] script '/domains/hdickens.enteract/adminer-5.3.0-en.php' not found or unable to stat
[Thu Feb 19 02:56:36.796728 2026] [php:error] [pid 17006] [client 74.248.34.156:0] script '/domains/system_suspended/bgymj.php' not found or unable to stat
[Thu Feb 19 02:56:36.900444 2026] [php:error] [pid 17006] [client 74.248.34.156:0] script '/domains/system_suspended/24.php' not found or unable to stat
[Thu Feb 19 02:56:36.940787 2026] [php:error] [pid 16998] [client 20.46.124.66:0] script '/domains/fifibear/nw.php' not found or unable to stat
[Thu Feb 19 02:56:37.003998 2026] [php:error] [pid 17006] [client 74.248.34.156:0] script '/domains/system_suspended/h02ugyh.php' not found or unable to stat
[Thu Feb 19 02:56:37.114655 2026] [php:error] [pid 16998] [client 20.46.124.66:0] script '/domains/fifibear/god.php' not found or unable to stat
[Thu Feb 19 02:56:37.204908 2026] [php:error] [pid 17006] [client 74.248.34.156:0] script '/domains/system_suspended/a4.php' not found or unable to stat
[Thu Feb 19 02:56:37.274727 2026] [php:error] [pid 16998] [client 20.46.124.66:0] script '/domains/fifibear/666.php' not found or unable to stat
[Thu Feb 19 02:56:37.308542 2026] [php:error] [pid 17006] [client 74.248.34.156:0] script '/domains/system_suspended/inputs.php' not found or unable to stat
[Thu Feb 19 02:56:37.411971 2026] [php:error] [pid 17006] [client 74.248.34.156:0] script '/domains/system_suspended/gfd.php' not found or unable to stat
[Thu Feb 19 02:56:37.435865 2026] [php:error] [pid 16998] [client 20.46.124.66:0] script '/domains/fifibear/kj.php' not found or unable to stat
[Thu Feb 19 02:56:37.624801 2026] [php:error] [pid 17006] [client 74.248.34.156:0] script '/domains/system_suspended/wefile.php' not found or unable to stat
[Thu Feb 19 02:56:37.642321 2026] [php:error] [pid 16998] [client 20.46.124.66:0] script '/domains/fifibear/un.php' not found or unable to stat
[Thu Feb 19 02:56:37.737597 2026] [php:error] [pid 17006] [client 74.248.34.156:0] script '/domains/system_suspended/55.php' not found or unable to stat
[Thu Feb 19 02:56:37.802263 2026] [php:error] [pid 16998] [client 20.46.124.66:0] script '/domains/fifibear/fs.php' not found or unable to stat
[Thu Feb 19 02:56:37.928039 2026] [php:error] [pid 17006] [client 74.248.34.156:0] script '/domains/system_suspended/vx.php' not found or unable to stat
[Thu Feb 19 02:56:37.962279 2026] [php:error] [pid 16998] [client 20.46.124.66:0] script '/domains/fifibear/ms.php' not found or unable to stat
[Thu Feb 19 02:56:38.039675 2026] [php:error] [pid 17006] [client 74.248.34.156:0] script '/domains/system_suspended/edit-tags.php' not found or unable to stat
[Thu Feb 19 02:56:38.122371 2026] [php:error] [pid 16998] [client 20.46.124.66:0] script '/domains/fifibear/login8.php' not found or unable to stat
[Thu Feb 19 02:56:38.143160 2026] [php:error] [pid 17006] [client 74.248.34.156:0] script '/domains/system_suspended/ioxi-o.php' not found or unable to stat
[Thu Feb 19 02:56:38.246559 2026] [php:error] [pid 17006] [client 74.248.34.156:0] script '/domains/system_suspended/155.php' not found or unable to stat
[Thu Feb 19 02:56:38.282357 2026] [php:error] [pid 16998] [client 20.46.124.66:0] script '/domains/fifibear/nnyvn.php' not found or unable to stat
[Thu Feb 19 02:56:38.350022 2026] [php:error] [pid 17006] [client 74.248.34.156:0] script '/domains/system_suspended/core.php' not found or unable to stat
[Thu Feb 19 02:56:38.461473 2026] [php:error] [pid 17006] [client 74.248.34.156:0] script '/domains/system_suspended/ccs.php' not found or unable to stat
[Thu Feb 19 02:56:38.564963 2026] [php:error] [pid 17006] [client 74.248.34.156:0] script '/domains/system_suspended/apk.php' not found or unable to stat
[Thu Feb 19 02:56:38.595549 2026] [php:error] [pid 16998] [client 20.46.124.66:0] script '/domains/fifibear/cu.php' not found or unable to stat
[Thu Feb 19 02:56:38.755626 2026] [php:error] [pid 16998] [client 20.46.124.66:0] script '/domains/fifibear/lul.php' not found or unable to stat
[Thu Feb 19 02:56:38.818546 2026] [php:error] [pid 17006] [client 74.248.34.156:0] script '/domains/system_suspended/bnm.php' not found or unable to stat
[Thu Feb 19 02:56:38.922559 2026] [php:error] [pid 17006] [client 74.248.34.156:0] script '/domains/system_suspended/gettest.php' not found or unable to stat
[Thu Feb 19 02:56:38.934287 2026] [php:error] [pid 16998] [client 20.46.124.66:0] script '/domains/fifibear/0.php' not found or unable to stat
[Thu Feb 19 02:56:39.017763 2026] [php:error] [pid 17007] [client 34.96.162.57:0] script '/domains/hdickens.enteract/adminer-5.4.1-mysql-en.php' not found or unable to stat
[Thu Feb 19 02:56:39.097093 2026] [php:error] [pid 16998] [client 20.46.124.66:0] script '/domains/fifibear/ms-edit.php' not found or unable to stat
[Thu Feb 19 02:56:39.104645 2026] [php:error] [pid 17006] [client 74.248.34.156:0] script '/domains/system_suspended/edit.php' not found or unable to stat
[Thu Feb 19 02:56:39.208189 2026] [php:error] [pid 17006] [client 74.248.34.156:0] script '/domains/system_suspended/sid3.php' not found or unable to stat
[Thu Feb 19 02:56:39.257240 2026] [php:error] [pid 16998] [client 20.46.124.66:0] script '/domains/fifibear/ya.php' not found or unable to stat
[Thu Feb 19 02:56:39.326272 2026] [php:error] [pid 17006] [client 74.248.34.156:0] script '/domains/system_suspended/abc.php' not found or unable to stat
[Thu Feb 19 02:56:39.438202 2026] [php:error] [pid 17006] [client 74.248.34.156:0] script '/domains/system_suspended/admin-footer.php' not found or unable to stat
[Thu Feb 19 02:56:39.439436 2026] [php:error] [pid 16998] [client 20.46.124.66:0] script '/domains/fifibear/grsiuk.php' not found or unable to stat
[Thu Feb 19 02:56:39.601644 2026] [php:error] [pid 16998] [client 20.46.124.66:0] script '/domains/fifibear/wp-blog.php' not found or unable to stat
[Thu Feb 19 02:56:39.614304 2026] [php:error] [pid 17006] [client 74.248.34.156:0] script '/domains/system_suspended/wp-p2r3q9c8k4.php' not found or unable to stat
[Thu Feb 19 02:56:39.717709 2026] [php:error] [pid 17006] [client 74.248.34.156:0] script '/domains/system_suspended/jga.php' not found or unable to stat
[Thu Feb 19 02:56:39.798314 2026] [php:error] [pid 16998] [client 20.46.124.66:0] script '/domains/fifibear/wp-access.php' not found or unable to stat
[Thu Feb 19 02:56:39.858279 2026] [php:error] [pid 17007] [client 35.247.243.241:0] script '/domains/pauljbrock/adminer-5.2.0-mysql-en.php' not found or unable to stat
[Thu Feb 19 02:56:39.959076 2026] [php:error] [pid 16998] [client 20.46.124.66:0] script '/domains/fifibear/a1vx.php' not found or unable to stat
[Thu Feb 19 02:56:39.961442 2026] [php:error] [pid 17006] [client 74.248.34.156:0] script '/domains/system_suspended/tool.php' not found or unable to stat
