[Thu Feb 19 03:32:51.340269 2026] [php:error] [pid 17958] [client 74.248.132.176:0] script '/domains/deltaele/byp8.php' not found or unable to stat
[Thu Feb 19 03:33:09.144401 2026] [php:error] [pid 17956] [client 4.232.88.90:0] script '/domains/metrolighting/byp8.php' not found or unable to stat
[Thu Feb 19 03:33:24.417504 2026] [php:error] [pid 17969] [client 34.96.162.57:0] script '/domains/hdickens.enteract/adminer-5.4.0-en.php' not found or unable to stat
[Thu Feb 19 03:33:30.262092 2026] [php:error] [pid 17980] [client 35.247.243.240:0] script '/domains/hdickens.enteract/adminer-5.0.3-en.php' not found or unable to stat
[Thu Feb 19 03:33:32.165748 2026] [php:error] [pid 17962] [client 185.118.15.44:0] script '/domains/system_default/index.php' not found or unable to stat
[Thu Feb 19 03:33:37.175995 2026] [php:error] [pid 17962] [client 185.118.15.44:0] script '/domains/system_default/index.php' not found or unable to stat
[Thu Feb 19 03:33:39.251989 2026] [php:error] [pid 17962] [client 185.118.15.44:0] script '/domains/system_default/index.php' not found or unable to stat
[Thu Feb 19 03:34:04.736893 2026] [php:error] [pid 17986] [client 35.247.243.245:0] script '/domains/hdickens.enteract/adminer-4.8.1-mysql-en.php' not found or unable to stat
[Thu Feb 19 03:34:06.479222 2026] [php:error] [pid 17962] [client 168.232.59.223:0] script '/domains/brenties/wp-login.php' not found or unable to stat
[Thu Feb 19 03:34:07.787075 2026] [php:error] [pid 17986] [client 91.84.116.83:0] script '/domains/brenties/wp-login.php' not found or unable to stat
[Thu Feb 19 03:34:07.819337 2026] [php:error] [pid 17956] [client 34.96.162.62:0] script '/domains/hdickens.enteract/__adm.php' not found or unable to stat
[Thu Feb 19 03:34:24.993383 2026] [php:error] [pid 17987] [client 145.239.10.137:0] script '/domains/afglcweb/n.php' not found or unable to stat, referer: http://afglc.org/n.php
[Thu Feb 19 03:34:37.750897 2026] [php:error] [pid 18000] [client 20.98.96.127:0] script '/domains/afglcweb/wso112233.php' not found or unable to stat
[Thu Feb 19 03:34:37.949832 2026] [php:error] [pid 18000] [client 20.98.96.127:0] script '/domains/afglcweb/edit.php' not found or unable to stat
[Thu Feb 19 03:34:38.527269 2026] [php:error] [pid 18001] [client 20.98.96.127:0] script '/domains/afglcweb/xleet-shell.php' not found or unable to stat
[Thu Feb 19 03:35:00.361825 2026] [php:error] [pid 17999] [client 35.247.243.255:0] script '/domains/hdickens.enteract/adminer-5.2.0.php' not found or unable to stat
[Thu Feb 19 03:35:31.478855 2026] [php:error] [pid 17992] [client 35.247.243.248:0] script '/domains/hdickens.enteract/adminer-4.8.1.php' not found or unable to stat
[Thu Feb 19 03:35:46.466790 2026] [php:error] [pid 18002] [client 20.219.8.79:0] script '/domains/thewalshgroup/wp-2019.php' not found or unable to stat
[Thu Feb 19 03:35:46.953216 2026] [php:error] [pid 18002] [client 20.219.8.79:0] script '/domains/thewalshgroup/403.php' not found or unable to stat
[Thu Feb 19 03:35:47.422241 2026] [php:error] [pid 18002] [client 20.219.8.79:0] script '/domains/thewalshgroup/aaa.php' not found or unable to stat
[Thu Feb 19 03:35:49.201606 2026] [php:error] [pid 18002] [client 20.219.8.79:0] script '/domains/thewalshgroup/y.php' not found or unable to stat
[Thu Feb 19 03:35:49.666427 2026] [php:error] [pid 18002] [client 20.219.8.79:0] script '/domains/thewalshgroup/ggfi.php' not found or unable to stat
[Thu Feb 19 03:35:50.617282 2026] [php:error] [pid 18002] [client 20.219.8.79:0] script '/domains/thewalshgroup/buy.php' not found or unable to stat
[Thu Feb 19 03:35:51.021820 2026] [php:error] [pid 18002] [client 20.219.8.79:0] script '/domains/thewalshgroup/chosen.php' not found or unable to stat
[Thu Feb 19 03:35:51.264157 2026] [php:error] [pid 18002] [client 20.219.8.79:0] script '/domains/thewalshgroup/index.php' not found or unable to stat
[Thu Feb 19 03:35:51.609900 2026] [php:error] [pid 18002] [client 20.219.8.79:0] script '/domains/thewalshgroup/cron.php' not found or unable to stat
[Thu Feb 19 03:35:51.831878 2026] [php:error] [pid 18002] [client 20.219.8.79:0] script '/domains/thewalshgroup/functions.php' not found or unable to stat
[Thu Feb 19 03:35:53.094398 2026] [php:error] [pid 18002] [client 20.219.8.79:0] script '/domains/thewalshgroup/wp-add.php' not found or unable to stat
[Thu Feb 19 03:35:53.311315 2026] [php:error] [pid 18002] [client 20.219.8.79:0] script '/domains/thewalshgroup/0.php' not found or unable to stat
[Thu Feb 19 03:35:53.696453 2026] [php:error] [pid 18002] [client 20.219.8.79:0] script '/domains/thewalshgroup/edit.php' not found or unable to stat
[Thu Feb 19 03:35:53.933204 2026] [php:error] [pid 18002] [client 20.219.8.79:0] script '/domains/thewalshgroup/meta.php' not found or unable to stat
[Thu Feb 19 03:35:54.406020 2026] [php:error] [pid 18002] [client 20.219.8.79:0] script '/domains/thewalshgroup/new.php' not found or unable to stat
[Thu Feb 19 03:35:55.068507 2026] [php:error] [pid 18002] [client 20.219.8.79:0] script '/domains/thewalshgroup/as.php' not found or unable to stat
[Thu Feb 19 03:35:55.592891 2026] [php:error] [pid 18002] [client 20.219.8.79:0] script '/domains/thewalshgroup/ds.php' not found or unable to stat
[Thu Feb 19 03:35:55.970395 2026] [php:error] [pid 18002] [client 20.219.8.79:0] script '/domains/thewalshgroup/error.php' not found or unable to stat
[Thu Feb 19 03:35:56.194155 2026] [php:error] [pid 18002] [client 20.219.8.79:0] script '/domains/thewalshgroup/gecko-new.php' not found or unable to stat
[Thu Feb 19 03:35:56.527579 2026] [php:error] [pid 18002] [client 20.219.8.79:0] script '/domains/thewalshgroup/randkeyword.php' not found or unable to stat
[Thu Feb 19 03:35:57.479620 2026] [php:error] [pid 18002] [client 20.219.8.79:0] script '/domains/thewalshgroup/NewFile.php' not found or unable to stat
[Thu Feb 19 03:35:57.848089 2026] [php:error] [pid 18002] [client 20.219.8.79:0] script '/domains/thewalshgroup/goods.php' not found or unable to stat
[Thu Feb 19 03:35:58.076124 2026] [php:error] [pid 18002] [client 20.219.8.79:0] script '/domains/thewalshgroup/simple.php' not found or unable to stat
[Thu Feb 19 03:35:58.290132 2026] [php:error] [pid 18017] [client 34.96.162.50:0] script '/domains/hdickens.enteract/adminer-5.0.2.php' not found or unable to stat
[Thu Feb 19 03:35:58.966606 2026] [php:error] [pid 18002] [client 20.219.8.79:0] script '/domains/thewalshgroup/c.php' not found or unable to stat
[Thu Feb 19 03:35:59.801799 2026] [php:error] [pid 18002] [client 20.219.8.79:0] script '/domains/thewalshgroup/auth.php' not found or unable to stat
[Thu Feb 19 03:36:00.190211 2026] [php:error] [pid 18002] [client 20.219.8.79:0] script '/domains/thewalshgroup/class-wp-lock.php' not found or unable to stat
[Thu Feb 19 03:36:00.402508 2026] [php:error] [pid 18002] [client 20.219.8.79:0] script '/domains/thewalshgroup/cookie.php' not found or unable to stat
[Thu Feb 19 03:36:00.765380 2026] [php:error] [pid 18002] [client 20.219.8.79:0] script '/domains/thewalshgroup/admin.php' not found or unable to stat
[Thu Feb 19 03:36:01.151585 2026] [php:error] [pid 18002] [client 20.219.8.79:0] script '/domains/thewalshgroup/baxa1.php' not found or unable to stat
[Thu Feb 19 03:36:02.304350 2026] [php:error] [pid 18002] [client 20.219.8.79:0] script '/domains/thewalshgroup/xleet.php' not found or unable to stat
[Thu Feb 19 03:36:02.957923 2026] [php:error] [pid 18002] [client 20.219.8.79:0] script '/domains/thewalshgroup/about.php' not found or unable to stat
[Thu Feb 19 03:36:04.407915 2026] [php:error] [pid 18002] [client 20.219.8.79:0] script '/domains/thewalshgroup/alfanew.php' not found or unable to stat
[Thu Feb 19 03:36:05.058913 2026] [php:error] [pid 18002] [client 20.219.8.79:0] script '/domains/thewalshgroup/22.php' not found or unable to stat
[Thu Feb 19 03:36:06.094819 2026] [php:error] [pid 18002] [client 20.219.8.79:0] script '/domains/thewalshgroup/simple.php' not found or unable to stat
[Thu Feb 19 03:36:06.582438 2026] [php:error] [pid 18002] [client 20.219.8.79:0] script '/domains/thewalshgroup/admin.php' not found or unable to stat
[Thu Feb 19 03:36:06.818565 2026] [php:error] [pid 18002] [client 20.219.8.79:0] script '/domains/thewalshgroup/c99.php' not found or unable to stat
[Thu Feb 19 03:36:07.024378 2026] [php:error] [pid 18002] [client 20.219.8.79:0] script '/domains/thewalshgroup/file.php' not found or unable to stat
[Thu Feb 19 03:36:07.243631 2026] [php:error] [pid 18002] [client 20.219.8.79:0] script '/domains/thewalshgroup/b.php' not found or unable to stat
[Thu Feb 19 03:36:07.451537 2026] [php:error] [pid 18002] [client 20.219.8.79:0] script '/domains/thewalshgroup/classwithtostring.php' not found or unable to stat
[Thu Feb 19 03:36:07.823717 2026] [php:error] [pid 18002] [client 20.219.8.79:0] script '/domains/thewalshgroup/css.php' not found or unable to stat
[Thu Feb 19 03:36:08.052773 2026] [php:error] [pid 18002] [client 20.219.8.79:0] script '/domains/thewalshgroup/flower.php' not found or unable to stat
[Thu Feb 19 03:36:09.247775 2026] [php:error] [pid 18002] [client 20.219.8.79:0] script '/domains/thewalshgroup/jp.php' not found or unable to stat
[Thu Feb 19 03:36:09.486210 2026] [php:error] [pid 18002] [client 20.219.8.79:0] script '/domains/thewalshgroup/room.php' not found or unable to stat
[Thu Feb 19 03:36:10.551164 2026] [php:error] [pid 18002] [client 20.219.8.79:0] script '/domains/thewalshgroup/12.php' not found or unable to stat
[Thu Feb 19 03:36:10.763013 2026] [php:error] [pid 18002] [client 20.219.8.79:0] script '/domains/thewalshgroup/404.php' not found or unable to stat
[Thu Feb 19 03:36:11.185337 2026] [php:error] [pid 18002] [client 20.219.8.79:0] script '/domains/thewalshgroup/disagreed.php' not found or unable to stat
[Thu Feb 19 03:36:11.955356 2026] [php:error] [pid 18020] [client 35.247.243.251:0] script '/domains/hdickens.enteract/adminer-5.4.0.php' not found or unable to stat
[Thu Feb 19 03:36:12.066527 2026] [php:error] [pid 18002] [client 20.219.8.79:0] script '/domains/thewalshgroup/text.php' not found or unable to stat
[Thu Feb 19 03:36:14.900741 2026] [php:error] [pid 18002] [client 20.219.8.79:0] script '/domains/thewalshgroup/GOD.php' not found or unable to stat
[Thu Feb 19 03:36:15.584500 2026] [php:error] [pid 18002] [client 20.219.8.79:0] script '/domains/thewalshgroup/alfa-rex.php' not found or unable to stat
[Thu Feb 19 03:36:15.962349 2026] [php:error] [pid 18002] [client 20.219.8.79:0] script '/domains/thewalshgroup/f35.php' not found or unable to stat
[Thu Feb 19 03:36:16.166867 2026] [php:error] [pid 18002] [client 20.219.8.79:0] script '/domains/thewalshgroup/feeds.php' not found or unable to stat
[Thu Feb 19 03:36:16.606208 2026] [php:error] [pid 18002] [client 20.219.8.79:0] script '/domains/thewalshgroup/favicon.php' not found or unable to stat
[Thu Feb 19 03:36:17.064793 2026] [php:error] [pid 18002] [client 20.219.8.79:0] script '/domains/thewalshgroup/hehe.php' not found or unable to stat
[Thu Feb 19 03:36:18.453856 2026] [php:error] [pid 18002] [client 20.219.8.79:0] script '/domains/thewalshgroup/user.php' not found or unable to stat
[Thu Feb 19 03:36:19.085724 2026] [php:error] [pid 18018] [client 20.219.8.79:0] script '/domains/thewalshgroup/autoload_classmap.php' not found or unable to stat
[Thu Feb 19 03:36:19.235878 2026] [php:error] [pid 18023] [client 34.96.162.58:0] script '/domains/hdickens.enteract/adminer-5.0.3-mysql.php' not found or unable to stat
[Thu Feb 19 03:36:19.292529 2026] [php:error] [pid 18018] [client 20.219.8.79:0] script '/domains/thewalshgroup/files.php' not found or unable to stat
[Thu Feb 19 03:36:19.857723 2026] [php:error] [pid 18018] [client 20.219.8.79:0] script '/domains/thewalshgroup/about.php' not found or unable to stat
[Thu Feb 19 03:36:20.150373 2026] [php:error] [pid 18018] [client 20.219.8.79:0] script '/domains/thewalshgroup/al.php' not found or unable to stat
[Thu Feb 19 03:36:20.353750 2026] [php:error] [pid 18018] [client 20.219.8.79:0] script '/domains/thewalshgroup/byp.php' not found or unable to stat
[Thu Feb 19 03:36:20.774835 2026] [php:error] [pid 18023] [client 34.96.162.50:0] script '/domains/hdickens.enteract/adminer-5.0.4-mysql.php' not found or unable to stat
[Thu Feb 19 03:36:20.933737 2026] [php:error] [pid 18018] [client 20.219.8.79:0] script '/domains/thewalshgroup/wander.php' not found or unable to stat
[Thu Feb 19 03:36:21.913849 2026] [php:error] [pid 18018] [client 20.219.8.79:0] script '/domains/thewalshgroup/en.php' not found or unable to stat
[Thu Feb 19 03:36:22.410868 2026] [php:error] [pid 18018] [client 20.219.8.79:0] script '/domains/thewalshgroup/help.php' not found or unable to stat
[Thu Feb 19 03:36:23.603508 2026] [php:error] [pid 18018] [client 20.219.8.79:0] script '/domains/thewalshgroup/control.php' not found or unable to stat
[Thu Feb 19 03:36:24.611376 2026] [php:error] [pid 18018] [client 20.219.8.79:0] script '/domains/thewalshgroup/radio.php' not found or unable to stat
[Thu Feb 19 03:36:24.838991 2026] [php:error] [pid 18018] [client 20.219.8.79:0] script '/domains/thewalshgroup/dropdown.php' not found or unable to stat
[Thu Feb 19 03:36:25.796387 2026] [php:error] [pid 18018] [client 20.219.8.79:0] script '/domains/thewalshgroup/wp-2019.php' not found or unable to stat
[Thu Feb 19 03:36:26.740403 2026] [php:error] [pid 18018] [client 20.219.8.79:0] script '/domains/thewalshgroup/403.php' not found or unable to stat
[Thu Feb 19 03:36:26.944804 2026] [php:error] [pid 18018] [client 20.219.8.79:0] script '/domains/thewalshgroup/about.php' not found or unable to stat
[Thu Feb 19 03:36:27.612133 2026] [php:error] [pid 18018] [client 20.219.8.79:0] script '/domains/thewalshgroup/admin.php' not found or unable to stat
[Thu Feb 19 03:36:28.094470 2026] [php:error] [pid 18018] [client 20.219.8.79:0] script '/domains/thewalshgroup/as.php' not found or unable to stat
[Thu Feb 19 03:36:28.628730 2026] [php:error] [pid 18018] [client 20.219.8.79:0] script '/domains/thewalshgroup/autoload_classmap.php' not found or unable to stat
[Thu Feb 19 03:36:29.047927 2026] [php:error] [pid 18018] [client 20.219.8.79:0] script '/domains/thewalshgroup/classwithtostring.php' not found or unable to stat
[Thu Feb 19 03:36:29.257616 2026] [php:error] [pid 18018] [client 20.219.8.79:0] script '/domains/thewalshgroup/content.php' not found or unable to stat
[Thu Feb 19 03:36:29.815784 2026] [php:error] [pid 18018] [client 20.219.8.79:0] script '/domains/thewalshgroup/doc.php' not found or unable to stat
[Thu Feb 19 03:36:30.355753 2026] [php:error] [pid 18018] [client 20.219.8.79:0] script '/domains/thewalshgroup/dropdown.php' not found or unable to stat
[Thu Feb 19 03:36:30.567523 2026] [php:error] [pid 18018] [client 20.219.8.79:0] script '/domains/thewalshgroup/ee.php' not found or unable to stat
[Thu Feb 19 03:36:30.774820 2026] [php:error] [pid 18018] [client 20.219.8.79:0] script '/domains/thewalshgroup/images/wp-login.php' not found or unable to stat
[Thu Feb 19 03:36:30.994063 2026] [php:error] [pid 18018] [client 20.219.8.79:0] script '/domains/thewalshgroup/moon.php' not found or unable to stat
[Thu Feb 19 03:36:31.474920 2026] [php:error] [pid 18033] [client 62.60.130.228:0] script '/domains/machinadynamica/wp-login.php' not found or unable to stat
[Thu Feb 19 03:36:31.514992 2026] [php:error] [pid 18018] [client 20.219.8.79:0] script '/domains/thewalshgroup/new.php' not found or unable to stat
[Thu Feb 19 03:36:31.695038 2026] [php:error] [pid 18002] [client 62.60.130.228:0] script '/domains/machinadynamica/wp-login.php' not found or unable to stat
[Thu Feb 19 03:36:31.726123 2026] [php:error] [pid 18018] [client 20.219.8.79:0] script '/domains/thewalshgroup/radio.php' not found or unable to stat
[Thu Feb 19 03:36:31.968943 2026] [php:error] [pid 18018] [client 20.219.8.79:0] script '/domains/thewalshgroup/s.php' not found or unable to stat
[Thu Feb 19 03:36:32.210786 2026] [php:error] [pid 18018] [client 20.219.8.79:0] script '/domains/thewalshgroup/sim.php' not found or unable to stat
[Thu Feb 19 03:36:32.457470 2026] [php:error] [pid 18018] [client 20.219.8.79:0] script '/domains/thewalshgroup/simple.php' not found or unable to stat
[Thu Feb 19 03:36:33.252704 2026] [php:error] [pid 18018] [client 20.219.8.79:0] script '/domains/thewalshgroup/user.php' not found or unable to stat
[Thu Feb 19 03:36:33.680699 2026] [php:error] [pid 18018] [client 20.219.8.79:0] script '/domains/thewalshgroup/webadmin.php' not found or unable to stat
[Thu Feb 19 03:36:35.901501 2026] [php:error] [pid 18018] [client 20.219.8.79:0] script '/domains/thewalshgroup/wp-config-sample.php' not found or unable to stat
[Thu Feb 19 03:36:36.143249 2026] [php:error] [pid 18018] [client 20.219.8.79:0] script '/domains/thewalshgroup/wp-configs.php' not found or unable to stat
[Thu Feb 19 03:36:36.637819 2026] [php:error] [pid 18018] [client 20.219.8.79:0] script '/domains/thewalshgroup/wp-conflg.php' not found or unable to stat
[Thu Feb 19 03:36:38.999895 2026] [php:error] [pid 18018] [client 20.219.8.79:0] script '/domains/thewalshgroup/wp-mail.php' not found or unable to stat
[Thu Feb 19 03:36:39.205936 2026] [php:error] [pid 18018] [client 20.219.8.79:0] script '/domains/thewalshgroup/wsa.php' not found or unable to stat
[Thu Feb 19 03:36:39.412794 2026] [php:error] [pid 18018] [client 20.219.8.79:0] script '/domains/thewalshgroup/xmlrpc.php' not found or unable to stat
[Thu Feb 19 03:36:39.765167 2026] [php:error] [pid 18018] [client 20.219.8.79:0] script '/domains/thewalshgroup/ab.php' not found or unable to stat
[Thu Feb 19 03:36:40.321196 2026] [php:error] [pid 18018] [client 20.219.8.79:0] script '/domains/thewalshgroup/classwithtostring.php' not found or unable to stat
[Thu Feb 19 03:36:40.527527 2026] [php:error] [pid 18018] [client 20.219.8.79:0] script '/domains/thewalshgroup/version.php' not found or unable to stat
[Thu Feb 19 03:36:40.733916 2026] [php:error] [pid 18018] [client 20.219.8.79:0] script '/domains/thewalshgroup/xxx.php' not found or unable to stat
[Thu Feb 19 03:36:42.049467 2026] [php:error] [pid 18018] [client 20.219.8.79:0] script '/domains/thewalshgroup/1.php' not found or unable to stat
[Thu Feb 19 03:36:42.267006 2026] [php:error] [pid 18018] [client 20.219.8.79:0] script '/domains/thewalshgroup/themes.php' not found or unable to stat
[Thu Feb 19 03:36:43.395306 2026] [php:error] [pid 18018] [client 20.219.8.79:0] script '/domains/thewalshgroup/b0.php' not found or unable to stat
[Thu Feb 19 03:36:43.855353 2026] [php:error] [pid 18018] [client 20.219.8.79:0] script '/domains/thewalshgroup/bala.php' not found or unable to stat
[Thu Feb 19 03:36:45.457489 2026] [php:error] [pid 18018] [client 20.219.8.79:0] script '/domains/thewalshgroup/xl2023.php.php' not found or unable to stat
[Thu Feb 19 03:36:47.264799 2026] [php:error] [pid 18018] [client 20.219.8.79:0] script '/domains/thewalshgroup/120f9.php' not found or unable to stat
[Thu Feb 19 03:36:47.474010 2026] [php:error] [pid 18018] [client 20.219.8.79:0] script '/domains/thewalshgroup/504.php' not found or unable to stat
[Thu Feb 19 03:36:47.838536 2026] [php:error] [pid 18018] [client 20.219.8.79:0] script '/domains/thewalshgroup/about.php' not found or unable to stat
[Thu Feb 19 03:36:48.049827 2026] [php:error] [pid 18018] [client 20.219.8.79:0] script '/domains/thewalshgroup/back.php' not found or unable to stat
[Thu Feb 19 03:36:48.278305 2026] [php:error] [pid 18018] [client 20.219.8.79:0] script '/domains/thewalshgroup/cong.php' not found or unable to stat
[Thu Feb 19 03:36:48.489772 2026] [php:error] [pid 18018] [client 20.219.8.79:0] script '/domains/thewalshgroup/credits.php' not found or unable to stat
[Thu Feb 19 03:36:48.696512 2026] [php:error] [pid 18018] [client 20.219.8.79:0] script '/domains/thewalshgroup/credits.php' not found or unable to stat
[Thu Feb 19 03:36:49.254999 2026] [php:error] [pid 18018] [client 20.219.8.79:0] script '/domains/thewalshgroup/data.php' not found or unable to stat
[Thu Feb 19 03:36:49.461437 2026] [php:error] [pid 18018] [client 20.219.8.79:0] script '/domains/thewalshgroup/function.php' not found or unable to stat
[Thu Feb 19 03:36:50.111579 2026] [php:error] [pid 18018] [client 20.219.8.79:0] script '/domains/thewalshgroup/goods.php' not found or unable to stat
[Thu Feb 19 03:36:50.315847 2026] [php:error] [pid 18018] [client 20.219.8.79:0] script '/domains/thewalshgroup/gzak2w.php' not found or unable to stat
[Thu Feb 19 03:36:50.771282 2026] [php:error] [pid 18018] [client 20.219.8.79:0] script '/domains/thewalshgroup/hehehehe.php' not found or unable to stat
[Thu Feb 19 03:36:51.393670 2026] [php:error] [pid 18018] [client 20.219.8.79:0] script '/domains/thewalshgroup/install.php' not found or unable to stat
[Thu Feb 19 03:36:52.192190 2026] [php:error] [pid 18018] [client 20.219.8.79:0] script '/domains/thewalshgroup/ova.php' not found or unable to stat
[Thu Feb 19 03:36:57.134235 2026] [core:crit] [pid 18018] (13)Permission denied: [client 216.244.66.247:0] AH00529: /domains/performancepartsinc/graphics/psd/.htaccess pcfg_openfile: unable to check htaccess file, ensure it is readable and that '/domains/performancepartsinc/graphics/psd/' is executable
[Thu Feb 19 03:36:57.840006 2026] [php:error] [pid 18033] [client 185.193.157.187:0] script '/domains/hpveweb/xmlrpc.php' not found or unable to stat
[Thu Feb 19 03:36:59.973878 2026] [php:error] [pid 18034] [client 20.219.8.79:0] script '/domains/thewalshgroup/wp.php' not found or unable to stat
[Thu Feb 19 03:37:01.648871 2026] [php:error] [pid 18039] [client 138.199.35.5:0] script '/domains/hand-hammerweb/xmlrpc.php' not found or unable to stat
[Thu Feb 19 03:37:42.647843 2026] [php:error] [pid 18054] [client 35.247.243.251:0] script '/domains/hdickens.enteract/adminer-5.3.0-mysql.php' not found or unable to stat
[Thu Feb 19 03:38:02.365329 2026] [php:error] [pid 18052] [client 34.96.162.63:0] script '/domains/hdickens.enteract/DB.php' not found or unable to stat
[Thu Feb 19 03:38:14.564316 2026] [php:error] [pid 18053] [client 145.239.10.137:0] script '/domains/agribiz/n.php' not found or unable to stat, referer: http://agribusinesscouncil.org/n.php
[Thu Feb 19 03:38:18.263534 2026] [php:error] [pid 18061] [client 35.247.243.254:0] script '/domains/hdickens.enteract/adminer-4.1.0.php' not found or unable to stat
[Thu Feb 19 03:38:34.319832 2026] [php:error] [pid 18055] [client 34.96.162.50:0] script '/domains/hdickens.enteract/adminer-5.2.0-mysql-en.php' not found or unable to stat
[Thu Feb 19 03:38:57.710784 2026] [php:error] [pid 18053] [client 34.96.162.61:0] script '/domains/hdickens.enteract/adminer-5.4.0-mysql.php' not found or unable to stat
[Thu Feb 19 03:39:01.849528 2026] [php:error] [pid 18053] [client 35.247.243.254:0] script '/domains/hdickens.enteract/adminer-4.2.5.php' not found or unable to stat
[Thu Feb 19 03:39:05.936282 2026] [php:error] [pid 18064] [client 34.96.162.56:0] script '/domains/hdickens.enteract/phpminiadmin.php' not found or unable to stat
[Thu Feb 19 03:39:20.454502 2026] [php:error] [pid 18066] [client 34.96.162.53:0] script '/domains/hdickens.enteract/adminer-5.1.1-en.php' not found or unable to stat
[Thu Feb 19 03:39:23.767044 2026] [php:error] [pid 18066] [client 35.247.243.255:0] script '/domains/hdickens.enteract/adminer-5.0.3.php' not found or unable to stat
[Thu Feb 19 03:39:45.810392 2026] [php:error] [pid 18053] [client 20.98.96.127:0] script '/domains/agribiz/edit.php' not found or unable to stat
[Thu Feb 19 03:39:47.633050 2026] [php:error] [pid 18071] [client 20.98.96.127:0] script '/domains/agribiz/wso112233.php' not found or unable to stat
[Thu Feb 19 03:39:47.761254 2026] [php:error] [pid 18066] [client 20.98.96.127:0] script '/domains/agribiz/xleet-shell.php' not found or unable to stat
[Thu Feb 19 03:40:01.697014 2026] [php:error] [pid 18071] [client 74.248.96.218:0] script '/domains/kandg-pc/byp8.php' not found or unable to stat
[Thu Feb 19 03:40:06.839525 2026] [php:error] [pid 18079] [client 34.96.162.58:0] script '/domains/hdickens.enteract/adminer-5.0.1-mysql-en.php' not found or unable to stat
[Thu Feb 19 03:40:13.109613 2026] [php:error] [pid 18081] [client 34.96.162.57:0] script '/domains/hdickens.enteract/adminer-4.7.7.php' not found or unable to stat
[Thu Feb 19 03:40:16.852981 2026] [php:error] [pid 18064] [client 95.134.63.161:0] script '/domains/covertcomic/wp-login.php' not found or unable to stat
[Thu Feb 19 03:40:30.121820 2026] [php:error] [pid 18064] [client 35.247.243.241:0] script '/domains/hdickens.enteract/adminer-5.2.1-en.php' not found or unable to stat
[Thu Feb 19 03:40:33.285254 2026] [php:error] [pid 18066] [client 35.247.243.240:0] script '/domains/hdickens.enteract/adminer-5.0.5.php' not found or unable to stat
[Thu Feb 19 03:40:47.183995 2026] [php:error] [pid 18081] [client 34.96.162.59:0] script '/domains/hdickens.enteract/adminer-5.0.3-mysql.php' not found or unable to stat
[Thu Feb 19 03:40:52.052823 2026] [php:error] [pid 18089] [client 35.247.243.246:0] script '/domains/hdickens.enteract/adminer-5.3.0.php' not found or unable to stat
[Thu Feb 19 03:40:53.785260 2026] [php:error] [pid 18085] [client 34.96.162.58:0] script '/domains/hdickens.enteract/adminer-4.2.1.php' not found or unable to stat
[Thu Feb 19 03:41:06.287750 2026] [php:error] [pid 18064] [client 34.96.162.55:0] script '/domains/hdickens.enteract/adminer-4.8.1.php' not found or unable to stat
[Thu Feb 19 03:41:06.841067 2026] [php:error] [pid 18089] [client 34.96.162.51:0] script '/domains/hdickens.enteract/adminer-5.0.5-en.php' not found or unable to stat
[Thu Feb 19 03:41:26.401888 2026] [php:error] [pid 18091] [client 20.53.240.38:0] script '/domains/system_default/wp-2019.php' not found or unable to stat
[Thu Feb 19 03:41:26.705498 2026] [php:error] [pid 18091] [client 20.53.240.38:0] script '/domains/system_default/403.php' not found or unable to stat
[Thu Feb 19 03:41:26.802852 2026] [php:error] [pid 18093] [client 34.96.162.56:0] script '/domains/hdickens.enteract/adminer-4.3.0.php' not found or unable to stat
[Thu Feb 19 03:41:26.925689 2026] [php:error] [pid 18091] [client 20.53.240.38:0] script '/domains/system_default/aaa.php' not found or unable to stat
[Thu Feb 19 03:41:27.919563 2026] [php:error] [pid 18091] [client 20.53.240.38:0] script '/domains/system_default/y.php' not found or unable to stat
[Thu Feb 19 03:41:28.341432 2026] [php:error] [pid 18091] [client 20.53.240.38:0] script '/domains/system_default/ggfi.php' not found or unable to stat
[Thu Feb 19 03:41:29.046136 2026] [php:error] [pid 18091] [client 20.53.240.38:0] script '/domains/system_default/buy.php' not found or unable to stat
[Thu Feb 19 03:41:29.246989 2026] [php:error] [pid 18091] [client 20.53.240.38:0] script '/domains/system_default/chosen.php' not found or unable to stat
[Thu Feb 19 03:41:29.447568 2026] [php:error] [pid 18091] [client 20.53.240.38:0] script '/domains/system_default/index.php' not found or unable to stat
[Thu Feb 19 03:41:29.658046 2026] [php:error] [pid 18091] [client 20.53.240.38:0] script '/domains/system_default/cron.php' not found or unable to stat
[Thu Feb 19 03:41:29.878065 2026] [php:error] [pid 18091] [client 20.53.240.38:0] script '/domains/system_default/functions.php' not found or unable to stat
[Thu Feb 19 03:41:30.880728 2026] [php:error] [pid 18091] [client 20.53.240.38:0] script '/domains/system_default/wp-add.php' not found or unable to stat
[Thu Feb 19 03:41:31.081954 2026] [php:error] [pid 18091] [client 20.53.240.38:0] script '/domains/system_default/0.php' not found or unable to stat
[Thu Feb 19 03:41:31.302044 2026] [php:error] [pid 18091] [client 20.53.240.38:0] script '/domains/system_default/edit.php' not found or unable to stat
[Thu Feb 19 03:41:31.633050 2026] [php:error] [pid 18091] [client 20.53.240.38:0] script '/domains/system_default/meta.php' not found or unable to stat
[Thu Feb 19 03:41:31.935987 2026] [php:error] [pid 18091] [client 20.53.240.38:0] script '/domains/system_default/new.php' not found or unable to stat
[Thu Feb 19 03:41:32.471280 2026] [php:error] [pid 18091] [client 20.53.240.38:0] script '/domains/system_default/as.php' not found or unable to stat
[Thu Feb 19 03:41:32.734608 2026] [php:error] [pid 18091] [client 20.53.240.38:0] script '/domains/system_default/ds.php' not found or unable to stat
[Thu Feb 19 03:41:33.059724 2026] [php:error] [pid 18091] [client 20.53.240.38:0] script '/domains/system_default/error.php' not found or unable to stat
[Thu Feb 19 03:41:33.261518 2026] [php:error] [pid 18091] [client 20.53.240.38:0] script '/domains/system_default/gecko-new.php' not found or unable to stat
[Thu Feb 19 03:41:33.470320 2026] [php:error] [pid 18091] [client 20.53.240.38:0] script '/domains/system_default/randkeyword.php' not found or unable to stat
[Thu Feb 19 03:41:34.175716 2026] [php:error] [pid 18091] [client 20.53.240.38:0] script '/domains/system_default/NewFile.php' not found or unable to stat
[Thu Feb 19 03:41:34.378311 2026] [php:error] [pid 18091] [client 20.53.240.38:0] script '/domains/system_default/goods.php' not found or unable to stat
[Thu Feb 19 03:41:34.576137 2026] [php:error] [pid 18091] [client 20.53.240.38:0] script '/domains/system_default/simple.php' not found or unable to stat
[Thu Feb 19 03:41:35.390582 2026] [php:error] [pid 18091] [client 20.53.240.38:0] script '/domains/system_default/c.php' not found or unable to stat
[Thu Feb 19 03:41:36.209973 2026] [php:error] [pid 18091] [client 20.53.240.38:0] script '/domains/system_default/auth.php' not found or unable to stat
[Thu Feb 19 03:41:36.468623 2026] [php:error] [pid 18091] [client 20.53.240.38:0] script '/domains/system_default/class-wp-lock.php' not found or unable to stat
[Thu Feb 19 03:41:36.670367 2026] [php:error] [pid 18091] [client 20.53.240.38:0] script '/domains/system_default/cookie.php' not found or unable to stat
[Thu Feb 19 03:41:36.801642 2026] [php:error] [pid 18085] [client 35.247.243.247:0] script '/domains/hdickens.enteract/adminer-5.0.6.php' not found or unable to stat
[Thu Feb 19 03:41:36.953602 2026] [php:error] [pid 18091] [client 20.53.240.38:0] script '/domains/system_default/admin.php' not found or unable to stat
[Thu Feb 19 03:41:37.154228 2026] [php:error] [pid 18091] [client 20.53.240.38:0] script '/domains/system_default/baxa1.php' not found or unable to stat
[Thu Feb 19 03:41:37.803268 2026] [php:error] [pid 18091] [client 20.53.240.38:0] script '/domains/system_default/xleet.php' not found or unable to stat
[Thu Feb 19 03:41:38.372051 2026] [php:error] [pid 18091] [client 20.53.240.38:0] script '/domains/system_default/about.php' not found or unable to stat
[Thu Feb 19 03:41:39.901259 2026] [php:error] [pid 18091] [client 20.53.240.38:0] script '/domains/system_default/alfanew.php' not found or unable to stat
[Thu Feb 19 03:41:40.514114 2026] [php:error] [pid 18091] [client 20.53.240.38:0] script '/domains/system_default/22.php' not found or unable to stat
[Thu Feb 19 03:41:41.196103 2026] [php:error] [pid 18091] [client 20.53.240.38:0] script '/domains/system_default/simple.php' not found or unable to stat
[Thu Feb 19 03:41:41.675710 2026] [php:error] [pid 18091] [client 20.53.240.38:0] script '/domains/system_default/admin.php' not found or unable to stat
[Thu Feb 19 03:41:41.883744 2026] [php:error] [pid 18091] [client 20.53.240.38:0] script '/domains/system_default/c99.php' not found or unable to stat
[Thu Feb 19 03:41:42.082545 2026] [php:error] [pid 18091] [client 20.53.240.38:0] script '/domains/system_default/file.php' not found or unable to stat
[Thu Feb 19 03:41:42.419312 2026] [php:error] [pid 18091] [client 20.53.240.38:0] script '/domains/system_default/b.php' not found or unable to stat
[Thu Feb 19 03:41:42.720840 2026] [php:error] [pid 18091] [client 20.53.240.38:0] script '/domains/system_default/classwithtostring.php' not found or unable to stat
[Thu Feb 19 03:41:42.928186 2026] [php:error] [pid 18091] [client 20.53.240.38:0] script '/domains/system_default/css.php' not found or unable to stat
[Thu Feb 19 03:41:43.130206 2026] [php:error] [pid 18091] [client 20.53.240.38:0] script '/domains/system_default/flower.php' not found or unable to stat
[Thu Feb 19 03:41:43.801447 2026] [php:error] [pid 18091] [client 20.53.240.38:0] script '/domains/system_default/jp.php' not found or unable to stat
[Thu Feb 19 03:41:44.235270 2026] [php:error] [pid 18091] [client 20.53.240.38:0] script '/domains/system_default/room.php' not found or unable to stat
[Thu Feb 19 03:41:45.116271 2026] [php:error] [pid 18091] [client 20.53.240.38:0] script '/domains/system_default/12.php' not found or unable to stat
[Thu Feb 19 03:41:45.369199 2026] [php:error] [pid 18091] [client 20.53.240.38:0] script '/domains/system_default/404.php' not found or unable to stat
[Thu Feb 19 03:41:45.569529 2026] [php:error] [pid 18091] [client 20.53.240.38:0] script '/domains/system_default/disagreed.php' not found or unable to stat
[Thu Feb 19 03:41:46.049330 2026] [php:error] [pid 18091] [client 20.53.240.38:0] script '/domains/system_default/text.php' not found or unable to stat
[Thu Feb 19 03:41:47.208446 2026] [php:error] [pid 18090] [client 35.247.243.252:0] script '/domains/hdickens.enteract/DB.php' not found or unable to stat
[Thu Feb 19 03:41:48.309007 2026] [php:error] [pid 18091] [client 20.53.240.38:0] script '/domains/system_default/GOD.php' not found or unable to stat
[Thu Feb 19 03:41:48.712664 2026] [php:error] [pid 18091] [client 20.53.240.38:0] script '/domains/system_default/alfa-rex.php' not found or unable to stat
[Thu Feb 19 03:41:48.920268 2026] [php:error] [pid 18091] [client 20.53.240.38:0] script '/domains/system_default/f35.php' not found or unable to stat
[Thu Feb 19 03:41:49.178526 2026] [php:error] [pid 18091] [client 20.53.240.38:0] script '/domains/system_default/feeds.php' not found or unable to stat
[Thu Feb 19 03:41:49.585774 2026] [php:error] [pid 18091] [client 20.53.240.38:0] script '/domains/system_default/favicon.php' not found or unable to stat
[Thu Feb 19 03:41:50.007586 2026] [php:error] [pid 18091] [client 20.53.240.38:0] script '/domains/system_default/hehe.php' not found or unable to stat
[Thu Feb 19 03:41:51.019265 2026] [php:error] [pid 18091] [client 20.53.240.38:0] script '/domains/system_default/user.php' not found or unable to stat
[Thu Feb 19 03:41:51.795881 2026] [php:error] [pid 18094] [client 20.53.240.38:0] script '/domains/system_default/autoload_classmap.php' not found or unable to stat
[Thu Feb 19 03:41:52.003998 2026] [php:error] [pid 18094] [client 20.53.240.38:0] script '/domains/system_default/files.php' not found or unable to stat
[Thu Feb 19 03:41:52.778345 2026] [php:error] [pid 18094] [client 20.53.240.38:0] script '/domains/system_default/about.php' not found or unable to stat
[Thu Feb 19 03:41:52.986688 2026] [php:error] [pid 18094] [client 20.53.240.38:0] script '/domains/system_default/al.php' not found or unable to stat
[Thu Feb 19 03:41:53.221272 2026] [php:error] [pid 18094] [client 20.53.240.38:0] script '/domains/system_default/byp.php' not found or unable to stat
[Thu Feb 19 03:41:53.838803 2026] [php:error] [pid 18094] [client 20.53.240.38:0] script '/domains/system_default/wander.php' not found or unable to stat
[Thu Feb 19 03:41:54.817763 2026] [php:error] [pid 18094] [client 20.53.240.38:0] script '/domains/system_default/en.php' not found or unable to stat
[Thu Feb 19 03:41:55.079196 2026] [php:error] [pid 18094] [client 20.53.240.38:0] script '/domains/system_default/help.php' not found or unable to stat
[Thu Feb 19 03:41:56.101393 2026] [php:error] [pid 18094] [client 20.53.240.38:0] script '/domains/system_default/control.php' not found or unable to stat
[Thu Feb 19 03:41:56.399448 2026] [php:error] [pid 18100] [client 20.46.124.66:0] script '/domains/pauljbrock/new4.php' not found or unable to stat
[Thu Feb 19 03:41:56.579164 2026] [php:error] [pid 18100] [client 20.46.124.66:0] script '/domains/pauljbrock/sc.php' not found or unable to stat
[Thu Feb 19 03:41:56.785800 2026] [php:error] [pid 18100] [client 20.46.124.66:0] script '/domains/pauljbrock/pouhg.php' not found or unable to stat
[Thu Feb 19 03:41:56.869261 2026] [php:error] [pid 18094] [client 20.53.240.38:0] script '/domains/system_default/radio.php' not found or unable to stat
[Thu Feb 19 03:41:57.005576 2026] [php:error] [pid 18100] [client 20.46.124.66:0] script '/domains/pauljbrock/vgtyu.php' not found or unable to stat
[Thu Feb 19 03:41:57.075562 2026] [php:error] [pid 18094] [client 20.53.240.38:0] script '/domains/system_default/dropdown.php' not found or unable to stat
[Thu Feb 19 03:41:57.165370 2026] [php:error] [pid 18100] [client 20.46.124.66:0] script '/domains/pauljbrock/aq.php' not found or unable to stat
[Thu Feb 19 03:41:57.403910 2026] [php:error] [pid 18100] [client 20.46.124.66:0] script '/domains/pauljbrock/opts.php' not found or unable to stat
[Thu Feb 19 03:41:57.566073 2026] [php:error] [pid 18100] [client 20.46.124.66:0] script '/domains/pauljbrock/x123.php' not found or unable to stat
[Thu Feb 19 03:41:57.725991 2026] [php:error] [pid 18100] [client 20.46.124.66:0] script '/domains/pauljbrock/wp-act.php' not found or unable to stat
[Thu Feb 19 03:41:57.889508 2026] [php:error] [pid 18100] [client 20.46.124.66:0] script '/domains/pauljbrock/moshou.php' not found or unable to stat
[Thu Feb 19 03:41:57.967879 2026] [php:error] [pid 18094] [client 20.53.240.38:0] script '/domains/system_default/wp-2019.php' not found or unable to stat
[Thu Feb 19 03:41:58.050586 2026] [php:error] [pid 18100] [client 20.46.124.66:0] script '/domains/pauljbrock/seetox.php' not found or unable to stat
[Thu Feb 19 03:41:58.228874 2026] [php:error] [pid 18100] [client 20.46.124.66:0] script '/domains/pauljbrock/dom.php' not found or unable to stat
[Thu Feb 19 03:41:58.738343 2026] [php:error] [pid 18094] [client 20.53.240.38:0] script '/domains/system_default/403.php' not found or unable to stat
[Thu Feb 19 03:41:58.889735 2026] [php:error] [pid 18100] [client 20.46.124.66:0] script '/domains/pauljbrock/samiri.php' not found or unable to stat
[Thu Feb 19 03:41:58.941163 2026] [php:error] [pid 18094] [client 20.53.240.38:0] script '/domains/system_default/about.php' not found or unable to stat
[Thu Feb 19 03:41:59.062500 2026] [php:error] [pid 18100] [client 20.46.124.66:0] script '/domains/pauljbrock/plugins.php' not found or unable to stat
[Thu Feb 19 03:41:59.237063 2026] [php:error] [pid 18100] [client 20.46.124.66:0] script '/domains/pauljbrock/xoot.php' not found or unable to stat
[Thu Feb 19 03:41:59.351704 2026] [php:error] [pid 18094] [client 20.53.240.38:0] script '/domains/system_default/admin.php' not found or unable to stat
[Thu Feb 19 03:41:59.562648 2026] [php:error] [pid 18100] [client 20.46.124.66:0] script '/domains/pauljbrock/X57.php' not found or unable to stat
[Thu Feb 19 03:41:59.722990 2026] [php:error] [pid 18094] [client 20.53.240.38:0] script '/domains/system_default/as.php' not found or unable to stat
[Thu Feb 19 03:41:59.740910 2026] [php:error] [pid 18100] [client 20.46.124.66:0] script '/domains/pauljbrock/vx.php' not found or unable to stat
[Thu Feb 19 03:41:59.927030 2026] [php:error] [pid 18094] [client 20.53.240.38:0] script '/domains/system_default/autoload_classmap.php' not found or unable to stat
[Thu Feb 19 03:42:00.100440 2026] [php:error] [pid 18100] [client 20.46.124.66:0] script '/domains/pauljbrock/file59.php' not found or unable to stat
[Thu Feb 19 03:42:00.258327 2026] [php:error] [pid 18094] [client 20.53.240.38:0] script '/domains/system_default/classwithtostring.php' not found or unable to stat
[Thu Feb 19 03:42:00.462602 2026] [php:error] [pid 18094] [client 20.53.240.38:0] script '/domains/system_default/content.php' not found or unable to stat
[Thu Feb 19 03:42:00.535454 2026] [php:error] [pid 18100] [client 20.46.124.66:0] script '/domains/pauljbrock/shas.php' not found or unable to stat
[Thu Feb 19 03:42:00.695460 2026] [php:error] [pid 18100] [client 20.46.124.66:0] script '/domains/pauljbrock/xa.php' not found or unable to stat
[Thu Feb 19 03:42:00.847288 2026] [php:error] [pid 18094] [client 20.53.240.38:0] script '/domains/system_default/doc.php' not found or unable to stat
[Thu Feb 19 03:42:00.910673 2026] [php:error] [pid 18100] [client 20.46.124.66:0] script '/domains/pauljbrock/xda.php' not found or unable to stat
[Thu Feb 19 03:42:01.060042 2026] [php:error] [pid 18094] [client 20.53.240.38:0] script '/domains/system_default/dropdown.php' not found or unable to stat
[Thu Feb 19 03:42:01.211987 2026] [php:error] [pid 18100] [client 20.46.124.66:0] script '/domains/pauljbrock/er.php' not found or unable to stat
[Thu Feb 19 03:42:01.286258 2026] [php:error] [pid 18094] [client 20.53.240.38:0] script '/domains/system_default/ee.php' not found or unable to stat
[Thu Feb 19 03:42:01.371532 2026] [php:error] [pid 18100] [client 20.46.124.66:0] script '/domains/pauljbrock/fault.php' not found or unable to stat
[Thu Feb 19 03:42:01.550520 2026] [php:error] [pid 18100] [client 20.46.124.66:0] script '/domains/pauljbrock/motu.php' not found or unable to stat
[Thu Feb 19 03:42:01.710338 2026] [php:error] [pid 18100] [client 20.46.124.66:0] script '/domains/pauljbrock/66.php' not found or unable to stat
[Thu Feb 19 03:42:01.872748 2026] [php:error] [pid 18100] [client 20.46.124.66:0] script '/domains/pauljbrock/leuk.php' not found or unable to stat
[Thu Feb 19 03:42:01.895499 2026] [php:error] [pid 18094] [client 20.53.240.38:0] script '/domains/system_default/moon.php' not found or unable to stat
[Thu Feb 19 03:42:02.034391 2026] [php:error] [pid 18100] [client 20.46.124.66:0] script '/domains/pauljbrock/xqq.php' not found or unable to stat
[Thu Feb 19 03:42:02.100865 2026] [php:error] [pid 18094] [client 20.53.240.38:0] script '/domains/system_default/new.php' not found or unable to stat
[Thu Feb 19 03:42:02.194280 2026] [php:error] [pid 18100] [client 20.46.124.66:0] script '/domains/pauljbrock/kolda.php' not found or unable to stat
[Thu Feb 19 03:42:02.443976 2026] [php:error] [pid 18100] [client 20.46.124.66:0] script '/domains/pauljbrock/nw.php' not found or unable to stat
[Thu Feb 19 03:42:02.457283 2026] [php:error] [pid 18094] [client 20.53.240.38:0] script '/domains/system_default/radio.php' not found or unable to stat
[Thu Feb 19 03:42:02.618893 2026] [php:error] [pid 18100] [client 20.46.124.66:0] script '/domains/pauljbrock/god.php' not found or unable to stat
[Thu Feb 19 03:42:02.661543 2026] [php:error] [pid 18094] [client 20.53.240.38:0] script '/domains/system_default/s.php' not found or unable to stat
[Thu Feb 19 03:42:02.779905 2026] [php:error] [pid 18100] [client 20.46.124.66:0] script '/domains/pauljbrock/666.php' not found or unable to stat
[Thu Feb 19 03:42:02.870377 2026] [php:error] [pid 18094] [client 20.53.240.38:0] script '/domains/system_default/sim.php' not found or unable to stat
[Thu Feb 19 03:42:02.946152 2026] [php:error] [pid 18100] [client 20.46.124.66:0] script '/domains/pauljbrock/kj.php' not found or unable to stat
[Thu Feb 19 03:42:03.106758 2026] [php:error] [pid 18100] [client 20.46.124.66:0] script '/domains/pauljbrock/un.php' not found or unable to stat
[Thu Feb 19 03:42:03.143275 2026] [php:error] [pid 18094] [client 20.53.240.38:0] script '/domains/system_default/simple.php' not found or unable to stat
[Thu Feb 19 03:42:03.289714 2026] [php:error] [pid 18100] [client 20.46.124.66:0] script '/domains/pauljbrock/fs.php' not found or unable to stat
[Thu Feb 19 03:42:03.451273 2026] [php:error] [pid 18100] [client 20.46.124.66:0] script '/domains/pauljbrock/ms.php' not found or unable to stat
[Thu Feb 19 03:42:03.579180 2026] [php:error] [pid 18094] [client 20.53.240.38:0] script '/domains/system_default/user.php' not found or unable to stat
[Thu Feb 19 03:42:03.655970 2026] [php:error] [pid 18100] [client 20.46.124.66:0] script '/domains/pauljbrock/login8.php' not found or unable to stat
[Thu Feb 19 03:42:03.793189 2026] [php:error] [pid 18094] [client 20.53.240.38:0] script '/domains/system_default/webadmin.php' not found or unable to stat
[Thu Feb 19 03:42:03.846321 2026] [php:error] [pid 18100] [client 20.46.124.66:0] script '/domains/pauljbrock/nnyvn.php' not found or unable to stat
[Thu Feb 19 03:42:04.006063 2026] [php:error] [pid 18100] [client 20.46.124.66:0] script '/domains/pauljbrock/cu.php' not found or unable to stat
[Thu Feb 19 03:42:04.202047 2026] [php:error] [pid 18100] [client 20.46.124.66:0] script '/domains/pauljbrock/lul.php' not found or unable to stat
[Thu Feb 19 03:42:04.377605 2026] [php:error] [pid 18100] [client 20.46.124.66:0] script '/domains/pauljbrock/0.php' not found or unable to stat
[Thu Feb 19 03:42:04.537483 2026] [php:error] [pid 18100] [client 20.46.124.66:0] script '/domains/pauljbrock/ms-edit.php' not found or unable to stat
[Thu Feb 19 03:42:04.697398 2026] [php:error] [pid 18100] [client 20.46.124.66:0] script '/domains/pauljbrock/ya.php' not found or unable to stat
[Thu Feb 19 03:42:04.857189 2026] [php:error] [pid 18100] [client 20.46.124.66:0] script '/domains/pauljbrock/grsiuk.php' not found or unable to stat
[Thu Feb 19 03:42:05.025168 2026] [php:error] [pid 18100] [client 20.46.124.66:0] script '/domains/pauljbrock/wp-blog.php' not found or unable to stat
[Thu Feb 19 03:42:05.334796 2026] [php:error] [pid 18100] [client 20.46.124.66:0] script '/domains/pauljbrock/wp-access.php' not found or unable to stat
[Thu Feb 19 03:42:05.513723 2026] [php:error] [pid 18100] [client 20.46.124.66:0] script '/domains/pauljbrock/a1vx.php' not found or unable to stat
[Thu Feb 19 03:42:05.692370 2026] [php:error] [pid 18100] [client 20.46.124.66:0] script '/domains/pauljbrock/sbhu.php' not found or unable to stat
[Thu Feb 19 03:42:05.790231 2026] [php:error] [pid 18094] [client 20.53.240.38:0] script '/domains/system_default/wp-config-sample.php' not found or unable to stat
[Thu Feb 19 03:42:05.870325 2026] [php:error] [pid 18100] [client 20.46.124.66:0] script '/domains/pauljbrock/wp-the.php' not found or unable to stat
[Thu Feb 19 03:42:05.995507 2026] [php:error] [pid 18094] [client 20.53.240.38:0] script '/domains/system_default/wp-configs.php' not found or unable to stat
[Thu Feb 19 03:42:06.029905 2026] [php:error] [pid 18100] [client 20.46.124.66:0] script '/domains/pauljbrock/06.php' not found or unable to stat
[Thu Feb 19 03:42:06.189644 2026] [php:error] [pid 18100] [client 20.46.124.66:0] script '/domains/pauljbrock/wp5.php' not found or unable to stat
[Thu Feb 19 03:42:06.347723 2026] [php:error] [pid 18094] [client 20.53.240.38:0] script '/domains/system_default/wp-conflg.php' not found or unable to stat
[Thu Feb 19 03:42:06.471903 2026] [php:error] [pid 18100] [client 20.46.124.66:0] script '/domains/pauljbrock/fot.php' not found or unable to stat
[Thu Feb 19 03:42:06.639384 2026] [php:error] [pid 18100] [client 20.46.124.66:0] script '/domains/pauljbrock/ff1.php' not found or unable to stat
[Thu Feb 19 03:42:06.826948 2026] [php:error] [pid 18100] [client 20.46.124.66:0] script '/domains/pauljbrock/forbidals.php' not found or unable to stat
[Thu Feb 19 03:42:06.986354 2026] [php:error] [pid 18100] [client 20.46.124.66:0] script '/domains/pauljbrock/erty.php' not found or unable to stat
[Thu Feb 19 03:42:07.148913 2026] [php:error] [pid 18100] [client 20.46.124.66:0] script '/domains/pauljbrock/dev1s.php' not found or unable to stat
[Thu Feb 19 03:42:07.310630 2026] [php:error] [pid 18100] [client 20.46.124.66:0] script '/domains/pauljbrock/ffd.php' not found or unable to stat
[Thu Feb 19 03:42:07.470196 2026] [php:error] [pid 18100] [client 20.46.124.66:0] script '/domains/pauljbrock/admiin.php' not found or unable to stat
[Thu Feb 19 03:42:07.683051 2026] [php:error] [pid 18100] [client 20.46.124.66:0] script '/domains/pauljbrock/ol.php' not found or unable to stat
[Thu Feb 19 03:42:07.842783 2026] [php:error] [pid 18100] [client 20.46.124.66:0] script '/domains/pauljbrock/Sanskrit.php' not found or unable to stat
[Thu Feb 19 03:42:07.884984 2026] [php:error] [pid 18094] [client 20.53.240.38:0] script '/domains/system_default/wp-mail.php' not found or unable to stat
[Thu Feb 19 03:42:08.052658 2026] [php:error] [pid 18100] [client 20.46.124.66:0] script '/domains/pauljbrock/vxrl.php' not found or unable to stat
[Thu Feb 19 03:42:08.089943 2026] [php:error] [pid 18094] [client 20.53.240.38:0] script '/domains/system_default/wsa.php' not found or unable to stat
[Thu Feb 19 03:42:08.271910 2026] [php:error] [pid 18100] [client 20.46.124.66:0] script '/domains/pauljbrock/re.php' not found or unable to stat
[Thu Feb 19 03:42:08.447208 2026] [php:error] [pid 18094] [client 20.53.240.38:0] script '/domains/system_default/xmlrpc.php' not found or unable to stat
[Thu Feb 19 03:42:08.456443 2026] [php:error] [pid 18100] [client 20.46.124.66:0] script '/domains/pauljbrock/num.php' not found or unable to stat
[Thu Feb 19 03:42:08.816771 2026] [php:error] [pid 18100] [client 20.46.124.66:0] script '/domains/pauljbrock/axx.php' not found or unable to stat
[Thu Feb 19 03:42:08.853767 2026] [php:error] [pid 18094] [client 20.53.240.38:0] script '/domains/system_default/ab.php' not found or unable to stat
[Thu Feb 19 03:42:08.985206 2026] [php:error] [pid 18100] [client 20.46.124.66:0] script '/domains/pauljbrock/vxrl.php' not found or unable to stat
[Thu Feb 19 03:42:09.082471 2026] [php:error] [pid 18094] [client 20.53.240.38:0] script '/domains/system_default/classwithtostring.php' not found or unable to stat
[Thu Feb 19 03:42:09.145154 2026] [php:error] [pid 18100] [client 20.46.124.66:0] script '/domains/pauljbrock/in.php' not found or unable to stat
[Thu Feb 19 03:42:09.289858 2026] [php:error] [pid 18094] [client 20.53.240.38:0] script '/domains/system_default/version.php' not found or unable to stat
