[Thu Feb 19 02:49:08.874868 2026] [php:error] [pid 16905] [client 35.247.243.246:0] script '/domains/hdickens.enteract/adminer-5.0.6-mysql.php' not found or unable to stat
[Thu Feb 19 02:49:23.480187 2026] [php:error] [pid 16906] [client 35.247.243.250:0] script '/domains/pauljbrock/adminer-5.4.1-en.php' not found or unable to stat
[Thu Feb 19 02:49:26.313840 2026] [php:error] [pid 16876] [client 141.98.11.189:0] script '/domains/thuebner/wp-login.php' not found or unable to stat
[Thu Feb 19 02:49:26.537148 2026] [php:error] [pid 16892] [client 141.98.11.189:0] script '/domains/thuebner/wp-login.php' not found or unable to stat, referer: https://www.facebook.com/
[Thu Feb 19 02:49:29.860374 2026] [php:error] [pid 16905] [client 34.96.162.51:0] script '/domains/hdickens.enteract/adminer-5.0.3-mysql.php' not found or unable to stat
[Thu Feb 19 02:49:30.006147 2026] [php:error] [pid 16894] [client 158.158.33.103:0] script '/domains/system_suspended/byp8.php' not found or unable to stat
[Thu Feb 19 02:49:30.409850 2026] [php:error] [pid 16892] [client 35.247.243.244:0] script '/domains/pauljbrock/adminer-5.2.0.php' not found or unable to stat
[Thu Feb 19 02:49:39.917484 2026] [php:error] [pid 16894] [client 4.232.89.175:0] script '/domains/system_suspended/byp8.php' not found or unable to stat
[Thu Feb 19 02:49:41.260384 2026] [php:error] [pid 16902] [client 34.96.162.54:0] script '/domains/pauljbrock/adminer-5.2.0.php' not found or unable to stat
[Thu Feb 19 02:49:43.260490 2026] [php:error] [pid 16902] [client 167.172.91.76:0] script '/domains/markrose/xmlrpc.php' not found or unable to stat
[Thu Feb 19 02:49:47.181166 2026] [php:error] [pid 16902] [client 35.247.243.248:0] script '/domains/pauljbrock/adminer-4.7.3.php' not found or unable to stat
[Thu Feb 19 02:49:56.473353 2026] [php:error] [pid 16902] [client 34.96.162.58:0] script '/domains/pauljbrock/adminer-4.6.1.php' not found or unable to stat
[Thu Feb 19 02:50:01.319204 2026] [php:error] [pid 16908] [client 35.247.243.251:0] script '/domains/hdickens.enteract/adminer-5.2.0-en.php' not found or unable to stat
[Thu Feb 19 02:50:12.443988 2026] [php:error] [pid 16912] [client 34.96.162.62:0] script '/domains/pauljbrock/adminer-5.0.0-mysql-en.php' not found or unable to stat
[Thu Feb 19 02:50:21.865375 2026] [php:error] [pid 16908] [client 4.193.188.12:0] script '/domains/carynm/new4.php' not found or unable to stat
[Thu Feb 19 02:50:22.089702 2026] [php:error] [pid 16908] [client 4.193.188.12:0] script '/domains/carynm/sc.php' not found or unable to stat
[Thu Feb 19 02:50:22.312686 2026] [php:error] [pid 16908] [client 4.193.188.12:0] script '/domains/carynm/pouhg.php' not found or unable to stat
[Thu Feb 19 02:50:22.534838 2026] [php:error] [pid 16908] [client 4.193.188.12:0] script '/domains/carynm/vgtyu.php' not found or unable to stat
[Thu Feb 19 02:50:22.757235 2026] [php:error] [pid 16908] [client 4.193.188.12:0] script '/domains/carynm/aq.php' not found or unable to stat
[Thu Feb 19 02:50:22.979505 2026] [php:error] [pid 16908] [client 4.193.188.12:0] script '/domains/carynm/opts.php' not found or unable to stat
[Thu Feb 19 02:50:23.201943 2026] [php:error] [pid 16908] [client 4.193.188.12:0] script '/domains/carynm/x123.php' not found or unable to stat
[Thu Feb 19 02:50:23.423842 2026] [php:error] [pid 16908] [client 4.193.188.12:0] script '/domains/carynm/wp-act.php' not found or unable to stat
[Thu Feb 19 02:50:23.647613 2026] [php:error] [pid 16908] [client 4.193.188.12:0] script '/domains/carynm/moshou.php' not found or unable to stat
[Thu Feb 19 02:50:23.872510 2026] [php:error] [pid 16908] [client 4.193.188.12:0] script '/domains/carynm/seetox.php' not found or unable to stat
[Thu Feb 19 02:50:24.095291 2026] [php:error] [pid 16908] [client 4.193.188.12:0] script '/domains/carynm/dom.php' not found or unable to stat
[Thu Feb 19 02:50:24.539970 2026] [php:error] [pid 16908] [client 4.193.188.12:0] script '/domains/carynm/samiri.php' not found or unable to stat
[Thu Feb 19 02:50:24.762020 2026] [php:error] [pid 16908] [client 4.193.188.12:0] script '/domains/carynm/plugins.php' not found or unable to stat
[Thu Feb 19 02:50:24.984343 2026] [php:error] [pid 16908] [client 4.193.188.12:0] script '/domains/carynm/xoot.php' not found or unable to stat
[Thu Feb 19 02:50:25.206697 2026] [php:error] [pid 16908] [client 4.193.188.12:0] script '/domains/carynm/X57.php' not found or unable to stat
[Thu Feb 19 02:50:25.429780 2026] [php:error] [pid 16908] [client 4.193.188.12:0] script '/domains/carynm/vx.php' not found or unable to stat
[Thu Feb 19 02:50:25.654569 2026] [php:error] [pid 16908] [client 4.193.188.12:0] script '/domains/carynm/file59.php' not found or unable to stat
[Thu Feb 19 02:50:26.099056 2026] [php:error] [pid 16908] [client 4.193.188.12:0] script '/domains/carynm/shas.php' not found or unable to stat
[Thu Feb 19 02:50:26.321528 2026] [php:error] [pid 16908] [client 4.193.188.12:0] script '/domains/carynm/xa.php' not found or unable to stat
[Thu Feb 19 02:50:26.543840 2026] [php:error] [pid 16908] [client 4.193.188.12:0] script '/domains/carynm/xda.php' not found or unable to stat
[Thu Feb 19 02:50:26.765891 2026] [php:error] [pid 16908] [client 4.193.188.12:0] script '/domains/carynm/er.php' not found or unable to stat
[Thu Feb 19 02:50:26.988276 2026] [php:error] [pid 16908] [client 4.193.188.12:0] script '/domains/carynm/fault.php' not found or unable to stat
[Thu Feb 19 02:50:27.210729 2026] [php:error] [pid 16908] [client 4.193.188.12:0] script '/domains/carynm/motu.php' not found or unable to stat
[Thu Feb 19 02:50:27.433135 2026] [php:error] [pid 16908] [client 4.193.188.12:0] script '/domains/carynm/66.php' not found or unable to stat
[Thu Feb 19 02:50:27.655314 2026] [php:error] [pid 16908] [client 4.193.188.12:0] script '/domains/carynm/leuk.php' not found or unable to stat
[Thu Feb 19 02:50:27.877112 2026] [php:error] [pid 16908] [client 4.193.188.12:0] script '/domains/carynm/xqq.php' not found or unable to stat
[Thu Feb 19 02:50:28.103156 2026] [php:error] [pid 16908] [client 4.193.188.12:0] script '/domains/carynm/kolda.php' not found or unable to stat
[Thu Feb 19 02:50:28.325319 2026] [php:error] [pid 16908] [client 4.193.188.12:0] script '/domains/carynm/nw.php' not found or unable to stat
[Thu Feb 19 02:50:28.547317 2026] [php:error] [pid 16908] [client 4.193.188.12:0] script '/domains/carynm/god.php' not found or unable to stat
[Thu Feb 19 02:50:28.769434 2026] [php:error] [pid 16908] [client 4.193.188.12:0] script '/domains/carynm/666.php' not found or unable to stat
[Thu Feb 19 02:50:28.991459 2026] [php:error] [pid 16908] [client 4.193.188.12:0] script '/domains/carynm/kj.php' not found or unable to stat
[Thu Feb 19 02:50:29.213327 2026] [php:error] [pid 16908] [client 4.193.188.12:0] script '/domains/carynm/un.php' not found or unable to stat
[Thu Feb 19 02:50:29.435588 2026] [php:error] [pid 16908] [client 4.193.188.12:0] script '/domains/carynm/fs.php' not found or unable to stat
[Thu Feb 19 02:50:29.657429 2026] [php:error] [pid 16908] [client 4.193.188.12:0] script '/domains/carynm/ms.php' not found or unable to stat
[Thu Feb 19 02:50:29.879480 2026] [php:error] [pid 16908] [client 4.193.188.12:0] script '/domains/carynm/login8.php' not found or unable to stat
[Thu Feb 19 02:50:30.102099 2026] [php:error] [pid 16908] [client 4.193.188.12:0] script '/domains/carynm/nnyvn.php' not found or unable to stat
[Thu Feb 19 02:50:30.324568 2026] [php:error] [pid 16908] [client 4.193.188.12:0] script '/domains/carynm/cu.php' not found or unable to stat
[Thu Feb 19 02:50:30.547395 2026] [php:error] [pid 16908] [client 4.193.188.12:0] script '/domains/carynm/lul.php' not found or unable to stat
[Thu Feb 19 02:50:30.769670 2026] [php:error] [pid 16908] [client 4.193.188.12:0] script '/domains/carynm/0.php' not found or unable to stat
[Thu Feb 19 02:50:30.974287 2026] [php:error] [pid 16902] [client 34.96.162.59:0] script '/domains/pauljbrock/adminer-5.0.1-mysql.php' not found or unable to stat
[Thu Feb 19 02:50:30.992826 2026] [php:error] [pid 16908] [client 4.193.188.12:0] script '/domains/carynm/ms-edit.php' not found or unable to stat
[Thu Feb 19 02:50:31.215865 2026] [php:error] [pid 16908] [client 4.193.188.12:0] script '/domains/carynm/ya.php' not found or unable to stat
[Thu Feb 19 02:50:31.438854 2026] [php:error] [pid 16908] [client 4.193.188.12:0] script '/domains/carynm/grsiuk.php' not found or unable to stat
[Thu Feb 19 02:50:31.660898 2026] [php:error] [pid 16908] [client 4.193.188.12:0] script '/domains/carynm/wp-blog.php' not found or unable to stat
[Thu Feb 19 02:50:31.883656 2026] [php:error] [pid 16908] [client 4.193.188.12:0] script '/domains/carynm/wp-access.php' not found or unable to stat
[Thu Feb 19 02:50:32.105836 2026] [php:error] [pid 16908] [client 4.193.188.12:0] script '/domains/carynm/a1vx.php' not found or unable to stat
[Thu Feb 19 02:50:32.327880 2026] [php:error] [pid 16908] [client 4.193.188.12:0] script '/domains/carynm/sbhu.php' not found or unable to stat
[Thu Feb 19 02:50:32.550127 2026] [php:error] [pid 16908] [client 4.193.188.12:0] script '/domains/carynm/wp-the.php' not found or unable to stat
[Thu Feb 19 02:50:32.772390 2026] [php:error] [pid 16908] [client 4.193.188.12:0] script '/domains/carynm/06.php' not found or unable to stat
[Thu Feb 19 02:50:32.994619 2026] [php:error] [pid 16908] [client 4.193.188.12:0] script '/domains/carynm/wp5.php' not found or unable to stat
[Thu Feb 19 02:50:33.216604 2026] [php:error] [pid 16908] [client 4.193.188.12:0] script '/domains/carynm/fot.php' not found or unable to stat
[Thu Feb 19 02:50:33.438890 2026] [php:error] [pid 16908] [client 4.193.188.12:0] script '/domains/carynm/ff1.php' not found or unable to stat
[Thu Feb 19 02:50:33.660657 2026] [php:error] [pid 16908] [client 4.193.188.12:0] script '/domains/carynm/forbidals.php' not found or unable to stat
[Thu Feb 19 02:50:33.882663 2026] [php:error] [pid 16908] [client 4.193.188.12:0] script '/domains/carynm/erty.php' not found or unable to stat
[Thu Feb 19 02:50:34.105647 2026] [php:error] [pid 16908] [client 4.193.188.12:0] script '/domains/carynm/dev1s.php' not found or unable to stat
[Thu Feb 19 02:50:34.327847 2026] [php:error] [pid 16908] [client 4.193.188.12:0] script '/domains/carynm/ffd.php' not found or unable to stat
[Thu Feb 19 02:50:34.550106 2026] [php:error] [pid 16908] [client 4.193.188.12:0] script '/domains/carynm/admiin.php' not found or unable to stat
[Thu Feb 19 02:50:34.772419 2026] [php:error] [pid 16908] [client 4.193.188.12:0] script '/domains/carynm/ol.php' not found or unable to stat
[Thu Feb 19 02:50:34.994249 2026] [php:error] [pid 16908] [client 4.193.188.12:0] script '/domains/carynm/Sanskrit.php' not found or unable to stat
[Thu Feb 19 02:50:35.088155 2026] [php:error] [pid 16917] [client 35.247.243.242:0] script '/domains/pauljbrock/adminer-4.1.0.php' not found or unable to stat
[Thu Feb 19 02:50:35.218650 2026] [php:error] [pid 16908] [client 4.193.188.12:0] script '/domains/carynm/vxrl.php' not found or unable to stat
[Thu Feb 19 02:50:35.440514 2026] [php:error] [pid 16908] [client 4.193.188.12:0] script '/domains/carynm/re.php' not found or unable to stat
[Thu Feb 19 02:50:35.662320 2026] [php:error] [pid 16908] [client 4.193.188.12:0] script '/domains/carynm/num.php' not found or unable to stat
[Thu Feb 19 02:50:35.884261 2026] [php:error] [pid 16908] [client 4.193.188.12:0] script '/domains/carynm/axx.php' not found or unable to stat
[Thu Feb 19 02:50:36.106082 2026] [php:error] [pid 16908] [client 4.193.188.12:0] script '/domains/carynm/vxrl.php' not found or unable to stat
[Thu Feb 19 02:50:36.328156 2026] [php:error] [pid 16908] [client 4.193.188.12:0] script '/domains/carynm/in.php' not found or unable to stat
[Thu Feb 19 02:50:36.550253 2026] [php:error] [pid 16908] [client 4.193.188.12:0] script '/domains/carynm/style.php' not found or unable to stat
[Thu Feb 19 02:50:36.772339 2026] [php:error] [pid 16908] [client 4.193.188.12:0] script '/domains/carynm/we.php' not found or unable to stat
[Thu Feb 19 02:50:36.994594 2026] [php:error] [pid 16908] [client 4.193.188.12:0] script '/domains/carynm/zwso.php' not found or unable to stat
[Thu Feb 19 02:50:37.216515 2026] [php:error] [pid 16908] [client 4.193.188.12:0] script '/domains/carynm/karak.php' not found or unable to stat
[Thu Feb 19 02:50:37.438567 2026] [php:error] [pid 16908] [client 4.193.188.12:0] script '/domains/carynm/prv8.php' not found or unable to stat
[Thu Feb 19 02:50:37.481339 2026] [php:error] [pid 16912] [client 34.96.162.54:0] script '/domains/pauljbrock/adminer-4.7.3.php' not found or unable to stat
[Thu Feb 19 02:50:37.661087 2026] [php:error] [pid 16908] [client 4.193.188.12:0] script '/domains/carynm/i.php' not found or unable to stat
[Thu Feb 19 02:50:37.883345 2026] [php:error] [pid 16908] [client 4.193.188.12:0] script '/domains/carynm/a.php' not found or unable to stat
[Thu Feb 19 02:50:38.105161 2026] [php:error] [pid 16908] [client 4.193.188.12:0] script '/domains/carynm/xmlrpc.php' not found or unable to stat
[Thu Feb 19 02:50:38.327579 2026] [php:error] [pid 16908] [client 4.193.188.12:0] script '/domains/carynm/aw.php' not found or unable to stat
[Thu Feb 19 02:50:38.549670 2026] [php:error] [pid 16908] [client 4.193.188.12:0] script '/domains/carynm/dev.php' not found or unable to stat
[Thu Feb 19 02:50:38.771683 2026] [php:error] [pid 16908] [client 4.193.188.12:0] script '/domains/carynm/lock360.php' not found or unable to stat
[Thu Feb 19 02:50:38.995061 2026] [php:error] [pid 16908] [client 4.193.188.12:0] script '/domains/carynm/155.php' not found or unable to stat
[Thu Feb 19 02:50:39.217186 2026] [php:error] [pid 16908] [client 4.193.188.12:0] script '/domains/carynm/goat.php' not found or unable to stat
[Thu Feb 19 02:50:39.442884 2026] [php:error] [pid 16908] [client 4.193.188.12:0] script '/domains/carynm/tcp.php' not found or unable to stat
[Thu Feb 19 02:50:39.669647 2026] [php:error] [pid 16908] [client 4.193.188.12:0] script '/domains/carynm/ext.php' not found or unable to stat
[Thu Feb 19 02:50:39.733975 2026] [php:error] [pid 16919] [client 35.247.243.245:0] script '/domains/pauljbrock/adminer-4.1.0.php' not found or unable to stat
[Thu Feb 19 02:50:39.891380 2026] [php:error] [pid 16908] [client 4.193.188.12:0] script '/domains/carynm/inputs.php' not found or unable to stat
[Thu Feb 19 02:50:40.113506 2026] [php:error] [pid 16908] [client 4.193.188.12:0] script '/domains/carynm/ioxi.php' not found or unable to stat
[Thu Feb 19 02:50:40.335189 2026] [php:error] [pid 16908] [client 4.193.188.12:0] script '/domains/carynm/fe5.php' not found or unable to stat
[Thu Feb 19 02:50:40.556803 2026] [php:error] [pid 16908] [client 4.193.188.12:0] script '/domains/carynm/ov.php' not found or unable to stat
[Thu Feb 19 02:50:41.000861 2026] [php:error] [pid 16908] [client 4.193.188.12:0] script '/domains/carynm/default.php' not found or unable to stat
[Thu Feb 19 02:50:41.222709 2026] [php:error] [pid 16908] [client 4.193.188.12:0] script '/domains/carynm/goods.php' not found or unable to stat
[Thu Feb 19 02:50:41.445877 2026] [php:error] [pid 16908] [client 4.193.188.12:0] script '/domains/carynm/abcd.php' not found or unable to stat
[Thu Feb 19 02:50:41.670344 2026] [php:error] [pid 16908] [client 4.193.188.12:0] script '/domains/carynm/class.1.php' not found or unable to stat
[Thu Feb 19 02:50:41.892469 2026] [php:error] [pid 16908] [client 4.193.188.12:0] script '/domains/carynm/async.php' not found or unable to stat
[Thu Feb 19 02:50:42.114323 2026] [php:error] [pid 16908] [client 4.193.188.12:0] script '/domains/carynm/ff.php' not found or unable to stat
[Thu Feb 19 02:50:42.336637 2026] [php:error] [pid 16908] [client 4.193.188.12:0] script '/domains/carynm/ioxi-o.php' not found or unable to stat
[Thu Feb 19 02:50:42.558650 2026] [php:error] [pid 16908] [client 4.193.188.12:0] script '/domains/carynm/manager.php' not found or unable to stat
[Thu Feb 19 02:50:42.780697 2026] [php:error] [pid 16908] [client 4.193.188.12:0] script '/domains/carynm/wp-update.php' not found or unable to stat
[Thu Feb 19 02:50:43.011166 2026] [php:error] [pid 16908] [client 4.193.188.12:0] script '/domains/carynm/file.php' not found or unable to stat
[Thu Feb 19 02:50:43.455695 2026] [php:error] [pid 16908] [client 4.193.188.12:0] script '/domains/carynm/lc.php' not found or unable to stat
[Thu Feb 19 02:50:43.677578 2026] [php:error] [pid 16908] [client 4.193.188.12:0] script '/domains/carynm/cbrfo.php' not found or unable to stat
[Thu Feb 19 02:50:43.900518 2026] [php:error] [pid 16908] [client 4.193.188.12:0] script '/domains/carynm/inc.php' not found or unable to stat
[Thu Feb 19 02:50:44.349767 2026] [php:error] [pid 16916] [client 4.193.188.12:0] script '/domains/carynm/gifclass.php' not found or unable to stat
[Thu Feb 19 02:50:44.575166 2026] [php:error] [pid 16916] [client 4.193.188.12:0] script '/domains/carynm/miansha.php' not found or unable to stat
[Thu Feb 19 02:50:44.800201 2026] [php:error] [pid 16916] [client 4.193.188.12:0] script '/domains/carynm/tinyfilemanager.php' not found or unable to stat
[Thu Feb 19 02:50:45.025011 2026] [php:error] [pid 16916] [client 4.193.188.12:0] script '/domains/carynm/admin.php' not found or unable to stat
[Thu Feb 19 02:50:45.250056 2026] [php:error] [pid 16916] [client 4.193.188.12:0] script '/domains/carynm/ok.php' not found or unable to stat
[Thu Feb 19 02:50:45.475180 2026] [php:error] [pid 16916] [client 4.193.188.12:0] script '/domains/carynm/fi.php' not found or unable to stat
[Thu Feb 19 02:50:45.699912 2026] [php:error] [pid 16916] [client 4.193.188.12:0] script '/domains/carynm/muzu.php' not found or unable to stat
[Thu Feb 19 02:50:45.924963 2026] [php:error] [pid 16916] [client 4.193.188.12:0] script '/domains/carynm/reze.php' not found or unable to stat
[Thu Feb 19 02:50:46.150345 2026] [php:error] [pid 16916] [client 4.193.188.12:0] script '/domains/carynm/styll.php' not found or unable to stat
[Thu Feb 19 02:50:46.375501 2026] [php:error] [pid 16916] [client 4.193.188.12:0] script '/domains/carynm/x7.php' not found or unable to stat
[Thu Feb 19 02:50:46.600638 2026] [php:error] [pid 16916] [client 4.193.188.12:0] script '/domains/carynm/thebe.php' not found or unable to stat
[Thu Feb 19 02:50:46.826375 2026] [php:error] [pid 16916] [client 4.193.188.12:0] script '/domains/carynm/ddd.php' not found or unable to stat
[Thu Feb 19 02:50:47.054324 2026] [php:error] [pid 16916] [client 4.193.188.12:0] script '/domains/carynm/bgymj.php' not found or unable to stat
[Thu Feb 19 02:50:47.279712 2026] [php:error] [pid 16916] [client 4.193.188.12:0] script '/domains/carynm/8xyz.php' not found or unable to stat
[Thu Feb 19 02:50:47.505311 2026] [php:error] [pid 16916] [client 4.193.188.12:0] script '/domains/carynm/ioxi.php' not found or unable to stat
[Thu Feb 19 02:50:47.730580 2026] [php:error] [pid 16916] [client 4.193.188.12:0] script '/domains/carynm/xpwer1.php' not found or unable to stat
[Thu Feb 19 02:50:47.955813 2026] [php:error] [pid 16916] [client 4.193.188.12:0] script '/domains/carynm/lala.php' not found or unable to stat
[Thu Feb 19 02:50:48.180861 2026] [php:error] [pid 16916] [client 4.193.188.12:0] script '/domains/carynm/about.php' not found or unable to stat
[Thu Feb 19 02:50:48.631927 2026] [cgi:error] [pid 16916] [client 4.193.188.12:0] AH02811: stderr from /domains/carynm/cgi-bin/index.php: script not found or unable to stat
[Thu Feb 19 02:50:49.314417 2026] [php:error] [pid 16916] [client 4.193.188.12:0] script '/domains/carynm/info.php' not found or unable to stat
[Thu Feb 19 02:50:49.539255 2026] [php:error] [pid 16916] [client 4.193.188.12:0] script '/domains/carynm/about.php' not found or unable to stat
[Thu Feb 19 02:50:49.989071 2026] [php:error] [pid 16916] [client 4.193.188.12:0] script '/domains/carynm/222.php' not found or unable to stat
[Thu Feb 19 02:50:50.214227 2026] [php:error] [pid 16916] [client 4.193.188.12:0] script '/domains/carynm/adminfuns.php' not found or unable to stat
[Thu Feb 19 02:50:50.663953 2026] [php:error] [pid 16916] [client 4.193.188.12:0] script '/domains/carynm/xx.php' not found or unable to stat
[Thu Feb 19 02:50:51.113419 2026] [php:error] [pid 16916] [client 4.193.188.12:0] script '/domains/carynm/f5.php' not found or unable to stat
[Thu Feb 19 02:50:51.338657 2026] [php:error] [pid 16916] [client 4.193.188.12:0] script '/domains/carynm/flower.php' not found or unable to stat
[Thu Feb 19 02:50:51.564654 2026] [php:error] [pid 16916] [client 4.193.188.12:0] script '/domains/carynm/f6.php' not found or unable to stat
[Thu Feb 19 02:50:51.789932 2026] [php:error] [pid 16916] [client 4.193.188.12:0] script '/domains/carynm/edit.php' not found or unable to stat
[Thu Feb 19 02:50:52.466054 2026] [php:error] [pid 16916] [client 4.193.188.12:0] script '/domains/carynm/av.php' not found or unable to stat
[Thu Feb 19 02:50:52.916348 2026] [php:error] [pid 16916] [client 4.193.188.12:0] script '/domains/carynm/wsd.php' not found or unable to stat
[Thu Feb 19 02:50:53.141079 2026] [php:error] [pid 16916] [client 4.193.188.12:0] script '/domains/carynm/jane.php' not found or unable to stat
[Thu Feb 19 02:50:53.366252 2026] [php:error] [pid 16916] [client 4.193.188.12:0] script '/domains/carynm/css.php' not found or unable to stat
[Thu Feb 19 02:50:53.591104 2026] [php:error] [pid 16916] [client 4.193.188.12:0] script '/domains/carynm/alfa.php' not found or unable to stat
[Thu Feb 19 02:50:53.786395 2026] [php:error] [pid 16917] [client 35.247.243.244:0] script '/domains/pauljbrock/adminer-5.0.3-mysql-en.php' not found or unable to stat
[Thu Feb 19 02:50:53.816231 2026] [php:error] [pid 16916] [client 4.193.188.12:0] script '/domains/carynm/wen.php' not found or unable to stat
[Thu Feb 19 02:50:54.041177 2026] [php:error] [pid 16916] [client 4.193.188.12:0] script '/domains/carynm/x.php' not found or unable to stat
[Thu Feb 19 02:50:54.269059 2026] [php:error] [pid 16916] [client 4.193.188.12:0] script '/domains/carynm/xxxx.php' not found or unable to stat
[Thu Feb 19 02:50:54.494283 2026] [php:error] [pid 16916] [client 4.193.188.12:0] script '/domains/carynm/class.php' not found or unable to stat
[Thu Feb 19 02:50:54.720130 2026] [php:error] [pid 16916] [client 4.193.188.12:0] script '/domains/carynm/f35.php' not found or unable to stat
[Thu Feb 19 02:50:55.619285 2026] [php:error] [pid 16916] [client 4.193.188.12:0] script '/domains/carynm/class-t.api.php' not found or unable to stat
[Thu Feb 19 02:50:55.844541 2026] [php:error] [pid 16916] [client 4.193.188.12:0] script '/domains/carynm/blurbs18.php' not found or unable to stat
[Thu Feb 19 02:50:57.441499 2026] [php:error] [pid 16916] [client 4.193.188.12:0] script '/domains/carynm/bless11.php' not found or unable to stat
[Thu Feb 19 02:50:57.560200 2026] [php:error] [pid 16917] [client 35.247.243.240:0] script '/domains/pauljbrock/adminer-5.0.3-en.php' not found or unable to stat
[Thu Feb 19 02:50:57.666581 2026] [php:error] [pid 16916] [client 4.193.188.12:0] script '/domains/carynm/init.php' not found or unable to stat
[Thu Feb 19 02:50:57.745023 2026] [php:error] [pid 16892] [client 4.188.251.0:0] script '/domains/familyplayhouse2/lock360.php' not found or unable to stat
[Thu Feb 19 02:50:57.989585 2026] [php:error] [pid 16892] [client 4.188.251.0:0] script '/domains/familyplayhouse2/ahcc.php' not found or unable to stat
[Thu Feb 19 02:50:58.116546 2026] [php:error] [pid 16916] [client 4.193.188.12:0] script '/domains/carynm/k.php' not found or unable to stat
[Thu Feb 19 02:50:58.225323 2026] [php:error] [pid 16892] [client 4.188.251.0:0] script '/domains/familyplayhouse2/R57.php' not found or unable to stat
[Thu Feb 19 02:50:58.341586 2026] [php:error] [pid 16916] [client 4.193.188.12:0] script '/domains/carynm/bless.php' not found or unable to stat
[Thu Feb 19 02:50:58.465260 2026] [php:error] [pid 16892] [client 4.188.251.0:0] script '/domains/familyplayhouse2/vqgii.php' not found or unable to stat
[Thu Feb 19 02:50:58.566657 2026] [php:error] [pid 16916] [client 4.193.188.12:0] script '/domains/carynm/X7x.php' not found or unable to stat
[Thu Feb 19 02:50:58.698119 2026] [php:error] [pid 16892] [client 4.188.251.0:0] script '/domains/familyplayhouse2/jrxzb.php' not found or unable to stat
[Thu Feb 19 02:50:58.792462 2026] [php:error] [pid 16916] [client 4.193.188.12:0] script '/domains/carynm/166.php' not found or unable to stat
[Thu Feb 19 02:50:58.933669 2026] [php:error] [pid 16892] [client 4.188.251.0:0] script '/domains/familyplayhouse2/sc.php' not found or unable to stat
[Thu Feb 19 02:50:59.017935 2026] [php:error] [pid 16916] [client 4.193.188.12:0] script '/domains/carynm/plss3.php' not found or unable to stat
[Thu Feb 19 02:50:59.186080 2026] [php:error] [pid 16892] [client 4.188.251.0:0] script '/domains/familyplayhouse2/qowaa.php' not found or unable to stat
[Thu Feb 19 02:50:59.411839 2026] [php:error] [pid 16892] [client 4.188.251.0:0] script '/domains/familyplayhouse2/beixl.php' not found or unable to stat
[Thu Feb 19 02:50:59.470174 2026] [php:error] [pid 16916] [client 4.193.188.12:0] script '/domains/carynm/admins.php' not found or unable to stat
[Thu Feb 19 02:50:59.669611 2026] [php:error] [pid 16892] [client 4.188.251.0:0] script '/domains/familyplayhouse2/8.php' not found or unable to stat
[Thu Feb 19 02:50:59.695297 2026] [php:error] [pid 16916] [client 4.193.188.12:0] script '/domains/carynm/wp.php' not found or unable to stat
[Thu Feb 19 02:50:59.891392 2026] [php:error] [pid 16892] [client 4.188.251.0:0] script '/domains/familyplayhouse2/lkui.php' not found or unable to stat
[Thu Feb 19 02:50:59.921031 2026] [php:error] [pid 16916] [client 4.193.188.12:0] script '/domains/carynm/main.php' not found or unable to stat
[Thu Feb 19 02:51:00.145162 2026] [php:error] [pid 16892] [client 4.188.251.0:0] script '/domains/familyplayhouse2/reyna.php' not found or unable to stat
[Thu Feb 19 02:51:00.146250 2026] [php:error] [pid 16916] [client 4.193.188.12:0] script '/domains/carynm/a1.php' not found or unable to stat
[Thu Feb 19 02:51:00.371515 2026] [php:error] [pid 16916] [client 4.193.188.12:0] script '/domains/carynm/lala.php' not found or unable to stat
[Thu Feb 19 02:51:00.380009 2026] [php:error] [pid 16892] [client 4.188.251.0:0] script '/domains/familyplayhouse2/meew.php' not found or unable to stat
[Thu Feb 19 02:51:00.596896 2026] [php:error] [pid 16916] [client 4.193.188.12:0] script '/domains/carynm/aaa.php' not found or unable to stat
[Thu Feb 19 02:51:00.612670 2026] [php:error] [pid 16892] [client 4.188.251.0:0] script '/domains/familyplayhouse2/71.php' not found or unable to stat
[Thu Feb 19 02:51:00.821894 2026] [php:error] [pid 16916] [client 4.193.188.12:0] script '/domains/carynm/a2.php' not found or unable to stat
[Thu Feb 19 02:51:00.853945 2026] [php:error] [pid 16892] [client 4.188.251.0:0] script '/domains/familyplayhouse2/Timing.php' not found or unable to stat
[Thu Feb 19 02:51:01.093799 2026] [php:error] [pid 16892] [client 4.188.251.0:0] script '/domains/familyplayhouse2/extract.php' not found or unable to stat
[Thu Feb 19 02:51:01.290285 2026] [php:error] [pid 16916] [client 4.193.188.12:0] script '/domains/carynm/jsond.php' not found or unable to stat
[Thu Feb 19 02:51:01.349226 2026] [php:error] [pid 16892] [client 4.188.251.0:0] script '/domains/familyplayhouse2/comp.php' not found or unable to stat
[Thu Feb 19 02:51:01.644773 2026] [php:error] [pid 16892] [client 4.188.251.0:0] script '/domains/familyplayhouse2/C1.php' not found or unable to stat
[Thu Feb 19 02:51:01.848668 2026] [php:error] [pid 16892] [client 4.188.251.0:0] script '/domains/familyplayhouse2/credits.php' not found or unable to stat
[Thu Feb 19 02:51:02.085696 2026] [php:error] [pid 16892] [client 4.188.251.0:0] script '/domains/familyplayhouse2/term.php' not found or unable to stat
[Thu Feb 19 02:51:02.313920 2026] [php:error] [pid 16892] [client 4.188.251.0:0] script '/domains/familyplayhouse2/classsmtps.php' not found or unable to stat
[Thu Feb 19 02:51:02.550191 2026] [php:error] [pid 16892] [client 4.188.251.0:0] script '/domains/familyplayhouse2/blkfqnikz.php' not found or unable to stat
[Thu Feb 19 02:51:02.764907 2026] [php:error] [pid 16892] [client 4.188.251.0:0] script '/domains/familyplayhouse2/6i85g10k.php' not found or unable to stat
[Thu Feb 19 02:51:02.967943 2026] [php:error] [pid 16892] [client 4.188.251.0:0] script '/domains/familyplayhouse2/filefuns.php' not found or unable to stat
[Thu Feb 19 02:51:03.174779 2026] [php:error] [pid 16892] [client 4.188.251.0:0] script '/domains/familyplayhouse2/ovataumpr.php' not found or unable to stat
[Thu Feb 19 02:51:03.391616 2026] [php:error] [pid 16892] [client 4.188.251.0:0] script '/domains/familyplayhouse2/wp-cache.php' not found or unable to stat
[Thu Feb 19 02:51:03.616335 2026] [php:error] [pid 16892] [client 4.188.251.0:0] script '/domains/familyplayhouse2/SH9JQ3.php' not found or unable to stat
[Thu Feb 19 02:51:03.841489 2026] [php:error] [pid 16892] [client 4.188.251.0:0] script '/domains/familyplayhouse2/index_sso.php' not found or unable to stat
[Thu Feb 19 02:51:04.053764 2026] [php:error] [pid 16892] [client 4.188.251.0:0] script '/domains/familyplayhouse2/rating.php' not found or unable to stat
[Thu Feb 19 02:51:04.265656 2026] [php:error] [pid 16892] [client 4.188.251.0:0] script '/domains/familyplayhouse2/mfjtrzzg.php' not found or unable to stat
[Thu Feb 19 02:51:04.473926 2026] [php:error] [pid 16892] [client 4.188.251.0:0] script '/domains/familyplayhouse2/style-engine.php' not found or unable to stat
[Thu Feb 19 02:51:04.694152 2026] [php:error] [pid 16892] [client 4.188.251.0:0] script '/domains/familyplayhouse2/report.php' not found or unable to stat
[Thu Feb 19 02:51:04.913457 2026] [php:error] [pid 16892] [client 4.188.251.0:0] script '/domains/familyplayhouse2/edit-tags.php' not found or unable to stat
[Thu Feb 19 02:51:05.119185 2026] [php:error] [pid 16892] [client 4.188.251.0:0] script '/domains/familyplayhouse2/cwianpri.php' not found or unable to stat
[Thu Feb 19 02:51:05.326829 2026] [php:error] [pid 16892] [client 4.188.251.0:0] script '/domains/familyplayhouse2/wunaivpl.php' not found or unable to stat
[Thu Feb 19 02:51:05.450400 2026] [php:error] [pid 16923] [client 35.247.243.254:0] script '/domains/hdickens.enteract/adminer-4.6.0.php' not found or unable to stat
[Thu Feb 19 02:51:05.557145 2026] [php:error] [pid 16892] [client 4.188.251.0:0] script '/domains/familyplayhouse2/gyj.php' not found or unable to stat
[Thu Feb 19 02:51:05.783715 2026] [php:error] [pid 16892] [client 4.188.251.0:0] script '/domains/familyplayhouse2/install.php' not found or unable to stat
[Thu Feb 19 02:51:05.999479 2026] [php:error] [pid 16892] [client 4.188.251.0:0] script '/domains/familyplayhouse2/update.php' not found or unable to stat
[Thu Feb 19 02:51:06.201225 2026] [php:error] [pid 16892] [client 4.188.251.0:0] script '/domains/familyplayhouse2/home.php' not found or unable to stat
[Thu Feb 19 02:51:06.409841 2026] [php:error] [pid 16892] [client 4.188.251.0:0] script '/domains/familyplayhouse2/dfpbtqbc.php' not found or unable to stat
[Thu Feb 19 02:51:06.625260 2026] [php:error] [pid 16892] [client 4.188.251.0:0] script '/domains/familyplayhouse2/files.php' not found or unable to stat
[Thu Feb 19 02:51:06.694511 2026] [php:error] [pid 16902] [client 35.247.243.240:0] script '/domains/pauljbrock/adminer-5.0.0-mysql-en.php' not found or unable to stat
[Thu Feb 19 02:51:06.845629 2026] [php:error] [pid 16892] [client 4.188.251.0:0] script '/domains/familyplayhouse2/ifoklzle.php' not found or unable to stat
[Thu Feb 19 02:51:07.109792 2026] [php:error] [pid 16892] [client 4.188.251.0:0] script '/domains/familyplayhouse2/bi.php' not found or unable to stat
[Thu Feb 19 02:51:07.330308 2026] [php:error] [pid 16892] [client 4.188.251.0:0] script '/domains/familyplayhouse2/es.php' not found or unable to stat
[Thu Feb 19 02:51:07.532017 2026] [php:error] [pid 16892] [client 4.188.251.0:0] script '/domains/familyplayhouse2/sidwso.php' not found or unable to stat
[Thu Feb 19 02:51:07.656209 2026] [php:error] [pid 16876] [client 20.250.10.152:0] script '/domains/tamara1/tfm.php' not found or unable to stat
[Thu Feb 19 02:51:07.736078 2026] [php:error] [pid 16892] [client 4.188.251.0:0] script '/domains/familyplayhouse2/R00T.php' not found or unable to stat
[Thu Feb 19 02:51:07.749179 2026] [php:error] [pid 16876] [client 20.250.10.152:0] script '/domains/tamara1/wp-blogs.php' not found or unable to stat
[Thu Feb 19 02:51:07.849741 2026] [php:error] [pid 16876] [client 20.250.10.152:0] script '/domains/tamara1/amp.php' not found or unable to stat
[Thu Feb 19 02:51:07.942686 2026] [php:error] [pid 16876] [client 20.250.10.152:0] script '/domains/tamara1/666.php' not found or unable to stat
[Thu Feb 19 02:51:07.966614 2026] [php:error] [pid 16892] [client 4.188.251.0:0] script '/domains/familyplayhouse2/hplfuns.php' not found or unable to stat
[Thu Feb 19 02:51:08.058303 2026] [php:error] [pid 16876] [client 20.250.10.152:0] script '/domains/tamara1/asax.php' not found or unable to stat
[Thu Feb 19 02:51:08.151394 2026] [php:error] [pid 16876] [client 20.250.10.152:0] script '/domains/tamara1/init.php' not found or unable to stat
[Thu Feb 19 02:51:08.193399 2026] [php:error] [pid 16892] [client 4.188.251.0:0] script '/domains/familyplayhouse2/getid3-core.php' not found or unable to stat
[Thu Feb 19 02:51:08.256466 2026] [php:error] [pid 16876] [client 20.250.10.152:0] script '/domains/tamara1/bootstrap.php' not found or unable to stat
[Thu Feb 19 02:51:08.356586 2026] [php:error] [pid 16876] [client 20.250.10.152:0] script '/domains/tamara1/sc.php' not found or unable to stat
[Thu Feb 19 02:51:08.410998 2026] [php:error] [pid 16892] [client 4.188.251.0:0] script '/domains/familyplayhouse2/123.php' not found or unable to stat
[Thu Feb 19 02:51:08.472574 2026] [php:error] [pid 16876] [client 20.250.10.152:0] script '/domains/tamara1/term.php' not found or unable to stat
[Thu Feb 19 02:51:08.565690 2026] [php:error] [pid 16876] [client 20.250.10.152:0] script '/domains/tamara1/global.php' not found or unable to stat
[Thu Feb 19 02:51:08.614015 2026] [php:error] [pid 16892] [client 4.188.251.0:0] script '/domains/familyplayhouse2/wlyeA.php' not found or unable to stat
[Thu Feb 19 02:51:08.761840 2026] [php:error] [pid 16917] [client 35.247.243.254:0] script '/domains/hdickens.enteract/adminer-5.0.3-mysql-en.php' not found or unable to stat
[Thu Feb 19 02:51:08.780047 2026] [php:error] [pid 16876] [client 20.250.10.152:0] script '/domains/tamara1/black.php' not found or unable to stat
[Thu Feb 19 02:51:08.816029 2026] [php:error] [pid 16892] [client 4.188.251.0:0] script '/domains/familyplayhouse2/wp-act.php' not found or unable to stat
[Thu Feb 19 02:51:08.880058 2026] [php:error] [pid 16876] [client 20.250.10.152:0] script '/domains/tamara1/222.php' not found or unable to stat
[Thu Feb 19 02:51:08.974279 2026] [php:error] [pid 16876] [client 20.250.10.152:0] script '/domains/tamara1/t.php' not found or unable to stat
[Thu Feb 19 02:51:09.036903 2026] [php:error] [pid 16892] [client 4.188.251.0:0] script '/domains/familyplayhouse2/suu.php' not found or unable to stat
[Thu Feb 19 02:51:09.073679 2026] [php:error] [pid 16876] [client 20.250.10.152:0] script '/domains/tamara1/lib.php' not found or unable to stat
[Thu Feb 19 02:51:09.166798 2026] [php:error] [pid 16876] [client 20.250.10.152:0] script '/domains/tamara1/asus.php' not found or unable to stat
[Thu Feb 19 02:51:09.253858 2026] [php:error] [pid 16892] [client 4.188.251.0:0] script '/domains/familyplayhouse2/repeater.php' not found or unable to stat
[Thu Feb 19 02:51:09.261455 2026] [php:error] [pid 16876] [client 20.250.10.152:0] script '/domains/tamara1/dox.php' not found or unable to stat
[Thu Feb 19 02:51:09.354710 2026] [php:error] [pid 16876] [client 20.250.10.152:0] script '/domains/tamara1/s.php' not found or unable to stat
[Thu Feb 19 02:51:09.447697 2026] [php:error] [pid 16876] [client 20.250.10.152:0] script '/domains/tamara1/file.php' not found or unable to stat
[Thu Feb 19 02:51:09.455341 2026] [php:error] [pid 16892] [client 4.188.251.0:0] script '/domains/familyplayhouse2/user_add.php' not found or unable to stat
[Thu Feb 19 02:51:09.540552 2026] [php:error] [pid 16876] [client 20.250.10.152:0] script '/domains/tamara1/bolt.php' not found or unable to stat
[Thu Feb 19 02:51:09.634524 2026] [php:error] [pid 16876] [client 20.250.10.152:0] script '/domains/tamara1/166.php' not found or unable to stat
[Thu Feb 19 02:51:09.657071 2026] [php:error] [pid 16892] [client 4.188.251.0:0] script '/domains/familyplayhouse2/disoxrmons.php' not found or unable to stat
[Thu Feb 19 02:51:09.727602 2026] [php:error] [pid 16876] [client 20.250.10.152:0] script '/domains/tamara1/wen.php' not found or unable to stat
[Thu Feb 19 02:51:09.821350 2026] [php:error] [pid 16876] [client 20.250.10.152:0] script '/domains/tamara1/wp-act.php' not found or unable to stat
[Thu Feb 19 02:51:09.878717 2026] [php:error] [pid 16892] [client 4.188.251.0:0] script '/domains/familyplayhouse2/TNT.php' not found or unable to stat
[Thu Feb 19 02:51:09.914538 2026] [php:error] [pid 16876] [client 20.250.10.152:0] script '/domains/tamara1/ff1.php' not found or unable to stat
[Thu Feb 19 02:51:10.007414 2026] [php:error] [pid 16876] [client 20.250.10.152:0] script '/domains/tamara1/66.php' not found or unable to stat
[Thu Feb 19 02:51:10.100648 2026] [php:error] [pid 16876] [client 20.250.10.152:0] script '/domains/tamara1/ws66.php' not found or unable to stat
[Thu Feb 19 02:51:10.116148 2026] [php:error] [pid 16892] [client 4.188.251.0:0] script '/domains/familyplayhouse2/504.php' not found or unable to stat
[Thu Feb 19 02:51:10.194554 2026] [php:error] [pid 16876] [client 20.250.10.152:0] script '/domains/tamara1/bgymj.php' not found or unable to stat
[Thu Feb 19 02:51:10.287504 2026] [php:error] [pid 16876] [client 20.250.10.152:0] script '/domains/tamara1/24.php' not found or unable to stat
[Thu Feb 19 02:51:10.343840 2026] [php:error] [pid 16892] [client 4.188.251.0:0] script '/domains/familyplayhouse2/F0x.php' not found or unable to stat
[Thu Feb 19 02:51:10.414200 2026] [php:error] [pid 16876] [client 20.250.10.152:0] script '/domains/tamara1/h02ugyh.php' not found or unable to stat
[Thu Feb 19 02:51:10.507207 2026] [php:error] [pid 16876] [client 20.250.10.152:0] script '/domains/tamara1/a4.php' not found or unable to stat
[Thu Feb 19 02:51:10.562014 2026] [php:error] [pid 16892] [client 4.188.251.0:0] script '/domains/familyplayhouse2/aleXus.php' not found or unable to stat
[Thu Feb 19 02:51:10.604939 2026] [php:error] [pid 16876] [client 20.250.10.152:0] script '/domains/tamara1/inputs.php' not found or unable to stat
[Thu Feb 19 02:51:10.698133 2026] [php:error] [pid 16876] [client 20.250.10.152:0] script '/domains/tamara1/gfd.php' not found or unable to stat
[Thu Feb 19 02:51:10.763388 2026] [php:error] [pid 16892] [client 4.188.251.0:0] script '/domains/familyplayhouse2/alert.php' not found or unable to stat
[Thu Feb 19 02:51:10.890256 2026] [php:error] [pid 16876] [client 20.250.10.152:0] script '/domains/tamara1/wefile.php' not found or unable to stat
[Thu Feb 19 02:51:10.964983 2026] [php:error] [pid 16892] [client 4.188.251.0:0] script '/domains/familyplayhouse2/se.php' not found or unable to stat
[Thu Feb 19 02:51:10.983077 2026] [php:error] [pid 16876] [client 20.250.10.152:0] script '/domains/tamara1/55.php' not found or unable to stat
[Thu Feb 19 02:51:11.082242 2026] [php:error] [pid 16876] [client 20.250.10.152:0] script '/domains/tamara1/vx.php' not found or unable to stat
[Thu Feb 19 02:51:11.175201 2026] [php:error] [pid 16876] [client 20.250.10.152:0] script '/domains/tamara1/edit-tags.php' not found or unable to stat
[Thu Feb 19 02:51:11.179459 2026] [php:error] [pid 16892] [client 4.188.251.0:0] script '/domains/familyplayhouse2/al.php' not found or unable to stat
[Thu Feb 19 02:51:11.268289 2026] [php:error] [pid 16876] [client 20.250.10.152:0] script '/domains/tamara1/ioxi-o.php' not found or unable to stat
[Thu Feb 19 02:51:11.275040 2026] [php:error] [pid 16920] [client 34.96.162.62:0] script '/domains/pauljbrock/adminer-5.2.1.php' not found or unable to stat
[Thu Feb 19 02:51:11.361702 2026] [php:error] [pid 16876] [client 20.250.10.152:0] script '/domains/tamara1/155.php' not found or unable to stat
[Thu Feb 19 02:51:11.398906 2026] [php:error] [pid 16892] [client 4.188.251.0:0] script '/domains/familyplayhouse2/dirs.php' not found or unable to stat
[Thu Feb 19 02:51:11.454956 2026] [php:error] [pid 16876] [client 20.250.10.152:0] script '/domains/tamara1/core.php' not found or unable to stat
[Thu Feb 19 02:51:11.547910 2026] [php:error] [pid 16876] [client 20.250.10.152:0] script '/domains/tamara1/ccs.php' not found or unable to stat
[Thu Feb 19 02:51:11.600326 2026] [php:error] [pid 16892] [client 4.188.251.0:0] script '/domains/familyplayhouse2/lufix.php' not found or unable to stat
[Thu Feb 19 02:51:11.642715 2026] [php:error] [pid 16876] [client 20.250.10.152:0] script '/domains/tamara1/apk.php' not found or unable to stat
[Thu Feb 19 02:51:11.736273 2026] [php:error] [pid 16876] [client 20.250.10.152:0] script '/domains/tamara1/bnm.php' not found or unable to stat
[Thu Feb 19 02:51:11.808502 2026] [php:error] [pid 16892] [client 4.188.251.0:0] script '/domains/familyplayhouse2/pwnd.php' not found or unable to stat
[Thu Feb 19 02:51:11.840988 2026] [php:error] [pid 16876] [client 20.250.10.152:0] script '/domains/tamara1/gettest.php' not found or unable to stat
[Thu Feb 19 02:51:11.934168 2026] [php:error] [pid 16876] [client 20.250.10.152:0] script '/domains/tamara1/edit.php' not found or unable to stat
[Thu Feb 19 02:51:12.037463 2026] [php:error] [pid 16876] [client 20.250.10.152:0] script '/domains/tamara1/sid3.php' not found or unable to stat
[Thu Feb 19 02:51:12.037478 2026] [php:error] [pid 16892] [client 4.188.251.0:0] script '/domains/familyplayhouse2/srx.php' not found or unable to stat
[Thu Feb 19 02:51:12.135560 2026] [php:error] [pid 16876] [client 20.250.10.152:0] script '/domains/tamara1/abc.php' not found or unable to stat
[Thu Feb 19 02:51:12.236754 2026] [php:error] [pid 16876] [client 20.250.10.152:0] script '/domains/tamara1/admin-footer.php' not found or unable to stat
[Thu Feb 19 02:51:12.260740 2026] [php:error] [pid 16892] [client 4.188.251.0:0] script '/domains/familyplayhouse2/class-wp-cmd.php' not found or unable to stat
[Thu Feb 19 02:51:12.329971 2026] [php:error] [pid 16876] [client 20.250.10.152:0] script '/domains/tamara1/wp-p2r3q9c8k4.php' not found or unable to stat
[Thu Feb 19 02:51:12.423175 2026] [php:error] [pid 16876] [client 20.250.10.152:0] script '/domains/tamara1/jga.php' not found or unable to stat
[Thu Feb 19 02:51:12.479835 2026] [php:error] [pid 16892] [client 4.188.251.0:0] script '/domains/familyplayhouse2/temp.php' not found or unable to stat
[Thu Feb 19 02:51:12.528430 2026] [php:error] [pid 16876] [client 20.250.10.152:0] script '/domains/tamara1/tool.php' not found or unable to stat
[Thu Feb 19 02:51:12.622680 2026] [php:error] [pid 16876] [client 20.250.10.152:0] script '/domains/tamara1/ms.php' not found or unable to stat
[Thu Feb 19 02:51:12.681205 2026] [php:error] [pid 16892] [client 4.188.251.0:0] script '/domains/familyplayhouse2/libcore.php' not found or unable to stat
[Thu Feb 19 02:51:12.722162 2026] [php:error] [pid 16876] [client 20.250.10.152:0] script '/domains/tamara1/xxw.php' not found or unable to stat
[Thu Feb 19 02:51:12.852453 2026] [php:error] [pid 16876] [client 20.250.10.152:0] script '/domains/tamara1/callback.php' not found or unable to stat
[Thu Feb 19 02:51:12.882541 2026] [php:error] [pid 16892] [client 4.188.251.0:0] script '/domains/familyplayhouse2/bmccxior.php' not found or unable to stat
[Thu Feb 19 02:51:12.945221 2026] [php:error] [pid 16876] [client 20.250.10.152:0] script '/domains/tamara1/logs.php' not found or unable to stat
[Thu Feb 19 02:51:13.039062 2026] [php:error] [pid 16876] [client 20.250.10.152:0] script '/domains/tamara1/aboutc.php' not found or unable to stat
[Thu Feb 19 02:51:13.083817 2026] [php:error] [pid 16892] [client 4.188.251.0:0] script '/domains/familyplayhouse2/wp-blog-header.php' not found or unable to stat
[Thu Feb 19 02:51:13.138821 2026] [php:error] [pid 16876] [client 20.250.10.152:0] script '/domains/tamara1/ajax.php' not found or unable to stat
[Thu Feb 19 02:51:13.241885 2026] [php:error] [pid 16876] [client 20.250.10.152:0] script '/domains/tamara1/xr.php' not found or unable to stat
[Thu Feb 19 02:51:13.290074 2026] [php:error] [pid 16892] [client 4.188.251.0:0] script '/domains/familyplayhouse2/IDhrIlrLb.php' not found or unable to stat
[Thu Feb 19 02:51:13.342565 2026] [php:error] [pid 16876] [client 20.250.10.152:0] script '/domains/tamara1/ff.php' not found or unable to stat
[Thu Feb 19 02:51:13.365798 2026] [php:error] [pid 16920] [client 34.96.162.58:0] script '/domains/pauljbrock/adminer-5.1.1-mysql-en.php' not found or unable to stat
[Thu Feb 19 02:51:13.444300 2026] [php:error] [pid 16876] [client 20.250.10.152:0] script '/domains/tamara1/aaa.php' not found or unable to stat
[Thu Feb 19 02:51:13.493102 2026] [php:error] [pid 16892] [client 4.188.251.0:0] script '/domains/familyplayhouse2/shell4.php' not found or unable to stat
[Thu Feb 19 02:51:13.537117 2026] [php:error] [pid 16876] [client 20.250.10.152:0] script '/domains/tamara1/RIP.php' not found or unable to stat
[Thu Feb 19 02:51:13.629900 2026] [php:error] [pid 16876] [client 20.250.10.152:0] script '/domains/tamara1/knme.php' not found or unable to stat
[Thu Feb 19 02:51:13.694496 2026] [php:error] [pid 16892] [client 4.188.251.0:0] script '/domains/familyplayhouse2/tron.php' not found or unable to stat
[Thu Feb 19 02:51:13.722941 2026] [php:error] [pid 16876] [client 20.250.10.152:0] script '/domains/tamara1/ws71.php' not found or unable to stat
[Thu Feb 19 02:51:13.831591 2026] [php:error] [pid 16876] [client 20.250.10.152:0] script '/domains/tamara1/ws67.php' not found or unable to stat
[Thu Feb 19 02:51:13.896375 2026] [php:error] [pid 16892] [client 4.188.251.0:0] script '/domains/familyplayhouse2/database.php' not found or unable to stat
[Thu Feb 19 02:51:13.931941 2026] [php:error] [pid 16876] [client 20.250.10.152:0] script '/domains/tamara1/momo.php' not found or unable to stat
[Thu Feb 19 02:51:14.100765 2026] [php:error] [pid 16892] [client 4.188.251.0:0] script '/domains/familyplayhouse2/media-admin.php' not found or unable to stat
[Thu Feb 19 02:51:14.302479 2026] [php:error] [pid 16892] [client 4.188.251.0:0] script '/domains/familyplayhouse2/cljntmcz.php' not found or unable to stat
[Thu Feb 19 02:51:15.836716 2026] [php:error] [pid 16917] [client 34.96.162.57:0] script '/domains/pauljbrock/adminer-5.0.6.php' not found or unable to stat
[Thu Feb 19 02:51:16.031313 2026] [php:error] [pid 16920] [client 4.232.88.90:0] script '/domains/koenig.interport/byp8.php' not found or unable to stat
[Thu Feb 19 02:51:22.253565 2026] [php:error] [pid 16876] [client 34.96.162.50:0] script '/domains/hdickens.enteract/adminer-4.8.1-en.php' not found or unable to stat
[Thu Feb 19 02:51:24.144312 2026] [php:error] [pid 16920] [client 34.96.162.59:0] script '/domains/pauljbrock/adminer-5.0.6-en.php' not found or unable to stat
[Thu Feb 19 02:51:25.461669 2026] [php:error] [pid 16920] [client 35.247.243.253:0] script '/domains/pauljbrock/adminer-5.2.1-en.php' not found or unable to stat
[Thu Feb 19 02:51:29.815398 2026] [php:error] [pid 16922] [client 35.247.243.250:0] script '/domains/pauljbrock/adminer-5.0.6.php' not found or unable to stat
[Thu Feb 19 02:51:32.185212 2026] [php:error] [pid 16892] [client 34.96.162.61:0] script '/domains/hdickens.enteract/adminer-5.0.5-mysql-en.php' not found or unable to stat
[Thu Feb 19 02:51:33.496118 2026] [php:error] [pid 16925] [client 34.96.162.61:0] script '/domains/pauljbrock/adminer-5.0.1.php' not found or unable to stat
[Thu Feb 19 02:51:34.158246 2026] [php:error] [pid 16902] [client 35.247.243.252:0] script '/domains/hdickens.enteract/adminer-4.5.0.php' not found or unable to stat
[Thu Feb 19 02:51:35.446104 2026] [php:error] [pid 16920] [client 20.78.146.86:0] script '/domains/rfisher.dnai/wp-2019.php' not found or unable to stat
[Thu Feb 19 02:51:35.618130 2026] [php:error] [pid 16920] [client 20.78.146.86:0] script '/domains/rfisher.dnai/403.php' not found or unable to stat
[Thu Feb 19 02:51:35.795326 2026] [php:error] [pid 16920] [client 20.78.146.86:0] script '/domains/rfisher.dnai/aaa.php' not found or unable to stat
[Thu Feb 19 02:51:37.172581 2026] [php:error] [pid 16920] [client 20.78.146.86:0] script '/domains/rfisher.dnai/y.php' not found or unable to stat
[Thu Feb 19 02:51:37.897197 2026] [php:error] [pid 16920] [client 20.78.146.86:0] script '/domains/rfisher.dnai/ggfi.php' not found or unable to stat
[Thu Feb 19 02:51:38.656407 2026] [php:error] [pid 16920] [client 20.78.146.86:0] script '/domains/rfisher.dnai/buy.php' not found or unable to stat
[Thu Feb 19 02:51:39.073940 2026] [php:error] [pid 16920] [client 20.78.146.86:0] script '/domains/rfisher.dnai/chosen.php' not found or unable to stat
[Thu Feb 19 02:51:39.246396 2026] [php:error] [pid 16920] [client 20.78.146.86:0] script '/domains/rfisher.dnai/index.php' not found or unable to stat
[Thu Feb 19 02:51:39.425347 2026] [php:error] [pid 16920] [client 20.78.146.86:0] script '/domains/rfisher.dnai/cron.php' not found or unable to stat
[Thu Feb 19 02:51:39.598370 2026] [php:error] [pid 16920] [client 20.78.146.86:0] script '/domains/rfisher.dnai/functions.php' not found or unable to stat
[Thu Feb 19 02:51:40.740349 2026] [php:error] [pid 16920] [client 20.78.146.86:0] script '/domains/rfisher.dnai/wp-add.php' not found or unable to stat
