[Thu Feb 19 03:16:34.832872 2026] [php:error] [pid 17722] [client 20.194.29.45:0] script '/domains/astrosfm/goods.php' not found or unable to stat
[Thu Feb 19 03:16:35.027750 2026] [php:error] [pid 17722] [client 20.194.29.45:0] script '/domains/astrosfm/gzak2w.php' not found or unable to stat
[Thu Feb 19 03:16:35.226752 2026] [php:error] [pid 17722] [client 20.194.29.45:0] script '/domains/astrosfm/hehehehe.php' not found or unable to stat
[Thu Feb 19 03:16:36.556140 2026] [php:error] [pid 17722] [client 20.194.29.45:0] script '/domains/astrosfm/install.php' not found or unable to stat
[Thu Feb 19 03:16:37.413089 2026] [php:error] [pid 17722] [client 20.194.29.45:0] script '/domains/astrosfm/ova.php' not found or unable to stat
[Thu Feb 19 03:16:46.916383 2026] [php:error] [pid 17731] [client 34.96.162.59:0] script '/domains/pauljbrock/adminer-5.4.1-mysql-en.php' not found or unable to stat
[Thu Feb 19 03:16:47.429392 2026] [php:error] [pid 17734] [client 20.194.29.45:0] script '/domains/astrosfm/wp.php' not found or unable to stat
[Thu Feb 19 03:16:50.879875 2026] [php:error] [pid 17722] [client 35.247.243.244:0] script '/domains/hdickens.enteract/adminer-5.0.4-mysql-en.php' not found or unable to stat
[Thu Feb 19 03:16:55.648622 2026] [php:error] [pid 17734] [client 34.96.162.50:0] script '/domains/hdickens.enteract/adminer-5.4.0-mysql.php' not found or unable to stat
[Thu Feb 19 03:16:57.447922 2026] [php:error] [pid 17731] [client 35.247.243.251:0] script '/domains/pauljbrock/adminer-5.4.0-en.php' not found or unable to stat
[Thu Feb 19 03:17:02.902807 2026] [php:error] [pid 17731] [client 35.247.243.240:0] script '/domains/hdickens.enteract/adminer-5.0.5-mysql.php' not found or unable to stat
[Thu Feb 19 03:17:11.756665 2026] [php:error] [pid 17746] [client 35.247.243.240:0] script '/domains/pauljbrock/adminer-4.4.0.php' not found or unable to stat
[Thu Feb 19 03:17:12.401768 2026] [php:error] [pid 17747] [client 35.247.243.240:0] script '/domains/pauljbrock/adminer-5.2.0-mysql.php' not found or unable to stat
[Thu Feb 19 03:17:14.587909 2026] [php:error] [pid 17734] [client 35.247.243.243:0] script '/domains/hdickens.enteract/adminer-5.0.0-mysql.php' not found or unable to stat
[Thu Feb 19 03:17:14.860294 2026] [php:error] [pid 17747] [client 35.247.243.252:0] script '/domains/pauljbrock/adminer-4.3.0.php' not found or unable to stat
[Thu Feb 19 03:17:21.010991 2026] [php:error] [pid 17742] [client 104.211.88.54:0] script '/domains/system_default/wp-2019.php' not found or unable to stat
[Thu Feb 19 03:17:21.221029 2026] [php:error] [pid 17742] [client 104.211.88.54:0] script '/domains/system_default/403.php' not found or unable to stat
[Thu Feb 19 03:17:21.432538 2026] [php:error] [pid 17742] [client 104.211.88.54:0] script '/domains/system_default/aaa.php' not found or unable to stat
[Thu Feb 19 03:17:22.425462 2026] [php:error] [pid 17742] [client 104.211.88.54:0] script '/domains/system_default/y.php' not found or unable to stat
[Thu Feb 19 03:17:22.982787 2026] [php:error] [pid 17742] [client 104.211.88.54:0] script '/domains/system_default/ggfi.php' not found or unable to stat
[Thu Feb 19 03:17:23.004094 2026] [php:error] [pid 17749] [client 34.96.162.62:0] script '/domains/pauljbrock/adminer-4.7.2.php' not found or unable to stat
[Thu Feb 19 03:17:23.605250 2026] [php:error] [pid 17742] [client 104.211.88.54:0] script '/domains/system_default/buy.php' not found or unable to stat
[Thu Feb 19 03:17:23.936530 2026] [php:error] [pid 17742] [client 104.211.88.54:0] script '/domains/system_default/chosen.php' not found or unable to stat
[Thu Feb 19 03:17:24.136455 2026] [php:error] [pid 17742] [client 104.211.88.54:0] script '/domains/system_default/index.php' not found or unable to stat
[Thu Feb 19 03:17:24.415673 2026] [php:error] [pid 17742] [client 104.211.88.54:0] script '/domains/system_default/cron.php' not found or unable to stat
[Thu Feb 19 03:17:24.626458 2026] [php:error] [pid 17742] [client 104.211.88.54:0] script '/domains/system_default/functions.php' not found or unable to stat
[Thu Feb 19 03:17:25.589020 2026] [php:error] [pid 17742] [client 104.211.88.54:0] script '/domains/system_default/wp-add.php' not found or unable to stat
[Thu Feb 19 03:17:26.092906 2026] [php:error] [pid 17742] [client 104.211.88.54:0] script '/domains/system_default/0.php' not found or unable to stat
[Thu Feb 19 03:17:26.419637 2026] [php:error] [pid 17742] [client 104.211.88.54:0] script '/domains/system_default/edit.php' not found or unable to stat
[Thu Feb 19 03:17:26.725176 2026] [php:error] [pid 17742] [client 104.211.88.54:0] script '/domains/system_default/meta.php' not found or unable to stat
[Thu Feb 19 03:17:26.925098 2026] [php:error] [pid 17742] [client 104.211.88.54:0] script '/domains/system_default/new.php' not found or unable to stat
[Thu Feb 19 03:17:27.416686 2026] [php:error] [pid 17742] [client 104.211.88.54:0] script '/domains/system_default/as.php' not found or unable to stat
[Thu Feb 19 03:17:27.548477 2026] [php:error] [pid 17734] [client 34.96.162.61:0] script '/domains/pauljbrock/adminer-5.1.0-mysql.php' not found or unable to stat
[Thu Feb 19 03:17:27.630666 2026] [php:error] [pid 17742] [client 104.211.88.54:0] script '/domains/system_default/ds.php' not found or unable to stat
[Thu Feb 19 03:17:27.930010 2026] [php:error] [pid 17742] [client 104.211.88.54:0] script '/domains/system_default/error.php' not found or unable to stat
[Thu Feb 19 03:17:28.307665 2026] [php:error] [pid 17742] [client 104.211.88.54:0] script '/domains/system_default/gecko-new.php' not found or unable to stat
[Thu Feb 19 03:17:28.602357 2026] [php:error] [pid 17742] [client 104.211.88.54:0] script '/domains/system_default/randkeyword.php' not found or unable to stat
[Thu Feb 19 03:17:29.383992 2026] [php:error] [pid 17742] [client 104.211.88.54:0] script '/domains/system_default/NewFile.php' not found or unable to stat
[Thu Feb 19 03:17:29.583364 2026] [php:error] [pid 17742] [client 104.211.88.54:0] script '/domains/system_default/goods.php' not found or unable to stat
[Thu Feb 19 03:17:29.807275 2026] [php:error] [pid 17742] [client 104.211.88.54:0] script '/domains/system_default/simple.php' not found or unable to stat
[Thu Feb 19 03:17:30.854225 2026] [php:error] [pid 17742] [client 104.211.88.54:0] script '/domains/system_default/c.php' not found or unable to stat
[Thu Feb 19 03:17:31.147176 2026] [php:error] [pid 17749] [client 34.96.162.53:0] script '/domains/hdickens.enteract/adminer-5.4.1-mysql.php' not found or unable to stat
[Thu Feb 19 03:17:31.879682 2026] [php:error] [pid 17742] [client 104.211.88.54:0] script '/domains/system_default/auth.php' not found or unable to stat
[Thu Feb 19 03:17:32.203969 2026] [php:error] [pid 17742] [client 104.211.88.54:0] script '/domains/system_default/class-wp-lock.php' not found or unable to stat
[Thu Feb 19 03:17:32.465920 2026] [php:error] [pid 17742] [client 104.211.88.54:0] script '/domains/system_default/cookie.php' not found or unable to stat
[Thu Feb 19 03:17:32.780770 2026] [php:error] [pid 17742] [client 104.211.88.54:0] script '/domains/system_default/admin.php' not found or unable to stat
[Thu Feb 19 03:17:33.039865 2026] [php:error] [pid 17742] [client 104.211.88.54:0] script '/domains/system_default/baxa1.php' not found or unable to stat
[Thu Feb 19 03:17:34.015722 2026] [php:error] [pid 17752] [client 35.247.243.243:0] script '/domains/hdickens.enteract/adminer-5.4.1.php' not found or unable to stat
[Thu Feb 19 03:17:34.021900 2026] [php:error] [pid 17742] [client 104.211.88.54:0] script '/domains/system_default/xleet.php' not found or unable to stat
[Thu Feb 19 03:17:34.519702 2026] [php:error] [pid 17742] [client 104.211.88.54:0] script '/domains/system_default/about.php' not found or unable to stat
[Thu Feb 19 03:17:36.115387 2026] [php:error] [pid 17742] [client 104.211.88.54:0] script '/domains/system_default/alfanew.php' not found or unable to stat
[Thu Feb 19 03:17:36.568458 2026] [php:error] [pid 17742] [client 104.211.88.54:0] script '/domains/system_default/22.php' not found or unable to stat
[Thu Feb 19 03:17:37.381392 2026] [php:error] [pid 17742] [client 104.211.88.54:0] script '/domains/system_default/simple.php' not found or unable to stat
[Thu Feb 19 03:17:38.026648 2026] [php:error] [pid 17742] [client 104.211.88.54:0] script '/domains/system_default/admin.php' not found or unable to stat
[Thu Feb 19 03:17:38.410687 2026] [php:error] [pid 17742] [client 104.211.88.54:0] script '/domains/system_default/c99.php' not found or unable to stat
[Thu Feb 19 03:17:38.617867 2026] [php:error] [pid 17742] [client 104.211.88.54:0] script '/domains/system_default/file.php' not found or unable to stat
[Thu Feb 19 03:17:38.884055 2026] [php:error] [pid 17742] [client 104.211.88.54:0] script '/domains/system_default/b.php' not found or unable to stat
[Thu Feb 19 03:17:39.169636 2026] [php:error] [pid 17742] [client 104.211.88.54:0] script '/domains/system_default/classwithtostring.php' not found or unable to stat
[Thu Feb 19 03:17:39.368859 2026] [php:error] [pid 17742] [client 104.211.88.54:0] script '/domains/system_default/css.php' not found or unable to stat
[Thu Feb 19 03:17:39.600873 2026] [php:error] [pid 17742] [client 104.211.88.54:0] script '/domains/system_default/flower.php' not found or unable to stat
[Thu Feb 19 03:17:39.753774 2026] [php:error] [pid 17719] [client 34.96.162.50:0] script '/domains/pauljbrock/adminer-4.8.1-mysql.php' not found or unable to stat
[Thu Feb 19 03:17:40.368729 2026] [php:error] [pid 17742] [client 104.211.88.54:0] script '/domains/system_default/jp.php' not found or unable to stat
[Thu Feb 19 03:17:40.574990 2026] [php:error] [pid 17742] [client 104.211.88.54:0] script '/domains/system_default/room.php' not found or unable to stat
[Thu Feb 19 03:17:41.437769 2026] [php:error] [pid 17742] [client 104.211.88.54:0] script '/domains/system_default/12.php' not found or unable to stat
[Thu Feb 19 03:17:41.647129 2026] [php:error] [pid 17742] [client 104.211.88.54:0] script '/domains/system_default/404.php' not found or unable to stat
[Thu Feb 19 03:17:41.892870 2026] [php:error] [pid 17742] [client 104.211.88.54:0] script '/domains/system_default/disagreed.php' not found or unable to stat
[Thu Feb 19 03:17:42.302655 2026] [php:error] [pid 17742] [client 104.211.88.54:0] script '/domains/system_default/text.php' not found or unable to stat
[Thu Feb 19 03:17:44.035836 2026] [php:error] [pid 17742] [client 104.211.88.54:0] script '/domains/system_default/GOD.php' not found or unable to stat
[Thu Feb 19 03:17:44.461199 2026] [php:error] [pid 17742] [client 104.211.88.54:0] script '/domains/system_default/alfa-rex.php' not found or unable to stat
[Thu Feb 19 03:17:44.673037 2026] [php:error] [pid 17742] [client 104.211.88.54:0] script '/domains/system_default/f35.php' not found or unable to stat
[Thu Feb 19 03:17:44.881703 2026] [php:error] [pid 17742] [client 104.211.88.54:0] script '/domains/system_default/feeds.php' not found or unable to stat
[Thu Feb 19 03:17:45.296437 2026] [php:error] [pid 17742] [client 104.211.88.54:0] script '/domains/system_default/favicon.php' not found or unable to stat
[Thu Feb 19 03:17:45.708826 2026] [php:error] [pid 17742] [client 104.211.88.54:0] script '/domains/system_default/hehe.php' not found or unable to stat
[Thu Feb 19 03:17:46.683593 2026] [php:error] [pid 17742] [client 104.211.88.54:0] script '/domains/system_default/user.php' not found or unable to stat
[Thu Feb 19 03:17:47.279527 2026] [php:error] [pid 17751] [client 104.211.88.54:0] script '/domains/system_default/autoload_classmap.php' not found or unable to stat
[Thu Feb 19 03:17:47.598594 2026] [php:error] [pid 17751] [client 104.211.88.54:0] script '/domains/system_default/files.php' not found or unable to stat
[Thu Feb 19 03:17:48.007064 2026] [php:error] [pid 17751] [client 104.211.88.54:0] script '/domains/system_default/about.php' not found or unable to stat
[Thu Feb 19 03:17:48.177046 2026] [php:error] [pid 17719] [client 34.96.162.60:0] script '/domains/pauljbrock/adminer-4.6.2.php' not found or unable to stat
[Thu Feb 19 03:17:48.339207 2026] [php:error] [pid 17751] [client 104.211.88.54:0] script '/domains/system_default/al.php' not found or unable to stat
[Thu Feb 19 03:17:48.578234 2026] [php:error] [pid 17751] [client 104.211.88.54:0] script '/domains/system_default/byp.php' not found or unable to stat
[Thu Feb 19 03:17:49.116238 2026] [php:error] [pid 17751] [client 104.211.88.54:0] script '/domains/system_default/wander.php' not found or unable to stat
[Thu Feb 19 03:17:49.964223 2026] [php:error] [pid 17751] [client 104.211.88.54:0] script '/domains/system_default/en.php' not found or unable to stat
[Thu Feb 19 03:17:50.166011 2026] [php:error] [pid 17751] [client 104.211.88.54:0] script '/domains/system_default/help.php' not found or unable to stat
[Thu Feb 19 03:17:50.771908 2026] [php:error] [pid 17749] [client 35.247.243.244:0] script '/domains/pauljbrock/adminer-4.2.5.php' not found or unable to stat
[Thu Feb 19 03:17:51.039650 2026] [php:error] [pid 17751] [client 104.211.88.54:0] script '/domains/system_default/control.php' not found or unable to stat
[Thu Feb 19 03:17:51.803696 2026] [php:error] [pid 17751] [client 104.211.88.54:0] script '/domains/system_default/radio.php' not found or unable to stat
[Thu Feb 19 03:17:52.058250 2026] [php:error] [pid 17751] [client 104.211.88.54:0] script '/domains/system_default/dropdown.php' not found or unable to stat
[Thu Feb 19 03:17:52.548855 2026] [php:error] [pid 17734] [client 34.96.162.59:0] script '/domains/pauljbrock/adminer-5.2.1-mysql-en.php' not found or unable to stat
[Thu Feb 19 03:17:52.664159 2026] [php:error] [pid 17751] [client 104.211.88.54:0] script '/domains/system_default/wp-2019.php' not found or unable to stat
[Thu Feb 19 03:17:53.080255 2026] [php:error] [pid 17751] [client 104.211.88.54:0] script '/domains/system_default/403.php' not found or unable to stat
[Thu Feb 19 03:17:53.438533 2026] [php:error] [pid 17751] [client 104.211.88.54:0] script '/domains/system_default/about.php' not found or unable to stat
[Thu Feb 19 03:17:53.635677 2026] [php:error] [pid 17751] [client 104.211.88.54:0] script '/domains/system_default/admin.php' not found or unable to stat
[Thu Feb 19 03:17:53.837772 2026] [php:error] [pid 17751] [client 104.211.88.54:0] script '/domains/system_default/as.php' not found or unable to stat
[Thu Feb 19 03:17:54.064678 2026] [php:error] [pid 17751] [client 104.211.88.54:0] script '/domains/system_default/autoload_classmap.php' not found or unable to stat
[Thu Feb 19 03:17:54.261380 2026] [php:error] [pid 17751] [client 104.211.88.54:0] script '/domains/system_default/classwithtostring.php' not found or unable to stat
[Thu Feb 19 03:17:54.467427 2026] [php:error] [pid 17751] [client 104.211.88.54:0] script '/domains/system_default/content.php' not found or unable to stat
[Thu Feb 19 03:17:54.526359 2026] [php:error] [pid 17757] [client 35.247.243.241:0] script '/domains/hdickens.enteract/adminer-5.1.1-mysql.php' not found or unable to stat
[Thu Feb 19 03:17:54.816610 2026] [php:error] [pid 17751] [client 104.211.88.54:0] script '/domains/system_default/doc.php' not found or unable to stat
[Thu Feb 19 03:17:55.015964 2026] [php:error] [pid 17751] [client 104.211.88.54:0] script '/domains/system_default/dropdown.php' not found or unable to stat
[Thu Feb 19 03:17:55.246618 2026] [php:error] [pid 17751] [client 104.211.88.54:0] script '/domains/system_default/ee.php' not found or unable to stat
[Thu Feb 19 03:17:55.339330 2026] [php:error] [pid 17736] [client 35.247.243.244:0] script '/domains/pauljbrock/adminer-5.0.0.php' not found or unable to stat
[Thu Feb 19 03:17:55.699336 2026] [php:error] [pid 17751] [client 104.211.88.54:0] script '/domains/system_default/moon.php' not found or unable to stat
[Thu Feb 19 03:17:55.902781 2026] [php:error] [pid 17751] [client 104.211.88.54:0] script '/domains/system_default/new.php' not found or unable to stat
[Thu Feb 19 03:17:56.195312 2026] [php:error] [pid 17751] [client 104.211.88.54:0] script '/domains/system_default/radio.php' not found or unable to stat
[Thu Feb 19 03:17:56.526394 2026] [php:error] [pid 17751] [client 104.211.88.54:0] script '/domains/system_default/s.php' not found or unable to stat
[Thu Feb 19 03:17:56.796270 2026] [php:error] [pid 17751] [client 104.211.88.54:0] script '/domains/system_default/sim.php' not found or unable to stat
[Thu Feb 19 03:17:57.001634 2026] [php:error] [pid 17751] [client 104.211.88.54:0] script '/domains/system_default/simple.php' not found or unable to stat
[Thu Feb 19 03:17:57.436102 2026] [php:error] [pid 17751] [client 104.211.88.54:0] script '/domains/system_default/user.php' not found or unable to stat
[Thu Feb 19 03:17:57.651133 2026] [php:error] [pid 17751] [client 104.211.88.54:0] script '/domains/system_default/webadmin.php' not found or unable to stat
[Thu Feb 19 03:17:59.384176 2026] [php:error] [pid 17751] [client 104.211.88.54:0] script '/domains/system_default/wp-config-sample.php' not found or unable to stat
[Thu Feb 19 03:17:59.588597 2026] [php:error] [pid 17751] [client 104.211.88.54:0] script '/domains/system_default/wp-configs.php' not found or unable to stat
[Thu Feb 19 03:17:59.785493 2026] [php:error] [pid 17751] [client 104.211.88.54:0] script '/domains/system_default/wp-conflg.php' not found or unable to stat
[Thu Feb 19 03:18:01.006129 2026] [php:error] [pid 17751] [client 104.211.88.54:0] script '/domains/system_default/wp-mail.php' not found or unable to stat
[Thu Feb 19 03:18:01.217867 2026] [php:error] [pid 17751] [client 104.211.88.54:0] script '/domains/system_default/wsa.php' not found or unable to stat
[Thu Feb 19 03:18:01.765740 2026] [php:error] [pid 17751] [client 104.211.88.54:0] script '/domains/system_default/xmlrpc.php' not found or unable to stat
[Thu Feb 19 03:18:01.976034 2026] [php:error] [pid 17751] [client 104.211.88.54:0] script '/domains/system_default/ab.php' not found or unable to stat
[Thu Feb 19 03:18:02.284523 2026] [php:error] [pid 17751] [client 104.211.88.54:0] script '/domains/system_default/classwithtostring.php' not found or unable to stat
[Thu Feb 19 03:18:02.564038 2026] [php:error] [pid 17751] [client 104.211.88.54:0] script '/domains/system_default/version.php' not found or unable to stat
[Thu Feb 19 03:18:02.761073 2026] [php:error] [pid 17751] [client 104.211.88.54:0] script '/domains/system_default/xxx.php' not found or unable to stat
[Thu Feb 19 03:18:03.541172 2026] [php:error] [pid 17751] [client 104.211.88.54:0] script '/domains/system_default/1.php' not found or unable to stat
[Thu Feb 19 03:18:03.738358 2026] [php:error] [pid 17751] [client 104.211.88.54:0] script '/domains/system_default/themes.php' not found or unable to stat
[Thu Feb 19 03:18:04.586494 2026] [php:error] [pid 17751] [client 104.211.88.54:0] script '/domains/system_default/b0.php' not found or unable to stat
[Thu Feb 19 03:18:04.787083 2026] [php:error] [pid 17751] [client 104.211.88.54:0] script '/domains/system_default/bala.php' not found or unable to stat
[Thu Feb 19 03:18:05.586102 2026] [php:error] [pid 17751] [client 104.211.88.54:0] script '/domains/system_default/xl2023.php.php' not found or unable to stat
[Thu Feb 19 03:18:06.666732 2026] [php:error] [pid 17751] [client 104.211.88.54:0] script '/domains/system_default/120f9.php' not found or unable to stat
[Thu Feb 19 03:18:06.866284 2026] [php:error] [pid 17751] [client 104.211.88.54:0] script '/domains/system_default/504.php' not found or unable to stat
[Thu Feb 19 03:18:07.077898 2026] [php:error] [pid 17751] [client 104.211.88.54:0] script '/domains/system_default/about.php' not found or unable to stat
[Thu Feb 19 03:18:07.276384 2026] [php:error] [pid 17751] [client 104.211.88.54:0] script '/domains/system_default/back.php' not found or unable to stat
[Thu Feb 19 03:18:07.544190 2026] [php:error] [pid 17751] [client 104.211.88.54:0] script '/domains/system_default/cong.php' not found or unable to stat
[Thu Feb 19 03:18:07.769549 2026] [php:error] [pid 17751] [client 104.211.88.54:0] script '/domains/system_default/credits.php' not found or unable to stat
[Thu Feb 19 03:18:08.003465 2026] [php:error] [pid 17751] [client 104.211.88.54:0] script '/domains/system_default/credits.php' not found or unable to stat
[Thu Feb 19 03:18:08.219585 2026] [php:error] [pid 17751] [client 104.211.88.54:0] script '/domains/system_default/data.php' not found or unable to stat
[Thu Feb 19 03:18:08.416799 2026] [php:error] [pid 17751] [client 104.211.88.54:0] script '/domains/system_default/function.php' not found or unable to stat
[Thu Feb 19 03:18:08.623646 2026] [php:error] [pid 17751] [client 104.211.88.54:0] script '/domains/system_default/goods.php' not found or unable to stat
[Thu Feb 19 03:18:08.888460 2026] [php:error] [pid 17751] [client 104.211.88.54:0] script '/domains/system_default/gzak2w.php' not found or unable to stat
[Thu Feb 19 03:18:09.086493 2026] [php:error] [pid 17751] [client 104.211.88.54:0] script '/domains/system_default/hehehehe.php' not found or unable to stat
[Thu Feb 19 03:18:09.764194 2026] [php:error] [pid 17751] [client 104.211.88.54:0] script '/domains/system_default/install.php' not found or unable to stat
[Thu Feb 19 03:18:10.300314 2026] [php:error] [pid 17751] [client 104.211.88.54:0] script '/domains/system_default/ova.php' not found or unable to stat
[Thu Feb 19 03:18:16.970237 2026] [php:error] [pid 17743] [client 104.211.88.54:0] script '/domains/system_default/wp.php' not found or unable to stat
[Thu Feb 19 03:18:25.629855 2026] [php:error] [pid 17743] [client 34.96.162.54:0] script '/domains/pauljbrock/adminer-5.4.0-en.php' not found or unable to stat
[Thu Feb 19 03:18:33.475959 2026] [php:error] [pid 17757] [client 35.247.243.255:0] script '/domains/hdickens.enteract/adminer-5.4.1.php' not found or unable to stat
[Thu Feb 19 03:18:44.698497 2026] [php:error] [pid 17770] [client 35.247.243.252:0] script '/domains/hdickens.enteract/adminer-4.6.0.php' not found or unable to stat
[Thu Feb 19 03:18:52.379975 2026] [php:error] [pid 17764] [client 34.96.162.59:0] script '/domains/pauljbrock/adminer-5.0.4-mysql.php' not found or unable to stat
[Thu Feb 19 03:19:05.960164 2026] [php:error] [pid 17778] [client 34.96.162.50:0] script '/domains/hdickens.enteract/adminer-5.0.3.php' not found or unable to stat
[Thu Feb 19 03:19:17.522821 2026] [php:error] [pid 17782] [client 20.53.240.38:0] script '/domains/system_default/wp-2019.php' not found or unable to stat
[Thu Feb 19 03:19:17.737919 2026] [php:error] [pid 17782] [client 20.53.240.38:0] script '/domains/system_default/403.php' not found or unable to stat
[Thu Feb 19 03:19:17.945112 2026] [php:error] [pid 17782] [client 20.53.240.38:0] script '/domains/system_default/aaa.php' not found or unable to stat
[Thu Feb 19 03:19:18.875940 2026] [php:error] [pid 17782] [client 20.53.240.38:0] script '/domains/system_default/y.php' not found or unable to stat
[Thu Feb 19 03:19:19.334358 2026] [php:error] [pid 17782] [client 20.53.240.38:0] script '/domains/system_default/ggfi.php' not found or unable to stat
[Thu Feb 19 03:19:20.187037 2026] [php:error] [pid 17782] [client 20.53.240.38:0] script '/domains/system_default/buy.php' not found or unable to stat
[Thu Feb 19 03:19:20.613215 2026] [php:error] [pid 17782] [client 20.53.240.38:0] script '/domains/system_default/chosen.php' not found or unable to stat
[Thu Feb 19 03:19:20.825200 2026] [php:error] [pid 17782] [client 20.53.240.38:0] script '/domains/system_default/index.php' not found or unable to stat
[Thu Feb 19 03:19:21.040008 2026] [php:error] [pid 17782] [client 20.53.240.38:0] script '/domains/system_default/cron.php' not found or unable to stat
[Thu Feb 19 03:19:21.268411 2026] [php:error] [pid 17782] [client 20.53.240.38:0] script '/domains/system_default/functions.php' not found or unable to stat
[Thu Feb 19 03:19:22.281540 2026] [php:error] [pid 17782] [client 20.53.240.38:0] script '/domains/system_default/wp-add.php' not found or unable to stat
[Thu Feb 19 03:19:22.638070 2026] [php:error] [pid 17782] [client 20.53.240.38:0] script '/domains/system_default/0.php' not found or unable to stat
[Thu Feb 19 03:19:22.659726 2026] [php:error] [pid 17781] [client 34.96.162.55:0] script '/domains/pauljbrock/adminer-4.6.2.php' not found or unable to stat
[Thu Feb 19 03:19:22.846227 2026] [php:error] [pid 17782] [client 20.53.240.38:0] script '/domains/system_default/edit.php' not found or unable to stat
[Thu Feb 19 03:19:23.056706 2026] [php:error] [pid 17782] [client 20.53.240.38:0] script '/domains/system_default/meta.php' not found or unable to stat
[Thu Feb 19 03:19:23.403463 2026] [php:error] [pid 17782] [client 20.53.240.38:0] script '/domains/system_default/new.php' not found or unable to stat
[Thu Feb 19 03:19:23.877377 2026] [php:error] [pid 17782] [client 20.53.240.38:0] script '/domains/system_default/as.php' not found or unable to stat
[Thu Feb 19 03:19:24.158148 2026] [php:error] [pid 17782] [client 20.53.240.38:0] script '/domains/system_default/ds.php' not found or unable to stat
[Thu Feb 19 03:19:24.364061 2026] [php:error] [pid 17782] [client 20.53.240.38:0] script '/domains/system_default/error.php' not found or unable to stat
[Thu Feb 19 03:19:24.644812 2026] [php:error] [pid 17782] [client 20.53.240.38:0] script '/domains/system_default/gecko-new.php' not found or unable to stat
[Thu Feb 19 03:19:24.862485 2026] [php:error] [pid 17782] [client 20.53.240.38:0] script '/domains/system_default/randkeyword.php' not found or unable to stat
[Thu Feb 19 03:19:25.320175 2026] [php:error] [pid 17779] [client 35.247.243.240:0] script '/domains/hdickens.enteract/adminer-4.7.0.php' not found or unable to stat
[Thu Feb 19 03:19:25.685744 2026] [php:error] [pid 17782] [client 20.53.240.38:0] script '/domains/system_default/NewFile.php' not found or unable to stat
[Thu Feb 19 03:19:25.941707 2026] [php:error] [pid 17782] [client 20.53.240.38:0] script '/domains/system_default/goods.php' not found or unable to stat
[Thu Feb 19 03:19:26.263796 2026] [php:error] [pid 17782] [client 20.53.240.38:0] script '/domains/system_default/simple.php' not found or unable to stat
[Thu Feb 19 03:19:27.299406 2026] [php:error] [pid 17782] [client 20.53.240.38:0] script '/domains/system_default/c.php' not found or unable to stat
[Thu Feb 19 03:19:28.040112 2026] [php:error] [pid 17782] [client 20.53.240.38:0] script '/domains/system_default/auth.php' not found or unable to stat
[Thu Feb 19 03:19:28.253621 2026] [php:error] [pid 17782] [client 20.53.240.38:0] script '/domains/system_default/class-wp-lock.php' not found or unable to stat
[Thu Feb 19 03:19:28.509402 2026] [php:error] [pid 17782] [client 20.53.240.38:0] script '/domains/system_default/cookie.php' not found or unable to stat
[Thu Feb 19 03:19:28.724570 2026] [php:error] [pid 17782] [client 20.53.240.38:0] script '/domains/system_default/admin.php' not found or unable to stat
[Thu Feb 19 03:19:29.067147 2026] [php:error] [pid 17782] [client 20.53.240.38:0] script '/domains/system_default/baxa1.php' not found or unable to stat
[Thu Feb 19 03:19:29.730057 2026] [php:error] [pid 17782] [client 20.53.240.38:0] script '/domains/system_default/xleet.php' not found or unable to stat
[Thu Feb 19 03:19:30.147355 2026] [php:error] [pid 17762] [client 20.24.197.43:0] script '/domains/smartny/wp-2019.php' not found or unable to stat
[Thu Feb 19 03:19:30.148506 2026] [php:error] [pid 17782] [client 20.53.240.38:0] script '/domains/system_default/about.php' not found or unable to stat
[Thu Feb 19 03:19:30.357894 2026] [php:error] [pid 17762] [client 20.24.197.43:0] script '/domains/smartny/403.php' not found or unable to stat
[Thu Feb 19 03:19:30.817198 2026] [php:error] [pid 17762] [client 20.24.197.43:0] script '/domains/smartny/aaa.php' not found or unable to stat
[Thu Feb 19 03:19:31.662180 2026] [php:error] [pid 17782] [client 20.53.240.38:0] script '/domains/system_default/alfanew.php' not found or unable to stat
[Thu Feb 19 03:19:32.099693 2026] [php:error] [pid 17782] [client 20.53.240.38:0] script '/domains/system_default/22.php' not found or unable to stat
[Thu Feb 19 03:19:32.267601 2026] [php:error] [pid 17762] [client 20.24.197.43:0] script '/domains/smartny/y.php' not found or unable to stat
[Thu Feb 19 03:19:32.698245 2026] [php:error] [pid 17762] [client 20.24.197.43:0] script '/domains/smartny/ggfi.php' not found or unable to stat
[Thu Feb 19 03:19:32.898749 2026] [php:error] [pid 17782] [client 20.53.240.38:0] script '/domains/system_default/simple.php' not found or unable to stat
[Thu Feb 19 03:19:33.426010 2026] [php:error] [pid 17782] [client 20.53.240.38:0] script '/domains/system_default/admin.php' not found or unable to stat
[Thu Feb 19 03:19:33.631598 2026] [php:error] [pid 17782] [client 20.53.240.38:0] script '/domains/system_default/c99.php' not found or unable to stat
[Thu Feb 19 03:19:33.843549 2026] [php:error] [pid 17782] [client 20.53.240.38:0] script '/domains/system_default/file.php' not found or unable to stat
[Thu Feb 19 03:19:33.944520 2026] [php:error] [pid 17762] [client 20.24.197.43:0] script '/domains/smartny/buy.php' not found or unable to stat
[Thu Feb 19 03:19:34.059423 2026] [php:error] [pid 17782] [client 20.53.240.38:0] script '/domains/system_default/b.php' not found or unable to stat
[Thu Feb 19 03:19:34.170126 2026] [php:error] [pid 17762] [client 20.24.197.43:0] script '/domains/smartny/chosen.php' not found or unable to stat
[Thu Feb 19 03:19:34.267423 2026] [php:error] [pid 17782] [client 20.53.240.38:0] script '/domains/system_default/classwithtostring.php' not found or unable to stat
[Thu Feb 19 03:19:34.400310 2026] [php:error] [pid 17762] [client 20.24.197.43:0] script '/domains/smartny/index.php' not found or unable to stat
[Thu Feb 19 03:19:34.556218 2026] [php:error] [pid 17782] [client 20.53.240.38:0] script '/domains/system_default/css.php' not found or unable to stat
[Thu Feb 19 03:19:34.639757 2026] [php:error] [pid 17762] [client 20.24.197.43:0] script '/domains/smartny/cron.php' not found or unable to stat
[Thu Feb 19 03:19:34.764566 2026] [php:error] [pid 17782] [client 20.53.240.38:0] script '/domains/system_default/flower.php' not found or unable to stat
[Thu Feb 19 03:19:34.859155 2026] [php:error] [pid 17762] [client 20.24.197.43:0] script '/domains/smartny/functions.php' not found or unable to stat
[Thu Feb 19 03:19:35.497089 2026] [php:error] [pid 17782] [client 20.53.240.38:0] script '/domains/system_default/jp.php' not found or unable to stat
[Thu Feb 19 03:19:35.714977 2026] [php:error] [pid 17782] [client 20.53.240.38:0] script '/domains/system_default/room.php' not found or unable to stat
[Thu Feb 19 03:19:35.957505 2026] [php:error] [pid 17762] [client 20.24.197.43:0] script '/domains/smartny/wp-add.php' not found or unable to stat
[Thu Feb 19 03:19:36.175684 2026] [php:error] [pid 17762] [client 20.24.197.43:0] script '/domains/smartny/0.php' not found or unable to stat
[Thu Feb 19 03:19:36.393693 2026] [php:error] [pid 17762] [client 20.24.197.43:0] script '/domains/smartny/edit.php' not found or unable to stat
[Thu Feb 19 03:19:36.419101 2026] [php:error] [pid 17782] [client 20.53.240.38:0] script '/domains/system_default/12.php' not found or unable to stat
[Thu Feb 19 03:19:36.628985 2026] [php:error] [pid 17782] [client 20.53.240.38:0] script '/domains/system_default/404.php' not found or unable to stat
[Thu Feb 19 03:19:36.776526 2026] [php:error] [pid 17762] [client 20.24.197.43:0] script '/domains/smartny/meta.php' not found or unable to stat
[Thu Feb 19 03:19:36.927883 2026] [php:error] [pid 17782] [client 20.53.240.38:0] script '/domains/system_default/disagreed.php' not found or unable to stat
[Thu Feb 19 03:19:37.005308 2026] [php:error] [pid 17762] [client 20.24.197.43:0] script '/domains/smartny/new.php' not found or unable to stat
[Thu Feb 19 03:19:37.352626 2026] [php:error] [pid 17782] [client 20.53.240.38:0] script '/domains/system_default/text.php' not found or unable to stat
[Thu Feb 19 03:19:37.446286 2026] [php:error] [pid 17762] [client 20.24.197.43:0] script '/domains/smartny/as.php' not found or unable to stat
[Thu Feb 19 03:19:37.680980 2026] [php:error] [pid 17762] [client 20.24.197.43:0] script '/domains/smartny/ds.php' not found or unable to stat
[Thu Feb 19 03:19:37.917988 2026] [php:error] [pid 17762] [client 20.24.197.43:0] script '/domains/smartny/error.php' not found or unable to stat
[Thu Feb 19 03:19:38.133476 2026] [php:error] [pid 17762] [client 20.24.197.43:0] script '/domains/smartny/gecko-new.php' not found or unable to stat
[Thu Feb 19 03:19:38.357079 2026] [php:error] [pid 17762] [client 20.24.197.43:0] script '/domains/smartny/randkeyword.php' not found or unable to stat
[Thu Feb 19 03:19:39.174282 2026] [php:error] [pid 17762] [client 20.24.197.43:0] script '/domains/smartny/NewFile.php' not found or unable to stat
[Thu Feb 19 03:19:39.266967 2026] [php:error] [pid 17782] [client 20.53.240.38:0] script '/domains/system_default/GOD.php' not found or unable to stat
[Thu Feb 19 03:19:39.389399 2026] [php:error] [pid 17762] [client 20.24.197.43:0] script '/domains/smartny/goods.php' not found or unable to stat
[Thu Feb 19 03:19:39.706087 2026] [php:error] [pid 17782] [client 20.53.240.38:0] script '/domains/system_default/alfa-rex.php' not found or unable to stat
[Thu Feb 19 03:19:39.785833 2026] [php:error] [pid 17762] [client 20.24.197.43:0] script '/domains/smartny/simple.php' not found or unable to stat
[Thu Feb 19 03:19:39.912249 2026] [php:error] [pid 17782] [client 20.53.240.38:0] script '/domains/system_default/f35.php' not found or unable to stat
[Thu Feb 19 03:19:40.119769 2026] [php:error] [pid 17782] [client 20.53.240.38:0] script '/domains/system_default/feeds.php' not found or unable to stat
[Thu Feb 19 03:19:40.553012 2026] [php:error] [pid 17782] [client 20.53.240.38:0] script '/domains/system_default/favicon.php' not found or unable to stat
[Thu Feb 19 03:19:40.655430 2026] [php:error] [pid 17762] [client 20.24.197.43:0] script '/domains/smartny/c.php' not found or unable to stat
[Thu Feb 19 03:19:40.982413 2026] [php:error] [pid 17782] [client 20.53.240.38:0] script '/domains/system_default/hehe.php' not found or unable to stat
[Thu Feb 19 03:19:41.925164 2026] [php:error] [pid 17762] [client 20.24.197.43:0] script '/domains/smartny/auth.php' not found or unable to stat
[Thu Feb 19 03:19:42.081287 2026] [php:error] [pid 17782] [client 20.53.240.38:0] script '/domains/system_default/user.php' not found or unable to stat
[Thu Feb 19 03:19:42.155948 2026] [php:error] [pid 17762] [client 20.24.197.43:0] script '/domains/smartny/class-wp-lock.php' not found or unable to stat
[Thu Feb 19 03:19:42.368945 2026] [php:error] [pid 17762] [client 20.24.197.43:0] script '/domains/smartny/cookie.php' not found or unable to stat
[Thu Feb 19 03:19:42.582147 2026] [php:error] [pid 17762] [client 20.24.197.43:0] script '/domains/smartny/admin.php' not found or unable to stat
[Thu Feb 19 03:19:42.691851 2026] [php:error] [pid 17784] [client 20.53.240.38:0] script '/domains/system_default/autoload_classmap.php' not found or unable to stat
[Thu Feb 19 03:19:42.792399 2026] [php:error] [pid 17762] [client 20.24.197.43:0] script '/domains/smartny/baxa1.php' not found or unable to stat
[Thu Feb 19 03:19:42.906671 2026] [php:error] [pid 17784] [client 20.53.240.38:0] script '/domains/system_default/files.php' not found or unable to stat
[Thu Feb 19 03:19:43.315609 2026] [php:error] [pid 17784] [client 20.53.240.38:0] script '/domains/system_default/about.php' not found or unable to stat
[Thu Feb 19 03:19:43.535762 2026] [php:error] [pid 17784] [client 20.53.240.38:0] script '/domains/system_default/al.php' not found or unable to stat
[Thu Feb 19 03:19:43.779282 2026] [php:error] [pid 17784] [client 20.53.240.38:0] script '/domains/system_default/byp.php' not found or unable to stat
[Thu Feb 19 03:19:43.917538 2026] [php:error] [pid 17762] [client 20.24.197.43:0] script '/domains/smartny/xleet.php' not found or unable to stat
[Thu Feb 19 03:19:44.258749 2026] [php:error] [pid 17784] [client 20.53.240.38:0] script '/domains/system_default/wander.php' not found or unable to stat
[Thu Feb 19 03:19:44.522376 2026] [php:error] [pid 17762] [client 20.24.197.43:0] script '/domains/smartny/about.php' not found or unable to stat
[Thu Feb 19 03:19:45.102594 2026] [php:error] [pid 17784] [client 20.53.240.38:0] script '/domains/system_default/en.php' not found or unable to stat
[Thu Feb 19 03:19:45.471612 2026] [php:error] [pid 17784] [client 20.53.240.38:0] script '/domains/system_default/help.php' not found or unable to stat
[Thu Feb 19 03:19:46.477051 2026] [php:error] [pid 17784] [client 20.53.240.38:0] script '/domains/system_default/control.php' not found or unable to stat
[Thu Feb 19 03:19:46.532745 2026] [php:error] [pid 17762] [client 20.24.197.43:0] script '/domains/smartny/alfanew.php' not found or unable to stat
[Thu Feb 19 03:19:47.213601 2026] [php:error] [pid 17784] [client 20.53.240.38:0] script '/domains/system_default/radio.php' not found or unable to stat
[Thu Feb 19 03:19:47.401028 2026] [php:error] [pid 17762] [client 20.24.197.43:0] script '/domains/smartny/22.php' not found or unable to stat
[Thu Feb 19 03:19:47.414968 2026] [php:error] [pid 17784] [client 20.53.240.38:0] script '/domains/system_default/dropdown.php' not found or unable to stat
[Thu Feb 19 03:19:48.038701 2026] [php:error] [pid 17784] [client 20.53.240.38:0] script '/domains/system_default/wp-2019.php' not found or unable to stat
[Thu Feb 19 03:19:48.079085 2026] [php:error] [pid 17762] [client 20.24.197.43:0] script '/domains/smartny/simple.php' not found or unable to stat
[Thu Feb 19 03:19:48.580119 2026] [php:error] [pid 17762] [client 20.24.197.43:0] script '/domains/smartny/admin.php' not found or unable to stat
[Thu Feb 19 03:19:48.600210 2026] [php:error] [pid 17784] [client 20.53.240.38:0] script '/domains/system_default/403.php' not found or unable to stat
[Thu Feb 19 03:19:48.800532 2026] [php:error] [pid 17762] [client 20.24.197.43:0] script '/domains/smartny/c99.php' not found or unable to stat
[Thu Feb 19 03:19:48.898162 2026] [php:error] [pid 17784] [client 20.53.240.38:0] script '/domains/system_default/about.php' not found or unable to stat
[Thu Feb 19 03:19:49.015634 2026] [php:error] [pid 17762] [client 20.24.197.43:0] script '/domains/smartny/file.php' not found or unable to stat
[Thu Feb 19 03:19:49.098483 2026] [php:error] [pid 17784] [client 20.53.240.38:0] script '/domains/system_default/admin.php' not found or unable to stat
[Thu Feb 19 03:19:49.226243 2026] [php:error] [pid 17762] [client 20.24.197.43:0] script '/domains/smartny/b.php' not found or unable to stat
[Thu Feb 19 03:19:49.299406 2026] [php:error] [pid 17784] [client 20.53.240.38:0] script '/domains/system_default/as.php' not found or unable to stat
[Thu Feb 19 03:19:49.729181 2026] [php:error] [pid 17762] [client 20.24.197.43:0] script '/domains/smartny/classwithtostring.php' not found or unable to stat
[Thu Feb 19 03:19:49.742360 2026] [php:error] [pid 17784] [client 20.53.240.38:0] script '/domains/system_default/autoload_classmap.php' not found or unable to stat
[Thu Feb 19 03:19:49.959190 2026] [php:error] [pid 17784] [client 20.53.240.38:0] script '/domains/system_default/classwithtostring.php' not found or unable to stat
[Thu Feb 19 03:19:50.010217 2026] [php:error] [pid 17762] [client 20.24.197.43:0] script '/domains/smartny/css.php' not found or unable to stat
[Thu Feb 19 03:19:50.159220 2026] [php:error] [pid 17784] [client 20.53.240.38:0] script '/domains/system_default/content.php' not found or unable to stat
[Thu Feb 19 03:19:50.240805 2026] [php:error] [pid 17762] [client 20.24.197.43:0] script '/domains/smartny/flower.php' not found or unable to stat
[Thu Feb 19 03:19:50.360739 2026] [php:error] [pid 17784] [client 20.53.240.38:0] script '/domains/system_default/doc.php' not found or unable to stat
[Thu Feb 19 03:19:50.591479 2026] [php:error] [pid 17784] [client 20.53.240.38:0] script '/domains/system_default/dropdown.php' not found or unable to stat
[Thu Feb 19 03:19:50.914324 2026] [php:error] [pid 17784] [client 20.53.240.38:0] script '/domains/system_default/ee.php' not found or unable to stat
[Thu Feb 19 03:19:51.404308 2026] [php:error] [pid 17784] [client 20.53.240.38:0] script '/domains/system_default/moon.php' not found or unable to stat
[Thu Feb 19 03:19:51.596286 2026] [php:error] [pid 17762] [client 20.24.197.43:0] script '/domains/smartny/jp.php' not found or unable to stat
[Thu Feb 19 03:19:51.637345 2026] [php:error] [pid 17784] [client 20.53.240.38:0] script '/domains/system_default/new.php' not found or unable to stat
[Thu Feb 19 03:19:51.808643 2026] [php:error] [pid 17762] [client 20.24.197.43:0] script '/domains/smartny/room.php' not found or unable to stat
[Thu Feb 19 03:19:51.939906 2026] [php:error] [pid 17784] [client 20.53.240.38:0] script '/domains/system_default/radio.php' not found or unable to stat
[Thu Feb 19 03:19:52.148147 2026] [php:error] [pid 17784] [client 20.53.240.38:0] script '/domains/system_default/s.php' not found or unable to stat
[Thu Feb 19 03:19:52.353977 2026] [php:error] [pid 17784] [client 20.53.240.38:0] script '/domains/system_default/sim.php' not found or unable to stat
[Thu Feb 19 03:19:52.563061 2026] [php:error] [pid 17784] [client 20.53.240.38:0] script '/domains/system_default/simple.php' not found or unable to stat
[Thu Feb 19 03:19:52.563761 2026] [php:error] [pid 17762] [client 20.24.197.43:0] script '/domains/smartny/12.php' not found or unable to stat
[Thu Feb 19 03:19:52.777170 2026] [php:error] [pid 17762] [client 20.24.197.43:0] script '/domains/smartny/404.php' not found or unable to stat
[Thu Feb 19 03:19:52.993962 2026] [php:error] [pid 17762] [client 20.24.197.43:0] script '/domains/smartny/disagreed.php' not found or unable to stat
[Thu Feb 19 03:19:53.078138 2026] [php:error] [pid 17784] [client 20.53.240.38:0] script '/domains/system_default/user.php' not found or unable to stat
[Thu Feb 19 03:19:53.295211 2026] [php:error] [pid 17784] [client 20.53.240.38:0] script '/domains/system_default/webadmin.php' not found or unable to stat
[Thu Feb 19 03:19:53.434585 2026] [php:error] [pid 17762] [client 20.24.197.43:0] script '/domains/smartny/text.php' not found or unable to stat
[Thu Feb 19 03:19:53.752890 2026] [php:error] [pid 17778] [client 216.244.66.232:0] script '/domains/hdickens.enteract/kmnj.php' not found or unable to stat
[Thu Feb 19 03:19:54.921733 2026] [php:error] [pid 17784] [client 20.53.240.38:0] script '/domains/system_default/wp-config-sample.php' not found or unable to stat
[Thu Feb 19 03:19:55.137854 2026] [php:error] [pid 17784] [client 20.53.240.38:0] script '/domains/system_default/wp-configs.php' not found or unable to stat
[Thu Feb 19 03:19:55.348308 2026] [php:error] [pid 17784] [client 20.53.240.38:0] script '/domains/system_default/wp-conflg.php' not found or unable to stat
[Thu Feb 19 03:19:55.456031 2026] [php:error] [pid 17762] [client 20.24.197.43:0] script '/domains/smartny/GOD.php' not found or unable to stat
[Thu Feb 19 03:19:55.891245 2026] [php:error] [pid 17762] [client 20.24.197.43:0] script '/domains/smartny/alfa-rex.php' not found or unable to stat
[Thu Feb 19 03:19:56.396798 2026] [php:error] [pid 17762] [client 20.24.197.43:0] script '/domains/smartny/f35.php' not found or unable to stat
[Thu Feb 19 03:19:56.612928 2026] [php:error] [pid 17762] [client 20.24.197.43:0] script '/domains/smartny/feeds.php' not found or unable to stat
[Thu Feb 19 03:19:57.153868 2026] [php:error] [pid 17784] [client 20.53.240.38:0] script '/domains/system_default/wp-mail.php' not found or unable to stat
[Thu Feb 19 03:19:57.232603 2026] [php:error] [pid 17762] [client 20.24.197.43:0] script '/domains/smartny/favicon.php' not found or unable to stat
[Thu Feb 19 03:19:57.353052 2026] [php:error] [pid 17784] [client 20.53.240.38:0] script '/domains/system_default/wsa.php' not found or unable to stat
[Thu Feb 19 03:19:57.552962 2026] [php:error] [pid 17784] [client 20.53.240.38:0] script '/domains/system_default/xmlrpc.php' not found or unable to stat
[Thu Feb 19 03:19:57.755281 2026] [php:error] [pid 17784] [client 20.53.240.38:0] script '/domains/system_default/ab.php' not found or unable to stat
[Thu Feb 19 03:19:57.956736 2026] [php:error] [pid 17784] [client 20.53.240.38:0] script '/domains/system_default/classwithtostring.php' not found or unable to stat
[Thu Feb 19 03:19:58.028017 2026] [php:error] [pid 17762] [client 20.24.197.43:0] script '/domains/smartny/hehe.php' not found or unable to stat
[Thu Feb 19 03:19:58.217782 2026] [php:error] [pid 17784] [client 20.53.240.38:0] script '/domains/system_default/version.php' not found or unable to stat
[Thu Feb 19 03:19:58.655375 2026] [php:error] [pid 17784] [client 20.53.240.38:0] script '/domains/system_default/xxx.php' not found or unable to stat
[Thu Feb 19 03:19:59.269673 2026] [php:error] [pid 17762] [client 20.24.197.43:0] script '/domains/smartny/user.php' not found or unable to stat
[Thu Feb 19 03:19:59.448325 2026] [php:error] [pid 17784] [client 20.53.240.38:0] script '/domains/system_default/1.php' not found or unable to stat
[Thu Feb 19 03:19:59.800367 2026] [php:error] [pid 17784] [client 20.53.240.38:0] script '/domains/system_default/themes.php' not found or unable to stat
[Thu Feb 19 03:19:59.929478 2026] [php:error] [pid 17778] [client 20.24.197.43:0] script '/domains/smartny/autoload_classmap.php' not found or unable to stat
[Thu Feb 19 03:20:00.153097 2026] [php:error] [pid 17778] [client 20.24.197.43:0] script '/domains/smartny/files.php' not found or unable to stat
[Thu Feb 19 03:20:00.751612 2026] [php:error] [pid 17784] [client 20.53.240.38:0] script '/domains/system_default/b0.php' not found or unable to stat
[Thu Feb 19 03:20:00.958813 2026] [php:error] [pid 17784] [client 20.53.240.38:0] script '/domains/system_default/bala.php' not found or unable to stat
[Thu Feb 19 03:20:01.094437 2026] [php:error] [pid 17778] [client 20.24.197.43:0] script '/domains/smartny/about.php' not found or unable to stat
[Thu Feb 19 03:20:01.317160 2026] [php:error] [pid 17778] [client 20.24.197.43:0] script '/domains/smartny/al.php' not found or unable to stat
[Thu Feb 19 03:20:01.796636 2026] [php:error] [pid 17784] [client 20.53.240.38:0] script '/domains/system_default/xl2023.php.php' not found or unable to stat
[Thu Feb 19 03:20:01.901761 2026] [php:error] [pid 17778] [client 20.24.197.43:0] script '/domains/smartny/byp.php' not found or unable to stat
[Thu Feb 19 03:20:02.321348 2026] [php:error] [pid 17778] [client 20.24.197.43:0] script '/domains/smartny/css/autoload_classmap.php' not found or unable to stat
[Thu Feb 19 03:20:02.543282 2026] [php:error] [pid 17778] [client 20.24.197.43:0] script '/domains/smartny/wander.php' not found or unable to stat
[Thu Feb 19 03:20:02.877815 2026] [php:error] [pid 17784] [client 20.53.240.38:0] script '/domains/system_default/120f9.php' not found or unable to stat
[Thu Feb 19 03:20:03.121932 2026] [php:error] [pid 17784] [client 20.53.240.38:0] script '/domains/system_default/504.php' not found or unable to stat
[Thu Feb 19 03:20:03.321331 2026] [php:error] [pid 17784] [client 20.53.240.38:0] script '/domains/system_default/about.php' not found or unable to stat
[Thu Feb 19 03:20:03.520894 2026] [php:error] [pid 17784] [client 20.53.240.38:0] script '/domains/system_default/back.php' not found or unable to stat
[Thu Feb 19 03:20:03.671700 2026] [php:error] [pid 17778] [client 20.24.197.43:0] script '/domains/smartny/en.php' not found or unable to stat
[Thu Feb 19 03:20:03.724911 2026] [php:error] [pid 17784] [client 20.53.240.38:0] script '/domains/system_default/cong.php' not found or unable to stat
[Thu Feb 19 03:20:03.896163 2026] [php:error] [pid 17778] [client 20.24.197.43:0] script '/domains/smartny/help.php' not found or unable to stat
[Thu Feb 19 03:20:03.924264 2026] [php:error] [pid 17784] [client 20.53.240.38:0] script '/domains/system_default/credits.php' not found or unable to stat
[Thu Feb 19 03:20:04.124125 2026] [php:error] [pid 17784] [client 20.53.240.38:0] script '/domains/system_default/credits.php' not found or unable to stat
[Thu Feb 19 03:20:04.346447 2026] [php:error] [pid 17784] [client 20.53.240.38:0] script '/domains/system_default/data.php' not found or unable to stat
[Thu Feb 19 03:20:04.564584 2026] [php:error] [pid 17784] [client 20.53.240.38:0] script '/domains/system_default/function.php' not found or unable to stat
[Thu Feb 19 03:20:04.773980 2026] [php:error] [pid 17784] [client 20.53.240.38:0] script '/domains/system_default/goods.php' not found or unable to stat
[Thu Feb 19 03:20:05.013402 2026] [php:error] [pid 17784] [client 20.53.240.38:0] script '/domains/system_default/gzak2w.php' not found or unable to stat
[Thu Feb 19 03:20:05.217566 2026] [php:error] [pid 17784] [client 20.53.240.38:0] script '/domains/system_default/hehehehe.php' not found or unable to stat
[Thu Feb 19 03:20:05.312893 2026] [php:error] [pid 17778] [client 20.24.197.43:0] script '/domains/smartny/control.php' not found or unable to stat
[Thu Feb 19 03:20:05.826007 2026] [php:error] [pid 17784] [client 20.53.240.38:0] script '/domains/system_default/install.php' not found or unable to stat
[Thu Feb 19 03:20:06.039167 2026] [php:error] [pid 17778] [client 20.24.197.43:0] script '/domains/smartny/radio.php' not found or unable to stat
[Thu Feb 19 03:20:06.264405 2026] [php:error] [pid 17784] [client 20.53.240.38:0] script '/domains/system_default/ova.php' not found or unable to stat
[Thu Feb 19 03:20:06.277069 2026] [php:error] [pid 17778] [client 20.24.197.43:0] script '/domains/smartny/dropdown.php' not found or unable to stat
