[Sun Feb 15 00:09:01.752515 2026] [php:error] [pid 61027] [client 185.223.152.178:0] script '/domains/ltemple/chosen.php' not found or unable to stat
[Sun Feb 15 00:09:02.237698 2026] [php:error] [pid 61027] [client 185.223.152.178:0] script '/domains/ltemple/back.php' not found or unable to stat
[Sun Feb 15 00:09:03.114500 2026] [include:error] [pid 61029] [client 177.170.85.145:0] AH01371: unknown directive "code" in parsed doc /domains/testregisgroup/index.shtml
[Sun Feb 15 00:09:03.114528 2026] [include:error] [pid 61029] [client 177.170.85.145:0] AH01371: unknown directive "#code" in parsed doc /domains/testregisgroup/index.shtml
[Sun Feb 15 00:09:03.114548 2026] [include:error] [pid 61029] [client 177.170.85.145:0] AH01371: unknown directive "code" in parsed doc /domains/testregisgroup/index.shtml
[Sun Feb 15 00:09:03.114555 2026] [include:error] [pid 61029] [client 177.170.85.145:0] AH01371: unknown directive "code" in parsed doc /domains/testregisgroup/index.shtml
[Sun Feb 15 00:09:03.706543 2026] [php:error] [pid 61027] [client 185.223.152.178:0] script '/domains/ltemple/new.php' not found or unable to stat
[Sun Feb 15 00:09:04.664830 2026] [php:error] [pid 61027] [client 185.223.152.178:0] script '/domains/ltemple/phpfm3.php' not found or unable to stat
[Sun Feb 15 00:09:05.602059 2026] [php:error] [pid 61027] [client 185.223.152.178:0] script '/domains/ltemple/post.php' not found or unable to stat
[Sun Feb 15 00:09:07.719961 2026] [php:error] [pid 61027] [client 185.223.152.178:0] script '/domains/ltemple/randkeyword.php' not found or unable to stat
[Sun Feb 15 00:09:08.436805 2026] [php:error] [pid 61027] [client 185.223.152.178:0] script '/domains/ltemple/xxx.php' not found or unable to stat
[Sun Feb 15 00:09:08.908972 2026] [php:error] [pid 61027] [client 185.223.152.178:0] script '/domains/ltemple/lv.php' not found or unable to stat
[Sun Feb 15 00:09:09.143686 2026] [php:error] [pid 61027] [client 185.223.152.178:0] script '/domains/ltemple/zip.php' not found or unable to stat
[Sun Feb 15 00:09:12.223305 2026] [php:error] [pid 61027] [client 185.223.152.178:0] script '/domains/ltemple/wp-cron.php' not found or unable to stat
[Sun Feb 15 00:09:12.944821 2026] [php:error] [pid 61027] [client 185.223.152.178:0] script '/domains/ltemple/jp.php' not found or unable to stat
[Sun Feb 15 00:09:13.178085 2026] [php:error] [pid 61027] [client 185.223.152.178:0] script '/domains/ltemple/rcc.php' not found or unable to stat
[Sun Feb 15 00:09:13.654413 2026] [php:error] [pid 61027] [client 185.223.152.178:0] script '/domains/ltemple/class.api.php' not found or unable to stat
[Sun Feb 15 00:09:13.888755 2026] [php:error] [pid 61027] [client 185.223.152.178:0] script '/domains/ltemple/layout.php' not found or unable to stat
[Sun Feb 15 00:09:14.382496 2026] [php:error] [pid 61027] [client 185.223.152.178:0] script '/domains/ltemple/history.php' not found or unable to stat
[Sun Feb 15 00:09:15.347675 2026] [php:error] [pid 61027] [client 185.223.152.178:0] script '/domains/ltemple/images/about.php' not found or unable to stat
[Sun Feb 15 00:09:16.561685 2026] [php:error] [pid 61027] [client 185.223.152.178:0] script '/domains/ltemple/about.php' not found or unable to stat
[Sun Feb 15 00:09:17.038044 2026] [php:error] [pid 61027] [client 185.223.152.178:0] script '/domains/ltemple/cong.php' not found or unable to stat
[Sun Feb 15 00:09:18.251621 2026] [php:error] [pid 61027] [client 185.223.152.178:0] script '/domains/ltemple/wp-links.php' not found or unable to stat
[Sun Feb 15 00:09:18.710450 2026] [php:error] [pid 61036] [client 185.223.152.189:0] script '/domains/ltemple/makeasmtp.php' not found or unable to stat
[Sun Feb 15 00:09:19.644054 2026] [php:error] [pid 61036] [client 185.223.152.189:0] script '/domains/ltemple/login.php' not found or unable to stat
[Sun Feb 15 00:09:21.997142 2026] [php:error] [pid 61036] [client 185.223.152.189:0] script '/domains/ltemple/wander.php' not found or unable to stat
[Sun Feb 15 00:09:22.689602 2026] [php:error] [pid 61036] [client 185.223.152.189:0] script '/domains/ltemple/wp-config-sample.php' not found or unable to stat
[Sun Feb 15 00:09:23.623783 2026] [php:error] [pid 61036] [client 185.223.152.189:0] script '/domains/ltemple/images/autoload_classmap.php' not found or unable to stat
[Sun Feb 15 00:09:23.851326 2026] [php:error] [pid 61036] [client 185.223.152.189:0] script '/domains/ltemple/manager.php' not found or unable to stat
[Sun Feb 15 00:09:24.540134 2026] [php:error] [pid 61036] [client 185.223.152.189:0] script '/domains/ltemple/users.php' not found or unable to stat
[Sun Feb 15 00:09:25.296470 2026] [php:error] [pid 61036] [client 185.223.152.189:0] script '/domains/ltemple/sim.php' not found or unable to stat
[Sun Feb 15 00:09:26.229380 2026] [php:error] [pid 61036] [client 185.223.152.189:0] script '/domains/ltemple/function.php' not found or unable to stat
[Sun Feb 15 00:09:29.934839 2026] [php:error] [pid 61036] [client 185.223.152.189:0] script '/domains/ltemple/wp-mail.php' not found or unable to stat
[Sun Feb 15 00:09:30.982492 2026] [php:error] [pid 61036] [client 185.223.152.189:0] script '/domains/ltemple/admin-post.php' not found or unable to stat
[Sun Feb 15 00:09:31.213266 2026] [php:error] [pid 61036] [client 185.223.152.189:0] script '/domains/ltemple/conf_upload.php' not found or unable to stat
[Sun Feb 15 00:09:32.368487 2026] [php:error] [pid 61036] [client 185.223.152.189:0] script '/domains/ltemple/wp-configs.php' not found or unable to stat
[Sun Feb 15 00:09:33.549139 2026] [php:error] [pid 61024] [client 185.223.152.180:0] script '/domains/ltemple/f35.php' not found or unable to stat
[Sun Feb 15 00:09:34.256008 2026] [php:error] [pid 61024] [client 185.223.152.180:0] script '/domains/ltemple/edit.php' not found or unable to stat
[Sun Feb 15 00:09:34.981175 2026] [php:error] [pid 61024] [client 185.223.152.180:0] script '/domains/ltemple/files.php' not found or unable to stat
[Sun Feb 15 00:09:35.222256 2026] [php:error] [pid 61024] [client 185.223.152.180:0] script '/domains/ltemple/webadmin.php' not found or unable to stat
[Sun Feb 15 00:09:35.939581 2026] [php:error] [pid 61024] [client 185.223.152.180:0] script '/domains/ltemple/wsa.php' not found or unable to stat
[Sun Feb 15 00:09:36.174487 2026] [php:error] [pid 61024] [client 185.223.152.180:0] script '/domains/ltemple/tinyfilemanager.php' not found or unable to stat
[Sun Feb 15 00:09:37.131552 2026] [php:error] [pid 61024] [client 185.223.152.180:0] script '/domains/ltemple/woh.php' not found or unable to stat
[Sun Feb 15 00:09:37.856164 2026] [php:error] [pid 61024] [client 185.223.152.180:0] script '/domains/ltemple/bless.php' not found or unable to stat
[Sun Feb 15 00:09:38.089908 2026] [php:error] [pid 61024] [client 185.223.152.180:0] script '/domains/ltemple/wp-trackback.php' not found or unable to stat
[Sun Feb 15 00:09:38.323207 2026] [php:error] [pid 61024] [client 185.223.152.180:0] script '/domains/ltemple/info.php' not found or unable to stat
[Sun Feb 15 00:09:39.067919 2026] [php:error] [pid 61024] [client 185.223.152.180:0] script '/domains/ltemple/buy.php' not found or unable to stat
[Sun Feb 15 00:09:39.560950 2026] [php:error] [pid 61024] [client 185.223.152.180:0] script '/domains/ltemple/readme.php' not found or unable to stat
[Sun Feb 15 00:09:39.798223 2026] [php:error] [pid 61024] [client 185.223.152.180:0] script '/domains/ltemple/sck.php' not found or unable to stat
[Sun Feb 15 00:09:40.078331 2026] [php:error] [pid 61024] [client 185.223.152.180:0] script '/domains/ltemple/fm.php' not found or unable to stat
[Sun Feb 15 00:09:40.552307 2026] [php:error] [pid 61024] [client 185.223.152.180:0] script '/domains/ltemple/packed.php' not found or unable to stat
[Sun Feb 15 00:09:40.807799 2026] [php:error] [pid 61024] [client 185.223.152.180:0] script '/domains/ltemple/about.php' not found or unable to stat
[Sun Feb 15 00:09:41.770890 2026] [php:error] [pid 61024] [client 185.223.152.180:0] script '/domains/ltemple/plugin.php' not found or unable to stat
[Sun Feb 15 00:09:42.716673 2026] [php:error] [pid 61024] [client 185.223.152.180:0] script '/domains/ltemple/chosen.php' not found or unable to stat
[Sun Feb 15 00:09:42.961464 2026] [php:error] [pid 61024] [client 185.223.152.180:0] script '/domains/ltemple/load.php' not found or unable to stat
[Sun Feb 15 00:09:43.429687 2026] [php:error] [pid 61024] [client 185.223.152.180:0] script '/domains/ltemple/edit-tags.php' not found or unable to stat
[Sun Feb 15 00:09:44.137984 2026] [php:error] [pid 61024] [client 185.223.152.180:0] script '/domains/ltemple/autoload_classmap.php' not found or unable to stat
[Sun Feb 15 00:09:44.396770 2026] [php:error] [pid 61024] [client 185.223.152.180:0] script '/domains/ltemple/lock.php' not found or unable to stat
[Sun Feb 15 00:09:46.334336 2026] [php:error] [pid 61047] [client 185.223.152.196:0] script '/domains/ltemple/product.php' not found or unable to stat
[Sun Feb 15 00:09:47.524677 2026] [php:error] [pid 61048] [client 185.223.152.190:0] script '/domains/ltemple/base.php' not found or unable to stat
[Sun Feb 15 00:09:48.005804 2026] [php:error] [pid 61048] [client 185.223.152.190:0] script '/domains/ltemple/zero.php' not found or unable to stat
[Sun Feb 15 00:09:48.753476 2026] [php:error] [pid 61048] [client 185.223.152.190:0] script '/domains/ltemple/style.php' not found or unable to stat
[Sun Feb 15 00:09:48.990048 2026] [php:error] [pid 61048] [client 185.223.152.190:0] script '/domains/ltemple/db.php' not found or unable to stat
[Sun Feb 15 00:09:50.178000 2026] [php:error] [pid 61051] [client 185.223.152.196:0] script '/domains/ltemple/wp-set.php' not found or unable to stat
[Sun Feb 15 00:09:50.415199 2026] [php:error] [pid 61051] [client 185.223.152.196:0] script '/domains/ltemple/file.php' not found or unable to stat
[Sun Feb 15 00:09:54.188925 2026] [php:error] [pid 61048] [client 185.223.152.196:0] script '/domains/ltemple/moon.php' not found or unable to stat
[Sun Feb 15 00:09:55.848456 2026] [php:error] [pid 61048] [client 185.223.152.196:0] script '/domains/ltemple/pages.php' not found or unable to stat
[Sun Feb 15 00:09:56.095024 2026] [php:error] [pid 61048] [client 185.223.152.196:0] script '/domains/ltemple/bulk.php' not found or unable to stat
[Sun Feb 15 00:09:56.331383 2026] [php:error] [pid 61048] [client 185.223.152.196:0] script '/domains/ltemple/kk.php' not found or unable to stat
[Sun Feb 15 00:09:56.804464 2026] [php:error] [pid 61048] [client 185.223.152.196:0] script '/domains/ltemple/wp-logout.php' not found or unable to stat
[Sun Feb 15 00:09:57.754047 2026] [php:error] [pid 61048] [client 185.223.152.196:0] script '/domains/ltemple/classwithtostring.php' not found or unable to stat
[Sun Feb 15 00:09:57.987026 2026] [php:error] [pid 61048] [client 185.223.152.196:0] script '/domains/ltemple/wp-setup.php' not found or unable to stat
[Sun Feb 15 00:09:58.723207 2026] [php:error] [pid 61048] [client 185.223.152.196:0] script '/domains/ltemple/wp-editor.php' not found or unable to stat
[Sun Feb 15 00:09:58.958835 2026] [php:error] [pid 61048] [client 185.223.152.196:0] script '/domains/ltemple/wp-simple.php' not found or unable to stat
[Sun Feb 15 00:10:00.991437 2026] [php:error] [pid 61048] [client 185.223.152.196:0] script '/domains/ltemple/hehehehe.php' not found or unable to stat
[Sun Feb 15 00:10:03.338180 2026] [php:error] [pid 61048] [client 185.223.152.196:0] script '/domains/ltemple/header.php' not found or unable to stat
[Sun Feb 15 00:10:03.581261 2026] [php:error] [pid 61048] [client 185.223.152.196:0] script '/domains/ltemple/gecko.php' not found or unable to stat
[Sun Feb 15 00:10:04.563063 2026] [php:error] [pid 61048] [client 185.223.152.196:0] script '/domains/ltemple/bk.php' not found or unable to stat
[Sun Feb 15 00:10:07.155066 2026] [php:error] [pid 61060] [client 185.223.152.187:0] script '/domains/ltemple/about.php' not found or unable to stat
[Sun Feb 15 00:10:07.384197 2026] [php:error] [pid 61060] [client 185.223.152.187:0] script '/domains/ltemple/sym.php' not found or unable to stat
[Sun Feb 15 00:10:08.982541 2026] [php:error] [pid 61060] [client 185.223.152.187:0] script '/domains/ltemple/sk.php' not found or unable to stat
[Sun Feb 15 00:10:10.379344 2026] [php:error] [pid 61059] [client 185.223.152.194:0] script '/domains/ltemple/images/Marvins.php' not found or unable to stat
[Sun Feb 15 00:10:11.088538 2026] [php:error] [pid 61059] [client 185.223.152.194:0] script '/domains/ltemple/images/index.php' not found or unable to stat
[Sun Feb 15 00:10:12.246420 2026] [php:error] [pid 61059] [client 185.223.152.194:0] script '/domains/ltemple/sys.php' not found or unable to stat
[Sun Feb 15 00:10:12.947699 2026] [php:error] [pid 61059] [client 185.223.152.194:0] script '/domains/ltemple/wp-user.php' not found or unable to stat
[Sun Feb 15 00:10:13.175357 2026] [php:error] [pid 61059] [client 185.223.152.194:0] script '/domains/ltemple/customize.php' not found or unable to stat
[Sun Feb 15 00:10:14.571864 2026] [php:error] [pid 61050] [client 185.223.152.179:0] script '/domains/ltemple/fm1.php' not found or unable to stat
[Sun Feb 15 00:10:15.262372 2026] [php:error] [pid 61050] [client 185.223.152.179:0] script '/domains/ltemple/wp-settings.php' not found or unable to stat
[Sun Feb 15 00:10:15.743267 2026] [php:error] [pid 61050] [client 185.223.152.179:0] script '/domains/ltemple/wp-file.php' not found or unable to stat
[Sun Feb 15 00:10:15.975195 2026] [php:error] [pid 61050] [client 185.223.152.179:0] script '/domains/ltemple/wp-content.php' not found or unable to stat
[Sun Feb 15 00:10:16.443517 2026] [php:error] [pid 61050] [client 185.223.152.179:0] script '/domains/ltemple/log.php' not found or unable to stat
[Sun Feb 15 00:10:16.926629 2026] [php:error] [pid 61050] [client 185.223.152.179:0] script '/domains/ltemple/ioxi01.php' not found or unable to stat
[Sun Feb 15 00:10:19.967635 2026] [php:error] [pid 61050] [client 185.223.152.179:0] script '/domains/ltemple/xx.php' not found or unable to stat
[Sun Feb 15 00:10:22.125393 2026] [php:error] [pid 61050] [client 185.223.152.179:0] script '/domains/ltemple/images.php' not found or unable to stat
[Sun Feb 15 00:10:22.357339 2026] [php:error] [pid 61050] [client 185.223.152.179:0] script '/domains/ltemple/wp-aespa.php' not found or unable to stat
[Sun Feb 15 00:10:26.150552 2026] [php:error] [pid 61058] [client 185.223.152.178:0] script '/domains/ltemple/wp-l0gin.php' not found or unable to stat
[Sun Feb 15 00:10:28.005088 2026] [php:error] [pid 61058] [client 185.223.152.178:0] script '/domains/ltemple/wp-conflg.php' not found or unable to stat
[Sun Feb 15 00:10:29.164264 2026] [php:error] [pid 61058] [client 185.223.152.178:0] script '/domains/ltemple/images/worksec.php' not found or unable to stat
[Sun Feb 15 00:10:29.393029 2026] [php:error] [pid 61058] [client 185.223.152.178:0] script '/domains/ltemple/images/rest.php' not found or unable to stat
[Sun Feb 15 00:10:32.133624 2026] [php:error] [pid 61057] [client 185.223.152.180:0] script '/domains/ltemple/0x.php' not found or unable to stat
[Sun Feb 15 00:10:33.076593 2026] [php:error] [pid 61057] [client 185.223.152.180:0] script '/domains/ltemple/wpn.php' not found or unable to stat
[Sun Feb 15 00:10:33.310047 2026] [php:error] [pid 61057] [client 185.223.152.180:0] script '/domains/ltemple/cloud.php' not found or unable to stat
[Sun Feb 15 00:10:33.543465 2026] [php:error] [pid 61057] [client 185.223.152.180:0] script '/domains/ltemple/upload.php' not found or unable to stat
[Sun Feb 15 00:10:33.777941 2026] [php:error] [pid 61057] [client 185.223.152.180:0] script '/domains/ltemple/init.php' not found or unable to stat
[Sun Feb 15 00:10:34.253170 2026] [php:error] [pid 61057] [client 185.223.152.180:0] script '/domains/ltemple/wp-blog.php' not found or unable to stat
[Sun Feb 15 00:10:35.439101 2026] [php:error] [pid 61057] [client 185.223.152.180:0] script '/domains/ltemple/payout.php' not found or unable to stat
[Sun Feb 15 00:10:35.677352 2026] [php:error] [pid 61057] [client 185.223.152.180:0] script '/domains/ltemple/lock360.php' not found or unable to stat
[Sun Feb 15 00:10:35.931499 2026] [php:error] [pid 61057] [client 185.223.152.180:0] script '/domains/ltemple/x.php' not found or unable to stat
[Sun Feb 15 00:10:36.166844 2026] [php:error] [pid 61057] [client 185.223.152.180:0] script '/domains/ltemple/wp_info.php' not found or unable to stat
[Sun Feb 15 00:10:36.645221 2026] [php:error] [pid 61057] [client 185.223.152.180:0] script '/domains/ltemple/xml.php' not found or unable to stat
[Sun Feb 15 00:10:36.878021 2026] [php:error] [pid 61057] [client 185.223.152.180:0] script '/domains/ltemple/by.php' not found or unable to stat
[Sun Feb 15 00:10:39.482733 2026] [php:error] [pid 61057] [client 185.223.152.180:0] script '/domains/ltemple/default.php' not found or unable to stat
[Sun Feb 15 00:10:39.716734 2026] [php:error] [pid 61057] [client 185.223.152.180:0] script '/domains/ltemple/fox.php' not found or unable to stat
[Sun Feb 15 00:10:39.956410 2026] [php:error] [pid 61057] [client 185.223.152.180:0] script '/domains/ltemple/google.php' not found or unable to stat
[Sun Feb 15 00:10:40.445881 2026] [php:error] [pid 61057] [client 185.223.152.180:0] script '/domains/ltemple/ovatools.php' not found or unable to stat
[Sun Feb 15 00:10:40.699050 2026] [php:error] [pid 61057] [client 185.223.152.180:0] script '/domains/ltemple/sidwso.php' not found or unable to stat
[Sun Feb 15 00:10:40.936346 2026] [php:error] [pid 61057] [client 185.223.152.180:0] script '/domains/ltemple/worksec.php' not found or unable to stat
[Sun Feb 15 00:10:42.644182 2026] [php:error] [pid 61057] [client 185.223.152.180:0] script '/domains/ltemple/Simple.php' not found or unable to stat
[Sun Feb 15 00:10:42.879414 2026] [php:error] [pid 61057] [client 185.223.152.180:0] script '/domains/ltemple/wp-blog-header.php' not found or unable to stat
[Sun Feb 15 00:10:43.111891 2026] [php:error] [pid 61057] [client 185.223.152.180:0] script '/domains/ltemple/style2.php' not found or unable to stat
[Sun Feb 15 00:10:43.344788 2026] [php:error] [pid 61057] [client 185.223.152.180:0] script '/domains/ltemple/wp-scripts.php' not found or unable to stat
[Sun Feb 15 00:10:43.579407 2026] [php:error] [pid 61057] [client 185.223.152.180:0] script '/domains/ltemple/adminfuns.php' not found or unable to stat
[Sun Feb 15 00:10:43.812945 2026] [php:error] [pid 61057] [client 185.223.152.180:0] script '/domains/ltemple/cjfuns.php' not found or unable to stat
[Sun Feb 15 00:10:44.051682 2026] [php:error] [pid 61057] [client 185.223.152.180:0] script '/domains/ltemple/comfunctions.php' not found or unable to stat
[Sun Feb 15 00:10:44.284537 2026] [php:error] [pid 61057] [client 185.223.152.180:0] script '/domains/ltemple/delpaths.php' not found or unable to stat
[Sun Feb 15 00:10:44.522188 2026] [php:error] [pid 61057] [client 185.223.152.180:0] script '/domains/ltemple/epinyins.php' not found or unable to stat
[Sun Feb 15 00:10:44.759967 2026] [php:error] [pid 61057] [client 185.223.152.180:0] script '/domains/ltemple/filefuns.php' not found or unable to stat
[Sun Feb 15 00:10:44.996623 2026] [php:error] [pid 61057] [client 185.223.152.180:0] script '/domains/ltemple/hinfofuns.php' not found or unable to stat
[Sun Feb 15 00:10:45.237331 2026] [php:error] [pid 61057] [client 185.223.152.180:0] script '/domains/ltemple/qfunctions.php' not found or unable to stat
[Sun Feb 15 00:10:45.479736 2026] [php:error] [pid 61057] [client 185.223.152.180:0] script '/domains/ltemple/qinfofuns.php' not found or unable to stat
[Sun Feb 15 00:10:45.720269 2026] [php:error] [pid 61057] [client 185.223.152.180:0] script '/domains/ltemple/thoms.php' not found or unable to stat
[Sun Feb 15 00:10:45.959094 2026] [php:error] [pid 61057] [client 185.223.152.180:0] script '/domains/ltemple/postnews.php' not found or unable to stat
[Sun Feb 15 00:10:46.192468 2026] [php:error] [pid 61057] [client 185.223.152.180:0] script '/domains/ltemple/admin-ajax.php' not found or unable to stat
[Sun Feb 15 00:10:46.430376 2026] [php:error] [pid 61057] [client 185.223.152.180:0] script '/domains/ltemple/link.php' not found or unable to stat
[Sun Feb 15 00:10:46.668112 2026] [php:error] [pid 61057] [client 185.223.152.180:0] script '/domains/ltemple/ms-themes.php' not found or unable to stat
[Sun Feb 15 00:10:46.901255 2026] [php:error] [pid 61057] [client 185.223.152.180:0] script '/domains/ltemple/my-sites.php' not found or unable to stat
[Sun Feb 15 00:10:47.136357 2026] [php:error] [pid 61057] [client 185.223.152.180:0] script '/domains/ltemple/media.php' not found or unable to stat
[Sun Feb 15 00:10:47.369783 2026] [php:error] [pid 61057] [client 185.223.152.180:0] script '/domains/ltemple/nav-menus.php' not found or unable to stat
[Sun Feb 15 00:10:47.602941 2026] [php:error] [pid 61057] [client 185.223.152.180:0] script '/domains/ltemple/menu.php' not found or unable to stat
[Sun Feb 15 00:10:47.865893 2026] [php:error] [pid 61057] [client 185.223.152.180:0] script '/domains/ltemple/options-head.php' not found or unable to stat
[Sun Feb 15 00:10:48.099536 2026] [php:error] [pid 61057] [client 185.223.152.180:0] script '/domains/ltemple/revision.php' not found or unable to stat
[Sun Feb 15 00:10:48.334993 2026] [php:error] [pid 61057] [client 185.223.152.180:0] script '/domains/ltemple/widgets.php' not found or unable to stat
[Sun Feb 15 00:10:48.568885 2026] [php:error] [pid 61057] [client 185.223.152.180:0] script '/domains/ltemple/term.php' not found or unable to stat
[Sun Feb 15 00:10:48.803187 2026] [php:error] [pid 61057] [client 185.223.152.180:0] script '/domains/ltemple/system_log.php' not found or unable to stat
[Sun Feb 15 00:10:49.501543 2026] [php:error] [pid 61068] [client 185.223.152.180:0] script '/domains/ltemple/moded.php' not found or unable to stat
[Sun Feb 15 00:10:49.973897 2026] [php:error] [pid 61068] [client 185.223.152.180:0] script '/domains/ltemple/upgrade.php' not found or unable to stat
[Sun Feb 15 00:10:50.203857 2026] [php:error] [pid 61068] [client 185.223.152.180:0] script '/domains/ltemple/gh.php' not found or unable to stat
[Sun Feb 15 00:10:50.435121 2026] [php:error] [pid 61068] [client 185.223.152.180:0] script '/domains/ltemple/version.php' not found or unable to stat
[Sun Feb 15 00:10:50.695236 2026] [php:error] [pid 61068] [client 185.223.152.180:0] script '/domains/ltemple/head.php' not found or unable to stat
[Sun Feb 15 00:10:50.937440 2026] [php:error] [pid 61068] [client 185.223.152.180:0] script '/domains/ltemple/index1.php' not found or unable to stat
[Sun Feb 15 00:10:51.172401 2026] [php:error] [pid 61068] [client 185.223.152.180:0] script '/domains/ltemple/theme-insqbzk.php' not found or unable to stat
[Sun Feb 15 00:10:51.407217 2026] [php:error] [pid 61068] [client 185.223.152.180:0] script '/domains/ltemple/good.php' not found or unable to stat
[Sun Feb 15 00:10:51.638691 2026] [php:error] [pid 61068] [client 185.223.152.180:0] script '/domains/ltemple/main.php' not found or unable to stat
[Sun Feb 15 00:10:52.134635 2026] [php:error] [pid 61068] [client 185.223.152.180:0] script '/domains/ltemple/wsoyanz.php' not found or unable to stat
[Sun Feb 15 00:10:53.330952 2026] [php:error] [pid 61068] [client 185.223.152.180:0] script '/domains/ltemple/alfa-rex.php' not found or unable to stat
[Sun Feb 15 00:10:57.986503 2026] [php:error] [pid 61068] [client 185.223.152.180:0] script '/domains/ltemple/cache-compat.php' not found or unable to stat
[Sun Feb 15 00:10:58.228995 2026] [php:error] [pid 61068] [client 185.223.152.180:0] script '/domains/ltemple/ajax-actions.php' not found or unable to stat
[Sun Feb 15 00:10:58.703611 2026] [php:error] [pid 61068] [client 185.223.152.180:0] script '/domains/ltemple/wp-consar.php' not found or unable to stat
[Sun Feb 15 00:11:01.675462 2026] [php:error] [pid 61068] [client 185.223.152.180:0] script '/domains/ltemple/sx.php' not found or unable to stat
[Sun Feb 15 00:11:02.978567 2026] [php:error] [pid 61062] [client 185.223.152.188:0] script '/domains/bfitpro2/simple.php' not found or unable to stat
[Sun Feb 15 00:11:03.080627 2026] [php:error] [pid 61068] [client 185.223.152.180:0] script '/domains/ltemple/images/wp-login.php' not found or unable to stat
[Sun Feb 15 00:11:03.310242 2026] [php:error] [pid 61068] [client 185.223.152.180:0] script '/domains/ltemple/web.php' not found or unable to stat
[Sun Feb 15 00:11:03.455133 2026] [php:error] [pid 61062] [client 185.223.152.188:0] script '/domains/bfitpro2/inputs.php' not found or unable to stat
[Sun Feb 15 00:11:03.930284 2026] [php:error] [pid 61062] [client 185.223.152.188:0] script '/domains/bfitpro2/autoload_classmap.php' not found or unable to stat
[Sun Feb 15 00:11:04.239066 2026] [php:error] [pid 61068] [client 185.223.152.180:0] script '/domains/ltemple/wp-uploads-config.php' not found or unable to stat
[Sun Feb 15 00:11:04.402322 2026] [php:error] [pid 61062] [client 185.223.152.188:0] script '/domains/bfitpro2/file2.php' not found or unable to stat
[Sun Feb 15 00:11:04.876356 2026] [php:error] [pid 61062] [client 185.223.152.188:0] script '/domains/bfitpro2/file.php' not found or unable to stat
[Sun Feb 15 00:11:05.112905 2026] [php:error] [pid 61062] [client 185.223.152.188:0] script '/domains/bfitpro2/chosen.php' not found or unable to stat
[Sun Feb 15 00:11:05.349130 2026] [php:error] [pid 61062] [client 185.223.152.188:0] script '/domains/bfitpro2/item.php' not found or unable to stat
[Sun Feb 15 00:11:06.064128 2026] [php:error] [pid 61062] [client 185.223.152.188:0] script '/domains/bfitpro2/zwso.php' not found or unable to stat
[Sun Feb 15 00:11:06.307755 2026] [php:error] [pid 61062] [client 185.223.152.188:0] script '/domains/bfitpro2/wp-conflg.php' not found or unable to stat
[Sun Feb 15 00:11:06.348090 2026] [php:error] [pid 61076] [client 185.223.152.198:0] script '/domains/ltemple/upload.php' not found or unable to stat
[Sun Feb 15 00:11:06.844905 2026] [php:error] [pid 61076] [client 185.223.152.198:0] script '/domains/ltemple/indeex.php' not found or unable to stat
[Sun Feb 15 00:11:07.082052 2026] [php:error] [pid 61076] [client 185.223.152.198:0] script '/domains/ltemple/dropdown.php' not found or unable to stat
[Sun Feb 15 00:11:08.040290 2026] [php:error] [pid 61076] [client 185.223.152.198:0] script '/domains/ltemple/bs.php' not found or unable to stat
[Sun Feb 15 00:11:08.531874 2026] [php:error] [pid 61076] [client 185.223.152.198:0] script '/domains/ltemple/credits.php' not found or unable to stat
[Sun Feb 15 00:11:08.760178 2026] [php:error] [pid 61062] [client 185.223.152.188:0] script '/domains/bfitpro2/cong.php' not found or unable to stat
[Sun Feb 15 00:11:08.765286 2026] [php:error] [pid 61076] [client 185.223.152.198:0] script '/domains/ltemple/edit-comments.php' not found or unable to stat
[Sun Feb 15 00:11:09.000833 2026] [php:error] [pid 61076] [client 185.223.152.198:0] script '/domains/ltemple/checkbox.php' not found or unable to stat
[Sun Feb 15 00:11:09.238938 2026] [php:error] [pid 61076] [client 185.223.152.198:0] script '/domains/ltemple/export.php' not found or unable to stat
[Sun Feb 15 00:11:09.339154 2026] [php:error] [pid 61078] [client 45.140.207.28:0] script '/domains/wsmith.enteract/wp-login.php' not found or unable to stat
[Sun Feb 15 00:11:09.473911 2026] [php:error] [pid 61076] [client 185.223.152.198:0] script '/domains/ltemple/input.php' not found or unable to stat
[Sun Feb 15 00:11:09.474635 2026] [php:error] [pid 61062] [client 185.223.152.188:0] script '/domains/bfitpro2/dropdown.php' not found or unable to stat
[Sun Feb 15 00:11:09.711221 2026] [php:error] [pid 61076] [client 185.223.152.198:0] script '/domains/ltemple/load-scripts.php' not found or unable to stat
[Sun Feb 15 00:11:09.950895 2026] [php:error] [pid 61076] [client 185.223.152.198:0] script '/domains/ltemple/load-styles.php' not found or unable to stat
[Sun Feb 15 00:11:10.184373 2026] [php:error] [pid 61076] [client 185.223.152.198:0] script '/domains/ltemple/options-discussion.php' not found or unable to stat
[Sun Feb 15 00:11:10.430907 2026] [php:error] [pid 61076] [client 185.223.152.198:0] script '/domains/ltemple/options-general.php' not found or unable to stat
[Sun Feb 15 00:11:10.433302 2026] [php:error] [pid 61062] [client 185.223.152.188:0] script '/domains/bfitpro2/repeater.php' not found or unable to stat
[Sun Feb 15 00:11:10.673504 2026] [php:error] [pid 61076] [client 185.223.152.198:0] script '/domains/ltemple/options-permalink.php' not found or unable to stat
[Sun Feb 15 00:11:10.677742 2026] [php:error] [pid 61062] [client 185.223.152.188:0] script '/domains/bfitpro2/wp-2019.php' not found or unable to stat
[Sun Feb 15 00:11:10.907726 2026] [php:error] [pid 61076] [client 185.223.152.198:0] script '/domains/ltemple/options-privacy.php' not found or unable to stat
[Sun Feb 15 00:11:10.912750 2026] [php:error] [pid 61062] [client 185.223.152.188:0] script '/domains/bfitpro2/atomlib.php' not found or unable to stat
[Sun Feb 15 00:11:11.144356 2026] [php:error] [pid 61076] [client 185.223.152.198:0] script '/domains/ltemple/options-reading.php' not found or unable to stat
[Sun Feb 15 00:11:11.156601 2026] [php:error] [pid 61062] [client 185.223.152.188:0] script '/domains/bfitpro2/css.php' not found or unable to stat
[Sun Feb 15 00:11:11.380826 2026] [php:error] [pid 61076] [client 185.223.152.198:0] script '/domains/ltemple/options-writing.php' not found or unable to stat
[Sun Feb 15 00:11:11.397508 2026] [php:error] [pid 61062] [client 185.223.152.188:0] script '/domains/bfitpro2/log.php' not found or unable to stat
[Sun Feb 15 00:11:11.614305 2026] [php:error] [pid 61076] [client 185.223.152.198:0] script '/domains/ltemple/post-new.php' not found or unable to stat
[Sun Feb 15 00:11:11.637418 2026] [php:error] [pid 61062] [client 185.223.152.188:0] script '/domains/bfitpro2/mail.php' not found or unable to stat
[Sun Feb 15 00:11:11.847229 2026] [php:error] [pid 61076] [client 185.223.152.198:0] script '/domains/ltemple/privacy.php' not found or unable to stat
[Sun Feb 15 00:11:11.878584 2026] [php:error] [pid 61062] [client 185.223.152.188:0] script '/domains/bfitpro2/lufix.php' not found or unable to stat
[Sun Feb 15 00:11:12.082865 2026] [php:error] [pid 61076] [client 185.223.152.198:0] script '/domains/ltemple/profile.php' not found or unable to stat
[Sun Feb 15 00:11:12.116933 2026] [php:error] [pid 61062] [client 185.223.152.188:0] script '/domains/bfitpro2/doc.php' not found or unable to stat
[Sun Feb 15 00:11:12.317526 2026] [php:error] [pid 61076] [client 185.223.152.198:0] script '/domains/ltemple/site-health.php' not found or unable to stat
[Sun Feb 15 00:11:12.360137 2026] [php:error] [pid 61062] [client 185.223.152.188:0] script '/domains/bfitpro2/bak.php' not found or unable to stat
[Sun Feb 15 00:11:12.550243 2026] [php:error] [pid 61076] [client 185.223.152.198:0] script '/domains/ltemple/tools.php' not found or unable to stat
[Sun Feb 15 00:11:12.597839 2026] [php:error] [pid 61062] [client 185.223.152.188:0] script '/domains/bfitpro2/content.php' not found or unable to stat
[Sun Feb 15 00:11:12.787848 2026] [php:error] [pid 61076] [client 185.223.152.198:0] script '/domains/ltemple/update-core.php' not found or unable to stat
[Sun Feb 15 00:11:12.838367 2026] [php:error] [pid 61062] [client 185.223.152.188:0] script '/domains/bfitpro2/upfile.php' not found or unable to stat
[Sun Feb 15 00:11:13.025845 2026] [php:error] [pid 61076] [client 185.223.152.198:0] script '/domains/ltemple/user-edit.php' not found or unable to stat
[Sun Feb 15 00:11:13.082333 2026] [php:error] [pid 61062] [client 185.223.152.188:0] script '/domains/bfitpro2/wp.php' not found or unable to stat
[Sun Feb 15 00:11:13.267894 2026] [php:error] [pid 61076] [client 185.223.152.198:0] script '/domains/ltemple/user-new.php' not found or unable to stat
[Sun Feb 15 00:11:13.321808 2026] [php:error] [pid 61062] [client 185.223.152.188:0] script '/domains/bfitpro2/bypass.php' not found or unable to stat
[Sun Feb 15 00:11:13.502278 2026] [php:error] [pid 61076] [client 185.223.152.198:0] script '/domains/ltemple/wp-cron.php' not found or unable to stat
[Sun Feb 15 00:11:13.558248 2026] [php:error] [pid 61062] [client 185.223.152.188:0] script '/domains/bfitpro2/wp-activate.php' not found or unable to stat
[Sun Feb 15 00:11:13.737665 2026] [php:error] [pid 61076] [client 185.223.152.198:0] script '/domains/ltemple/bar.php' not found or unable to stat
[Sun Feb 15 00:11:13.795462 2026] [php:error] [pid 61062] [client 185.223.152.188:0] script '/domains/bfitpro2/updates.php' not found or unable to stat
[Sun Feb 15 00:11:13.971753 2026] [php:error] [pid 61076] [client 185.223.152.198:0] script '/domains/ltemple/samll.php' not found or unable to stat
[Sun Feb 15 00:11:14.033545 2026] [php:error] [pid 61062] [client 185.223.152.188:0] script '/domains/bfitpro2/radio.php' not found or unable to stat
[Sun Feb 15 00:11:14.206616 2026] [php:error] [pid 61076] [client 185.223.152.198:0] script '/domains/ltemple/webdb.php' not found or unable to stat
[Sun Feb 15 00:11:14.270678 2026] [php:error] [pid 61062] [client 185.223.152.188:0] script '/domains/bfitpro2/plugins.php' not found or unable to stat
[Sun Feb 15 00:11:14.447243 2026] [php:error] [pid 61076] [client 185.223.152.198:0] script '/domains/ltemple/100.php' not found or unable to stat
[Sun Feb 15 00:11:14.509818 2026] [php:error] [pid 61062] [client 185.223.152.188:0] script '/domains/bfitpro2/xmrlpc.php' not found or unable to stat
[Sun Feb 15 00:11:14.684846 2026] [php:error] [pid 61076] [client 185.223.152.198:0] script '/domains/ltemple/plugin-install.php' not found or unable to stat
[Sun Feb 15 00:11:14.750086 2026] [php:error] [pid 61062] [client 185.223.152.188:0] script '/domains/bfitpro2/ae.php' not found or unable to stat
[Sun Feb 15 00:11:14.918680 2026] [php:error] [pid 61076] [client 185.223.152.198:0] script '/domains/ltemple/km.php' not found or unable to stat
[Sun Feb 15 00:11:14.995782 2026] [php:error] [pid 61062] [client 185.223.152.188:0] script '/domains/bfitpro2/moon.php' not found or unable to stat
[Sun Feb 15 00:11:15.160048 2026] [php:error] [pid 61076] [client 185.223.152.198:0] script '/domains/ltemple/LA.php' not found or unable to stat
[Sun Feb 15 00:11:15.231567 2026] [php:error] [pid 61062] [client 185.223.152.188:0] script '/domains/bfitpro2/blog.php' not found or unable to stat
[Sun Feb 15 00:11:15.402328 2026] [php:error] [pid 61076] [client 185.223.152.198:0] script '/domains/ltemple/wp-good.php' not found or unable to stat
[Sun Feb 15 00:11:15.468748 2026] [php:error] [pid 61062] [client 185.223.152.188:0] script '/domains/bfitpro2/themes.php' not found or unable to stat
[Sun Feb 15 00:11:15.637518 2026] [php:error] [pid 61076] [client 185.223.152.198:0] script '/domains/ltemple/wp-ldd.php' not found or unable to stat
[Sun Feb 15 00:11:15.708667 2026] [php:error] [pid 61062] [client 185.223.152.188:0] script '/domains/bfitpro2/ini.php' not found or unable to stat
[Sun Feb 15 00:11:15.872375 2026] [php:error] [pid 61076] [client 185.223.152.198:0] script '/domains/ltemple/sgd.php' not found or unable to stat
[Sun Feb 15 00:11:15.945299 2026] [php:error] [pid 61062] [client 185.223.152.188:0] script '/domains/bfitpro2/as.php' not found or unable to stat
[Sun Feb 15 00:11:16.124039 2026] [php:error] [pid 61076] [client 185.223.152.198:0] script '/domains/ltemple/wzy.php' not found or unable to stat
[Sun Feb 15 00:11:16.205295 2026] [php:error] [pid 61062] [client 185.223.152.188:0] script '/domains/bfitpro2/shell.php' not found or unable to stat
[Sun Feb 15 00:11:16.450892 2026] [php:error] [pid 61062] [client 185.223.152.188:0] script '/domains/bfitpro2/ws.php' not found or unable to stat
[Sun Feb 15 00:11:16.699735 2026] [php:error] [pid 61062] [client 185.223.152.188:0] script '/domains/bfitpro2/makeasmtp.php' not found or unable to stat
[Sun Feb 15 00:11:16.834935 2026] [php:error] [pid 61076] [client 185.223.152.198:0] script '/domains/ltemple/chosen.php' not found or unable to stat
[Sun Feb 15 00:11:16.938261 2026] [php:error] [pid 61062] [client 185.223.152.188:0] script '/domains/bfitpro2/wp-sigunq.php' not found or unable to stat
[Sun Feb 15 00:11:17.175118 2026] [php:error] [pid 61062] [client 185.223.152.188:0] script '/domains/bfitpro2/wso112233.php' not found or unable to stat
[Sun Feb 15 00:11:17.332844 2026] [php:error] [pid 61076] [client 185.223.152.198:0] script '/domains/ltemple/wp-signup.php' not found or unable to stat
[Sun Feb 15 00:11:17.410603 2026] [php:error] [pid 61062] [client 185.223.152.188:0] script '/domains/bfitpro2/wp-atom.php' not found or unable to stat
[Sun Feb 15 00:11:17.647542 2026] [php:error] [pid 61062] [client 185.223.152.188:0] script '/domains/bfitpro2/alfanew.php' not found or unable to stat
[Sun Feb 15 00:11:17.893784 2026] [php:error] [pid 61062] [client 185.223.152.188:0] script '/domains/bfitpro2/fw.php' not found or unable to stat
[Sun Feb 15 00:11:18.130369 2026] [php:error] [pid 61062] [client 185.223.152.188:0] script '/domains/bfitpro2/install.php' not found or unable to stat
[Sun Feb 15 00:11:18.279894 2026] [php:error] [pid 61076] [client 185.223.152.198:0] script '/domains/ltemple/class.php' not found or unable to stat
[Sun Feb 15 00:11:18.436001 2026] [php:error] [pid 61062] [client 185.223.152.188:0] script '/domains/bfitpro2/wp-login.php' not found or unable to stat
[Sun Feb 15 00:11:18.761765 2026] [php:error] [pid 61076] [client 185.223.152.198:0] script '/domains/ltemple/Njima.php' not found or unable to stat
[Sun Feb 15 00:11:18.919175 2026] [php:error] [pid 61062] [client 185.223.152.188:0] script '/domains/bfitpro2/XxX.php' not found or unable to stat
[Sun Feb 15 00:11:19.157506 2026] [php:error] [pid 61062] [client 185.223.152.188:0] script '/domains/bfitpro2/Marvins.php' not found or unable to stat
[Sun Feb 15 00:11:19.521363 2026] [php:error] [pid 61081] [client 57.141.0.3:0] script '/domains/hdickens.enteract/kmnj.php' not found or unable to stat
[Sun Feb 15 00:11:19.640103 2026] [php:error] [pid 61062] [client 185.223.152.188:0] script '/domains/bfitpro2/olux.php' not found or unable to stat
[Sun Feb 15 00:11:19.881773 2026] [php:error] [pid 61062] [client 185.223.152.188:0] script '/domains/bfitpro2/wso.php' not found or unable to stat
[Sun Feb 15 00:11:19.959235 2026] [php:error] [pid 61076] [client 185.223.152.198:0] script '/domains/ltemple/FroggBaba.php' not found or unable to stat
[Sun Feb 15 00:11:20.401967 2026] [php:error] [pid 61062] [client 185.223.152.188:0] script '/domains/bfitpro2/uploader.php' not found or unable to stat
[Sun Feb 15 00:11:20.679495 2026] [php:error] [pid 61062] [client 185.223.152.188:0] script '/domains/bfitpro2/1337.php' not found or unable to stat
[Sun Feb 15 00:11:20.917269 2026] [php:error] [pid 61076] [client 185.223.152.198:0] script '/domains/ltemple/sts.php' not found or unable to stat
[Sun Feb 15 00:11:20.917320 2026] [php:error] [pid 61062] [client 185.223.152.188:0] script '/domains/bfitpro2/user.php' not found or unable to stat
[Sun Feb 15 00:11:21.162507 2026] [php:error] [pid 61062] [client 185.223.152.188:0] script '/domains/bfitpro2/wp-info.php' not found or unable to stat
[Sun Feb 15 00:11:21.405200 2026] [php:error] [pid 61062] [client 185.223.152.188:0] script '/domains/bfitpro2/wxo.php' not found or unable to stat
[Sun Feb 15 00:11:21.704416 2026] [php:error] [pid 61062] [client 185.223.152.188:0] script '/domains/bfitpro2/amigo.php' not found or unable to stat
[Sun Feb 15 00:11:22.038021 2026] [php:error] [pid 61062] [client 185.223.152.188:0] script '/domains/bfitpro2/yoi.php' not found or unable to stat
[Sun Feb 15 00:11:22.786187 2026] [php:error] [pid 61076] [client 185.223.152.198:0] script '/domains/ltemple/st.php' not found or unable to stat
[Sun Feb 15 00:11:23.059115 2026] [php:error] [pid 61076] [client 185.223.152.198:0] script '/domains/ltemple/GA13.php' not found or unable to stat
[Sun Feb 15 00:11:23.077108 2026] [php:error] [pid 61062] [client 185.223.152.188:0] script '/domains/bfitpro2/wp-contentt.php' not found or unable to stat
[Sun Feb 15 00:11:23.321756 2026] [php:error] [pid 61062] [client 185.223.152.188:0] script '/domains/bfitpro2/we1y8.php' not found or unable to stat
[Sun Feb 15 00:11:25.197824 2026] [php:error] [pid 61062] [client 185.223.152.188:0] script '/domains/bfitpro2/hehe.php' not found or unable to stat
[Sun Feb 15 00:11:25.560178 2026] [php:error] [pid 61076] [client 185.223.152.198:0] script '/domains/ltemple/crop.php' not found or unable to stat
[Sun Feb 15 00:11:25.561379 2026] [php:error] [pid 61062] [client 185.223.152.188:0] script '/domains/bfitpro2/post-data.php' not found or unable to stat
[Sun Feb 15 00:11:25.963969 2026] [php:error] [pid 61062] [client 185.223.152.188:0] script '/domains/bfitpro2/w0.php' not found or unable to stat
[Sun Feb 15 00:11:26.416048 2026] [php:error] [pid 61062] [client 185.223.152.188:0] script '/domains/bfitpro2/old-index.php' not found or unable to stat
[Sun Feb 15 00:11:26.871271 2026] [php:error] [pid 61076] [client 185.223.152.198:0] script '/domains/ltemple/gali.php' not found or unable to stat
[Sun Feb 15 00:11:26.921314 2026] [php:error] [pid 61062] [client 185.223.152.188:0] script '/domains/bfitpro2/wsanon.php' not found or unable to stat
[Sun Feb 15 00:11:28.323943 2026] [php:error] [pid 61076] [client 185.223.152.198:0] script '/domains/ltemple/dir.php' not found or unable to stat
[Sun Feb 15 00:11:28.357172 2026] [php:error] [pid 61062] [client 185.223.152.188:0] script '/domains/bfitpro2/indo.php' not found or unable to stat
[Sun Feb 15 00:11:28.778620 2026] [php:error] [pid 61076] [client 185.223.152.198:0] script '/domains/ltemple/dirs.php' not found or unable to stat
[Sun Feb 15 00:11:28.814071 2026] [php:error] [pid 61062] [client 185.223.152.188:0] script '/domains/bfitpro2/beence.php' not found or unable to stat
[Sun Feb 15 00:11:29.222526 2026] [php:error] [pid 61076] [client 185.223.152.198:0] script '/domains/ltemple/abouts.php' not found or unable to stat
[Sun Feb 15 00:11:29.250760 2026] [php:error] [pid 61062] [client 185.223.152.188:0] script '/domains/bfitpro2/indosec.php' not found or unable to stat
[Sun Feb 15 00:11:29.615690 2026] [php:error] [pid 61076] [client 185.223.152.198:0] script '/domains/ltemple/malls.php' not found or unable to stat
[Sun Feb 15 00:11:29.639160 2026] [php:error] [pid 61062] [client 185.223.152.188:0] script '/domains/bfitpro2/archives.php' not found or unable to stat
[Sun Feb 15 00:11:29.998620 2026] [php:error] [pid 61076] [client 185.223.152.198:0] script '/domains/ltemple/liefs.php' not found or unable to stat
[Sun Feb 15 00:11:30.018560 2026] [php:error] [pid 61062] [client 185.223.152.188:0] script '/domains/bfitpro2/po8sa.php' not found or unable to stat
[Sun Feb 15 00:11:30.234748 2026] [php:error] [pid 61076] [client 185.223.152.198:0] script '/domains/ltemple/uc.php' not found or unable to stat
[Sun Feb 15 00:11:30.270034 2026] [php:error] [pid 61062] [client 185.223.152.188:0] script '/domains/bfitpro2/thesmartestx.php' not found or unable to stat
[Sun Feb 15 00:11:30.594895 2026] [php:error] [pid 61076] [client 185.223.152.198:0] script '/domains/ltemple/locks.php' not found or unable to stat
[Sun Feb 15 00:11:30.627095 2026] [php:error] [pid 61062] [client 185.223.152.188:0] script '/domains/bfitpro2/zcanp.php' not found or unable to stat
[Sun Feb 15 00:11:31.197252 2026] [php:error] [pid 61076] [client 185.223.152.198:0] script '/domains/ltemple/wp-dsdd.php' not found or unable to stat
[Sun Feb 15 00:11:31.870109 2026] [php:error] [pid 61083] [client 185.223.152.228:0] script '/domains/bfitpro2/pvt.php' not found or unable to stat
[Sun Feb 15 00:11:32.234977 2026] [php:error] [pid 61083] [client 185.223.152.228:0] script '/domains/bfitpro2/shell20211028.php' not found or unable to stat
[Sun Feb 15 00:11:32.606987 2026] [php:error] [pid 61083] [client 185.223.152.228:0] script '/domains/bfitpro2/cgi-bin/wp-2019.php' not found or unable to stat
[Sun Feb 15 00:11:33.010480 2026] [php:error] [pid 61076] [client 185.223.152.198:0] script '/domains/ltemple/wp-themes.php' not found or unable to stat
[Sun Feb 15 00:11:33.037304 2026] [php:error] [pid 61083] [client 185.223.152.228:0] script '/domains/bfitpro2/crypted.php' not found or unable to stat
[Sun Feb 15 00:11:33.417998 2026] [php:error] [pid 61076] [client 185.223.152.198:0] script '/domains/ltemple/wp-uploads.php' not found or unable to stat
[Sun Feb 15 00:11:33.422025 2026] [php:error] [pid 61083] [client 185.223.152.228:0] script '/domains/bfitpro2/h0110w4y.php' not found or unable to stat
[Sun Feb 15 00:11:33.795773 2026] [php:error] [pid 61083] [client 185.223.152.228:0] script '/domains/bfitpro2/vesiw.php' not found or unable to stat
[Sun Feb 15 00:11:33.800757 2026] [php:error] [pid 61076] [client 185.223.152.198:0] script '/domains/ltemple/wp-files.php' not found or unable to stat
[Sun Feb 15 00:11:34.142671 2026] [php:error] [pid 61083] [client 185.223.152.228:0] script '/domains/bfitpro2/w.php' not found or unable to stat
[Sun Feb 15 00:11:34.150020 2026] [php:error] [pid 61076] [client 185.223.152.198:0] script '/domains/ltemple/t.php' not found or unable to stat
[Sun Feb 15 00:11:34.565722 2026] [php:error] [pid 61083] [client 185.223.152.228:0] script '/domains/bfitpro2/wp-db.php' not found or unable to stat
[Sun Feb 15 00:11:34.573158 2026] [php:error] [pid 61076] [client 185.223.152.198:0] script '/domains/ltemple/stindex.php' not found or unable to stat
[Sun Feb 15 00:11:34.969948 2026] [php:error] [pid 61076] [client 185.223.152.198:0] script '/domains/ltemple/shop.php' not found or unable to stat
[Sun Feb 15 00:11:36.264983 2026] [php:error] [pid 61083] [client 185.223.152.228:0] script '/domains/bfitpro2/lx.php' not found or unable to stat
[Sun Feb 15 00:11:36.269830 2026] [php:error] [pid 61058] [client 185.223.152.182:0] script '/domains/ltemple/exit.php' not found or unable to stat
[Sun Feb 15 00:11:36.715473 2026] [php:error] [pid 61083] [client 185.223.152.228:0] script '/domains/bfitpro2/tonant.php' not found or unable to stat
[Sun Feb 15 00:11:36.718638 2026] [php:error] [pid 61058] [client 185.223.152.182:0] script '/domains/ltemple/install.php' not found or unable to stat
[Sun Feb 15 00:11:37.176808 2026] [php:error] [pid 61083] [client 185.223.152.228:0] script '/domains/bfitpro2/f0x.php' not found or unable to stat
[Sun Feb 15 00:11:37.186395 2026] [php:error] [pid 61058] [client 185.223.152.182:0] script '/domains/ltemple/max.php' not found or unable to stat
[Sun Feb 15 00:11:37.584715 2026] [php:error] [pid 61083] [client 185.223.152.228:0] script '/domains/bfitpro2/config.bak.php' not found or unable to stat
[Sun Feb 15 00:11:37.598738 2026] [php:error] [pid 61058] [client 185.223.152.182:0] script '/domains/ltemple/wp-load.php' not found or unable to stat
[Sun Feb 15 00:11:37.998576 2026] [php:error] [pid 61083] [client 185.223.152.228:0] script '/domains/bfitpro2/bypass403.php' not found or unable to stat
[Sun Feb 15 00:11:38.343180 2026] [php:error] [pid 61083] [client 185.223.152.228:0] script '/domains/bfitpro2/adminer.php' not found or unable to stat
[Sun Feb 15 00:11:38.355675 2026] [php:error] [pid 61058] [client 185.223.152.182:0] script '/domains/ltemple/aa.php' not found or unable to stat
[Sun Feb 15 00:11:38.693656 2026] [php:error] [pid 61083] [client 185.223.152.228:0] script '/domains/bfitpro2/allahnaber.php' not found or unable to stat
[Sun Feb 15 00:11:38.992176 2026] [php:error] [pid 61083] [client 185.223.152.228:0] script '/domains/bfitpro2/AK-74.php' not found or unable to stat
[Sun Feb 15 00:11:39.414040 2026] [php:error] [pid 61083] [client 185.223.152.228:0] script '/domains/bfitpro2/alfa3.php' not found or unable to stat
[Sun Feb 15 00:11:39.442198 2026] [php:error] [pid 61058] [client 185.223.152.182:0] script '/domains/ltemple/shellv3.php' not found or unable to stat
[Sun Feb 15 00:11:39.846695 2026] [php:error] [pid 61083] [client 185.223.152.228:0] script '/domains/bfitpro2/alfaindex.php' not found or unable to stat
[Sun Feb 15 00:11:39.869790 2026] [php:error] [pid 61058] [client 185.223.152.182:0] script '/domains/ltemple/sh.php' not found or unable to stat
[Sun Feb 15 00:11:40.156589 2026] [php:error] [pid 61083] [client 185.223.152.228:0] script '/domains/bfitpro2/alfa.php' not found or unable to stat
[Sun Feb 15 00:11:40.510053 2026] [php:error] [pid 61083] [client 185.223.152.228:0] script '/domains/bfitpro2/c99.php' not found or unable to stat
[Sun Feb 15 00:11:40.947628 2026] [php:error] [pid 61083] [client 185.223.152.228:0] script '/domains/bfitpro2/cmd.php' not found or unable to stat
[Sun Feb 15 00:11:40.975611 2026] [php:error] [pid 61058] [client 185.223.152.182:0] script '/domains/ltemple/function.php' not found or unable to stat
[Sun Feb 15 00:11:41.354140 2026] [php:error] [pid 61083] [client 185.223.152.228:0] script '/domains/bfitpro2/cw.php' not found or unable to stat
[Sun Feb 15 00:11:41.375470 2026] [php:error] [pid 61058] [client 185.223.152.182:0] script '/domains/ltemple/m.php' not found or unable to stat
[Sun Feb 15 00:11:41.785785 2026] [php:error] [pid 61083] [client 185.223.152.228:0] script '/domains/bfitpro2/date.php' not found or unable to stat
[Sun Feb 15 00:11:41.812434 2026] [php:error] [pid 61058] [client 185.223.152.182:0] script '/domains/ltemple/delete3.php' not found or unable to stat
[Sun Feb 15 00:11:42.036532 2026] [php:error] [pid 61083] [client 185.223.152.228:0] script '/domains/bfitpro2/haxor.php' not found or unable to stat
[Sun Feb 15 00:11:42.458042 2026] [php:error] [pid 61083] [client 185.223.152.228:0] script '/domains/bfitpro2/icomsium.php' not found or unable to stat
