[Sun Feb 15 05:45:19.477697 2026] [php:error] [pid 32869] [client 103.108.174.43:0] script '/domains/system_default/logs/awstatstotals.php' not found or unable to stat
[Sun Feb 15 05:45:19.765265 2026] [php:error] [pid 32869] [client 103.108.174.43:0] script '/domains/system_default/logs/.settings.php.copy' not found or unable to stat
[Sun Feb 15 05:45:19.814164 2026] [php:error] [pid 27195] [client 103.108.174.43:0] script '/domains/system_default/logs/printfaq.php' not found or unable to stat
[Sun Feb 15 05:45:20.108284 2026] [php:error] [pid 32865] [client 103.108.174.43:0] script '/domains/system_default/index.php' not found or unable to stat
[Sun Feb 15 05:45:20.307132 2026] [php:error] [pid 32869] [client 103.108.174.43:0] script '/domains/system_default/logs/settings.php.bkp' not found or unable to stat
[Sun Feb 15 05:45:20.750646 2026] [php:error] [pid 32873] [client 103.108.174.43:0] script '/domains/system_default/logs/.settings.php.bkp' not found or unable to stat
[Sun Feb 15 05:45:21.206390 2026] [php:error] [pid 32875] [client 103.108.174.43:0] script '/domains/system_default/logs/settings.php.old' not found or unable to stat
[Sun Feb 15 05:45:21.441623 2026] [php:error] [pid 27195] [client 103.108.174.43:0] script '/domains/system_default/logs/index.php' not found or unable to stat
[Sun Feb 15 05:45:21.649936 2026] [php:error] [pid 32872] [client 103.108.174.43:0] script '/domains/system_default/logs/.settings.php.old' not found or unable to stat
[Sun Feb 15 05:45:21.709474 2026] [php:error] [pid 27195] [client 103.108.174.43:0] script '/domains/system_default/login_form.php' not found or unable to stat
[Sun Feb 15 05:45:22.092571 2026] [php:error] [pid 32875] [client 103.108.174.43:0] script '/domains/system_default/logs/settings.php.orig' not found or unable to stat
[Sun Feb 15 05:45:22.533097 2026] [php:error] [pid 27200] [client 103.108.174.43:0] script '/domains/system_default/search.php' not found or unable to stat
[Sun Feb 15 05:45:22.559943 2026] [php:error] [pid 32862] [client 103.108.174.43:0] script '/domains/system_default/logs/.settings.php.orig' not found or unable to stat
[Sun Feb 15 05:45:23.008472 2026] [php:error] [pid 27195] [client 103.108.174.43:0] script '/domains/system_default/logs/search.php' not found or unable to stat
[Sun Feb 15 05:45:23.175787 2026] [php:error] [pid 32873] [client 103.108.174.43:0] script '/domains/system_default/logs/settings.php.temp' not found or unable to stat
[Sun Feb 15 05:45:23.217307 2026] [php:error] [pid 27200] [client 103.108.174.43:0] script '/domains/system_default/afdrukken.php' not found or unable to stat
[Sun Feb 15 05:45:23.629365 2026] [php:error] [pid 32862] [client 103.108.174.43:0] script '/domains/system_default/logs/.settings.php.temp' not found or unable to stat
[Sun Feb 15 05:45:23.650919 2026] [php:error] [pid 32873] [client 103.108.174.43:0] script '/domains/system_default/logs/afdrukken.php' not found or unable to stat
[Sun Feb 15 05:45:24.016529 2026] [cgi:error] [pid 32875] [client 103.108.174.43:0] AH02811: stderr from /domains/system_default/af.cgi: script not found or unable to stat
[Sun Feb 15 05:45:24.069056 2026] [php:error] [pid 32869] [client 103.108.174.43:0] script '/domains/system_default/logs/settings.php.tmp' not found or unable to stat
[Sun Feb 15 05:45:24.460814 2026] [cgi:error] [pid 27200] [client 103.108.174.43:0] AH02811: stderr from /domains/system_default/alienform.cgi: script not found or unable to stat
[Sun Feb 15 05:45:24.511041 2026] [php:error] [pid 32865] [client 103.108.174.43:0] script '/domains/system_default/logs/.settings.php.tmp' not found or unable to stat
[Sun Feb 15 05:45:24.966805 2026] [cgi:error] [pid 27200] [client 103.108.174.43:0] AH02811: stderr from /domains/system_default/logs/af.cgi: script not found or unable to stat
[Sun Feb 15 05:45:25.115498 2026] [php:error] [pid 32862] [client 103.108.174.43:0] script '/domains/system_default/view_user.php' not found or unable to stat
[Sun Feb 15 05:45:25.403746 2026] [cgi:error] [pid 32865] [client 103.108.174.43:0] AH02811: stderr from /domains/system_default/logs/alienform.cgi: script not found or unable to stat
[Sun Feb 15 05:45:25.511031 2026] [php:error] [pid 32869] [client 103.108.174.43:0] script '/domains/system_default/firstvisit.php' not found or unable to stat
[Sun Feb 15 05:45:25.745336 2026] [php:error] [pid 32869] [client 103.108.174.43:0] script '/domains/system_default/logs/view_user.php' not found or unable to stat
[Sun Feb 15 05:45:25.757781 2026] [php:error] [pid 27200] [client 103.108.174.43:0] script '/domains/system_default/display.php' not found or unable to stat
[Sun Feb 15 05:45:25.953568 2026] [php:error] [pid 32875] [client 103.108.174.43:0] script '/domains/system_default/logs/firstvisit.php' not found or unable to stat
[Sun Feb 15 05:45:25.975092 2026] [php:error] [pid 32873] [client 103.108.174.43:0] script '/domains/system_default/logs/settings.php.swp' not found or unable to stat
[Sun Feb 15 05:45:26.197554 2026] [php:error] [pid 27200] [client 103.108.174.43:0] script '/domains/system_default/logs/display.php' not found or unable to stat
[Sun Feb 15 05:45:26.525119 2026] [php:error] [pid 32869] [client 103.108.174.43:0] script '/domains/system_default/logs/.settings.php.swp' not found or unable to stat
[Sun Feb 15 05:45:27.094313 2026] [php:error] [pid 32873] [client 103.108.174.43:0] script '/domains/system_default/logs/settings.php.save' not found or unable to stat
[Sun Feb 15 05:45:27.497913 2026] [php:error] [pid 27195] [client 103.108.174.43:0] script '/domains/system_default/webadmin.php' not found or unable to stat
[Sun Feb 15 05:45:27.538651 2026] [php:error] [pid 32865] [client 103.108.174.43:0] script '/domains/system_default/logs/.settings.php.save' not found or unable to stat
[Sun Feb 15 05:45:27.809216 2026] [php:error] [pid 32872] [client 103.108.174.43:0] script '/domains/system_default/oldnews_reader.php' not found or unable to stat
[Sun Feb 15 05:45:27.938183 2026] [php:error] [pid 27195] [client 103.108.174.43:0] script '/domains/system_default/logs/webadmin.php' not found or unable to stat
[Sun Feb 15 05:45:28.260308 2026] [php:error] [pid 32873] [client 103.108.174.43:0] script '/domains/system_default/logs/oldnews_reader.php' not found or unable to stat
[Sun Feb 15 05:45:28.436927 2026] [php:error] [pid 32869] [client 103.108.174.43:0] script '/domains/system_default/index.php' not found or unable to stat
[Sun Feb 15 05:45:28.520730 2026] [php:error] [pid 27195] [client 103.108.174.43:0] script '/domains/system_default/profil.php' not found or unable to stat
[Sun Feb 15 05:45:28.874962 2026] [php:error] [pid 32869] [client 103.108.174.43:0] script '/domains/system_default/logs/index.php' not found or unable to stat
[Sun Feb 15 05:45:28.963339 2026] [php:error] [pid 32865] [client 103.108.174.43:0] script '/domains/system_default/logs/profil.php' not found or unable to stat
[Sun Feb 15 05:45:29.425182 2026] [cgi:error] [pid 32873] [client 103.108.174.43:0] AH02811: stderr from /domains/system_default/mrtg.cgi: script not found or unable to stat
[Sun Feb 15 05:45:29.761560 2026] [cgi:error] [pid 32869] [client 103.108.174.43:0] AH02811: stderr from /domains/system_default/eshop.pl: script not found or unable to stat
[Sun Feb 15 05:45:29.898274 2026] [cgi:error] [pid 32873] [client 103.108.174.43:0] AH02811: stderr from /domains/system_default/logs/mrtg.cgi: script not found or unable to stat
[Sun Feb 15 05:45:30.611252 2026] [php:error] [pid 32882] [client 103.108.174.43:0] script '/domains/system_default/team.rc5-72.php' not found or unable to stat
[Sun Feb 15 05:45:30.650628 2026] [cgi:error] [pid 27195] [client 103.108.174.43:0] AH02811: stderr from /domains/system_default/logs/eshop.pl: script not found or unable to stat
[Sun Feb 15 05:45:31.055362 2026] [php:error] [pid 32882] [client 103.108.174.43:0] script '/domains/system_default/logs/team.rc5-72.php' not found or unable to stat
[Sun Feb 15 05:45:32.748178 2026] [php:error] [pid 32884] [client 103.108.174.43:0] script '/domains/system_default/index.php' not found or unable to stat
[Sun Feb 15 05:45:33.180791 2026] [php:error] [pid 32881] [client 103.108.174.43:0] script '/domains/system_default/logs/index.php' not found or unable to stat
[Sun Feb 15 05:45:34.336935 2026] [php:error] [pid 32869] [client 103.108.174.43:0] script '/domains/system_default/activate.php' not found or unable to stat
[Sun Feb 15 05:45:34.970893 2026] [php:error] [pid 32884] [client 103.108.174.43:0] script '/domains/system_default/index.php' not found or unable to stat
[Sun Feb 15 05:45:35.443959 2026] [php:error] [pid 32881] [client 103.108.174.43:0] script '/domains/system_default/logs/index.php' not found or unable to stat
[Sun Feb 15 05:45:35.703035 2026] [php:error] [pid 27173] [client 136.228.134.5:0] script '/domains/awciii/wp-commentin.php' not found or unable to stat
[Sun Feb 15 05:45:36.540315 2026] [php:error] [pid 32875] [client 103.108.174.43:0] script '/domains/system_default/nameko.php' not found or unable to stat
[Sun Feb 15 05:45:36.906066 2026] [php:error] [pid 27195] [client 103.108.174.43:0] script '/domains/system_default/moadmin.php' not found or unable to stat
[Sun Feb 15 05:45:37.137525 2026] [php:error] [pid 32879] [client 103.108.174.43:0] script '/domains/system_default/index.php' not found or unable to stat
[Sun Feb 15 05:45:37.369950 2026] [php:error] [pid 32879] [client 103.108.174.43:0] script '/domains/system_default/wu-moadmin.php' not found or unable to stat
[Sun Feb 15 05:45:37.813920 2026] [php:error] [pid 27200] [client 103.108.174.43:0] script '/domains/system_default/logs/moadmin.php' not found or unable to stat
[Sun Feb 15 05:45:37.887782 2026] [php:error] [pid 32875] [client 103.108.174.43:0] script '/domains/system_default/logs/nameko.php' not found or unable to stat
[Sun Feb 15 05:45:38.251098 2026] [php:error] [pid 32881] [client 103.108.174.43:0] script '/domains/system_default/logs/wu-moadmin.php' not found or unable to stat
[Sun Feb 15 05:45:38.455400 2026] [php:error] [pid 32869] [client 103.108.174.43:0] script '/domains/system_default/logs/index.php' not found or unable to stat
[Sun Feb 15 05:45:40.052075 2026] [php:error] [pid 32881] [client 103.108.174.43:0] script '/domains/system_default/index.php' not found or unable to stat
[Sun Feb 15 05:45:40.458942 2026] [php:error] [pid 27195] [client 103.108.174.43:0] script '/domains/system_default/pwn.php' not found or unable to stat
[Sun Feb 15 05:45:40.493734 2026] [php:error] [pid 32873] [client 103.108.174.43:0] script '/domains/system_default/logs/index.php' not found or unable to stat
[Sun Feb 15 05:45:40.747336 2026] [php:error] [pid 32873] [client 103.108.174.43:0] script '/domains/system_default/index.php' not found or unable to stat
[Sun Feb 15 05:45:40.908888 2026] [php:error] [pid 32881] [client 103.108.174.43:0] script '/domains/system_default/logs/pwn.php' not found or unable to stat
[Sun Feb 15 05:45:41.190994 2026] [php:error] [pid 32875] [client 103.108.174.43:0] script '/domains/system_default/logs/index.php' not found or unable to stat
[Sun Feb 15 05:45:41.821646 2026] [cgi:error] [pid 32873] [client 103.108.174.43:0] AH02811: stderr from /domains/system_default/htsearch.cgi: script not found or unable to stat
[Sun Feb 15 05:45:42.277758 2026] [cgi:error] [pid 27200] [client 103.108.174.43:0] AH02811: stderr from /domains/system_default/logs/htsearch.cgi: script not found or unable to stat
[Sun Feb 15 05:45:43.238092 2026] [php:error] [pid 32869] [client 103.108.174.43:0] script '/domains/system_default/index.php' not found or unable to stat
[Sun Feb 15 05:45:43.681694 2026] [php:error] [pid 27200] [client 103.108.174.43:0] script '/domains/system_default/logs/index.php' not found or unable to stat
[Sun Feb 15 05:45:44.154272 2026] [php:error] [pid 32883] [client 103.108.174.43:0] script '/domains/system_default/sitemap.php' not found or unable to stat
[Sun Feb 15 05:45:44.605813 2026] [php:error] [pid 32869] [client 103.108.174.43:0] script '/domains/system_default/logs/sitemap.php' not found or unable to stat
[Sun Feb 15 05:45:46.850927 2026] [php:error] [pid 27173] [client 103.108.174.43:0] script '/domains/system_default/comment.php' not found or unable to stat
[Sun Feb 15 05:45:47.294689 2026] [php:error] [pid 32883] [client 103.108.174.43:0] script '/domains/system_default/logs/comment.php' not found or unable to stat
[Sun Feb 15 05:45:47.519039 2026] [php:error] [pid 32883] [client 103.108.174.43:0] script '/domains/system_default/index.php' not found or unable to stat
[Sun Feb 15 05:45:48.143606 2026] [php:error] [pid 32883] [client 103.108.174.43:0] script '/domains/system_default/wiki.php' not found or unable to stat
[Sun Feb 15 05:45:48.148008 2026] [php:error] [pid 32873] [client 103.108.174.43:0] script '/domains/system_default/logs/index.php' not found or unable to stat
[Sun Feb 15 05:45:48.586776 2026] [php:error] [pid 27200] [client 103.108.174.43:0] script '/domains/system_default/logs/wiki.php' not found or unable to stat
[Sun Feb 15 05:45:48.982562 2026] [php:error] [pid 27200] [client 103.108.174.43:0] script '/domains/system_default/sendcard.php' not found or unable to stat
[Sun Feb 15 05:45:49.417679 2026] [php:error] [pid 32873] [client 103.108.174.43:0] script '/domains/system_default/logs/sendcard.php' not found or unable to stat
[Sun Feb 15 05:45:49.638071 2026] [php:error] [pid 32883] [client 103.108.174.43:0] script '/domains/system_default/message.php' not found or unable to stat
[Sun Feb 15 05:45:50.005127 2026] [cgi:error] [pid 32869] [client 103.108.174.43:0] AH02811: stderr from /domains/system_default/nph-mr.cgi: script not found or unable to stat
[Sun Feb 15 05:45:50.207112 2026] [php:error] [pid 27195] [client 103.108.174.43:0] script '/domains/system_default/logs/message.php' not found or unable to stat
[Sun Feb 15 05:45:50.448787 2026] [cgi:error] [pid 32865] [client 103.108.174.43:0] AH02811: stderr from /domains/system_default/logs/nph-mr.cgi: script not found or unable to stat
[Sun Feb 15 05:45:51.441755 2026] [cgi:error] [pid 32869] [client 103.108.174.43:0] AH02811: stderr from /domains/system_default/shopper.cgi: script not found or unable to stat
[Sun Feb 15 05:45:51.559792 2026] [php:error] [pid 32883] [client 103.108.174.43:0] script '/domains/system_default/index.php' not found or unable to stat
[Sun Feb 15 05:45:51.885207 2026] [cgi:error] [pid 27173] [client 103.108.174.43:0] AH02811: stderr from /domains/system_default/logs/shopper.cgi: script not found or unable to stat
[Sun Feb 15 05:45:51.989569 2026] [php:error] [pid 32869] [client 103.108.174.43:0] script '/domains/system_default/index.php' not found or unable to stat
[Sun Feb 15 05:45:52.116407 2026] [php:error] [pid 27173] [client 103.108.174.43:0] script '/domains/system_default/logs/index.php' not found or unable to stat
[Sun Feb 15 05:45:52.433628 2026] [php:error] [pid 27200] [client 103.108.174.43:0] script '/domains/system_default/logs/index.php' not found or unable to stat
[Sun Feb 15 05:45:52.876310 2026] [cgi:error] [pid 32883] [client 103.108.174.43:0] AH02811: stderr from /domains/system_default/login.cgi: script not found or unable to stat
[Sun Feb 15 05:45:53.319375 2026] [cgi:error] [pid 32865] [client 103.108.174.43:0] AH02811: stderr from /domains/system_default/logs/login.cgi: script not found or unable to stat
[Sun Feb 15 05:45:54.176873 2026] [php:error] [pid 32883] [client 103.108.174.43:0] script '/domains/system_default/charts.php' not found or unable to stat
[Sun Feb 15 05:45:54.648048 2026] [php:error] [pid 32883] [client 103.108.174.43:0] script '/domains/system_default/logs/charts.php' not found or unable to stat
[Sun Feb 15 05:45:54.828679 2026] [php:error] [pid 32873] [client 103.108.174.43:0] script '/domains/system_default/download.php' not found or unable to stat
[Sun Feb 15 05:45:55.273800 2026] [php:error] [pid 32865] [client 103.108.174.43:0] script '/domains/system_default/logs/download.php' not found or unable to stat
[Sun Feb 15 05:45:55.535175 2026] [php:error] [pid 27173] [client 103.108.174.43:0] script '/domains/system_default/products.php' not found or unable to stat
[Sun Feb 15 05:45:56.243237 2026] [php:error] [pid 32883] [client 136.228.134.5:0] script '/domains/awciii/m4r1ju4n4.php' not found or unable to stat
[Sun Feb 15 05:45:57.635918 2026] [php:error] [pid 27173] [client 103.108.174.43:0] script '/domains/system_default/logs/products.php' not found or unable to stat
[Sun Feb 15 05:45:58.296431 2026] [php:error] [pid 27195] [client 103.108.174.43:0] script '/domains/system_default/check_user_id.php' not found or unable to stat
[Sun Feb 15 05:45:58.883476 2026] [php:error] [pid 32873] [client 103.108.174.43:0] script '/domains/system_default/logs/check_user_id.php' not found or unable to stat
[Sun Feb 15 05:45:59.904963 2026] [php:error] [pid 27200] [client 103.108.174.43:0] script '/domains/system_default/shoutbox.php' not found or unable to stat
[Sun Feb 15 05:46:00.334222 2026] [cgi:error] [pid 27195] [client 103.108.174.43:0] AH02811: stderr from /domains/system_default/zml.cgi: script not found or unable to stat
[Sun Feb 15 05:46:00.354755 2026] [php:error] [pid 27200] [client 103.108.174.43:0] script '/domains/system_default/logs/shoutbox.php' not found or unable to stat
[Sun Feb 15 05:46:00.960850 2026] [cgi:error] [pid 32875] [client 103.108.174.43:0] AH02811: stderr from /domains/system_default/logs/zml.cgi: script not found or unable to stat
[Sun Feb 15 05:46:01.272233 2026] [php:error] [pid 32869] [client 103.108.174.43:0] script '/domains/system_default/index.php' not found or unable to stat
[Sun Feb 15 05:46:01.716442 2026] [php:error] [pid 32873] [client 103.108.174.43:0] script '/domains/system_default/logs/index.php' not found or unable to stat
[Sun Feb 15 05:46:02.565856 2026] [php:error] [pid 32873] [client 103.108.174.43:0] script '/domains/system_default/topic.php' not found or unable to stat
[Sun Feb 15 05:46:03.009524 2026] [php:error] [pid 27173] [client 103.108.174.43:0] script '/domains/system_default/logs/topic.php' not found or unable to stat
[Sun Feb 15 05:46:03.474193 2026] [cgi:error] [pid 32873] [client 103.108.174.43:0] AH02811: stderr from /domains/system_default/viewcvs.cgi: script not found or unable to stat
[Sun Feb 15 05:46:03.958903 2026] [cgi:error] [pid 27173] [client 103.108.174.43:0] AH02811: stderr from /domains/system_default/logs/viewcvs.cgi: script not found or unable to stat
[Sun Feb 15 05:46:04.193869 2026] [php:error] [pid 27173] [client 103.108.174.43:0] script '/domains/system_default/directory.php' not found or unable to stat
[Sun Feb 15 05:46:04.639028 2026] [php:error] [pid 32875] [client 103.108.174.43:0] script '/domains/system_default/logs/directory.php' not found or unable to stat
[Sun Feb 15 05:46:05.758802 2026] [php:error] [pid 27173] [client 103.108.174.43:0] script '/domains/system_default/search.php' not found or unable to stat
[Sun Feb 15 05:46:06.215368 2026] [php:error] [pid 27173] [client 103.108.174.43:0] script '/domains/system_default/logs/search.php' not found or unable to stat
[Sun Feb 15 05:46:06.632941 2026] [cgi:error] [pid 32875] [client 103.108.174.43:0] AH02811: stderr from /domains/system_default/hotspotlogin.cgi: script not found or unable to stat
[Sun Feb 15 05:46:07.111938 2026] [cgi:error] [pid 32875] [client 103.108.174.43:0] AH01215: stderr from /domains/system_default/index.pl: got default_page fbsd.web.rcn.net at /domains/system_default/index.pl line 43.
[Sun Feb 15 05:46:07.222550 2026] [cgi:error] [pid 27173] [client 103.108.174.43:0] AH02811: stderr from /domains/system_default/logs/hotspotlogin.cgi: script not found or unable to stat
[Sun Feb 15 05:46:07.739528 2026] [cgi:error] [pid 32883] [client 103.108.174.43:0] AH02811: stderr from /domains/system_default/logs/index.pl: script not found or unable to stat
[Sun Feb 15 05:46:08.655804 2026] [php:error] [pid 27173] [client 103.108.174.43:0] script '/domains/system_default/page.php' not found or unable to stat
[Sun Feb 15 05:46:09.101281 2026] [php:error] [pid 32875] [client 103.108.174.43:0] script '/domains/system_default/logs/page.php' not found or unable to stat
[Sun Feb 15 05:46:09.342431 2026] [php:error] [pid 27173] [client 103.108.174.43:0] script '/domains/system_default/index.php' not found or unable to stat
[Sun Feb 15 05:46:09.578218 2026] [php:error] [pid 27173] [client 103.108.174.43:0] script '/domains/system_default/_head.php' not found or unable to stat
[Sun Feb 15 05:46:09.786326 2026] [php:error] [pid 32888] [client 103.108.174.43:0] script '/domains/system_default/logs/index.php' not found or unable to stat
[Sun Feb 15 05:46:10.028818 2026] [php:error] [pid 32888] [client 103.108.174.43:0] script '/domains/system_default/logs/_head.php' not found or unable to stat
[Sun Feb 15 05:46:13.632695 2026] [php:error] [pid 32875] [client 103.108.174.43:0] script '/domains/system_default/main.php' not found or unable to stat
[Sun Feb 15 05:46:13.818192 2026] [php:error] [pid 32883] [client 103.108.174.43:0] script '/domains/system_default/obm.php' not found or unable to stat
[Sun Feb 15 05:46:13.854843 2026] [cgi:error] [pid 32888] [client 103.108.174.43:0] AH02811: stderr from /domains/system_default/wonderdesk.cgi: script not found or unable to stat
[Sun Feb 15 05:46:14.076459 2026] [php:error] [pid 32883] [client 103.108.174.43:0] script '/domains/system_default/logs/main.php' not found or unable to stat
[Sun Feb 15 05:46:14.302235 2026] [cgi:error] [pid 32883] [client 103.108.174.43:0] AH02811: stderr from /domains/system_default/ans.pl: script not found or unable to stat
[Sun Feb 15 05:46:14.697740 2026] [php:error] [pid 32869] [client 103.108.174.43:0] script '/domains/system_default/logs/obm.php' not found or unable to stat
[Sun Feb 15 05:46:15.207293 2026] [cgi:error] [pid 32888] [client 103.108.174.43:0] AH02811: stderr from /domains/system_default/logs/ans.pl: script not found or unable to stat
[Sun Feb 15 05:46:15.422522 2026] [cgi:error] [pid 32869] [client 103.108.174.43:0] AH02811: stderr from /domains/system_default/logs/wonderdesk.cgi: script not found or unable to stat
[Sun Feb 15 05:46:15.644984 2026] [php:error] [pid 32887] [client 103.108.174.43:0] script '/domains/system_default/index.php' not found or unable to stat
[Sun Feb 15 05:46:16.734487 2026] [cgi:error] [pid 32892] [client 103.108.174.43:0] AH02811: stderr from /domains/system_default/flsummary.pl: script not found or unable to stat
[Sun Feb 15 05:46:16.965544 2026] [php:error] [pid 32892] [client 103.108.174.43:0] script '/domains/system_default/index.php' not found or unable to stat
[Sun Feb 15 05:46:17.224782 2026] [php:error] [pid 32892] [client 103.108.174.43:0] script '/domains/system_default/board.php' not found or unable to stat
[Sun Feb 15 05:46:17.249945 2026] [cgi:error] [pid 32894] [client 167.160.70.253:0] AH01215: stderr from /domains/abtechsci/cgi-bin/CustomerSurvey.cgi: [Sun Feb 15 05:46:17 2026] CustomerSurvey.cgi: CGI::param called in list context from /domains/abtechsci/cgi-bin/CustomerSurvey.cgi line 42, this can lead to vulnerabilities. See the warning in "Fetching the value or values of a single named parameter" at /usr/local/lib/perl5/site_perl/CGI.pm line 416., referer: http://abtechsci.com/customserv.html
[Sun Feb 15 05:46:17.405406 2026] [php:error] [pid 32893] [client 103.108.174.43:0] script '/domains/system_default/logs/index.php' not found or unable to stat
[Sun Feb 15 05:46:17.792671 2026] [php:error] [pid 32869] [client 103.108.174.43:0] script '/domains/system_default/logs/board.php' not found or unable to stat
[Sun Feb 15 05:46:18.223033 2026] [cgi:error] [pid 32888] [client 103.108.174.43:0] AH02811: stderr from /domains/system_default/logs/flsummary.pl: script not found or unable to stat
[Sun Feb 15 05:46:21.546589 2026] [cgi:error] [pid 32883] [client 103.108.174.43:0] AH02811: stderr from /domains/system_default/webcart.cgi: script not found or unable to stat
[Sun Feb 15 05:46:22.043398 2026] [cgi:error] [pid 32887] [client 103.108.174.43:0] AH02811: stderr from /domains/system_default/logs/webcart.cgi: script not found or unable to stat
[Sun Feb 15 05:46:22.369441 2026] [php:error] [pid 32892] [client 103.108.174.43:0] script '/domains/system_default/city.php' not found or unable to stat
[Sun Feb 15 05:46:22.850907 2026] [php:error] [pid 27200] [client 103.108.174.43:0] script '/domains/system_default/logs/city.php' not found or unable to stat
[Sun Feb 15 05:46:24.557036 2026] [php:error] [pid 32891] [client 103.108.174.43:0] script '/domains/system_default/index.php' not found or unable to stat
[Sun Feb 15 05:46:25.000879 2026] [php:error] [pid 32894] [client 103.108.174.43:0] script '/domains/system_default/logs/index.php' not found or unable to stat
[Sun Feb 15 05:46:25.539901 2026] [php:error] [pid 32889] [client 136.228.134.5:0] script '/domains/awciii/xlt.php' not found or unable to stat
[Sun Feb 15 05:46:28.137605 2026] [php:error] [pid 32887] [client 103.108.174.43:0] script '/domains/system_default/photo.php' not found or unable to stat
[Sun Feb 15 05:46:28.212419 2026] [php:error] [pid 32892] [client 103.108.174.43:0] script '/domains/system_default/comments.php' not found or unable to stat
[Sun Feb 15 05:46:28.541481 2026] [php:error] [pid 32894] [client 4.217.180.34:0] script '/domains/tcrlle/kla.php' not found or unable to stat
[Sun Feb 15 05:46:28.581223 2026] [php:error] [pid 32893] [client 103.108.174.43:0] script '/domains/system_default/logs/photo.php' not found or unable to stat
[Sun Feb 15 05:46:28.650315 2026] [php:error] [pid 32898] [client 103.108.174.43:0] script '/domains/system_default/logs/comments.php' not found or unable to stat
[Sun Feb 15 05:46:28.847069 2026] [cgi:error] [pid 32887] [client 103.108.174.43:0] AH02811: stderr from /domains/system_default/r.cgi: script not found or unable to stat
[Sun Feb 15 05:46:28.898514 2026] [php:error] [pid 32894] [client 4.217.180.34:0] script '/domains/tcrlle/xxw.php' not found or unable to stat
[Sun Feb 15 05:46:29.077058 2026] [php:error] [pid 32894] [client 4.217.180.34:0] script '/domains/tcrlle/bureaucrats.php' not found or unable to stat
[Sun Feb 15 05:46:29.255509 2026] [php:error] [pid 32894] [client 4.217.180.34:0] script '/domains/tcrlle/yrmeu.php' not found or unable to stat
[Sun Feb 15 05:46:29.289862 2026] [cgi:error] [pid 32898] [client 103.108.174.43:0] AH02811: stderr from /domains/system_default/r.pl: script not found or unable to stat
[Sun Feb 15 05:46:29.434364 2026] [php:error] [pid 32894] [client 4.217.180.34:0] script '/domains/tcrlle/logs.php' not found or unable to stat
[Sun Feb 15 05:46:29.524816 2026] [php:error] [pid 32898] [client 103.108.174.43:0] script '/domains/system_default/search.php' not found or unable to stat
[Sun Feb 15 05:46:29.612797 2026] [php:error] [pid 32894] [client 4.217.180.34:0] script '/domains/tcrlle/ai.php' not found or unable to stat
[Sun Feb 15 05:46:29.792893 2026] [php:error] [pid 32894] [client 4.217.180.34:0] script '/domains/tcrlle/inclusively.php' not found or unable to stat
[Sun Feb 15 05:46:29.971525 2026] [php:error] [pid 32894] [client 4.217.180.34:0] script '/domains/tcrlle/jga.php' not found or unable to stat
[Sun Feb 15 05:46:29.974138 2026] [php:error] [pid 32888] [client 103.108.174.43:0] script '/domains/system_default/logs/search.php' not found or unable to stat
[Sun Feb 15 05:46:30.150276 2026] [php:error] [pid 32894] [client 4.217.180.34:0] script '/domains/tcrlle/invisi.php' not found or unable to stat
[Sun Feb 15 05:46:30.329015 2026] [php:error] [pid 32894] [client 4.217.180.34:0] script '/domains/tcrlle/xr.php' not found or unable to stat
[Sun Feb 15 05:46:30.507428 2026] [php:error] [pid 32894] [client 4.217.180.34:0] script '/domains/tcrlle/ff.php' not found or unable to stat
[Sun Feb 15 05:46:30.525241 2026] [cgi:error] [pid 32869] [client 103.108.174.43:0] AH02811: stderr from /domains/system_default/index.cgi: script not found or unable to stat
[Sun Feb 15 05:46:30.686347 2026] [php:error] [pid 32894] [client 4.217.180.34:0] script '/domains/tcrlle/8.php' not found or unable to stat
[Sun Feb 15 05:46:30.866926 2026] [php:error] [pid 32894] [client 4.217.180.34:0] script '/domains/tcrlle/admin-footer.php' not found or unable to stat
[Sun Feb 15 05:46:30.963613 2026] [cgi:error] [pid 32887] [client 103.108.174.43:0] AH02811: stderr from /domains/system_default/logs/index.cgi: script not found or unable to stat
[Sun Feb 15 05:46:31.045386 2026] [php:error] [pid 32894] [client 4.217.180.34:0] script '/domains/tcrlle/bolaf.php' not found or unable to stat
[Sun Feb 15 05:46:31.198893 2026] [php:error] [pid 32887] [client 103.108.174.43:0] script '/domains/system_default/signin.php' not found or unable to stat
[Sun Feb 15 05:46:31.223808 2026] [php:error] [pid 32894] [client 4.217.180.34:0] script '/domains/tcrlle/knightly.php' not found or unable to stat
[Sun Feb 15 05:46:31.402238 2026] [php:error] [pid 32894] [client 4.217.180.34:0] script '/domains/tcrlle/cap.php' not found or unable to stat
[Sun Feb 15 05:46:31.580634 2026] [php:error] [pid 32894] [client 4.217.180.34:0] script '/domains/tcrlle/callback.php' not found or unable to stat
[Sun Feb 15 05:46:31.642971 2026] [php:error] [pid 27195] [client 103.108.174.43:0] script '/domains/system_default/logs/signin.php' not found or unable to stat
[Sun Feb 15 05:46:31.759022 2026] [php:error] [pid 32894] [client 4.217.180.34:0] script '/domains/tcrlle/knme.php' not found or unable to stat
[Sun Feb 15 05:46:31.868108 2026] [cgi:error] [pid 27195] [client 103.108.174.43:0] AH02811: stderr from /domains/system_default/logs/r.cgi: script not found or unable to stat
[Sun Feb 15 05:46:31.937945 2026] [php:error] [pid 32894] [client 4.217.180.34:0] script '/domains/tcrlle/bgwnfsal.php' not found or unable to stat
[Sun Feb 15 05:46:32.116609 2026] [php:error] [pid 32894] [client 4.217.180.34:0] script '/domains/tcrlle/aboutc.php' not found or unable to stat
[Sun Feb 15 05:46:32.295136 2026] [php:error] [pid 32894] [client 4.217.180.34:0] script '/domains/tcrlle/lcyhl.php' not found or unable to stat
[Sun Feb 15 05:46:32.301875 2026] [cgi:error] [pid 32887] [client 103.108.174.43:0] AH02811: stderr from /domains/system_default/logs/r.pl: script not found or unable to stat
[Sun Feb 15 05:46:32.473442 2026] [php:error] [pid 32894] [client 4.217.180.34:0] script '/domains/tcrlle/ZeLXoo.php' not found or unable to stat
[Sun Feb 15 05:46:32.657456 2026] [php:error] [pid 32894] [client 4.217.180.34:0] script '/domains/tcrlle/auujk.php' not found or unable to stat
[Sun Feb 15 05:46:32.837177 2026] [php:error] [pid 32894] [client 4.217.180.34:0] script '/domains/tcrlle/borax.php' not found or unable to stat
[Sun Feb 15 05:46:32.911817 2026] [php:error] [pid 27195] [client 103.108.174.43:0] script '/domains/system_default/medialist.php' not found or unable to stat
[Sun Feb 15 05:46:33.015654 2026] [php:error] [pid 32894] [client 4.217.180.34:0] script '/domains/tcrlle/hidedz.php' not found or unable to stat
[Sun Feb 15 05:46:33.194275 2026] [php:error] [pid 32894] [client 4.217.180.34:0] script '/domains/tcrlle/likmt.php' not found or unable to stat
[Sun Feb 15 05:46:33.373583 2026] [php:error] [pid 32894] [client 4.217.180.34:0] script '/domains/tcrlle/55.php' not found or unable to stat
[Sun Feb 15 05:46:33.384347 2026] [php:error] [pid 32887] [client 103.108.174.43:0] script '/domains/system_default/logs/medialist.php' not found or unable to stat
[Sun Feb 15 05:46:33.552241 2026] [php:error] [pid 32894] [client 4.217.180.34:0] script '/domains/tcrlle/RIP.php' not found or unable to stat
[Sun Feb 15 05:46:33.730932 2026] [php:error] [pid 32894] [client 4.217.180.34:0] script '/domains/tcrlle/x3x.php' not found or unable to stat
[Sun Feb 15 05:46:33.909448 2026] [php:error] [pid 32894] [client 4.217.180.34:0] script '/domains/tcrlle/wgift2.php' not found or unable to stat
[Sun Feb 15 05:46:33.944790 2026] [php:error] [pid 32889] [client 103.108.174.43:0] script '/domains/system_default/edlink.php' not found or unable to stat
[Sun Feb 15 05:46:34.089111 2026] [php:error] [pid 32894] [client 4.217.180.34:0] script '/domains/tcrlle/cwclass.php' not found or unable to stat
[Sun Feb 15 05:46:34.155979 2026] [php:error] [pid 32901] [client 103.108.174.43:0] script '/domains/system_default/product.comparision.php' not found or unable to stat
[Sun Feb 15 05:46:34.267415 2026] [php:error] [pid 32894] [client 4.217.180.34:0] script '/domains/tcrlle/Knoxville.php' not found or unable to stat
[Sun Feb 15 05:46:34.405288 2026] [php:error] [pid 32901] [client 103.108.174.43:0] script '/domains/system_default/logs/edlink.php' not found or unable to stat
[Sun Feb 15 05:46:34.446359 2026] [php:error] [pid 32894] [client 4.217.180.34:0] script '/domains/tcrlle/fizsb.php' not found or unable to stat
[Sun Feb 15 05:46:34.603019 2026] [php:error] [pid 32887] [client 103.108.174.43:0] script '/domains/system_default/logs/product.comparision.php' not found or unable to stat
[Sun Feb 15 05:46:34.803330 2026] [php:error] [pid 32894] [client 4.217.180.34:0] script '/domains/tcrlle/muzu.php' not found or unable to stat
[Sun Feb 15 05:46:34.981788 2026] [php:error] [pid 32894] [client 4.217.180.34:0] script '/domains/tcrlle/pomzr.php' not found or unable to stat
[Sun Feb 15 05:46:35.160232 2026] [php:error] [pid 32894] [client 4.217.180.34:0] script '/domains/tcrlle/assacc.php' not found or unable to stat
[Sun Feb 15 05:46:35.339189 2026] [php:error] [pid 32894] [client 4.217.180.34:0] script '/domains/tcrlle/momo.php' not found or unable to stat
[Sun Feb 15 05:46:35.518046 2026] [php:error] [pid 32894] [client 4.217.180.34:0] script '/domains/tcrlle/oke.php' not found or unable to stat
[Sun Feb 15 05:46:35.696653 2026] [php:error] [pid 32894] [client 4.217.180.34:0] script '/domains/tcrlle/ws67.php' not found or unable to stat
[Sun Feb 15 05:46:35.875201 2026] [php:error] [pid 32894] [client 4.217.180.34:0] script '/domains/tcrlle/wp-Blogs.php' not found or unable to stat
[Sun Feb 15 05:46:36.054019 2026] [php:error] [pid 32894] [client 4.217.180.34:0] script '/domains/tcrlle/ab8.php' not found or unable to stat
[Sun Feb 15 05:46:36.232542 2026] [php:error] [pid 32894] [client 4.217.180.34:0] script '/domains/tcrlle/tool.php' not found or unable to stat
[Sun Feb 15 05:46:36.411256 2026] [php:error] [pid 32894] [client 4.217.180.34:0] script '/domains/tcrlle/curl.php' not found or unable to stat
[Sun Feb 15 05:46:36.595651 2026] [php:error] [pid 32894] [client 4.217.180.34:0] script '/domains/tcrlle/hg.php' not found or unable to stat
[Sun Feb 15 05:46:36.774280 2026] [php:error] [pid 32894] [client 4.217.180.34:0] script '/domains/tcrlle/tx64.php' not found or unable to stat
[Sun Feb 15 05:46:36.952584 2026] [php:error] [pid 32894] [client 4.217.180.34:0] script '/domains/tcrlle/rip.php' not found or unable to stat
[Sun Feb 15 05:46:37.131421 2026] [php:error] [pid 32894] [client 4.217.180.34:0] script '/domains/tcrlle/vx.php' not found or unable to stat
[Sun Feb 15 05:46:37.309659 2026] [php:error] [pid 32894] [client 4.217.180.34:0] script '/domains/tcrlle/japan.php' not found or unable to stat
[Sun Feb 15 05:46:37.488054 2026] [php:error] [pid 32894] [client 4.217.180.34:0] script '/domains/tcrlle/ajax.php' not found or unable to stat
[Sun Feb 15 05:46:37.667252 2026] [php:error] [pid 32894] [client 4.217.180.34:0] script '/domains/tcrlle/rbvds.php' not found or unable to stat
[Sun Feb 15 05:46:37.847868 2026] [php:error] [pid 32894] [client 4.217.180.34:0] script '/domains/tcrlle/foundling.php' not found or unable to stat
[Sun Feb 15 05:46:38.026369 2026] [php:error] [pid 32894] [client 4.217.180.34:0] script '/domains/tcrlle/xper1.php' not found or unable to stat
[Sun Feb 15 05:46:38.204846 2026] [php:error] [pid 32894] [client 4.217.180.34:0] script '/domains/tcrlle/layout.php' not found or unable to stat
[Sun Feb 15 05:46:38.384868 2026] [php:error] [pid 32894] [client 4.217.180.34:0] script '/domains/tcrlle/vee.php' not found or unable to stat
[Sun Feb 15 05:46:38.563440 2026] [php:error] [pid 32894] [client 4.217.180.34:0] script '/domains/tcrlle/jzntz.php' not found or unable to stat
[Sun Feb 15 05:46:38.742426 2026] [php:error] [pid 32894] [client 4.217.180.34:0] script '/domains/tcrlle/v9.php' not found or unable to stat
[Sun Feb 15 05:46:38.921064 2026] [php:error] [pid 32894] [client 4.217.180.34:0] script '/domains/tcrlle/ws71.php' not found or unable to stat
[Sun Feb 15 05:46:39.099593 2026] [php:error] [pid 32894] [client 4.217.180.34:0] script '/domains/tcrlle/106.php' not found or unable to stat
[Sun Feb 15 05:46:39.278465 2026] [php:error] [pid 32894] [client 4.217.180.34:0] script '/domains/tcrlle/dunk.php' not found or unable to stat
[Sun Feb 15 05:46:39.456774 2026] [php:error] [pid 32894] [client 4.217.180.34:0] script '/domains/tcrlle/ujuqsqhd.php' not found or unable to stat
[Sun Feb 15 05:46:39.486486 2026] [php:error] [pid 32889] [client 103.108.174.43:0] script '/domains/system_default/category.php' not found or unable to stat
[Sun Feb 15 05:46:39.635358 2026] [php:error] [pid 32894] [client 4.217.180.34:0] script '/domains/tcrlle/geju.php' not found or unable to stat
[Sun Feb 15 05:46:39.813933 2026] [php:error] [pid 32894] [client 4.217.180.34:0] script '/domains/tcrlle/mtmem.php' not found or unable to stat
[Sun Feb 15 05:46:39.992635 2026] [php:error] [pid 32894] [client 4.217.180.34:0] script '/domains/tcrlle/reversely.php' not found or unable to stat
[Sun Feb 15 05:46:40.029969 2026] [php:error] [pid 32889] [client 103.108.174.43:0] script '/domains/system_default/logs/category.php' not found or unable to stat
[Sun Feb 15 05:46:40.172310 2026] [php:error] [pid 32894] [client 4.217.180.34:0] script '/domains/tcrlle/lrzkh.php' not found or unable to stat
[Sun Feb 15 05:46:40.351999 2026] [php:error] [pid 32894] [client 4.217.180.34:0] script '/domains/tcrlle/iopra.php' not found or unable to stat
[Sun Feb 15 05:46:40.531348 2026] [php:error] [pid 32894] [client 4.217.180.34:0] script '/domains/tcrlle/baidu.php' not found or unable to stat
[Sun Feb 15 05:46:47.863969 2026] [php:error] [pid 32875] [client 141.98.11.120:0] script '/domains/ebon/wp-login.php' not found or unable to stat
[Sun Feb 15 05:46:48.089284 2026] [php:error] [pid 27173] [client 141.98.11.120:0] script '/domains/ebon/wp-login.php' not found or unable to stat, referer: https://wordpress.org/
[Sun Feb 15 05:46:49.187130 2026] [authz_core:error] [pid 32899] [client 103.108.174.43:0] AH01630: client denied by server configuration: /domains/system_default/.htaccess
[Sun Feb 15 05:46:52.105777 2026] [php:error] [pid 32894] [client 136.228.134.5:0] script '/domains/awciii/index.php' not found or unable to stat
[Sun Feb 15 05:47:01.536247 2026] [php:error] [pid 32907] [client 125.122.13.214:0] script '/domains/brenties/888.php' not found or unable to stat, referer: http://audiotubes.com/888.php
[Sun Feb 15 05:47:02.196075 2026] [authz_core:error] [pid 32909] [client 103.108.174.43:0] AH01630: client denied by server configuration: /domains/system_default/.htpasswds
[Sun Feb 15 05:47:06.204713 2026] [authz_core:error] [pid 32894] [client 103.108.174.43:0] AH01630: client denied by server configuration: /domains/system_default/.htpasswd-users
[Sun Feb 15 05:47:11.575148 2026] [authz_core:error] [pid 32909] [client 103.108.174.43:0] AH01630: client denied by server configuration: /domains/system_default/.htuser
[Sun Feb 15 05:47:14.696071 2026] [authz_core:error] [pid 27195] [client 103.108.174.43:0] AH01630: client denied by server configuration: /domains/system_default/.htusers
[Sun Feb 15 05:47:29.398541 2026] [php:error] [pid 32917] [client 136.228.134.5:0] script '/domains/awciii/1.php' not found or unable to stat
[Sun Feb 15 05:47:29.863439 2026] [authz_core:error] [pid 32910] [client 103.108.174.43:0] AH01630: client denied by server configuration: /domains/system_default/.htpasswd
[Sun Feb 15 05:47:30.311155 2026] [authz_core:error] [pid 32902] [client 103.108.174.43:0] AH01630: client denied by server configuration: /domains/system_default/.htpasswd-all
[Sun Feb 15 05:47:57.326660 2026] [core:error] [pid 32894] [client 103.108.174.43:0] AH10244: invalid URI path (/%2e%2e/%2e%2e/%2e%2e/%2e%2e/%2e%2e/%2e%2e/etc/passwd)
[Sun Feb 15 05:47:57.434840 2026] [php:error] [pid 32923] [client 136.228.134.5:0] script '/domains/awciii/about8.php' not found or unable to stat
[Sun Feb 15 05:47:57.559726 2026] [authz_core:error] [pid 27173] [client 103.108.174.43:0] AH01630: client denied by server configuration: /domains/system_default/logs/.htaccess
[Sun Feb 15 05:47:57.965842 2026] [core:error] [pid 27173] [client 103.108.174.43:0] AH10244: invalid URI path (/%2e%2e/%2e%2e/%2e%2e/%2e%2e/%2e%2e/%2e%2e/etc/passwd%23vt/test)
[Sun Feb 15 05:47:58.615269 2026] [core:error] [pid 32924] [client 103.108.174.43:0] AH10244: invalid URI path (/%2e%2e/%2e%2e/%2e%2e/%2e%2e/%2e%2e/%2e%2e/etc/passwd%00)
[Sun Feb 15 05:48:04.256084 2026] [core:error] [pid 32926] [client 103.108.174.43:0] AH10244: invalid URI path (/c:%2e%2e/%2e%2e/%2e%2e/%2e%2e/%2e%2e/%2e%2e/etc/passwd)
[Sun Feb 15 05:48:04.902574 2026] [core:error] [pid 32925] [client 103.108.174.43:0] AH10244: invalid URI path (/c:%2e%2e/%2e%2e/%2e%2e/%2e%2e/%2e%2e/%2e%2e/etc/passwd%23vt/test)
[Sun Feb 15 05:48:05.544267 2026] [core:error] [pid 32902] [client 103.108.174.43:0] AH10244: invalid URI path (/c:%2e%2e/%2e%2e/%2e%2e/%2e%2e/%2e%2e/%2e%2e/etc/passwd%00)
[Sun Feb 15 05:48:11.847590 2026] [authz_core:error] [pid 32923] [client 103.108.174.43:0] AH01630: client denied by server configuration: /domains/system_default/logs/.htpasswds
[Sun Feb 15 05:48:13.791923 2026] [core:error] [pid 32923] [client 103.108.174.43:0] AH10244: invalid URI path (/%2e./%2e./%2e./%2e./%2e./%2e./etc/passwd)
[Sun Feb 15 05:48:14.209791 2026] [cgi:error] [pid 32894] [client 103.108.174.43:0] AH02811: stderr from /domains/system_default/connector.cgi: script not found or unable to stat
[Sun Feb 15 05:48:14.443783 2026] [core:error] [pid 32913] [client 103.108.174.43:0] AH10244: invalid URI path (/%2e./%2e./%2e./%2e./%2e./%2e./etc/passwd%23vt/test)
[Sun Feb 15 05:48:15.203232 2026] [core:error] [pid 32924] [client 103.108.174.43:0] AH10244: invalid URI path (/%2e./%2e./%2e./%2e./%2e./%2e./etc/passwd%00)
[Sun Feb 15 05:48:15.975239 2026] [authz_core:error] [pid 32926] [client 103.108.174.43:0] AH01630: client denied by server configuration: /domains/system_default/logs/.htpasswd-users
[Sun Feb 15 05:48:16.161824 2026] [cgi:error] [pid 32894] [client 103.108.174.43:0] AH02811: stderr from /domains/system_default/CSNews.cgi: script not found or unable to stat
[Sun Feb 15 05:48:16.811254 2026] [cgi:error] [pid 32894] [client 103.108.174.43:0] AH02811: stderr from /domains/system_default/csPassword.cgi: script not found or unable to stat
[Sun Feb 15 05:48:17.460610 2026] [cgi:error] [pid 32894] [client 103.108.174.43:0] AH02811: stderr from /domains/system_default/dcadmin.cgi: script not found or unable to stat
[Sun Feb 15 05:48:18.109498 2026] [cgi:error] [pid 32894] [client 103.108.174.43:0] AH02811: stderr from /domains/system_default/dcboard.cgi: script not found or unable to stat
[Sun Feb 15 05:48:18.759024 2026] [cgi:error] [pid 32894] [client 103.108.174.43:0] AH02811: stderr from /domains/system_default/dcforum.cgi: script not found or unable to stat
sendmail: invalid recipient `#'
[Sun Feb 15 05:48:21.071190 2026] [cgi:error] [pid 32894] [client 103.108.174.43:0] AH02811: stderr from /domains/system_default/debuff.cgi: script not found or unable to stat
[Sun Feb 15 05:48:21.476350 2026] [authz_core:error] [pid 32894] [client 103.108.174.43:0] AH01630: client denied by server configuration: /domains/system_default/logs/.htuser
[Sun Feb 15 05:48:21.723806 2026] [cgi:error] [pid 32894] [client 103.108.174.43:0] AH02811: stderr from /domains/system_default/debug.cgi: script not found or unable to stat
[Sun Feb 15 05:48:21.867407 2026] [core:error] [pid 32926] [client 103.108.174.43:0] AH10244: invalid URI path (/c:%2e./%2e./%2e./%2e./%2e./%2e./etc/passwd)
[Sun Feb 15 05:48:22.372915 2026] [cgi:error] [pid 32894] [client 103.108.174.43:0] AH02811: stderr from /domains/system_default/details.cgi: script not found or unable to stat
[Sun Feb 15 05:48:22.607650 2026] [core:error] [pid 32894] [client 103.108.174.43:0] AH10244: invalid URI path (/c:%2e./%2e./%2e./%2e./%2e./%2e./etc/passwd%23vt/test)
[Sun Feb 15 05:48:23.257670 2026] [core:error] [pid 32936] [client 103.108.174.43:0] AH10244: invalid URI path (/c:%2e./%2e./%2e./%2e./%2e./%2e./etc/passwd%00)
[Sun Feb 15 05:48:23.685075 2026] [cgi:error] [pid 32934] [client 103.108.174.43:0] AH02811: stderr from /domains/system_default/emumail.cgi: script not found or unable to stat
[Sun Feb 15 05:48:24.347978 2026] [cgi:error] [pid 32934] [client 103.108.174.43:0] AH02811: stderr from /domains/system_default/enter_buff.cgi: script not found or unable to stat
[Sun Feb 15 05:48:24.814401 2026] [authz_core:error] [pid 32933] [client 103.108.174.43:0] AH01630: client denied by server configuration: /domains/system_default/logs/.htusers
[Sun Feb 15 05:48:24.999829 2026] [cgi:error] [pid 32934] [client 103.108.174.43:0] AH02811: stderr from /domains/system_default/enter_bug.cgi: script not found or unable to stat
[Sun Feb 15 05:48:28.910230 2026] [cgi:error] [pid 32934] [client 103.108.174.43:0] AH02811: stderr from /domains/system_default/Gozila.cgi: script not found or unable to stat
[Sun Feb 15 05:48:31.511428 2026] [cgi:error] [pid 32933] [client 103.108.174.43:0] AH02811: stderr from /domains/system_default/index.cgi: script not found or unable to stat
[Sun Feb 15 05:48:32.174873 2026] [php:error] [pid 32929] [client 136.228.134.5:0] script '/domains/awciii/about9.php' not found or unable to stat
[Sun Feb 15 05:48:32.295577 2026] [cgi:error] [pid 32933] [client 103.108.174.43:0] AH02811: stderr from /domains/system_default/info.cgi: script not found or unable to stat
[Sun Feb 15 05:48:32.949163 2026] [cgi:error] [pid 32938] [client 103.108.174.43:0] AH02811: stderr from /domains/system_default/infosrch.cgi: script not found or unable to stat
[Sun Feb 15 05:48:33.601063 2026] [cgi:error] [pid 32930] [client 103.108.174.43:0] AH02811: stderr from /domains/system_default/login.cgi: script not found or unable to stat
[Sun Feb 15 05:48:34.241778 2026] [cgi:error] [pid 32930] [client 103.108.174.43:0] AH02811: stderr from /domains/system_default/mailview.cgi: script not found or unable to stat
[Sun Feb 15 05:48:34.881002 2026] [cgi:error] [pid 32930] [client 103.108.174.43:0] AH02811: stderr from /domains/system_default/main.cgi: script not found or unable to stat
[Sun Feb 15 05:48:38.082040 2026] [cgi:error] [pid 32930] [client 103.108.174.43:0] AH02811: stderr from /domains/system_default/musicqueue.cgi: script not found or unable to stat
[Sun Feb 15 05:48:38.721684 2026] [cgi:error] [pid 32938] [client 103.108.174.43:0] AH02811: stderr from /domains/system_default/ncbook.cgi: script not found or unable to stat
[Sun Feb 15 05:48:39.373835 2026] [cgi:error] [pid 32938] [client 103.108.174.43:0] AH02811: stderr from /domains/system_default/newpro.cgi: script not found or unable to stat
[Sun Feb 15 05:48:40.028159 2026] [authz_core:error] [pid 32938] [client 103.108.174.43:0] AH01630: client denied by server configuration: /domains/system_default/logs/.htpasswd
[Sun Feb 15 05:48:40.474158 2026] [authz_core:error] [pid 32938] [client 103.108.174.43:0] AH01630: client denied by server configuration: /domains/system_default/logs/.htpasswd-all
[Sun Feb 15 05:48:41.316189 2026] [cgi:error] [pid 32930] [client 103.108.174.43:0] AH02811: stderr from /domains/system_default/page.cgi: script not found or unable to stat
[Sun Feb 15 05:48:41.957398 2026] [cgi:error] [pid 32930] [client 103.108.174.43:0] AH02811: stderr from /domains/system_default/parse_xml.cgi: script not found or unable to stat
[Sun Feb 15 05:48:43.101076 2026] [core:crit] [pid 32933] (13)Permission denied: [client 114.119.128.237:0] AH00529: /domains/performancepartsinc/graphics/psd/.htaccess pcfg_openfile: unable to check htaccess file, ensure it is readable and that '/domains/performancepartsinc/graphics/psd/' is executable, referer: http://www.performancepartsinc.com/graphics/psd/q.php?%2Fhook-up-south-bend%2F
[Sun Feb 15 05:48:43.891878 2026] [cgi:error] [pid 32930] [client 103.108.174.43:0] AH02811: stderr from /domains/system_default/print.cgi: script not found or unable to stat
[Sun Feb 15 05:48:44.531158 2026] [cgi:error] [pid 32930] [client 103.108.174.43:0] AH02811: stderr from /domains/system_default/process_buff.cgi: script not found or unable to stat
[Sun Feb 15 05:48:45.171117 2026] [cgi:error] [pid 32930] [client 103.108.174.43:0] AH02811: stderr from /domains/system_default/process_bug.cgi: script not found or unable to stat
[Sun Feb 15 05:48:47.103182 2026] [cgi:error] [pid 32938] [client 103.108.174.43:0] AH02811: stderr from /domains/system_default/quikstore.cgi: script not found or unable to stat
[Sun Feb 15 05:48:49.036011 2026] [cgi:error] [pid 32938] [client 103.108.174.43:0] AH02811: stderr from /domains/system_default/sample01.cgi: script not found or unable to stat
[Sun Feb 15 05:48:49.685668 2026] [cgi:error] [pid 32938] [client 103.108.174.43:0] AH02811: stderr from /domains/system_default/sample02.cgi: script not found or unable to stat
[Sun Feb 15 05:48:50.337606 2026] [cgi:error] [pid 32938] [client 103.108.174.43:0] AH02811: stderr from /domains/system_default/sample03.cgi: script not found or unable to stat
[Sun Feb 15 05:48:50.991321 2026] [cgi:error] [pid 32938] [client 103.108.174.43:0] AH02811: stderr from /domains/system_default/sample04.cgi: script not found or unable to stat
