[Sun Feb 15 05:27:59.733823 2026] [php:error] [pid 27040] [client 162.216.16.109:0] script '/domains/pauljbrock/login.php' not found or unable to stat
[Sun Feb 15 05:27:59.734607 2026] [php:error] [pid 27047] [client 162.216.16.109:0] script '/domains/pauljbrock/login.php' not found or unable to stat
[Sun Feb 15 05:28:01.649409 2026] [cgi:error] [pid 27039] [client 162.216.16.109:0] AH02811: stderr from /domains/pauljbrock/webportal.cgi: script not found or unable to stat
[Sun Feb 15 05:28:01.651053 2026] [cgi:error] [pid 27039] [client 162.216.16.109:0] AH02811: stderr from /domains/pauljbrock/webportal.cgi: script not found or unable to stat
[Sun Feb 15 05:28:03.941161 2026] [authz_core:error] [pid 27047] [client 162.216.16.109:0] AH01630: client denied by server configuration: /
[Sun Feb 15 05:28:03.941901 2026] [authz_core:error] [pid 27040] [client 162.216.16.109:0] AH01630: client denied by server configuration: /
[Sun Feb 15 05:29:13.320480 2026] [php:error] [pid 27035] [client 14.241.96.71:0] script '/domains/system_cancel/xmlrpc.php' not found or unable to stat
[Sun Feb 15 05:31:02.650830 2026] [core:crit] [pid 27067] (13)Permission denied: [client 114.119.157.82:0] AH00529: /domains/performancepartsinc/graphics/psd/.htaccess pcfg_openfile: unable to check htaccess file, ensure it is readable and that '/domains/performancepartsinc/graphics/psd/' is executable
[Sun Feb 15 05:31:31.557404 2026] [cgi:error] [pid 27028] [client 103.108.174.43:0] AH02811: stderr from /domains/system_default/ibillpm.pl: script not found or unable to stat
[Sun Feb 15 05:31:32.439874 2026] [cgi:error] [pid 27069] [client 103.108.174.43:0] AH02811: stderr from /domains/system_default/logs/ibillpm.pl: script not found or unable to stat
[Sun Feb 15 05:32:04.162467 2026] [php:error] [pid 27078] [client 52.169.119.118:0] script '/domains/astweb/88.php' not found or unable to stat
[Sun Feb 15 05:32:04.232759 2026] [php:error] [pid 27078] [client 52.169.119.118:0] script '/domains/astweb/pass4.php' not found or unable to stat
[Sun Feb 15 05:32:04.302972 2026] [php:error] [pid 27078] [client 52.169.119.118:0] script '/domains/astweb/php8.php' not found or unable to stat
[Sun Feb 15 05:32:04.373256 2026] [php:error] [pid 27078] [client 52.169.119.118:0] script '/domains/astweb/cvtcosue.php' not found or unable to stat
[Sun Feb 15 05:32:04.443380 2026] [php:error] [pid 27078] [client 52.169.119.118:0] script '/domains/astweb/gm.php' not found or unable to stat
[Sun Feb 15 05:32:04.514013 2026] [php:error] [pid 27078] [client 52.169.119.118:0] script '/domains/astweb/1a.php' not found or unable to stat
[Sun Feb 15 05:32:04.584346 2026] [php:error] [pid 27078] [client 52.169.119.118:0] script '/domains/astweb/aer.php' not found or unable to stat
[Sun Feb 15 05:32:04.654911 2026] [php:error] [pid 27078] [client 52.169.119.118:0] script '/domains/astweb/f6.php' not found or unable to stat
[Sun Feb 15 05:32:04.725113 2026] [php:error] [pid 27078] [client 52.169.119.118:0] script '/domains/astweb/667.php' not found or unable to stat
[Sun Feb 15 05:32:04.795595 2026] [php:error] [pid 27078] [client 52.169.119.118:0] script '/domains/astweb/kma.php' not found or unable to stat
[Sun Feb 15 05:32:04.865790 2026] [php:error] [pid 27078] [client 52.169.119.118:0] script '/domains/astweb/kimono.php' not found or unable to stat
[Sun Feb 15 05:32:08.712030 2026] [php:error] [pid 27080] [client 103.108.174.43:0] script '/domains/system_default/wp-links-opml.php' not found or unable to stat
[Sun Feb 15 05:32:08.936261 2026] [php:error] [pid 27069] [client 103.108.174.43:0] script '/domains/system_default/index.php' not found or unable to stat
[Sun Feb 15 05:32:08.951876 2026] [php:error] [pid 27067] [client 103.108.174.43:0] script '/domains/system_default/logon.php' not found or unable to stat
[Sun Feb 15 05:32:09.049358 2026] [php:error] [pid 27073] [client 103.108.174.43:0] script '/domains/system_default/logs/index.php' not found or unable to stat
[Sun Feb 15 05:32:09.126248 2026] [php:error] [pid 27077] [client 103.108.174.43:0] script '/domains/system_default/apc.php' not found or unable to stat
[Sun Feb 15 05:32:09.459595 2026] [php:error] [pid 27069] [client 103.108.174.43:0] script '/domains/system_default/phpinfo.php' not found or unable to stat
[Sun Feb 15 05:32:09.599152 2026] [php:error] [pid 27080] [client 103.108.174.43:0] script '/domains/system_default/apcu.php' not found or unable to stat
[Sun Feb 15 05:32:09.622144 2026] [php:error] [pid 27075] [client 103.108.174.43:0] script '/domains/system_default/wp-login.php' not found or unable to stat
[Sun Feb 15 05:32:09.895219 2026] [php:error] [pid 27075] [client 103.108.174.43:0] script '/domains/system_default/info.php' not found or unable to stat
[Sun Feb 15 05:32:10.042153 2026] [php:error] [pid 27069] [client 103.108.174.43:0] script '/domains/system_default/apcinfo.php' not found or unable to stat
[Sun Feb 15 05:32:10.241934 2026] [php:error] [pid 27075] [client 103.108.174.43:0] script '/domains/system_default/fw.login.php' not found or unable to stat
[Sun Feb 15 05:32:10.339260 2026] [php:error] [pid 27067] [client 103.108.174.43:0] script '/domains/system_default/test.php' not found or unable to stat
[Sun Feb 15 05:32:10.687753 2026] [php:error] [pid 27067] [client 103.108.174.43:0] script '/domains/system_default/logon.php' not found or unable to stat
[Sun Feb 15 05:32:10.777341 2026] [php:error] [pid 27077] [client 103.108.174.43:0] script '/domains/system_default/php_info.php' not found or unable to stat
[Sun Feb 15 05:32:11.221145 2026] [php:error] [pid 27067] [client 103.108.174.43:0] script '/domains/system_default/i.php' not found or unable to stat
[Sun Feb 15 05:32:11.659737 2026] [php:error] [pid 27076] [client 103.108.174.43:0] script '/domains/system_default/test.php' not found or unable to stat
[Sun Feb 15 05:32:12.107148 2026] [php:error] [pid 27075] [client 103.108.174.43:0] script '/domains/system_default/logs/phpinfo.php' not found or unable to stat
[Sun Feb 15 05:32:12.550945 2026] [php:error] [pid 27080] [client 103.108.174.43:0] script '/domains/system_default/logs/info.php' not found or unable to stat
[Sun Feb 15 05:32:12.983880 2026] [php:error] [pid 27076] [client 103.108.174.43:0] script '/domains/system_default/logs/test.php' not found or unable to stat
[Sun Feb 15 05:32:13.400441 2026] [php:error] [pid 27069] [client 103.108.174.43:0] script '/domains/system_default/update.php' not found or unable to stat
[Sun Feb 15 05:32:13.426820 2026] [php:error] [pid 27077] [client 103.108.174.43:0] script '/domains/system_default/logs/php_info.php' not found or unable to stat
[Sun Feb 15 05:32:13.863294 2026] [php:error] [pid 27073] [client 103.108.174.43:0] script '/domains/system_default/logs/i.php' not found or unable to stat
[Sun Feb 15 05:32:14.133207 2026] [php:error] [pid 27078] [client 103.108.174.43:0] script '/domains/system_default/logs/apc.php' not found or unable to stat
[Sun Feb 15 05:32:14.346391 2026] [php:error] [pid 27073] [client 103.108.174.43:0] script '/domains/system_default/logs/test.php' not found or unable to stat
[Sun Feb 15 05:32:14.563743 2026] [php:error] [pid 27074] [client 103.108.174.43:0] script '/domains/system_default/logs/apcu.php' not found or unable to stat
[Sun Feb 15 05:32:15.007849 2026] [php:error] [pid 27078] [client 103.108.174.43:0] script '/domains/system_default/logs/apcinfo.php' not found or unable to stat
[Sun Feb 15 05:32:15.647946 2026] [php:error] [pid 27074] [client 103.108.174.43:0] script '/domains/system_default/logs/update.php' not found or unable to stat
[Sun Feb 15 05:32:16.661516 2026] [php:error] [pid 27073] [client 103.108.174.43:0] script '/domains/system_default/index.php' not found or unable to stat
[Sun Feb 15 05:32:16.913775 2026] [php:error] [pid 27073] [client 103.108.174.43:0] script '/domains/system_default/login_page.php' not found or unable to stat
[Sun Feb 15 05:32:16.931360 2026] [php:error] [pid 27075] [client 103.108.174.43:0] script '/domains/system_default/index.php' not found or unable to stat
[Sun Feb 15 05:32:17.142377 2026] [php:error] [pid 27073] [client 103.108.174.43:0] script '/domains/system_default/index.php' not found or unable to stat
[Sun Feb 15 05:32:17.351553 2026] [php:error] [pid 27069] [client 103.108.174.43:0] script '/domains/system_default/logs/login_page.php' not found or unable to stat
[Sun Feb 15 05:32:18.286555 2026] [php:error] [pid 27079] [client 103.108.174.43:0] script '/domains/system_default/logs/wp-links-opml.php' not found or unable to stat
[Sun Feb 15 05:32:18.294257 2026] [php:error] [pid 27069] [client 103.108.174.43:0] script '/domains/system_default/logs/index.php' not found or unable to stat
[Sun Feb 15 05:32:18.438099 2026] [php:error] [pid 27082] [client 103.108.174.43:0] script '/domains/system_default/logs/index.php' not found or unable to stat
[Sun Feb 15 05:32:18.968184 2026] [php:error] [pid 27075] [client 103.108.174.43:0] script '/domains/system_default/jsonrpc.php' not found or unable to stat
[Sun Feb 15 05:32:19.226675 2026] [php:error] [pid 27078] [client 103.108.174.43:0] script '/domains/system_default/logs/wp-login.php' not found or unable to stat
[Sun Feb 15 05:32:19.368129 2026] [php:error] [pid 27084] [client 103.108.174.43:0] script '/domains/system_default/logs/index.php' not found or unable to stat
[Sun Feb 15 05:32:19.698595 2026] [php:error] [pid 27082] [client 103.108.174.43:0] script '/domains/system_default/index.php' not found or unable to stat
[Sun Feb 15 05:32:20.056383 2026] [php:error] [pid 27076] [client 103.108.174.43:0] script '/domains/system_default/status.php' not found or unable to stat
[Sun Feb 15 05:32:20.128245 2026] [php:error] [pid 27075] [client 103.108.174.43:0] script '/domains/system_default/logs/index.php' not found or unable to stat
[Sun Feb 15 05:32:20.557068 2026] [php:error] [pid 27076] [client 103.108.174.43:0] script '/domains/system_default/user.php' not found or unable to stat
[Sun Feb 15 05:32:20.948327 2026] [cgi:error] [pid 27083] [client 103.108.174.43:0] AH02811: stderr from /domains/system_default/public.pl: script not found or unable to stat
[Sun Feb 15 05:32:21.391393 2026] [cgi:error] [pid 27075] [client 103.108.174.43:0] AH02811: stderr from /domains/system_default/installer.pl: script not found or unable to stat
[Sun Feb 15 05:32:21.672676 2026] [php:error] [pid 27073] [client 103.108.174.43:0] script '/domains/system_default/logs/jsonrpc.php' not found or unable to stat
[Sun Feb 15 05:32:21.877740 2026] [cgi:error] [pid 27076] [client 103.108.174.43:0] AH01215: stderr from /domains/system_default/index.pl: got default_page fbsd.web.rcn.net at /domains/system_default/index.pl line 43.
[Sun Feb 15 05:32:21.888156 2026] [php:error] [pid 27078] [client 103.108.174.43:0] script '/domains/system_default/logs/user.php' not found or unable to stat
[Sun Feb 15 05:32:22.329454 2026] [cgi:error] [pid 27070] [client 103.108.174.43:0] AH01215: stderr from /domains/system_default/index.pl: got default_page fbsd.web.rcn.net at /domains/system_default/index.pl line 43.
[Sun Feb 15 05:32:22.349472 2026] [php:error] [pid 27082] [client 103.108.174.43:0] script '/domains/system_default/logs/status.php' not found or unable to stat
[Sun Feb 15 05:32:22.578554 2026] [php:error] [pid 27082] [client 103.108.174.43:0] script '/domains/system_default/Login.php' not found or unable to stat
[Sun Feb 15 05:32:22.829592 2026] [php:error] [pid 27082] [client 103.108.174.43:0] script '/domains/system_default/index.php' not found or unable to stat
[Sun Feb 15 05:32:23.258093 2026] [php:error] [pid 27081] [client 103.108.174.43:0] script '/domains/system_default/logs/index.php' not found or unable to stat
[Sun Feb 15 05:32:23.486727 2026] [php:error] [pid 27081] [client 103.108.174.43:0] script '/domains/system_default/logs/Login.php' not found or unable to stat
[Sun Feb 15 05:32:23.650736 2026] [authz_core:error] [pid 27075] [client 103.108.174.43:0] AH01630: client denied by server configuration: /domains/system_default/.htaccess
[Sun Feb 15 05:32:24.425803 2026] [php:error] [pid 27067] [client 103.108.174.43:0] script '/domains/system_default/open.php' not found or unable to stat
[Sun Feb 15 05:32:25.743318 2026] [php:error] [pid 27075] [client 103.108.174.43:0] script '/domains/system_default/logs/open.php' not found or unable to stat
[Sun Feb 15 05:32:28.211249 2026] [php:error] [pid 27082] [client 103.108.174.43:0] script '/domains/system_default/adminer.php' not found or unable to stat
[Sun Feb 15 05:32:28.320876 2026] [cgi:error] [pid 27078] [client 103.108.174.43:0] AH02811: stderr from /domains/system_default/logs/public.pl: script not found or unable to stat
[Sun Feb 15 05:32:28.678554 2026] [authz_core:error] [pid 27073] [client 103.108.174.43:0] AH01630: client denied by server configuration: /domains/system_default/logs/.htaccess
[Sun Feb 15 05:32:28.791965 2026] [cgi:error] [pid 27070] [client 103.108.174.43:0] AH02811: stderr from /domains/system_default/logs/installer.pl: script not found or unable to stat
[Sun Feb 15 05:32:28.914239 2026] [php:error] [pid 27073] [client 103.108.174.43:0] script '/domains/system_default/guestbook.php' not found or unable to stat
[Sun Feb 15 05:32:29.096062 2026] [php:error] [pid 27079] [client 103.108.174.43:0] script '/domains/system_default/logs/adminer.php' not found or unable to stat
[Sun Feb 15 05:32:29.236172 2026] [cgi:error] [pid 27082] [client 103.108.174.43:0] AH02811: stderr from /domains/system_default/logs/index.pl: script not found or unable to stat
[Sun Feb 15 05:32:29.361236 2026] [php:error] [pid 27078] [client 103.108.174.43:0] script '/domains/system_default/logs/guestbook.php' not found or unable to stat
[Sun Feb 15 05:32:29.680209 2026] [cgi:error] [pid 27067] [client 103.108.174.43:0] AH02811: stderr from /domains/system_default/logs/index.pl: script not found or unable to stat
[Sun Feb 15 05:32:30.653668 2026] [cgi:error] [pid 27035] [client 103.108.174.43:0] AH02811: stderr from /domains/system_default/ag.cgi: script not found or unable to stat
[Sun Feb 15 05:32:32.554062 2026] [php:error] [pid 27080] [client 103.108.174.43:0] script '/domains/system_default/content.php' not found or unable to stat
[Sun Feb 15 05:32:32.880444 2026] [php:error] [pid 27067] [client 103.108.174.43:0] script '/domains/system_default/index.php' not found or unable to stat
[Sun Feb 15 05:32:33.323547 2026] [php:error] [pid 27079] [client 103.108.174.43:0] script '/domains/system_default/logs/index.php' not found or unable to stat
[Sun Feb 15 05:32:33.727031 2026] [cgi:error] [pid 27087] [client 103.108.174.43:0] AH02811: stderr from /domains/system_default/index.cgi: script not found or unable to stat
[Sun Feb 15 05:32:34.171767 2026] [cgi:error] [pid 27079] [client 103.108.174.43:0] AH02811: stderr from /domains/system_default/logs/index.cgi: script not found or unable to stat
[Sun Feb 15 05:32:34.761954 2026] [php:error] [pid 27080] [client 103.108.174.43:0] script '/domains/system_default/index.php' not found or unable to stat
[Sun Feb 15 05:32:35.195818 2026] [php:error] [pid 27079] [client 103.108.174.43:0] script '/domains/system_default/logs/index.php' not found or unable to stat
[Sun Feb 15 05:32:35.254098 2026] [php:error] [pid 27080] [client 103.108.174.43:0] script '/domains/system_default/logs/content.php' not found or unable to stat
[Sun Feb 15 05:32:37.953676 2026] [cgi:error] [pid 27087] [client 103.108.174.43:0] AH02811: stderr from /domains/system_default/listinfo.cgi: script not found or unable to stat
[Sun Feb 15 05:32:38.903920 2026] [cgi:error] [pid 27079] [client 103.108.174.43:0] AH02811: stderr from /domains/system_default/logs/ag.cgi: script not found or unable to stat
[Sun Feb 15 05:32:39.290443 2026] [cgi:error] [pid 27082] [client 103.108.174.43:0] AH02811: stderr from /domains/system_default/logs/listinfo.cgi: script not found or unable to stat
[Sun Feb 15 05:32:39.524686 2026] [php:error] [pid 27082] [client 103.108.174.43:0] script '/domains/system_default/test.php' not found or unable to stat
[Sun Feb 15 05:32:39.762887 2026] [cgi:error] [pid 27077] [client 103.108.174.43:0] AH02811: stderr from /domains/system_default/nmiscgi.pl: script not found or unable to stat
[Sun Feb 15 05:32:40.205997 2026] [cgi:error] [pid 27035] [client 103.108.174.43:0] AH02811: stderr from /domains/system_default/logs/nmiscgi.pl: script not found or unable to stat
[Sun Feb 15 05:32:41.784210 2026] [php:error] [pid 27087] [client 103.108.174.43:0] script '/domains/system_default/logs/test.php' not found or unable to stat
[Sun Feb 15 05:32:44.391241 2026] [php:error] [pid 27035] [client 103.108.174.43:0] script '/domains/system_default/index.php' not found or unable to stat
[Sun Feb 15 05:32:45.460587 2026] [php:error] [pid 27077] [client 103.108.174.43:0] script '/domains/system_default/main.php' not found or unable to stat
[Sun Feb 15 05:32:45.826861 2026] [php:error] [pid 27035] [client 103.108.174.43:0] script '/domains/system_default/index.php' not found or unable to stat
[Sun Feb 15 05:32:46.507152 2026] [php:error] [pid 27079] [client 103.108.174.43:0] script '/domains/system_default/logs/index.php' not found or unable to stat
[Sun Feb 15 05:32:46.547647 2026] [php:error] [pid 27082] [client 103.108.174.43:0] script '/domains/system_default/logs/main.php' not found or unable to stat
[Sun Feb 15 05:32:48.558837 2026] [php:error] [pid 27073] [client 103.108.174.43:0] script '/domains/system_default/logs/login.php' not found or unable to stat
[Sun Feb 15 05:32:49.003130 2026] [php:error] [pid 27035] [client 103.108.174.43:0] script '/domains/system_default/logs/index.php' not found or unable to stat
[Sun Feb 15 05:32:50.495478 2026] [php:error] [pid 27082] [client 103.108.174.43:0] script '/domains/system_default/filter.php' not found or unable to stat
[Sun Feb 15 05:32:50.947427 2026] [php:error] [pid 27080] [client 103.108.174.43:0] script '/domains/system_default/logs/filter.php' not found or unable to stat
[Sun Feb 15 05:32:50.991760 2026] [php:error] [pid 27082] [client 103.108.174.43:0] script '/domains/system_default/login.php' not found or unable to stat
[Sun Feb 15 05:32:51.329340 2026] [php:error] [pid 27087] [client 103.108.174.43:0] script '/domains/system_default/index.php' not found or unable to stat
[Sun Feb 15 05:32:51.433875 2026] [php:error] [pid 27077] [client 103.108.174.43:0] script '/domains/system_default/news.php' not found or unable to stat
[Sun Feb 15 05:32:51.763450 2026] [php:error] [pid 27080] [client 103.108.174.43:0] script '/domains/system_default/logs/index.php' not found or unable to stat
[Sun Feb 15 05:32:52.306172 2026] [php:error] [pid 27080] [client 103.108.174.43:0] script '/domains/system_default/admin.php' not found or unable to stat
[Sun Feb 15 05:32:52.736134 2026] [php:error] [pid 27080] [client 103.108.174.43:0] script '/domains/system_default/logs/admin.php' not found or unable to stat
[Sun Feb 15 05:32:55.127670 2026] [php:error] [pid 27087] [client 103.108.174.43:0] script '/domains/system_default/logs/login.php' not found or unable to stat
[Sun Feb 15 05:32:55.656260 2026] [php:error] [pid 27091] [client 103.108.174.43:0] script '/domains/system_default/logs/news.php' not found or unable to stat
[Sun Feb 15 05:32:56.985655 2026] [php:error] [pid 27082] [client 103.108.174.43:0] script '/domains/system_default/app.php' not found or unable to stat
[Sun Feb 15 05:32:57.770500 2026] [php:error] [pid 27082] [client 103.108.174.43:0] script '/domains/system_default/spip.php' not found or unable to stat
[Sun Feb 15 05:32:58.212476 2026] [php:error] [pid 27089] [client 103.108.174.43:0] script '/domains/system_default/logs/spip.php' not found or unable to stat
[Sun Feb 15 05:32:58.392099 2026] [php:error] [pid 27091] [client 103.108.174.43:0] script '/domains/system_default/evoadm.php' not found or unable to stat
[Sun Feb 15 05:32:58.552019 2026] [php:error] [pid 27083] [client 103.108.174.43:0] script '/domains/system_default/content.php' not found or unable to stat
[Sun Feb 15 05:32:59.000346 2026] [php:error] [pid 27092] [client 103.108.174.43:0] script '/domains/system_default/logs/content.php' not found or unable to stat
[Sun Feb 15 05:33:00.093812 2026] [php:error] [pid 27083] [client 103.108.174.43:0] script '/domains/system_default/logs/app.php' not found or unable to stat
[Sun Feb 15 05:33:00.117396 2026] [cgi:error] [pid 27089] [client 103.108.174.43:0] AH02811: stderr from /domains/system_default/chksession.cgi: script not found or unable to stat
[Sun Feb 15 05:33:01.419749 2026] [cgi:error] [pid 27087] [client 103.108.174.43:0] AH02811: stderr from /domains/system_default/logs/chksession.cgi: script not found or unable to stat
[Sun Feb 15 05:33:01.612222 2026] [php:error] [pid 27083] [client 103.108.174.43:0] script '/domains/system_default/logs/evoadm.php' not found or unable to stat
[Sun Feb 15 05:33:02.421022 2026] [php:error] [pid 27083] [client 103.108.174.43:0] script '/domains/system_default/index.php' not found or unable to stat
[Sun Feb 15 05:33:02.863945 2026] [php:error] [pid 27090] [client 103.108.174.43:0] script '/domains/system_default/logs/index.php' not found or unable to stat
[Sun Feb 15 05:33:04.937135 2026] [php:error] [pid 27077] [client 103.108.174.43:0] script '/domains/system_default/logs/index.php' not found or unable to stat
[Sun Feb 15 05:33:05.874143 2026] [authz_core:error] [pid 27087] [client 162.216.16.109:0] AH01630: client denied by server configuration: /
[Sun Feb 15 05:33:11.910301 2026] [authz_core:error] [pid 27092] [client 162.216.16.109:0] AH01630: client denied by server configuration: /
[Sun Feb 15 05:33:11.941295 2026] [php:error] [pid 27087] [client 103.108.174.43:0] script '/domains/system_default/indeks.php' not found or unable to stat
[Sun Feb 15 05:33:12.104112 2026] [php:error] [pid 27092] [client 162.216.16.109:0] script '/domains/fifibear/login.php' not found or unable to stat
[Sun Feb 15 05:33:12.393787 2026] [php:error] [pid 27080] [client 103.108.174.43:0] script '/domains/system_default/logs/indeks.php' not found or unable to stat
[Sun Feb 15 05:33:12.669943 2026] [php:error] [pid 27088] [client 162.216.16.109:0] script '/domains/fifibear/login.php' not found or unable to stat
[Sun Feb 15 05:33:13.204977 2026] [php:error] [pid 27077] [client 103.108.174.43:0] script '/domains/system_default/index.php' not found or unable to stat
[Sun Feb 15 05:33:13.503274 2026] [cgi:error] [pid 27089] [client 103.108.174.43:0] AH02811: stderr from /domains/system_default/nbmember.cgi: script not found or unable to stat
[Sun Feb 15 05:33:13.744901 2026] [cgi:error] [pid 27079] [client 162.216.16.109:0] AH02811: stderr from /domains/fifibear/webportal.cgi: script not found or unable to stat
[Sun Feb 15 05:33:13.845842 2026] [cgi:error] [pid 27088] [client 162.216.16.109:0] AH02811: stderr from /domains/fifibear/webportal.cgi: script not found or unable to stat
[Sun Feb 15 05:33:13.992209 2026] [cgi:error] [pid 27089] [client 103.108.174.43:0] AH02811: stderr from /domains/system_default/logs/nbmember.cgi: script not found or unable to stat
[Sun Feb 15 05:33:14.089517 2026] [php:error] [pid 27101] [client 103.108.174.43:0] script '/domains/system_default/logs/index.php' not found or unable to stat
[Sun Feb 15 05:33:16.002847 2026] [cgi:error] [pid 27080] [client 103.108.174.43:0] AH02811: stderr from /domains/system_default/viewvc.cgi: script not found or unable to stat
[Sun Feb 15 05:33:16.116479 2026] [authz_core:error] [pid 27077] [client 162.216.16.109:0] AH01630: client denied by server configuration: /
[Sun Feb 15 05:33:16.118854 2026] [authz_core:error] [pid 27088] [client 162.216.16.109:0] AH01630: client denied by server configuration: /
[Sun Feb 15 05:33:16.818170 2026] [php:error] [pid 27088] [client 103.108.174.43:0] script '/domains/system_default/tiki-index.php' not found or unable to stat
[Sun Feb 15 05:33:16.876522 2026] [cgi:error] [pid 27079] [client 103.108.174.43:0] AH02811: stderr from /domains/system_default/logs/viewvc.cgi: script not found or unable to stat
[Sun Feb 15 05:33:17.251639 2026] [php:error] [pid 27080] [client 103.108.174.43:0] script '/domains/system_default/logs/tiki-index.php' not found or unable to stat
[Sun Feb 15 05:33:17.399999 2026] [php:error] [pid 27079] [client 103.108.174.43:0] script '/domains/system_default/tools.php' not found or unable to stat
[Sun Feb 15 05:33:17.843511 2026] [php:error] [pid 27080] [client 103.108.174.43:0] script '/domains/system_default/logs/tools.php' not found or unable to stat
[Sun Feb 15 05:33:27.376538 2026] [php:error] [pid 27088] [client 103.108.174.43:0] script '/domains/system_default/pmwiki.php' not found or unable to stat
[Sun Feb 15 05:33:28.703606 2026] [php:error] [pid 27104] [client 103.108.174.43:0] script '/domains/system_default/logs/pmwiki.php' not found or unable to stat
[Sun Feb 15 05:33:28.783327 2026] [php:error] [pid 27101] [client 103.108.174.43:0] script '/domains/system_default/license.php' not found or unable to stat
[Sun Feb 15 05:33:28.814817 2026] [cgi:error] [pid 27088] [client 103.108.174.43:0] AH02811: stderr from /domains/system_default/mail.cgi: script not found or unable to stat
[Sun Feb 15 05:33:29.226311 2026] [php:error] [pid 27102] [client 103.108.174.43:0] script '/domains/system_default/logs/license.php' not found or unable to stat
[Sun Feb 15 05:33:29.257165 2026] [cgi:error] [pid 27087] [client 103.108.174.43:0] AH02811: stderr from /domains/system_default/logs/mail.cgi: script not found or unable to stat
[Sun Feb 15 05:33:32.874227 2026] [php:error] [pid 27106] [client 103.108.174.43:0] script '/domains/system_default/register.php' not found or unable to stat
[Sun Feb 15 05:33:33.321424 2026] [php:error] [pid 27103] [client 103.108.174.43:0] script '/domains/system_default/logs/register.php' not found or unable to stat
[Sun Feb 15 05:33:34.066360 2026] [php:error] [pid 27088] [client 145.239.10.137:0] script '/domains/samscars/tcb.php' not found or unable to stat, referer: http://samscars.com/tcb.php
[Sun Feb 15 05:33:34.424466 2026] [php:error] [pid 27083] [client 103.108.174.43:0] script '/domains/system_default/blob.php' not found or unable to stat
[Sun Feb 15 05:33:35.917856 2026] [php:error] [pid 27104] [client 103.108.174.43:0] script '/domains/system_default/logs/blob.php' not found or unable to stat
[Sun Feb 15 05:33:36.021157 2026] [cgi:error] [pid 27102] [client 103.108.174.43:0] AH02811: stderr from /domains/system_default/login.pl: script not found or unable to stat
[Sun Feb 15 05:33:36.465554 2026] [cgi:error] [pid 27080] [client 103.108.174.43:0] AH02811: stderr from /domains/system_default/logs/login.pl: script not found or unable to stat
[Sun Feb 15 05:33:37.346519 2026] [cgi:error] [pid 27080] [client 103.108.174.43:0] AH02811: stderr from /domains/system_default/mt.cgi: script not found or unable to stat
[Sun Feb 15 05:33:37.790508 2026] [cgi:error] [pid 27083] [client 103.108.174.43:0] AH02811: stderr from /domains/system_default/logs/mt.cgi: script not found or unable to stat
[Sun Feb 15 05:33:39.275604 2026] [php:error] [pid 27089] [client 103.108.174.43:0] script '/domains/system_default/home.php' not found or unable to stat
[Sun Feb 15 05:33:40.861104 2026] [php:error] [pid 27089] [client 103.108.174.43:0] script '/domains/system_default/non-existent-649211514.php' not found or unable to stat
[Sun Feb 15 05:33:41.517479 2026] [php:error] [pid 27083] [client 103.108.174.43:0] script '/domains/system_default/logs/home.php' not found or unable to stat
[Sun Feb 15 05:33:43.961068 2026] [php:error] [pid 27077] [client 193.37.32.170:0] script '/domains/performancepartsinc/phpinfo.php' not found or unable to stat
[Sun Feb 15 05:33:44.288487 2026] [php:error] [pid 27077] [client 193.37.32.170:0] script '/domains/performancepartsinc/info.php' not found or unable to stat
[Sun Feb 15 05:33:44.580634 2026] [php:error] [pid 27077] [client 193.37.32.170:0] script '/domains/performancepartsinc/test.php' not found or unable to stat
[Sun Feb 15 05:33:44.617838 2026] [php:error] [pid 27109] [client 103.108.174.43:0] script '/domains/system_default/index.php' not found or unable to stat
[Sun Feb 15 05:33:44.866345 2026] [php:error] [pid 27077] [client 193.37.32.170:0] script '/domains/performancepartsinc/debug.php' not found or unable to stat
[Sun Feb 15 05:33:44.870780 2026] [php:error] [pid 27110] [client 103.108.174.43:0] script '/domains/system_default/index.php' not found or unable to stat
[Sun Feb 15 05:33:45.316540 2026] [php:error] [pid 27088] [client 103.108.174.43:0] script '/domains/system_default/logs/index.php' not found or unable to stat
[Sun Feb 15 05:33:45.400251 2026] [cgi:error] [pid 27109] [client 103.108.174.43:0] AH02811: stderr from /domains/system_default/openwebmail.pl: script not found or unable to stat
[Sun Feb 15 05:33:45.715135 2026] [access_compat:error] [pid 27077] [client 193.37.32.170:0] AH01797: client denied by server configuration: /domains/performancepartsinc/server-status
[Sun Feb 15 05:33:46.085095 2026] [access_compat:error] [pid 27077] [client 193.37.32.170:0] AH01797: client denied by server configuration: /domains/performancepartsinc/server-info
[Sun Feb 15 05:33:46.489984 2026] [php:error] [pid 27102] [client 103.108.174.43:0] script '/domains/system_default/logs/index.php' not found or unable to stat
[Sun Feb 15 05:33:46.610270 2026] [php:error] [pid 27103] [client 103.108.174.43:0] script '/domains/system_default/feed.php' not found or unable to stat
[Sun Feb 15 05:33:46.711641 2026] [cgi:error] [pid 27111] [client 103.108.174.43:0] AH02811: stderr from /domains/system_default/logs/openwebmail.pl: script not found or unable to stat
[Sun Feb 15 05:33:47.033508 2026] [php:error] [pid 27102] [client 103.108.174.43:0] script '/domains/system_default/index.php' not found or unable to stat
[Sun Feb 15 05:33:47.043280 2026] [php:error] [pid 27101] [client 103.108.174.43:0] script '/domains/system_default/doku.php' not found or unable to stat
[Sun Feb 15 05:33:48.341642 2026] [php:error] [pid 27111] [client 103.108.174.43:0] script '/domains/system_default/logs/index.php' not found or unable to stat
[Sun Feb 15 05:33:49.410298 2026] [php:error] [pid 27107] [client 103.108.174.43:0] script '/domains/system_default/logs/feed.php' not found or unable to stat
[Sun Feb 15 05:33:49.853462 2026] [php:error] [pid 27111] [client 103.108.174.43:0] script '/domains/system_default/logs/doku.php' not found or unable to stat
[Sun Feb 15 05:33:51.923579 2026] [cgi:error] [pid 27101] [client 103.108.174.43:0] AH02811: stderr from /domains/system_default/Count.cgi: script not found or unable to stat
[Sun Feb 15 05:33:52.132805 2026] [php:error] [pid 27108] [client 103.108.174.43:0] script '/domains/system_default/phpThumb.demo.demo.php' not found or unable to stat
[Sun Feb 15 05:33:52.368321 2026] [cgi:error] [pid 27089] [client 103.108.174.43:0] AH02811: stderr from /domains/system_default/logs/Count.cgi: script not found or unable to stat
[Sun Feb 15 05:33:52.597499 2026] [php:error] [pid 27089] [client 103.108.174.43:0] script '/domains/system_default/logs/phpThumb.demo.demo.php' not found or unable to stat
[Sun Feb 15 05:33:53.002950 2026] [php:error] [pid 27077] [client 193.37.32.170:0] script '/domains/performancepartsinc/config.php.bak' not found or unable to stat
[Sun Feb 15 05:33:53.282559 2026] [php:error] [pid 27077] [client 193.37.32.170:0] script '/domains/performancepartsinc/wp-config.php.bak' not found or unable to stat
[Sun Feb 15 05:33:56.675723 2026] [php:error] [pid 27108] [client 103.108.174.43:0] script '/domains/system_default/help.php' not found or unable to stat
[Sun Feb 15 05:33:58.689975 2026] [php:error] [pid 27101] [client 103.108.174.43:0] script '/domains/system_default/nonexistent.php' not found or unable to stat
[Sun Feb 15 05:33:59.373664 2026] [php:error] [pid 27077] [client 103.108.174.43:0] script '/domains/system_default/logs/help.php' not found or unable to stat
[Sun Feb 15 05:34:00.055882 2026] [php:error] [pid 27104] [client 103.108.174.43:0] script '/domains/system_default/logs/nonexistent.php' not found or unable to stat
[Sun Feb 15 05:34:00.293080 2026] [php:error] [pid 27104] [client 103.108.174.43:0] script '/domains/system_default/index.php' not found or unable to stat
[Sun Feb 15 05:34:03.418879 2026] [php:error] [pid 27101] [client 103.108.174.43:0] script '/domains/system_default/Index2.php' not found or unable to stat
[Sun Feb 15 05:34:03.486364 2026] [cgi:error] [pid 27089] [client 103.108.174.43:0] AH02811: stderr from /domains/system_default/cvsweb.cgi: script not found or unable to stat
[Sun Feb 15 05:34:03.782080 2026] [php:error] [pid 27113] [client 103.108.174.43:0] script '/domains/system_default/about.php' not found or unable to stat
[Sun Feb 15 05:34:03.869478 2026] [php:error] [pid 27104] [client 103.108.174.43:0] script '/domains/system_default/logs/Index2.php' not found or unable to stat
[Sun Feb 15 05:34:03.931605 2026] [cgi:error] [pid 27114] [client 103.108.174.43:0] AH02811: stderr from /domains/system_default/logs/cvsweb.cgi: script not found or unable to stat
[Sun Feb 15 05:34:04.225774 2026] [php:error] [pid 27089] [client 103.108.174.43:0] script '/domains/system_default/logs/about.php' not found or unable to stat
[Sun Feb 15 05:34:04.407243 2026] [php:error] [pid 27110] [client 193.37.32.154:0] script '/domains/performancepartsinc/phpinfo.php' not found or unable to stat
[Sun Feb 15 05:34:04.701334 2026] [php:error] [pid 27110] [client 193.37.32.154:0] script '/domains/performancepartsinc/info.php' not found or unable to stat
[Sun Feb 15 05:34:04.939662 2026] [php:error] [pid 27114] [client 103.108.174.43:0] script '/domains/system_default/installer-backup.php' not found or unable to stat
[Sun Feb 15 05:34:05.022978 2026] [php:error] [pid 27110] [client 193.37.32.154:0] script '/domains/performancepartsinc/test.php' not found or unable to stat
[Sun Feb 15 05:34:05.348933 2026] [php:error] [pid 27110] [client 193.37.32.154:0] script '/domains/performancepartsinc/debug.php' not found or unable to stat
[Sun Feb 15 05:34:05.382290 2026] [php:error] [pid 27108] [client 103.108.174.43:0] script '/domains/system_default/installer.php' not found or unable to stat
[Sun Feb 15 05:34:06.226371 2026] [access_compat:error] [pid 27110] [client 193.37.32.154:0] AH01797: client denied by server configuration: /domains/performancepartsinc/server-status
[Sun Feb 15 05:34:06.261110 2026] [cgi:error] [pid 27113] [client 103.108.174.43:0] AH02811: stderr from /domains/system_default/awstats.pl: script not found or unable to stat
[Sun Feb 15 05:34:06.501701 2026] [access_compat:error] [pid 27110] [client 193.37.32.154:0] AH01797: client denied by server configuration: /domains/performancepartsinc/server-info
[Sun Feb 15 05:34:07.587629 2026] [cgi:error] [pid 27088] [client 103.108.174.43:0] AH02811: stderr from /domains/system_default/logs/awstats.pl: script not found or unable to stat
[Sun Feb 15 05:34:10.455298 2026] [php:error] [pid 27113] [client 103.108.174.43:0] script '/domains/system_default/logs/installer-backup.php' not found or unable to stat
[Sun Feb 15 05:34:10.887128 2026] [php:error] [pid 27107] [client 103.108.174.43:0] script '/domains/system_default/logs/installer.php' not found or unable to stat
[Sun Feb 15 05:34:11.932898 2026] [php:error] [pid 27108] [client 103.108.174.43:0] script '/domains/system_default/index.php' not found or unable to stat
[Sun Feb 15 05:34:11.979591 2026] [php:error] [pid 27116] [client 103.108.174.43:0] script '/domains/system_default/phpliteadmin.php' not found or unable to stat
[Sun Feb 15 05:34:12.423875 2026] [php:error] [pid 27108] [client 103.108.174.43:0] script '/domains/system_default/logs/phpliteadmin.php' not found or unable to stat
[Sun Feb 15 05:34:13.631306 2026] [php:error] [pid 27110] [client 193.37.32.154:0] script '/domains/performancepartsinc/config.php.bak' not found or unable to stat
[Sun Feb 15 05:34:13.680331 2026] [php:error] [pid 27116] [client 103.108.174.43:0] script '/domains/system_default/module.php' not found or unable to stat
[Sun Feb 15 05:34:13.935216 2026] [php:error] [pid 27110] [client 193.37.32.154:0] script '/domains/performancepartsinc/wp-config.php.bak' not found or unable to stat
[Sun Feb 15 05:34:14.218471 2026] [php:error] [pid 27110] [client 193.37.32.154:0] script '/domains/performancepartsinc/configuration.php.bak' not found or unable to stat
[Sun Feb 15 05:34:15.013770 2026] [php:error] [pid 27117] [client 103.108.174.43:0] script '/domains/system_default/setup.php' not found or unable to stat
[Sun Feb 15 05:34:16.152791 2026] [php:error] [pid 27101] [client 103.108.174.43:0] script '/domains/system_default/basilix.php' not found or unable to stat
[Sun Feb 15 05:34:16.406550 2026] [php:error] [pid 27101] [client 103.108.174.43:0] script '/domains/system_default/index.php' not found or unable to stat
[Sun Feb 15 05:34:16.613278 2026] [php:error] [pid 27104] [client 103.108.174.43:0] script '/domains/system_default/logs/basilix.php' not found or unable to stat
[Sun Feb 15 05:34:18.907079 2026] [php:error] [pid 27111] [client 103.108.174.43:0] script '/domains/system_default/trade.php' not found or unable to stat
[Sun Feb 15 05:34:22.739121 2026] [php:error] [pid 27113] [client 103.108.174.43:0] script '/domains/system_default/install.php' not found or unable to stat
[Sun Feb 15 05:34:23.346291 2026] [php:error] [pid 27101] [client 103.108.174.43:0] script '/domains/system_default/index.php' not found or unable to stat
[Sun Feb 15 05:34:23.691860 2026] [php:error] [pid 27089] [client 103.108.174.43:0] script '/domains/system_default/logs/index.php' not found or unable to stat
[Sun Feb 15 05:34:24.395450 2026] [php:error] [pid 27107] [client 103.108.174.43:0] script '/domains/system_default/intro.php' not found or unable to stat
[Sun Feb 15 05:34:24.837541 2026] [php:error] [pid 27101] [client 103.108.174.43:0] script '/domains/system_default/logs/intro.php' not found or unable to stat
[Sun Feb 15 05:34:24.854442 2026] [php:error] [pid 27117] [client 103.108.174.43:0] script '/domains/system_default/titleBar.php' not found or unable to stat
[Sun Feb 15 05:34:25.514512 2026] [php:error] [pid 27107] [client 103.108.174.43:0] script '/domains/system_default/logs/module.php' not found or unable to stat
[Sun Feb 15 05:34:25.747691 2026] [php:error] [pid 27107] [client 103.108.174.43:0] script '/domains/system_default/logs/index.php' not found or unable to stat
[Sun Feb 15 05:34:25.760126 2026] [php:error] [pid 27089] [client 103.108.174.43:0] script '/domains/system_default/logs/titleBar.php' not found or unable to stat
[Sun Feb 15 05:34:26.185325 2026] [php:error] [pid 27108] [client 103.108.174.43:0] script '/domains/system_default/README.php' not found or unable to stat
[Sun Feb 15 05:34:26.851415 2026] [php:error] [pid 27101] [client 103.108.174.43:0] script '/domains/system_default/logs/setup.php' not found or unable to stat
[Sun Feb 15 05:34:27.535478 2026] [php:error] [pid 27108] [client 103.108.174.43:0] script '/domains/system_default/logs/README.php' not found or unable to stat
[Sun Feb 15 05:34:28.218048 2026] [php:error] [pid 27117] [client 103.108.174.43:0] script '/domains/system_default/logs/index.php' not found or unable to stat
[Sun Feb 15 05:34:28.897435 2026] [cgi:error] [pid 27101] [client 103.108.174.43:0] AH02811: stderr from /domains/system_default/shop.cgi: script not found or unable to stat
[Sun Feb 15 05:34:29.337716 2026] [cgi:error] [pid 27101] [client 103.108.174.43:0] AH02811: stderr from /domains/system_default/logs/shop.cgi: script not found or unable to stat
[Sun Feb 15 05:34:34.151057 2026] [core:crit] [pid 27110] (13)Permission denied: [client 114.119.157.82:0] AH00529: /domains/performancepartsinc/graphics/psd/.htaccess pcfg_openfile: unable to check htaccess file, ensure it is readable and that '/domains/performancepartsinc/graphics/psd/' is executable
[Sun Feb 15 05:34:34.681616 2026] [php:error] [pid 27107] [client 103.108.174.43:0] script '/domains/system_default/logs/install.php' not found or unable to stat
[Sun Feb 15 05:34:36.023711 2026] [php:error] [pid 27108] [client 103.108.174.43:0] script '/domains/system_default/index.php' not found or unable to stat
[Sun Feb 15 05:34:36.466841 2026] [php:error] [pid 27107] [client 103.108.174.43:0] script '/domains/system_default/logs/index.php' not found or unable to stat
[Sun Feb 15 05:34:40.478293 2026] [php:error] [pid 27119] [client 103.108.174.43:0] script '/domains/system_default/tiki-install.php' not found or unable to stat
[Sun Feb 15 05:34:40.922517 2026] [php:error] [pid 27107] [client 103.108.174.43:0] script '/domains/system_default/logs/tiki-install.php' not found or unable to stat
[Sun Feb 15 05:34:44.255419 2026] [include:error] [pid 27110] [client 54.39.136.171:0] AH01371: unknown directive "code" in parsed doc /domains/testregisgroup/index.shtml
[Sun Feb 15 05:34:44.255440 2026] [include:error] [pid 27110] [client 54.39.136.171:0] AH01371: unknown directive "#code" in parsed doc /domains/testregisgroup/index.shtml
[Sun Feb 15 05:34:44.255453 2026] [include:error] [pid 27110] [client 54.39.136.171:0] AH01371: unknown directive "code" in parsed doc /domains/testregisgroup/index.shtml
[Sun Feb 15 05:34:44.255459 2026] [include:error] [pid 27110] [client 54.39.136.171:0] AH01371: unknown directive "code" in parsed doc /domains/testregisgroup/index.shtml
[Sun Feb 15 05:34:59.018786 2026] [php:error] [pid 27107] [client 103.108.174.43:0] script '/domains/system_default/index.php' not found or unable to stat
[Sun Feb 15 05:35:00.350425 2026] [php:error] [pid 27107] [client 103.108.174.43:0] script '/domains/system_default/logs/index.php' not found or unable to stat
[Sun Feb 15 05:35:15.023335 2026] [php:error] [pid 27121] [client 103.108.174.43:0] script '/domains/system_default/listing.php' not found or unable to stat
[Sun Feb 15 05:35:17.253915 2026] [php:error] [pid 27121] [client 103.108.174.43:0] script '/domains/system_default/logs/listing.php' not found or unable to stat
[Sun Feb 15 05:35:31.068385 2026] [php:error] [pid 27108] [client 103.108.174.43:0] script '/domains/system_default/editor.php' not found or unable to stat
[Sun Feb 15 05:35:31.732108 2026] [php:error] [pid 27088] [client 13.74.146.113:0] script '/domains/egmaweb/a4.php' not found or unable to stat
[Sun Feb 15 05:35:31.804846 2026] [php:error] [pid 27088] [client 13.74.146.113:0] script '/domains/egmaweb/fff.php' not found or unable to stat
[Sun Feb 15 05:35:31.877722 2026] [php:error] [pid 27088] [client 13.74.146.113:0] script '/domains/egmaweb/acfdr.php' not found or unable to stat
[Sun Feb 15 05:35:31.950695 2026] [php:error] [pid 27088] [client 13.74.146.113:0] script '/domains/egmaweb/88.php' not found or unable to stat
[Sun Feb 15 05:35:31.964484 2026] [php:error] [pid 27108] [client 103.108.174.43:0] script '/domains/system_default/settings.php' not found or unable to stat
[Sun Feb 15 05:35:32.170743 2026] [php:error] [pid 27088] [client 13.74.146.113:0] script '/domains/egmaweb/lp6.php' not found or unable to stat
[Sun Feb 15 05:35:32.243925 2026] [php:error] [pid 27088] [client 13.74.146.113:0] script '/domains/egmaweb/mjq.php' not found or unable to stat
[Sun Feb 15 05:35:32.317370 2026] [php:error] [pid 27088] [client 13.74.146.113:0] script '/domains/egmaweb/wp-k3w6g9s4h2.php' not found or unable to stat
[Sun Feb 15 05:35:32.389184 2026] [php:error] [pid 27108] [client 103.108.174.43:0] script '/domains/system_default/logs/editor.php' not found or unable to stat
[Sun Feb 15 05:35:32.390490 2026] [php:error] [pid 27088] [client 13.74.146.113:0] script '/domains/egmaweb/we.php' not found or unable to stat
[Sun Feb 15 05:35:32.466568 2026] [php:error] [pid 27088] [client 13.74.146.113:0] script '/domains/egmaweb/bjfl.php' not found or unable to stat
[Sun Feb 15 05:35:32.541927 2026] [php:error] [pid 27088] [client 13.74.146.113:0] script '/domains/egmaweb/init.php' not found or unable to stat
[Sun Feb 15 05:35:32.620009 2026] [php:error] [pid 27088] [client 13.74.146.113:0] script '/domains/egmaweb/co.php' not found or unable to stat
[Sun Feb 15 05:35:32.693516 2026] [php:error] [pid 27088] [client 13.74.146.113:0] script '/domains/egmaweb/themes.php' not found or unable to stat
[Sun Feb 15 05:35:32.768195 2026] [php:error] [pid 27088] [client 13.74.146.113:0] script '/domains/egmaweb/xy.php' not found or unable to stat
[Sun Feb 15 05:35:32.842516 2026] [php:error] [pid 27088] [client 13.74.146.113:0] script '/domains/egmaweb/yooldisk.php' not found or unable to stat
[Sun Feb 15 05:35:32.916112 2026] [php:error] [pid 27088] [client 13.74.146.113:0] script '/domains/egmaweb/x7.php' not found or unable to stat
[Sun Feb 15 05:35:32.990018 2026] [php:error] [pid 27088] [client 13.74.146.113:0] script '/domains/egmaweb/8.php' not found or unable to stat
[Sun Feb 15 05:35:33.294681 2026] [php:error] [pid 27089] [client 103.108.174.43:0] script '/domains/system_default/logs/settings.php' not found or unable to stat
[Sun Feb 15 05:35:35.297816 2026] [php:error] [pid 27126] [client 103.108.174.43:0] script '/domains/system_default/LightNEasy.php' not found or unable to stat
[Sun Feb 15 05:35:35.737666 2026] [php:error] [pid 27126] [client 103.108.174.43:0] script '/domains/system_default/logs/LightNEasy.php' not found or unable to stat
[Sun Feb 15 05:35:35.870579 2026] [core:error] [pid 27130] [client 77.42.23.122:0] AH10244: invalid URI path (/cgi-bin/.%2e/.%2e/.%2e/.%2e/.%2e/.%2e/.%2e/.%2e/.%2e/.%2e/bin/sh)
[Sun Feb 15 05:35:37.108862 2026] [core:error] [pid 27129] [client 77.42.23.122:0] AH10244: invalid URI path (/cgi-bin/%%32%65%%32%65/%%32%65%%32%65/%%32%65%%32%65/%%32%65%%32%65/%%32%65%%32%65/%%32%65%%32%65/%%32%65%%32%65/bin/sh)
[Sun Feb 15 05:35:41.685302 2026] [php:error] [pid 27089] [client 77.42.23.122:0] script '/domains/system_default/index.php' not found or unable to stat
[Sun Feb 15 05:35:41.905895 2026] [php:error] [pid 27089] [client 77.42.23.122:0] script '/domains/system_default/index.php' not found or unable to stat
[Sun Feb 15 05:35:42.015284 2026] [php:error] [pid 27089] [client 77.42.23.122:0] script '/domains/system_default/index.php' not found or unable to stat
[Sun Feb 15 05:35:43.415849 2026] [php:error] [pid 27131] [client 103.108.174.43:0] script '/domains/system_default/x_news.php' not found or unable to stat
[Sun Feb 15 05:35:43.861187 2026] [php:error] [pid 27131] [client 103.108.174.43:0] script '/domains/system_default/logs/x_news.php' not found or unable to stat
[Sun Feb 15 05:35:54.586841 2026] [php:error] [pid 27126] [client 103.108.174.43:0] script '/domains/system_default/forum.php' not found or unable to stat
[Sun Feb 15 05:35:56.060821 2026] [cgi:error] [pid 27130] [client 103.108.174.43:0] AH02811: stderr from /domains/system_default/clwarn.cgi: script not found or unable to stat
[Sun Feb 15 05:35:56.504152 2026] [cgi:error] [pid 27130] [client 103.108.174.43:0] AH02811: stderr from /domains/system_default/logs/clwarn.cgi: script not found or unable to stat
[Sun Feb 15 05:36:04.680070 2026] [php:error] [pid 27088] [client 216.24.213.153:0] script '/domains/markrose/wp-login.php' not found or unable to stat
[Sun Feb 15 05:36:04.841850 2026] [php:error] [pid 27126] [client 103.108.174.43:0] script '/domains/system_default/authentication_index.php' not found or unable to stat
[Sun Feb 15 05:36:05.283995 2026] [php:error] [pid 27126] [client 103.108.174.43:0] script '/domains/system_default/logs/authentication_index.php' not found or unable to stat
[Sun Feb 15 05:36:06.631605 2026] [php:error] [pid 27128] [client 103.108.174.43:0] script '/domains/system_default/ssl_check.php' not found or unable to stat
[Sun Feb 15 05:36:10.095574 2026] [php:error] [pid 27088] [client 103.108.174.43:0] script '/domains/system_default/upload.php' not found or unable to stat
[Sun Feb 15 05:36:10.279760 2026] [php:error] [pid 27128] [client 103.108.174.43:0] script '/domains/system_default/logs/ssl_check.php' not found or unable to stat
[Sun Feb 15 05:36:10.992268 2026] [php:error] [pid 27128] [client 103.108.174.43:0] script '/domains/system_default/logs/upload.php' not found or unable to stat
[Sun Feb 15 05:36:23.784859 2026] [php:error] [pid 27128] [client 103.108.174.43:0] script '/domains/system_default/scripts.php' not found or unable to stat
[Sun Feb 15 05:36:24.229622 2026] [php:error] [pid 27128] [client 103.108.174.43:0] script '/domains/system_default/logs/scripts.php' not found or unable to stat
[Sun Feb 15 05:36:32.513410 2026] [php:error] [pid 27128] [client 103.108.174.43:0] script '/domains/system_default/index.php' not found or unable to stat
[Sun Feb 15 05:36:32.960281 2026] [php:error] [pid 27128] [client 103.108.174.43:0] script '/domains/system_default/logs/index.php' not found or unable to stat
[Sun Feb 15 05:36:49.372256 2026] [php:error] [pid 27128] [client 103.108.174.43:0] script '/domains/system_default/evalsmsi.php' not found or unable to stat
[Sun Feb 15 05:36:50.057760 2026] [php:error] [pid 27088] [client 103.108.174.43:0] script '/domains/system_default/logs/evalsmsi.php' not found or unable to stat
[Sun Feb 15 05:37:01.961435 2026] [php:error] [pid 27139] [client 136.228.134.5:0] script '/domains/awciii/mar.php' not found or unable to stat
[Sun Feb 15 05:37:06.778606 2026] [php:error] [pid 27136] [client 141.98.10.136:0] script '/domains/koenig.interport/txets.php' not found or unable to stat
[Sun Feb 15 05:37:11.174377 2026] [php:error] [pid 27135] [client 103.108.174.43:0] script '/domains/system_default/module.php' not found or unable to stat
[Sun Feb 15 05:37:11.619520 2026] [php:error] [pid 27135] [client 103.108.174.43:0] script '/domains/system_default/logs/module.php' not found or unable to stat
[Sun Feb 15 05:37:51.724624 2026] [php:error] [pid 27126] [client 103.108.174.43:0] script '/domains/system_default/print.php' not found or unable to stat
