[Sun Feb 15 00:03:15.894714 2026] [php:error] [pid 60934] [client 185.223.152.194:0] script '/domains/ferguson.interport/admin-ajax.php' not found or unable to stat
[Sun Feb 15 00:03:15.962670 2026] [php:error] [pid 60882] [client 185.223.152.181:0] script '/domains/sjsachs/xmrlpc.php' not found or unable to stat
[Sun Feb 15 00:03:16.131489 2026] [php:error] [pid 60934] [client 185.223.152.194:0] script '/domains/ferguson.interport/link.php' not found or unable to stat
[Sun Feb 15 00:03:16.210380 2026] [php:error] [pid 60882] [client 185.223.152.181:0] script '/domains/sjsachs/ae.php' not found or unable to stat
[Sun Feb 15 00:03:16.361346 2026] [php:error] [pid 60934] [client 185.223.152.194:0] script '/domains/ferguson.interport/ms-themes.php' not found or unable to stat
[Sun Feb 15 00:03:16.446983 2026] [php:error] [pid 60882] [client 185.223.152.181:0] script '/domains/sjsachs/moon.php' not found or unable to stat
[Sun Feb 15 00:03:16.609555 2026] [php:error] [pid 60934] [client 185.223.152.194:0] script '/domains/ferguson.interport/my-sites.php' not found or unable to stat
[Sun Feb 15 00:03:16.699957 2026] [php:error] [pid 60882] [client 185.223.152.181:0] script '/domains/sjsachs/blog.php' not found or unable to stat
[Sun Feb 15 00:03:16.838532 2026] [php:error] [pid 60934] [client 185.223.152.194:0] script '/domains/ferguson.interport/media.php' not found or unable to stat
[Sun Feb 15 00:03:16.937944 2026] [php:error] [pid 60882] [client 185.223.152.181:0] script '/domains/sjsachs/themes.php' not found or unable to stat
[Sun Feb 15 00:03:17.071131 2026] [php:error] [pid 60934] [client 185.223.152.194:0] script '/domains/ferguson.interport/nav-menus.php' not found or unable to stat
[Sun Feb 15 00:03:17.173826 2026] [php:error] [pid 60882] [client 185.223.152.181:0] script '/domains/sjsachs/ini.php' not found or unable to stat
[Sun Feb 15 00:03:17.300030 2026] [php:error] [pid 60934] [client 185.223.152.194:0] script '/domains/ferguson.interport/menu.php' not found or unable to stat
[Sun Feb 15 00:03:17.409899 2026] [php:error] [pid 60882] [client 185.223.152.181:0] script '/domains/sjsachs/as.php' not found or unable to stat
[Sun Feb 15 00:03:17.538754 2026] [php:error] [pid 60934] [client 185.223.152.194:0] script '/domains/ferguson.interport/options-head.php' not found or unable to stat
[Sun Feb 15 00:03:17.646938 2026] [php:error] [pid 60882] [client 185.223.152.181:0] script '/domains/sjsachs/shell.php' not found or unable to stat
[Sun Feb 15 00:03:17.771342 2026] [php:error] [pid 60934] [client 185.223.152.194:0] script '/domains/ferguson.interport/revision.php' not found or unable to stat
[Sun Feb 15 00:03:17.884005 2026] [php:error] [pid 60882] [client 185.223.152.181:0] script '/domains/sjsachs/ws.php' not found or unable to stat
[Sun Feb 15 00:03:18.017241 2026] [php:error] [pid 60934] [client 185.223.152.194:0] script '/domains/ferguson.interport/widgets.php' not found or unable to stat
[Sun Feb 15 00:03:18.136696 2026] [php:error] [pid 60882] [client 185.223.152.181:0] script '/domains/sjsachs/makeasmtp.php' not found or unable to stat
[Sun Feb 15 00:03:18.244872 2026] [php:error] [pid 60934] [client 185.223.152.194:0] script '/domains/ferguson.interport/term.php' not found or unable to stat
[Sun Feb 15 00:03:18.378696 2026] [php:error] [pid 60882] [client 185.223.152.181:0] script '/domains/sjsachs/wp-sigunq.php' not found or unable to stat
[Sun Feb 15 00:03:18.472162 2026] [php:error] [pid 60934] [client 185.223.152.194:0] script '/domains/ferguson.interport/system_log.php' not found or unable to stat
[Sun Feb 15 00:03:18.624944 2026] [php:error] [pid 60882] [client 185.223.152.181:0] script '/domains/sjsachs/wso112233.php' not found or unable to stat
[Sun Feb 15 00:03:18.861888 2026] [php:error] [pid 60882] [client 185.223.152.181:0] script '/domains/sjsachs/wp-atom.php' not found or unable to stat
[Sun Feb 15 00:03:19.099433 2026] [php:error] [pid 60882] [client 185.223.152.181:0] script '/domains/sjsachs/alfanew.php' not found or unable to stat
[Sun Feb 15 00:03:19.167087 2026] [php:error] [pid 60938] [client 185.223.152.183:0] script '/domains/ferguson.interport/moded.php' not found or unable to stat
[Sun Feb 15 00:03:19.342808 2026] [php:error] [pid 60882] [client 185.223.152.181:0] script '/domains/sjsachs/fw.php' not found or unable to stat
[Sun Feb 15 00:03:19.595093 2026] [php:error] [pid 60882] [client 185.223.152.181:0] script '/domains/sjsachs/install.php' not found or unable to stat
[Sun Feb 15 00:03:19.636338 2026] [php:error] [pid 60938] [client 185.223.152.183:0] script '/domains/ferguson.interport/upgrade.php' not found or unable to stat
[Sun Feb 15 00:03:19.832811 2026] [php:error] [pid 60882] [client 185.223.152.181:0] script '/domains/sjsachs/wp-login.php' not found or unable to stat
[Sun Feb 15 00:03:19.868866 2026] [php:error] [pid 60938] [client 185.223.152.183:0] script '/domains/ferguson.interport/gh.php' not found or unable to stat
[Sun Feb 15 00:03:20.098903 2026] [php:error] [pid 60938] [client 185.223.152.183:0] script '/domains/ferguson.interport/version.php' not found or unable to stat
[Sun Feb 15 00:03:20.309795 2026] [php:error] [pid 60882] [client 185.223.152.181:0] script '/domains/sjsachs/XxX.php' not found or unable to stat
[Sun Feb 15 00:03:20.334337 2026] [php:error] [pid 60938] [client 185.223.152.183:0] script '/domains/ferguson.interport/head.php' not found or unable to stat
[Sun Feb 15 00:03:20.554618 2026] [php:error] [pid 60882] [client 185.223.152.181:0] script '/domains/sjsachs/Marvins.php' not found or unable to stat
[Sun Feb 15 00:03:20.566247 2026] [php:error] [pid 60938] [client 185.223.152.183:0] script '/domains/ferguson.interport/index1.php' not found or unable to stat
[Sun Feb 15 00:03:20.799508 2026] [php:error] [pid 60938] [client 185.223.152.183:0] script '/domains/ferguson.interport/theme-insqbzk.php' not found or unable to stat
[Sun Feb 15 00:03:21.030153 2026] [php:error] [pid 60938] [client 185.223.152.183:0] script '/domains/ferguson.interport/good.php' not found or unable to stat
[Sun Feb 15 00:03:21.030882 2026] [php:error] [pid 60882] [client 185.223.152.181:0] script '/domains/sjsachs/olux.php' not found or unable to stat
[Sun Feb 15 00:03:21.259699 2026] [php:error] [pid 60938] [client 185.223.152.183:0] script '/domains/ferguson.interport/main.php' not found or unable to stat
[Sun Feb 15 00:03:21.270837 2026] [php:error] [pid 60882] [client 185.223.152.181:0] script '/domains/sjsachs/wso.php' not found or unable to stat
[Sun Feb 15 00:03:21.723490 2026] [php:error] [pid 60938] [client 185.223.152.183:0] script '/domains/ferguson.interport/wsoyanz.php' not found or unable to stat
[Sun Feb 15 00:03:21.757325 2026] [php:error] [pid 60882] [client 185.223.152.181:0] script '/domains/sjsachs/uploader.php' not found or unable to stat
[Sun Feb 15 00:03:21.993749 2026] [php:error] [pid 60882] [client 185.223.152.181:0] script '/domains/sjsachs/1337.php' not found or unable to stat
[Sun Feb 15 00:03:22.231423 2026] [php:error] [pid 60882] [client 185.223.152.181:0] script '/domains/sjsachs/user.php' not found or unable to stat
[Sun Feb 15 00:03:22.493234 2026] [php:error] [pid 60882] [client 185.223.152.181:0] script '/domains/sjsachs/wp-info.php' not found or unable to stat
[Sun Feb 15 00:03:22.735664 2026] [php:error] [pid 60882] [client 185.223.152.181:0] script '/domains/sjsachs/wxo.php' not found or unable to stat
[Sun Feb 15 00:03:22.909380 2026] [php:error] [pid 60938] [client 185.223.152.183:0] script '/domains/ferguson.interport/alfa-rex.php' not found or unable to stat
[Sun Feb 15 00:03:22.989993 2026] [php:error] [pid 60882] [client 185.223.152.181:0] script '/domains/sjsachs/amigo.php' not found or unable to stat
[Sun Feb 15 00:03:23.226287 2026] [php:error] [pid 60882] [client 185.223.152.181:0] script '/domains/sjsachs/yoi.php' not found or unable to stat
[Sun Feb 15 00:03:23.958723 2026] [php:error] [pid 60882] [client 185.223.152.181:0] script '/domains/sjsachs/wp-contentt.php' not found or unable to stat
[Sun Feb 15 00:03:24.200098 2026] [php:error] [pid 60882] [client 185.223.152.181:0] script '/domains/sjsachs/we1y8.php' not found or unable to stat
[Sun Feb 15 00:03:25.403616 2026] [php:error] [pid 60882] [client 185.223.152.181:0] script '/domains/sjsachs/hehe.php' not found or unable to stat
[Sun Feb 15 00:03:25.645555 2026] [php:error] [pid 60882] [client 185.223.152.181:0] script '/domains/sjsachs/post-data.php' not found or unable to stat
[Sun Feb 15 00:03:25.888794 2026] [php:error] [pid 60882] [client 185.223.152.181:0] script '/domains/sjsachs/w0.php' not found or unable to stat
[Sun Feb 15 00:03:26.124414 2026] [php:error] [pid 60882] [client 185.223.152.181:0] script '/domains/sjsachs/old-index.php' not found or unable to stat
[Sun Feb 15 00:03:26.366656 2026] [php:error] [pid 60882] [client 185.223.152.181:0] script '/domains/sjsachs/wsanon.php' not found or unable to stat
[Sun Feb 15 00:03:27.080196 2026] [php:error] [pid 60882] [client 185.223.152.181:0] script '/domains/sjsachs/indo.php' not found or unable to stat
[Sun Feb 15 00:03:27.343945 2026] [php:error] [pid 60882] [client 185.223.152.181:0] script '/domains/sjsachs/beence.php' not found or unable to stat
[Sun Feb 15 00:03:27.578958 2026] [php:error] [pid 60882] [client 185.223.152.181:0] script '/domains/sjsachs/indosec.php' not found or unable to stat
[Sun Feb 15 00:03:27.632864 2026] [php:error] [pid 60938] [client 185.223.152.183:0] script '/domains/ferguson.interport/cache-compat.php' not found or unable to stat
[Sun Feb 15 00:03:27.815025 2026] [php:error] [pid 60882] [client 185.223.152.181:0] script '/domains/sjsachs/archives.php' not found or unable to stat
[Sun Feb 15 00:03:27.861186 2026] [php:error] [pid 60938] [client 185.223.152.183:0] script '/domains/ferguson.interport/ajax-actions.php' not found or unable to stat
[Sun Feb 15 00:03:28.060311 2026] [php:error] [pid 60882] [client 185.223.152.181:0] script '/domains/sjsachs/po8sa.php' not found or unable to stat
[Sun Feb 15 00:03:28.303172 2026] [php:error] [pid 60882] [client 185.223.152.181:0] script '/domains/sjsachs/thesmartestx.php' not found or unable to stat
[Sun Feb 15 00:03:28.334211 2026] [php:error] [pid 60938] [client 185.223.152.183:0] script '/domains/ferguson.interport/wp-consar.php' not found or unable to stat
[Sun Feb 15 00:03:28.539688 2026] [php:error] [pid 60882] [client 185.223.152.181:0] script '/domains/sjsachs/zcanp.php' not found or unable to stat
[Sun Feb 15 00:03:29.247909 2026] [php:error] [pid 60954] [client 185.223.152.182:0] script '/domains/sjsachs/pvt.php' not found or unable to stat
[Sun Feb 15 00:03:29.479805 2026] [php:error] [pid 60954] [client 185.223.152.182:0] script '/domains/sjsachs/shell20211028.php' not found or unable to stat
[Sun Feb 15 00:03:29.712293 2026] [php:error] [pid 60954] [client 185.223.152.182:0] script '/domains/sjsachs/cgi-bin/wp-2019.php' not found or unable to stat
[Sun Feb 15 00:03:29.962279 2026] [php:error] [pid 60954] [client 185.223.152.182:0] script '/domains/sjsachs/crypted.php' not found or unable to stat
[Sun Feb 15 00:03:30.210498 2026] [php:error] [pid 60954] [client 185.223.152.182:0] script '/domains/sjsachs/h0110w4y.php' not found or unable to stat
[Sun Feb 15 00:03:30.484760 2026] [php:error] [pid 60954] [client 185.223.152.182:0] script '/domains/sjsachs/vesiw.php' not found or unable to stat
[Sun Feb 15 00:03:30.857865 2026] [php:error] [pid 60954] [client 185.223.152.182:0] script '/domains/sjsachs/w.php' not found or unable to stat
[Sun Feb 15 00:03:30.858775 2026] [php:error] [pid 60955] [client 150.223.192.24:0] script '/domains/wsmith.enteract/888.php' not found or unable to stat, referer: http://www.etc.com/888.php
[Sun Feb 15 00:03:31.102755 2026] [php:error] [pid 60954] [client 185.223.152.182:0] script '/domains/sjsachs/wp-db.php' not found or unable to stat
[Sun Feb 15 00:03:31.342263 2026] [php:error] [pid 60938] [client 185.223.152.183:0] script '/domains/ferguson.interport/sx.php' not found or unable to stat
[Sun Feb 15 00:03:32.053227 2026] [php:error] [pid 60954] [client 185.223.152.182:0] script '/domains/sjsachs/lx.php' not found or unable to stat
[Sun Feb 15 00:03:32.284032 2026] [php:error] [pid 60954] [client 185.223.152.182:0] script '/domains/sjsachs/tonant.php' not found or unable to stat
[Sun Feb 15 00:03:32.519245 2026] [php:error] [pid 60954] [client 185.223.152.182:0] script '/domains/sjsachs/f0x.php' not found or unable to stat
[Sun Feb 15 00:03:32.756597 2026] [php:error] [pid 60954] [client 185.223.152.182:0] script '/domains/sjsachs/config.bak.php' not found or unable to stat
[Sun Feb 15 00:03:32.948938 2026] [php:error] [pid 60938] [client 185.223.152.183:0] script '/domains/ferguson.interport/web.php' not found or unable to stat
[Sun Feb 15 00:03:32.988156 2026] [php:error] [pid 60954] [client 185.223.152.182:0] script '/domains/sjsachs/bypass403.php' not found or unable to stat
[Sun Feb 15 00:03:33.219831 2026] [php:error] [pid 60954] [client 185.223.152.182:0] script '/domains/sjsachs/adminer.php' not found or unable to stat
[Sun Feb 15 00:03:33.458292 2026] [php:error] [pid 60954] [client 185.223.152.182:0] script '/domains/sjsachs/allahnaber.php' not found or unable to stat
[Sun Feb 15 00:03:33.699620 2026] [php:error] [pid 60954] [client 185.223.152.182:0] script '/domains/sjsachs/AK-74.php' not found or unable to stat
[Sun Feb 15 00:03:33.892259 2026] [php:error] [pid 60938] [client 185.223.152.183:0] script '/domains/ferguson.interport/wp-uploads-config.php' not found or unable to stat
[Sun Feb 15 00:03:33.946287 2026] [php:error] [pid 60954] [client 185.223.152.182:0] script '/domains/sjsachs/alfa3.php' not found or unable to stat
[Sun Feb 15 00:03:34.189901 2026] [php:error] [pid 60954] [client 185.223.152.182:0] script '/domains/sjsachs/alfaindex.php' not found or unable to stat
[Sun Feb 15 00:03:34.432755 2026] [php:error] [pid 60954] [client 185.223.152.182:0] script '/domains/sjsachs/alfa.php' not found or unable to stat
[Sun Feb 15 00:03:34.674495 2026] [php:error] [pid 60954] [client 185.223.152.182:0] script '/domains/sjsachs/c99.php' not found or unable to stat
[Sun Feb 15 00:03:34.914679 2026] [php:error] [pid 60954] [client 185.223.152.182:0] script '/domains/sjsachs/cmd.php' not found or unable to stat
[Sun Feb 15 00:03:35.147017 2026] [php:error] [pid 60954] [client 185.223.152.182:0] script '/domains/sjsachs/cw.php' not found or unable to stat
[Sun Feb 15 00:03:35.378061 2026] [php:error] [pid 60954] [client 185.223.152.182:0] script '/domains/sjsachs/date.php' not found or unable to stat
[Sun Feb 15 00:03:35.610896 2026] [php:error] [pid 60954] [client 185.223.152.182:0] script '/domains/sjsachs/haxor.php' not found or unable to stat
[Sun Feb 15 00:03:35.851083 2026] [php:error] [pid 60954] [client 185.223.152.182:0] script '/domains/sjsachs/icomsium.php' not found or unable to stat
[Sun Feb 15 00:03:36.014414 2026] [php:error] [pid 60956] [client 185.223.152.188:0] script '/domains/ferguson.interport/upload.php' not found or unable to stat
[Sun Feb 15 00:03:36.118250 2026] [php:error] [pid 60954] [client 185.223.152.182:0] script '/domains/sjsachs/ico.php' not found or unable to stat
[Sun Feb 15 00:03:36.349616 2026] [php:error] [pid 60954] [client 185.223.152.182:0] script '/domains/sjsachs/leaf.php' not found or unable to stat
[Sun Feb 15 00:03:36.481170 2026] [php:error] [pid 60956] [client 185.223.152.188:0] script '/domains/ferguson.interport/indeex.php' not found or unable to stat
[Sun Feb 15 00:03:36.585142 2026] [php:error] [pid 60954] [client 185.223.152.182:0] script '/domains/sjsachs/marijuana.php' not found or unable to stat
[Sun Feb 15 00:03:36.721738 2026] [php:error] [pid 60956] [client 185.223.152.188:0] script '/domains/ferguson.interport/dropdown.php' not found or unable to stat
[Sun Feb 15 00:03:36.817161 2026] [php:error] [pid 60954] [client 185.223.152.182:0] script '/domains/sjsachs/mass.php' not found or unable to stat
[Sun Feb 15 00:03:37.063714 2026] [php:error] [pid 60954] [client 185.223.152.182:0] script '/domains/sjsachs/mini.php' not found or unable to stat
[Sun Feb 15 00:03:37.298501 2026] [php:error] [pid 60954] [client 185.223.152.182:0] script '/domains/sjsachs/priv8.php' not found or unable to stat
[Sun Feb 15 00:03:37.531891 2026] [php:error] [pid 60954] [client 185.223.152.182:0] script '/domains/sjsachs/pws.php' not found or unable to stat
[Sun Feb 15 00:03:37.669630 2026] [php:error] [pid 60956] [client 185.223.152.188:0] script '/domains/ferguson.interport/bs.php' not found or unable to stat
[Sun Feb 15 00:03:37.770116 2026] [php:error] [pid 60954] [client 185.223.152.182:0] script '/domains/sjsachs/r57.php' not found or unable to stat
[Sun Feb 15 00:03:38.002130 2026] [php:error] [pid 60954] [client 185.223.152.182:0] script '/domains/sjsachs/robots.php' not found or unable to stat
[Sun Feb 15 00:03:38.138862 2026] [php:error] [pid 60956] [client 185.223.152.188:0] script '/domains/ferguson.interport/credits.php' not found or unable to stat
[Sun Feb 15 00:03:38.235690 2026] [php:error] [pid 60954] [client 185.223.152.182:0] script '/domains/sjsachs/snd.php' not found or unable to stat
[Sun Feb 15 00:03:38.374197 2026] [php:error] [pid 60956] [client 185.223.152.188:0] script '/domains/ferguson.interport/edit-comments.php' not found or unable to stat
[Sun Feb 15 00:03:38.473302 2026] [php:error] [pid 60954] [client 185.223.152.182:0] script '/domains/sjsachs/wp-class.php' not found or unable to stat
[Sun Feb 15 00:03:38.621703 2026] [php:error] [pid 60956] [client 185.223.152.188:0] script '/domains/ferguson.interport/checkbox.php' not found or unable to stat
[Sun Feb 15 00:03:38.704754 2026] [php:error] [pid 60954] [client 185.223.152.182:0] script '/domains/sjsachs/new-index.php' not found or unable to stat
[Sun Feb 15 00:03:38.860443 2026] [php:error] [pid 60956] [client 185.223.152.188:0] script '/domains/ferguson.interport/export.php' not found or unable to stat
[Sun Feb 15 00:03:39.094970 2026] [php:error] [pid 60956] [client 185.223.152.188:0] script '/domains/ferguson.interport/input.php' not found or unable to stat
[Sun Feb 15 00:03:39.330359 2026] [php:error] [pid 60956] [client 185.223.152.188:0] script '/domains/ferguson.interport/load-scripts.php' not found or unable to stat
[Sun Feb 15 00:03:39.599385 2026] [php:error] [pid 60956] [client 185.223.152.188:0] script '/domains/ferguson.interport/load-styles.php' not found or unable to stat
[Sun Feb 15 00:03:39.842868 2026] [php:error] [pid 60956] [client 185.223.152.188:0] script '/domains/ferguson.interport/options-discussion.php' not found or unable to stat
[Sun Feb 15 00:03:40.083836 2026] [php:error] [pid 60956] [client 185.223.152.188:0] script '/domains/ferguson.interport/options-general.php' not found or unable to stat
[Sun Feb 15 00:03:40.323027 2026] [php:error] [pid 60956] [client 185.223.152.188:0] script '/domains/ferguson.interport/options-permalink.php' not found or unable to stat
[Sun Feb 15 00:03:40.574298 2026] [php:error] [pid 60956] [client 185.223.152.188:0] script '/domains/ferguson.interport/options-privacy.php' not found or unable to stat
[Sun Feb 15 00:03:40.811973 2026] [php:error] [pid 60956] [client 185.223.152.188:0] script '/domains/ferguson.interport/options-reading.php' not found or unable to stat
[Sun Feb 15 00:03:41.046056 2026] [php:error] [pid 60956] [client 185.223.152.188:0] script '/domains/ferguson.interport/options-writing.php' not found or unable to stat
[Sun Feb 15 00:03:41.279711 2026] [php:error] [pid 60956] [client 185.223.152.188:0] script '/domains/ferguson.interport/post-new.php' not found or unable to stat
[Sun Feb 15 00:03:41.525220 2026] [php:error] [pid 60956] [client 185.223.152.188:0] script '/domains/ferguson.interport/privacy.php' not found or unable to stat
[Sun Feb 15 00:03:41.765053 2026] [php:error] [pid 60956] [client 185.223.152.188:0] script '/domains/ferguson.interport/profile.php' not found or unable to stat
[Sun Feb 15 00:03:41.997794 2026] [php:error] [pid 60956] [client 185.223.152.188:0] script '/domains/ferguson.interport/site-health.php' not found or unable to stat
[Sun Feb 15 00:03:42.232007 2026] [php:error] [pid 60956] [client 185.223.152.188:0] script '/domains/ferguson.interport/tools.php' not found or unable to stat
[Sun Feb 15 00:03:42.464790 2026] [php:error] [pid 60956] [client 185.223.152.188:0] script '/domains/ferguson.interport/update-core.php' not found or unable to stat
[Sun Feb 15 00:03:42.701758 2026] [php:error] [pid 60956] [client 185.223.152.188:0] script '/domains/ferguson.interport/user-edit.php' not found or unable to stat
[Sun Feb 15 00:03:42.936803 2026] [php:error] [pid 60956] [client 185.223.152.188:0] script '/domains/ferguson.interport/user-new.php' not found or unable to stat
[Sun Feb 15 00:03:43.178790 2026] [php:error] [pid 60956] [client 185.223.152.188:0] script '/domains/ferguson.interport/wp-cron.php' not found or unable to stat
[Sun Feb 15 00:03:43.413163 2026] [php:error] [pid 60956] [client 185.223.152.188:0] script '/domains/ferguson.interport/bar.php' not found or unable to stat
[Sun Feb 15 00:03:43.652398 2026] [php:error] [pid 60956] [client 185.223.152.188:0] script '/domains/ferguson.interport/samll.php' not found or unable to stat
[Sun Feb 15 00:03:43.884375 2026] [php:error] [pid 60956] [client 185.223.152.188:0] script '/domains/ferguson.interport/webdb.php' not found or unable to stat
[Sun Feb 15 00:03:43.926072 2026] [php:error] [pid 60954] [client 185.223.152.182:0] script '/domains/sjsachs/class-wp-widget-archives.php' not found or unable to stat
[Sun Feb 15 00:03:44.156226 2026] [php:error] [pid 60956] [client 185.223.152.188:0] script '/domains/ferguson.interport/100.php' not found or unable to stat
[Sun Feb 15 00:03:44.391432 2026] [php:error] [pid 60956] [client 185.223.152.188:0] script '/domains/ferguson.interport/plugin-install.php' not found or unable to stat
[Sun Feb 15 00:03:44.626402 2026] [php:error] [pid 60956] [client 185.223.152.188:0] script '/domains/ferguson.interport/km.php' not found or unable to stat
[Sun Feb 15 00:03:44.860008 2026] [php:error] [pid 60956] [client 185.223.152.188:0] script '/domains/ferguson.interport/LA.php' not found or unable to stat
[Sun Feb 15 00:03:45.094028 2026] [php:error] [pid 60956] [client 185.223.152.188:0] script '/domains/ferguson.interport/wp-good.php' not found or unable to stat
[Sun Feb 15 00:03:45.327508 2026] [php:error] [pid 60956] [client 185.223.152.188:0] script '/domains/ferguson.interport/wp-ldd.php' not found or unable to stat
[Sun Feb 15 00:03:45.560498 2026] [php:error] [pid 60956] [client 185.223.152.188:0] script '/domains/ferguson.interport/sgd.php' not found or unable to stat
[Sun Feb 15 00:03:45.813936 2026] [php:error] [pid 60956] [client 185.223.152.188:0] script '/domains/ferguson.interport/wzy.php' not found or unable to stat
[Sun Feb 15 00:03:46.063686 2026] [php:error] [pid 60954] [client 185.223.152.182:0] script '/domains/sjsachs/xleet-shell.php' not found or unable to stat
[Sun Feb 15 00:03:46.301078 2026] [php:error] [pid 60954] [client 185.223.152.182:0] script '/domains/sjsachs/xleet.php' not found or unable to stat
[Sun Feb 15 00:03:46.543265 2026] [php:error] [pid 60956] [client 185.223.152.188:0] script '/domains/ferguson.interport/chosen.php' not found or unable to stat
[Sun Feb 15 00:03:46.547478 2026] [php:error] [pid 60954] [client 185.223.152.182:0] script '/domains/sjsachs/xleetshell.php' not found or unable to stat
[Sun Feb 15 00:03:47.026811 2026] [php:error] [pid 60956] [client 185.223.152.188:0] script '/domains/ferguson.interport/wp-signup.php' not found or unable to stat
[Sun Feb 15 00:03:47.280670 2026] [php:error] [pid 60954] [client 185.223.152.182:0] script '/domains/sjsachs/xlt.php' not found or unable to stat
[Sun Feb 15 00:03:48.025246 2026] [php:error] [pid 60956] [client 185.223.152.188:0] script '/domains/ferguson.interport/class.php' not found or unable to stat
[Sun Feb 15 00:03:48.505604 2026] [php:error] [pid 60956] [client 185.223.152.188:0] script '/domains/ferguson.interport/Njima.php' not found or unable to stat
[Sun Feb 15 00:03:48.741968 2026] [php:error] [pid 60954] [client 185.223.152.182:0] script '/domains/sjsachs/wp-apxupx.php' not found or unable to stat
[Sun Feb 15 00:03:48.978858 2026] [php:error] [pid 60954] [client 185.223.152.182:0] script '/domains/sjsachs/nf_tracking.php' not found or unable to stat
[Sun Feb 15 00:03:49.217364 2026] [php:error] [pid 60954] [client 185.223.152.182:0] script '/domains/sjsachs/class.api.php' not found or unable to stat
[Sun Feb 15 00:03:49.462181 2026] [php:error] [pid 60954] [client 185.223.152.182:0] script '/domains/sjsachs/xl2023.php' not found or unable to stat
[Sun Feb 15 00:03:49.694055 2026] [php:error] [pid 60954] [client 185.223.152.182:0] script '/domains/sjsachs/wp-head.php' not found or unable to stat
[Sun Feb 15 00:03:49.707875 2026] [php:error] [pid 60956] [client 185.223.152.188:0] script '/domains/ferguson.interport/FroggBaba.php' not found or unable to stat
[Sun Feb 15 00:03:49.929898 2026] [php:error] [pid 60954] [client 185.223.152.182:0] script '/domains/sjsachs/wp-pano.php' not found or unable to stat
[Sun Feb 15 00:03:50.650738 2026] [php:error] [pid 60954] [client 185.223.152.182:0] script '/domains/sjsachs/xmlrpc.php' not found or unable to stat
[Sun Feb 15 00:03:50.650795 2026] [php:error] [pid 60956] [client 185.223.152.188:0] script '/domains/ferguson.interport/sts.php' not found or unable to stat
[Sun Feb 15 00:03:50.884437 2026] [php:error] [pid 60954] [client 185.223.152.182:0] script '/domains/sjsachs/wp-admin.php' not found or unable to stat
[Sun Feb 15 00:03:51.847086 2026] [php:error] [pid 60954] [client 185.223.152.182:0] script '/domains/sjsachs/WSOEnigma.php' not found or unable to stat
[Sun Feb 15 00:03:52.081368 2026] [php:error] [pid 60956] [client 185.223.152.188:0] script '/domains/ferguson.interport/st.php' not found or unable to stat
[Sun Feb 15 00:03:52.327589 2026] [php:error] [pid 60956] [client 185.223.152.188:0] script '/domains/ferguson.interport/GA13.php' not found or unable to stat
[Sun Feb 15 00:03:53.039349 2026] [php:error] [pid 60954] [client 185.223.152.182:0] script '/domains/sjsachs/mah.php' not found or unable to stat
[Sun Feb 15 00:03:53.734898 2026] [php:error] [pid 60946] [client 185.223.152.177:0] script '/domains/sjsachs/test.php' not found or unable to stat
[Sun Feb 15 00:03:53.981033 2026] [php:error] [pid 60956] [client 185.223.152.188:0] script '/domains/ferguson.interport/crop.php' not found or unable to stat
[Sun Feb 15 00:03:54.197818 2026] [php:error] [pid 60946] [client 185.223.152.177:0] script '/domains/sjsachs/gebase.php' not found or unable to stat
[Sun Feb 15 00:03:54.431553 2026] [php:error] [pid 60946] [client 185.223.152.177:0] script '/domains/sjsachs/defaults.php' not found or unable to stat
[Sun Feb 15 00:03:54.660600 2026] [php:error] [pid 60946] [client 185.223.152.177:0] script '/domains/sjsachs/asasx.php' not found or unable to stat
[Sun Feb 15 00:03:54.685757 2026] [php:error] [pid 60956] [client 185.223.152.188:0] script '/domains/ferguson.interport/gali.php' not found or unable to stat
[Sun Feb 15 00:03:55.420191 2026] [php:error] [pid 60956] [client 185.223.152.188:0] script '/domains/ferguson.interport/dir.php' not found or unable to stat
[Sun Feb 15 00:03:55.593775 2026] [php:error] [pid 60946] [client 185.223.152.177:0] script '/domains/sjsachs/contact.php' not found or unable to stat
[Sun Feb 15 00:03:55.655083 2026] [php:error] [pid 60956] [client 185.223.152.188:0] script '/domains/ferguson.interport/dirs.php' not found or unable to stat
[Sun Feb 15 00:03:55.826972 2026] [php:error] [pid 60946] [client 185.223.152.177:0] script '/domains/sjsachs/classwithtostring.php' not found or unable to stat
[Sun Feb 15 00:03:55.887997 2026] [php:error] [pid 60956] [client 185.223.152.188:0] script '/domains/ferguson.interport/abouts.php' not found or unable to stat
[Sun Feb 15 00:03:56.054831 2026] [php:error] [pid 60946] [client 185.223.152.177:0] script '/domains/sjsachs/mah.php' not found or unable to stat
[Sun Feb 15 00:03:56.155564 2026] [php:error] [pid 60956] [client 185.223.152.188:0] script '/domains/ferguson.interport/malls.php' not found or unable to stat
[Sun Feb 15 00:03:56.283030 2026] [php:error] [pid 60946] [client 185.223.152.177:0] script '/domains/sjsachs/wp-add.php' not found or unable to stat
[Sun Feb 15 00:03:56.388291 2026] [php:error] [pid 60956] [client 185.223.152.188:0] script '/domains/ferguson.interport/liefs.php' not found or unable to stat
[Sun Feb 15 00:03:56.655837 2026] [php:error] [pid 60956] [client 185.223.152.188:0] script '/domains/ferguson.interport/uc.php' not found or unable to stat
[Sun Feb 15 00:03:56.936918 2026] [php:error] [pid 60956] [client 185.223.152.188:0] script '/domains/ferguson.interport/locks.php' not found or unable to stat
[Sun Feb 15 00:03:57.169132 2026] [php:error] [pid 60956] [client 185.223.152.188:0] script '/domains/ferguson.interport/wp-dsdd.php' not found or unable to stat
[Sun Feb 15 00:03:57.282326 2026] [php:error] [pid 60946] [client 185.223.152.177:0] script '/domains/sjsachs/403.php' not found or unable to stat
[Sun Feb 15 00:03:58.383437 2026] [php:error] [pid 60956] [client 185.223.152.188:0] script '/domains/ferguson.interport/wp-themes.php' not found or unable to stat
[Sun Feb 15 00:03:58.617318 2026] [php:error] [pid 60956] [client 185.223.152.188:0] script '/domains/ferguson.interport/wp-uploads.php' not found or unable to stat
[Sun Feb 15 00:03:58.688117 2026] [php:error] [pid 60946] [client 185.223.152.177:0] script '/domains/sjsachs/text.php' not found or unable to stat
[Sun Feb 15 00:03:58.870234 2026] [php:error] [pid 60956] [client 185.223.152.188:0] script '/domains/ferguson.interport/wp-files.php' not found or unable to stat
[Sun Feb 15 00:03:58.926565 2026] [php:error] [pid 60946] [client 185.223.152.177:0] script '/domains/sjsachs/xc.php' not found or unable to stat
[Sun Feb 15 00:03:59.102241 2026] [php:error] [pid 60956] [client 185.223.152.188:0] script '/domains/ferguson.interport/t.php' not found or unable to stat
[Sun Feb 15 00:03:59.334354 2026] [php:error] [pid 60956] [client 185.223.152.188:0] script '/domains/ferguson.interport/stindex.php' not found or unable to stat
[Sun Feb 15 00:03:59.577393 2026] [php:error] [pid 60956] [client 185.223.152.188:0] script '/domains/ferguson.interport/shop.php' not found or unable to stat
[Sun Feb 15 00:04:00.093437 2026] [php:error] [pid 60946] [client 185.223.152.177:0] script '/domains/sjsachs/cgi-bin/xmrlpc.php' not found or unable to stat
[Sun Feb 15 00:04:00.290441 2026] [php:error] [pid 60957] [client 185.223.152.188:0] script '/domains/ferguson.interport/exit.php' not found or unable to stat
[Sun Feb 15 00:04:00.520815 2026] [php:error] [pid 60957] [client 185.223.152.188:0] script '/domains/ferguson.interport/install.php' not found or unable to stat
[Sun Feb 15 00:04:00.933015 2026] [php:error] [pid 60957] [client 185.223.152.188:0] script '/domains/ferguson.interport/max.php' not found or unable to stat
[Sun Feb 15 00:04:00.961767 2026] [php:error] [pid 60946] [client 185.223.152.177:0] script '/domains/sjsachs/go.php' not found or unable to stat
[Sun Feb 15 00:04:01.195258 2026] [php:error] [pid 60957] [client 185.223.152.188:0] script '/domains/ferguson.interport/wp-load.php' not found or unable to stat
[Sun Feb 15 00:04:01.423761 2026] [php:error] [pid 60946] [client 185.223.152.177:0] script '/domains/sjsachs/byp.php' not found or unable to stat
[Sun Feb 15 00:04:01.655287 2026] [php:error] [pid 60957] [client 185.223.152.188:0] script '/domains/ferguson.interport/aa.php' not found or unable to stat
[Sun Feb 15 00:04:02.347617 2026] [php:error] [pid 60957] [client 185.223.152.188:0] script '/domains/ferguson.interport/shellv3.php' not found or unable to stat
[Sun Feb 15 00:04:02.627688 2026] [php:error] [pid 60957] [client 185.223.152.188:0] script '/domains/ferguson.interport/sh.php' not found or unable to stat
[Sun Feb 15 00:04:03.099158 2026] [php:error] [pid 60946] [client 185.223.152.177:0] script '/domains/sjsachs/click.php' not found or unable to stat
[Sun Feb 15 00:04:03.316324 2026] [php:error] [pid 60957] [client 185.223.152.188:0] script '/domains/ferguson.interport/function.php' not found or unable to stat
[Sun Feb 15 00:04:03.554101 2026] [php:error] [pid 60957] [client 185.223.152.188:0] script '/domains/ferguson.interport/m.php' not found or unable to stat
[Sun Feb 15 00:04:03.781407 2026] [php:error] [pid 60957] [client 185.223.152.188:0] script '/domains/ferguson.interport/delete3.php' not found or unable to stat
[Sun Feb 15 00:04:04.029573 2026] [php:error] [pid 60946] [client 185.223.152.177:0] script '/domains/sjsachs/baxa1.php' not found or unable to stat
[Sun Feb 15 00:04:04.237538 2026] [php:error] [pid 60957] [client 185.223.152.188:0] script '/domains/ferguson.interport/mm.php' not found or unable to stat
[Sun Feb 15 00:04:04.487128 2026] [php:error] [pid 60946] [client 185.223.152.177:0] script '/domains/sjsachs/in.php' not found or unable to stat
[Sun Feb 15 00:04:04.754034 2026] [php:error] [pid 60946] [client 185.223.152.177:0] script '/domains/sjsachs/geju.php' not found or unable to stat
[Sun Feb 15 00:04:04.953978 2026] [php:error] [pid 60957] [client 185.223.152.188:0] script '/domains/ferguson.interport/server.php' not found or unable to stat
[Sun Feb 15 00:04:05.221001 2026] [php:error] [pid 60946] [client 185.223.152.177:0] script '/domains/sjsachs/wp-signup.php' not found or unable to stat
[Sun Feb 15 00:04:05.418790 2026] [php:error] [pid 60957] [client 185.223.152.188:0] script '/domains/ferguson.interport/mailer.php' not found or unable to stat
[Sun Feb 15 00:04:05.451340 2026] [php:error] [pid 60946] [client 185.223.152.177:0] script '/domains/sjsachs/elp.php' not found or unable to stat
[Sun Feb 15 00:04:05.646754 2026] [php:error] [pid 60957] [client 185.223.152.188:0] script '/domains/ferguson.interport/www.php' not found or unable to stat
[Sun Feb 15 00:04:06.109226 2026] [php:error] [pid 60957] [client 185.223.152.188:0] script '/domains/ferguson.interport/cache.php' not found or unable to stat
[Sun Feb 15 00:04:06.143367 2026] [php:error] [pid 60946] [client 185.223.152.177:0] script '/domains/sjsachs/chosen-667.php' not found or unable to stat
[Sun Feb 15 00:04:06.373064 2026] [php:error] [pid 60946] [client 185.223.152.177:0] script '/domains/sjsachs/network.php' not found or unable to stat
[Sun Feb 15 00:04:06.798684 2026] [php:error] [pid 60957] [client 185.223.152.188:0] script '/domains/ferguson.interport/wp-header.php' not found or unable to stat
[Sun Feb 15 00:04:07.026117 2026] [php:error] [pid 60957] [client 185.223.152.188:0] script '/domains/ferguson.interport/shop.php' not found or unable to stat
[Sun Feb 15 00:04:07.231903 2026] [php:error] [pid 60956] [client 185.223.152.203:0] script '/domains/sjsachs/wp-mail.php' not found or unable to stat
[Sun Feb 15 00:04:07.693263 2026] [php:error] [pid 60956] [client 185.223.152.203:0] script '/domains/sjsachs/yanz.php' not found or unable to stat
[Sun Feb 15 00:04:10.956734 2026] [php:error] [pid 60954] [client 185.223.152.179:0] script '/domains/sjsachs/tiny.php' not found or unable to stat
[Sun Feb 15 00:04:11.186518 2026] [php:error] [pid 60954] [client 185.223.152.179:0] script '/domains/sjsachs/edit.php' not found or unable to stat
[Sun Feb 15 00:04:11.414278 2026] [php:error] [pid 60954] [client 185.223.152.179:0] script '/domains/sjsachs/first.php' not found or unable to stat
[Sun Feb 15 00:04:13.254667 2026] [php:error] [pid 60954] [client 185.223.152.179:0] script '/domains/sjsachs/bs1.php' not found or unable to stat
[Sun Feb 15 00:04:14.188740 2026] [php:error] [pid 60954] [client 185.223.152.179:0] script '/domains/sjsachs/cron.php' not found or unable to stat
[Sun Feb 15 00:04:14.661993 2026] [php:error] [pid 60954] [client 185.223.152.179:0] script '/domains/sjsachs/db.php' not found or unable to stat
[Sun Feb 15 00:04:14.892468 2026] [php:error] [pid 60954] [client 185.223.152.179:0] script '/domains/sjsachs/fm.php' not found or unable to stat
[Sun Feb 15 00:04:15.599642 2026] [php:error] [pid 60954] [client 185.223.152.179:0] script '/domains/sjsachs/a.php' not found or unable to stat
[Sun Feb 15 00:04:16.307546 2026] [php:error] [pid 60954] [client 185.223.152.179:0] script '/domains/sjsachs/chosen.php' not found or unable to stat
[Sun Feb 15 00:04:16.767383 2026] [php:error] [pid 60954] [client 185.223.152.179:0] script '/domains/sjsachs/back.php' not found or unable to stat
[Sun Feb 15 00:04:18.150533 2026] [php:error] [pid 60954] [client 185.223.152.179:0] script '/domains/sjsachs/new.php' not found or unable to stat
[Sun Feb 15 00:04:19.098086 2026] [php:error] [pid 60954] [client 185.223.152.179:0] script '/domains/sjsachs/phpfm3.php' not found or unable to stat
[Sun Feb 15 00:04:20.037415 2026] [php:error] [pid 60954] [client 185.223.152.179:0] script '/domains/sjsachs/post.php' not found or unable to stat
[Sun Feb 15 00:04:22.157753 2026] [php:error] [pid 60954] [client 185.223.152.179:0] script '/domains/sjsachs/randkeyword.php' not found or unable to stat
[Sun Feb 15 00:04:22.864788 2026] [php:error] [pid 60954] [client 185.223.152.179:0] script '/domains/sjsachs/xxx.php' not found or unable to stat
[Sun Feb 15 00:04:23.343695 2026] [php:error] [pid 60954] [client 185.223.152.179:0] script '/domains/sjsachs/lv.php' not found or unable to stat
[Sun Feb 15 00:04:23.591618 2026] [php:error] [pid 60954] [client 185.223.152.179:0] script '/domains/sjsachs/zip.php' not found or unable to stat
[Sun Feb 15 00:04:26.656848 2026] [php:error] [pid 60954] [client 185.223.152.179:0] script '/domains/sjsachs/wp-cron.php' not found or unable to stat
[Sun Feb 15 00:04:27.118593 2026] [php:error] [pid 60954] [client 185.223.152.179:0] script '/domains/sjsachs/cgi-bin/about.php' not found or unable to stat
[Sun Feb 15 00:04:27.355258 2026] [php:error] [pid 60954] [client 185.223.152.179:0] script '/domains/sjsachs/jp.php' not found or unable to stat
[Sun Feb 15 00:04:27.582591 2026] [php:error] [pid 60954] [client 185.223.152.179:0] script '/domains/sjsachs/rcc.php' not found or unable to stat
[Sun Feb 15 00:04:28.037982 2026] [php:error] [pid 60954] [client 185.223.152.179:0] script '/domains/sjsachs/class.api.php' not found or unable to stat
[Sun Feb 15 00:04:28.268106 2026] [php:error] [pid 60954] [client 185.223.152.179:0] script '/domains/sjsachs/layout.php' not found or unable to stat
[Sun Feb 15 00:04:28.722185 2026] [php:error] [pid 60954] [client 185.223.152.179:0] script '/domains/sjsachs/history.php' not found or unable to stat
[Sun Feb 15 00:04:29.665531 2026] [php:error] [pid 60954] [client 185.223.152.179:0] script '/domains/sjsachs/images/about.php' not found or unable to stat
[Sun Feb 15 00:04:30.847127 2026] [php:error] [pid 60954] [client 185.223.152.179:0] script '/domains/sjsachs/about.php' not found or unable to stat
[Sun Feb 15 00:04:31.326651 2026] [php:error] [pid 60954] [client 185.223.152.179:0] script '/domains/sjsachs/cong.php' not found or unable to stat
[Sun Feb 15 00:04:31.572698 2026] [php:error] [pid 60954] [client 185.223.152.179:0] script '/domains/sjsachs/cgi-bin/wp-login.php' not found or unable to stat
[Sun Feb 15 00:04:32.494652 2026] [php:error] [pid 60954] [client 185.223.152.179:0] script '/domains/sjsachs/wp-links.php' not found or unable to stat
[Sun Feb 15 00:04:33.016444 2026] [php:error] [pid 60975] [client 185.223.152.177:0] script '/domains/sjsachs/makeasmtp.php' not found or unable to stat
[Sun Feb 15 00:04:33.950558 2026] [php:error] [pid 60975] [client 185.223.152.177:0] script '/domains/sjsachs/login.php' not found or unable to stat
[Sun Feb 15 00:04:36.337601 2026] [php:error] [pid 60975] [client 185.223.152.177:0] script '/domains/sjsachs/wander.php' not found or unable to stat
[Sun Feb 15 00:04:37.030229 2026] [php:error] [pid 60975] [client 185.223.152.177:0] script '/domains/sjsachs/wp-config-sample.php' not found or unable to stat
[Sun Feb 15 00:04:37.975398 2026] [php:error] [pid 60975] [client 185.223.152.177:0] script '/domains/sjsachs/images/autoload_classmap.php' not found or unable to stat
[Sun Feb 15 00:04:38.227874 2026] [php:error] [pid 60975] [client 185.223.152.177:0] script '/domains/sjsachs/manager.php' not found or unable to stat
[Sun Feb 15 00:04:38.939701 2026] [php:error] [pid 60975] [client 185.223.152.177:0] script '/domains/sjsachs/users.php' not found or unable to stat
[Sun Feb 15 00:04:39.636574 2026] [php:error] [pid 60975] [client 185.223.152.177:0] script '/domains/sjsachs/sim.php' not found or unable to stat
[Sun Feb 15 00:04:40.591297 2026] [php:error] [pid 60975] [client 185.223.152.177:0] script '/domains/sjsachs/function.php' not found or unable to stat
[Sun Feb 15 00:04:44.353156 2026] [php:error] [pid 60975] [client 185.223.152.177:0] script '/domains/sjsachs/wp-mail.php' not found or unable to stat
[Sun Feb 15 00:04:45.286005 2026] [php:error] [pid 60975] [client 185.223.152.177:0] script '/domains/sjsachs/admin-post.php' not found or unable to stat
[Sun Feb 15 00:04:45.517467 2026] [php:error] [pid 60975] [client 185.223.152.177:0] script '/domains/sjsachs/conf_upload.php' not found or unable to stat
[Sun Feb 15 00:04:46.703658 2026] [php:error] [pid 60975] [client 185.223.152.177:0] script '/domains/sjsachs/wp-configs.php' not found or unable to stat
[Sun Feb 15 00:04:47.628151 2026] [php:error] [pid 60968] [client 185.223.152.179:0] script '/domains/sjsachs/cgi-bin/file.php' not found or unable to stat
[Sun Feb 15 00:04:47.864820 2026] [php:error] [pid 60968] [client 185.223.152.179:0] script '/domains/sjsachs/f35.php' not found or unable to stat
[Sun Feb 15 00:04:48.564806 2026] [php:error] [pid 60968] [client 185.223.152.179:0] script '/domains/sjsachs/edit.php' not found or unable to stat
[Sun Feb 15 00:04:49.281301 2026] [php:error] [pid 60968] [client 185.223.152.179:0] script '/domains/sjsachs/files.php' not found or unable to stat
[Sun Feb 15 00:04:49.515864 2026] [php:error] [pid 60968] [client 185.223.152.179:0] script '/domains/sjsachs/webadmin.php' not found or unable to stat
[Sun Feb 15 00:04:50.217206 2026] [php:error] [pid 60968] [client 185.223.152.179:0] script '/domains/sjsachs/wsa.php' not found or unable to stat
[Sun Feb 15 00:04:50.461635 2026] [php:error] [pid 60968] [client 185.223.152.179:0] script '/domains/sjsachs/tinyfilemanager.php' not found or unable to stat
[Sun Feb 15 00:04:51.182669 2026] [php:error] [pid 60968] [client 185.223.152.179:0] script '/domains/sjsachs/cgi-bin/index.php' not found or unable to stat
[Sun Feb 15 00:04:51.424355 2026] [php:error] [pid 60968] [client 185.223.152.179:0] script '/domains/sjsachs/woh.php' not found or unable to stat
[Sun Feb 15 00:04:52.144543 2026] [php:error] [pid 60968] [client 185.223.152.179:0] script '/domains/sjsachs/bless.php' not found or unable to stat
[Sun Feb 15 00:04:52.377169 2026] [php:error] [pid 60968] [client 185.223.152.179:0] script '/domains/sjsachs/wp-trackback.php' not found or unable to stat
[Sun Feb 15 00:04:52.612582 2026] [php:error] [pid 60968] [client 185.223.152.179:0] script '/domains/sjsachs/info.php' not found or unable to stat
[Sun Feb 15 00:04:53.313207 2026] [php:error] [pid 60968] [client 185.223.152.179:0] script '/domains/sjsachs/buy.php' not found or unable to stat
[Sun Feb 15 00:04:53.781764 2026] [php:error] [pid 60968] [client 185.223.152.179:0] script '/domains/sjsachs/readme.php' not found or unable to stat
[Sun Feb 15 00:04:54.018428 2026] [php:error] [pid 60968] [client 185.223.152.179:0] script '/domains/sjsachs/sck.php' not found or unable to stat
[Sun Feb 15 00:04:54.253415 2026] [php:error] [pid 60968] [client 185.223.152.179:0] script '/domains/sjsachs/fm.php' not found or unable to stat
[Sun Feb 15 00:04:54.721299 2026] [php:error] [pid 60968] [client 185.223.152.179:0] script '/domains/sjsachs/packed.php' not found or unable to stat
[Sun Feb 15 00:04:54.954892 2026] [php:error] [pid 60968] [client 185.223.152.179:0] script '/domains/sjsachs/about.php' not found or unable to stat
[Sun Feb 15 00:04:55.887443 2026] [php:error] [pid 60968] [client 185.223.152.179:0] script '/domains/sjsachs/plugin.php' not found or unable to stat
[Sun Feb 15 00:04:56.864849 2026] [php:error] [pid 60968] [client 185.223.152.179:0] script '/domains/sjsachs/chosen.php' not found or unable to stat
[Sun Feb 15 00:04:57.099022 2026] [php:error] [pid 60968] [client 185.223.152.179:0] script '/domains/sjsachs/load.php' not found or unable to stat
[Sun Feb 15 00:04:57.566133 2026] [php:error] [pid 60968] [client 185.223.152.179:0] script '/domains/sjsachs/edit-tags.php' not found or unable to stat
[Sun Feb 15 00:04:58.278090 2026] [php:error] [pid 60968] [client 185.223.152.179:0] script '/domains/sjsachs/autoload_classmap.php' not found or unable to stat
[Sun Feb 15 00:04:58.518202 2026] [php:error] [pid 60968] [client 185.223.152.179:0] script '/domains/sjsachs/lock.php' not found or unable to stat
[Sun Feb 15 00:05:00.217271 2026] [php:error] [pid 60975] [client 185.223.152.192:0] script '/domains/sjsachs/product.php' not found or unable to stat
[Sun Feb 15 00:05:01.884818 2026] [php:error] [pid 60987] [client 20.197.60.23:0] script '/domains/pauljbrock/wp-trackback.php' not found or unable to stat
[Sun Feb 15 00:05:01.896962 2026] [php:error] [pid 60985] [client 185.223.152.198:0] script '/domains/sjsachs/base.php' not found or unable to stat
[Sun Feb 15 00:05:02.085153 2026] [php:error] [pid 60987] [client 20.197.60.23:0] script '/domains/pauljbrock/about.php' not found or unable to stat
[Sun Feb 15 00:05:02.283771 2026] [php:error] [pid 60987] [client 20.197.60.23:0] script '/domains/pauljbrock/file.php' not found or unable to stat
[Sun Feb 15 00:05:02.484111 2026] [php:error] [pid 60985] [client 185.223.152.198:0] script '/domains/sjsachs/zero.php' not found or unable to stat
[Sun Feb 15 00:05:02.487381 2026] [php:error] [pid 60987] [client 20.197.60.23:0] script '/domains/pauljbrock/wp-good.php' not found or unable to stat
[Sun Feb 15 00:05:02.694384 2026] [php:error] [pid 60987] [client 20.197.60.23:0] script '/domains/pauljbrock/xmlrpc.php' not found or unable to stat
[Sun Feb 15 00:05:02.895399 2026] [php:error] [pid 60987] [client 20.197.60.23:0] script '/domains/pauljbrock/goods.php' not found or unable to stat
[Sun Feb 15 00:05:03.094208 2026] [php:error] [pid 60987] [client 20.197.60.23:0] script '/domains/pauljbrock/ioxi-o.php' not found or unable to stat
[Sun Feb 15 00:05:03.232825 2026] [php:error] [pid 60985] [client 185.223.152.198:0] script '/domains/sjsachs/style.php' not found or unable to stat
[Sun Feb 15 00:05:03.312745 2026] [php:error] [pid 60987] [client 20.197.60.23:0] script '/domains/pauljbrock/class-t.api.php' not found or unable to stat
[Sun Feb 15 00:05:03.478169 2026] [php:error] [pid 60985] [client 185.223.152.198:0] script '/domains/sjsachs/db.php' not found or unable to stat
[Sun Feb 15 00:05:03.525042 2026] [php:error] [pid 60987] [client 20.197.60.23:0] script '/domains/pauljbrock/admin.php' not found or unable to stat
[Sun Feb 15 00:05:03.728898 2026] [php:error] [pid 60987] [client 20.197.60.23:0] script '/domains/pauljbrock/sf.php' not found or unable to stat
[Sun Feb 15 00:05:03.930380 2026] [php:error] [pid 60987] [client 20.197.60.23:0] script '/domains/pauljbrock/rip.php' not found or unable to stat
[Sun Feb 15 00:05:04.140603 2026] [php:error] [pid 60987] [client 20.197.60.23:0] script '/domains/pauljbrock/autoload_classmap.php' not found or unable to stat
[Sun Feb 15 00:05:04.339890 2026] [php:error] [pid 60987] [client 20.197.60.23:0] script '/domains/pauljbrock/chosen.php' not found or unable to stat
[Sun Feb 15 00:05:04.537700 2026] [php:error] [pid 60987] [client 20.197.60.23:0] script '/domains/pauljbrock/classwithtostring.php' not found or unable to stat
[Sun Feb 15 00:05:04.678163 2026] [php:error] [pid 60992] [client 185.223.152.193:0] script '/domains/sjsachs/wp-set.php' not found or unable to stat
[Sun Feb 15 00:05:04.752545 2026] [php:error] [pid 60987] [client 20.197.60.23:0] script '/domains/pauljbrock/defaults.php' not found or unable to stat
[Sun Feb 15 00:05:04.913163 2026] [php:error] [pid 60992] [client 185.223.152.193:0] script '/domains/sjsachs/file.php' not found or unable to stat
[Sun Feb 15 00:05:05.934862 2026] [php:error] [pid 60987] [client 20.197.60.23:0] script '/domains/pauljbrock/info.php' not found or unable to stat
[Sun Feb 15 00:05:07.860813 2026] [php:error] [pid 60987] [client 20.197.60.23:0] script '/domains/pauljbrock/adminfuns.php' not found or unable to stat
[Sun Feb 15 00:05:08.790937 2026] [php:error] [pid 60951] [client 185.223.152.190:0] script '/domains/sjsachs/moon.php' not found or unable to stat
[Sun Feb 15 00:05:10.610440 2026] [php:error] [pid 60951] [client 185.223.152.190:0] script '/domains/sjsachs/pages.php' not found or unable to stat
[Sun Feb 15 00:05:10.895948 2026] [php:error] [pid 60951] [client 185.223.152.190:0] script '/domains/sjsachs/bulk.php' not found or unable to stat
[Sun Feb 15 00:05:11.209802 2026] [php:error] [pid 60951] [client 185.223.152.190:0] script '/domains/sjsachs/kk.php' not found or unable to stat
[Sun Feb 15 00:05:11.762036 2026] [php:error] [pid 60951] [client 185.223.152.190:0] script '/domains/sjsachs/wp-logout.php' not found or unable to stat
[Sun Feb 15 00:05:12.818531 2026] [php:error] [pid 60951] [client 185.223.152.190:0] script '/domains/sjsachs/classwithtostring.php' not found or unable to stat
[Sun Feb 15 00:05:13.136550 2026] [php:error] [pid 60951] [client 185.223.152.190:0] script '/domains/sjsachs/wp-setup.php' not found or unable to stat
[Sun Feb 15 00:05:14.341781 2026] [php:error] [pid 60951] [client 185.223.152.190:0] script '/domains/sjsachs/wp-editor.php' not found or unable to stat
