[Sun Feb 15 00:46:38.808594 2026] [php:error] [pid 72741] [client 172.190.142.176:0] script '/domains/system_default/a1.php' not found or unable to stat
[Sun Feb 15 00:46:38.812731 2026] [php:error] [pid 72741] [client 172.190.142.176:0] script '/domains/system_default/lala.php' not found or unable to stat
[Sun Feb 15 00:46:38.817680 2026] [php:error] [pid 72741] [client 172.190.142.176:0] script '/domains/system_default/aaa.php' not found or unable to stat
[Sun Feb 15 00:46:38.822005 2026] [php:error] [pid 72741] [client 172.190.142.176:0] script '/domains/system_default/a2.php' not found or unable to stat
[Sun Feb 15 00:46:38.835069 2026] [php:error] [pid 72741] [client 172.190.142.176:0] script '/domains/system_default/nyan.php' not found or unable to stat
[Sun Feb 15 00:46:38.839828 2026] [php:error] [pid 72741] [client 172.190.142.176:0] script '/domains/system_default/jsond.php' not found or unable to stat
[Sun Feb 15 00:46:38.844180 2026] [php:error] [pid 72741] [client 172.190.142.176:0] script '/domains/system_default/8573.php' not found or unable to stat
[Sun Feb 15 00:46:38.849091 2026] [php:error] [pid 72741] [client 172.190.142.176:0] script '/domains/system_default/thui.php' not found or unable to stat
[Sun Feb 15 00:46:38.853605 2026] [php:error] [pid 72741] [client 172.190.142.176:0] script '/domains/system_default/rtx7.php' not found or unable to stat
[Sun Feb 15 00:46:38.857890 2026] [php:error] [pid 72741] [client 172.190.142.176:0] script '/domains/system_default/fgd.php' not found or unable to stat
[Sun Feb 15 00:46:38.861929 2026] [php:error] [pid 72741] [client 172.190.142.176:0] script '/domains/system_default/rf.php' not found or unable to stat
[Sun Feb 15 00:46:38.866443 2026] [php:error] [pid 72741] [client 172.190.142.176:0] script '/domains/system_default/xa.php' not found or unable to stat
[Sun Feb 15 00:46:38.870494 2026] [php:error] [pid 72741] [client 172.190.142.176:0] script '/domains/system_default/vx.php' not found or unable to stat
[Sun Feb 15 00:46:38.874447 2026] [php:error] [pid 72741] [client 172.190.142.176:0] script '/domains/system_default/gm.php' not found or unable to stat
[Sun Feb 15 00:46:38.878637 2026] [php:error] [pid 72741] [client 172.190.142.176:0] script '/domains/system_default/alfashell.php' not found or unable to stat
[Sun Feb 15 00:46:38.882765 2026] [php:error] [pid 72741] [client 172.190.142.176:0] script '/domains/system_default/file9.php' not found or unable to stat
[Sun Feb 15 00:46:38.886685 2026] [php:error] [pid 72741] [client 172.190.142.176:0] script '/domains/system_default/file58.php' not found or unable to stat
[Sun Feb 15 00:46:38.890641 2026] [php:error] [pid 72741] [client 172.190.142.176:0] script '/domains/system_default/filea.php' not found or unable to stat
[Sun Feb 15 00:46:38.894716 2026] [php:error] [pid 72741] [client 172.190.142.176:0] script '/domains/system_default/file21.php' not found or unable to stat
[Sun Feb 15 00:46:38.898596 2026] [php:error] [pid 72741] [client 172.190.142.176:0] script '/domains/system_default/file32.php' not found or unable to stat
[Sun Feb 15 00:46:41.720011 2026] [php:error] [pid 72738] [client 20.219.8.79:0] script '/domains/markrose/flower.php' not found or unable to stat
[Sun Feb 15 00:46:47.585672 2026] [core:crit] [pid 72748] (13)Permission denied: [client 114.119.157.82:0] AH00529: /domains/performancepartsinc/graphics/psd/.htaccess pcfg_openfile: unable to check htaccess file, ensure it is readable and that '/domains/performancepartsinc/graphics/psd/' is executable, referer: http://www.performancepartsinc.com/graphics/psd/q.php?%2Fwindham-sex-dates%2F
[Sun Feb 15 00:46:56.509270 2026] [php:error] [pid 67083] [client 20.219.8.79:0] script '/domains/markrose/ioxi-o.php' not found or unable to stat
[Sun Feb 15 00:46:56.739334 2026] [php:error] [pid 67083] [client 20.219.8.79:0] script '/domains/markrose/radio.php' not found or unable to stat
[Sun Feb 15 00:47:01.824915 2026] [php:error] [pid 67083] [client 20.219.8.79:0] script '/domains/markrose/admin.php' not found or unable to stat
[Sun Feb 15 00:47:02.638363 2026] [php:error] [pid 67083] [client 20.219.8.79:0] script '/domains/markrose/functions.php' not found or unable to stat
[Sun Feb 15 00:47:05.700119 2026] [php:error] [pid 67083] [client 20.219.8.79:0] script '/domains/markrose/autoload_classmap.php' not found or unable to stat
[Sun Feb 15 00:47:06.360038 2026] [php:error] [pid 67083] [client 20.219.8.79:0] script '/domains/markrose/post.php' not found or unable to stat
[Sun Feb 15 00:47:07.187998 2026] [php:error] [pid 67083] [client 20.219.8.79:0] script '/domains/markrose/1.php' not found or unable to stat
[Sun Feb 15 00:47:08.031583 2026] [php:error] [pid 67083] [client 20.219.8.79:0] script '/domains/markrose/flower.php' not found or unable to stat
[Sun Feb 15 00:47:08.253803 2026] [php:error] [pid 67083] [client 20.219.8.79:0] script '/domains/markrose/admin.php' not found or unable to stat
[Sun Feb 15 00:47:08.460571 2026] [php:error] [pid 67083] [client 20.219.8.79:0] script '/domains/markrose/file.php' not found or unable to stat
[Sun Feb 15 00:47:08.670649 2026] [php:error] [pid 67083] [client 20.219.8.79:0] script '/domains/markrose/meta.php' not found or unable to stat
[Sun Feb 15 00:47:09.529298 2026] [php:error] [pid 67083] [client 20.219.8.79:0] script '/domains/markrose/abcd.php' not found or unable to stat
[Sun Feb 15 00:47:11.530798 2026] [php:error] [pid 67083] [client 20.219.8.79:0] script '/domains/markrose/about.php' not found or unable to stat
[Sun Feb 15 00:47:11.776098 2026] [php:error] [pid 67083] [client 20.219.8.79:0] script '/domains/markrose/randkeyword.php' not found or unable to stat
[Sun Feb 15 00:47:13.180842 2026] [php:error] [pid 67083] [client 20.219.8.79:0] script '/domains/markrose/goods.php' not found or unable to stat
[Sun Feb 15 00:47:13.396564 2026] [php:error] [pid 67083] [client 20.219.8.79:0] script '/domains/markrose/hehe.php' not found or unable to stat
[Sun Feb 15 00:47:13.619067 2026] [php:error] [pid 67083] [client 20.219.8.79:0] script '/domains/markrose/user.php' not found or unable to stat
[Sun Feb 15 00:47:13.846807 2026] [php:error] [pid 67083] [client 20.219.8.79:0] script '/domains/markrose/wp-2019.php' not found or unable to stat
[Sun Feb 15 00:47:14.076664 2026] [php:error] [pid 67083] [client 20.219.8.79:0] script '/domains/markrose/chosen.php' not found or unable to stat
[Sun Feb 15 00:47:15.745377 2026] [php:error] [pid 67083] [client 20.219.8.79:0] script '/domains/markrose/functions.php' not found or unable to stat
[Sun Feb 15 00:47:16.998677 2026] [php:error] [pid 67083] [client 20.219.8.79:0] script '/domains/markrose/cron.php' not found or unable to stat
[Sun Feb 15 00:47:17.712830 2026] [php:error] [pid 67083] [client 20.219.8.79:0] script '/domains/markrose/edit.php' not found or unable to stat
[Sun Feb 15 00:47:18.102373 2026] [php:error] [pid 72748] [client 86.135.28.37:0] script '/domains/deltaele/about.php' not found or unable to stat
[Sun Feb 15 00:47:18.339253 2026] [php:error] [pid 67083] [client 20.219.8.79:0] script '/domains/markrose/gecko-new.php' not found or unable to stat
[Sun Feb 15 00:47:18.483298 2026] [php:error] [pid 72744] [client 86.135.28.37:0] script '/domains/deltaele/contact.php' not found or unable to stat
[Sun Feb 15 00:47:18.839685 2026] [php:error] [pid 72750] [client 86.135.28.37:0] script '/domains/deltaele/privacy.php' not found or unable to stat
[Sun Feb 15 00:47:18.987658 2026] [php:error] [pid 67083] [client 20.219.8.79:0] script '/domains/markrose/cookie.php' not found or unable to stat
[Sun Feb 15 00:47:19.709345 2026] [php:error] [pid 67083] [client 20.219.8.79:0] script '/domains/markrose/xleet.php' not found or unable to stat
[Sun Feb 15 00:47:20.345097 2026] [php:error] [pid 67083] [client 20.219.8.79:0] script '/domains/markrose/spip.php' not found or unable to stat
[Sun Feb 15 00:47:21.026128 2026] [php:error] [pid 67083] [client 20.219.8.79:0] script '/domains/markrose/22.php' not found or unable to stat
[Sun Feb 15 00:47:21.616464 2026] [php:error] [pid 67083] [client 20.219.8.79:0] script '/domains/markrose/room.php' not found or unable to stat
[Sun Feb 15 00:47:22.304294 2026] [php:error] [pid 67083] [client 20.219.8.79:0] script '/domains/markrose/disagreed.php' not found or unable to stat
[Sun Feb 15 00:47:22.944932 2026] [php:error] [pid 67083] [client 20.219.8.79:0] script '/domains/markrose/text.php' not found or unable to stat
[Sun Feb 15 00:47:23.588702 2026] [php:error] [pid 67083] [client 20.219.8.79:0] script '/domains/markrose/alfa-rex.php' not found or unable to stat
[Sun Feb 15 00:47:24.463449 2026] [php:error] [pid 67083] [client 20.219.8.79:0] script '/domains/markrose/feeds.php' not found or unable to stat
[Sun Feb 15 00:47:25.350895 2026] [php:error] [pid 67083] [client 20.219.8.79:0] script '/domains/markrose/radio.php' not found or unable to stat
[Sun Feb 15 00:47:26.740312 2026] [php:error] [pid 67083] [client 20.219.8.79:0] script '/domains/markrose/dropdown.php' not found or unable to stat
[Sun Feb 15 00:47:28.310295 2026] [php:error] [pid 67083] [client 20.219.8.79:0] script '/domains/markrose/defaults.php' not found or unable to stat
[Sun Feb 15 00:47:29.963702 2026] [php:error] [pid 67083] [client 20.219.8.79:0] script '/domains/markrose/system.php' not found or unable to stat
[Sun Feb 15 00:47:30.703919 2026] [authz_core:error] [pid 72750] [client 139.135.44.90:0] AH01630: client denied by server configuration: /boaform
[Sun Feb 15 00:47:31.536011 2026] [php:error] [pid 67083] [client 20.219.8.79:0] script '/domains/markrose/xmlrpc.php' not found or unable to stat
[Sun Feb 15 00:47:33.007411 2026] [php:error] [pid 67083] [client 20.219.8.79:0] script '/domains/markrose/colors.php' not found or unable to stat
[Sun Feb 15 00:47:33.230191 2026] [php:error] [pid 67083] [client 20.219.8.79:0] script '/domains/markrose/updates.php' not found or unable to stat
[Sun Feb 15 00:47:34.753718 2026] [php:error] [pid 67083] [client 20.219.8.79:0] script '/domains/markrose/alfa-rex1.php' not found or unable to stat
[Sun Feb 15 00:47:36.366218 2026] [php:error] [pid 67083] [client 20.219.8.79:0] script '/domains/markrose/wp-index.php' not found or unable to stat
[Sun Feb 15 00:47:36.603060 2026] [php:error] [pid 67083] [client 20.219.8.79:0] script '/domains/markrose/wp-admin.php' not found or unable to stat
[Sun Feb 15 00:47:37.930569 2026] [php:error] [pid 67083] [client 20.219.8.79:0] script '/domains/markrose/alfa.php' not found or unable to stat
[Sun Feb 15 00:47:38.907924 2026] [php:error] [pid 67083] [client 20.219.8.79:0] script '/domains/markrose/locale.php' not found or unable to stat
[Sun Feb 15 00:47:39.994628 2026] [php:error] [pid 67083] [client 20.219.8.79:0] script '/domains/markrose/wxo.php' not found or unable to stat
[Sun Feb 15 00:47:40.220956 2026] [php:error] [pid 67083] [client 20.219.8.79:0] script '/domains/markrose/colour.php' not found or unable to stat
[Sun Feb 15 00:47:41.801176 2026] [php:error] [pid 67083] [client 20.219.8.79:0] script '/domains/markrose/files.php' not found or unable to stat
[Sun Feb 15 00:47:43.232723 2026] [php:error] [pid 67083] [client 20.219.8.79:0] script '/domains/markrose/install.php' not found or unable to stat
[Sun Feb 15 00:47:43.453169 2026] [php:error] [pid 67083] [client 20.219.8.79:0] script '/domains/markrose/wp-contentt.php' not found or unable to stat
[Sun Feb 15 00:47:44.388991 2026] [php:error] [pid 67083] [client 20.219.8.79:0] script '/domains/markrose/config.php' not found or unable to stat
[Sun Feb 15 00:47:44.602970 2026] [php:error] [pid 67083] [client 20.219.8.79:0] script '/domains/markrose/theme.php' not found or unable to stat
[Sun Feb 15 00:47:45.530221 2026] [php:error] [pid 67083] [client 20.219.8.79:0] script '/domains/markrose/block-bindings.php' not found or unable to stat
[Sun Feb 15 00:47:46.366203 2026] [php:error] [pid 67083] [client 20.219.8.79:0] script '/domains/markrose/class_api.php' not found or unable to stat
[Sun Feb 15 00:47:46.606916 2026] [php:error] [pid 67083] [client 20.219.8.79:0] script '/domains/markrose/inputs.php' not found or unable to stat
[Sun Feb 15 00:47:46.814953 2026] [php:error] [pid 67083] [client 20.219.8.79:0] script '/domains/markrose/root.php' not found or unable to stat
[Sun Feb 15 00:47:47.023683 2026] [php:error] [pid 67083] [client 20.219.8.79:0] script '/domains/markrose/menu.php' not found or unable to stat
[Sun Feb 15 00:47:48.346240 2026] [php:error] [pid 67083] [client 20.219.8.79:0] script '/domains/markrose/plugin.php' not found or unable to stat
[Sun Feb 15 00:47:49.063050 2026] [php:error] [pid 67083] [client 20.219.8.79:0] script '/domains/markrose/cloud.php' not found or unable to stat
[Sun Feb 15 00:47:49.601987 2026] [php:error] [pid 67083] [client 20.219.8.79:0] script '/domains/markrose/configs.php' not found or unable to stat
[Sun Feb 15 00:47:50.214430 2026] [php:error] [pid 67083] [client 20.219.8.79:0] script '/domains/markrose/wp-configs.php' not found or unable to stat
[Sun Feb 15 00:47:50.983031 2026] [php:error] [pid 67083] [client 20.219.8.79:0] script '/domains/markrose/update.php' not found or unable to stat
[Sun Feb 15 00:47:51.520801 2026] [php:error] [pid 72758] [client 62.60.130.210:0] script '/domains/smartny/wp-login.php' not found or unable to stat, referer: https://www.bing.com/
[Sun Feb 15 00:47:51.956054 2026] [php:error] [pid 67083] [client 20.219.8.79:0] script '/domains/markrose/2.php' not found or unable to stat
[Sun Feb 15 00:47:52.102208 2026] [php:error] [pid 72758] [client 62.60.130.210:0] script '/domains/smartny/wp-login.php' not found or unable to stat
[Sun Feb 15 00:47:52.746356 2026] [php:error] [pid 67083] [client 20.219.8.79:0] script '/domains/markrose/input.php' not found or unable to stat
[Sun Feb 15 00:47:53.390659 2026] [php:error] [pid 67083] [client 20.219.8.79:0] script '/domains/markrose/aaa.php' not found or unable to stat
[Sun Feb 15 00:48:24.486137 2026] [php:error] [pid 72761] [client 37.60.141.252:0] script '/domains/astrosfm/wp-login.php' not found or unable to stat
[Sun Feb 15 00:49:16.655267 2026] [php:error] [pid 72757] [client 20.212.84.24:0] script '/domains/perless2web/WSO.php' not found or unable to stat
[Sun Feb 15 00:49:38.136213 2026] [php:error] [pid 72757] [client 20.212.84.24:0] script '/domains/perless2web/goods.php' not found or unable to stat
[Sun Feb 15 00:49:44.557232 2026] [php:error] [pid 72757] [client 20.212.84.24:0] script '/domains/perless2web/edit.php' not found or unable to stat
[Sun Feb 15 00:49:44.828640 2026] [php:error] [pid 72757] [client 20.212.84.24:0] script '/domains/perless2web/file5.php' not found or unable to stat
[Sun Feb 15 00:49:49.147779 2026] [php:error] [pid 72757] [client 20.212.84.24:0] script '/domains/perless2web/aa.php' not found or unable to stat
[Sun Feb 15 00:49:56.365615 2026] [php:error] [pid 72757] [client 20.212.84.24:0] script '/domains/perless2web/autoload_classmap.php' not found or unable to stat
[Sun Feb 15 00:49:59.293203 2026] [core:crit] [pid 72736] (13)Permission denied: [client 114.119.133.30:0] AH00529: /domains/performancepartsinc/graphics/psd/.htaccess pcfg_openfile: unable to check htaccess file, ensure it is readable and that '/domains/performancepartsinc/graphics/psd/' is executable, referer: http://www.performancepartsinc.com/graphics/psd/q.php?%2Fi-wanna-hook-up-with-my-teacher%2F
[Sun Feb 15 00:50:02.503626 2026] [php:error] [pid 72759] [client 20.219.8.79:0] script '/domains/hpveweb/WSO.php' not found or unable to stat
[Sun Feb 15 00:50:16.383747 2026] [php:error] [pid 72757] [client 20.212.84.24:0] script '/domains/perless2web/file.php' not found or unable to stat
[Sun Feb 15 00:50:18.239817 2026] [php:error] [pid 72759] [client 20.219.8.79:0] script '/domains/hpveweb/goods.php' not found or unable to stat
[Sun Feb 15 00:50:21.928391 2026] [php:error] [pid 72759] [client 20.219.8.79:0] script '/domains/hpveweb/edit.php' not found or unable to stat
[Sun Feb 15 00:50:22.759468 2026] [php:error] [pid 72757] [client 20.212.84.24:0] script '/domains/perless2web/inputs.php' not found or unable to stat
[Sun Feb 15 00:50:22.843911 2026] [php:error] [pid 72759] [client 20.219.8.79:0] script '/domains/hpveweb/file5.php' not found or unable to stat
[Sun Feb 15 00:50:23.506176 2026] [php:error] [pid 72757] [client 20.212.84.24:0] script '/domains/perless2web/1.php' not found or unable to stat
[Sun Feb 15 00:50:26.109970 2026] [php:error] [pid 72759] [client 20.219.8.79:0] script '/domains/hpveweb/aa.php' not found or unable to stat
[Sun Feb 15 00:50:29.758732 2026] [php:error] [pid 72759] [client 20.219.8.79:0] script '/domains/hpveweb/autoload_classmap.php' not found or unable to stat
[Sun Feb 15 00:50:38.182499 2026] [php:error] [pid 72759] [client 20.219.8.79:0] script '/domains/hpveweb/file.php' not found or unable to stat
[Sun Feb 15 00:50:41.542382 2026] [php:error] [pid 72759] [client 20.219.8.79:0] script '/domains/hpveweb/inputs.php' not found or unable to stat
[Sun Feb 15 00:50:43.130460 2026] [php:error] [pid 72759] [client 20.219.8.79:0] script '/domains/hpveweb/1.php' not found or unable to stat
[Sun Feb 15 00:50:45.429733 2026] [php:error] [pid 72757] [client 20.212.84.24:0] script '/domains/perless2web/flower.php' not found or unable to stat
[Sun Feb 15 00:50:54.741800 2026] [php:error] [pid 72759] [client 20.219.8.79:0] script '/domains/hpveweb/flower.php' not found or unable to stat
[Sun Feb 15 00:50:59.432678 2026] [php:error] [pid 72774] [client 40.69.66.178:0] script '/domains/rainho/a4.php' not found or unable to stat
[Sun Feb 15 00:50:59.505101 2026] [php:error] [pid 72774] [client 40.69.66.178:0] script '/domains/rainho/fff.php' not found or unable to stat
[Sun Feb 15 00:50:59.577050 2026] [php:error] [pid 72774] [client 40.69.66.178:0] script '/domains/rainho/acfdr.php' not found or unable to stat
[Sun Feb 15 00:50:59.648985 2026] [php:error] [pid 72774] [client 40.69.66.178:0] script '/domains/rainho/88.php' not found or unable to stat
[Sun Feb 15 00:50:59.866393 2026] [php:error] [pid 72774] [client 40.69.66.178:0] script '/domains/rainho/lp6.php' not found or unable to stat
[Sun Feb 15 00:50:59.938624 2026] [php:error] [pid 72774] [client 40.69.66.178:0] script '/domains/rainho/mjq.php' not found or unable to stat
[Sun Feb 15 00:51:00.011144 2026] [php:error] [pid 72774] [client 40.69.66.178:0] script '/domains/rainho/wp-k3w6g9s4h2.php' not found or unable to stat
[Sun Feb 15 00:51:00.084411 2026] [php:error] [pid 72774] [client 40.69.66.178:0] script '/domains/rainho/we.php' not found or unable to stat
[Sun Feb 15 00:51:00.156781 2026] [php:error] [pid 72774] [client 40.69.66.178:0] script '/domains/rainho/bjfl.php' not found or unable to stat
[Sun Feb 15 00:51:00.228775 2026] [php:error] [pid 72774] [client 40.69.66.178:0] script '/domains/rainho/init.php' not found or unable to stat
[Sun Feb 15 00:51:00.300776 2026] [php:error] [pid 72774] [client 40.69.66.178:0] script '/domains/rainho/co.php' not found or unable to stat
[Sun Feb 15 00:51:00.372727 2026] [php:error] [pid 72774] [client 40.69.66.178:0] script '/domains/rainho/themes.php' not found or unable to stat
[Sun Feb 15 00:51:00.444840 2026] [php:error] [pid 72774] [client 40.69.66.178:0] script '/domains/rainho/xy.php' not found or unable to stat
[Sun Feb 15 00:51:00.517006 2026] [php:error] [pid 72774] [client 40.69.66.178:0] script '/domains/rainho/yooldisk.php' not found or unable to stat
[Sun Feb 15 00:51:00.589856 2026] [php:error] [pid 72774] [client 40.69.66.178:0] script '/domains/rainho/x7.php' not found or unable to stat
[Sun Feb 15 00:51:00.661835 2026] [php:error] [pid 72774] [client 40.69.66.178:0] script '/domains/rainho/8.php' not found or unable to stat
[Sun Feb 15 00:51:05.515694 2026] [php:error] [pid 72781] [client 20.219.8.79:0] script '/domains/hpveweb/ioxi-o.php' not found or unable to stat
[Sun Feb 15 00:51:06.502189 2026] [php:error] [pid 72781] [client 20.219.8.79:0] script '/domains/hpveweb/radio.php' not found or unable to stat
[Sun Feb 15 00:51:08.885820 2026] [php:error] [pid 72781] [client 20.219.8.79:0] script '/domains/hpveweb/admin.php' not found or unable to stat
[Sun Feb 15 00:51:09.110627 2026] [php:error] [pid 72781] [client 20.219.8.79:0] script '/domains/hpveweb/functions.php' not found or unable to stat
[Sun Feb 15 00:51:11.991075 2026] [php:error] [pid 72781] [client 20.219.8.79:0] script '/domains/hpveweb/autoload_classmap.php' not found or unable to stat
[Sun Feb 15 00:51:13.001138 2026] [php:error] [pid 72781] [client 20.219.8.79:0] script '/domains/hpveweb/post.php' not found or unable to stat
[Sun Feb 15 00:51:13.515942 2026] [php:error] [pid 72781] [client 20.219.8.79:0] script '/domains/hpveweb/1.php' not found or unable to stat
[Sun Feb 15 00:51:14.049156 2026] [php:error] [pid 72782] [client 20.212.84.24:0] script '/domains/perless2web/ioxi-o.php' not found or unable to stat
[Sun Feb 15 00:51:14.179277 2026] [php:error] [pid 72781] [client 20.219.8.79:0] script '/domains/hpveweb/flower.php' not found or unable to stat
[Sun Feb 15 00:51:14.315986 2026] [php:error] [pid 72782] [client 20.212.84.24:0] script '/domains/perless2web/radio.php' not found or unable to stat
[Sun Feb 15 00:51:14.763472 2026] [php:error] [pid 72781] [client 20.219.8.79:0] script '/domains/hpveweb/admin.php' not found or unable to stat
[Sun Feb 15 00:51:15.389301 2026] [php:error] [pid 72781] [client 20.219.8.79:0] script '/domains/hpveweb/file.php' not found or unable to stat
[Sun Feb 15 00:51:16.031455 2026] [php:error] [pid 72781] [client 20.219.8.79:0] script '/domains/hpveweb/meta.php' not found or unable to stat
[Sun Feb 15 00:51:16.606918 2026] [php:error] [pid 72781] [client 20.219.8.79:0] script '/domains/hpveweb/index.php' not found or unable to stat
[Sun Feb 15 00:51:16.824357 2026] [php:error] [pid 72781] [client 20.219.8.79:0] script '/domains/hpveweb/abcd.php' not found or unable to stat
[Sun Feb 15 00:51:17.363498 2026] [php:error] [pid 72781] [client 20.219.8.79:0] script '/domains/hpveweb/about.php' not found or unable to stat
[Sun Feb 15 00:51:17.915007 2026] [php:error] [pid 72781] [client 20.219.8.79:0] script '/domains/hpveweb/randkeyword.php' not found or unable to stat
[Sun Feb 15 00:51:18.453841 2026] [php:error] [pid 72781] [client 20.219.8.79:0] script '/domains/hpveweb/goods.php' not found or unable to stat
[Sun Feb 15 00:51:18.836533 2026] [php:error] [pid 72782] [client 20.212.84.24:0] script '/domains/perless2web/admin.php' not found or unable to stat
[Sun Feb 15 00:51:18.883249 2026] [php:error] [pid 72781] [client 20.219.8.79:0] script '/domains/hpveweb/hehe.php' not found or unable to stat
[Sun Feb 15 00:51:19.448013 2026] [php:error] [pid 72781] [client 20.219.8.79:0] script '/domains/hpveweb/user.php' not found or unable to stat
[Sun Feb 15 00:51:20.012032 2026] [php:error] [pid 72781] [client 20.219.8.79:0] script '/domains/hpveweb/wp-2019.php' not found or unable to stat
[Sun Feb 15 00:51:20.538144 2026] [php:error] [pid 72781] [client 20.219.8.79:0] script '/domains/hpveweb/chosen.php' not found or unable to stat
[Sun Feb 15 00:51:20.974571 2026] [php:error] [pid 72781] [client 20.219.8.79:0] script '/domains/hpveweb/functions.php' not found or unable to stat
[Sun Feb 15 00:51:20.987533 2026] [php:error] [pid 72782] [client 20.212.84.24:0] script '/domains/perless2web/functions.php' not found or unable to stat
[Sun Feb 15 00:51:21.638070 2026] [php:error] [pid 72781] [client 20.219.8.79:0] script '/domains/hpveweb/cron.php' not found or unable to stat
[Sun Feb 15 00:51:22.288090 2026] [php:error] [pid 72781] [client 20.219.8.79:0] script '/domains/hpveweb/edit.php' not found or unable to stat
[Sun Feb 15 00:51:22.909096 2026] [php:error] [pid 72781] [client 20.219.8.79:0] script '/domains/hpveweb/gecko-new.php' not found or unable to stat
[Sun Feb 15 00:51:23.534502 2026] [php:error] [pid 72781] [client 20.219.8.79:0] script '/domains/hpveweb/cookie.php' not found or unable to stat
[Sun Feb 15 00:51:23.947289 2026] [php:error] [pid 72781] [client 20.219.8.79:0] script '/domains/hpveweb/xleet.php' not found or unable to stat
[Sun Feb 15 00:51:24.490951 2026] [php:error] [pid 72781] [client 20.219.8.79:0] script '/domains/hpveweb/spip.php' not found or unable to stat
[Sun Feb 15 00:51:25.155880 2026] [php:error] [pid 72781] [client 20.219.8.79:0] script '/domains/hpveweb/22.php' not found or unable to stat
[Sun Feb 15 00:51:25.551362 2026] [php:error] [pid 72782] [client 20.212.84.24:0] script '/domains/perless2web/autoload_classmap.php' not found or unable to stat
[Sun Feb 15 00:51:25.793378 2026] [php:error] [pid 72782] [client 20.212.84.24:0] script '/domains/perless2web/post.php' not found or unable to stat
[Sun Feb 15 00:51:26.587989 2026] [php:error] [pid 72781] [client 20.219.8.79:0] script '/domains/hpveweb/room.php' not found or unable to stat
[Sun Feb 15 00:51:27.449142 2026] [php:error] [pid 72781] [client 20.219.8.79:0] script '/domains/hpveweb/disagreed.php' not found or unable to stat
[Sun Feb 15 00:51:27.841064 2026] [php:error] [pid 72782] [client 20.212.84.24:0] script '/domains/perless2web/1.php' not found or unable to stat
[Sun Feb 15 00:51:27.976758 2026] [php:error] [pid 72781] [client 20.219.8.79:0] script '/domains/hpveweb/text.php' not found or unable to stat
[Sun Feb 15 00:51:28.072889 2026] [php:error] [pid 72782] [client 20.212.84.24:0] script '/domains/perless2web/flower.php' not found or unable to stat
[Sun Feb 15 00:51:28.534484 2026] [php:error] [pid 72781] [client 20.219.8.79:0] script '/domains/hpveweb/alfa-rex.php' not found or unable to stat
[Sun Feb 15 00:51:29.693246 2026] [php:error] [pid 72782] [client 20.212.84.24:0] script '/domains/perless2web/admin.php' not found or unable to stat
[Sun Feb 15 00:51:29.928974 2026] [php:error] [pid 72782] [client 20.212.84.24:0] script '/domains/perless2web/file.php' not found or unable to stat
[Sun Feb 15 00:51:30.410376 2026] [php:error] [pid 72781] [client 20.219.8.79:0] script '/domains/hpveweb/feeds.php' not found or unable to stat
[Sun Feb 15 00:51:31.129025 2026] [php:error] [pid 72781] [client 20.219.8.79:0] script '/domains/hpveweb/radio.php' not found or unable to stat
[Sun Feb 15 00:51:31.353319 2026] [php:error] [pid 72781] [client 20.219.8.79:0] script '/domains/hpveweb/dropdown.php' not found or unable to stat
[Sun Feb 15 00:51:31.493456 2026] [php:error] [pid 72782] [client 20.212.84.24:0] script '/domains/perless2web/meta.php' not found or unable to stat
[Sun Feb 15 00:51:32.773808 2026] [php:error] [pid 72781] [client 20.219.8.79:0] script '/domains/hpveweb/defaults.php' not found or unable to stat
[Sun Feb 15 00:51:32.989264 2026] [php:error] [pid 72781] [client 20.219.8.79:0] script '/domains/hpveweb/system.php' not found or unable to stat
[Sun Feb 15 00:51:33.114780 2026] [php:error] [pid 72782] [client 20.212.84.24:0] script '/domains/perless2web/index.php' not found or unable to stat
[Sun Feb 15 00:51:34.248216 2026] [php:error] [pid 72781] [client 20.219.8.79:0] script '/domains/hpveweb/xmlrpc.php' not found or unable to stat
[Sun Feb 15 00:51:34.809845 2026] [php:error] [pid 72782] [client 20.212.84.24:0] script '/domains/perless2web/abcd.php' not found or unable to stat
[Sun Feb 15 00:51:35.043234 2026] [php:error] [pid 72782] [client 20.212.84.24:0] script '/domains/perless2web/about.php' not found or unable to stat
[Sun Feb 15 00:51:35.278556 2026] [php:error] [pid 72782] [client 20.212.84.24:0] script '/domains/perless2web/randkeyword.php' not found or unable to stat
[Sun Feb 15 00:51:35.938945 2026] [php:error] [pid 72781] [client 20.219.8.79:0] script '/domains/hpveweb/colors.php' not found or unable to stat
[Sun Feb 15 00:51:36.134046 2026] [php:error] [pid 72782] [client 20.212.84.24:0] script '/domains/perless2web/goods.php' not found or unable to stat
[Sun Feb 15 00:51:37.206679 2026] [php:error] [pid 72781] [client 20.219.8.79:0] script '/domains/hpveweb/updates.php' not found or unable to stat
[Sun Feb 15 00:51:37.516931 2026] [php:error] [pid 72782] [client 20.212.84.24:0] script '/domains/perless2web/hehe.php' not found or unable to stat
[Sun Feb 15 00:51:38.087962 2026] [php:error] [pid 72782] [client 20.212.84.24:0] script '/domains/perless2web/user.php' not found or unable to stat
[Sun Feb 15 00:51:38.134304 2026] [php:error] [pid 72781] [client 20.219.8.79:0] script '/domains/hpveweb/alfa-rex1.php' not found or unable to stat
[Sun Feb 15 00:51:38.726247 2026] [php:error] [pid 72781] [client 20.219.8.79:0] script '/domains/hpveweb/wp-index.php' not found or unable to stat
[Sun Feb 15 00:51:39.306085 2026] [php:error] [pid 72781] [client 20.219.8.79:0] script '/domains/hpveweb/wp-admin.php' not found or unable to stat
[Sun Feb 15 00:51:39.467835 2026] [php:error] [pid 72782] [client 20.212.84.24:0] script '/domains/perless2web/wp-2019.php' not found or unable to stat
[Sun Feb 15 00:51:39.846993 2026] [php:error] [pid 72781] [client 20.219.8.79:0] script '/domains/hpveweb/alfa.php' not found or unable to stat
[Sun Feb 15 00:51:41.128631 2026] [php:error] [pid 72782] [client 20.212.84.24:0] script '/domains/perless2web/chosen.php' not found or unable to stat
[Sun Feb 15 00:51:41.132120 2026] [php:error] [pid 72781] [client 20.219.8.79:0] script '/domains/hpveweb/locale.php' not found or unable to stat
[Sun Feb 15 00:51:41.371063 2026] [php:error] [pid 72782] [client 20.212.84.24:0] script '/domains/perless2web/functions.php' not found or unable to stat
[Sun Feb 15 00:51:41.617053 2026] [php:error] [pid 72781] [client 20.219.8.79:0] script '/domains/hpveweb/wxo.php' not found or unable to stat
[Sun Feb 15 00:51:42.174218 2026] [php:error] [pid 72781] [client 20.219.8.79:0] script '/domains/hpveweb/colour.php' not found or unable to stat
[Sun Feb 15 00:51:42.253903 2026] [php:error] [pid 72786] [client 4.188.251.0:0] script '/domains/system_default/kla.php' not found or unable to stat
[Sun Feb 15 00:51:42.659694 2026] [php:error] [pid 72786] [client 4.188.251.0:0] script '/domains/system_default/xxw.php' not found or unable to stat
[Sun Feb 15 00:51:42.716455 2026] [php:error] [pid 72781] [client 20.219.8.79:0] script '/domains/hpveweb/files.php' not found or unable to stat
[Sun Feb 15 00:51:42.833236 2026] [php:error] [pid 72782] [client 20.212.84.24:0] script '/domains/perless2web/cron.php' not found or unable to stat
[Sun Feb 15 00:51:42.854400 2026] [php:error] [pid 72786] [client 4.188.251.0:0] script '/domains/system_default/bureaucrats.php' not found or unable to stat
[Sun Feb 15 00:51:43.049308 2026] [php:error] [pid 72786] [client 4.188.251.0:0] script '/domains/system_default/yrmeu.php' not found or unable to stat
[Sun Feb 15 00:51:43.244275 2026] [php:error] [pid 72786] [client 4.188.251.0:0] script '/domains/system_default/logs.php' not found or unable to stat
[Sun Feb 15 00:51:43.439270 2026] [php:error] [pid 72786] [client 4.188.251.0:0] script '/domains/system_default/ai.php' not found or unable to stat
[Sun Feb 15 00:51:43.637888 2026] [php:error] [pid 72786] [client 4.188.251.0:0] script '/domains/system_default/inclusively.php' not found or unable to stat
[Sun Feb 15 00:51:43.661811 2026] [php:error] [pid 72781] [client 20.219.8.79:0] script '/domains/hpveweb/install.php' not found or unable to stat
[Sun Feb 15 00:51:43.841025 2026] [php:error] [pid 72786] [client 4.188.251.0:0] script '/domains/system_default/jga.php' not found or unable to stat
[Sun Feb 15 00:51:44.036133 2026] [php:error] [pid 72786] [client 4.188.251.0:0] script '/domains/system_default/invisi.php' not found or unable to stat
[Sun Feb 15 00:51:44.234996 2026] [php:error] [pid 72786] [client 4.188.251.0:0] script '/domains/system_default/xr.php' not found or unable to stat
[Sun Feb 15 00:51:44.239016 2026] [php:error] [pid 72781] [client 20.219.8.79:0] script '/domains/hpveweb/wp-contentt.php' not found or unable to stat
[Sun Feb 15 00:51:44.430181 2026] [php:error] [pid 72786] [client 4.188.251.0:0] script '/domains/system_default/ff.php' not found or unable to stat
[Sun Feb 15 00:51:44.634438 2026] [php:error] [pid 72786] [client 4.188.251.0:0] script '/domains/system_default/8.php' not found or unable to stat
[Sun Feb 15 00:51:44.665986 2026] [php:error] [pid 72782] [client 20.212.84.24:0] script '/domains/perless2web/edit.php' not found or unable to stat
[Sun Feb 15 00:51:44.829316 2026] [php:error] [pid 72786] [client 4.188.251.0:0] script '/domains/system_default/admin-footer.php' not found or unable to stat
[Sun Feb 15 00:51:45.024272 2026] [php:error] [pid 72786] [client 4.188.251.0:0] script '/domains/system_default/bolaf.php' not found or unable to stat
[Sun Feb 15 00:51:45.225886 2026] [php:error] [pid 72786] [client 4.188.251.0:0] script '/domains/system_default/knightly.php' not found or unable to stat
[Sun Feb 15 00:51:45.271323 2026] [php:error] [pid 72781] [client 20.219.8.79:0] script '/domains/hpveweb/config.php' not found or unable to stat
[Sun Feb 15 00:51:45.425519 2026] [php:error] [pid 72786] [client 4.188.251.0:0] script '/domains/system_default/cap.php' not found or unable to stat
[Sun Feb 15 00:51:45.624512 2026] [php:error] [pid 72786] [client 4.188.251.0:0] script '/domains/system_default/callback.php' not found or unable to stat
[Sun Feb 15 00:51:45.819606 2026] [php:error] [pid 72786] [client 4.188.251.0:0] script '/domains/system_default/knme.php' not found or unable to stat
[Sun Feb 15 00:51:45.838206 2026] [php:error] [pid 72781] [client 20.219.8.79:0] script '/domains/hpveweb/theme.php' not found or unable to stat
[Sun Feb 15 00:51:46.014717 2026] [php:error] [pid 72786] [client 4.188.251.0:0] script '/domains/system_default/bgwnfsal.php' not found or unable to stat
[Sun Feb 15 00:51:46.209775 2026] [php:error] [pid 72786] [client 4.188.251.0:0] script '/domains/system_default/aboutc.php' not found or unable to stat
[Sun Feb 15 00:51:46.385802 2026] [php:error] [pid 72781] [client 20.219.8.79:0] script '/domains/hpveweb/block-bindings.php' not found or unable to stat
[Sun Feb 15 00:51:46.386626 2026] [php:error] [pid 72782] [client 20.212.84.24:0] script '/domains/perless2web/gecko-new.php' not found or unable to stat
[Sun Feb 15 00:51:46.423475 2026] [php:error] [pid 72786] [client 4.188.251.0:0] script '/domains/system_default/lcyhl.php' not found or unable to stat
[Sun Feb 15 00:51:46.626724 2026] [php:error] [pid 72786] [client 4.188.251.0:0] script '/domains/system_default/ZeLXoo.php' not found or unable to stat
[Sun Feb 15 00:51:46.636772 2026] [php:error] [pid 72782] [client 20.212.84.24:0] script '/domains/perless2web/cookie.php' not found or unable to stat
[Sun Feb 15 00:51:46.830117 2026] [php:error] [pid 72786] [client 4.188.251.0:0] script '/domains/system_default/auujk.php' not found or unable to stat
[Sun Feb 15 00:51:46.894278 2026] [php:error] [pid 72782] [client 20.212.84.24:0] script '/domains/perless2web/xleet.php' not found or unable to stat
[Sun Feb 15 00:51:46.919719 2026] [php:error] [pid 72781] [client 20.219.8.79:0] script '/domains/hpveweb/class_api.php' not found or unable to stat
[Sun Feb 15 00:51:47.025834 2026] [php:error] [pid 72786] [client 4.188.251.0:0] script '/domains/system_default/borax.php' not found or unable to stat
[Sun Feb 15 00:51:47.145791 2026] [php:error] [pid 72782] [client 20.212.84.24:0] script '/domains/perless2web/spip.php' not found or unable to stat
[Sun Feb 15 00:51:47.226811 2026] [php:error] [pid 72786] [client 4.188.251.0:0] script '/domains/system_default/hidedz.php' not found or unable to stat
[Sun Feb 15 00:51:47.433564 2026] [php:error] [pid 72786] [client 4.188.251.0:0] script '/domains/system_default/likmt.php' not found or unable to stat
[Sun Feb 15 00:51:47.568453 2026] [php:error] [pid 72781] [client 20.219.8.79:0] script '/domains/hpveweb/inputs.php' not found or unable to stat
[Sun Feb 15 00:51:47.628403 2026] [php:error] [pid 72786] [client 4.188.251.0:0] script '/domains/system_default/55.php' not found or unable to stat
[Sun Feb 15 00:51:47.832280 2026] [php:error] [pid 72786] [client 4.188.251.0:0] script '/domains/system_default/RIP.php' not found or unable to stat
[Sun Feb 15 00:51:48.035367 2026] [php:error] [pid 72786] [client 4.188.251.0:0] script '/domains/system_default/x3x.php' not found or unable to stat
[Sun Feb 15 00:51:48.100703 2026] [php:error] [pid 72781] [client 20.219.8.79:0] script '/domains/hpveweb/root.php' not found or unable to stat
[Sun Feb 15 00:51:48.230503 2026] [php:error] [pid 72786] [client 4.188.251.0:0] script '/domains/system_default/wgift2.php' not found or unable to stat
[Sun Feb 15 00:51:48.425484 2026] [php:error] [pid 72786] [client 4.188.251.0:0] script '/domains/system_default/cwclass.php' not found or unable to stat
[Sun Feb 15 00:51:48.620453 2026] [php:error] [pid 72786] [client 4.188.251.0:0] script '/domains/system_default/Knoxville.php' not found or unable to stat
[Sun Feb 15 00:51:48.659380 2026] [php:error] [pid 72781] [client 20.219.8.79:0] script '/domains/hpveweb/menu.php' not found or unable to stat
[Sun Feb 15 00:51:48.692087 2026] [php:error] [pid 72782] [client 20.212.84.24:0] script '/domains/perless2web/22.php' not found or unable to stat
[Sun Feb 15 00:51:48.815351 2026] [php:error] [pid 72786] [client 4.188.251.0:0] script '/domains/system_default/fizsb.php' not found or unable to stat
[Sun Feb 15 00:51:48.930137 2026] [php:error] [pid 72782] [client 20.212.84.24:0] script '/domains/perless2web/room.php' not found or unable to stat
[Sun Feb 15 00:51:49.200475 2026] [php:error] [pid 72781] [client 20.219.8.79:0] script '/domains/hpveweb/plugin.php' not found or unable to stat
[Sun Feb 15 00:51:49.210446 2026] [php:error] [pid 72786] [client 4.188.251.0:0] script '/domains/system_default/muzu.php' not found or unable to stat
[Sun Feb 15 00:51:49.419707 2026] [php:error] [pid 72786] [client 4.188.251.0:0] script '/domains/system_default/pomzr.php' not found or unable to stat
[Sun Feb 15 00:51:49.615630 2026] [php:error] [pid 72786] [client 4.188.251.0:0] script '/domains/system_default/assacc.php' not found or unable to stat
[Sun Feb 15 00:51:49.810755 2026] [php:error] [pid 72786] [client 4.188.251.0:0] script '/domains/system_default/momo.php' not found or unable to stat
[Sun Feb 15 00:51:50.014180 2026] [php:error] [pid 72786] [client 4.188.251.0:0] script '/domains/system_default/oke.php' not found or unable to stat
[Sun Feb 15 00:51:50.209157 2026] [php:error] [pid 72786] [client 4.188.251.0:0] script '/domains/system_default/ws67.php' not found or unable to stat
[Sun Feb 15 00:51:50.293540 2026] [php:error] [pid 72781] [client 20.219.8.79:0] script '/domains/hpveweb/cloud.php' not found or unable to stat
[Sun Feb 15 00:51:50.404117 2026] [php:error] [pid 72786] [client 4.188.251.0:0] script '/domains/system_default/wp-Blogs.php' not found or unable to stat
[Sun Feb 15 00:51:50.510126 2026] [php:error] [pid 72782] [client 20.212.84.24:0] script '/domains/perless2web/disagreed.php' not found or unable to stat
[Sun Feb 15 00:51:50.603851 2026] [php:error] [pid 72786] [client 4.188.251.0:0] script '/domains/system_default/ab8.php' not found or unable to stat
[Sun Feb 15 00:51:50.803043 2026] [php:error] [pid 72786] [client 4.188.251.0:0] script '/domains/system_default/tool.php' not found or unable to stat
[Sun Feb 15 00:51:50.939588 2026] [php:error] [pid 72781] [client 20.219.8.79:0] script '/domains/hpveweb/configs.php' not found or unable to stat
[Sun Feb 15 00:51:50.998023 2026] [php:error] [pid 72786] [client 4.188.251.0:0] script '/domains/system_default/curl.php' not found or unable to stat
[Sun Feb 15 00:51:51.203794 2026] [php:error] [pid 72786] [client 4.188.251.0:0] script '/domains/system_default/hg.php' not found or unable to stat
[Sun Feb 15 00:51:51.439377 2026] [php:error] [pid 72786] [client 4.188.251.0:0] script '/domains/system_default/tx64.php' not found or unable to stat
[Sun Feb 15 00:51:51.566418 2026] [php:error] [pid 72781] [client 20.219.8.79:0] script '/domains/hpveweb/wp-configs.php' not found or unable to stat
[Sun Feb 15 00:51:51.647289 2026] [php:error] [pid 72786] [client 4.188.251.0:0] script '/domains/system_default/rip.php' not found or unable to stat
[Sun Feb 15 00:51:51.843195 2026] [php:error] [pid 72786] [client 4.188.251.0:0] script '/domains/system_default/vx.php' not found or unable to stat
[Sun Feb 15 00:51:52.038247 2026] [php:error] [pid 72786] [client 4.188.251.0:0] script '/domains/system_default/japan.php' not found or unable to stat
[Sun Feb 15 00:51:52.171307 2026] [php:error] [pid 72781] [client 20.219.8.79:0] script '/domains/hpveweb/update.php' not found or unable to stat
[Sun Feb 15 00:51:52.227383 2026] [php:error] [pid 72782] [client 20.212.84.24:0] script '/domains/perless2web/text.php' not found or unable to stat
[Sun Feb 15 00:51:52.232906 2026] [php:error] [pid 72786] [client 4.188.251.0:0] script '/domains/system_default/ajax.php' not found or unable to stat
[Sun Feb 15 00:51:52.428004 2026] [php:error] [pid 72786] [client 4.188.251.0:0] script '/domains/system_default/rbvds.php' not found or unable to stat
[Sun Feb 15 00:51:52.622938 2026] [php:error] [pid 72786] [client 4.188.251.0:0] script '/domains/system_default/foundling.php' not found or unable to stat
[Sun Feb 15 00:51:52.797170 2026] [php:error] [pid 72781] [client 20.219.8.79:0] script '/domains/hpveweb/2.php' not found or unable to stat
[Sun Feb 15 00:51:52.817877 2026] [php:error] [pid 72786] [client 4.188.251.0:0] script '/domains/system_default/xper1.php' not found or unable to stat
[Sun Feb 15 00:51:53.019265 2026] [php:error] [pid 72781] [client 20.219.8.79:0] script '/domains/hpveweb/input.php' not found or unable to stat
[Sun Feb 15 00:51:53.020369 2026] [php:error] [pid 72786] [client 4.188.251.0:0] script '/domains/system_default/layout.php' not found or unable to stat
[Sun Feb 15 00:51:53.215121 2026] [php:error] [pid 72786] [client 4.188.251.0:0] script '/domains/system_default/vee.php' not found or unable to stat
[Sun Feb 15 00:51:53.416955 2026] [php:error] [pid 72786] [client 4.188.251.0:0] script '/domains/system_default/jzntz.php' not found or unable to stat
[Sun Feb 15 00:51:53.611865 2026] [php:error] [pid 72786] [client 4.188.251.0:0] script '/domains/system_default/v9.php' not found or unable to stat
[Sun Feb 15 00:51:53.806826 2026] [php:error] [pid 72786] [client 4.188.251.0:0] script '/domains/system_default/ws71.php' not found or unable to stat
[Sun Feb 15 00:51:53.862025 2026] [php:error] [pid 72782] [client 20.212.84.24:0] script '/domains/perless2web/alfa-rex.php' not found or unable to stat
[Sun Feb 15 00:51:54.002187 2026] [php:error] [pid 72786] [client 4.188.251.0:0] script '/domains/system_default/106.php' not found or unable to stat
[Sun Feb 15 00:51:54.202278 2026] [php:error] [pid 72786] [client 4.188.251.0:0] script '/domains/system_default/dunk.php' not found or unable to stat
[Sun Feb 15 00:51:54.259828 2026] [php:error] [pid 72781] [client 20.219.8.79:0] script '/domains/hpveweb/aaa.php' not found or unable to stat
[Sun Feb 15 00:51:54.397910 2026] [php:error] [pid 72786] [client 4.188.251.0:0] script '/domains/system_default/ujuqsqhd.php' not found or unable to stat
[Sun Feb 15 00:51:54.592917 2026] [php:error] [pid 72786] [client 4.188.251.0:0] script '/domains/system_default/geju.php' not found or unable to stat
[Sun Feb 15 00:51:54.788032 2026] [php:error] [pid 72786] [client 4.188.251.0:0] script '/domains/system_default/mtmem.php' not found or unable to stat
[Sun Feb 15 00:51:55.000823 2026] [php:error] [pid 72786] [client 4.188.251.0:0] script '/domains/system_default/reversely.php' not found or unable to stat
[Sun Feb 15 00:51:55.195578 2026] [php:error] [pid 72786] [client 4.188.251.0:0] script '/domains/system_default/lrzkh.php' not found or unable to stat
[Sun Feb 15 00:51:55.390996 2026] [php:error] [pid 72786] [client 4.188.251.0:0] script '/domains/system_default/iopra.php' not found or unable to stat
[Sun Feb 15 00:51:55.590071 2026] [php:error] [pid 72786] [client 4.188.251.0:0] script '/domains/system_default/baidu.php' not found or unable to stat
[Sun Feb 15 00:51:55.749070 2026] [php:error] [pid 72782] [client 20.212.84.24:0] script '/domains/perless2web/feeds.php' not found or unable to stat
[Sun Feb 15 00:51:55.995023 2026] [php:error] [pid 72782] [client 20.212.84.24:0] script '/domains/perless2web/radio.php' not found or unable to stat
[Sun Feb 15 00:51:56.248887 2026] [php:error] [pid 72782] [client 20.212.84.24:0] script '/domains/perless2web/dropdown.php' not found or unable to stat
[Sun Feb 15 00:51:56.505277 2026] [php:error] [pid 72782] [client 20.212.84.24:0] script '/domains/perless2web/defaults.php' not found or unable to stat
[Sun Feb 15 00:51:56.746991 2026] [php:error] [pid 72782] [client 20.212.84.24:0] script '/domains/perless2web/system.php' not found or unable to stat
[Sun Feb 15 00:51:56.995762 2026] [php:error] [pid 72782] [client 20.212.84.24:0] script '/domains/perless2web/xmlrpc.php' not found or unable to stat
[Sun Feb 15 00:51:57.487713 2026] [php:error] [pid 72782] [client 20.212.84.24:0] script '/domains/perless2web/colors.php' not found or unable to stat
[Sun Feb 15 00:51:57.737450 2026] [php:error] [pid 72782] [client 20.212.84.24:0] script '/domains/perless2web/updates.php' not found or unable to stat
[Sun Feb 15 00:52:00.011156 2026] [php:error] [pid 72782] [client 20.212.84.24:0] script '/domains/perless2web/alfa-rex1.php' not found or unable to stat
[Sun Feb 15 00:52:00.261272 2026] [php:error] [pid 72782] [client 20.212.84.24:0] script '/domains/perless2web/wp-index.php' not found or unable to stat
[Sun Feb 15 00:52:01.813954 2026] [php:error] [pid 72782] [client 20.212.84.24:0] script '/domains/perless2web/wp-admin.php' not found or unable to stat
[Sun Feb 15 00:52:03.447790 2026] [php:error] [pid 72782] [client 20.212.84.24:0] script '/domains/perless2web/alfa.php' not found or unable to stat
[Sun Feb 15 00:52:03.932957 2026] [php:error] [pid 72782] [client 20.212.84.24:0] script '/domains/perless2web/locale.php' not found or unable to stat
[Sun Feb 15 00:52:04.173206 2026] [php:error] [pid 72782] [client 20.212.84.24:0] script '/domains/perless2web/wxo.php' not found or unable to stat
[Sun Feb 15 00:52:04.407412 2026] [php:error] [pid 72782] [client 20.212.84.24:0] script '/domains/perless2web/colour.php' not found or unable to stat
[Sun Feb 15 00:52:04.659894 2026] [php:error] [pid 72782] [client 20.212.84.24:0] script '/domains/perless2web/files.php' not found or unable to stat
[Sun Feb 15 00:52:06.326706 2026] [php:error] [pid 72782] [client 20.212.84.24:0] script '/domains/perless2web/install.php' not found or unable to stat
[Sun Feb 15 00:52:06.559295 2026] [php:error] [pid 72782] [client 20.212.84.24:0] script '/domains/perless2web/wp-contentt.php' not found or unable to stat
[Sun Feb 15 00:52:08.316799 2026] [php:error] [pid 72782] [client 20.212.84.24:0] script '/domains/perless2web/config.php' not found or unable to stat
[Sun Feb 15 00:52:08.556453 2026] [php:error] [pid 72782] [client 20.212.84.24:0] script '/domains/perless2web/theme.php' not found or unable to stat
[Sun Feb 15 00:52:08.807775 2026] [php:error] [pid 72782] [client 20.212.84.24:0] script '/domains/perless2web/block-bindings.php' not found or unable to stat
[Sun Feb 15 00:52:10.856725 2026] [php:error] [pid 72782] [client 20.212.84.24:0] script '/domains/perless2web/class_api.php' not found or unable to stat
[Sun Feb 15 00:52:12.432219 2026] [php:error] [pid 72782] [client 20.212.84.24:0] script '/domains/perless2web/inputs.php' not found or unable to stat
[Sun Feb 15 00:52:13.979935 2026] [php:error] [pid 72782] [client 20.212.84.24:0] script '/domains/perless2web/root.php' not found or unable to stat
[Sun Feb 15 00:52:15.805796 2026] [php:error] [pid 72782] [client 20.212.84.24:0] script '/domains/perless2web/menu.php' not found or unable to stat
[Sun Feb 15 00:52:17.765496 2026] [php:error] [pid 72782] [client 20.212.84.24:0] script '/domains/perless2web/plugin.php' not found or unable to stat
[Sun Feb 15 00:52:18.008817 2026] [php:error] [pid 72782] [client 20.212.84.24:0] script '/domains/perless2web/cloud.php' not found or unable to stat
[Sun Feb 15 00:52:19.532247 2026] [php:error] [pid 72782] [client 20.212.84.24:0] script '/domains/perless2web/configs.php' not found or unable to stat
[Sun Feb 15 00:52:19.776981 2026] [php:error] [pid 72782] [client 20.212.84.24:0] script '/domains/perless2web/wp-configs.php' not found or unable to stat
[Sun Feb 15 00:52:21.660628 2026] [php:error] [pid 72782] [client 20.212.84.24:0] script '/domains/perless2web/update.php' not found or unable to stat
[Sun Feb 15 00:52:21.901110 2026] [php:error] [pid 72782] [client 20.212.84.24:0] script '/domains/perless2web/2.php' not found or unable to stat
[Sun Feb 15 00:52:24.018177 2026] [php:error] [pid 72782] [client 20.212.84.24:0] script '/domains/perless2web/input.php' not found or unable to stat
[Sun Feb 15 00:52:25.792520 2026] [php:error] [pid 72782] [client 20.212.84.24:0] script '/domains/perless2web/aaa.php' not found or unable to stat
[Sun Feb 15 00:53:07.377283 2026] [core:crit] [pid 72759] (13)Permission denied: [client 114.119.128.237:0] AH00529: /domains/performancepartsinc/graphics/psd/.htaccess pcfg_openfile: unable to check htaccess file, ensure it is readable and that '/domains/performancepartsinc/graphics/psd/' is executable, referer: http://www.performancepartsinc.com/graphics/psd/q.php?%2F33-man-dating-21-girl%2F
[Sun Feb 15 00:53:14.091868 2026] [php:error] [pid 72795] [client 20.197.60.23:0] script '/domains/system_cancel/about.php' not found or unable to stat
[Sun Feb 15 00:53:14.879353 2026] [php:error] [pid 72795] [client 20.197.60.23:0] script '/domains/system_cancel/xmlrpc.php' not found or unable to stat
[Sun Feb 15 00:53:15.530647 2026] [php:error] [pid 72795] [client 20.197.60.23:0] script '/domains/system_cancel/ioxi-o.php' not found or unable to stat
