Server : Apache/2.4.62 System : FreeBSD fbsdweb2.web.rcn.net 14.1-RELEASE FreeBSD 14.1-RELEASE releng/14.1-n267679-10e31f0946d8 GENERIC amd64 User : www ( 80) PHP Version : 8.3.8 Disable Function : NONE Directory : /domains/highlandlabs/cqi-bin/ALFA_DATA/alfasymlink/root/var/log/httpd/error/ |
Upload File : |
[Sun Feb 15 00:00:03.059582 2026] [php:error] [pid 60912] [client 139.129.50.71:0] script '/domains/awciii/888.php' not found or unable to stat, referer: http://carillon.org/888.php
[Sun Feb 15 00:00:07.069196 2026] [php:error] [pid 60894] [client 154.82.169.41:0] script '/domains/pookie.dnai/wp-login.php' not found or unable to stat, referer: https://kilinski.com/wp-login.php
[Sun Feb 15 00:00:07.741027 2026] [php:error] [pid 60882] [client 156.242.51.36:0] script '/domains/pookie.dnai/wp-login.php' not found or unable to stat, referer: https://kilinski.com/wp-login.php
[Sun Feb 15 00:00:08.411074 2026] [php:error] [pid 60887] [client 154.193.154.128:0] script '/domains/pookie.dnai/wp-login.php' not found or unable to stat, referer: https://kilinski.com/wp-login.php
[Sun Feb 15 00:00:17.563159 2026] [php:error] [pid 60914] [client 185.223.152.201:0] script '/domains/ferguson.interport/simple.php' not found or unable to stat
[Sun Feb 15 00:00:18.027959 2026] [php:error] [pid 60914] [client 185.223.152.201:0] script '/domains/ferguson.interport/inputs.php' not found or unable to stat
[Sun Feb 15 00:00:18.511002 2026] [php:error] [pid 60914] [client 185.223.152.201:0] script '/domains/ferguson.interport/autoload_classmap.php' not found or unable to stat
[Sun Feb 15 00:00:18.988665 2026] [php:error] [pid 60914] [client 185.223.152.201:0] script '/domains/ferguson.interport/file2.php' not found or unable to stat
[Sun Feb 15 00:00:19.461377 2026] [php:error] [pid 60914] [client 185.223.152.201:0] script '/domains/ferguson.interport/file.php' not found or unable to stat
[Sun Feb 15 00:00:19.727131 2026] [php:error] [pid 60914] [client 185.223.152.201:0] script '/domains/ferguson.interport/chosen.php' not found or unable to stat
[Sun Feb 15 00:00:19.961427 2026] [php:error] [pid 60914] [client 185.223.152.201:0] script '/domains/ferguson.interport/item.php' not found or unable to stat
[Sun Feb 15 00:00:20.719404 2026] [php:error] [pid 60914] [client 185.223.152.201:0] script '/domains/ferguson.interport/zwso.php' not found or unable to stat
[Sun Feb 15 00:00:20.956938 2026] [php:error] [pid 60914] [client 185.223.152.201:0] script '/domains/ferguson.interport/wp-conflg.php' not found or unable to stat
[Sun Feb 15 00:00:23.418638 2026] [php:error] [pid 60914] [client 185.223.152.201:0] script '/domains/ferguson.interport/cong.php' not found or unable to stat
[Sun Feb 15 00:00:24.155141 2026] [php:error] [pid 60914] [client 185.223.152.201:0] script '/domains/ferguson.interport/dropdown.php' not found or unable to stat
[Sun Feb 15 00:00:25.106289 2026] [php:error] [pid 60914] [client 185.223.152.201:0] script '/domains/ferguson.interport/repeater.php' not found or unable to stat
[Sun Feb 15 00:00:25.341291 2026] [php:error] [pid 60914] [client 185.223.152.201:0] script '/domains/ferguson.interport/wp-2019.php' not found or unable to stat
[Sun Feb 15 00:00:25.598433 2026] [php:error] [pid 60914] [client 185.223.152.201:0] script '/domains/ferguson.interport/atomlib.php' not found or unable to stat
[Sun Feb 15 00:00:25.836339 2026] [php:error] [pid 60914] [client 185.223.152.201:0] script '/domains/ferguson.interport/css.php' not found or unable to stat
[Sun Feb 15 00:00:26.074061 2026] [php:error] [pid 60914] [client 185.223.152.201:0] script '/domains/ferguson.interport/log.php' not found or unable to stat
[Sun Feb 15 00:00:26.312597 2026] [php:error] [pid 60914] [client 185.223.152.201:0] script '/domains/ferguson.interport/mail.php' not found or unable to stat
[Sun Feb 15 00:00:26.558322 2026] [php:error] [pid 60914] [client 185.223.152.201:0] script '/domains/ferguson.interport/lufix.php' not found or unable to stat
[Sun Feb 15 00:00:26.794383 2026] [php:error] [pid 60914] [client 185.223.152.201:0] script '/domains/ferguson.interport/doc.php' not found or unable to stat
[Sun Feb 15 00:00:27.049468 2026] [php:error] [pid 60914] [client 185.223.152.201:0] script '/domains/ferguson.interport/bak.php' not found or unable to stat
[Sun Feb 15 00:00:27.332624 2026] [php:error] [pid 60914] [client 185.223.152.201:0] script '/domains/ferguson.interport/content.php' not found or unable to stat
[Sun Feb 15 00:00:27.606973 2026] [php:error] [pid 60914] [client 185.223.152.201:0] script '/domains/ferguson.interport/upfile.php' not found or unable to stat
[Sun Feb 15 00:00:27.887548 2026] [php:error] [pid 60914] [client 185.223.152.201:0] script '/domains/ferguson.interport/wp.php' not found or unable to stat
[Sun Feb 15 00:00:28.188091 2026] [php:error] [pid 60914] [client 185.223.152.201:0] script '/domains/ferguson.interport/bypass.php' not found or unable to stat
[Sun Feb 15 00:00:28.420595 2026] [php:error] [pid 60914] [client 185.223.152.201:0] script '/domains/ferguson.interport/wp-activate.php' not found or unable to stat
[Sun Feb 15 00:00:28.654251 2026] [php:error] [pid 60914] [client 185.223.152.201:0] script '/domains/ferguson.interport/updates.php' not found or unable to stat
[Sun Feb 15 00:00:28.890759 2026] [php:error] [pid 60914] [client 185.223.152.201:0] script '/domains/ferguson.interport/radio.php' not found or unable to stat
[Sun Feb 15 00:00:29.149309 2026] [php:error] [pid 60914] [client 185.223.152.201:0] script '/domains/ferguson.interport/plugins.php' not found or unable to stat
[Sun Feb 15 00:00:29.383209 2026] [php:error] [pid 60914] [client 185.223.152.201:0] script '/domains/ferguson.interport/xmrlpc.php' not found or unable to stat
[Sun Feb 15 00:00:29.638325 2026] [php:error] [pid 60914] [client 185.223.152.201:0] script '/domains/ferguson.interport/ae.php' not found or unable to stat
[Sun Feb 15 00:00:29.891126 2026] [php:error] [pid 60914] [client 185.223.152.201:0] script '/domains/ferguson.interport/moon.php' not found or unable to stat
[Sun Feb 15 00:00:30.161643 2026] [php:error] [pid 60914] [client 185.223.152.201:0] script '/domains/ferguson.interport/blog.php' not found or unable to stat
[Sun Feb 15 00:00:30.403587 2026] [php:error] [pid 60914] [client 185.223.152.201:0] script '/domains/ferguson.interport/themes.php' not found or unable to stat
[Sun Feb 15 00:00:30.956782 2026] [php:error] [pid 60914] [client 185.223.152.201:0] script '/domains/ferguson.interport/ini.php' not found or unable to stat
[Sun Feb 15 00:00:31.232003 2026] [php:error] [pid 60914] [client 185.223.152.201:0] script '/domains/ferguson.interport/as.php' not found or unable to stat
[Sun Feb 15 00:00:31.468870 2026] [php:error] [pid 60914] [client 185.223.152.201:0] script '/domains/ferguson.interport/shell.php' not found or unable to stat
[Sun Feb 15 00:00:31.701782 2026] [php:error] [pid 60914] [client 185.223.152.201:0] script '/domains/ferguson.interport/ws.php' not found or unable to stat
[Sun Feb 15 00:00:31.936524 2026] [php:error] [pid 60914] [client 185.223.152.201:0] script '/domains/ferguson.interport/makeasmtp.php' not found or unable to stat
[Sun Feb 15 00:00:32.173911 2026] [php:error] [pid 60914] [client 185.223.152.201:0] script '/domains/ferguson.interport/wp-sigunq.php' not found or unable to stat
[Sun Feb 15 00:00:32.408546 2026] [php:error] [pid 60914] [client 185.223.152.201:0] script '/domains/ferguson.interport/wso112233.php' not found or unable to stat
[Sun Feb 15 00:00:32.641749 2026] [php:error] [pid 60914] [client 185.223.152.201:0] script '/domains/ferguson.interport/wp-atom.php' not found or unable to stat
[Sun Feb 15 00:00:32.878395 2026] [php:error] [pid 60914] [client 185.223.152.201:0] script '/domains/ferguson.interport/alfanew.php' not found or unable to stat
[Sun Feb 15 00:00:33.119676 2026] [php:error] [pid 60914] [client 185.223.152.201:0] script '/domains/ferguson.interport/fw.php' not found or unable to stat
[Sun Feb 15 00:00:33.359217 2026] [php:error] [pid 60914] [client 185.223.152.201:0] script '/domains/ferguson.interport/install.php' not found or unable to stat
[Sun Feb 15 00:00:33.615616 2026] [php:error] [pid 60914] [client 185.223.152.201:0] script '/domains/ferguson.interport/wp-login.php' not found or unable to stat
[Sun Feb 15 00:00:34.113295 2026] [php:error] [pid 60914] [client 185.223.152.201:0] script '/domains/ferguson.interport/XxX.php' not found or unable to stat
[Sun Feb 15 00:00:34.348541 2026] [php:error] [pid 60914] [client 185.223.152.201:0] script '/domains/ferguson.interport/Marvins.php' not found or unable to stat
[Sun Feb 15 00:00:34.839857 2026] [php:error] [pid 60914] [client 185.223.152.201:0] script '/domains/ferguson.interport/olux.php' not found or unable to stat
[Sun Feb 15 00:00:35.080567 2026] [php:error] [pid 60914] [client 185.223.152.201:0] script '/domains/ferguson.interport/wso.php' not found or unable to stat
[Sun Feb 15 00:00:35.578180 2026] [php:error] [pid 60914] [client 185.223.152.201:0] script '/domains/ferguson.interport/uploader.php' not found or unable to stat
[Sun Feb 15 00:00:35.836675 2026] [php:error] [pid 60914] [client 185.223.152.201:0] script '/domains/ferguson.interport/1337.php' not found or unable to stat
[Sun Feb 15 00:00:36.075048 2026] [php:error] [pid 60914] [client 185.223.152.201:0] script '/domains/ferguson.interport/user.php' not found or unable to stat
[Sun Feb 15 00:00:36.344879 2026] [php:error] [pid 60914] [client 185.223.152.201:0] script '/domains/ferguson.interport/wp-info.php' not found or unable to stat
[Sun Feb 15 00:00:36.634391 2026] [php:error] [pid 60914] [client 185.223.152.201:0] script '/domains/ferguson.interport/wxo.php' not found or unable to stat
[Sun Feb 15 00:00:36.901972 2026] [php:error] [pid 60914] [client 185.223.152.201:0] script '/domains/ferguson.interport/amigo.php' not found or unable to stat
[Sun Feb 15 00:00:37.234160 2026] [php:error] [pid 60914] [client 185.223.152.201:0] script '/domains/ferguson.interport/yoi.php' not found or unable to stat
[Sun Feb 15 00:00:37.983651 2026] [php:error] [pid 60914] [client 185.223.152.201:0] script '/domains/ferguson.interport/wp-contentt.php' not found or unable to stat
[Sun Feb 15 00:00:38.239728 2026] [php:error] [pid 60914] [client 185.223.152.201:0] script '/domains/ferguson.interport/we1y8.php' not found or unable to stat
[Sun Feb 15 00:00:39.599584 2026] [php:error] [pid 60914] [client 185.223.152.201:0] script '/domains/ferguson.interport/hehe.php' not found or unable to stat
[Sun Feb 15 00:00:39.834170 2026] [php:error] [pid 60914] [client 185.223.152.201:0] script '/domains/ferguson.interport/post-data.php' not found or unable to stat
[Sun Feb 15 00:00:40.069554 2026] [php:error] [pid 60914] [client 185.223.152.201:0] script '/domains/ferguson.interport/w0.php' not found or unable to stat
[Sun Feb 15 00:00:40.302478 2026] [php:error] [pid 60914] [client 185.223.152.201:0] script '/domains/ferguson.interport/old-index.php' not found or unable to stat
[Sun Feb 15 00:00:40.535168 2026] [php:error] [pid 60914] [client 185.223.152.201:0] script '/domains/ferguson.interport/wsanon.php' not found or unable to stat
[Sun Feb 15 00:00:41.303601 2026] [php:error] [pid 60914] [client 185.223.152.201:0] script '/domains/ferguson.interport/indo.php' not found or unable to stat
[Sun Feb 15 00:00:41.541652 2026] [php:error] [pid 60914] [client 185.223.152.201:0] script '/domains/ferguson.interport/beence.php' not found or unable to stat
[Sun Feb 15 00:00:41.782490 2026] [php:error] [pid 60914] [client 185.223.152.201:0] script '/domains/ferguson.interport/indosec.php' not found or unable to stat
[Sun Feb 15 00:00:42.016202 2026] [php:error] [pid 60914] [client 185.223.152.201:0] script '/domains/ferguson.interport/archives.php' not found or unable to stat
[Sun Feb 15 00:00:42.258899 2026] [php:error] [pid 60914] [client 185.223.152.201:0] script '/domains/ferguson.interport/po8sa.php' not found or unable to stat
[Sun Feb 15 00:00:42.491047 2026] [php:error] [pid 60914] [client 185.223.152.201:0] script '/domains/ferguson.interport/thesmartestx.php' not found or unable to stat
[Sun Feb 15 00:00:42.732076 2026] [php:error] [pid 60914] [client 185.223.152.201:0] script '/domains/ferguson.interport/zcanp.php' not found or unable to stat
[Sun Feb 15 00:00:43.446853 2026] [php:error] [pid 60934] [client 185.223.152.178:0] script '/domains/ferguson.interport/pvt.php' not found or unable to stat
[Sun Feb 15 00:00:43.678826 2026] [php:error] [pid 60934] [client 185.223.152.178:0] script '/domains/ferguson.interport/shell20211028.php' not found or unable to stat
[Sun Feb 15 00:00:44.141055 2026] [php:error] [pid 60934] [client 185.223.152.178:0] script '/domains/ferguson.interport/crypted.php' not found or unable to stat
[Sun Feb 15 00:00:44.376804 2026] [php:error] [pid 60934] [client 185.223.152.178:0] script '/domains/ferguson.interport/h0110w4y.php' not found or unable to stat
[Sun Feb 15 00:00:44.611094 2026] [php:error] [pid 60934] [client 185.223.152.178:0] script '/domains/ferguson.interport/vesiw.php' not found or unable to stat
[Sun Feb 15 00:00:44.854191 2026] [php:error] [pid 60934] [client 185.223.152.178:0] script '/domains/ferguson.interport/w.php' not found or unable to stat
[Sun Feb 15 00:00:45.103376 2026] [php:error] [pid 60934] [client 185.223.152.178:0] script '/domains/ferguson.interport/wp-db.php' not found or unable to stat
[Sun Feb 15 00:00:46.050255 2026] [php:error] [pid 60934] [client 185.223.152.178:0] script '/domains/ferguson.interport/lx.php' not found or unable to stat
[Sun Feb 15 00:00:46.285249 2026] [php:error] [pid 60934] [client 185.223.152.178:0] script '/domains/ferguson.interport/tonant.php' not found or unable to stat
[Sun Feb 15 00:00:46.525450 2026] [php:error] [pid 60934] [client 185.223.152.178:0] script '/domains/ferguson.interport/f0x.php' not found or unable to stat
[Sun Feb 15 00:00:46.760808 2026] [php:error] [pid 60934] [client 185.223.152.178:0] script '/domains/ferguson.interport/config.bak.php' not found or unable to stat
[Sun Feb 15 00:00:46.995061 2026] [php:error] [pid 60934] [client 185.223.152.178:0] script '/domains/ferguson.interport/bypass403.php' not found or unable to stat
[Sun Feb 15 00:00:47.225335 2026] [php:error] [pid 60934] [client 185.223.152.178:0] script '/domains/ferguson.interport/adminer.php' not found or unable to stat
[Sun Feb 15 00:00:47.456838 2026] [php:error] [pid 60934] [client 185.223.152.178:0] script '/domains/ferguson.interport/allahnaber.php' not found or unable to stat
[Sun Feb 15 00:00:47.688599 2026] [php:error] [pid 60934] [client 185.223.152.178:0] script '/domains/ferguson.interport/AK-74.php' not found or unable to stat
[Sun Feb 15 00:00:47.927984 2026] [php:error] [pid 60934] [client 185.223.152.178:0] script '/domains/ferguson.interport/alfa3.php' not found or unable to stat
[Sun Feb 15 00:00:48.173220 2026] [php:error] [pid 60934] [client 185.223.152.178:0] script '/domains/ferguson.interport/alfaindex.php' not found or unable to stat
[Sun Feb 15 00:00:48.448281 2026] [php:error] [pid 60934] [client 185.223.152.178:0] script '/domains/ferguson.interport/alfa.php' not found or unable to stat
[Sun Feb 15 00:00:48.681972 2026] [php:error] [pid 60934] [client 185.223.152.178:0] script '/domains/ferguson.interport/c99.php' not found or unable to stat
[Sun Feb 15 00:00:48.925497 2026] [php:error] [pid 60934] [client 185.223.152.178:0] script '/domains/ferguson.interport/cmd.php' not found or unable to stat
[Sun Feb 15 00:00:49.161441 2026] [php:error] [pid 60934] [client 185.223.152.178:0] script '/domains/ferguson.interport/cw.php' not found or unable to stat
[Sun Feb 15 00:00:49.393869 2026] [php:error] [pid 60934] [client 185.223.152.178:0] script '/domains/ferguson.interport/date.php' not found or unable to stat
[Sun Feb 15 00:00:49.629567 2026] [php:error] [pid 60934] [client 185.223.152.178:0] script '/domains/ferguson.interport/haxor.php' not found or unable to stat
[Sun Feb 15 00:00:49.896642 2026] [php:error] [pid 60934] [client 185.223.152.178:0] script '/domains/ferguson.interport/icomsium.php' not found or unable to stat
[Sun Feb 15 00:00:50.141361 2026] [php:error] [pid 60934] [client 185.223.152.178:0] script '/domains/ferguson.interport/ico.php' not found or unable to stat
[Sun Feb 15 00:00:50.377218 2026] [php:error] [pid 60934] [client 185.223.152.178:0] script '/domains/ferguson.interport/leaf.php' not found or unable to stat
[Sun Feb 15 00:00:50.617654 2026] [php:error] [pid 60934] [client 185.223.152.178:0] script '/domains/ferguson.interport/marijuana.php' not found or unable to stat
[Sun Feb 15 00:00:50.859492 2026] [php:error] [pid 60934] [client 185.223.152.178:0] script '/domains/ferguson.interport/mass.php' not found or unable to stat
[Sun Feb 15 00:00:51.094089 2026] [php:error] [pid 60934] [client 185.223.152.178:0] script '/domains/ferguson.interport/mini.php' not found or unable to stat
[Sun Feb 15 00:00:51.334585 2026] [php:error] [pid 60934] [client 185.223.152.178:0] script '/domains/ferguson.interport/priv8.php' not found or unable to stat
[Sun Feb 15 00:00:51.607220 2026] [php:error] [pid 60934] [client 185.223.152.178:0] script '/domains/ferguson.interport/pws.php' not found or unable to stat
[Sun Feb 15 00:00:51.839883 2026] [php:error] [pid 60934] [client 185.223.152.178:0] script '/domains/ferguson.interport/r57.php' not found or unable to stat
[Sun Feb 15 00:00:52.086156 2026] [php:error] [pid 60934] [client 185.223.152.178:0] script '/domains/ferguson.interport/robots.php' not found or unable to stat
[Sun Feb 15 00:00:52.317313 2026] [php:error] [pid 60934] [client 185.223.152.178:0] script '/domains/ferguson.interport/snd.php' not found or unable to stat
[Sun Feb 15 00:00:52.553737 2026] [php:error] [pid 60934] [client 185.223.152.178:0] script '/domains/ferguson.interport/wp-class.php' not found or unable to stat
[Sun Feb 15 00:00:52.792164 2026] [php:error] [pid 60934] [client 185.223.152.178:0] script '/domains/ferguson.interport/new-index.php' not found or unable to stat
[Sun Feb 15 00:00:57.987030 2026] [php:error] [pid 60934] [client 185.223.152.178:0] script '/domains/ferguson.interport/class-wp-widget-archives.php' not found or unable to stat
[Sun Feb 15 00:01:00.096722 2026] [php:error] [pid 60934] [client 185.223.152.178:0] script '/domains/ferguson.interport/xleet-shell.php' not found or unable to stat
[Sun Feb 15 00:01:00.348056 2026] [php:error] [pid 60934] [client 185.223.152.178:0] script '/domains/ferguson.interport/xleet.php' not found or unable to stat
[Sun Feb 15 00:01:00.583072 2026] [php:error] [pid 60934] [client 185.223.152.178:0] script '/domains/ferguson.interport/xleetshell.php' not found or unable to stat
[Sun Feb 15 00:01:01.427047 2026] [php:error] [pid 60934] [client 185.223.152.178:0] script '/domains/ferguson.interport/xlt.php' not found or unable to stat
[Sun Feb 15 00:01:02.852067 2026] [php:error] [pid 60934] [client 185.223.152.178:0] script '/domains/ferguson.interport/wp-apxupx.php' not found or unable to stat
[Sun Feb 15 00:01:03.122268 2026] [php:error] [pid 60934] [client 185.223.152.178:0] script '/domains/ferguson.interport/nf_tracking.php' not found or unable to stat
[Sun Feb 15 00:01:03.354077 2026] [php:error] [pid 60934] [client 185.223.152.178:0] script '/domains/ferguson.interport/class.api.php' not found or unable to stat
[Sun Feb 15 00:01:03.615365 2026] [php:error] [pid 60934] [client 185.223.152.178:0] script '/domains/ferguson.interport/xl2023.php' not found or unable to stat
[Sun Feb 15 00:01:03.873112 2026] [php:error] [pid 60934] [client 185.223.152.178:0] script '/domains/ferguson.interport/wp-head.php' not found or unable to stat
[Sun Feb 15 00:01:04.107491 2026] [php:error] [pid 60934] [client 185.223.152.178:0] script '/domains/ferguson.interport/wp-pano.php' not found or unable to stat
[Sun Feb 15 00:01:04.837080 2026] [php:error] [pid 60934] [client 185.223.152.178:0] script '/domains/ferguson.interport/xmlrpc.php' not found or unable to stat
[Sun Feb 15 00:01:05.084827 2026] [php:error] [pid 60934] [client 185.223.152.178:0] script '/domains/ferguson.interport/wp-admin.php' not found or unable to stat
[Sun Feb 15 00:01:06.045957 2026] [php:error] [pid 60934] [client 185.223.152.178:0] script '/domains/ferguson.interport/WSOEnigma.php' not found or unable to stat
[Sun Feb 15 00:01:07.219369 2026] [php:error] [pid 60934] [client 185.223.152.178:0] script '/domains/ferguson.interport/mah.php' not found or unable to stat
[Sun Feb 15 00:01:07.934073 2026] [php:error] [pid 60935] [client 185.223.152.197:0] script '/domains/ferguson.interport/test.php' not found or unable to stat
[Sun Feb 15 00:01:08.399803 2026] [php:error] [pid 60935] [client 185.223.152.197:0] script '/domains/ferguson.interport/gebase.php' not found or unable to stat
[Sun Feb 15 00:01:08.643611 2026] [php:error] [pid 60935] [client 185.223.152.197:0] script '/domains/ferguson.interport/defaults.php' not found or unable to stat
[Sun Feb 15 00:01:08.884066 2026] [php:error] [pid 60935] [client 185.223.152.197:0] script '/domains/ferguson.interport/asasx.php' not found or unable to stat
[Sun Feb 15 00:01:09.333956 2026] [php:error] [pid 60912] [client 57.141.0.28:0] script '/domains/hdickens.enteract/kmnj.php' not found or unable to stat
[Sun Feb 15 00:01:09.853907 2026] [php:error] [pid 60935] [client 185.223.152.197:0] script '/domains/ferguson.interport/contact.php' not found or unable to stat
[Sun Feb 15 00:01:10.094517 2026] [php:error] [pid 60935] [client 185.223.152.197:0] script '/domains/ferguson.interport/classwithtostring.php' not found or unable to stat
[Sun Feb 15 00:01:10.333355 2026] [php:error] [pid 60935] [client 185.223.152.197:0] script '/domains/ferguson.interport/mah.php' not found or unable to stat
[Sun Feb 15 00:01:10.564721 2026] [php:error] [pid 60935] [client 185.223.152.197:0] script '/domains/ferguson.interport/wp-add.php' not found or unable to stat
[Sun Feb 15 00:01:11.503638 2026] [php:error] [pid 60935] [client 185.223.152.197:0] script '/domains/ferguson.interport/403.php' not found or unable to stat
[Sun Feb 15 00:01:12.970859 2026] [php:error] [pid 60935] [client 185.223.152.197:0] script '/domains/ferguson.interport/text.php' not found or unable to stat
[Sun Feb 15 00:01:13.207907 2026] [php:error] [pid 60935] [client 185.223.152.197:0] script '/domains/ferguson.interport/xc.php' not found or unable to stat
[Sun Feb 15 00:01:15.166959 2026] [php:error] [pid 60935] [client 185.223.152.197:0] script '/domains/ferguson.interport/go.php' not found or unable to stat
[Sun Feb 15 00:01:15.683056 2026] [php:error] [pid 60935] [client 185.223.152.197:0] script '/domains/ferguson.interport/byp.php' not found or unable to stat
[Sun Feb 15 00:01:17.396526 2026] [php:error] [pid 60935] [client 185.223.152.197:0] script '/domains/ferguson.interport/click.php' not found or unable to stat
[Sun Feb 15 00:01:18.354411 2026] [php:error] [pid 60935] [client 185.223.152.197:0] script '/domains/ferguson.interport/baxa1.php' not found or unable to stat
[Sun Feb 15 00:01:18.825179 2026] [php:error] [pid 60935] [client 185.223.152.197:0] script '/domains/ferguson.interport/in.php' not found or unable to stat
[Sun Feb 15 00:01:19.094153 2026] [php:error] [pid 60935] [client 185.223.152.197:0] script '/domains/ferguson.interport/geju.php' not found or unable to stat
[Sun Feb 15 00:01:19.560328 2026] [php:error] [pid 60935] [client 185.223.152.197:0] script '/domains/ferguson.interport/wp-signup.php' not found or unable to stat
[Sun Feb 15 00:01:19.794149 2026] [php:error] [pid 60935] [client 185.223.152.197:0] script '/domains/ferguson.interport/elp.php' not found or unable to stat
[Sun Feb 15 00:01:20.585097 2026] [php:error] [pid 60935] [client 185.223.152.197:0] script '/domains/ferguson.interport/chosen-667.php' not found or unable to stat
[Sun Feb 15 00:01:20.823783 2026] [php:error] [pid 60935] [client 185.223.152.197:0] script '/domains/ferguson.interport/network.php' not found or unable to stat
[Sun Feb 15 00:01:21.617827 2026] [php:error] [pid 60934] [client 185.223.152.198:0] script '/domains/ferguson.interport/wp-mail.php' not found or unable to stat
[Sun Feb 15 00:01:22.092009 2026] [php:error] [pid 60934] [client 185.223.152.198:0] script '/domains/ferguson.interport/yanz.php' not found or unable to stat
[Sun Feb 15 00:01:25.444921 2026] [php:error] [pid 60882] [client 185.223.152.196:0] script '/domains/ferguson.interport/tiny.php' not found or unable to stat
[Sun Feb 15 00:01:25.696786 2026] [php:error] [pid 60882] [client 185.223.152.196:0] script '/domains/ferguson.interport/edit.php' not found or unable to stat
[Sun Feb 15 00:01:25.932036 2026] [php:error] [pid 60882] [client 185.223.152.196:0] script '/domains/ferguson.interport/first.php' not found or unable to stat
[Sun Feb 15 00:01:27.889029 2026] [php:error] [pid 60882] [client 185.223.152.196:0] script '/domains/ferguson.interport/bs1.php' not found or unable to stat
[Sun Feb 15 00:01:28.825275 2026] [php:error] [pid 60882] [client 185.223.152.196:0] script '/domains/ferguson.interport/cron.php' not found or unable to stat
[Sun Feb 15 00:01:29.284928 2026] [php:error] [pid 60882] [client 185.223.152.196:0] script '/domains/ferguson.interport/db.php' not found or unable to stat
[Sun Feb 15 00:01:29.532755 2026] [php:error] [pid 60882] [client 185.223.152.196:0] script '/domains/ferguson.interport/fm.php' not found or unable to stat
[Sun Feb 15 00:01:30.250988 2026] [php:error] [pid 60882] [client 185.223.152.196:0] script '/domains/ferguson.interport/a.php' not found or unable to stat
[Sun Feb 15 00:01:31.007195 2026] [php:error] [pid 60882] [client 185.223.152.196:0] script '/domains/ferguson.interport/chosen.php' not found or unable to stat
[Sun Feb 15 00:01:31.492692 2026] [php:error] [pid 60882] [client 185.223.152.196:0] script '/domains/ferguson.interport/back.php' not found or unable to stat
[Sun Feb 15 00:01:32.941687 2026] [php:error] [pid 60882] [client 185.223.152.196:0] script '/domains/ferguson.interport/new.php' not found or unable to stat
[Sun Feb 15 00:01:33.892334 2026] [php:error] [pid 60882] [client 185.223.152.196:0] script '/domains/ferguson.interport/phpfm3.php' not found or unable to stat
[Sun Feb 15 00:01:34.819376 2026] [php:error] [pid 60882] [client 185.223.152.196:0] script '/domains/ferguson.interport/post.php' not found or unable to stat
[Sun Feb 15 00:01:36.960550 2026] [php:error] [pid 60882] [client 185.223.152.196:0] script '/domains/ferguson.interport/randkeyword.php' not found or unable to stat
[Sun Feb 15 00:01:37.714697 2026] [php:error] [pid 60882] [client 185.223.152.196:0] script '/domains/ferguson.interport/xxx.php' not found or unable to stat
[Sun Feb 15 00:01:38.198856 2026] [php:error] [pid 60882] [client 185.223.152.196:0] script '/domains/ferguson.interport/lv.php' not found or unable to stat
[Sun Feb 15 00:01:38.444574 2026] [php:error] [pid 60882] [client 185.223.152.196:0] script '/domains/ferguson.interport/zip.php' not found or unable to stat
[Sun Feb 15 00:01:41.525091 2026] [php:error] [pid 60882] [client 185.223.152.196:0] script '/domains/ferguson.interport/wp-cron.php' not found or unable to stat
[Sun Feb 15 00:01:42.238923 2026] [php:error] [pid 60882] [client 185.223.152.196:0] script '/domains/ferguson.interport/jp.php' not found or unable to stat
[Sun Feb 15 00:01:42.465725 2026] [php:error] [pid 60882] [client 185.223.152.196:0] script '/domains/ferguson.interport/rcc.php' not found or unable to stat
[Sun Feb 15 00:01:42.941795 2026] [php:error] [pid 60882] [client 185.223.152.196:0] script '/domains/ferguson.interport/class.api.php' not found or unable to stat
[Sun Feb 15 00:01:43.187709 2026] [php:error] [pid 60882] [client 185.223.152.196:0] script '/domains/ferguson.interport/layout.php' not found or unable to stat
[Sun Feb 15 00:01:43.660972 2026] [php:error] [pid 60882] [client 185.223.152.196:0] script '/domains/ferguson.interport/history.php' not found or unable to stat
[Sun Feb 15 00:01:45.807328 2026] [php:error] [pid 60882] [client 185.223.152.196:0] script '/domains/ferguson.interport/about.php' not found or unable to stat
[Sun Feb 15 00:01:46.308627 2026] [php:error] [pid 60882] [client 185.223.152.196:0] script '/domains/ferguson.interport/cong.php' not found or unable to stat
[Sun Feb 15 00:01:47.465991 2026] [php:error] [pid 60882] [client 185.223.152.196:0] script '/domains/ferguson.interport/wp-links.php' not found or unable to stat
[Sun Feb 15 00:01:47.939176 2026] [php:error] [pid 60934] [client 185.223.152.179:0] script '/domains/ferguson.interport/makeasmtp.php' not found or unable to stat
[Sun Feb 15 00:01:48.881309 2026] [php:error] [pid 60934] [client 185.223.152.179:0] script '/domains/ferguson.interport/login.php' not found or unable to stat
[Sun Feb 15 00:01:51.203945 2026] [php:error] [pid 60934] [client 185.223.152.179:0] script '/domains/ferguson.interport/wander.php' not found or unable to stat
[Sun Feb 15 00:01:51.926682 2026] [php:error] [pid 60934] [client 185.223.152.179:0] script '/domains/ferguson.interport/wp-config-sample.php' not found or unable to stat
[Sun Feb 15 00:01:53.099108 2026] [php:error] [pid 60934] [client 185.223.152.179:0] script '/domains/ferguson.interport/manager.php' not found or unable to stat
[Sun Feb 15 00:01:53.800004 2026] [php:error] [pid 60934] [client 185.223.152.179:0] script '/domains/ferguson.interport/users.php' not found or unable to stat
[Sun Feb 15 00:01:54.496975 2026] [php:error] [pid 60934] [client 185.223.152.179:0] script '/domains/ferguson.interport/sim.php' not found or unable to stat
[Sun Feb 15 00:01:55.501930 2026] [php:error] [pid 60934] [client 185.223.152.179:0] script '/domains/ferguson.interport/function.php' not found or unable to stat
[Sun Feb 15 00:01:59.302118 2026] [php:error] [pid 60934] [client 185.223.152.179:0] script '/domains/ferguson.interport/wp-mail.php' not found or unable to stat
[Sun Feb 15 00:02:00.229343 2026] [php:error] [pid 60934] [client 185.223.152.179:0] script '/domains/ferguson.interport/admin-post.php' not found or unable to stat
[Sun Feb 15 00:02:00.465804 2026] [php:error] [pid 60934] [client 185.223.152.179:0] script '/domains/ferguson.interport/conf_upload.php' not found or unable to stat
[Sun Feb 15 00:02:01.908766 2026] [php:error] [pid 60934] [client 185.223.152.179:0] script '/domains/ferguson.interport/wp-configs.php' not found or unable to stat
[Sun Feb 15 00:02:03.153763 2026] [php:error] [pid 60939] [client 185.223.152.200:0] script '/domains/ferguson.interport/f35.php' not found or unable to stat
[Sun Feb 15 00:02:03.861080 2026] [php:error] [pid 60939] [client 185.223.152.200:0] script '/domains/ferguson.interport/edit.php' not found or unable to stat
[Sun Feb 15 00:02:04.568045 2026] [php:error] [pid 60939] [client 185.223.152.200:0] script '/domains/ferguson.interport/files.php' not found or unable to stat
[Sun Feb 15 00:02:04.839392 2026] [php:error] [pid 60939] [client 185.223.152.200:0] script '/domains/ferguson.interport/webadmin.php' not found or unable to stat
[Sun Feb 15 00:02:05.555898 2026] [php:error] [pid 60939] [client 185.223.152.200:0] script '/domains/ferguson.interport/wsa.php' not found or unable to stat
[Sun Feb 15 00:02:05.804574 2026] [php:error] [pid 60939] [client 185.223.152.200:0] script '/domains/ferguson.interport/tinyfilemanager.php' not found or unable to stat
[Sun Feb 15 00:02:06.781029 2026] [php:error] [pid 60939] [client 185.223.152.200:0] script '/domains/ferguson.interport/woh.php' not found or unable to stat
[Sun Feb 15 00:02:07.505792 2026] [php:error] [pid 60939] [client 185.223.152.200:0] script '/domains/ferguson.interport/bless.php' not found or unable to stat
[Sun Feb 15 00:02:07.749614 2026] [php:error] [pid 60939] [client 185.223.152.200:0] script '/domains/ferguson.interport/wp-trackback.php' not found or unable to stat
[Sun Feb 15 00:02:07.983274 2026] [php:error] [pid 60939] [client 185.223.152.200:0] script '/domains/ferguson.interport/info.php' not found or unable to stat
[Sun Feb 15 00:02:08.736685 2026] [php:error] [pid 60939] [client 185.223.152.200:0] script '/domains/ferguson.interport/buy.php' not found or unable to stat
[Sun Feb 15 00:02:09.214333 2026] [php:error] [pid 60939] [client 185.223.152.200:0] script '/domains/ferguson.interport/readme.php' not found or unable to stat
[Sun Feb 15 00:02:09.459357 2026] [php:error] [pid 60939] [client 185.223.152.200:0] script '/domains/ferguson.interport/sck.php' not found or unable to stat
[Sun Feb 15 00:02:09.694128 2026] [php:error] [pid 60939] [client 185.223.152.200:0] script '/domains/ferguson.interport/fm.php' not found or unable to stat
[Sun Feb 15 00:02:10.197732 2026] [php:error] [pid 60939] [client 185.223.152.200:0] script '/domains/ferguson.interport/packed.php' not found or unable to stat
[Sun Feb 15 00:02:10.454845 2026] [php:error] [pid 60939] [client 185.223.152.200:0] script '/domains/ferguson.interport/about.php' not found or unable to stat
[Sun Feb 15 00:02:11.395028 2026] [php:error] [pid 60939] [client 185.223.152.200:0] script '/domains/ferguson.interport/plugin.php' not found or unable to stat
[Sun Feb 15 00:02:12.383434 2026] [php:error] [pid 60939] [client 185.223.152.200:0] script '/domains/ferguson.interport/chosen.php' not found or unable to stat
[Sun Feb 15 00:02:12.641090 2026] [php:error] [pid 60939] [client 185.223.152.200:0] script '/domains/ferguson.interport/load.php' not found or unable to stat
[Sun Feb 15 00:02:13.114261 2026] [php:error] [pid 60939] [client 185.223.152.200:0] script '/domains/ferguson.interport/edit-tags.php' not found or unable to stat
[Sun Feb 15 00:02:13.817514 2026] [php:error] [pid 60939] [client 185.223.152.200:0] script '/domains/ferguson.interport/autoload_classmap.php' not found or unable to stat
[Sun Feb 15 00:02:14.053894 2026] [php:error] [pid 60939] [client 185.223.152.200:0] script '/domains/ferguson.interport/lock.php' not found or unable to stat
[Sun Feb 15 00:02:15.702508 2026] [core:crit] [pid 60949] (13)Permission denied: [client 114.119.152.33:0] AH00529: /domains/performancepartsinc/graphics/psd/.htaccess pcfg_openfile: unable to check htaccess file, ensure it is readable and that '/domains/performancepartsinc/graphics/psd/' is executable, referer: http://www.performancepartsinc.com/graphics/psd/q.php?%2Fnumber-of-dating-services-in-usa%2F
[Sun Feb 15 00:02:15.794947 2026] [php:error] [pid 60882] [client 185.223.152.190:0] script '/domains/ferguson.interport/product.php' not found or unable to stat
[Sun Feb 15 00:02:17.021416 2026] [php:error] [pid 60939] [client 185.223.152.180:0] script '/domains/ferguson.interport/base.php' not found or unable to stat
[Sun Feb 15 00:02:17.533273 2026] [php:error] [pid 60939] [client 185.223.152.180:0] script '/domains/ferguson.interport/zero.php' not found or unable to stat
[Sun Feb 15 00:02:18.265372 2026] [php:error] [pid 60939] [client 185.223.152.180:0] script '/domains/ferguson.interport/style.php' not found or unable to stat
[Sun Feb 15 00:02:18.500780 2026] [php:error] [pid 60939] [client 185.223.152.180:0] script '/domains/ferguson.interport/db.php' not found or unable to stat
[Sun Feb 15 00:02:19.736459 2026] [php:error] [pid 60946] [client 185.223.152.195:0] script '/domains/ferguson.interport/wp-set.php' not found or unable to stat
[Sun Feb 15 00:02:19.976096 2026] [php:error] [pid 60946] [client 185.223.152.195:0] script '/domains/ferguson.interport/file.php' not found or unable to stat
[Sun Feb 15 00:02:23.912837 2026] [php:error] [pid 60934] [client 185.223.152.193:0] script '/domains/ferguson.interport/moon.php' not found or unable to stat
[Sun Feb 15 00:02:25.531813 2026] [php:error] [pid 60934] [client 185.223.152.193:0] script '/domains/ferguson.interport/pages.php' not found or unable to stat
[Sun Feb 15 00:02:25.760875 2026] [php:error] [pid 60934] [client 185.223.152.193:0] script '/domains/ferguson.interport/bulk.php' not found or unable to stat
[Sun Feb 15 00:02:25.989618 2026] [php:error] [pid 60934] [client 185.223.152.193:0] script '/domains/ferguson.interport/kk.php' not found or unable to stat
[Sun Feb 15 00:02:26.459227 2026] [php:error] [pid 60934] [client 185.223.152.193:0] script '/domains/ferguson.interport/wp-logout.php' not found or unable to stat
[Sun Feb 15 00:02:27.395501 2026] [php:error] [pid 60934] [client 185.223.152.193:0] script '/domains/ferguson.interport/classwithtostring.php' not found or unable to stat
[Sun Feb 15 00:02:27.623553 2026] [php:error] [pid 60934] [client 185.223.152.193:0] script '/domains/ferguson.interport/wp-setup.php' not found or unable to stat
[Sun Feb 15 00:02:28.363531 2026] [php:error] [pid 60934] [client 185.223.152.193:0] script '/domains/ferguson.interport/wp-editor.php' not found or unable to stat
[Sun Feb 15 00:02:28.617971 2026] [php:error] [pid 60934] [client 185.223.152.193:0] script '/domains/ferguson.interport/wp-simple.php' not found or unable to stat
[Sun Feb 15 00:02:30.514139 2026] [php:error] [pid 60934] [client 185.223.152.193:0] script '/domains/ferguson.interport/hehehehe.php' not found or unable to stat
[Sun Feb 15 00:02:32.820978 2026] [php:error] [pid 60934] [client 185.223.152.193:0] script '/domains/ferguson.interport/header.php' not found or unable to stat
[Sun Feb 15 00:02:33.052888 2026] [php:error] [pid 60934] [client 185.223.152.193:0] script '/domains/ferguson.interport/gecko.php' not found or unable to stat
[Sun Feb 15 00:02:34.013705 2026] [php:error] [pid 60934] [client 185.223.152.193:0] script '/domains/ferguson.interport/bk.php' not found or unable to stat
[Sun Feb 15 00:02:36.641659 2026] [php:error] [pid 60939] [client 185.223.152.187:0] script '/domains/ferguson.interport/about.php' not found or unable to stat
[Sun Feb 15 00:02:36.876798 2026] [php:error] [pid 60939] [client 185.223.152.187:0] script '/domains/ferguson.interport/sym.php' not found or unable to stat
[Sun Feb 15 00:02:38.509035 2026] [php:error] [pid 60939] [client 185.223.152.187:0] script '/domains/ferguson.interport/sk.php' not found or unable to stat
[Sun Feb 15 00:02:41.872966 2026] [php:error] [pid 60938] [client 185.223.152.202:0] script '/domains/ferguson.interport/sys.php' not found or unable to stat
[Sun Feb 15 00:02:42.589948 2026] [php:error] [pid 60938] [client 185.223.152.202:0] script '/domains/ferguson.interport/wp-user.php' not found or unable to stat
[Sun Feb 15 00:02:42.826068 2026] [php:error] [pid 60938] [client 185.223.152.202:0] script '/domains/ferguson.interport/customize.php' not found or unable to stat
[Sun Feb 15 00:02:44.250360 2026] [php:error] [pid 60882] [client 185.223.152.180:0] script '/domains/ferguson.interport/fm1.php' not found or unable to stat
[Sun Feb 15 00:02:44.962194 2026] [php:error] [pid 60882] [client 185.223.152.180:0] script '/domains/ferguson.interport/wp-settings.php' not found or unable to stat
[Sun Feb 15 00:02:45.416862 2026] [php:error] [pid 60882] [client 185.223.152.180:0] script '/domains/ferguson.interport/wp-file.php' not found or unable to stat
[Sun Feb 15 00:02:45.660042 2026] [php:error] [pid 60882] [client 185.223.152.180:0] script '/domains/ferguson.interport/wp-content.php' not found or unable to stat
[Sun Feb 15 00:02:46.132542 2026] [php:error] [pid 60882] [client 185.223.152.180:0] script '/domains/ferguson.interport/log.php' not found or unable to stat
[Sun Feb 15 00:02:46.585993 2026] [php:error] [pid 60882] [client 185.223.152.180:0] script '/domains/ferguson.interport/ioxi01.php' not found or unable to stat
[Sun Feb 15 00:02:49.617872 2026] [php:error] [pid 60882] [client 185.223.152.180:0] script '/domains/ferguson.interport/xx.php' not found or unable to stat
[Sun Feb 15 00:02:51.687643 2026] [php:error] [pid 60882] [client 185.223.152.180:0] script '/domains/ferguson.interport/images.php' not found or unable to stat
[Sun Feb 15 00:02:51.924500 2026] [php:error] [pid 60882] [client 185.223.152.180:0] script '/domains/ferguson.interport/wp-aespa.php' not found or unable to stat
[Sun Feb 15 00:02:55.658507 2026] [php:error] [pid 60950] [client 185.223.152.190:0] script '/domains/ferguson.interport/wp-l0gin.php' not found or unable to stat
[Sun Feb 15 00:02:57.757689 2026] [php:error] [pid 60950] [client 185.223.152.190:0] script '/domains/ferguson.interport/wp-conflg.php' not found or unable to stat
[Sun Feb 15 00:03:01.868888 2026] [php:error] [pid 60934] [client 185.223.152.194:0] script '/domains/ferguson.interport/0x.php' not found or unable to stat
[Sun Feb 15 00:03:02.868471 2026] [php:error] [pid 60934] [client 185.223.152.194:0] script '/domains/ferguson.interport/wpn.php' not found or unable to stat
[Sun Feb 15 00:03:03.105444 2026] [php:error] [pid 60934] [client 185.223.152.194:0] script '/domains/ferguson.interport/cloud.php' not found or unable to stat
[Sun Feb 15 00:03:03.384120 2026] [php:error] [pid 60934] [client 185.223.152.194:0] script '/domains/ferguson.interport/upload.php' not found or unable to stat
[Sun Feb 15 00:03:03.616811 2026] [php:error] [pid 60934] [client 185.223.152.194:0] script '/domains/ferguson.interport/init.php' not found or unable to stat
[Sun Feb 15 00:03:04.088320 2026] [php:error] [pid 60934] [client 185.223.152.194:0] script '/domains/ferguson.interport/wp-blog.php' not found or unable to stat
[Sun Feb 15 00:03:04.281906 2026] [php:error] [pid 60882] [client 185.223.152.181:0] script '/domains/sjsachs/simple.php' not found or unable to stat
[Sun Feb 15 00:03:04.767688 2026] [php:error] [pid 60882] [client 185.223.152.181:0] script '/domains/sjsachs/inputs.php' not found or unable to stat
[Sun Feb 15 00:03:05.252772 2026] [php:error] [pid 60882] [client 185.223.152.181:0] script '/domains/sjsachs/autoload_classmap.php' not found or unable to stat
[Sun Feb 15 00:03:05.267971 2026] [php:error] [pid 60934] [client 185.223.152.194:0] script '/domains/ferguson.interport/payout.php' not found or unable to stat
[Sun Feb 15 00:03:05.497108 2026] [php:error] [pid 60934] [client 185.223.152.194:0] script '/domains/ferguson.interport/lock360.php' not found or unable to stat
[Sun Feb 15 00:03:05.730699 2026] [php:error] [pid 60882] [client 185.223.152.181:0] script '/domains/sjsachs/file2.php' not found or unable to stat
[Sun Feb 15 00:03:05.732214 2026] [php:error] [pid 60934] [client 185.223.152.194:0] script '/domains/ferguson.interport/x.php' not found or unable to stat
[Sun Feb 15 00:03:05.962658 2026] [php:error] [pid 60934] [client 185.223.152.194:0] script '/domains/ferguson.interport/wp_info.php' not found or unable to stat
[Sun Feb 15 00:03:06.203576 2026] [php:error] [pid 60882] [client 185.223.152.181:0] script '/domains/sjsachs/file.php' not found or unable to stat
[Sun Feb 15 00:03:06.418010 2026] [php:error] [pid 60934] [client 185.223.152.194:0] script '/domains/ferguson.interport/xml.php' not found or unable to stat
[Sun Feb 15 00:03:06.440298 2026] [php:error] [pid 60882] [client 185.223.152.181:0] script '/domains/sjsachs/chosen.php' not found or unable to stat
[Sun Feb 15 00:03:06.650482 2026] [php:error] [pid 60934] [client 185.223.152.194:0] script '/domains/ferguson.interport/by.php' not found or unable to stat
[Sun Feb 15 00:03:06.677757 2026] [php:error] [pid 60882] [client 185.223.152.181:0] script '/domains/sjsachs/item.php' not found or unable to stat
[Sun Feb 15 00:03:07.393060 2026] [php:error] [pid 60882] [client 185.223.152.181:0] script '/domains/sjsachs/zwso.php' not found or unable to stat
[Sun Feb 15 00:03:07.630225 2026] [php:error] [pid 60882] [client 185.223.152.181:0] script '/domains/sjsachs/wp-conflg.php' not found or unable to stat
[Sun Feb 15 00:03:09.233688 2026] [php:error] [pid 60934] [client 185.223.152.194:0] script '/domains/ferguson.interport/default.php' not found or unable to stat
[Sun Feb 15 00:03:09.471499 2026] [php:error] [pid 60934] [client 185.223.152.194:0] script '/domains/ferguson.interport/fox.php' not found or unable to stat
[Sun Feb 15 00:03:09.736961 2026] [php:error] [pid 60934] [client 185.223.152.194:0] script '/domains/ferguson.interport/google.php' not found or unable to stat
[Sun Feb 15 00:03:10.121975 2026] [php:error] [pid 60882] [client 185.223.152.181:0] script '/domains/sjsachs/cong.php' not found or unable to stat
[Sun Feb 15 00:03:10.195936 2026] [php:error] [pid 60934] [client 185.223.152.194:0] script '/domains/ferguson.interport/ovatools.php' not found or unable to stat
[Sun Feb 15 00:03:10.457574 2026] [php:error] [pid 60934] [client 185.223.152.194:0] script '/domains/ferguson.interport/sidwso.php' not found or unable to stat
[Sun Feb 15 00:03:10.688237 2026] [php:error] [pid 60934] [client 185.223.152.194:0] script '/domains/ferguson.interport/worksec.php' not found or unable to stat
[Sun Feb 15 00:03:10.836930 2026] [php:error] [pid 60882] [client 185.223.152.181:0] script '/domains/sjsachs/dropdown.php' not found or unable to stat
[Sun Feb 15 00:03:11.813796 2026] [php:error] [pid 60882] [client 185.223.152.181:0] script '/domains/sjsachs/repeater.php' not found or unable to stat
[Sun Feb 15 00:03:12.049457 2026] [php:error] [pid 60882] [client 185.223.152.181:0] script '/domains/sjsachs/wp-2019.php' not found or unable to stat
[Sun Feb 15 00:03:12.285142 2026] [php:error] [pid 60882] [client 185.223.152.181:0] script '/domains/sjsachs/atomlib.php' not found or unable to stat
[Sun Feb 15 00:03:12.316079 2026] [php:error] [pid 60934] [client 185.223.152.194:0] script '/domains/ferguson.interport/Simple.php' not found or unable to stat
[Sun Feb 15 00:03:12.530741 2026] [php:error] [pid 60882] [client 185.223.152.181:0] script '/domains/sjsachs/css.php' not found or unable to stat
[Sun Feb 15 00:03:12.564939 2026] [php:error] [pid 60934] [client 185.223.152.194:0] script '/domains/ferguson.interport/wp-blog-header.php' not found or unable to stat
[Sun Feb 15 00:03:12.768804 2026] [php:error] [pid 60882] [client 185.223.152.181:0] script '/domains/sjsachs/log.php' not found or unable to stat
[Sun Feb 15 00:03:12.793141 2026] [php:error] [pid 60934] [client 185.223.152.194:0] script '/domains/ferguson.interport/style2.php' not found or unable to stat
[Sun Feb 15 00:03:13.042635 2026] [php:error] [pid 60882] [client 185.223.152.181:0] script '/domains/sjsachs/mail.php' not found or unable to stat
[Sun Feb 15 00:03:13.053952 2026] [php:error] [pid 60934] [client 185.223.152.194:0] script '/domains/ferguson.interport/wp-scripts.php' not found or unable to stat
[Sun Feb 15 00:03:13.283645 2026] [php:error] [pid 60882] [client 185.223.152.181:0] script '/domains/sjsachs/lufix.php' not found or unable to stat
[Sun Feb 15 00:03:13.295822 2026] [php:error] [pid 60934] [client 185.223.152.194:0] script '/domains/ferguson.interport/adminfuns.php' not found or unable to stat
[Sun Feb 15 00:03:13.519863 2026] [php:error] [pid 60882] [client 185.223.152.181:0] script '/domains/sjsachs/doc.php' not found or unable to stat
[Sun Feb 15 00:03:13.525906 2026] [php:error] [pid 60934] [client 185.223.152.194:0] script '/domains/ferguson.interport/cjfuns.php' not found or unable to stat
[Sun Feb 15 00:03:13.756163 2026] [php:error] [pid 60934] [client 185.223.152.194:0] script '/domains/ferguson.interport/comfunctions.php' not found or unable to stat
[Sun Feb 15 00:03:13.759833 2026] [php:error] [pid 60882] [client 185.223.152.181:0] script '/domains/sjsachs/bak.php' not found or unable to stat
[Sun Feb 15 00:03:13.985137 2026] [php:error] [pid 60934] [client 185.223.152.194:0] script '/domains/ferguson.interport/delpaths.php' not found or unable to stat
[Sun Feb 15 00:03:14.005366 2026] [php:error] [pid 60882] [client 185.223.152.181:0] script '/domains/sjsachs/content.php' not found or unable to stat
[Sun Feb 15 00:03:14.214186 2026] [php:error] [pid 60934] [client 185.223.152.194:0] script '/domains/ferguson.interport/epinyins.php' not found or unable to stat
[Sun Feb 15 00:03:14.249792 2026] [php:error] [pid 60882] [client 185.223.152.181:0] script '/domains/sjsachs/upfile.php' not found or unable to stat
[Sun Feb 15 00:03:14.452523 2026] [php:error] [pid 60934] [client 185.223.152.194:0] script '/domains/ferguson.interport/filefuns.php' not found or unable to stat
[Sun Feb 15 00:03:14.503170 2026] [php:error] [pid 60882] [client 185.223.152.181:0] script '/domains/sjsachs/wp.php' not found or unable to stat
[Sun Feb 15 00:03:14.685957 2026] [php:error] [pid 60934] [client 185.223.152.194:0] script '/domains/ferguson.interport/hinfofuns.php' not found or unable to stat
[Sun Feb 15 00:03:14.739258 2026] [php:error] [pid 60882] [client 185.223.152.181:0] script '/domains/sjsachs/bypass.php' not found or unable to stat
[Sun Feb 15 00:03:14.927546 2026] [php:error] [pid 60934] [client 185.223.152.194:0] script '/domains/ferguson.interport/qfunctions.php' not found or unable to stat
[Sun Feb 15 00:03:14.990414 2026] [php:error] [pid 60882] [client 185.223.152.181:0] script '/domains/sjsachs/wp-activate.php' not found or unable to stat
[Sun Feb 15 00:03:15.197492 2026] [php:error] [pid 60934] [client 185.223.152.194:0] script '/domains/ferguson.interport/qinfofuns.php' not found or unable to stat
[Sun Feb 15 00:03:15.236058 2026] [php:error] [pid 60882] [client 185.223.152.181:0] script '/domains/sjsachs/updates.php' not found or unable to stat
[Sun Feb 15 00:03:15.438057 2026] [php:error] [pid 60934] [client 185.223.152.194:0] script '/domains/ferguson.interport/thoms.php' not found or unable to stat
[Sun Feb 15 00:03:15.471918 2026] [php:error] [pid 60882] [client 185.223.152.181:0] script '/domains/sjsachs/radio.php' not found or unable to stat
[Sun Feb 15 00:03:15.665692 2026] [php:error] [pid 60934] [client 185.223.152.194:0] script '/domains/ferguson.interport/postnews.php' not found or unable to stat
[Sun Feb 15 00:03:15.714213 2026] [php:error] [pid 60882] [client 185.223.152.181:0] script '/domains/sjsachs/plugins.php' not found or unable to stat
