[Fri Feb 13 02:01:45.050136 2026] [php:error] [pid 4912] [client 158.158.32.20:0] script '/domains/frog.interport1/13.php' not found or unable to stat
[Fri Feb 13 02:01:45.133676 2026] [php:error] [pid 4912] [client 158.158.32.20:0] script '/domains/frog.interport1/ok.php' not found or unable to stat
[Fri Feb 13 02:01:45.217632 2026] [php:error] [pid 4912] [client 158.158.32.20:0] script '/domains/frog.interport1/a1.php' not found or unable to stat
[Fri Feb 13 02:01:45.276283 2026] [php:error] [pid 4938] [client 20.100.192.104:0] script '/domains/metrolighting/gifclass4.php' not found or unable to stat
[Fri Feb 13 02:01:45.303903 2026] [php:error] [pid 4912] [client 158.158.32.20:0] script '/domains/frog.interport1/wso1337.php' not found or unable to stat
[Fri Feb 13 02:01:45.373029 2026] [php:error] [pid 4938] [client 20.100.192.104:0] script '/domains/metrolighting/nw.php' not found or unable to stat
[Fri Feb 13 02:01:45.389936 2026] [php:error] [pid 4912] [client 158.158.32.20:0] script '/domains/frog.interport1/class-t.api.php' not found or unable to stat
[Fri Feb 13 02:01:45.476387 2026] [php:error] [pid 4912] [client 158.158.32.20:0] script '/domains/frog.interport1/anone.php' not found or unable to stat
[Fri Feb 13 02:01:45.562099 2026] [php:error] [pid 4912] [client 158.158.32.20:0] script '/domains/frog.interport1/env.php' not found or unable to stat
[Fri Feb 13 02:01:45.566245 2026] [php:error] [pid 4938] [client 20.100.192.104:0] script '/domains/metrolighting/FoxWSO.php' not found or unable to stat
[Fri Feb 13 02:01:45.648362 2026] [php:error] [pid 4912] [client 158.158.32.20:0] script '/domains/frog.interport1/3301.php' not found or unable to stat
[Fri Feb 13 02:01:45.664553 2026] [php:error] [pid 4938] [client 20.100.192.104:0] script '/domains/metrolighting/lol.php' not found or unable to stat
[Fri Feb 13 02:01:45.827991 2026] [php:error] [pid 4938] [client 20.100.192.104:0] script '/domains/metrolighting/api.php' not found or unable to stat
[Fri Feb 13 02:01:45.924373 2026] [php:error] [pid 4912] [client 158.158.32.20:0] script '/domains/frog.interport1/il.php' not found or unable to stat
[Fri Feb 13 02:01:45.936480 2026] [php:error] [pid 4938] [client 20.100.192.104:0] script '/domains/metrolighting/kn.php' not found or unable to stat
[Fri Feb 13 02:01:46.007795 2026] [php:error] [pid 4912] [client 158.158.32.20:0] script '/domains/frog.interport1/166.php' not found or unable to stat
[Fri Feb 13 02:01:46.044205 2026] [php:error] [pid 4938] [client 20.100.192.104:0] script '/domains/metrolighting/sql.php' not found or unable to stat
[Fri Feb 13 02:01:46.141863 2026] [php:error] [pid 4938] [client 20.100.192.104:0] script '/domains/metrolighting/t.php' not found or unable to stat
[Fri Feb 13 02:01:46.176961 2026] [php:error] [pid 4912] [client 158.158.32.20:0] script '/domains/frog.interport1/10.php' not found or unable to stat
[Fri Feb 13 02:01:46.343424 2026] [php:error] [pid 4938] [client 20.100.192.104:0] script '/domains/metrolighting/revealability.php' not found or unable to stat
[Fri Feb 13 02:01:46.343842 2026] [php:error] [pid 4912] [client 158.158.32.20:0] script '/domains/frog.interport1/larva.php' not found or unable to stat
[Fri Feb 13 02:01:46.429745 2026] [php:error] [pid 4912] [client 158.158.32.20:0] script '/domains/frog.interport1/aaa.php' not found or unable to stat
[Fri Feb 13 02:01:46.660548 2026] [php:error] [pid 4938] [client 20.100.192.104:0] script '/domains/metrolighting/wp-feed.php' not found or unable to stat
[Fri Feb 13 02:01:46.852251 2026] [php:error] [pid 4912] [client 158.158.32.20:0] script '/domains/frog.interport1/file.php' not found or unable to stat
[Fri Feb 13 02:01:46.993149 2026] [php:error] [pid 4912] [client 158.158.32.20:0] script '/domains/frog.interport1/ract.php' not found or unable to stat
[Fri Feb 13 02:01:47.016687 2026] [php:error] [pid 4938] [client 20.100.192.104:0] script '/domains/metrolighting/wp-update.php' not found or unable to stat
[Fri Feb 13 02:01:47.076624 2026] [php:error] [pid 4912] [client 158.158.32.20:0] script '/domains/frog.interport1/city-ajax.php' not found or unable to stat
[Fri Feb 13 02:01:47.113692 2026] [php:error] [pid 4938] [client 20.100.192.104:0] script '/domains/metrolighting/tuco.php' not found or unable to stat
[Fri Feb 13 02:01:47.213577 2026] [php:error] [pid 4938] [client 20.100.192.104:0] script '/domains/metrolighting/bypass.php' not found or unable to stat
[Fri Feb 13 02:01:47.310566 2026] [php:error] [pid 4938] [client 20.100.192.104:0] script '/domains/metrolighting/soniau.php' not found or unable to stat
[Fri Feb 13 02:01:47.431324 2026] [php:error] [pid 4938] [client 20.100.192.104:0] script '/domains/metrolighting/fa.php' not found or unable to stat
[Fri Feb 13 02:01:47.439161 2026] [php:error] [pid 4912] [client 158.158.32.20:0] script '/domains/frog.interport1/fi.php' not found or unable to stat
[Fri Feb 13 02:01:47.523690 2026] [php:error] [pid 4912] [client 158.158.32.20:0] script '/domains/frog.interport1/lf.php' not found or unable to stat
[Fri Feb 13 02:01:47.536155 2026] [php:error] [pid 4938] [client 20.100.192.104:0] script '/domains/metrolighting/pi.php' not found or unable to stat
[Fri Feb 13 02:01:47.607731 2026] [php:error] [pid 4912] [client 158.158.32.20:0] script '/domains/frog.interport1/5index.php' not found or unable to stat
[Fri Feb 13 02:01:47.636253 2026] [php:error] [pid 4938] [client 20.100.192.104:0] script '/domains/metrolighting/flower.php' not found or unable to stat
[Fri Feb 13 02:01:47.699516 2026] [php:error] [pid 4912] [client 158.158.32.20:0] script '/domains/frog.interport1/sterJs.php' not found or unable to stat
[Fri Feb 13 02:01:47.738819 2026] [php:error] [pid 4938] [client 20.100.192.104:0] script '/domains/metrolighting/aa2.php' not found or unable to stat
[Fri Feb 13 02:01:47.783702 2026] [php:error] [pid 4912] [client 158.158.32.20:0] script '/domains/frog.interport1/155.php' not found or unable to stat
[Fri Feb 13 02:01:47.835654 2026] [php:error] [pid 4938] [client 20.100.192.104:0] script '/domains/metrolighting/iwivi.php' not found or unable to stat
[Fri Feb 13 02:01:47.932196 2026] [php:error] [pid 4938] [client 20.100.192.104:0] script '/domains/metrolighting/wp-rdf.php' not found or unable to stat
[Fri Feb 13 02:01:47.960591 2026] [php:error] [pid 4912] [client 158.158.32.20:0] script '/domains/frog.interport1/wp-rss2.php' not found or unable to stat
[Fri Feb 13 02:01:48.049685 2026] [php:error] [pid 4912] [client 158.158.32.20:0] script '/domains/frog.interport1/wp-rss.php' not found or unable to stat
[Fri Feb 13 02:01:48.085652 2026] [php:error] [pid 4938] [client 20.100.192.104:0] script '/domains/metrolighting/priv8.php' not found or unable to stat
[Fri Feb 13 02:01:48.133150 2026] [php:error] [pid 4912] [client 158.158.32.20:0] script '/domains/frog.interport1/lib.php' not found or unable to stat
[Fri Feb 13 02:01:48.227533 2026] [php:error] [pid 4912] [client 158.158.32.20:0] script '/domains/frog.interport1/dr.php' not found or unable to stat
[Fri Feb 13 02:01:48.321718 2026] [php:error] [pid 4912] [client 158.158.32.20:0] script '/domains/frog.interport1/blog.php' not found or unable to stat
[Fri Feb 13 02:01:48.405133 2026] [php:error] [pid 4912] [client 158.158.32.20:0] script '/domains/frog.interport1/am.php' not found or unable to stat
[Fri Feb 13 02:01:50.539364 2026] [php:error] [pid 4933] [client 158.158.32.20:0] script '/domains/frog.interport1/jindex.php' not found or unable to stat
[Fri Feb 13 02:01:50.634988 2026] [php:error] [pid 4933] [client 158.158.32.20:0] script '/domains/frog.interport1/geck.php' not found or unable to stat
[Fri Feb 13 02:01:50.884681 2026] [php:error] [pid 4933] [client 158.158.32.20:0] script '/domains/frog.interport1/xox.php' not found or unable to stat
[Fri Feb 13 02:01:50.975329 2026] [php:error] [pid 4933] [client 158.158.32.20:0] script '/domains/frog.interport1/wen.php' not found or unable to stat
[Fri Feb 13 02:01:51.058615 2026] [php:error] [pid 4933] [client 158.158.32.20:0] script '/domains/frog.interport1/gel4y.php' not found or unable to stat
[Fri Feb 13 02:01:51.154603 2026] [php:error] [pid 4933] [client 158.158.32.20:0] script '/domains/frog.interport1/gif.php' not found or unable to stat
[Fri Feb 13 02:01:51.238013 2026] [php:error] [pid 4933] [client 158.158.32.20:0] script '/domains/frog.interport1/rJs.php' not found or unable to stat
[Fri Feb 13 02:01:51.486291 2026] [php:error] [pid 4933] [client 158.158.32.20:0] script '/domains/frog.interport1/00:.php' not found or unable to stat
[Fri Feb 13 02:01:51.749774 2026] [php:error] [pid 4933] [client 158.158.32.20:0] script '/domains/frog.interport1/ta.php' not found or unable to stat
[Fri Feb 13 02:01:51.842639 2026] [php:error] [pid 4933] [client 158.158.32.20:0] script '/domains/frog.interport1/moon.php' not found or unable to stat
[Fri Feb 13 02:01:51.971008 2026] [php:error] [pid 4933] [client 158.158.32.20:0] script '/domains/frog.interport1/41.php' not found or unable to stat
[Fri Feb 13 02:01:52.054475 2026] [php:error] [pid 4933] [client 158.158.32.20:0] script '/domains/frog.interport1/data.php' not found or unable to stat
[Fri Feb 13 02:01:52.137898 2026] [php:error] [pid 4933] [client 158.158.32.20:0] script '/domains/frog.interport1/edit-css.php' not found or unable to stat
[Fri Feb 13 02:01:52.221224 2026] [php:error] [pid 4933] [client 158.158.32.20:0] script '/domains/frog.interport1/mar.php' not found or unable to stat
[Fri Feb 13 02:01:52.306037 2026] [php:error] [pid 4933] [client 158.158.32.20:0] script '/domains/frog.interport1/op.php' not found or unable to stat
[Fri Feb 13 02:01:52.389304 2026] [php:error] [pid 4933] [client 158.158.32.20:0] script '/domains/frog.interport1/bipas.php' not found or unable to stat
[Fri Feb 13 02:01:52.474926 2026] [php:error] [pid 4933] [client 158.158.32.20:0] script '/domains/frog.interport1/plss3.php' not found or unable to stat
[Fri Feb 13 02:01:52.570821 2026] [php:error] [pid 4933] [client 158.158.32.20:0] script '/domains/frog.interport1/minimo.php' not found or unable to stat
[Fri Feb 13 02:01:52.749845 2026] [php:error] [pid 4933] [client 158.158.32.20:0] script '/domains/frog.interport1/RxR.php' not found or unable to stat
[Fri Feb 13 02:01:52.920100 2026] [php:error] [pid 4933] [client 158.158.32.20:0] script '/domains/frog.interport1/gifclass4.php' not found or unable to stat
[Fri Feb 13 02:01:53.004766 2026] [php:error] [pid 4933] [client 158.158.32.20:0] script '/domains/frog.interport1/nw.php' not found or unable to stat
[Fri Feb 13 02:01:53.185563 2026] [php:error] [pid 4933] [client 158.158.32.20:0] script '/domains/frog.interport1/FoxWSO.php' not found or unable to stat
[Fri Feb 13 02:01:53.268985 2026] [php:error] [pid 4933] [client 158.158.32.20:0] script '/domains/frog.interport1/lol.php' not found or unable to stat
[Fri Feb 13 02:01:53.366466 2026] [php:error] [pid 4933] [client 158.158.32.20:0] script '/domains/frog.interport1/api.php' not found or unable to stat
[Fri Feb 13 02:01:53.496370 2026] [php:error] [pid 4933] [client 158.158.32.20:0] script '/domains/frog.interport1/kn.php' not found or unable to stat
[Fri Feb 13 02:01:53.579849 2026] [php:error] [pid 4933] [client 158.158.32.20:0] script '/domains/frog.interport1/sql.php' not found or unable to stat
[Fri Feb 13 02:01:53.668004 2026] [php:error] [pid 4933] [client 158.158.32.20:0] script '/domains/frog.interport1/t.php' not found or unable to stat
[Fri Feb 13 02:01:53.915309 2026] [php:error] [pid 4933] [client 158.158.32.20:0] script '/domains/frog.interport1/revealability.php' not found or unable to stat
[Fri Feb 13 02:01:54.161771 2026] [php:error] [pid 4933] [client 158.158.32.20:0] script '/domains/frog.interport1/wp-feed.php' not found or unable to stat
[Fri Feb 13 02:01:54.256311 2026] [php:error] [pid 4933] [client 158.158.32.20:0] script '/domains/frog.interport1/wp-update.php' not found or unable to stat
[Fri Feb 13 02:01:54.339684 2026] [php:error] [pid 4933] [client 158.158.32.20:0] script '/domains/frog.interport1/tuco.php' not found or unable to stat
[Fri Feb 13 02:01:54.423499 2026] [php:error] [pid 4933] [client 158.158.32.20:0] script '/domains/frog.interport1/bypass.php' not found or unable to stat
[Fri Feb 13 02:01:54.596235 2026] [php:error] [pid 4933] [client 158.158.32.20:0] script '/domains/frog.interport1/soniau.php' not found or unable to stat
[Fri Feb 13 02:01:54.680107 2026] [php:error] [pid 4933] [client 158.158.32.20:0] script '/domains/frog.interport1/fa.php' not found or unable to stat
[Fri Feb 13 02:01:54.934773 2026] [php:error] [pid 4933] [client 158.158.32.20:0] script '/domains/frog.interport1/pi.php' not found or unable to stat
[Fri Feb 13 02:01:55.036455 2026] [php:error] [pid 4933] [client 158.158.32.20:0] script '/domains/frog.interport1/flower.php' not found or unable to stat
[Fri Feb 13 02:01:55.121092 2026] [php:error] [pid 4933] [client 158.158.32.20:0] script '/domains/frog.interport1/aa2.php' not found or unable to stat
[Fri Feb 13 02:01:55.204814 2026] [php:error] [pid 4933] [client 158.158.32.20:0] script '/domains/frog.interport1/iwivi.php' not found or unable to stat
[Fri Feb 13 02:01:55.288840 2026] [php:error] [pid 4933] [client 158.158.32.20:0] script '/domains/frog.interport1/wp-rdf.php' not found or unable to stat
[Fri Feb 13 02:01:55.373108 2026] [php:error] [pid 4933] [client 158.158.32.20:0] script '/domains/frog.interport1/priv8.php' not found or unable to stat
[Fri Feb 13 02:01:58.867766 2026] [rewrite:error] [pid 4938] [client 17.22.245.141:0] AH10508: Unsafe URL with %3f URL rewritten without UnsafeAllow3F
[Fri Feb 13 02:01:59.501577 2026] [rewrite:error] [pid 4909] [client 17.22.245.81:0] AH10508: Unsafe URL with %3f URL rewritten without UnsafeAllow3F
/bin/sh: /usr/public/bin/counter.cgi: not found
[Fri Feb 13 02:02:00.878476 2026] [php:error] [pid 4946] [client 111.79.108.7:0] script '/domains/hdickens.enteract/ad.php' not found or unable to stat, referer: http://www.hollydickens.com/ad.php
[Fri Feb 13 02:02:43.924520 2026] [php:error] [pid 4946] [client 74.248.153.203:0] script '/domains/thuebner/88.php' not found or unable to stat
[Fri Feb 13 02:02:44.024576 2026] [php:error] [pid 4946] [client 74.248.153.203:0] script '/domains/thuebner/pass4.php' not found or unable to stat
[Fri Feb 13 02:02:44.123282 2026] [php:error] [pid 4946] [client 74.248.153.203:0] script '/domains/thuebner/php8.php' not found or unable to stat
[Fri Feb 13 02:02:44.222229 2026] [php:error] [pid 4946] [client 74.248.153.203:0] script '/domains/thuebner/cvtcosue.php' not found or unable to stat
[Fri Feb 13 02:02:44.321501 2026] [php:error] [pid 4946] [client 74.248.153.203:0] script '/domains/thuebner/gm.php' not found or unable to stat
[Fri Feb 13 02:02:44.430111 2026] [php:error] [pid 4946] [client 74.248.153.203:0] script '/domains/thuebner/1a.php' not found or unable to stat
[Fri Feb 13 02:02:44.529119 2026] [php:error] [pid 4946] [client 74.248.153.203:0] script '/domains/thuebner/aer.php' not found or unable to stat
[Fri Feb 13 02:02:44.628639 2026] [php:error] [pid 4946] [client 74.248.153.203:0] script '/domains/thuebner/f6.php' not found or unable to stat
[Fri Feb 13 02:02:44.801175 2026] [php:error] [pid 4946] [client 74.248.153.203:0] script '/domains/thuebner/667.php' not found or unable to stat
[Fri Feb 13 02:02:44.921419 2026] [php:error] [pid 4946] [client 74.248.153.203:0] script '/domains/thuebner/kma.php' not found or unable to stat
[Fri Feb 13 02:02:45.020545 2026] [php:error] [pid 4946] [client 74.248.153.203:0] script '/domains/thuebner/kimono.php' not found or unable to stat
[Fri Feb 13 02:03:03.684783 2026] [php:error] [pid 4943] [client 34.158.85.175:0] script '/domains/hdickens.enteract/kmnj.php' not found or unable to stat
[Fri Feb 13 02:03:31.058130 2026] [php:error] [pid 4943] [client 51.103.141.136:0] script '/domains/system_suspended/88.php' not found or unable to stat
[Fri Feb 13 02:03:31.357205 2026] [php:error] [pid 4943] [client 51.103.141.136:0] script '/domains/system_suspended/pass4.php' not found or unable to stat
[Fri Feb 13 02:03:31.454318 2026] [php:error] [pid 4943] [client 51.103.141.136:0] script '/domains/system_suspended/php8.php' not found or unable to stat
[Fri Feb 13 02:03:31.561454 2026] [php:error] [pid 4943] [client 51.103.141.136:0] script '/domains/system_suspended/cvtcosue.php' not found or unable to stat
[Fri Feb 13 02:03:31.654639 2026] [php:error] [pid 4943] [client 51.103.141.136:0] script '/domains/system_suspended/gm.php' not found or unable to stat
[Fri Feb 13 02:03:31.747808 2026] [php:error] [pid 4943] [client 51.103.141.136:0] script '/domains/system_suspended/1a.php' not found or unable to stat
[Fri Feb 13 02:03:31.840736 2026] [php:error] [pid 4943] [client 51.103.141.136:0] script '/domains/system_suspended/aer.php' not found or unable to stat
[Fri Feb 13 02:03:31.933793 2026] [php:error] [pid 4943] [client 51.103.141.136:0] script '/domains/system_suspended/f6.php' not found or unable to stat
[Fri Feb 13 02:03:32.053481 2026] [php:error] [pid 4943] [client 51.103.141.136:0] script '/domains/system_suspended/667.php' not found or unable to stat
[Fri Feb 13 02:03:32.146178 2026] [php:error] [pid 4943] [client 51.103.141.136:0] script '/domains/system_suspended/kma.php' not found or unable to stat
[Fri Feb 13 02:03:32.239364 2026] [php:error] [pid 4943] [client 51.103.141.136:0] script '/domains/system_suspended/kimono.php' not found or unable to stat
[Fri Feb 13 02:03:42.005220 2026] [php:error] [pid 4938] [client 104.28.235.60:0] script '/domains/rfisher.dnai/style.php' not found or unable to stat
[Fri Feb 13 02:03:42.895011 2026] [php:error] [pid 4938] [client 104.28.235.60:0] script '/domains/rfisher.dnai/chosen.php' not found or unable to stat
[Fri Feb 13 02:03:43.041731 2026] [php:error] [pid 4938] [client 104.28.235.60:0] script '/domains/rfisher.dnai/file.php' not found or unable to stat
[Fri Feb 13 02:03:43.209809 2026] [php:error] [pid 4938] [client 104.28.235.60:0] script '/domains/rfisher.dnai/flower.php' not found or unable to stat
[Fri Feb 13 02:03:43.355057 2026] [php:error] [pid 4938] [client 104.28.235.60:0] script '/domains/rfisher.dnai/gifclass.php' not found or unable to stat
[Fri Feb 13 02:03:43.501966 2026] [php:error] [pid 4938] [client 104.28.235.60:0] script '/domains/rfisher.dnai/bless.php' not found or unable to stat
[Fri Feb 13 02:03:43.831290 2026] [php:error] [pid 4938] [client 104.28.235.60:0] script '/domains/rfisher.dnai/class-t.api.php' not found or unable to stat
[Fri Feb 13 02:03:44.290030 2026] [rewrite:error] [pid 4952] [client 17.246.19.89:0] AH10508: Unsafe URL with %3f URL rewritten without UnsafeAllow3F
[Fri Feb 13 02:04:01.441159 2026] [php:error] [pid 4943] [client 104.28.235.60:0] script '/domains/rfisher.dnai/blurbs.php' not found or unable to stat
[Fri Feb 13 02:04:01.965824 2026] [php:error] [pid 4943] [client 104.28.235.60:0] script '/domains/rfisher.dnai/akcc.php' not found or unable to stat
[Fri Feb 13 02:04:03.448572 2026] [php:error] [pid 4943] [client 104.28.235.60:0] script '/domains/rfisher.dnai/abcd.php' not found or unable to stat
[Fri Feb 13 02:04:03.561827 2026] [php:error] [pid 4943] [client 104.28.235.60:0] script '/domains/rfisher.dnai/shelp.php' not found or unable to stat
[Fri Feb 13 02:04:03.875261 2026] [php:error] [pid 4943] [client 104.28.235.60:0] script '/domains/rfisher.dnai/cord.php' not found or unable to stat
[Fri Feb 13 02:04:04.046331 2026] [php:error] [pid 4943] [client 104.28.235.60:0] script '/domains/rfisher.dnai/dex.php' not found or unable to stat
[Fri Feb 13 02:04:05.878521 2026] [php:error] [pid 4943] [client 104.28.235.60:0] script '/domains/rfisher.dnai/file2.php' not found or unable to stat
[Fri Feb 13 02:04:06.588405 2026] [php:error] [pid 4945] [client 158.158.100.90:0] script '/domains/braniff/d.php' not found or unable to stat
[Fri Feb 13 02:04:06.673392 2026] [php:error] [pid 4945] [client 158.158.100.90:0] script '/domains/braniff/a4.php' not found or unable to stat
[Fri Feb 13 02:04:06.977947 2026] [php:error] [pid 4945] [client 158.158.100.90:0] script '/domains/braniff/lp6.php' not found or unable to stat
[Fri Feb 13 02:04:07.063195 2026] [php:error] [pid 4945] [client 158.158.100.90:0] script '/domains/braniff/core.php' not found or unable to stat
[Fri Feb 13 02:04:07.148988 2026] [php:error] [pid 4945] [client 158.158.100.90:0] script '/domains/braniff/mini.php' not found or unable to stat
[Fri Feb 13 02:04:07.234099 2026] [php:error] [pid 4945] [client 158.158.100.90:0] script '/domains/braniff/222.php' not found or unable to stat
[Fri Feb 13 02:04:07.321937 2026] [php:error] [pid 4945] [client 158.158.100.90:0] script '/domains/braniff/inputs.php' not found or unable to stat
[Fri Feb 13 02:04:07.408227 2026] [php:error] [pid 4945] [client 158.158.100.90:0] script '/domains/braniff/2.php' not found or unable to stat
[Fri Feb 13 02:04:07.493132 2026] [php:error] [pid 4945] [client 158.158.100.90:0] script '/domains/braniff/sim.php' not found or unable to stat
[Fri Feb 13 02:04:07.578033 2026] [php:error] [pid 4945] [client 158.158.100.90:0] script '/domains/braniff/ff.php' not found or unable to stat
[Fri Feb 13 02:04:07.667122 2026] [php:error] [pid 4945] [client 158.158.100.90:0] script '/domains/braniff/css.php' not found or unable to stat
[Fri Feb 13 02:04:07.851872 2026] [php:error] [pid 4945] [client 158.158.100.90:0] script '/domains/braniff/x.php' not found or unable to stat
[Fri Feb 13 02:04:07.937192 2026] [php:error] [pid 4945] [client 158.158.100.90:0] script '/domains/braniff/ans.php' not found or unable to stat
[Fri Feb 13 02:04:08.022070 2026] [php:error] [pid 4945] [client 158.158.100.90:0] script '/domains/braniff/0.php' not found or unable to stat
[Fri Feb 13 02:04:08.115565 2026] [php:error] [pid 4945] [client 158.158.100.90:0] script '/domains/braniff/a.php' not found or unable to stat
[Fri Feb 13 02:04:08.209235 2026] [php:error] [pid 4945] [client 158.158.100.90:0] script '/domains/braniff/new.php' not found or unable to stat
[Fri Feb 13 02:04:08.399956 2026] [php:error] [pid 4945] [client 158.158.100.90:0] script '/domains/braniff/alfa.php' not found or unable to stat
[Fri Feb 13 02:04:08.490177 2026] [php:error] [pid 4945] [client 158.158.100.90:0] script '/domains/braniff/el.php' not found or unable to stat
[Fri Feb 13 02:04:08.575330 2026] [php:error] [pid 4945] [client 158.158.100.90:0] script '/domains/braniff/t.php' not found or unable to stat
[Fri Feb 13 02:04:08.664348 2026] [php:error] [pid 4945] [client 158.158.100.90:0] script '/domains/braniff/first.php' not found or unable to stat
[Fri Feb 13 02:04:08.750220 2026] [php:error] [pid 4945] [client 158.158.100.90:0] script '/domains/braniff/acp.php' not found or unable to stat
[Fri Feb 13 02:04:08.848275 2026] [php:error] [pid 4945] [client 158.158.100.90:0] script '/domains/braniff/e.php' not found or unable to stat
[Fri Feb 13 02:04:08.942143 2026] [php:error] [pid 4945] [client 158.158.100.90:0] script '/domains/braniff/info.php' not found or unable to stat
[Fri Feb 13 02:04:09.027659 2026] [php:error] [pid 4945] [client 158.158.100.90:0] script '/domains/braniff/ot.php' not found or unable to stat
[Fri Feb 13 02:04:09.138703 2026] [php:error] [pid 4945] [client 158.158.100.90:0] script '/domains/braniff/test.php' not found or unable to stat
[Fri Feb 13 02:04:09.224018 2026] [php:error] [pid 4945] [client 158.158.100.90:0] script '/domains/braniff/pass.php' not found or unable to stat
[Fri Feb 13 02:04:14.610707 2026] [php:error] [pid 4952] [client 104.28.235.60:0] script '/domains/rfisher.dnai/zwso.php' not found or unable to stat
[Fri Feb 13 02:04:15.464690 2026] [php:error] [pid 4952] [client 104.28.235.60:0] script '/domains/rfisher.dnai/bolt.php' not found or unable to stat
[Fri Feb 13 02:04:15.593232 2026] [php:error] [pid 4952] [client 104.28.235.60:0] script '/domains/rfisher.dnai/shlo.php' not found or unable to stat
[Fri Feb 13 02:04:15.705122 2026] [php:error] [pid 4952] [client 104.28.235.60:0] script '/domains/rfisher.dnai/133.php' not found or unable to stat
[Fri Feb 13 02:04:15.781839 2026] [php:error] [pid 4952] [client 104.28.235.60:0] script '/domains/rfisher.dnai/ahax.php' not found or unable to stat
[Fri Feb 13 02:04:16.076885 2026] [php:error] [pid 4952] [client 104.28.235.60:0] script '/domains/rfisher.dnai/php8.php' not found or unable to stat
[Fri Feb 13 02:04:16.525054 2026] [php:error] [pid 4952] [client 104.28.235.60:0] script '/domains/rfisher.dnai/lufix1.php' not found or unable to stat
[Fri Feb 13 02:04:16.636498 2026] [php:error] [pid 4952] [client 104.28.235.60:0] script '/domains/rfisher.dnai/witmm.php' not found or unable to stat
[Fri Feb 13 02:04:17.617832 2026] [php:error] [pid 4952] [client 104.28.235.60:0] script '/domains/rfisher.dnai/ioxi-o.php' not found or unable to stat
[Fri Feb 13 02:04:17.734975 2026] [php:error] [pid 4952] [client 104.28.235.60:0] script '/domains/rfisher.dnai/222.php' not found or unable to stat
[Fri Feb 13 02:04:17.847862 2026] [php:error] [pid 4952] [client 104.28.235.60:0] script '/domains/rfisher.dnai/files.php' not found or unable to stat
[Fri Feb 13 02:04:17.981512 2026] [php:error] [pid 4952] [client 104.28.235.60:0] script '/domains/rfisher.dnai/wp-editor.php' not found or unable to stat
[Fri Feb 13 02:04:18.126300 2026] [php:error] [pid 4952] [client 104.28.235.60:0] script '/domains/rfisher.dnai/txets.php' not found or unable to stat
[Fri Feb 13 02:04:18.450728 2026] [php:error] [pid 4952] [client 104.28.235.60:0] script '/domains/rfisher.dnai/postnews.php' not found or unable to stat
[Fri Feb 13 02:04:29.643858 2026] [php:error] [pid 4966] [client 20.203.180.35:0] script '/domains/smartny/24.php' not found or unable to stat
[Fri Feb 13 02:05:49.348569 2026] [php:error] [pid 4977] [client 158.158.100.90:0] script '/domains/conceptlabs1/d.php' not found or unable to stat
[Fri Feb 13 02:05:49.434000 2026] [php:error] [pid 4977] [client 158.158.100.90:0] script '/domains/conceptlabs1/a4.php' not found or unable to stat
[Fri Feb 13 02:05:49.541739 2026] [php:error] [pid 4977] [client 158.158.100.90:0] script '/domains/conceptlabs1/lp6.php' not found or unable to stat
[Fri Feb 13 02:05:49.631684 2026] [php:error] [pid 4977] [client 158.158.100.90:0] script '/domains/conceptlabs1/core.php' not found or unable to stat
[Fri Feb 13 02:05:49.717380 2026] [php:error] [pid 4977] [client 158.158.100.90:0] script '/domains/conceptlabs1/mini.php' not found or unable to stat
[Fri Feb 13 02:05:49.808998 2026] [php:error] [pid 4977] [client 158.158.100.90:0] script '/domains/conceptlabs1/222.php' not found or unable to stat
[Fri Feb 13 02:05:49.894510 2026] [php:error] [pid 4977] [client 158.158.100.90:0] script '/domains/conceptlabs1/inputs.php' not found or unable to stat
[Fri Feb 13 02:05:49.979889 2026] [php:error] [pid 4977] [client 158.158.100.90:0] script '/domains/conceptlabs1/2.php' not found or unable to stat
[Fri Feb 13 02:05:50.065676 2026] [php:error] [pid 4977] [client 158.158.100.90:0] script '/domains/conceptlabs1/sim.php' not found or unable to stat
[Fri Feb 13 02:05:50.158372 2026] [php:error] [pid 4977] [client 158.158.100.90:0] script '/domains/conceptlabs1/ff.php' not found or unable to stat
[Fri Feb 13 02:05:50.249164 2026] [php:error] [pid 4977] [client 158.158.100.90:0] script '/domains/conceptlabs1/css.php' not found or unable to stat
[Fri Feb 13 02:05:50.395333 2026] [php:error] [pid 4977] [client 158.158.100.90:0] script '/domains/conceptlabs1/x.php' not found or unable to stat
[Fri Feb 13 02:05:50.480734 2026] [php:error] [pid 4977] [client 158.158.100.90:0] script '/domains/conceptlabs1/ans.php' not found or unable to stat
[Fri Feb 13 02:05:50.575658 2026] [php:error] [pid 4977] [client 158.158.100.90:0] script '/domains/conceptlabs1/0.php' not found or unable to stat
[Fri Feb 13 02:05:50.672663 2026] [php:error] [pid 4977] [client 158.158.100.90:0] script '/domains/conceptlabs1/a.php' not found or unable to stat
[Fri Feb 13 02:05:50.758489 2026] [php:error] [pid 4977] [client 158.158.100.90:0] script '/domains/conceptlabs1/new.php' not found or unable to stat
[Fri Feb 13 02:05:50.935834 2026] [php:error] [pid 4977] [client 158.158.100.90:0] script '/domains/conceptlabs1/alfa.php' not found or unable to stat
[Fri Feb 13 02:05:51.029289 2026] [php:error] [pid 4977] [client 158.158.100.90:0] script '/domains/conceptlabs1/el.php' not found or unable to stat
[Fri Feb 13 02:05:51.115730 2026] [php:error] [pid 4977] [client 158.158.100.90:0] script '/domains/conceptlabs1/t.php' not found or unable to stat
[Fri Feb 13 02:05:51.201388 2026] [php:error] [pid 4977] [client 158.158.100.90:0] script '/domains/conceptlabs1/first.php' not found or unable to stat
[Fri Feb 13 02:05:51.501816 2026] [php:error] [pid 4977] [client 158.158.100.90:0] script '/domains/conceptlabs1/acp.php' not found or unable to stat
[Fri Feb 13 02:05:51.587417 2026] [php:error] [pid 4977] [client 158.158.100.90:0] script '/domains/conceptlabs1/e.php' not found or unable to stat
[Fri Feb 13 02:05:51.672745 2026] [php:error] [pid 4977] [client 158.158.100.90:0] script '/domains/conceptlabs1/info.php' not found or unable to stat
[Fri Feb 13 02:05:51.758382 2026] [php:error] [pid 4977] [client 158.158.100.90:0] script '/domains/conceptlabs1/ot.php' not found or unable to stat
[Fri Feb 13 02:05:51.844414 2026] [php:error] [pid 4977] [client 158.158.100.90:0] script '/domains/conceptlabs1/test.php' not found or unable to stat
[Fri Feb 13 02:05:51.944556 2026] [php:error] [pid 4977] [client 158.158.100.90:0] script '/domains/conceptlabs1/pass.php' not found or unable to stat
[Fri Feb 13 02:06:44.272959 2026] [php:error] [pid 4952] [client 74.248.97.82:0] script '/domains/tbarnhil/new4.php' not found or unable to stat
[Fri Feb 13 02:06:44.389157 2026] [php:error] [pid 4952] [client 74.248.97.82:0] script '/domains/tbarnhil/xoot.php' not found or unable to stat
[Fri Feb 13 02:06:44.491245 2026] [php:error] [pid 4952] [client 74.248.97.82:0] script '/domains/tbarnhil/wp-al.php' not found or unable to stat
[Fri Feb 13 02:06:44.632575 2026] [php:error] [pid 4952] [client 74.248.97.82:0] script '/domains/tbarnhil/w-a.php' not found or unable to stat
[Fri Feb 13 02:06:44.734741 2026] [php:error] [pid 4952] [client 74.248.97.82:0] script '/domains/tbarnhil/alfashell.php' not found or unable to stat
[Fri Feb 13 02:06:44.837294 2026] [php:error] [pid 4952] [client 74.248.97.82:0] script '/domains/tbarnhil/toine.php' not found or unable to stat
[Fri Feb 13 02:06:44.941480 2026] [php:error] [pid 4952] [client 74.248.97.82:0] script '/domains/tbarnhil/snus.php' not found or unable to stat
[Fri Feb 13 02:06:45.091948 2026] [php:error] [pid 4952] [client 74.248.97.82:0] script '/domains/tbarnhil/ZeLXoo.php' not found or unable to stat
[Fri Feb 13 02:06:45.210660 2026] [php:error] [pid 4952] [client 74.248.97.82:0] script '/domains/tbarnhil/xda.php' not found or unable to stat
[Fri Feb 13 02:06:45.313271 2026] [php:error] [pid 4952] [client 74.248.97.82:0] script '/domains/tbarnhil/er.php' not found or unable to stat
[Fri Feb 13 02:06:45.461067 2026] [php:error] [pid 4952] [client 74.248.97.82:0] script '/domains/tbarnhil/fault.php' not found or unable to stat
[Fri Feb 13 02:06:45.574575 2026] [php:error] [pid 4952] [client 74.248.97.82:0] script '/domains/tbarnhil/x2x.php' not found or unable to stat
[Fri Feb 13 02:06:45.732439 2026] [php:error] [pid 4952] [client 74.248.97.82:0] script '/domains/tbarnhil/motu.php' not found or unable to stat
[Fri Feb 13 02:06:45.837289 2026] [php:error] [pid 4952] [client 74.248.97.82:0] script '/domains/tbarnhil/66.php' not found or unable to stat
[Fri Feb 13 02:06:45.939869 2026] [php:error] [pid 4952] [client 74.248.97.82:0] script '/domains/tbarnhil/leuk.php' not found or unable to stat
[Fri Feb 13 02:06:46.041777 2026] [php:error] [pid 4952] [client 74.248.97.82:0] script '/domains/tbarnhil/xqq.php' not found or unable to stat
[Fri Feb 13 02:06:46.144036 2026] [php:error] [pid 4952] [client 74.248.97.82:0] script '/domains/tbarnhil/kolda.php' not found or unable to stat
[Fri Feb 13 02:06:46.604714 2026] [php:error] [pid 4952] [client 74.248.97.82:0] script '/domains/tbarnhil/nw.php' not found or unable to stat
[Fri Feb 13 02:06:46.712290 2026] [php:error] [pid 4952] [client 74.248.97.82:0] script '/domains/tbarnhil/god.php' not found or unable to stat
[Fri Feb 13 02:06:46.832351 2026] [php:error] [pid 4952] [client 74.248.97.82:0] script '/domains/tbarnhil/666.php' not found or unable to stat
[Fri Feb 13 02:06:47.087535 2026] [php:error] [pid 4952] [client 74.248.97.82:0] script '/domains/tbarnhil/kj.php' not found or unable to stat
[Fri Feb 13 02:06:47.189231 2026] [php:error] [pid 4952] [client 74.248.97.82:0] script '/domains/tbarnhil/un.php' not found or unable to stat
[Fri Feb 13 02:06:47.291539 2026] [php:error] [pid 4952] [client 74.248.97.82:0] script '/domains/tbarnhil/fs.php' not found or unable to stat
[Fri Feb 13 02:06:47.415628 2026] [php:error] [pid 4952] [client 74.248.97.82:0] script '/domains/tbarnhil/lts.php' not found or unable to stat
[Fri Feb 13 02:06:47.518961 2026] [php:error] [pid 4952] [client 74.248.97.82:0] script '/domains/tbarnhil/ms.php' not found or unable to stat
[Fri Feb 13 02:06:47.719757 2026] [php:error] [pid 4952] [client 74.248.97.82:0] script '/domains/tbarnhil/login8.php' not found or unable to stat
[Fri Feb 13 02:06:47.918763 2026] [php:error] [pid 4952] [client 74.248.97.82:0] script '/domains/tbarnhil/nnyvn.php' not found or unable to stat
[Fri Feb 13 02:06:48.031464 2026] [php:error] [pid 4952] [client 74.248.97.82:0] script '/domains/tbarnhil/cu.php' not found or unable to stat
[Fri Feb 13 02:06:48.141098 2026] [php:error] [pid 4952] [client 74.248.97.82:0] script '/domains/tbarnhil/lul.php' not found or unable to stat
[Fri Feb 13 02:06:48.243975 2026] [php:error] [pid 4952] [client 74.248.97.82:0] script '/domains/tbarnhil/0.php' not found or unable to stat
[Fri Feb 13 02:06:48.429747 2026] [php:error] [pid 4952] [client 74.248.97.82:0] script '/domains/tbarnhil/ms-edit.php' not found or unable to stat
[Fri Feb 13 02:06:48.604709 2026] [php:error] [pid 4952] [client 74.248.97.82:0] script '/domains/tbarnhil/ya.php' not found or unable to stat
[Fri Feb 13 02:06:48.706631 2026] [php:error] [pid 4952] [client 74.248.97.82:0] script '/domains/tbarnhil/grsiuk.php' not found or unable to stat
[Fri Feb 13 02:06:48.816659 2026] [php:error] [pid 4952] [client 74.248.97.82:0] script '/domains/tbarnhil/wp-blog.php' not found or unable to stat
[Fri Feb 13 02:06:48.969620 2026] [php:error] [pid 4952] [client 74.248.97.82:0] script '/domains/tbarnhil/ftem.php' not found or unable to stat
[Fri Feb 13 02:06:49.515112 2026] [php:error] [pid 4952] [client 74.248.97.82:0] script '/domains/tbarnhil/7wom.php' not found or unable to stat
[Fri Feb 13 02:06:49.618852 2026] [php:error] [pid 4952] [client 74.248.97.82:0] script '/domains/tbarnhil/wp-access.php' not found or unable to stat
[Fri Feb 13 02:06:49.722417 2026] [php:error] [pid 4952] [client 74.248.97.82:0] script '/domains/tbarnhil/a1vx.php' not found or unable to stat
[Fri Feb 13 02:06:49.883770 2026] [php:error] [pid 4952] [client 74.248.97.82:0] script '/domains/tbarnhil/sbhu.php' not found or unable to stat
[Fri Feb 13 02:06:50.059490 2026] [php:error] [pid 4952] [client 74.248.97.82:0] script '/domains/tbarnhil/wp-the.php' not found or unable to stat
[Fri Feb 13 02:06:50.226662 2026] [php:error] [pid 4952] [client 74.248.97.82:0] script '/domains/tbarnhil/06.php' not found or unable to stat
[Fri Feb 13 02:06:50.328885 2026] [php:error] [pid 4952] [client 74.248.97.82:0] script '/domains/tbarnhil/wp5.php' not found or unable to stat
[Fri Feb 13 02:06:50.443666 2026] [php:error] [pid 4952] [client 74.248.97.82:0] script '/domains/tbarnhil/fot.php' not found or unable to stat
[Fri Feb 13 02:06:50.673475 2026] [php:error] [pid 4952] [client 74.248.97.82:0] script '/domains/tbarnhil/ff1.php' not found or unable to stat
[Fri Feb 13 02:06:50.867198 2026] [php:error] [pid 4952] [client 74.248.97.82:0] script '/domains/tbarnhil/forbidals.php' not found or unable to stat
[Fri Feb 13 02:06:50.969539 2026] [php:error] [pid 4952] [client 74.248.97.82:0] script '/domains/tbarnhil/erty.php' not found or unable to stat
[Fri Feb 13 02:06:51.112170 2026] [php:error] [pid 4952] [client 74.248.97.82:0] script '/domains/tbarnhil/dev1s.php' not found or unable to stat
[Fri Feb 13 02:06:51.214135 2026] [php:error] [pid 4952] [client 74.248.97.82:0] script '/domains/tbarnhil/ffd.php' not found or unable to stat
[Fri Feb 13 02:06:51.437643 2026] [php:error] [pid 4952] [client 74.248.97.82:0] script '/domains/tbarnhil/admiin.php' not found or unable to stat
[Fri Feb 13 02:06:51.601304 2026] [php:error] [pid 4952] [client 74.248.97.82:0] script '/domains/tbarnhil/ol.php' not found or unable to stat
[Fri Feb 13 02:06:51.918333 2026] [php:error] [pid 4952] [client 74.248.97.82:0] script '/domains/tbarnhil/Sanskrit.php' not found or unable to stat
[Fri Feb 13 02:06:52.093785 2026] [php:error] [pid 4952] [client 74.248.97.82:0] script '/domains/tbarnhil/vxrl.php' not found or unable to stat
[Fri Feb 13 02:06:52.236566 2026] [php:error] [pid 4952] [client 74.248.97.82:0] script '/domains/tbarnhil/re.php' not found or unable to stat
[Fri Feb 13 02:06:52.374923 2026] [php:error] [pid 4952] [client 74.248.97.82:0] script '/domains/tbarnhil/num.php' not found or unable to stat
[Fri Feb 13 02:06:52.483270 2026] [php:error] [pid 4952] [client 74.248.97.82:0] script '/domains/tbarnhil/axx.php' not found or unable to stat
[Fri Feb 13 02:06:52.584976 2026] [php:error] [pid 4952] [client 74.248.97.82:0] script '/domains/tbarnhil/vxrl.php' not found or unable to stat
[Fri Feb 13 02:06:52.771602 2026] [php:error] [pid 4952] [client 74.248.97.82:0] script '/domains/tbarnhil/in.php' not found or unable to stat
[Fri Feb 13 02:06:52.876094 2026] [php:error] [pid 4952] [client 74.248.97.82:0] script '/domains/tbarnhil/style.php' not found or unable to stat
[Fri Feb 13 02:06:52.978163 2026] [php:error] [pid 4952] [client 74.248.97.82:0] script '/domains/tbarnhil/we.php' not found or unable to stat
[Fri Feb 13 02:06:53.080192 2026] [php:error] [pid 4952] [client 74.248.97.82:0] script '/domains/tbarnhil/zwso.php' not found or unable to stat
[Fri Feb 13 02:06:53.196455 2026] [php:error] [pid 4952] [client 74.248.97.82:0] script '/domains/tbarnhil/karak.php' not found or unable to stat
[Fri Feb 13 02:06:53.298342 2026] [php:error] [pid 4952] [client 74.248.97.82:0] script '/domains/tbarnhil/trd.php' not found or unable to stat
[Fri Feb 13 02:06:53.400211 2026] [php:error] [pid 4952] [client 74.248.97.82:0] script '/domains/tbarnhil/past.php' not found or unable to stat
[Fri Feb 13 02:06:53.540792 2026] [php:error] [pid 4952] [client 74.248.97.82:0] script '/domains/tbarnhil/prv8.php' not found or unable to stat
[Fri Feb 13 02:06:53.647239 2026] [php:error] [pid 4952] [client 74.248.97.82:0] script '/domains/tbarnhil/i.php' not found or unable to stat
[Fri Feb 13 02:06:53.851135 2026] [php:error] [pid 4952] [client 74.248.97.82:0] script '/domains/tbarnhil/xmlrpc.php' not found or unable to stat
[Fri Feb 13 02:06:54.000387 2026] [php:error] [pid 4952] [client 74.248.97.82:0] script '/domains/tbarnhil/aw.php' not found or unable to stat
[Fri Feb 13 02:06:54.102089 2026] [php:error] [pid 4952] [client 74.248.97.82:0] script '/domains/tbarnhil/dev.php' not found or unable to stat
[Fri Feb 13 02:06:54.204925 2026] [php:error] [pid 4952] [client 74.248.97.82:0] script '/domains/tbarnhil/lock360.php' not found or unable to stat
[Fri Feb 13 02:06:54.309275 2026] [php:error] [pid 4952] [client 74.248.97.82:0] script '/domains/tbarnhil/155.php' not found or unable to stat
[Fri Feb 13 02:06:54.413094 2026] [php:error] [pid 4952] [client 74.248.97.82:0] script '/domains/tbarnhil/goat.php' not found or unable to stat
[Fri Feb 13 02:06:54.515286 2026] [php:error] [pid 4952] [client 74.248.97.82:0] script '/domains/tbarnhil/tcp.php' not found or unable to stat
[Fri Feb 13 02:06:54.639907 2026] [php:error] [pid 4952] [client 74.248.97.82:0] script '/domains/tbarnhil/ext.php' not found or unable to stat
[Fri Feb 13 02:06:54.750604 2026] [php:error] [pid 4952] [client 74.248.97.82:0] script '/domains/tbarnhil/inputs.php' not found or unable to stat
[Fri Feb 13 02:06:54.856270 2026] [php:error] [pid 4952] [client 74.248.97.82:0] script '/domains/tbarnhil/ioxi.php' not found or unable to stat
[Fri Feb 13 02:06:54.958128 2026] [php:error] [pid 4952] [client 74.248.97.82:0] script '/domains/tbarnhil/fe5.php' not found or unable to stat
[Fri Feb 13 02:06:55.061271 2026] [php:error] [pid 4952] [client 74.248.97.82:0] script '/domains/tbarnhil/ov.php' not found or unable to stat
[Fri Feb 13 02:06:55.265024 2026] [php:error] [pid 4952] [client 74.248.97.82:0] script '/domains/tbarnhil/default.php' not found or unable to stat
[Fri Feb 13 02:06:55.550299 2026] [php:error] [pid 4952] [client 74.248.97.82:0] script '/domains/tbarnhil/goods.php' not found or unable to stat
[Fri Feb 13 02:06:55.806120 2026] [php:error] [pid 4952] [client 74.248.97.82:0] script '/domains/tbarnhil/abcd.php' not found or unable to stat
[Fri Feb 13 02:06:56.174898 2026] [php:error] [pid 4952] [client 74.248.97.82:0] script '/domains/tbarnhil/nope.php' not found or unable to stat
[Fri Feb 13 02:06:56.277211 2026] [php:error] [pid 4952] [client 74.248.97.82:0] script '/domains/tbarnhil/class.1.php' not found or unable to stat
[Fri Feb 13 02:06:56.401073 2026] [php:error] [pid 4952] [client 74.248.97.82:0] script '/domains/tbarnhil/async.php' not found or unable to stat
[Fri Feb 13 02:06:56.620575 2026] [php:error] [pid 4952] [client 74.248.97.82:0] script '/domains/tbarnhil/ff.php' not found or unable to stat
[Fri Feb 13 02:06:56.900026 2026] [php:error] [pid 4952] [client 74.248.97.82:0] script '/domains/tbarnhil/ioxi-o.php' not found or unable to stat
[Fri Feb 13 02:06:57.002729 2026] [php:error] [pid 4952] [client 74.248.97.82:0] script '/domains/tbarnhil/manager.php' not found or unable to stat
[Fri Feb 13 02:06:57.200983 2026] [php:error] [pid 4952] [client 74.248.97.82:0] script '/domains/tbarnhil/wp-update.php' not found or unable to stat
[Fri Feb 13 02:06:57.303375 2026] [php:error] [pid 4952] [client 74.248.97.82:0] script '/domains/tbarnhil/file.php' not found or unable to stat
[Fri Feb 13 02:06:57.581641 2026] [php:error] [pid 4952] [client 74.248.97.82:0] script '/domains/tbarnhil/lc.php' not found or unable to stat
[Fri Feb 13 02:06:57.927109 2026] [php:error] [pid 4952] [client 74.248.97.82:0] script '/domains/tbarnhil/hexx.php' not found or unable to stat
[Fri Feb 13 02:06:58.092356 2026] [php:error] [pid 4952] [client 74.248.97.82:0] script '/domains/tbarnhil/cbrfo.php' not found or unable to stat
[Fri Feb 13 02:06:58.261993 2026] [php:error] [pid 4952] [client 74.248.97.82:0] script '/domains/tbarnhil/inc.php' not found or unable to stat
[Fri Feb 13 02:06:58.365944 2026] [php:error] [pid 4952] [client 74.248.97.82:0] script '/domains/tbarnhil/gifclass.php' not found or unable to stat
[Fri Feb 13 02:06:58.477296 2026] [php:error] [pid 4952] [client 74.248.97.82:0] script '/domains/tbarnhil/miansha.php' not found or unable to stat
[Fri Feb 13 02:06:58.701497 2026] [php:error] [pid 4952] [client 74.248.97.82:0] script '/domains/tbarnhil/tinyfilemanager.php' not found or unable to stat
[Fri Feb 13 02:06:58.895501 2026] [php:error] [pid 4952] [client 74.248.97.82:0] script '/domains/tbarnhil/xfile25.php' not found or unable to stat
[Fri Feb 13 02:06:58.997551 2026] [php:error] [pid 4952] [client 74.248.97.82:0] script '/domains/tbarnhil/ok.php' not found or unable to stat
[Fri Feb 13 02:07:00.436906 2026] [php:error] [pid 4993] [client 51.103.141.136:0] script '/domains/thuebner/88.php' not found or unable to stat
[Fri Feb 13 02:07:00.461776 2026] [php:error] [pid 4980] [client 51.103.141.136:0] script '/domains/thuebner/88.php' not found or unable to stat
[Fri Feb 13 02:07:00.533053 2026] [php:error] [pid 4993] [client 51.103.141.136:0] script '/domains/thuebner/pass4.php' not found or unable to stat
[Fri Feb 13 02:07:00.560123 2026] [php:error] [pid 4980] [client 51.103.141.136:0] script '/domains/thuebner/pass4.php' not found or unable to stat
[Fri Feb 13 02:07:00.628466 2026] [php:error] [pid 4993] [client 51.103.141.136:0] script '/domains/thuebner/php8.php' not found or unable to stat
[Fri Feb 13 02:07:00.655036 2026] [php:error] [pid 4980] [client 51.103.141.136:0] script '/domains/thuebner/php8.php' not found or unable to stat
[Fri Feb 13 02:07:00.723849 2026] [php:error] [pid 4993] [client 51.103.141.136:0] script '/domains/thuebner/cvtcosue.php' not found or unable to stat
[Fri Feb 13 02:07:00.749826 2026] [php:error] [pid 4980] [client 51.103.141.136:0] script '/domains/thuebner/cvtcosue.php' not found or unable to stat
[Fri Feb 13 02:07:00.800494 2026] [php:error] [pid 4984] [client 74.248.97.82:0] script '/domains/tbarnhil/fi.php' not found or unable to stat
[Fri Feb 13 02:07:00.819222 2026] [php:error] [pid 4993] [client 51.103.141.136:0] script '/domains/thuebner/gm.php' not found or unable to stat
[Fri Feb 13 02:07:00.850149 2026] [php:error] [pid 4980] [client 51.103.141.136:0] script '/domains/thuebner/gm.php' not found or unable to stat
[Fri Feb 13 02:07:00.908496 2026] [php:error] [pid 4984] [client 74.248.97.82:0] script '/domains/tbarnhil/muzu.php' not found or unable to stat
[Fri Feb 13 02:07:00.914514 2026] [php:error] [pid 4993] [client 51.103.141.136:0] script '/domains/thuebner/1a.php' not found or unable to stat
[Fri Feb 13 02:07:00.944952 2026] [php:error] [pid 4980] [client 51.103.141.136:0] script '/domains/thuebner/1a.php' not found or unable to stat
[Fri Feb 13 02:07:01.009300 2026] [php:error] [pid 4984] [client 74.248.97.82:0] script '/domains/tbarnhil/reze.php' not found or unable to stat
[Fri Feb 13 02:07:01.039740 2026] [php:error] [pid 4980] [client 51.103.141.136:0] script '/domains/thuebner/aer.php' not found or unable to stat
[Fri Feb 13 02:07:01.114429 2026] [php:error] [pid 4984] [client 74.248.97.82:0] script '/domains/tbarnhil/styll.php' not found or unable to stat
[Fri Feb 13 02:07:01.134598 2026] [php:error] [pid 4980] [client 51.103.141.136:0] script '/domains/thuebner/f6.php' not found or unable to stat
[Fri Feb 13 02:07:01.150467 2026] [php:error] [pid 4993] [client 51.103.141.136:0] script '/domains/thuebner/aer.php' not found or unable to stat
[Fri Feb 13 02:07:01.240443 2026] [php:error] [pid 4980] [client 51.103.141.136:0] script '/domains/thuebner/667.php' not found or unable to stat
[Fri Feb 13 02:07:01.245318 2026] [php:error] [pid 4993] [client 51.103.141.136:0] script '/domains/thuebner/f6.php' not found or unable to stat
[Fri Feb 13 02:07:01.255699 2026] [php:error] [pid 4984] [client 74.248.97.82:0] script '/domains/tbarnhil/x7.php' not found or unable to stat
[Fri Feb 13 02:07:01.335613 2026] [php:error] [pid 4980] [client 51.103.141.136:0] script '/domains/thuebner/kma.php' not found or unable to stat
[Fri Feb 13 02:07:01.347499 2026] [php:error] [pid 4993] [client 51.103.141.136:0] script '/domains/thuebner/667.php' not found or unable to stat
[Fri Feb 13 02:07:01.378313 2026] [php:error] [pid 4984] [client 74.248.97.82:0] script '/domains/tbarnhil/thebe.php' not found or unable to stat
[Fri Feb 13 02:07:01.436416 2026] [php:error] [pid 4980] [client 51.103.141.136:0] script '/domains/thuebner/kimono.php' not found or unable to stat
[Fri Feb 13 02:07:01.442397 2026] [php:error] [pid 4993] [client 51.103.141.136:0] script '/domains/thuebner/kma.php' not found or unable to stat
[Fri Feb 13 02:07:01.483044 2026] [php:error] [pid 4984] [client 74.248.97.82:0] script '/domains/tbarnhil/ddd.php' not found or unable to stat
[Fri Feb 13 02:07:01.537368 2026] [php:error] [pid 4993] [client 51.103.141.136:0] script '/domains/thuebner/kimono.php' not found or unable to stat
[Fri Feb 13 02:07:01.650477 2026] [php:error] [pid 4984] [client 74.248.97.82:0] script '/domains/tbarnhil/ccs.php' not found or unable to stat
[Fri Feb 13 02:07:01.751841 2026] [php:error] [pid 4984] [client 74.248.97.82:0] script '/domains/tbarnhil/bgymj.php' not found or unable to stat
[Fri Feb 13 02:07:01.900408 2026] [php:error] [pid 4984] [client 74.248.97.82:0] script '/domains/tbarnhil/8xyz.php' not found or unable to stat
[Fri Feb 13 02:07:02.253013 2026] [php:error] [pid 4984] [client 74.248.97.82:0] script '/domains/tbarnhil/ioxi.php' not found or unable to stat
[Fri Feb 13 02:07:02.439911 2026] [php:error] [pid 4984] [client 74.248.97.82:0] script '/domains/tbarnhil/xpwer1.php' not found or unable to stat
[Fri Feb 13 02:07:02.566195 2026] [php:error] [pid 4984] [client 74.248.97.82:0] script '/domains/tbarnhil/lala.php' not found or unable to stat
[Fri Feb 13 02:07:02.798776 2026] [php:error] [pid 4984] [client 74.248.97.82:0] script '/domains/tbarnhil/about.php' not found or unable to stat
[Fri Feb 13 02:07:03.590187 2026] [php:error] [pid 4984] [client 74.248.97.82:0] script '/domains/tbarnhil/info.php' not found or unable to stat
[Fri Feb 13 02:07:03.694458 2026] [php:error] [pid 4984] [client 74.248.97.82:0] script '/domains/tbarnhil/about.php' not found or unable to stat
[Fri Feb 13 02:07:04.163794 2026] [php:error] [pid 4984] [client 74.248.97.82:0] script '/domains/tbarnhil/222.php' not found or unable to stat
[Fri Feb 13 02:07:04.324266 2026] [php:error] [pid 4984] [client 74.248.97.82:0] script '/domains/tbarnhil/adminfuns.php' not found or unable to stat
[Fri Feb 13 02:07:04.538859 2026] [php:error] [pid 4984] [client 74.248.97.82:0] script '/domains/tbarnhil/xx.php' not found or unable to stat
[Fri Feb 13 02:07:04.756043 2026] [php:error] [pid 4984] [client 74.248.97.82:0] script '/domains/tbarnhil/f5.php' not found or unable to stat
