[Fri Feb 13 01:37:20.149089 2026] [php:error] [pid 99044] [client 20.251.34.233:0] script '/domains/acagolf1/155.php' not found or unable to stat
[Fri Feb 13 01:37:20.250441 2026] [php:error] [pid 99044] [client 20.251.34.233:0] script '/domains/acagolf1/goat.php' not found or unable to stat
[Fri Feb 13 01:37:20.291460 2026] [php:error] [pid 99037] [client 158.158.53.247:0] script '/domains/pbuilder/bless11.php' not found or unable to stat
[Fri Feb 13 01:37:20.376268 2026] [php:error] [pid 99037] [client 158.158.53.247:0] script '/domains/pbuilder/init.php' not found or unable to stat
[Fri Feb 13 01:37:20.440615 2026] [php:error] [pid 99044] [client 20.251.34.233:0] script '/domains/acagolf1/tcp.php' not found or unable to stat
[Fri Feb 13 01:37:20.537255 2026] [php:error] [pid 99044] [client 20.251.34.233:0] script '/domains/acagolf1/ext.php' not found or unable to stat
[Fri Feb 13 01:37:20.589576 2026] [php:error] [pid 99037] [client 158.158.53.247:0] script '/domains/pbuilder/k.php' not found or unable to stat
[Fri Feb 13 01:37:20.634532 2026] [php:error] [pid 99044] [client 20.251.34.233:0] script '/domains/acagolf1/inputs.php' not found or unable to stat
[Fri Feb 13 01:37:20.674362 2026] [php:error] [pid 99037] [client 158.158.53.247:0] script '/domains/pbuilder/bless.php' not found or unable to stat
[Fri Feb 13 01:37:20.731817 2026] [php:error] [pid 99044] [client 20.251.34.233:0] script '/domains/acagolf1/ioxi.php' not found or unable to stat
[Fri Feb 13 01:37:20.759178 2026] [php:error] [pid 99037] [client 158.158.53.247:0] script '/domains/pbuilder/X7x.php' not found or unable to stat
[Fri Feb 13 01:37:20.846542 2026] [php:error] [pid 99044] [client 20.251.34.233:0] script '/domains/acagolf1/fe5.php' not found or unable to stat
[Fri Feb 13 01:37:20.851426 2026] [php:error] [pid 99037] [client 158.158.53.247:0] script '/domains/pbuilder/166.php' not found or unable to stat
[Fri Feb 13 01:37:20.936505 2026] [php:error] [pid 99037] [client 158.158.53.247:0] script '/domains/pbuilder/plss3.php' not found or unable to stat
[Fri Feb 13 01:37:20.960641 2026] [php:error] [pid 99044] [client 20.251.34.233:0] script '/domains/acagolf1/ov.php' not found or unable to stat
[Fri Feb 13 01:37:21.057762 2026] [php:error] [pid 99044] [client 20.251.34.233:0] script '/domains/acagolf1/past1.php' not found or unable to stat
[Fri Feb 13 01:37:21.198023 2026] [php:error] [pid 99037] [client 158.158.53.247:0] script '/domains/pbuilder/admins.php' not found or unable to stat
[Fri Feb 13 01:37:21.279240 2026] [php:error] [pid 99044] [client 20.251.34.233:0] script '/domains/acagolf1/default.php' not found or unable to stat
[Fri Feb 13 01:37:21.312896 2026] [php:error] [pid 99037] [client 158.158.53.247:0] script '/domains/pbuilder/wp.php' not found or unable to stat
[Fri Feb 13 01:37:21.376202 2026] [php:error] [pid 99044] [client 20.251.34.233:0] script '/domains/acagolf1/goods.php' not found or unable to stat
[Fri Feb 13 01:37:21.482135 2026] [php:error] [pid 99044] [client 20.251.34.233:0] script '/domains/acagolf1/abcd.php' not found or unable to stat
[Fri Feb 13 01:37:21.540358 2026] [php:error] [pid 99037] [client 158.158.53.247:0] script '/domains/pbuilder/main.php' not found or unable to stat
[Fri Feb 13 01:37:21.625260 2026] [php:error] [pid 99037] [client 158.158.53.247:0] script '/domains/pbuilder/a1.php' not found or unable to stat
[Fri Feb 13 01:37:21.633744 2026] [php:error] [pid 99044] [client 20.251.34.233:0] script '/domains/acagolf1/yos.php' not found or unable to stat
[Fri Feb 13 01:37:21.749585 2026] [php:error] [pid 99037] [client 158.158.53.247:0] script '/domains/pbuilder/lala.php' not found or unable to stat
[Fri Feb 13 01:37:21.778121 2026] [php:error] [pid 99044] [client 20.251.34.233:0] script '/domains/acagolf1/nope.php' not found or unable to stat
[Fri Feb 13 01:37:21.834344 2026] [php:error] [pid 99037] [client 158.158.53.247:0] script '/domains/pbuilder/aaa.php' not found or unable to stat
[Fri Feb 13 01:37:21.880498 2026] [php:error] [pid 99044] [client 20.251.34.233:0] script '/domains/acagolf1/class.1.php' not found or unable to stat
[Fri Feb 13 01:37:21.919272 2026] [php:error] [pid 99037] [client 158.158.53.247:0] script '/domains/pbuilder/a2.php' not found or unable to stat
[Fri Feb 13 01:37:22.002257 2026] [php:error] [pid 99044] [client 20.251.34.233:0] script '/domains/acagolf1/file5.php' not found or unable to stat
[Fri Feb 13 01:37:22.101297 2026] [php:error] [pid 99044] [client 20.251.34.233:0] script '/domains/acagolf1/async.php' not found or unable to stat
[Fri Feb 13 01:37:22.173948 2026] [php:error] [pid 99037] [client 158.158.53.247:0] script '/domains/pbuilder/nyan.php' not found or unable to stat
[Fri Feb 13 01:37:22.198120 2026] [php:error] [pid 99044] [client 20.251.34.233:0] script '/domains/acagolf1/ff.php' not found or unable to stat
[Fri Feb 13 01:37:22.258990 2026] [php:error] [pid 99037] [client 158.158.53.247:0] script '/domains/pbuilder/jsond.php' not found or unable to stat
[Fri Feb 13 01:37:22.321554 2026] [php:error] [pid 99044] [client 20.251.34.233:0] script '/domains/acagolf1/ioxi-o.php' not found or unable to stat
[Fri Feb 13 01:37:22.418487 2026] [php:error] [pid 99044] [client 20.251.34.233:0] script '/domains/acagolf1/manager.php' not found or unable to stat
[Fri Feb 13 01:37:22.539707 2026] [php:error] [pid 99044] [client 20.251.34.233:0] script '/domains/acagolf1/wp-update.php' not found or unable to stat
[Fri Feb 13 01:37:22.636904 2026] [php:error] [pid 99044] [client 20.251.34.233:0] script '/domains/acagolf1/file.php' not found or unable to stat
[Fri Feb 13 01:37:22.872496 2026] [php:error] [pid 99044] [client 20.251.34.233:0] script '/domains/acagolf1/lc.php' not found or unable to stat
[Fri Feb 13 01:37:22.975342 2026] [php:error] [pid 99044] [client 20.251.34.233:0] script '/domains/acagolf1/hexx.php' not found or unable to stat
[Fri Feb 13 01:37:23.073151 2026] [php:error] [pid 99044] [client 20.251.34.233:0] script '/domains/acagolf1/cbrfo.php' not found or unable to stat
[Fri Feb 13 01:37:23.176794 2026] [php:error] [pid 99044] [client 20.251.34.233:0] script '/domains/acagolf1/inc.php' not found or unable to stat
[Fri Feb 13 01:37:23.281671 2026] [php:error] [pid 99044] [client 20.251.34.233:0] script '/domains/acagolf1/gifclass.php' not found or unable to stat
[Fri Feb 13 01:37:23.379104 2026] [php:error] [pid 99044] [client 20.251.34.233:0] script '/domains/acagolf1/miansha.php' not found or unable to stat
[Fri Feb 13 01:37:23.479607 2026] [php:error] [pid 99044] [client 20.251.34.233:0] script '/domains/acagolf1/tinyfilemanager.php' not found or unable to stat
[Fri Feb 13 01:37:23.673073 2026] [php:error] [pid 99044] [client 20.251.34.233:0] script '/domains/acagolf1/xfile25.php' not found or unable to stat
[Fri Feb 13 01:37:23.772762 2026] [php:error] [pid 99044] [client 20.251.34.233:0] script '/domains/acagolf1/ok.php' not found or unable to stat
[Fri Feb 13 01:37:23.870153 2026] [php:error] [pid 99044] [client 20.251.34.233:0] script '/domains/acagolf1/fi.php' not found or unable to stat
[Fri Feb 13 01:37:24.447433 2026] [php:error] [pid 99038] [client 20.251.34.233:0] script '/domains/acagolf1/muzu.php' not found or unable to stat
[Fri Feb 13 01:37:24.544034 2026] [php:error] [pid 99038] [client 20.251.34.233:0] script '/domains/acagolf1/reze.php' not found or unable to stat
[Fri Feb 13 01:37:24.659859 2026] [php:error] [pid 99038] [client 20.251.34.233:0] script '/domains/acagolf1/styll.php' not found or unable to stat
[Fri Feb 13 01:37:24.770493 2026] [php:error] [pid 99038] [client 20.251.34.233:0] script '/domains/acagolf1/x7.php' not found or unable to stat
[Fri Feb 13 01:37:24.867112 2026] [php:error] [pid 99038] [client 20.251.34.233:0] script '/domains/acagolf1/thebe.php' not found or unable to stat
[Fri Feb 13 01:37:24.982263 2026] [php:error] [pid 99038] [client 20.251.34.233:0] script '/domains/acagolf1/ddd.php' not found or unable to stat
[Fri Feb 13 01:37:25.128466 2026] [php:error] [pid 99038] [client 20.251.34.233:0] script '/domains/acagolf1/ccs.php' not found or unable to stat
[Fri Feb 13 01:37:25.238632 2026] [php:error] [pid 99038] [client 20.251.34.233:0] script '/domains/acagolf1/bgymj.php' not found or unable to stat
[Fri Feb 13 01:37:25.335282 2026] [php:error] [pid 99038] [client 20.251.34.233:0] script '/domains/acagolf1/8xyz.php' not found or unable to stat
[Fri Feb 13 01:37:25.461430 2026] [php:error] [pid 99038] [client 20.251.34.233:0] script '/domains/acagolf1/la.php' not found or unable to stat
[Fri Feb 13 01:37:25.581843 2026] [php:error] [pid 99038] [client 20.251.34.233:0] script '/domains/acagolf1/ioxi.php' not found or unable to stat
[Fri Feb 13 01:37:25.690572 2026] [php:error] [pid 99038] [client 20.251.34.233:0] script '/domains/acagolf1/xpwer1.php' not found or unable to stat
[Fri Feb 13 01:37:25.850314 2026] [php:error] [pid 99038] [client 20.251.34.233:0] script '/domains/acagolf1/lala.php' not found or unable to stat
[Fri Feb 13 01:37:25.949813 2026] [php:error] [pid 99038] [client 20.251.34.233:0] script '/domains/acagolf1/about.php' not found or unable to stat
[Fri Feb 13 01:37:26.480968 2026] [php:error] [pid 99038] [client 20.251.34.233:0] script '/domains/acagolf1/info.php' not found or unable to stat
[Fri Feb 13 01:37:26.579660 2026] [php:error] [pid 99038] [client 20.251.34.233:0] script '/domains/acagolf1/about.php' not found or unable to stat
[Fri Feb 13 01:37:26.799431 2026] [php:error] [pid 99038] [client 20.251.34.233:0] script '/domains/acagolf1/222.php' not found or unable to stat
[Fri Feb 13 01:37:27.021622 2026] [php:error] [pid 99038] [client 20.251.34.233:0] script '/domains/acagolf1/adminfuns.php' not found or unable to stat
[Fri Feb 13 01:37:27.487118 2026] [php:error] [pid 99038] [client 20.251.34.233:0] script '/domains/acagolf1/xx.php' not found or unable to stat
[Fri Feb 13 01:37:27.800589 2026] [php:error] [pid 99038] [client 20.251.34.233:0] script '/domains/acagolf1/f5.php' not found or unable to stat
[Fri Feb 13 01:37:27.908074 2026] [php:error] [pid 99038] [client 20.251.34.233:0] script '/domains/acagolf1/flower.php' not found or unable to stat
[Fri Feb 13 01:37:28.008594 2026] [php:error] [pid 99038] [client 20.251.34.233:0] script '/domains/acagolf1/f6.php' not found or unable to stat
[Fri Feb 13 01:37:28.134343 2026] [php:error] [pid 99038] [client 20.251.34.233:0] script '/domains/acagolf1/edit.php' not found or unable to stat
[Fri Feb 13 01:37:28.260083 2026] [php:error] [pid 99038] [client 20.251.34.233:0] script '/domains/acagolf1/aa.php' not found or unable to stat
[Fri Feb 13 01:37:28.564985 2026] [php:error] [pid 99038] [client 20.251.34.233:0] script '/domains/acagolf1/av.php' not found or unable to stat
[Fri Feb 13 01:37:28.777865 2026] [php:error] [pid 99038] [client 20.251.34.233:0] script '/domains/acagolf1/wsd.php' not found or unable to stat
[Fri Feb 13 01:37:28.880095 2026] [php:error] [pid 99038] [client 20.251.34.233:0] script '/domains/acagolf1/jane.php' not found or unable to stat
[Fri Feb 13 01:37:29.012251 2026] [php:error] [pid 99038] [client 20.251.34.233:0] script '/domains/acagolf1/css.php' not found or unable to stat
[Fri Feb 13 01:37:29.108732 2026] [php:error] [pid 99038] [client 20.251.34.233:0] script '/domains/acagolf1/alfa.php' not found or unable to stat
[Fri Feb 13 01:37:29.212326 2026] [php:error] [pid 99038] [client 20.251.34.233:0] script '/domains/acagolf1/wen.php' not found or unable to stat
[Fri Feb 13 01:37:29.322699 2026] [php:error] [pid 99038] [client 20.251.34.233:0] script '/domains/acagolf1/x.php' not found or unable to stat
[Fri Feb 13 01:37:29.437863 2026] [php:error] [pid 99038] [client 20.251.34.233:0] script '/domains/acagolf1/xxxx.php' not found or unable to stat
[Fri Feb 13 01:37:29.534805 2026] [php:error] [pid 99038] [client 20.251.34.233:0] script '/domains/acagolf1/class.php' not found or unable to stat
[Fri Feb 13 01:37:29.633409 2026] [php:error] [pid 99038] [client 20.251.34.233:0] script '/domains/acagolf1/f35.php' not found or unable to stat
[Fri Feb 13 01:37:30.138139 2026] [php:error] [pid 99038] [client 20.251.34.233:0] script '/domains/acagolf1/class-t.api.php' not found or unable to stat
[Fri Feb 13 01:37:30.234750 2026] [php:error] [pid 99038] [client 20.251.34.233:0] script '/domains/acagolf1/blurbs18.php' not found or unable to stat
[Fri Feb 13 01:37:31.192975 2026] [php:error] [pid 99038] [client 20.251.34.233:0] script '/domains/acagolf1/bless11.php' not found or unable to stat
[Fri Feb 13 01:37:31.290313 2026] [php:error] [pid 99038] [client 20.251.34.233:0] script '/domains/acagolf1/init.php' not found or unable to stat
[Fri Feb 13 01:37:31.511158 2026] [php:error] [pid 99038] [client 20.251.34.233:0] script '/domains/acagolf1/k.php' not found or unable to stat
[Fri Feb 13 01:37:31.620002 2026] [php:error] [pid 99038] [client 20.251.34.233:0] script '/domains/acagolf1/bless.php' not found or unable to stat
[Fri Feb 13 01:37:31.818863 2026] [php:error] [pid 99038] [client 20.251.34.233:0] script '/domains/acagolf1/X7x.php' not found or unable to stat
[Fri Feb 13 01:37:31.934490 2026] [php:error] [pid 99038] [client 20.251.34.233:0] script '/domains/acagolf1/166.php' not found or unable to stat
[Fri Feb 13 01:37:32.031039 2026] [php:error] [pid 99038] [client 20.251.34.233:0] script '/domains/acagolf1/plss3.php' not found or unable to stat
[Fri Feb 13 01:37:32.228145 2026] [php:error] [pid 99038] [client 20.251.34.233:0] script '/domains/acagolf1/admins.php' not found or unable to stat
[Fri Feb 13 01:37:32.341421 2026] [php:error] [pid 99038] [client 20.251.34.233:0] script '/domains/acagolf1/wp.php' not found or unable to stat
[Fri Feb 13 01:37:32.437813 2026] [php:error] [pid 99038] [client 20.251.34.233:0] script '/domains/acagolf1/main.php' not found or unable to stat
[Fri Feb 13 01:37:32.557070 2026] [php:error] [pid 99038] [client 20.251.34.233:0] script '/domains/acagolf1/a1.php' not found or unable to stat
[Fri Feb 13 01:37:32.655707 2026] [php:error] [pid 99038] [client 20.251.34.233:0] script '/domains/acagolf1/lala.php' not found or unable to stat
[Fri Feb 13 01:37:32.752146 2026] [php:error] [pid 99038] [client 20.251.34.233:0] script '/domains/acagolf1/aaa.php' not found or unable to stat
[Fri Feb 13 01:37:32.848793 2026] [php:error] [pid 99038] [client 20.251.34.233:0] script '/domains/acagolf1/a2.php' not found or unable to stat
[Fri Feb 13 01:37:33.162664 2026] [php:error] [pid 99038] [client 20.251.34.233:0] script '/domains/acagolf1/nyan.php' not found or unable to stat
[Fri Feb 13 01:37:33.273467 2026] [php:error] [pid 99038] [client 20.251.34.233:0] script '/domains/acagolf1/jsond.php' not found or unable to stat
[Fri Feb 13 01:37:40.989884 2026] [php:error] [pid 99036] [client 34.96.162.62:0] script '/domains/cccweb/adminer-5.1.1-en.php' not found or unable to stat
[Fri Feb 13 01:38:01.431957 2026] [php:error] [pid 99054] [client 35.247.243.240:0] script '/domains/cccweb/adminer-5.2.0-mysql.php' not found or unable to stat
[Fri Feb 13 01:38:06.765278 2026] [php:error] [pid 99034] [client 35.247.243.240:0] script '/domains/cccweb/adminer-4.6.1.php' not found or unable to stat
[Fri Feb 13 01:38:06.826002 2026] [php:error] [pid 99017] [client 34.96.162.58:0] script '/domains/cccweb/mydb.php' not found or unable to stat
[Fri Feb 13 01:38:14.210296 2026] [php:error] [pid 99036] [client 34.6.31.176:0] script '/domains/hdickens.enteract/kmnj.php' not found or unable to stat
[Fri Feb 13 01:38:25.759690 2026] [php:error] [pid 99055] [client 34.96.162.61:0] script '/domains/cccweb/adminer-5.0.2-mysql-en.php' not found or unable to stat
[Fri Feb 13 01:38:28.654756 2026] [php:error] [pid 99056] [client 35.247.243.240:0] script '/domains/cccweb/adminer-5.0.2.php' not found or unable to stat
[Fri Feb 13 01:38:33.177716 2026] [php:error] [pid 99056] [client 35.247.243.245:0] script '/domains/cccweb/adminer-5.1.1.php' not found or unable to stat
[Fri Feb 13 01:39:01.966465 2026] [php:error] [pid 99061] [client 34.96.162.55:0] script '/domains/cccweb/adminer-4.4.0.php' not found or unable to stat
[Fri Feb 13 01:39:29.154054 2026] [php:error] [pid 99061] [client 35.247.243.251:0] script '/domains/cccweb/adminer-4.6.0.php' not found or unable to stat
[Fri Feb 13 01:39:38.698525 2026] [php:error] [pid 99062] [client 34.96.162.60:0] script '/domains/cccweb/adminer-4.4.0.php' not found or unable to stat
[Fri Feb 13 01:39:48.764398 2026] [php:error] [pid 99063] [client 34.96.162.63:0] script '/domains/cccweb/adminer-5.2.0.php' not found or unable to stat
[Fri Feb 13 01:39:54.317856 2026] [php:error] [pid 99063] [client 34.141.159.114:0] script '/domains/brenties/ygrf.php' not found or unable to stat
[Fri Feb 13 01:39:56.527691 2026] [php:error] [pid 99059] [client 34.12.1.248:0] script '/domains/hdickens.enteract/kmnj.php' not found or unable to stat
[Fri Feb 13 01:40:05.331098 2026] [php:error] [pid 99059] [client 34.34.83.162:0] script '/domains/hdickens.enteract/kmnj.php' not found or unable to stat
[Fri Feb 13 01:40:33.963898 2026] [php:error] [pid 99067] [client 34.96.162.49:0] script '/domains/cccweb/adminer-4.7.5.php' not found or unable to stat
[Fri Feb 13 01:41:00.023285 2026] [php:error] [pid 99069] [client 34.96.162.61:0] script '/domains/cccweb/adminer-5.2.1-mysql.php' not found or unable to stat
[Fri Feb 13 01:41:13.703199 2026] [php:error] [pid 99067] [client 34.96.162.49:0] script '/domains/cccweb/adminer-5.2.1-mysql.php' not found or unable to stat
[Fri Feb 13 01:41:18.956153 2026] [php:error] [pid 99070] [client 104.28.235.59:0] script '/domains/rextrav/style.php' not found or unable to stat
[Fri Feb 13 01:41:19.084621 2026] [php:error] [pid 99067] [client 104.28.235.60:0] script '/domains/rextrav/style.php' not found or unable to stat
[Fri Feb 13 01:41:20.853619 2026] [php:error] [pid 99067] [client 104.28.235.60:0] script '/domains/rextrav/chosen.php' not found or unable to stat
[Fri Feb 13 01:41:21.000868 2026] [php:error] [pid 99070] [client 104.28.235.59:0] script '/domains/rextrav/chosen.php' not found or unable to stat
[Fri Feb 13 01:41:21.182527 2026] [php:error] [pid 99070] [client 104.28.235.59:0] script '/domains/rextrav/file.php' not found or unable to stat
[Fri Feb 13 01:41:21.284409 2026] [php:error] [pid 99070] [client 104.28.235.59:0] script '/domains/rextrav/flower.php' not found or unable to stat
[Fri Feb 13 01:41:21.290110 2026] [php:error] [pid 99067] [client 104.28.235.60:0] script '/domains/rextrav/file.php' not found or unable to stat
[Fri Feb 13 01:41:21.571091 2026] [php:error] [pid 99070] [client 104.28.235.59:0] script '/domains/rextrav/gifclass.php' not found or unable to stat
[Fri Feb 13 01:41:21.572291 2026] [php:error] [pid 99067] [client 104.28.235.60:0] script '/domains/rextrav/flower.php' not found or unable to stat
[Fri Feb 13 01:41:21.793953 2026] [php:error] [pid 99067] [client 104.28.235.60:0] script '/domains/rextrav/gifclass.php' not found or unable to stat
[Fri Feb 13 01:41:21.797410 2026] [php:error] [pid 99070] [client 104.28.235.59:0] script '/domains/rextrav/bless.php' not found or unable to stat
[Fri Feb 13 01:41:22.215672 2026] [php:error] [pid 99070] [client 104.28.235.59:0] script '/domains/rextrav/class-t.api.php' not found or unable to stat
[Fri Feb 13 01:41:22.217711 2026] [php:error] [pid 99067] [client 104.28.235.60:0] script '/domains/rextrav/bless.php' not found or unable to stat
[Fri Feb 13 01:41:22.435695 2026] [php:error] [pid 99067] [client 104.28.235.60:0] script '/domains/rextrav/class-t.api.php' not found or unable to stat
[Fri Feb 13 01:41:22.441475 2026] [php:error] [pid 99070] [client 104.28.235.59:0] script '/domains/rextrav/blurbs.php' not found or unable to stat
[Fri Feb 13 01:41:22.631712 2026] [php:error] [pid 99070] [client 104.28.235.59:0] script '/domains/rextrav/akcc.php' not found or unable to stat
[Fri Feb 13 01:41:22.633657 2026] [php:error] [pid 99067] [client 104.28.235.60:0] script '/domains/rextrav/blurbs.php' not found or unable to stat
[Fri Feb 13 01:41:22.742972 2026] [php:error] [pid 99067] [client 104.28.235.60:0] script '/domains/rextrav/akcc.php' not found or unable to stat
[Fri Feb 13 01:41:22.746639 2026] [php:error] [pid 99070] [client 104.28.235.59:0] script '/domains/rextrav/abcd.php' not found or unable to stat
[Fri Feb 13 01:41:22.859355 2026] [php:error] [pid 99067] [client 104.28.235.60:0] script '/domains/rextrav/abcd.php' not found or unable to stat
[Fri Feb 13 01:41:22.910684 2026] [php:error] [pid 99070] [client 104.28.235.59:0] script '/domains/rextrav/shelp.php' not found or unable to stat
[Fri Feb 13 01:41:23.676247 2026] [php:error] [pid 99067] [client 104.28.235.60:0] script '/domains/rextrav/shelp.php' not found or unable to stat
[Fri Feb 13 01:41:23.677451 2026] [php:error] [pid 99070] [client 104.28.235.59:0] script '/domains/rextrav/cord.php' not found or unable to stat
[Fri Feb 13 01:41:23.804610 2026] [php:error] [pid 99067] [client 104.28.235.60:0] script '/domains/rextrav/cord.php' not found or unable to stat
[Fri Feb 13 01:41:23.805025 2026] [php:error] [pid 99070] [client 104.28.235.59:0] script '/domains/rextrav/dex.php' not found or unable to stat
[Fri Feb 13 01:41:23.932106 2026] [php:error] [pid 99067] [client 104.28.235.60:0] script '/domains/rextrav/dex.php' not found or unable to stat
[Fri Feb 13 01:41:24.111967 2026] [php:error] [pid 99070] [client 104.28.235.59:0] script '/domains/rextrav/file2.php' not found or unable to stat
[Fri Feb 13 01:41:24.261606 2026] [php:error] [pid 99067] [client 104.28.235.60:0] script '/domains/rextrav/file2.php' not found or unable to stat
[Fri Feb 13 01:41:24.641247 2026] [php:error] [pid 99067] [client 104.28.235.60:0] script '/domains/rextrav/zwso.php' not found or unable to stat
[Fri Feb 13 01:41:24.683061 2026] [php:error] [pid 99070] [client 104.28.235.59:0] script '/domains/rextrav/zwso.php' not found or unable to stat
[Fri Feb 13 01:41:26.472233 2026] [php:error] [pid 99067] [client 104.28.235.60:0] script '/domains/rextrav/bolt.php' not found or unable to stat
[Fri Feb 13 01:41:26.599980 2026] [php:error] [pid 99070] [client 104.28.235.59:0] script '/domains/rextrav/bolt.php' not found or unable to stat
[Fri Feb 13 01:41:26.660497 2026] [php:error] [pid 99067] [client 104.28.235.60:0] script '/domains/rextrav/shlo.php' not found or unable to stat
[Fri Feb 13 01:41:26.751710 2026] [php:error] [pid 99070] [client 104.28.235.59:0] script '/domains/rextrav/shlo.php' not found or unable to stat
[Fri Feb 13 01:41:26.812196 2026] [php:error] [pid 99067] [client 104.28.235.60:0] script '/domains/rextrav/133.php' not found or unable to stat
[Fri Feb 13 01:41:26.940336 2026] [php:error] [pid 99070] [client 104.28.235.59:0] script '/domains/rextrav/133.php' not found or unable to stat
[Fri Feb 13 01:41:26.976259 2026] [php:error] [pid 99067] [client 104.28.235.60:0] script '/domains/rextrav/ahax.php' not found or unable to stat
[Fri Feb 13 01:41:27.103443 2026] [php:error] [pid 99070] [client 104.28.235.59:0] script '/domains/rextrav/ahax.php' not found or unable to stat
[Fri Feb 13 01:41:27.122725 2026] [php:error] [pid 99067] [client 104.28.235.60:0] script '/domains/rextrav/php8.php' not found or unable to stat
[Fri Feb 13 01:41:27.281169 2026] [php:error] [pid 99067] [client 104.28.235.60:0] script '/domains/rextrav/lufix1.php' not found or unable to stat
[Fri Feb 13 01:41:27.314057 2026] [php:error] [pid 99070] [client 104.28.235.59:0] script '/domains/rextrav/php8.php' not found or unable to stat
[Fri Feb 13 01:41:27.400496 2026] [php:error] [pid 99067] [client 104.28.235.60:0] script '/domains/rextrav/witmm.php' not found or unable to stat
[Fri Feb 13 01:41:27.432941 2026] [php:error] [pid 99070] [client 104.28.235.59:0] script '/domains/rextrav/lufix1.php' not found or unable to stat
[Fri Feb 13 01:41:27.555951 2026] [php:error] [pid 99070] [client 104.28.235.59:0] script '/domains/rextrav/witmm.php' not found or unable to stat
[Fri Feb 13 01:41:27.890991 2026] [php:error] [pid 99067] [client 104.28.235.60:0] script '/domains/rextrav/ioxi-o.php' not found or unable to stat
[Fri Feb 13 01:41:28.012860 2026] [php:error] [pid 99067] [client 104.28.235.60:0] script '/domains/rextrav/222.php' not found or unable to stat
[Fri Feb 13 01:41:28.105948 2026] [php:error] [pid 99070] [client 104.28.235.59:0] script '/domains/rextrav/ioxi-o.php' not found or unable to stat
[Fri Feb 13 01:41:28.138832 2026] [php:error] [pid 99067] [client 104.28.235.60:0] script '/domains/rextrav/files.php' not found or unable to stat
[Fri Feb 13 01:41:28.240272 2026] [php:error] [pid 99070] [client 104.28.235.59:0] script '/domains/rextrav/222.php' not found or unable to stat
[Fri Feb 13 01:41:28.263127 2026] [php:error] [pid 99067] [client 104.28.235.60:0] script '/domains/rextrav/wp-editor.php' not found or unable to stat
[Fri Feb 13 01:41:28.345266 2026] [php:error] [pid 99070] [client 104.28.235.59:0] script '/domains/rextrav/files.php' not found or unable to stat
[Fri Feb 13 01:41:28.519870 2026] [php:error] [pid 99070] [client 104.28.235.59:0] script '/domains/rextrav/wp-editor.php' not found or unable to stat
[Fri Feb 13 01:41:28.547594 2026] [php:error] [pid 99067] [client 104.28.235.60:0] script '/domains/rextrav/txets.php' not found or unable to stat
[Fri Feb 13 01:41:28.671427 2026] [php:error] [pid 99070] [client 104.28.235.59:0] script '/domains/rextrav/txets.php' not found or unable to stat
[Fri Feb 13 01:41:28.996916 2026] [php:error] [pid 99067] [client 104.28.235.60:0] script '/domains/rextrav/postnews.php' not found or unable to stat
[Fri Feb 13 01:41:29.071763 2026] [php:error] [pid 99070] [client 104.28.235.59:0] script '/domains/rextrav/postnews.php' not found or unable to stat
[Fri Feb 13 01:41:40.501643 2026] [php:error] [pid 99073] [client 4.210.69.127:0] script '/domains/drsuper/new4.php' not found or unable to stat
[Fri Feb 13 01:41:40.574049 2026] [php:error] [pid 99073] [client 4.210.69.127:0] script '/domains/drsuper/xoot.php' not found or unable to stat
[Fri Feb 13 01:41:40.734209 2026] [php:error] [pid 99073] [client 4.210.69.127:0] script '/domains/drsuper/wp-al.php' not found or unable to stat
[Fri Feb 13 01:41:40.820311 2026] [php:error] [pid 99073] [client 4.210.69.127:0] script '/domains/drsuper/w-a.php' not found or unable to stat
[Fri Feb 13 01:41:40.907427 2026] [php:error] [pid 99073] [client 4.210.69.127:0] script '/domains/drsuper/alfashell.php' not found or unable to stat
[Fri Feb 13 01:41:41.038710 2026] [php:error] [pid 99073] [client 4.210.69.127:0] script '/domains/drsuper/toine.php' not found or unable to stat
[Fri Feb 13 01:41:41.161566 2026] [php:error] [pid 99073] [client 4.210.69.127:0] script '/domains/drsuper/snus.php' not found or unable to stat
[Fri Feb 13 01:41:41.289080 2026] [php:error] [pid 99073] [client 4.210.69.127:0] script '/domains/drsuper/ZeLXoo.php' not found or unable to stat
[Fri Feb 13 01:41:41.471709 2026] [php:error] [pid 99073] [client 4.210.69.127:0] script '/domains/drsuper/xda.php' not found or unable to stat
[Fri Feb 13 01:41:41.544145 2026] [php:error] [pid 99073] [client 4.210.69.127:0] script '/domains/drsuper/er.php' not found or unable to stat
[Fri Feb 13 01:41:41.760348 2026] [php:error] [pid 99073] [client 4.210.69.127:0] script '/domains/drsuper/fault.php' not found or unable to stat
[Fri Feb 13 01:41:41.832743 2026] [php:error] [pid 99073] [client 4.210.69.127:0] script '/domains/drsuper/x2x.php' not found or unable to stat
[Fri Feb 13 01:41:41.905486 2026] [php:error] [pid 99073] [client 4.210.69.127:0] script '/domains/drsuper/motu.php' not found or unable to stat
[Fri Feb 13 01:41:42.001258 2026] [php:error] [pid 99073] [client 4.210.69.127:0] script '/domains/drsuper/66.php' not found or unable to stat
[Fri Feb 13 01:41:42.078734 2026] [php:error] [pid 99073] [client 4.210.69.127:0] script '/domains/drsuper/leuk.php' not found or unable to stat
[Fri Feb 13 01:41:42.163855 2026] [php:error] [pid 99073] [client 4.210.69.127:0] script '/domains/drsuper/xqq.php' not found or unable to stat
[Fri Feb 13 01:41:42.255976 2026] [php:error] [pid 99073] [client 4.210.69.127:0] script '/domains/drsuper/kolda.php' not found or unable to stat
[Fri Feb 13 01:41:42.409053 2026] [php:error] [pid 99073] [client 4.210.69.127:0] script '/domains/drsuper/nw.php' not found or unable to stat
[Fri Feb 13 01:41:42.481548 2026] [php:error] [pid 99073] [client 4.210.69.127:0] script '/domains/drsuper/god.php' not found or unable to stat
[Fri Feb 13 01:41:42.554009 2026] [php:error] [pid 99073] [client 4.210.69.127:0] script '/domains/drsuper/666.php' not found or unable to stat
[Fri Feb 13 01:41:42.644315 2026] [php:error] [pid 99073] [client 4.210.69.127:0] script '/domains/drsuper/kj.php' not found or unable to stat
[Fri Feb 13 01:41:42.716654 2026] [php:error] [pid 99073] [client 4.210.69.127:0] script '/domains/drsuper/un.php' not found or unable to stat
[Fri Feb 13 01:41:42.826124 2026] [php:error] [pid 99073] [client 4.210.69.127:0] script '/domains/drsuper/fs.php' not found or unable to stat
[Fri Feb 13 01:41:43.043744 2026] [php:error] [pid 99073] [client 4.210.69.127:0] script '/domains/drsuper/lts.php' not found or unable to stat
[Fri Feb 13 01:41:43.115766 2026] [php:error] [pid 99073] [client 4.210.69.127:0] script '/domains/drsuper/ms.php' not found or unable to stat
[Fri Feb 13 01:41:43.217448 2026] [php:error] [pid 99073] [client 4.210.69.127:0] script '/domains/drsuper/login8.php' not found or unable to stat
[Fri Feb 13 01:41:43.299570 2026] [php:error] [pid 99073] [client 4.210.69.127:0] script '/domains/drsuper/nnyvn.php' not found or unable to stat
[Fri Feb 13 01:41:43.426255 2026] [php:error] [pid 99073] [client 4.210.69.127:0] script '/domains/drsuper/cu.php' not found or unable to stat
[Fri Feb 13 01:41:43.546266 2026] [php:error] [pid 99073] [client 4.210.69.127:0] script '/domains/drsuper/lul.php' not found or unable to stat
[Fri Feb 13 01:41:43.618419 2026] [php:error] [pid 99073] [client 4.210.69.127:0] script '/domains/drsuper/0.php' not found or unable to stat
[Fri Feb 13 01:41:43.690580 2026] [php:error] [pid 99073] [client 4.210.69.127:0] script '/domains/drsuper/ms-edit.php' not found or unable to stat
[Fri Feb 13 01:41:43.763061 2026] [php:error] [pid 99073] [client 4.210.69.127:0] script '/domains/drsuper/ya.php' not found or unable to stat
[Fri Feb 13 01:41:43.843306 2026] [php:error] [pid 99073] [client 4.210.69.127:0] script '/domains/drsuper/grsiuk.php' not found or unable to stat
[Fri Feb 13 01:41:43.949296 2026] [php:error] [pid 99073] [client 4.210.69.127:0] script '/domains/drsuper/wp-blog.php' not found or unable to stat
[Fri Feb 13 01:41:44.021499 2026] [php:error] [pid 99073] [client 4.210.69.127:0] script '/domains/drsuper/ftem.php' not found or unable to stat
[Fri Feb 13 01:41:44.141350 2026] [php:error] [pid 99073] [client 4.210.69.127:0] script '/domains/drsuper/7wom.php' not found or unable to stat
[Fri Feb 13 01:41:44.231365 2026] [php:error] [pid 99073] [client 4.210.69.127:0] script '/domains/drsuper/wp-access.php' not found or unable to stat
[Fri Feb 13 01:41:44.358597 2026] [php:error] [pid 99073] [client 4.210.69.127:0] script '/domains/drsuper/a1vx.php' not found or unable to stat
[Fri Feb 13 01:41:44.720358 2026] [php:error] [pid 99073] [client 4.210.69.127:0] script '/domains/drsuper/sbhu.php' not found or unable to stat
[Fri Feb 13 01:41:44.864249 2026] [php:error] [pid 99073] [client 4.210.69.127:0] script '/domains/drsuper/wp-the.php' not found or unable to stat
[Fri Feb 13 01:41:44.936353 2026] [php:error] [pid 99073] [client 4.210.69.127:0] script '/domains/drsuper/06.php' not found or unable to stat
[Fri Feb 13 01:41:45.066889 2026] [php:error] [pid 99073] [client 4.210.69.127:0] script '/domains/drsuper/wp5.php' not found or unable to stat
[Fri Feb 13 01:41:45.143526 2026] [php:error] [pid 99073] [client 4.210.69.127:0] script '/domains/drsuper/fot.php' not found or unable to stat
[Fri Feb 13 01:41:45.215993 2026] [php:error] [pid 99073] [client 4.210.69.127:0] script '/domains/drsuper/ff1.php' not found or unable to stat
[Fri Feb 13 01:41:45.288831 2026] [php:error] [pid 99073] [client 4.210.69.127:0] script '/domains/drsuper/forbidals.php' not found or unable to stat
[Fri Feb 13 01:41:45.396813 2026] [php:error] [pid 99073] [client 4.210.69.127:0] script '/domains/drsuper/erty.php' not found or unable to stat
[Fri Feb 13 01:41:45.520518 2026] [php:error] [pid 99073] [client 4.210.69.127:0] script '/domains/drsuper/dev1s.php' not found or unable to stat
[Fri Feb 13 01:41:45.593194 2026] [php:error] [pid 99073] [client 4.210.69.127:0] script '/domains/drsuper/ffd.php' not found or unable to stat
[Fri Feb 13 01:41:45.665127 2026] [php:error] [pid 99073] [client 4.210.69.127:0] script '/domains/drsuper/admiin.php' not found or unable to stat
[Fri Feb 13 01:41:45.737250 2026] [php:error] [pid 99073] [client 4.210.69.127:0] script '/domains/drsuper/ol.php' not found or unable to stat
[Fri Feb 13 01:41:45.831671 2026] [php:error] [pid 99073] [client 4.210.69.127:0] script '/domains/drsuper/Sanskrit.php' not found or unable to stat
[Fri Feb 13 01:41:46.009529 2026] [php:error] [pid 99073] [client 4.210.69.127:0] script '/domains/drsuper/vxrl.php' not found or unable to stat
[Fri Feb 13 01:41:46.082576 2026] [php:error] [pid 99073] [client 4.210.69.127:0] script '/domains/drsuper/re.php' not found or unable to stat
[Fri Feb 13 01:41:46.154830 2026] [php:error] [pid 99073] [client 4.210.69.127:0] script '/domains/drsuper/num.php' not found or unable to stat
[Fri Feb 13 01:41:46.228937 2026] [php:error] [pid 99073] [client 4.210.69.127:0] script '/domains/drsuper/axx.php' not found or unable to stat
[Fri Feb 13 01:41:46.354278 2026] [php:error] [pid 99073] [client 4.210.69.127:0] script '/domains/drsuper/vxrl.php' not found or unable to stat
[Fri Feb 13 01:41:46.587893 2026] [php:error] [pid 99073] [client 4.210.69.127:0] script '/domains/drsuper/in.php' not found or unable to stat
[Fri Feb 13 01:41:46.660387 2026] [php:error] [pid 99073] [client 4.210.69.127:0] script '/domains/drsuper/style.php' not found or unable to stat
[Fri Feb 13 01:41:46.732698 2026] [php:error] [pid 99073] [client 4.210.69.127:0] script '/domains/drsuper/we.php' not found or unable to stat
[Fri Feb 13 01:41:46.815939 2026] [php:error] [pid 99073] [client 4.210.69.127:0] script '/domains/drsuper/zwso.php' not found or unable to stat
[Fri Feb 13 01:41:46.888215 2026] [php:error] [pid 99073] [client 4.210.69.127:0] script '/domains/drsuper/karak.php' not found or unable to stat
[Fri Feb 13 01:41:46.975506 2026] [php:error] [pid 99073] [client 4.210.69.127:0] script '/domains/drsuper/trd.php' not found or unable to stat
[Fri Feb 13 01:41:47.100516 2026] [php:error] [pid 99073] [client 4.210.69.127:0] script '/domains/drsuper/past.php' not found or unable to stat
[Fri Feb 13 01:41:47.172729 2026] [php:error] [pid 99073] [client 4.210.69.127:0] script '/domains/drsuper/prv8.php' not found or unable to stat
[Fri Feb 13 01:41:47.256222 2026] [php:error] [pid 99073] [client 4.210.69.127:0] script '/domains/drsuper/i.php' not found or unable to stat
[Fri Feb 13 01:41:47.498487 2026] [php:error] [pid 99073] [client 4.210.69.127:0] script '/domains/drsuper/xmlrpc.php' not found or unable to stat
[Fri Feb 13 01:41:47.628511 2026] [php:error] [pid 99073] [client 4.210.69.127:0] script '/domains/drsuper/aw.php' not found or unable to stat
[Fri Feb 13 01:41:47.700794 2026] [php:error] [pid 99073] [client 4.210.69.127:0] script '/domains/drsuper/dev.php' not found or unable to stat
[Fri Feb 13 01:41:47.779508 2026] [php:error] [pid 99073] [client 4.210.69.127:0] script '/domains/drsuper/lock360.php' not found or unable to stat
[Fri Feb 13 01:41:47.852048 2026] [php:error] [pid 99073] [client 4.210.69.127:0] script '/domains/drsuper/155.php' not found or unable to stat
[Fri Feb 13 01:41:47.924855 2026] [php:error] [pid 99073] [client 4.210.69.127:0] script '/domains/drsuper/goat.php' not found or unable to stat
[Fri Feb 13 01:41:48.007261 2026] [php:error] [pid 99073] [client 4.210.69.127:0] script '/domains/drsuper/tcp.php' not found or unable to stat
[Fri Feb 13 01:41:48.080906 2026] [php:error] [pid 99073] [client 4.210.69.127:0] script '/domains/drsuper/ext.php' not found or unable to stat
[Fri Feb 13 01:41:48.223807 2026] [php:error] [pid 99073] [client 4.210.69.127:0] script '/domains/drsuper/inputs.php' not found or unable to stat
[Fri Feb 13 01:41:48.350362 2026] [php:error] [pid 99073] [client 4.210.69.127:0] script '/domains/drsuper/ioxi.php' not found or unable to stat
[Fri Feb 13 01:41:48.439692 2026] [php:error] [pid 99073] [client 4.210.69.127:0] script '/domains/drsuper/fe5.php' not found or unable to stat
[Fri Feb 13 01:41:48.568468 2026] [php:error] [pid 99073] [client 4.210.69.127:0] script '/domains/drsuper/ov.php' not found or unable to stat
[Fri Feb 13 01:41:48.712650 2026] [php:error] [pid 99073] [client 4.210.69.127:0] script '/domains/drsuper/default.php' not found or unable to stat
[Fri Feb 13 01:41:48.808345 2026] [php:error] [pid 99073] [client 4.210.69.127:0] script '/domains/drsuper/goods.php' not found or unable to stat
[Fri Feb 13 01:41:48.880465 2026] [php:error] [pid 99073] [client 4.210.69.127:0] script '/domains/drsuper/abcd.php' not found or unable to stat
[Fri Feb 13 01:41:48.952782 2026] [php:error] [pid 99073] [client 4.210.69.127:0] script '/domains/drsuper/nope.php' not found or unable to stat
[Fri Feb 13 01:41:49.024876 2026] [php:error] [pid 99073] [client 4.210.69.127:0] script '/domains/drsuper/class.1.php' not found or unable to stat
[Fri Feb 13 01:41:49.098127 2026] [php:error] [pid 99073] [client 4.210.69.127:0] script '/domains/drsuper/async.php' not found or unable to stat
[Fri Feb 13 01:41:49.217346 2026] [php:error] [pid 99073] [client 4.210.69.127:0] script '/domains/drsuper/ff.php' not found or unable to stat
[Fri Feb 13 01:41:49.304714 2026] [php:error] [pid 99073] [client 4.210.69.127:0] script '/domains/drsuper/ioxi-o.php' not found or unable to stat
[Fri Feb 13 01:41:49.407958 2026] [php:error] [pid 99073] [client 4.210.69.127:0] script '/domains/drsuper/manager.php' not found or unable to stat
[Fri Feb 13 01:41:49.635792 2026] [php:error] [pid 99073] [client 4.210.69.127:0] script '/domains/drsuper/wp-update.php' not found or unable to stat
[Fri Feb 13 01:41:49.922222 2026] [php:error] [pid 99073] [client 4.210.69.127:0] script '/domains/drsuper/file.php' not found or unable to stat
[Fri Feb 13 01:41:50.069512 2026] [php:error] [pid 99073] [client 4.210.69.127:0] script '/domains/drsuper/lc.php' not found or unable to stat
[Fri Feb 13 01:41:50.147077 2026] [php:error] [pid 99073] [client 4.210.69.127:0] script '/domains/drsuper/hexx.php' not found or unable to stat
[Fri Feb 13 01:41:50.242576 2026] [php:error] [pid 99073] [client 4.210.69.127:0] script '/domains/drsuper/cbrfo.php' not found or unable to stat
[Fri Feb 13 01:41:50.318720 2026] [php:error] [pid 99073] [client 4.210.69.127:0] script '/domains/drsuper/inc.php' not found or unable to stat
[Fri Feb 13 01:41:50.424343 2026] [php:error] [pid 99073] [client 4.210.69.127:0] script '/domains/drsuper/gifclass.php' not found or unable to stat
[Fri Feb 13 01:41:50.497342 2026] [php:error] [pid 99073] [client 4.210.69.127:0] script '/domains/drsuper/miansha.php' not found or unable to stat
[Fri Feb 13 01:41:50.569550 2026] [php:error] [pid 99073] [client 4.210.69.127:0] script '/domains/drsuper/tinyfilemanager.php' not found or unable to stat
[Fri Feb 13 01:41:50.747798 2026] [php:error] [pid 99073] [client 4.210.69.127:0] script '/domains/drsuper/xfile25.php' not found or unable to stat
[Fri Feb 13 01:41:50.820290 2026] [php:error] [pid 99073] [client 4.210.69.127:0] script '/domains/drsuper/ok.php' not found or unable to stat
[Fri Feb 13 01:41:51.393596 2026] [php:error] [pid 99076] [client 158.158.107.194:0] script '/domains/system_default/24.php' not found or unable to stat
[Fri Feb 13 01:41:53.497416 2026] [php:error] [pid 99069] [client 4.210.69.127:0] script '/domains/drsuper/fi.php' not found or unable to stat
[Fri Feb 13 01:41:53.747887 2026] [php:error] [pid 99069] [client 4.210.69.127:0] script '/domains/drsuper/muzu.php' not found or unable to stat
[Fri Feb 13 01:41:53.818851 2026] [php:error] [pid 99069] [client 4.210.69.127:0] script '/domains/drsuper/reze.php' not found or unable to stat
[Fri Feb 13 01:41:53.958939 2026] [php:error] [pid 99069] [client 4.210.69.127:0] script '/domains/drsuper/styll.php' not found or unable to stat
[Fri Feb 13 01:41:54.097771 2026] [php:error] [pid 99069] [client 4.210.69.127:0] script '/domains/drsuper/x7.php' not found or unable to stat
[Fri Feb 13 01:41:54.170862 2026] [php:error] [pid 99069] [client 4.210.69.127:0] script '/domains/drsuper/thebe.php' not found or unable to stat
[Fri Feb 13 01:41:54.241952 2026] [php:error] [pid 99069] [client 4.210.69.127:0] script '/domains/drsuper/ddd.php' not found or unable to stat
[Fri Feb 13 01:41:54.316557 2026] [php:error] [pid 99069] [client 4.210.69.127:0] script '/domains/drsuper/ccs.php' not found or unable to stat
[Fri Feb 13 01:41:54.440674 2026] [php:error] [pid 99069] [client 4.210.69.127:0] script '/domains/drsuper/bgymj.php' not found or unable to stat
[Fri Feb 13 01:41:54.563494 2026] [php:error] [pid 99069] [client 4.210.69.127:0] script '/domains/drsuper/8xyz.php' not found or unable to stat
[Fri Feb 13 01:41:54.634437 2026] [php:error] [pid 99069] [client 4.210.69.127:0] script '/domains/drsuper/ioxi.php' not found or unable to stat
[Fri Feb 13 01:41:54.730025 2026] [php:error] [pid 99069] [client 4.210.69.127:0] script '/domains/drsuper/xpwer1.php' not found or unable to stat
[Fri Feb 13 01:41:54.801131 2026] [php:error] [pid 99069] [client 4.210.69.127:0] script '/domains/drsuper/lala.php' not found or unable to stat
[Fri Feb 13 01:41:54.879148 2026] [php:error] [pid 99069] [client 4.210.69.127:0] script '/domains/drsuper/about.php' not found or unable to stat
[Fri Feb 13 01:41:55.303359 2026] [php:error] [pid 99069] [client 4.210.69.127:0] script '/domains/drsuper/info.php' not found or unable to stat
[Fri Feb 13 01:41:55.415313 2026] [php:error] [pid 99069] [client 4.210.69.127:0] script '/domains/drsuper/about.php' not found or unable to stat
[Fri Feb 13 01:41:55.651639 2026] [php:error] [pid 99069] [client 4.210.69.127:0] script '/domains/drsuper/222.php' not found or unable to stat
[Fri Feb 13 01:41:55.779152 2026] [php:error] [pid 99069] [client 4.210.69.127:0] script '/domains/drsuper/adminfuns.php' not found or unable to stat
[Fri Feb 13 01:41:55.994202 2026] [php:error] [pid 99069] [client 4.210.69.127:0] script '/domains/drsuper/xx.php' not found or unable to stat
[Fri Feb 13 01:41:56.188779 2026] [php:error] [pid 99069] [client 4.210.69.127:0] script '/domains/drsuper/f5.php' not found or unable to stat
[Fri Feb 13 01:41:56.259710 2026] [php:error] [pid 99069] [client 4.210.69.127:0] script '/domains/drsuper/flower.php' not found or unable to stat
[Fri Feb 13 01:41:56.330559 2026] [php:error] [pid 99069] [client 4.210.69.127:0] script '/domains/drsuper/f6.php' not found or unable to stat
[Fri Feb 13 01:41:56.507527 2026] [php:error] [pid 99069] [client 4.210.69.127:0] script '/domains/drsuper/edit.php' not found or unable to stat
[Fri Feb 13 01:41:56.578846 2026] [php:error] [pid 99069] [client 4.210.69.127:0] script '/domains/drsuper/aa.php' not found or unable to stat
[Fri Feb 13 01:41:57.008144 2026] [php:error] [pid 99069] [client 4.210.69.127:0] script '/domains/drsuper/av.php' not found or unable to stat
[Fri Feb 13 01:41:57.272252 2026] [php:error] [pid 99069] [client 4.210.69.127:0] script '/domains/drsuper/wsd.php' not found or unable to stat
[Fri Feb 13 01:41:57.381187 2026] [php:error] [pid 99069] [client 4.210.69.127:0] script '/domains/drsuper/jane.php' not found or unable to stat
[Fri Feb 13 01:41:57.458823 2026] [php:error] [pid 99069] [client 4.210.69.127:0] script '/domains/drsuper/css.php' not found or unable to stat
[Fri Feb 13 01:41:57.550090 2026] [php:error] [pid 99069] [client 4.210.69.127:0] script '/domains/drsuper/alfa.php' not found or unable to stat
[Fri Feb 13 01:41:57.713517 2026] [php:error] [pid 99069] [client 4.210.69.127:0] script '/domains/drsuper/wen.php' not found or unable to stat
[Fri Feb 13 01:41:57.784874 2026] [php:error] [pid 99069] [client 4.210.69.127:0] script '/domains/drsuper/x.php' not found or unable to stat
[Fri Feb 13 01:41:57.856266 2026] [php:error] [pid 99069] [client 4.210.69.127:0] script '/domains/drsuper/xxxx.php' not found or unable to stat
[Fri Feb 13 01:41:57.932916 2026] [php:error] [pid 99069] [client 4.210.69.127:0] script '/domains/drsuper/class.php' not found or unable to stat
[Fri Feb 13 01:41:58.010732 2026] [php:error] [pid 99069] [client 4.210.69.127:0] script '/domains/drsuper/f35.php' not found or unable to stat
[Fri Feb 13 01:41:58.551581 2026] [php:error] [pid 99069] [client 4.210.69.127:0] script '/domains/drsuper/class-t.api.php' not found or unable to stat
[Fri Feb 13 01:41:58.633653 2026] [php:error] [pid 99069] [client 4.210.69.127:0] script '/domains/drsuper/blurbs18.php' not found or unable to stat
[Fri Feb 13 01:41:59.262044 2026] [php:error] [pid 99069] [client 4.210.69.127:0] script '/domains/drsuper/bless11.php' not found or unable to stat
[Fri Feb 13 01:41:59.370675 2026] [php:error] [pid 99069] [client 4.210.69.127:0] script '/domains/drsuper/init.php' not found or unable to stat
[Fri Feb 13 01:41:59.547653 2026] [php:error] [pid 99069] [client 4.210.69.127:0] script '/domains/drsuper/k.php' not found or unable to stat
[Fri Feb 13 01:41:59.619493 2026] [php:error] [pid 99069] [client 4.210.69.127:0] script '/domains/drsuper/bless.php' not found or unable to stat
[Fri Feb 13 01:41:59.698222 2026] [php:error] [pid 99069] [client 4.210.69.127:0] script '/domains/drsuper/X7x.php' not found or unable to stat
[Fri Feb 13 01:41:59.891639 2026] [php:error] [pid 99069] [client 4.210.69.127:0] script '/domains/drsuper/166.php' not found or unable to stat
[Fri Feb 13 01:41:59.962759 2026] [php:error] [pid 99069] [client 4.210.69.127:0] script '/domains/drsuper/plss3.php' not found or unable to stat
[Fri Feb 13 01:42:00.223193 2026] [php:error] [pid 99069] [client 4.210.69.127:0] script '/domains/drsuper/admins.php' not found or unable to stat
[Fri Feb 13 01:42:00.295021 2026] [php:error] [pid 99069] [client 4.210.69.127:0] script '/domains/drsuper/wp.php' not found or unable to stat
[Fri Feb 13 01:42:00.366928 2026] [php:error] [pid 99069] [client 4.210.69.127:0] script '/domains/drsuper/main.php' not found or unable to stat
[Fri Feb 13 01:42:00.439514 2026] [php:error] [pid 99069] [client 4.210.69.127:0] script '/domains/drsuper/a1.php' not found or unable to stat
[Fri Feb 13 01:42:00.511190 2026] [php:error] [pid 99069] [client 4.210.69.127:0] script '/domains/drsuper/lala.php' not found or unable to stat
[Fri Feb 13 01:42:00.582763 2026] [php:error] [pid 99069] [client 4.210.69.127:0] script '/domains/drsuper/aaa.php' not found or unable to stat
[Fri Feb 13 01:42:00.654940 2026] [php:error] [pid 99069] [client 4.210.69.127:0] script '/domains/drsuper/a2.php' not found or unable to stat
[Fri Feb 13 01:42:00.959594 2026] [php:error] [pid 99069] [client 4.210.69.127:0] script '/domains/drsuper/nyan.php' not found or unable to stat
[Fri Feb 13 01:42:01.078674 2026] [php:error] [pid 99069] [client 4.210.69.127:0] script '/domains/drsuper/jsond.php' not found or unable to stat
[Fri Feb 13 01:42:20.235669 2026] [php:error] [pid 99074] [client 145.239.10.137:0] script '/domains/micra/tcb.php' not found or unable to stat, referer: http://micradc.com/tcb.php
[Fri Feb 13 01:42:32.950587 2026] [php:error] [pid 99074] [client 51.120.70.159:0] script '/domains/homesbyaudrey1/24.php' not found or unable to stat
[Fri Feb 13 01:43:06.323141 2026] [php:error] [pid 99079] [client 34.147.64.172:0] script '/domains/brenties/ygrf.php' not found or unable to stat
[Fri Feb 13 01:43:16.310606 2026] [php:error] [pid 99074] [client 20.215.48.26:0] script '/domains/system_suspended/24.php' not found or unable to stat
[Fri Feb 13 01:43:27.987537 2026] [php:error] [pid 99074] [client 34.158.99.127:0] script '/domains/brenties/ygrf.php' not found or unable to stat
[Fri Feb 13 01:44:03.316090 2026] [php:error] [pid 99074] [client 172.213.222.67:0] script '/domains/testregisgroup/24.php' not found or unable to stat
[Fri Feb 13 01:44:20.447691 2026] [php:error] [pid 99077] [client 212.64.215.64:0] script '/domains/piltdweb1/wp-login.php' not found or unable to stat, referer: https://piltd.com/wp-login.php
[Fri Feb 13 01:44:20.690878 2026] [php:error] [pid 99077] [client 212.64.215.64:0] script '/domains/piltdweb1/wp-login.php' not found or unable to stat, referer: https://piltd.com/wp-login.php
[Fri Feb 13 01:44:20.933012 2026] [php:error] [pid 99077] [client 212.64.215.64:0] script '/domains/piltdweb1/wp-login.php' not found or unable to stat, referer: https://piltd.com/wp-login.php
[Fri Feb 13 01:44:22.046834 2026] [php:error] [pid 4758] [client 74.248.153.203:0] script '/domains/familyplayhouse2/cgi-bin/radio.php' not found or unable to stat
[Fri Feb 13 01:44:22.758979 2026] [php:error] [pid 4758] [client 74.248.153.203:0] script '/domains/familyplayhouse2/about.php' not found or unable to stat
[Fri Feb 13 01:44:23.081644 2026] [php:error] [pid 4758] [client 74.248.153.203:0] script '/domains/familyplayhouse2/system.php' not found or unable to stat
[Fri Feb 13 01:44:23.450636 2026] [php:error] [pid 4758] [client 74.248.153.203:0] script '/domains/familyplayhouse2/ini.php' not found or unable to stat
[Fri Feb 13 01:44:25.075777 2026] [php:error] [pid 99082] [client 74.248.153.203:0] script '/domains/familyplayhouse2/content.php' not found or unable to stat
