[Fri Feb 13 00:17:49.865630 2026] [core:error] [pid 86949] [client 69.243.34.118:0] AH10244: invalid URI path (/../../../AppData/Local/Temp/msohtmlclip1/01/clip_image001.jpg)
[Fri Feb 13 00:17:49.909437 2026] [core:error] [pid 86950] [client 69.243.34.118:0] AH10244: invalid URI path (/../../../AppData/Local/Temp/msohtmlclip1/01/clip_image001.jpg)
[Fri Feb 13 00:17:50.020065 2026] [core:error] [pid 86947] [client 69.243.34.118:0] AH10244: invalid URI path (/../../../AppData/Local/Temp/msohtmlclip1/01/clip_image001.jpg)
[Fri Feb 13 00:17:50.070522 2026] [core:error] [pid 86952] [client 69.243.34.118:0] AH10244: invalid URI path (/../../../AppData/Local/Temp/msohtmlclip1/01/clip_image001.jpg)
[Fri Feb 13 00:17:50.210564 2026] [core:error] [pid 86950] [client 69.243.34.118:0] AH10244: invalid URI path (/../../../AppData/Local/Temp/msohtmlclip1/01/clip_image001.jpg)
[Fri Feb 13 00:17:50.253542 2026] [core:error] [pid 86948] [client 69.243.34.118:0] AH10244: invalid URI path (/../../../AppData/Local/Temp/msohtmlclip1/01/clip_image001.jpg)
[Fri Feb 13 00:18:04.471613 2026] [core:error] [pid 86947] [client 69.243.34.118:0] AH10244: invalid URI path (/../../../AppData/Local/Temp/msohtmlclip1/01/clip_image001.jpg)
[Fri Feb 13 00:18:04.523561 2026] [core:error] [pid 86950] [client 69.243.34.118:0] AH10244: invalid URI path (/../../../AppData/Local/Temp/msohtmlclip1/01/clip_image001.jpg)
[Fri Feb 13 00:18:04.668143 2026] [core:error] [pid 86947] [client 69.243.34.118:0] AH10244: invalid URI path (/../../../AppData/Local/Temp/msohtmlclip1/01/clip_image001.jpg)
[Fri Feb 13 00:18:04.715918 2026] [core:error] [pid 86950] [client 69.243.34.118:0] AH10244: invalid URI path (/../../../AppData/Local/Temp/msohtmlclip1/01/clip_image001.jpg)
[Fri Feb 13 00:18:04.858901 2026] [core:error] [pid 86947] [client 69.243.34.118:0] AH10244: invalid URI path (/../../../AppData/Local/Temp/msohtmlclip1/01/clip_image001.jpg)
[Fri Feb 13 00:18:04.902050 2026] [core:error] [pid 86950] [client 69.243.34.118:0] AH10244: invalid URI path (/../../../AppData/Local/Temp/msohtmlclip1/01/clip_image001.jpg)
[Fri Feb 13 00:18:05.061249 2026] [core:error] [pid 86946] [client 69.243.34.118:0] AH10244: invalid URI path (/../../../AppData/Local/Temp/msohtmlclip1/01/clip_image001.jpg)
[Fri Feb 13 00:18:05.104912 2026] [core:error] [pid 86947] [client 69.243.34.118:0] AH10244: invalid URI path (/../../../AppData/Local/Temp/msohtmlclip1/01/clip_image001.jpg)
[Fri Feb 13 00:18:05.687809 2026] [php:error] [pid 86943] [client 51.103.143.156:0] script '/domains/system_default/zwso.php' not found or unable to stat
[Fri Feb 13 00:18:05.912101 2026] [php:error] [pid 86943] [client 51.103.143.156:0] script '/domains/system_default/class19.php' not found or unable to stat
[Fri Feb 13 00:18:06.013308 2026] [php:error] [pid 86943] [client 51.103.143.156:0] script '/domains/system_default/class20.php' not found or unable to stat
[Fri Feb 13 00:18:06.114466 2026] [php:error] [pid 86943] [client 51.103.143.156:0] script '/domains/system_default/admin.php' not found or unable to stat
[Fri Feb 13 00:18:06.215974 2026] [php:error] [pid 86943] [client 51.103.143.156:0] script '/domains/system_default/randkeyword.php' not found or unable to stat
[Fri Feb 13 00:18:06.594541 2026] [php:error] [pid 86943] [client 51.103.143.156:0] script '/domains/system_default/fwe.php' not found or unable to stat
[Fri Feb 13 00:18:07.338967 2026] [php:error] [pid 86943] [client 51.103.143.156:0] script '/domains/system_default/g.php' not found or unable to stat
[Fri Feb 13 00:18:07.440721 2026] [php:error] [pid 86943] [client 51.103.143.156:0] script '/domains/system_default/tx1.php' not found or unable to stat
[Fri Feb 13 00:18:07.541782 2026] [php:error] [pid 86943] [client 51.103.143.156:0] script '/domains/system_default/xv.php' not found or unable to stat
[Fri Feb 13 00:18:08.002810 2026] [php:error] [pid 86943] [client 51.103.143.156:0] script '/domains/system_default/x56.php' not found or unable to stat
[Fri Feb 13 00:18:08.132232 2026] [php:error] [pid 86943] [client 51.103.143.156:0] script '/domains/system_default/htaccess.php' not found or unable to stat
[Fri Feb 13 00:18:08.266789 2026] [php:error] [pid 86943] [client 51.103.143.156:0] script '/domains/system_default/readme.php' not found or unable to stat
[Fri Feb 13 00:18:08.367965 2026] [php:error] [pid 86943] [client 51.103.143.156:0] script '/domains/system_default/x50.php' not found or unable to stat
[Fri Feb 13 00:18:08.481224 2026] [php:error] [pid 86943] [client 51.103.143.156:0] script '/domains/system_default/fv.php' not found or unable to stat
[Fri Feb 13 00:18:08.586589 2026] [php:error] [pid 86943] [client 51.103.143.156:0] script '/domains/system_default/file.php' not found or unable to stat
[Fri Feb 13 00:18:08.715408 2026] [php:error] [pid 86943] [client 51.103.143.156:0] script '/domains/system_default/lsd.php' not found or unable to stat
[Fri Feb 13 00:18:08.816708 2026] [php:error] [pid 86943] [client 51.103.143.156:0] script '/domains/system_default/as.php' not found or unable to stat
[Fri Feb 13 00:18:08.920362 2026] [php:error] [pid 86943] [client 51.103.143.156:0] script '/domains/system_default/wsd.php' not found or unable to stat
[Fri Feb 13 00:18:09.022497 2026] [php:error] [pid 86943] [client 51.103.143.156:0] script '/domains/system_default/gtc.php' not found or unable to stat
[Fri Feb 13 00:18:09.133180 2026] [php:error] [pid 86943] [client 51.103.143.156:0] script '/domains/system_default/atx.php' not found or unable to stat
[Fri Feb 13 00:18:09.236083 2026] [php:error] [pid 86943] [client 51.103.143.156:0] script '/domains/system_default/m.php' not found or unable to stat
[Fri Feb 13 00:18:09.357841 2026] [php:error] [pid 86943] [client 51.103.143.156:0] script '/domains/system_default/themes.php' not found or unable to stat
[Fri Feb 13 00:18:09.673386 2026] [php:error] [pid 86943] [client 51.103.143.156:0] script '/domains/system_default/click.php' not found or unable to stat
[Fri Feb 13 00:18:09.775189 2026] [php:error] [pid 86943] [client 51.103.143.156:0] script '/domains/system_default/install.php' not found or unable to stat
[Fri Feb 13 00:18:09.892462 2026] [php:error] [pid 86943] [client 51.103.143.156:0] script '/domains/system_default/lv.php' not found or unable to stat
[Fri Feb 13 00:18:09.999443 2026] [php:error] [pid 86943] [client 51.103.143.156:0] script '/domains/system_default/simple.php' not found or unable to stat
[Fri Feb 13 00:18:10.585460 2026] [php:error] [pid 86943] [client 51.103.143.156:0] script '/domains/system_default/css.php' not found or unable to stat
[Fri Feb 13 00:18:10.964286 2026] [php:error] [pid 86943] [client 51.103.143.156:0] script '/domains/system_default/cong.php' not found or unable to stat
[Fri Feb 13 00:18:11.177870 2026] [php:error] [pid 86943] [client 51.103.143.156:0] script '/domains/system_default/cong.php' not found or unable to stat
[Fri Feb 13 00:18:11.304391 2026] [php:error] [pid 86943] [client 51.103.143.156:0] script '/domains/system_default/w.php' not found or unable to stat
[Fri Feb 13 00:18:11.422137 2026] [php:error] [pid 86943] [client 51.103.143.156:0] script '/domains/system_default/0x.php' not found or unable to stat
[Fri Feb 13 00:18:11.567074 2026] [php:error] [pid 86943] [client 51.103.143.156:0] script '/domains/system_default/css.php' not found or unable to stat
[Fri Feb 13 00:18:11.787629 2026] [php:error] [pid 86943] [client 51.103.143.156:0] script '/domains/system_default/admin.php' not found or unable to stat
[Fri Feb 13 00:18:11.996446 2026] [php:error] [pid 86943] [client 51.103.143.156:0] script '/domains/system_default/classwithtostring.php' not found or unable to stat
[Fri Feb 13 00:18:12.130604 2026] [php:error] [pid 86943] [client 51.103.143.156:0] script '/domains/system_default/abcd.php' not found or unable to stat
[Fri Feb 13 00:18:12.252688 2026] [php:error] [pid 86943] [client 51.103.143.156:0] script '/domains/system_default/autoload_classmap.php' not found or unable to stat
[Fri Feb 13 00:18:12.353806 2026] [php:error] [pid 86943] [client 51.103.143.156:0] script '/domains/system_default/inputs.php' not found or unable to stat
[Fri Feb 13 00:18:12.473762 2026] [php:error] [pid 86943] [client 51.103.143.156:0] script '/domains/system_default/about.php' not found or unable to stat
[Fri Feb 13 00:18:12.574714 2026] [php:error] [pid 86943] [client 51.103.143.156:0] script '/domains/system_default/alfa.php' not found or unable to stat
[Fri Feb 13 00:18:13.669279 2026] [php:error] [pid 86943] [client 51.103.143.156:0] script '/domains/system_default/manager.php' not found or unable to stat
[Fri Feb 13 00:18:13.771919 2026] [php:error] [pid 86943] [client 51.103.143.156:0] script '/domains/system_default/item.php' not found or unable to stat
[Fri Feb 13 00:18:14.007395 2026] [php:error] [pid 86943] [client 51.103.143.156:0] script '/domains/system_default/404.php' not found or unable to stat
[Fri Feb 13 00:18:14.109921 2026] [php:error] [pid 86943] [client 51.103.143.156:0] script '/domains/system_default/mail.php' not found or unable to stat
[Fri Feb 13 00:18:14.350095 2026] [php:error] [pid 86943] [client 51.103.143.156:0] script '/domains/system_default/sx.php' not found or unable to stat
[Fri Feb 13 00:18:14.610994 2026] [php:error] [pid 86943] [client 51.103.143.156:0] script '/domains/system_default/alfa.php' not found or unable to stat
[Fri Feb 13 00:18:14.722111 2026] [php:error] [pid 86943] [client 51.103.143.156:0] script '/domains/system_default/1.php' not found or unable to stat
[Fri Feb 13 00:18:14.849695 2026] [php:error] [pid 86943] [client 51.103.143.156:0] script '/domains/system_default/byp.php' not found or unable to stat
[Fri Feb 13 00:18:14.950639 2026] [php:error] [pid 86943] [client 51.103.143.156:0] script '/domains/system_default/wp-trackback.php' not found or unable to stat
[Fri Feb 13 00:18:15.356937 2026] [php:error] [pid 86943] [client 51.103.143.156:0] script '/domains/system_default/gmo.php' not found or unable to stat
[Fri Feb 13 00:18:16.650155 2026] [php:error] [pid 86943] [client 51.103.143.156:0] script '/domains/system_default/ww1.php' not found or unable to stat
[Fri Feb 13 00:18:17.506142 2026] [php:error] [pid 86946] [client 51.103.143.156:0] script '/domains/system_default/security.php' not found or unable to stat
[Fri Feb 13 00:18:18.904886 2026] [php:error] [pid 86946] [client 51.103.143.156:0] script '/domains/system_default/class.php' not found or unable to stat
[Fri Feb 13 00:18:19.006649 2026] [php:error] [pid 86946] [client 51.103.143.156:0] script '/domains/system_default/bless5.php' not found or unable to stat
[Fri Feb 13 00:18:19.314074 2026] [php:error] [pid 86946] [client 51.103.143.156:0] script '/domains/system_default/ioxi-o1.php' not found or unable to stat
[Fri Feb 13 00:18:19.416031 2026] [php:error] [pid 86946] [client 51.103.143.156:0] script '/domains/system_default/juuuu.php' not found or unable to stat
[Fri Feb 13 00:18:19.519130 2026] [php:error] [pid 86946] [client 51.103.143.156:0] script '/domains/system_default/ha.php' not found or unable to stat
[Fri Feb 13 00:18:19.653404 2026] [php:error] [pid 86946] [client 51.103.143.156:0] script '/domains/system_default/we2.php' not found or unable to stat
[Fri Feb 13 00:18:19.824180 2026] [php:error] [pid 86946] [client 51.103.143.156:0] script '/domains/system_default/04.php' not found or unable to stat
[Fri Feb 13 00:18:19.926081 2026] [php:error] [pid 86946] [client 51.103.143.156:0] script '/domains/system_default/333.php' not found or unable to stat
[Fri Feb 13 00:18:20.027646 2026] [php:error] [pid 86946] [client 51.103.143.156:0] script '/domains/system_default/520.php' not found or unable to stat
[Fri Feb 13 00:18:20.163306 2026] [php:error] [pid 86946] [client 51.103.143.156:0] script '/domains/system_default/ar.php' not found or unable to stat
[Fri Feb 13 00:18:20.757957 2026] [php:error] [pid 86946] [client 51.103.143.156:0] script '/domains/system_default/x.php' not found or unable to stat
[Fri Feb 13 00:18:20.885780 2026] [php:error] [pid 86946] [client 51.103.143.156:0] script '/domains/system_default/xx.php' not found or unable to stat
[Fri Feb 13 00:18:20.999173 2026] [php:error] [pid 86946] [client 51.103.143.156:0] script '/domains/system_default/gifclass4.php' not found or unable to stat
[Fri Feb 13 00:18:21.101150 2026] [php:error] [pid 86946] [client 51.103.143.156:0] script '/domains/system_default/2clas.php' not found or unable to stat
[Fri Feb 13 00:18:21.217942 2026] [php:error] [pid 86946] [client 51.103.143.156:0] script '/domains/system_default/ave.php' not found or unable to stat
[Fri Feb 13 00:18:21.338371 2026] [php:error] [pid 86946] [client 51.103.143.156:0] script '/domains/system_default/wrt.php' not found or unable to stat
[Fri Feb 13 00:18:21.457779 2026] [php:error] [pid 86946] [client 51.103.143.156:0] script '/domains/system_default/bibil.php' not found or unable to stat
[Fri Feb 13 00:18:21.592623 2026] [php:error] [pid 86946] [client 51.103.143.156:0] script '/domains/system_default/radio.php' not found or unable to stat
[Fri Feb 13 00:18:21.712391 2026] [php:error] [pid 86946] [client 51.103.143.156:0] script '/domains/system_default/files.php' not found or unable to stat
[Fri Feb 13 00:18:21.846037 2026] [php:error] [pid 86946] [client 51.103.143.156:0] script '/domains/system_default/file7.php' not found or unable to stat
[Fri Feb 13 00:18:21.951780 2026] [php:error] [pid 86946] [client 51.103.143.156:0] script '/domains/system_default/gifclass.php' not found or unable to stat
[Fri Feb 13 00:18:22.157599 2026] [php:error] [pid 86946] [client 51.103.143.156:0] script '/domains/system_default/nox.php' not found or unable to stat
[Fri Feb 13 00:18:22.261924 2026] [php:error] [pid 86946] [client 51.103.143.156:0] script '/domains/system_default/file48.php' not found or unable to stat
[Fri Feb 13 00:18:22.386992 2026] [php:error] [pid 86946] [client 51.103.143.156:0] script '/domains/system_default/info.php' not found or unable to stat
[Fri Feb 13 00:18:22.488596 2026] [php:error] [pid 86946] [client 51.103.143.156:0] script '/domains/system_default/class9.php' not found or unable to stat
[Fri Feb 13 00:18:22.592843 2026] [php:error] [pid 86946] [client 51.103.143.156:0] script '/domains/system_default/la.php' not found or unable to stat
[Fri Feb 13 00:18:22.754815 2026] [php:error] [pid 86946] [client 51.103.143.156:0] script '/domains/system_default/bless11.php' not found or unable to stat
[Fri Feb 13 00:18:22.856753 2026] [php:error] [pid 86946] [client 51.103.143.156:0] script '/domains/system_default/ccou.php' not found or unable to stat
[Fri Feb 13 00:18:22.975409 2026] [php:error] [pid 86946] [client 51.103.143.156:0] script '/domains/system_default/ton.php' not found or unable to stat
[Fri Feb 13 00:18:23.093610 2026] [php:error] [pid 86946] [client 51.103.143.156:0] script '/domains/system_default/403.php' not found or unable to stat
[Fri Feb 13 00:18:23.224235 2026] [php:error] [pid 86946] [client 51.103.143.156:0] script '/domains/system_default/file9.php' not found or unable to stat
[Fri Feb 13 00:18:23.260939 2026] [php:error] [pid 86955] [client 20.203.180.35:0] script '/domains/system_default/24.php' not found or unable to stat
[Fri Feb 13 00:18:23.325726 2026] [php:error] [pid 86946] [client 51.103.143.156:0] script '/domains/system_default/ac.php' not found or unable to stat
[Fri Feb 13 00:18:23.427462 2026] [php:error] [pid 86946] [client 51.103.143.156:0] script '/domains/system_default/new4.php' not found or unable to stat
[Fri Feb 13 00:18:23.530093 2026] [php:error] [pid 86946] [client 51.103.143.156:0] script '/domains/system_default/pop.php' not found or unable to stat
[Fri Feb 13 00:18:23.716125 2026] [php:error] [pid 86946] [client 51.103.143.156:0] script '/domains/system_default/az.php' not found or unable to stat
[Fri Feb 13 00:18:23.876780 2026] [php:error] [pid 86946] [client 51.103.143.156:0] script '/domains/system_default/xaz.php' not found or unable to stat
[Fri Feb 13 00:18:23.977875 2026] [php:error] [pid 86946] [client 51.103.143.156:0] script '/domains/system_default/up4.php' not found or unable to stat
[Fri Feb 13 00:18:24.465226 2026] [php:error] [pid 86946] [client 51.103.143.156:0] script '/domains/system_default/1aa.php' not found or unable to stat
[Fri Feb 13 00:18:24.566463 2026] [php:error] [pid 86946] [client 51.103.143.156:0] script '/domains/system_default/elp.php' not found or unable to stat
[Fri Feb 13 00:18:24.693110 2026] [php:error] [pid 86946] [client 51.103.143.156:0] script '/domains/system_default/wtz.php' not found or unable to stat
[Fri Feb 13 00:18:24.815092 2026] [php:error] [pid 86946] [client 51.103.143.156:0] script '/domains/system_default/galex.php' not found or unable to stat
[Fri Feb 13 00:18:24.933072 2026] [php:error] [pid 86946] [client 51.103.143.156:0] script '/domains/system_default/xb.php' not found or unable to stat
[Fri Feb 13 00:18:25.034468 2026] [php:error] [pid 86946] [client 51.103.143.156:0] script '/domains/system_default/ova.php' not found or unable to stat
[Fri Feb 13 00:18:25.180217 2026] [php:error] [pid 86946] [client 51.103.143.156:0] script '/domains/system_default/vx.php' not found or unable to stat
[Fri Feb 13 00:18:25.405365 2026] [php:error] [pid 86946] [client 51.103.143.156:0] script '/domains/system_default/rh.php' not found or unable to stat
[Fri Feb 13 00:19:31.243240 2026] [php:error] [pid 86959] [client 172.213.161.82:0] script '/domains/davidbacker/24.php' not found or unable to stat
[Fri Feb 13 00:19:45.788891 2026] [php:error] [pid 86959] [client 40.69.66.178:0] script '/domains/metrolighting/24.php' not found or unable to stat
[Fri Feb 13 00:20:05.504157 2026] [php:error] [pid 86959] [client 107.189.25.71:0] script '/domains/markrose/kickstart.php' not found or unable to stat
[Fri Feb 13 00:20:39.400037 2026] [core:error] [pid 86984] [client 69.243.34.118:0] AH10244: invalid URI path (/../../../AppData/Local/Temp/msohtmlclip1/01/clip_image001.jpg)
[Fri Feb 13 00:20:39.457241 2026] [core:error] [pid 86985] [client 69.243.34.118:0] AH10244: invalid URI path (/../../../AppData/Local/Temp/msohtmlclip1/01/clip_image001.jpg)
[Fri Feb 13 00:20:39.603615 2026] [core:error] [pid 86984] [client 69.243.34.118:0] AH10244: invalid URI path (/../../../AppData/Local/Temp/msohtmlclip1/01/clip_image001.jpg)
[Fri Feb 13 00:20:39.651532 2026] [core:error] [pid 86985] [client 69.243.34.118:0] AH10244: invalid URI path (/../../../AppData/Local/Temp/msohtmlclip1/01/clip_image001.jpg)
[Fri Feb 13 00:20:39.786233 2026] [core:error] [pid 86984] [client 69.243.34.118:0] AH10244: invalid URI path (/../../../AppData/Local/Temp/msohtmlclip1/01/clip_image001.jpg)
[Fri Feb 13 00:20:39.827197 2026] [core:error] [pid 86985] [client 69.243.34.118:0] AH10244: invalid URI path (/../../../AppData/Local/Temp/msohtmlclip1/01/clip_image001.jpg)
[Fri Feb 13 00:20:39.979906 2026] [core:error] [pid 86984] [client 69.243.34.118:0] AH10244: invalid URI path (/../../../AppData/Local/Temp/msohtmlclip1/01/clip_image001.jpg)
[Fri Feb 13 00:20:40.024181 2026] [core:error] [pid 86985] [client 69.243.34.118:0] AH10244: invalid URI path (/../../../AppData/Local/Temp/msohtmlclip1/01/clip_image001.jpg)
[Fri Feb 13 00:20:56.508119 2026] [php:error] [pid 86983] [client 141.98.11.169:0] script '/domains/abtechsci/wp-login.php' not found or unable to stat
[Fri Feb 13 00:21:12.999737 2026] [php:error] [pid 86987] [client 72.146.12.102:0] script '/domains/tennex/new4.php' not found or unable to stat
[Fri Feb 13 00:21:13.193667 2026] [php:error] [pid 86987] [client 72.146.12.102:0] script '/domains/tennex/xoot.php' not found or unable to stat
[Fri Feb 13 00:21:13.283968 2026] [php:error] [pid 86987] [client 72.146.12.102:0] script '/domains/tennex/wp-al.php' not found or unable to stat
[Fri Feb 13 00:21:13.374647 2026] [php:error] [pid 86987] [client 72.146.12.102:0] script '/domains/tennex/w-a.php' not found or unable to stat
[Fri Feb 13 00:21:13.465362 2026] [php:error] [pid 86987] [client 72.146.12.102:0] script '/domains/tennex/alfashell.php' not found or unable to stat
[Fri Feb 13 00:21:13.562875 2026] [php:error] [pid 86987] [client 72.146.12.102:0] script '/domains/tennex/toine.php' not found or unable to stat
[Fri Feb 13 00:21:13.665111 2026] [php:error] [pid 86987] [client 72.146.12.102:0] script '/domains/tennex/snus.php' not found or unable to stat
[Fri Feb 13 00:21:13.816613 2026] [php:error] [pid 86987] [client 72.146.12.102:0] script '/domains/tennex/ZeLXoo.php' not found or unable to stat
[Fri Feb 13 00:21:13.898214 2026] [php:error] [pid 86982] [client 20.43.58.219:0] script '/domains/lover/galex.php' not found or unable to stat
[Fri Feb 13 00:21:13.906809 2026] [php:error] [pid 86987] [client 72.146.12.102:0] script '/domains/tennex/xda.php' not found or unable to stat
[Fri Feb 13 00:21:13.992693 2026] [php:error] [pid 86982] [client 20.43.58.219:0] script '/domains/lover/xa.php' not found or unable to stat
[Fri Feb 13 00:21:14.079022 2026] [php:error] [pid 86982] [client 20.43.58.219:0] script '/domains/lover/pass4.php' not found or unable to stat
[Fri Feb 13 00:21:14.166501 2026] [php:error] [pid 86982] [client 20.43.58.219:0] script '/domains/lover/X57.php' not found or unable to stat
[Fri Feb 13 00:21:14.205159 2026] [php:error] [pid 86987] [client 72.146.12.102:0] script '/domains/tennex/er.php' not found or unable to stat
[Fri Feb 13 00:21:14.269213 2026] [php:error] [pid 86982] [client 20.43.58.219:0] script '/domains/lover/503.php' not found or unable to stat
[Fri Feb 13 00:21:14.296102 2026] [php:error] [pid 86987] [client 72.146.12.102:0] script '/domains/tennex/fault.php' not found or unable to stat
[Fri Feb 13 00:21:14.388807 2026] [php:error] [pid 86982] [client 20.43.58.219:0] script '/domains/lover/indeex.php' not found or unable to stat
[Fri Feb 13 00:21:14.398931 2026] [php:error] [pid 86987] [client 72.146.12.102:0] script '/domains/tennex/x2x.php' not found or unable to stat
[Fri Feb 13 00:21:14.480210 2026] [php:error] [pid 86982] [client 20.43.58.219:0] script '/domains/lover/wp-4doption1.php' not found or unable to stat
[Fri Feb 13 00:21:14.496471 2026] [php:error] [pid 86987] [client 72.146.12.102:0] script '/domains/tennex/motu.php' not found or unable to stat
[Fri Feb 13 00:21:14.578969 2026] [php:error] [pid 86982] [client 20.43.58.219:0] script '/domains/lover/ioxi1.php' not found or unable to stat
[Fri Feb 13 00:21:14.665082 2026] [php:error] [pid 86982] [client 20.43.58.219:0] script '/domains/lover/bgymj.php' not found or unable to stat
[Fri Feb 13 00:21:14.707264 2026] [php:error] [pid 86987] [client 72.146.12.102:0] script '/domains/tennex/66.php' not found or unable to stat
[Fri Feb 13 00:21:14.751561 2026] [php:error] [pid 86982] [client 20.43.58.219:0] script '/domains/lover/alfashell.php' not found or unable to stat
[Fri Feb 13 00:21:14.827558 2026] [php:error] [pid 86987] [client 72.146.12.102:0] script '/domains/tennex/leuk.php' not found or unable to stat
[Fri Feb 13 00:21:14.837479 2026] [php:error] [pid 86982] [client 20.43.58.219:0] script '/domains/lover/Capte.php' not found or unable to stat
[Fri Feb 13 00:21:14.918531 2026] [php:error] [pid 86987] [client 72.146.12.102:0] script '/domains/tennex/xqq.php' not found or unable to stat
[Fri Feb 13 00:21:14.923104 2026] [php:error] [pid 86982] [client 20.43.58.219:0] script '/domains/lover/as.php' not found or unable to stat
[Fri Feb 13 00:21:15.008734 2026] [php:error] [pid 86982] [client 20.43.58.219:0] script '/domains/lover/aaa.php' not found or unable to stat
[Fri Feb 13 00:21:15.049516 2026] [php:error] [pid 86987] [client 72.146.12.102:0] script '/domains/tennex/kolda.php' not found or unable to stat
[Fri Feb 13 00:21:15.094931 2026] [php:error] [pid 86982] [client 20.43.58.219:0] script '/domains/lover/ccou.php' not found or unable to stat
[Fri Feb 13 00:21:15.219307 2026] [php:error] [pid 86982] [client 20.43.58.219:0] script '/domains/lover/fff.php' not found or unable to stat
[Fri Feb 13 00:21:15.274962 2026] [php:error] [pid 86987] [client 72.146.12.102:0] script '/domains/tennex/nw.php' not found or unable to stat
[Fri Feb 13 00:21:15.366057 2026] [php:error] [pid 86987] [client 72.146.12.102:0] script '/domains/tennex/god.php' not found or unable to stat
[Fri Feb 13 00:21:15.374405 2026] [php:error] [pid 86982] [client 20.43.58.219:0] script '/domains/lover/sbhu.php' not found or unable to stat
[Fri Feb 13 00:21:15.464060 2026] [php:error] [pid 86982] [client 20.43.58.219:0] script '/domains/lover/bugger.php' not found or unable to stat
[Fri Feb 13 00:21:15.595179 2026] [php:error] [pid 86987] [client 72.146.12.102:0] script '/domains/tennex/666.php' not found or unable to stat
[Fri Feb 13 00:21:15.732376 2026] [php:error] [pid 86982] [client 20.43.58.219:0] script '/domains/lover/chosen.php' not found or unable to stat
[Fri Feb 13 00:21:15.743318 2026] [php:error] [pid 86987] [client 72.146.12.102:0] script '/domains/tennex/kj.php' not found or unable to stat
[Fri Feb 13 00:21:15.818865 2026] [php:error] [pid 86982] [client 20.43.58.219:0] script '/domains/lover/gettest.php' not found or unable to stat
[Fri Feb 13 00:21:15.842743 2026] [php:error] [pid 86987] [client 72.146.12.102:0] script '/domains/tennex/un.php' not found or unable to stat
[Fri Feb 13 00:21:15.911809 2026] [php:error] [pid 86982] [client 20.43.58.219:0] script '/domains/lover/atomlib.php' not found or unable to stat
[Fri Feb 13 00:21:15.933358 2026] [php:error] [pid 86987] [client 72.146.12.102:0] script '/domains/tennex/fs.php' not found or unable to stat
[Fri Feb 13 00:21:15.999971 2026] [php:error] [pid 86982] [client 20.43.58.219:0] script '/domains/lover/kdgok.php' not found or unable to stat
[Fri Feb 13 00:21:16.036594 2026] [php:error] [pid 86987] [client 72.146.12.102:0] script '/domains/tennex/lts.php' not found or unable to stat
[Fri Feb 13 00:21:16.129688 2026] [php:error] [pid 86987] [client 72.146.12.102:0] script '/domains/tennex/ms.php' not found or unable to stat
[Fri Feb 13 00:21:16.168221 2026] [php:error] [pid 86982] [client 20.43.58.219:0] script '/domains/lover/autoload_classmap.php' not found or unable to stat
[Fri Feb 13 00:21:16.229032 2026] [php:error] [pid 86987] [client 72.146.12.102:0] script '/domains/tennex/login8.php' not found or unable to stat
[Fri Feb 13 00:21:16.342237 2026] [php:error] [pid 86987] [client 72.146.12.102:0] script '/domains/tennex/nnyvn.php' not found or unable to stat
[Fri Feb 13 00:21:16.348523 2026] [php:error] [pid 86982] [client 20.43.58.219:0] script '/domains/lover/wp-act.php' not found or unable to stat
[Fri Feb 13 00:21:16.456682 2026] [php:error] [pid 86982] [client 20.43.58.219:0] script '/domains/lover/wp-file.php' not found or unable to stat
[Fri Feb 13 00:21:16.458809 2026] [php:error] [pid 86987] [client 72.146.12.102:0] script '/domains/tennex/cu.php' not found or unable to stat
[Fri Feb 13 00:21:16.655402 2026] [php:error] [pid 86982] [client 20.43.58.219:0] script '/domains/lover/bak.php' not found or unable to stat
[Fri Feb 13 00:21:16.784702 2026] [php:error] [pid 86982] [client 20.43.58.219:0] script '/domains/lover/vx.php' not found or unable to stat
[Fri Feb 13 00:21:16.851700 2026] [php:error] [pid 86987] [client 72.146.12.102:0] script '/domains/tennex/lul.php' not found or unable to stat
[Fri Feb 13 00:21:16.942689 2026] [php:error] [pid 86987] [client 72.146.12.102:0] script '/domains/tennex/0.php' not found or unable to stat
[Fri Feb 13 00:21:17.033016 2026] [php:error] [pid 86987] [client 72.146.12.102:0] script '/domains/tennex/ms-edit.php' not found or unable to stat
[Fri Feb 13 00:21:17.072590 2026] [php:error] [pid 86982] [client 20.43.58.219:0] script '/domains/lover/1.php' not found or unable to stat
[Fri Feb 13 00:21:17.123146 2026] [php:error] [pid 86987] [client 72.146.12.102:0] script '/domains/tennex/ya.php' not found or unable to stat
[Fri Feb 13 00:21:17.213467 2026] [php:error] [pid 86987] [client 72.146.12.102:0] script '/domains/tennex/grsiuk.php' not found or unable to stat
[Fri Feb 13 00:21:17.410340 2026] [php:error] [pid 86987] [client 72.146.12.102:0] script '/domains/tennex/wp-blog.php' not found or unable to stat
[Fri Feb 13 00:21:17.500754 2026] [php:error] [pid 86987] [client 72.146.12.102:0] script '/domains/tennex/ftem.php' not found or unable to stat
[Fri Feb 13 00:21:17.608338 2026] [php:error] [pid 86987] [client 72.146.12.102:0] script '/domains/tennex/7wom.php' not found or unable to stat
[Fri Feb 13 00:21:17.650934 2026] [php:error] [pid 86982] [client 20.43.58.219:0] script '/domains/lover/ioxi-o.php' not found or unable to stat
[Fri Feb 13 00:21:17.737119 2026] [php:error] [pid 86982] [client 20.43.58.219:0] script '/domains/lover/wp-trackback.php' not found or unable to stat
[Fri Feb 13 00:21:17.782758 2026] [php:error] [pid 86987] [client 72.146.12.102:0] script '/domains/tennex/wp-access.php' not found or unable to stat
[Fri Feb 13 00:21:17.865438 2026] [php:error] [pid 86982] [client 20.43.58.219:0] script '/domains/lover/222.php' not found or unable to stat
[Fri Feb 13 00:21:17.951181 2026] [php:error] [pid 86982] [client 20.43.58.219:0] script '/domains/lover/install.php' not found or unable to stat
[Fri Feb 13 00:21:18.000625 2026] [php:error] [pid 86987] [client 72.146.12.102:0] script '/domains/tennex/a1vx.php' not found or unable to stat
[Fri Feb 13 00:21:18.091049 2026] [php:error] [pid 86987] [client 72.146.12.102:0] script '/domains/tennex/sbhu.php' not found or unable to stat
[Fri Feb 13 00:21:18.324105 2026] [php:error] [pid 86987] [client 72.146.12.102:0] script '/domains/tennex/wp-the.php' not found or unable to stat
[Fri Feb 13 00:21:18.357575 2026] [php:error] [pid 86982] [client 20.43.58.219:0] script '/domains/lover/gifclass.php' not found or unable to stat
[Fri Feb 13 00:21:18.458453 2026] [php:error] [pid 86987] [client 72.146.12.102:0] script '/domains/tennex/06.php' not found or unable to stat
[Fri Feb 13 00:21:18.638696 2026] [php:error] [pid 86987] [client 72.146.12.102:0] script '/domains/tennex/wp5.php' not found or unable to stat
[Fri Feb 13 00:21:18.733070 2026] [php:error] [pid 86987] [client 72.146.12.102:0] script '/domains/tennex/fot.php' not found or unable to stat
[Fri Feb 13 00:21:18.995690 2026] [php:error] [pid 86982] [client 20.43.58.219:0] script '/domains/lover/radio.php' not found or unable to stat
[Fri Feb 13 00:21:19.081680 2026] [php:error] [pid 86982] [client 20.43.58.219:0] script '/domains/lover/gtc.php' not found or unable to stat
[Fri Feb 13 00:21:19.108022 2026] [php:error] [pid 86987] [client 72.146.12.102:0] script '/domains/tennex/ff1.php' not found or unable to stat
[Fri Feb 13 00:21:19.167382 2026] [php:error] [pid 86982] [client 20.43.58.219:0] script '/domains/lover/class-t.api.php' not found or unable to stat
[Fri Feb 13 00:21:19.253352 2026] [php:error] [pid 86982] [client 20.43.58.219:0] script '/domains/lover/themes.php' not found or unable to stat
[Fri Feb 13 00:21:19.344253 2026] [php:error] [pid 86982] [client 20.43.58.219:0] script '/domains/lover/inputs.php' not found or unable to stat
[Fri Feb 13 00:21:19.353763 2026] [php:error] [pid 86987] [client 72.146.12.102:0] script '/domains/tennex/forbidals.php' not found or unable to stat
[Fri Feb 13 00:21:19.443728 2026] [php:error] [pid 86987] [client 72.146.12.102:0] script '/domains/tennex/erty.php' not found or unable to stat
[Fri Feb 13 00:21:19.517148 2026] [php:error] [pid 86982] [client 20.43.58.219:0] script '/domains/lover/byp.php' not found or unable to stat
[Fri Feb 13 00:21:19.534489 2026] [php:error] [pid 86987] [client 72.146.12.102:0] script '/domains/tennex/dev1s.php' not found or unable to stat
[Fri Feb 13 00:21:19.602829 2026] [php:error] [pid 86982] [client 20.43.58.219:0] script '/domains/lover/403.php' not found or unable to stat
[Fri Feb 13 00:21:19.698940 2026] [php:error] [pid 86987] [client 72.146.12.102:0] script '/domains/tennex/ffd.php' not found or unable to stat
[Fri Feb 13 00:21:19.720086 2026] [php:error] [pid 86982] [client 20.43.58.219:0] script '/domains/lover/simple.php' not found or unable to stat
[Fri Feb 13 00:21:19.790232 2026] [php:error] [pid 86987] [client 72.146.12.102:0] script '/domains/tennex/admiin.php' not found or unable to stat
[Fri Feb 13 00:21:19.806664 2026] [php:error] [pid 86982] [client 20.43.58.219:0] script '/domains/lover/alfa.php' not found or unable to stat
[Fri Feb 13 00:21:19.972349 2026] [php:error] [pid 86987] [client 72.146.12.102:0] script '/domains/tennex/ol.php' not found or unable to stat
[Fri Feb 13 00:21:19.977771 2026] [php:error] [pid 86982] [client 20.43.58.219:0] script '/domains/lover/404.php' not found or unable to stat
[Fri Feb 13 00:21:20.063482 2026] [php:error] [pid 86982] [client 20.43.58.219:0] script '/domains/lover/bs2.php' not found or unable to stat
[Fri Feb 13 00:21:20.110854 2026] [php:error] [pid 86987] [client 72.146.12.102:0] script '/domains/tennex/Sanskrit.php' not found or unable to stat
[Fri Feb 13 00:21:20.385116 2026] [php:error] [pid 86982] [client 20.43.58.219:0] script '/domains/lover/cwclass.php' not found or unable to stat
[Fri Feb 13 00:21:20.431512 2026] [php:error] [pid 86987] [client 72.146.12.102:0] script '/domains/tennex/vxrl.php' not found or unable to stat
[Fri Feb 13 00:21:20.470882 2026] [php:error] [pid 86982] [client 20.43.58.219:0] script '/domains/lover/wp-site.php' not found or unable to stat
[Fri Feb 13 00:21:20.568150 2026] [php:error] [pid 86982] [client 20.43.58.219:0] script '/domains/lover/tmpls.php' not found or unable to stat
[Fri Feb 13 00:21:20.616410 2026] [php:error] [pid 86987] [client 72.146.12.102:0] script '/domains/tennex/re.php' not found or unable to stat
[Fri Feb 13 00:21:20.671220 2026] [php:error] [pid 86982] [client 20.43.58.219:0] script '/domains/lover/wen.php' not found or unable to stat
[Fri Feb 13 00:21:20.706475 2026] [php:error] [pid 86987] [client 72.146.12.102:0] script '/domains/tennex/num.php' not found or unable to stat
[Fri Feb 13 00:21:20.763269 2026] [php:error] [pid 86982] [client 20.43.58.219:0] script '/domains/lover/yawa.php' not found or unable to stat
[Fri Feb 13 00:21:20.797032 2026] [php:error] [pid 86987] [client 72.146.12.102:0] script '/domains/tennex/axx.php' not found or unable to stat
[Fri Feb 13 00:21:20.849360 2026] [php:error] [pid 86982] [client 20.43.58.219:0] script '/domains/lover/revision.php' not found or unable to stat
[Fri Feb 13 00:21:20.974075 2026] [php:error] [pid 86982] [client 20.43.58.219:0] script '/domains/lover/environment.php' not found or unable to stat
[Fri Feb 13 00:21:21.035920 2026] [php:error] [pid 86987] [client 72.146.12.102:0] script '/domains/tennex/vxrl.php' not found or unable to stat
[Fri Feb 13 00:21:21.067321 2026] [php:error] [pid 86982] [client 20.43.58.219:0] script '/domains/lover/xmrlpc.php' not found or unable to stat
[Fri Feb 13 00:21:21.179369 2026] [php:error] [pid 86987] [client 72.146.12.102:0] script '/domains/tennex/in.php' not found or unable to stat
[Fri Feb 13 00:21:21.238504 2026] [php:error] [pid 86982] [client 20.43.58.219:0] script '/domains/lover/buy.php' not found or unable to stat
[Fri Feb 13 00:21:21.324341 2026] [php:error] [pid 86982] [client 20.43.58.219:0] script '/domains/lover/sx.php' not found or unable to stat
[Fri Feb 13 00:21:21.339647 2026] [php:error] [pid 86987] [client 72.146.12.102:0] script '/domains/tennex/style.php' not found or unable to stat
[Fri Feb 13 00:21:21.537910 2026] [php:error] [pid 86982] [client 20.43.58.219:0] script '/domains/lover/size.php' not found or unable to stat
[Fri Feb 13 00:21:21.540751 2026] [php:error] [pid 86987] [client 72.146.12.102:0] script '/domains/tennex/we.php' not found or unable to stat
[Fri Feb 13 00:21:21.630747 2026] [php:error] [pid 86987] [client 72.146.12.102:0] script '/domains/tennex/zwso.php' not found or unable to stat
[Fri Feb 13 00:21:21.631611 2026] [php:error] [pid 86982] [client 20.43.58.219:0] script '/domains/lover/zfile.php' not found or unable to stat
[Fri Feb 13 00:21:21.717483 2026] [php:error] [pid 86982] [client 20.43.58.219:0] script '/domains/lover/a2.php' not found or unable to stat
[Fri Feb 13 00:21:21.721720 2026] [php:error] [pid 86987] [client 72.146.12.102:0] script '/domains/tennex/karak.php' not found or unable to stat
[Fri Feb 13 00:21:21.803352 2026] [php:error] [pid 86982] [client 20.43.58.219:0] script '/domains/lover/yas.php' not found or unable to stat
[Fri Feb 13 00:21:21.834309 2026] [php:error] [pid 86987] [client 72.146.12.102:0] script '/domains/tennex/trd.php' not found or unable to stat
[Fri Feb 13 00:21:21.889794 2026] [php:error] [pid 86982] [client 20.43.58.219:0] script '/domains/lover/abc.php' not found or unable to stat
[Fri Feb 13 00:21:21.975792 2026] [php:error] [pid 86982] [client 20.43.58.219:0] script '/domains/lover/aboutc.php' not found or unable to stat
[Fri Feb 13 00:21:21.981173 2026] [php:error] [pid 86987] [client 72.146.12.102:0] script '/domains/tennex/past.php' not found or unable to stat
[Fri Feb 13 00:21:22.064727 2026] [php:error] [pid 86982] [client 20.43.58.219:0] script '/domains/lover/dropdown.php' not found or unable to stat
[Fri Feb 13 00:21:22.117847 2026] [php:error] [pid 86987] [client 72.146.12.102:0] script '/domains/tennex/prv8.php' not found or unable to stat
[Fri Feb 13 00:21:22.194998 2026] [php:error] [pid 86982] [client 20.43.58.219:0] script '/domains/lover/about.php' not found or unable to stat
[Fri Feb 13 00:21:22.209217 2026] [php:error] [pid 86987] [client 72.146.12.102:0] script '/domains/tennex/i.php' not found or unable to stat
[Fri Feb 13 00:21:22.281990 2026] [php:error] [pid 86982] [client 20.43.58.219:0] script '/domains/lover/content.php' not found or unable to stat
[Fri Feb 13 00:21:22.367848 2026] [php:error] [pid 86982] [client 20.43.58.219:0] script '/domains/lover/wp-load.php' not found or unable to stat
[Fri Feb 13 00:21:22.574053 2026] [php:error] [pid 86987] [client 72.146.12.102:0] script '/domains/tennex/xmlrpc.php' not found or unable to stat
[Fri Feb 13 00:21:22.665279 2026] [php:error] [pid 86987] [client 72.146.12.102:0] script '/domains/tennex/aw.php' not found or unable to stat
[Fri Feb 13 00:21:22.683175 2026] [php:error] [pid 86982] [client 20.43.58.219:0] script '/domains/lover/item.php' not found or unable to stat
[Fri Feb 13 00:21:22.769004 2026] [php:error] [pid 86982] [client 20.43.58.219:0] script '/domains/lover/wp-tot.php' not found or unable to stat
[Fri Feb 13 00:21:22.825761 2026] [php:error] [pid 86987] [client 72.146.12.102:0] script '/domains/tennex/dev.php' not found or unable to stat
[Fri Feb 13 00:21:22.854812 2026] [php:error] [pid 86982] [client 20.43.58.219:0] script '/domains/lover/classwithtostring.php' not found or unable to stat
[Fri Feb 13 00:21:22.941130 2026] [php:error] [pid 86982] [client 20.43.58.219:0] script '/domains/lover/xx.php' not found or unable to stat
[Fri Feb 13 00:21:23.037568 2026] [php:error] [pid 86982] [client 20.43.58.219:0] script '/domains/lover/wbbw.php' not found or unable to stat
[Fri Feb 13 00:21:23.049062 2026] [php:error] [pid 86987] [client 72.146.12.102:0] script '/domains/tennex/lock360.php' not found or unable to stat
[Fri Feb 13 00:21:23.141267 2026] [php:error] [pid 86987] [client 72.146.12.102:0] script '/domains/tennex/155.php' not found or unable to stat
[Fri Feb 13 00:21:23.156242 2026] [php:error] [pid 86982] [client 20.43.58.219:0] script '/domains/lover/akcc.php' not found or unable to stat
[Fri Feb 13 00:21:23.245178 2026] [php:error] [pid 86982] [client 20.43.58.219:0] script '/domains/lover/acxx.php' not found or unable to stat
[Fri Feb 13 00:21:23.253359 2026] [php:error] [pid 86987] [client 72.146.12.102:0] script '/domains/tennex/goat.php' not found or unable to stat
[Fri Feb 13 00:21:23.343584 2026] [php:error] [pid 86987] [client 72.146.12.102:0] script '/domains/tennex/tcp.php' not found or unable to stat
[Fri Feb 13 00:21:23.358402 2026] [php:error] [pid 86982] [client 20.43.58.219:0] script '/domains/lover/x7.php' not found or unable to stat
[Fri Feb 13 00:21:23.433835 2026] [php:error] [pid 86987] [client 72.146.12.102:0] script '/domains/tennex/ext.php' not found or unable to stat
[Fri Feb 13 00:21:23.444533 2026] [php:error] [pid 86982] [client 20.43.58.219:0] script '/domains/lover/menu.php' not found or unable to stat
[Fri Feb 13 00:21:23.524454 2026] [php:error] [pid 86987] [client 72.146.12.102:0] script '/domains/tennex/inputs.php' not found or unable to stat
[Fri Feb 13 00:21:23.631008 2026] [php:error] [pid 86982] [client 20.43.58.219:0] script '/domains/lover/class.php' not found or unable to stat
[Fri Feb 13 00:21:23.666617 2026] [php:error] [pid 86987] [client 72.146.12.102:0] script '/domains/tennex/ioxi.php' not found or unable to stat
[Fri Feb 13 00:21:23.717509 2026] [php:error] [pid 86982] [client 20.43.58.219:0] script '/domains/lover/test1.php' not found or unable to stat
[Fri Feb 13 00:21:23.756996 2026] [php:error] [pid 86987] [client 72.146.12.102:0] script '/domains/tennex/fe5.php' not found or unable to stat
[Fri Feb 13 00:21:23.847682 2026] [php:error] [pid 86987] [client 72.146.12.102:0] script '/domains/tennex/ov.php' not found or unable to stat
[Fri Feb 13 00:21:23.889533 2026] [php:error] [pid 86982] [client 20.43.58.219:0] script '/domains/lover/img.php' not found or unable to stat
[Fri Feb 13 00:21:24.047936 2026] [php:error] [pid 86987] [client 72.146.12.102:0] script '/domains/tennex/default.php' not found or unable to stat
[Fri Feb 13 00:21:24.141087 2026] [php:error] [pid 86987] [client 72.146.12.102:0] script '/domains/tennex/goods.php' not found or unable to stat
[Fri Feb 13 00:21:24.321859 2026] [php:error] [pid 86987] [client 72.146.12.102:0] script '/domains/tennex/abcd.php' not found or unable to stat
[Fri Feb 13 00:21:24.440764 2026] [php:error] [pid 86987] [client 72.146.12.102:0] script '/domains/tennex/nope.php' not found or unable to stat
[Fri Feb 13 00:21:24.444501 2026] [php:error] [pid 86982] [client 20.43.58.219:0] script '/domains/lover/sim.php' not found or unable to stat
[Fri Feb 13 00:21:24.534412 2026] [php:error] [pid 86982] [client 20.43.58.219:0] script '/domains/lover/gg.php' not found or unable to stat
[Fri Feb 13 00:21:24.632855 2026] [php:error] [pid 86982] [client 20.43.58.219:0] script '/domains/lover/0x.php' not found or unable to stat
[Fri Feb 13 00:21:24.672253 2026] [php:error] [pid 86987] [client 72.146.12.102:0] script '/domains/tennex/class.1.php' not found or unable to stat
[Fri Feb 13 00:21:24.765677 2026] [php:error] [pid 86987] [client 72.146.12.102:0] script '/domains/tennex/async.php' not found or unable to stat
[Fri Feb 13 00:21:24.855986 2026] [php:error] [pid 86987] [client 72.146.12.102:0] script '/domains/tennex/ff.php' not found or unable to stat
[Fri Feb 13 00:21:24.946237 2026] [php:error] [pid 86987] [client 72.146.12.102:0] script '/domains/tennex/ioxi-o.php' not found or unable to stat
[Fri Feb 13 00:21:25.036352 2026] [php:error] [pid 86987] [client 72.146.12.102:0] script '/domains/tennex/manager.php' not found or unable to stat
[Fri Feb 13 00:21:25.210434 2026] [php:error] [pid 86987] [client 72.146.12.102:0] script '/domains/tennex/wp-update.php' not found or unable to stat
[Fri Feb 13 00:21:25.337489 2026] [php:error] [pid 86987] [client 72.146.12.102:0] script '/domains/tennex/file.php' not found or unable to stat
[Fri Feb 13 00:21:25.544002 2026] [php:error] [pid 86982] [client 20.43.58.219:0] script '/domains/lover/siteheads.php' not found or unable to stat
[Fri Feb 13 00:21:25.630276 2026] [php:error] [pid 86982] [client 20.43.58.219:0] script '/domains/lover/abcd.php' not found or unable to stat
[Fri Feb 13 00:21:25.649059 2026] [php:error] [pid 86987] [client 72.146.12.102:0] script '/domains/tennex/lc.php' not found or unable to stat
[Fri Feb 13 00:21:25.737166 2026] [php:error] [pid 86982] [client 20.43.58.219:0] script '/domains/lover/mode.php' not found or unable to stat
[Fri Feb 13 00:21:25.767510 2026] [php:error] [pid 86987] [client 72.146.12.102:0] script '/domains/tennex/hexx.php' not found or unable to stat
[Fri Feb 13 00:21:25.823247 2026] [php:error] [pid 86982] [client 20.43.58.219:0] script '/domains/lover/asasx.php' not found or unable to stat
[Fri Feb 13 00:21:25.857490 2026] [php:error] [pid 86987] [client 72.146.12.102:0] script '/domains/tennex/cbrfo.php' not found or unable to stat
[Fri Feb 13 00:21:25.914992 2026] [php:error] [pid 86982] [client 20.43.58.219:0] script '/domains/lover/dev1s.php' not found or unable to stat
[Fri Feb 13 00:21:25.985492 2026] [php:error] [pid 86987] [client 72.146.12.102:0] script '/domains/tennex/inc.php' not found or unable to stat
[Fri Feb 13 00:21:26.003234 2026] [php:error] [pid 86982] [client 20.43.58.219:0] script '/domains/lover/backup.php' not found or unable to stat
[Fri Feb 13 00:21:26.075751 2026] [php:error] [pid 86987] [client 72.146.12.102:0] script '/domains/tennex/gifclass.php' not found or unable to stat
[Fri Feb 13 00:21:26.091998 2026] [php:error] [pid 86982] [client 20.43.58.219:0] script '/domains/lover/aq.php' not found or unable to stat
[Fri Feb 13 00:21:26.179744 2026] [php:error] [pid 86982] [client 20.43.58.219:0] script '/domains/lover/12.php' not found or unable to stat
[Fri Feb 13 00:21:26.266271 2026] [php:error] [pid 86982] [client 20.43.58.219:0] script '/domains/lover/wp-good.php' not found or unable to stat
[Fri Feb 13 00:21:26.893471 2026] [php:error] [pid 86987] [client 72.146.12.102:0] script '/domains/tennex/miansha.php' not found or unable to stat
[Fri Feb 13 00:21:26.962932 2026] [php:error] [pid 86982] [client 20.43.58.219:0] script '/domains/lover/styles.php' not found or unable to stat
[Fri Feb 13 00:21:27.089639 2026] [php:error] [pid 86987] [client 72.146.12.102:0] script '/domains/tennex/tinyfilemanager.php' not found or unable to stat
[Fri Feb 13 00:21:27.180050 2026] [php:error] [pid 86987] [client 72.146.12.102:0] script '/domains/tennex/xfile25.php' not found or unable to stat
[Fri Feb 13 00:21:27.190541 2026] [php:error] [pid 86982] [client 20.43.58.219:0] script '/domains/lover/elp.php' not found or unable to stat
[Fri Feb 13 00:21:27.313516 2026] [php:error] [pid 86987] [client 72.146.12.102:0] script '/domains/tennex/ok.php' not found or unable to stat
[Fri Feb 13 00:21:27.366764 2026] [php:error] [pid 86982] [client 20.43.58.219:0] script '/domains/lover/ty.php' not found or unable to stat
[Fri Feb 13 00:21:27.453262 2026] [php:error] [pid 86982] [client 20.43.58.219:0] script '/domains/lover/fwe.php' not found or unable to stat
[Fri Feb 13 00:21:27.756225 2026] [php:error] [pid 86993] [client 72.146.12.102:0] script '/domains/tennex/fi.php' not found or unable to stat
[Fri Feb 13 00:21:27.846471 2026] [php:error] [pid 86993] [client 72.146.12.102:0] script '/domains/tennex/muzu.php' not found or unable to stat
[Fri Feb 13 00:21:27.952264 2026] [php:error] [pid 86993] [client 72.146.12.102:0] script '/domains/tennex/reze.php' not found or unable to stat
[Fri Feb 13 00:21:27.986328 2026] [php:error] [pid 86991] [client 172.213.220.6:0] script '/domains/apunderkofler/lp6.php' not found or unable to stat
[Fri Feb 13 00:21:28.062856 2026] [php:error] [pid 86993] [client 72.146.12.102:0] script '/domains/tennex/styll.php' not found or unable to stat
[Fri Feb 13 00:21:28.077777 2026] [php:error] [pid 86991] [client 172.213.220.6:0] script '/domains/apunderkofler/clasa99.php' not found or unable to stat
[Fri Feb 13 00:21:28.225862 2026] [php:error] [pid 86993] [client 72.146.12.102:0] script '/domains/tennex/x7.php' not found or unable to stat
[Fri Feb 13 00:21:28.236208 2026] [php:error] [pid 86989] [client 34.7.107.164:0] script '/domains/hdickens.enteract/kmnj.php' not found or unable to stat
[Fri Feb 13 00:21:28.285426 2026] [php:error] [pid 86982] [client 20.43.58.219:0] script '/domains/lover/g.php' not found or unable to stat
[Fri Feb 13 00:21:28.325029 2026] [php:error] [pid 86993] [client 72.146.12.102:0] script '/domains/tennex/thebe.php' not found or unable to stat
[Fri Feb 13 00:21:28.372003 2026] [php:error] [pid 86982] [client 20.43.58.219:0] script '/domains/lover/tx1.php' not found or unable to stat
[Fri Feb 13 00:21:28.474070 2026] [php:error] [pid 86982] [client 20.43.58.219:0] script '/domains/lover/xv.php' not found or unable to stat
[Fri Feb 13 00:21:28.592334 2026] [php:error] [pid 86982] [client 20.43.58.219:0] script '/domains/lover/x56.php' not found or unable to stat
[Fri Feb 13 00:21:28.679461 2026] [php:error] [pid 86982] [client 20.43.58.219:0] script '/domains/lover/htaccess.php' not found or unable to stat
[Fri Feb 13 00:21:28.720941 2026] [php:error] [pid 86991] [client 172.213.220.6:0] script '/domains/apunderkofler/ph33w.php' not found or unable to stat
[Fri Feb 13 00:21:28.812529 2026] [php:error] [pid 86991] [client 172.213.220.6:0] script '/domains/apunderkofler/errw.php' not found or unable to stat
[Fri Feb 13 00:21:28.827779 2026] [php:error] [pid 86993] [client 72.146.12.102:0] script '/domains/tennex/ddd.php' not found or unable to stat
[Fri Feb 13 00:21:28.904326 2026] [php:error] [pid 86991] [client 172.213.220.6:0] script '/domains/apunderkofler/assacc.php' not found or unable to stat
[Fri Feb 13 00:21:28.956844 2026] [php:error] [pid 86982] [client 20.43.58.219:0] script '/domains/lover/x50.php' not found or unable to stat
[Fri Feb 13 00:21:29.033045 2026] [php:error] [pid 86991] [client 172.213.220.6:0] script '/domains/apunderkofler/Geforce.php' not found or unable to stat
[Fri Feb 13 00:21:29.050790 2026] [php:error] [pid 86982] [client 20.43.58.219:0] script '/domains/lover/fv.php' not found or unable to stat
[Fri Feb 13 00:21:29.125209 2026] [php:error] [pid 86991] [client 172.213.220.6:0] script '/domains/apunderkofler/cs.php' not found or unable to stat
[Fri Feb 13 00:21:29.138364 2026] [php:error] [pid 86982] [client 20.43.58.219:0] script '/domains/lover/lsd.php' not found or unable to stat
