[Fri Feb 13 01:35:03.360915 2026] [php:error] [pid 98994] [client 20.78.169.245:0] script '/domains/conservation1/222.php' not found or unable to stat
[Fri Feb 13 01:35:03.528543 2026] [php:error] [pid 98994] [client 20.78.169.245:0] script '/domains/conservation1/abcd.php' not found or unable to stat
[Fri Feb 13 01:35:03.696880 2026] [php:error] [pid 98994] [client 20.78.169.245:0] script '/domains/conservation1/class-t.api.php' not found or unable to stat
[Fri Feb 13 01:35:03.872960 2026] [php:error] [pid 98994] [client 20.78.169.245:0] script '/domains/conservation1/classwithtostring.php' not found or unable to stat
[Fri Feb 13 01:35:04.039614 2026] [php:error] [pid 98994] [client 20.78.169.245:0] script '/domains/conservation1/file.php' not found or unable to stat
[Fri Feb 13 01:35:04.207128 2026] [php:error] [pid 98994] [client 20.78.169.245:0] script '/domains/conservation1/info.php' not found or unable to stat
[Fri Feb 13 01:35:05.544799 2026] [php:error] [pid 98994] [client 20.78.169.245:0] script '/domains/conservation1/wp-good.php' not found or unable to stat
[Fri Feb 13 01:35:23.021386 2026] [php:error] [pid 99024] [client 4.213.52.40:0] script '/domains/system_default/security.php' not found or unable to stat
[Fri Feb 13 01:35:23.535131 2026] [php:error] [pid 99020] [client 35.247.243.251:0] script '/domains/cccweb/mydb.php' not found or unable to stat
[Fri Feb 13 01:35:25.651781 2026] [php:error] [pid 99024] [client 4.213.52.40:0] script '/domains/system_default/class.php' not found or unable to stat
[Fri Feb 13 01:35:25.882376 2026] [php:error] [pid 99024] [client 4.213.52.40:0] script '/domains/system_default/bless5.php' not found or unable to stat
[Fri Feb 13 01:35:26.532607 2026] [php:error] [pid 99024] [client 4.213.52.40:0] script '/domains/system_default/lock360.php' not found or unable to stat
[Fri Feb 13 01:35:26.763484 2026] [php:error] [pid 99024] [client 4.213.52.40:0] script '/domains/system_default/f35.php' not found or unable to stat
[Fri Feb 13 01:35:27.064893 2026] [php:error] [pid 99024] [client 4.213.52.40:0] script '/domains/system_default/ioxi-o1.php' not found or unable to stat
[Fri Feb 13 01:35:27.373206 2026] [php:error] [pid 99024] [client 4.213.52.40:0] script '/domains/system_default/juuuu.php' not found or unable to stat
[Fri Feb 13 01:35:27.591929 2026] [php:error] [pid 99024] [client 4.213.52.40:0] script '/domains/system_default/ha.php' not found or unable to stat
[Fri Feb 13 01:35:27.968618 2026] [php:error] [pid 99024] [client 4.213.52.40:0] script '/domains/system_default/gg.php' not found or unable to stat
[Fri Feb 13 01:35:28.186328 2026] [php:error] [pid 99024] [client 4.213.52.40:0] script '/domains/system_default/we2.php' not found or unable to stat
[Fri Feb 13 01:35:28.468428 2026] [php:error] [pid 99024] [client 4.213.52.40:0] script '/domains/system_default/04.php' not found or unable to stat
[Fri Feb 13 01:35:28.684991 2026] [php:error] [pid 99024] [client 4.213.52.40:0] script '/domains/system_default/333.php' not found or unable to stat
[Fri Feb 13 01:35:29.092468 2026] [php:error] [pid 99024] [client 4.213.52.40:0] script '/domains/system_default/520.php' not found or unable to stat
[Fri Feb 13 01:35:29.308667 2026] [php:error] [pid 99024] [client 4.213.52.40:0] script '/domains/system_default/ar.php' not found or unable to stat
[Fri Feb 13 01:35:29.527010 2026] [php:error] [pid 99024] [client 4.213.52.40:0] script '/domains/system_default/x.php' not found or unable to stat
[Fri Feb 13 01:35:29.755985 2026] [php:error] [pid 99024] [client 4.213.52.40:0] script '/domains/system_default/xx.php' not found or unable to stat
[Fri Feb 13 01:35:29.972865 2026] [php:error] [pid 99024] [client 4.213.52.40:0] script '/domains/system_default/gifclass4.php' not found or unable to stat
[Fri Feb 13 01:35:30.189720 2026] [php:error] [pid 99024] [client 4.213.52.40:0] script '/domains/system_default/2clas.php' not found or unable to stat
[Fri Feb 13 01:35:30.414764 2026] [php:error] [pid 99024] [client 4.213.52.40:0] script '/domains/system_default/ave.php' not found or unable to stat
[Fri Feb 13 01:35:30.766740 2026] [php:error] [pid 99024] [client 4.213.52.40:0] script '/domains/system_default/wrt.php' not found or unable to stat
[Fri Feb 13 01:35:30.993246 2026] [php:error] [pid 99024] [client 4.213.52.40:0] script '/domains/system_default/bibil.php' not found or unable to stat
[Fri Feb 13 01:35:31.291820 2026] [php:error] [pid 99024] [client 4.213.52.40:0] script '/domains/system_default/radio.php' not found or unable to stat
[Fri Feb 13 01:35:31.508251 2026] [php:error] [pid 99024] [client 4.213.52.40:0] script '/domains/system_default/files.php' not found or unable to stat
[Fri Feb 13 01:35:31.724479 2026] [php:error] [pid 99024] [client 4.213.52.40:0] script '/domains/system_default/file7.php' not found or unable to stat
[Fri Feb 13 01:35:32.074213 2026] [php:error] [pid 99024] [client 4.213.52.40:0] script '/domains/system_default/gifclass.php' not found or unable to stat
[Fri Feb 13 01:35:32.840341 2026] [php:error] [pid 99024] [client 4.213.52.40:0] script '/domains/system_default/nox.php' not found or unable to stat
[Fri Feb 13 01:35:33.057027 2026] [php:error] [pid 99024] [client 4.213.52.40:0] script '/domains/system_default/file48.php' not found or unable to stat
[Fri Feb 13 01:35:33.295095 2026] [php:error] [pid 99024] [client 4.213.52.40:0] script '/domains/system_default/info.php' not found or unable to stat
[Fri Feb 13 01:35:33.515426 2026] [php:error] [pid 99024] [client 4.213.52.40:0] script '/domains/system_default/class9.php' not found or unable to stat
[Fri Feb 13 01:35:33.731606 2026] [php:error] [pid 99024] [client 4.213.52.40:0] script '/domains/system_default/la.php' not found or unable to stat
[Fri Feb 13 01:35:33.982394 2026] [php:error] [pid 99024] [client 4.213.52.40:0] script '/domains/system_default/bless11.php' not found or unable to stat
[Fri Feb 13 01:35:34.200227 2026] [php:error] [pid 99024] [client 4.213.52.40:0] script '/domains/system_default/ccou.php' not found or unable to stat
[Fri Feb 13 01:35:34.416670 2026] [php:error] [pid 99024] [client 4.213.52.40:0] script '/domains/system_default/ton.php' not found or unable to stat
[Fri Feb 13 01:35:34.640332 2026] [php:error] [pid 99024] [client 4.213.52.40:0] script '/domains/system_default/403.php' not found or unable to stat
[Fri Feb 13 01:35:34.865294 2026] [php:error] [pid 99024] [client 4.213.52.40:0] script '/domains/system_default/file9.php' not found or unable to stat
[Fri Feb 13 01:35:35.106762 2026] [php:error] [pid 99024] [client 4.213.52.40:0] script '/domains/system_default/ac.php' not found or unable to stat
[Fri Feb 13 01:35:35.323858 2026] [php:error] [pid 99024] [client 4.213.52.40:0] script '/domains/system_default/new4.php' not found or unable to stat
[Fri Feb 13 01:35:35.621285 2026] [php:error] [pid 99024] [client 4.213.52.40:0] script '/domains/system_default/pop.php' not found or unable to stat
[Fri Feb 13 01:35:35.837677 2026] [php:error] [pid 99024] [client 4.213.52.40:0] script '/domains/system_default/az.php' not found or unable to stat
[Fri Feb 13 01:35:36.055632 2026] [php:error] [pid 99024] [client 4.213.52.40:0] script '/domains/system_default/xaz.php' not found or unable to stat
[Fri Feb 13 01:35:36.271783 2026] [php:error] [pid 99024] [client 4.213.52.40:0] script '/domains/system_default/up4.php' not found or unable to stat
[Fri Feb 13 01:35:36.852111 2026] [php:error] [pid 99024] [client 4.213.52.40:0] script '/domains/system_default/1aa.php' not found or unable to stat
[Fri Feb 13 01:35:37.084161 2026] [php:error] [pid 99024] [client 4.213.52.40:0] script '/domains/system_default/elp.php' not found or unable to stat
[Fri Feb 13 01:35:37.304084 2026] [php:error] [pid 99024] [client 4.213.52.40:0] script '/domains/system_default/wtz.php' not found or unable to stat
[Fri Feb 13 01:35:37.520436 2026] [php:error] [pid 99024] [client 4.213.52.40:0] script '/domains/system_default/galex.php' not found or unable to stat
[Fri Feb 13 01:35:37.580232 2026] [php:error] [pid 99025] [client 34.96.162.51:0] script '/domains/cccweb/adminer-5.1.0-mysql.php' not found or unable to stat
[Fri Feb 13 01:35:37.816386 2026] [php:error] [pid 99024] [client 4.213.52.40:0] script '/domains/system_default/xb.php' not found or unable to stat
[Fri Feb 13 01:35:38.033077 2026] [php:error] [pid 99024] [client 4.213.52.40:0] script '/domains/system_default/ova.php' not found or unable to stat
[Fri Feb 13 01:35:38.254004 2026] [php:error] [pid 99024] [client 4.213.52.40:0] script '/domains/system_default/vx.php' not found or unable to stat
[Fri Feb 13 01:35:38.470581 2026] [php:error] [pid 99024] [client 4.213.52.40:0] script '/domains/system_default/rh.php' not found or unable to stat
[Fri Feb 13 01:35:48.059848 2026] [php:error] [pid 99020] [client 35.247.243.245:0] script '/domains/cccweb/adminer-5.4.1-en.php' not found or unable to stat
[Fri Feb 13 01:35:50.289972 2026] [php:error] [pid 99017] [client 35.247.243.252:0] script '/domains/cccweb/adminer-5.2.0.php' not found or unable to stat
[Fri Feb 13 01:35:50.959485 2026] [php:error] [pid 99020] [client 34.96.162.61:0] script '/domains/cccweb/adminer-5.0.4-mysql-en.php' not found or unable to stat
[Fri Feb 13 01:35:54.306153 2026] [php:error] [pid 99028] [client 35.247.243.252:0] script '/domains/cccweb/adminer-5.4.1.php' not found or unable to stat
[Fri Feb 13 01:35:54.306945 2026] [php:error] [pid 99029] [client 35.247.243.240:0] script '/domains/cccweb/adminer.php' not found or unable to stat
[Fri Feb 13 01:36:02.085117 2026] [php:error] [pid 99020] [client 34.13.179.220:0] script '/domains/hdickens.enteract/kmnj.php' not found or unable to stat
[Fri Feb 13 01:36:05.136519 2026] [php:error] [pid 99026] [client 34.96.162.54:0] script '/domains/cccweb/adminer-5.0.6-en.php' not found or unable to stat
[Fri Feb 13 01:36:17.567615 2026] [php:error] [pid 99031] [client 172.213.161.82:0] script '/domains/system_default/d.php' not found or unable to stat
[Fri Feb 13 01:36:17.659741 2026] [php:error] [pid 99031] [client 172.213.161.82:0] script '/domains/system_default/a4.php' not found or unable to stat
[Fri Feb 13 01:36:17.752844 2026] [php:error] [pid 99031] [client 172.213.161.82:0] script '/domains/system_default/lp6.php' not found or unable to stat
[Fri Feb 13 01:36:17.945327 2026] [php:error] [pid 99031] [client 172.213.161.82:0] script '/domains/system_default/core.php' not found or unable to stat
[Fri Feb 13 01:36:18.042497 2026] [php:error] [pid 99031] [client 172.213.161.82:0] script '/domains/system_default/mini.php' not found or unable to stat
[Fri Feb 13 01:36:18.134802 2026] [php:error] [pid 99031] [client 172.213.161.82:0] script '/domains/system_default/222.php' not found or unable to stat
[Fri Feb 13 01:36:18.228357 2026] [php:error] [pid 99031] [client 172.213.161.82:0] script '/domains/system_default/inputs.php' not found or unable to stat
[Fri Feb 13 01:36:18.327011 2026] [php:error] [pid 99031] [client 172.213.161.82:0] script '/domains/system_default/2.php' not found or unable to stat
[Fri Feb 13 01:36:18.419843 2026] [php:error] [pid 99031] [client 172.213.161.82:0] script '/domains/system_default/sim.php' not found or unable to stat
[Fri Feb 13 01:36:18.517821 2026] [php:error] [pid 99031] [client 172.213.161.82:0] script '/domains/system_default/ff.php' not found or unable to stat
[Fri Feb 13 01:36:18.615044 2026] [php:error] [pid 99031] [client 172.213.161.82:0] script '/domains/system_default/css.php' not found or unable to stat
[Fri Feb 13 01:36:18.707998 2026] [php:error] [pid 99031] [client 172.213.161.82:0] script '/domains/system_default/x.php' not found or unable to stat
[Fri Feb 13 01:36:18.800533 2026] [php:error] [pid 99031] [client 172.213.161.82:0] script '/domains/system_default/ans.php' not found or unable to stat
[Fri Feb 13 01:36:18.895960 2026] [php:error] [pid 99031] [client 172.213.161.82:0] script '/domains/system_default/0.php' not found or unable to stat
[Fri Feb 13 01:36:19.493817 2026] [php:error] [pid 99031] [client 172.213.161.82:0] script '/domains/system_default/new.php' not found or unable to stat
[Fri Feb 13 01:36:19.820545 2026] [php:error] [pid 99031] [client 172.213.161.82:0] script '/domains/system_default/alfa.php' not found or unable to stat
[Fri Feb 13 01:36:19.913181 2026] [php:error] [pid 99031] [client 172.213.161.82:0] script '/domains/system_default/el.php' not found or unable to stat
[Fri Feb 13 01:36:20.252233 2026] [php:error] [pid 99031] [client 172.213.161.82:0] script '/domains/system_default/t.php' not found or unable to stat
[Fri Feb 13 01:36:20.344566 2026] [php:error] [pid 99031] [client 172.213.161.82:0] script '/domains/system_default/first.php' not found or unable to stat
[Fri Feb 13 01:36:20.437385 2026] [php:error] [pid 99031] [client 172.213.161.82:0] script '/domains/system_default/acp.php' not found or unable to stat
[Fri Feb 13 01:36:20.529985 2026] [php:error] [pid 99031] [client 172.213.161.82:0] script '/domains/system_default/e.php' not found or unable to stat
[Fri Feb 13 01:36:20.622963 2026] [php:error] [pid 99031] [client 172.213.161.82:0] script '/domains/system_default/info.php' not found or unable to stat
[Fri Feb 13 01:36:20.715860 2026] [php:error] [pid 99031] [client 172.213.161.82:0] script '/domains/system_default/ot.php' not found or unable to stat
[Fri Feb 13 01:36:20.808093 2026] [php:error] [pid 99031] [client 172.213.161.82:0] script '/domains/system_default/test.php' not found or unable to stat
[Fri Feb 13 01:36:20.904075 2026] [php:error] [pid 99031] [client 172.213.161.82:0] script '/domains/system_default/pass.php' not found or unable to stat
[Fri Feb 13 01:36:23.241105 2026] [php:error] [pid 99028] [client 35.247.243.249:0] script '/domains/cccweb/__adm.php' not found or unable to stat
[Fri Feb 13 01:36:43.138162 2026] [php:error] [pid 99017] [client 34.96.162.48:0] script '/domains/cccweb/adminer-5.4.1-en.php' not found or unable to stat
[Fri Feb 13 01:36:44.619446 2026] [php:error] [pid 99028] [client 34.96.162.51:0] script '/domains/cccweb/adminer-5.0.2-mysql-en.php' not found or unable to stat
[Fri Feb 13 01:36:49.312572 2026] [php:error] [pid 99028] [client 35.247.243.242:0] script '/domains/cccweb/adminer-5.1.1-mysql.php' not found or unable to stat
[Fri Feb 13 01:36:55.080562 2026] [php:error] [pid 99028] [client 35.247.243.247:0] script '/domains/cccweb/adminer-5.1.0-mysql.php' not found or unable to stat
[Fri Feb 13 01:36:57.858862 2026] [php:error] [pid 99034] [client 4.217.180.34:0] script '/domains/system_default/ws66.php' not found or unable to stat
[Fri Feb 13 01:36:58.046776 2026] [php:error] [pid 99034] [client 4.217.180.34:0] script '/domains/system_default/666.php' not found or unable to stat
[Fri Feb 13 01:36:58.235317 2026] [php:error] [pid 99034] [client 4.217.180.34:0] script '/domains/system_default/wp-admin.php' not found or unable to stat
[Fri Feb 13 01:36:58.423507 2026] [php:error] [pid 99034] [client 4.217.180.34:0] script '/domains/system_default/h02ugyh.php' not found or unable to stat
[Fri Feb 13 01:36:58.800228 2026] [php:error] [pid 99034] [client 4.217.180.34:0] script '/domains/system_default/fs.php' not found or unable to stat
[Fri Feb 13 01:36:58.988325 2026] [php:error] [pid 99034] [client 4.217.180.34:0] script '/domains/system_default/a4.php' not found or unable to stat
[Fri Feb 13 01:36:59.176500 2026] [php:error] [pid 99034] [client 4.217.180.34:0] script '/domains/system_default/tfm.php' not found or unable to stat
[Fri Feb 13 01:36:59.365735 2026] [php:error] [pid 99034] [client 4.217.180.34:0] script '/domains/system_default/bolt.php' not found or unable to stat
[Fri Feb 13 01:36:59.553471 2026] [php:error] [pid 99034] [client 4.217.180.34:0] script '/domains/system_default/8.php' not found or unable to stat
[Fri Feb 13 01:36:59.741381 2026] [php:error] [pid 99034] [client 4.217.180.34:0] script '/domains/system_default/aa.php' not found or unable to stat
[Fri Feb 13 01:36:59.929620 2026] [php:error] [pid 99034] [client 4.217.180.34:0] script '/domains/system_default/66.php' not found or unable to stat
[Fri Feb 13 01:37:00.117439 2026] [php:error] [pid 99034] [client 4.217.180.34:0] script '/domains/system_default/wen.php' not found or unable to stat
[Fri Feb 13 01:37:00.305782 2026] [php:error] [pid 99034] [client 4.217.180.34:0] script '/domains/system_default/wp-blogs.php' not found or unable to stat
[Fri Feb 13 01:37:00.497087 2026] [php:error] [pid 99034] [client 4.217.180.34:0] script '/domains/system_default/R57.php' not found or unable to stat
[Fri Feb 13 01:37:00.684882 2026] [php:error] [pid 99034] [client 4.217.180.34:0] script '/domains/system_default/ccs.php' not found or unable to stat
[Fri Feb 13 01:37:00.873099 2026] [php:error] [pid 99034] [client 4.217.180.34:0] script '/domains/system_default/24.php' not found or unable to stat
[Fri Feb 13 01:37:01.061037 2026] [php:error] [pid 99034] [client 4.217.180.34:0] script '/domains/system_default/155.php' not found or unable to stat
[Fri Feb 13 01:37:01.248823 2026] [php:error] [pid 99034] [client 4.217.180.34:0] script '/domains/system_default/aaa.php' not found or unable to stat
[Fri Feb 13 01:37:01.436884 2026] [php:error] [pid 99034] [client 4.217.180.34:0] script '/domains/system_default/bgymj.php' not found or unable to stat
[Fri Feb 13 01:37:01.624803 2026] [php:error] [pid 99034] [client 4.217.180.34:0] script '/domains/system_default/06.php' not found or unable to stat
[Fri Feb 13 01:37:01.812852 2026] [php:error] [pid 99034] [client 4.217.180.34:0] script '/domains/system_default/ff1.php' not found or unable to stat
[Fri Feb 13 01:37:02.189117 2026] [php:error] [pid 99034] [client 4.217.180.34:0] script '/domains/system_default/xxw.php' not found or unable to stat
[Fri Feb 13 01:37:02.376811 2026] [php:error] [pid 99034] [client 4.217.180.34:0] script '/domains/system_default/asax.php' not found or unable to stat
[Fri Feb 13 01:37:02.564686 2026] [php:error] [pid 99034] [client 4.217.180.34:0] script '/domains/system_default/knmt.php' not found or unable to stat
[Fri Feb 13 01:37:02.752919 2026] [php:error] [pid 99034] [client 4.217.180.34:0] script '/domains/system_default/bootstrap.php' not found or unable to stat
[Fri Feb 13 01:37:02.941009 2026] [php:error] [pid 99034] [client 4.217.180.34:0] script '/domains/system_default/wp-act.php' not found or unable to stat
[Fri Feb 13 01:37:03.128318 2026] [php:error] [pid 99034] [client 4.217.180.34:0] script '/domains/system_default/mini.php' not found or unable to stat
[Fri Feb 13 01:37:03.316077 2026] [php:error] [pid 99034] [client 4.217.180.34:0] script '/domains/system_default/166.php' not found or unable to stat
[Fri Feb 13 01:37:03.504138 2026] [php:error] [pid 99034] [client 4.217.180.34:0] script '/domains/system_default/file.php' not found or unable to stat
[Fri Feb 13 01:37:03.692178 2026] [php:error] [pid 99034] [client 4.217.180.34:0] script '/domains/system_default/zoo.php' not found or unable to stat
[Fri Feb 13 01:37:03.880323 2026] [php:error] [pid 99034] [client 4.217.180.34:0] script '/domains/system_default/mcs.php' not found or unable to stat
[Fri Feb 13 01:37:03.884770 2026] [php:error] [pid 99028] [client 158.158.53.247:0] script '/domains/pbuilder/new4.php' not found or unable to stat
[Fri Feb 13 01:37:03.970923 2026] [php:error] [pid 99028] [client 158.158.53.247:0] script '/domains/pbuilder/xoot.php' not found or unable to stat
[Fri Feb 13 01:37:04.069890 2026] [php:error] [pid 99034] [client 4.217.180.34:0] script '/domains/system_default/grsiuk.php' not found or unable to stat
[Fri Feb 13 01:37:04.074120 2026] [php:error] [pid 99028] [client 158.158.53.247:0] script '/domains/pbuilder/er.php' not found or unable to stat
[Fri Feb 13 01:37:04.185772 2026] [php:error] [pid 99028] [client 158.158.53.247:0] script '/domains/pbuilder/fault.php' not found or unable to stat
[Fri Feb 13 01:37:04.257971 2026] [php:error] [pid 99034] [client 4.217.180.34:0] script '/domains/system_default/init.php' not found or unable to stat
[Fri Feb 13 01:37:04.291792 2026] [php:error] [pid 99028] [client 158.158.53.247:0] script '/domains/pbuilder/x2x.php' not found or unable to stat
[Fri Feb 13 01:37:04.376575 2026] [php:error] [pid 99028] [client 158.158.53.247:0] script '/domains/pbuilder/motu.php' not found or unable to stat
[Fri Feb 13 01:37:04.446145 2026] [php:error] [pid 99034] [client 4.217.180.34:0] script '/domains/system_default/erty.php' not found or unable to stat
[Fri Feb 13 01:37:04.495876 2026] [php:error] [pid 99028] [client 158.158.53.247:0] script '/domains/pbuilder/66.php' not found or unable to stat
[Fri Feb 13 01:37:04.591934 2026] [php:error] [pid 99028] [client 158.158.53.247:0] script '/domains/pbuilder/leuk.php' not found or unable to stat
[Fri Feb 13 01:37:04.633690 2026] [php:error] [pid 99034] [client 4.217.180.34:0] script '/domains/system_default/term.php' not found or unable to stat
[Fri Feb 13 01:37:04.685849 2026] [php:error] [pid 99028] [client 158.158.53.247:0] script '/domains/pbuilder/8.php' not found or unable to stat
[Fri Feb 13 01:37:04.769481 2026] [php:error] [pid 99028] [client 158.158.53.247:0] script '/domains/pbuilder/wo.php' not found or unable to stat
[Fri Feb 13 01:37:04.820996 2026] [php:error] [pid 99034] [client 4.217.180.34:0] script '/domains/system_default/t.php' not found or unable to stat
[Fri Feb 13 01:37:04.860418 2026] [php:error] [pid 99028] [client 158.158.53.247:0] script '/domains/pbuilder/bvb.php' not found or unable to stat
[Fri Feb 13 01:37:04.972856 2026] [php:error] [pid 99028] [client 158.158.53.247:0] script '/domains/pbuilder/xqq.php' not found or unable to stat
[Fri Feb 13 01:37:05.008865 2026] [php:error] [pid 99034] [client 4.217.180.34:0] script '/domains/system_default/inege.php' not found or unable to stat
[Fri Feb 13 01:37:05.056538 2026] [php:error] [pid 99028] [client 158.158.53.247:0] script '/domains/pbuilder/kolda.php' not found or unable to stat
[Fri Feb 13 01:37:05.186729 2026] [php:error] [pid 99028] [client 158.158.53.247:0] script '/domains/pbuilder/nw.php' not found or unable to stat
[Fri Feb 13 01:37:05.196675 2026] [php:error] [pid 99034] [client 4.217.180.34:0] script '/domains/system_default/to.php' not found or unable to stat
[Fri Feb 13 01:37:05.270520 2026] [php:error] [pid 99028] [client 158.158.53.247:0] script '/domains/pbuilder/god.php' not found or unable to stat
[Fri Feb 13 01:37:05.354805 2026] [php:error] [pid 99028] [client 158.158.53.247:0] script '/domains/pbuilder/666.php' not found or unable to stat
[Fri Feb 13 01:37:05.385350 2026] [php:error] [pid 99034] [client 4.217.180.34:0] script '/domains/system_default/ioxi.php' not found or unable to stat
[Fri Feb 13 01:37:05.574054 2026] [php:error] [pid 99034] [client 4.217.180.34:0] script '/domains/system_default/gdn.php' not found or unable to stat
[Fri Feb 13 01:37:05.607928 2026] [php:error] [pid 99028] [client 158.158.53.247:0] script '/domains/pbuilder/kj.php' not found or unable to stat
[Fri Feb 13 01:37:05.764332 2026] [php:error] [pid 99034] [client 4.217.180.34:0] script '/domains/system_default/lib.php' not found or unable to stat
[Fri Feb 13 01:37:05.870793 2026] [php:error] [pid 99028] [client 158.158.53.247:0] script '/domains/pbuilder/un.php' not found or unable to stat
[Fri Feb 13 01:37:05.975350 2026] [php:error] [pid 99028] [client 158.158.53.247:0] script '/domains/pbuilder/fs.php' not found or unable to stat
[Fri Feb 13 01:37:06.059241 2026] [php:error] [pid 99028] [client 158.158.53.247:0] script '/domains/pbuilder/lts.php' not found or unable to stat
[Fri Feb 13 01:37:06.143075 2026] [php:error] [pid 99028] [client 158.158.53.247:0] script '/domains/pbuilder/ms.php' not found or unable to stat
[Fri Feb 13 01:37:06.226757 2026] [php:error] [pid 99028] [client 158.158.53.247:0] script '/domains/pbuilder/login8.php' not found or unable to stat
[Fri Feb 13 01:37:06.310362 2026] [php:error] [pid 99028] [client 158.158.53.247:0] script '/domains/pbuilder/nnyvn.php' not found or unable to stat
[Fri Feb 13 01:37:06.394832 2026] [php:error] [pid 99028] [client 158.158.53.247:0] script '/domains/pbuilder/cu.php' not found or unable to stat
[Fri Feb 13 01:37:06.478781 2026] [php:error] [pid 99028] [client 158.158.53.247:0] script '/domains/pbuilder/lul.php' not found or unable to stat
[Fri Feb 13 01:37:06.574847 2026] [php:error] [pid 99028] [client 158.158.53.247:0] script '/domains/pbuilder/0.php' not found or unable to stat
[Fri Feb 13 01:37:06.666002 2026] [php:error] [pid 99028] [client 158.158.53.247:0] script '/domains/pbuilder/ms-edit.php' not found or unable to stat
[Fri Feb 13 01:37:06.749975 2026] [php:error] [pid 99028] [client 158.158.53.247:0] script '/domains/pbuilder/ya.php' not found or unable to stat
[Fri Feb 13 01:37:06.853473 2026] [php:error] [pid 99028] [client 158.158.53.247:0] script '/domains/pbuilder/grsiuk.php' not found or unable to stat
[Fri Feb 13 01:37:06.944057 2026] [php:error] [pid 99028] [client 158.158.53.247:0] script '/domains/pbuilder/wp-blog.php' not found or unable to stat
[Fri Feb 13 01:37:07.028715 2026] [php:error] [pid 99028] [client 158.158.53.247:0] script '/domains/pbuilder/ftem.php' not found or unable to stat
[Fri Feb 13 01:37:07.126652 2026] [php:error] [pid 99028] [client 158.158.53.247:0] script '/domains/pbuilder/7wom.php' not found or unable to stat
[Fri Feb 13 01:37:07.269302 2026] [php:error] [pid 99028] [client 158.158.53.247:0] script '/domains/pbuilder/wp-access.php' not found or unable to stat
[Fri Feb 13 01:37:07.569618 2026] [php:error] [pid 99028] [client 158.158.53.247:0] script '/domains/pbuilder/a1vx.php' not found or unable to stat
[Fri Feb 13 01:37:07.711488 2026] [php:error] [pid 99028] [client 158.158.53.247:0] script '/domains/pbuilder/sbhu.php' not found or unable to stat
[Fri Feb 13 01:37:07.892420 2026] [php:error] [pid 99028] [client 158.158.53.247:0] script '/domains/pbuilder/wp-the.php' not found or unable to stat
[Fri Feb 13 01:37:07.976578 2026] [php:error] [pid 99028] [client 158.158.53.247:0] script '/domains/pbuilder/06.php' not found or unable to stat
[Fri Feb 13 01:37:08.076586 2026] [php:error] [pid 99028] [client 158.158.53.247:0] script '/domains/pbuilder/wp5.php' not found or unable to stat
[Fri Feb 13 01:37:08.160631 2026] [php:error] [pid 99028] [client 158.158.53.247:0] script '/domains/pbuilder/fot.php' not found or unable to stat
[Fri Feb 13 01:37:08.260350 2026] [php:error] [pid 99028] [client 158.158.53.247:0] script '/domains/pbuilder/ff1.php' not found or unable to stat
[Fri Feb 13 01:37:08.350402 2026] [php:error] [pid 99028] [client 158.158.53.247:0] script '/domains/pbuilder/forbidals.php' not found or unable to stat
[Fri Feb 13 01:37:08.457255 2026] [php:error] [pid 99028] [client 158.158.53.247:0] script '/domains/pbuilder/erty.php' not found or unable to stat
[Fri Feb 13 01:37:08.558826 2026] [php:error] [pid 99028] [client 158.158.53.247:0] script '/domains/pbuilder/dev1s.php' not found or unable to stat
[Fri Feb 13 01:37:08.643361 2026] [php:error] [pid 99028] [client 158.158.53.247:0] script '/domains/pbuilder/ffd.php' not found or unable to stat
[Fri Feb 13 01:37:08.727197 2026] [php:error] [pid 99028] [client 158.158.53.247:0] script '/domains/pbuilder/admiin.php' not found or unable to stat
[Fri Feb 13 01:37:08.823884 2026] [php:error] [pid 99028] [client 158.158.53.247:0] script '/domains/pbuilder/ol.php' not found or unable to stat
[Fri Feb 13 01:37:08.954276 2026] [php:error] [pid 99028] [client 158.158.53.247:0] script '/domains/pbuilder/Sanskrit.php' not found or unable to stat
[Fri Feb 13 01:37:09.200424 2026] [php:error] [pid 99028] [client 158.158.53.247:0] script '/domains/pbuilder/vxrl.php' not found or unable to stat
[Fri Feb 13 01:37:09.284369 2026] [php:error] [pid 99028] [client 158.158.53.247:0] script '/domains/pbuilder/re.php' not found or unable to stat
[Fri Feb 13 01:37:09.369622 2026] [php:error] [pid 99028] [client 158.158.53.247:0] script '/domains/pbuilder/num.php' not found or unable to stat
[Fri Feb 13 01:37:09.463487 2026] [php:error] [pid 99028] [client 158.158.53.247:0] script '/domains/pbuilder/axx.php' not found or unable to stat
[Fri Feb 13 01:37:09.551003 2026] [php:error] [pid 99028] [client 158.158.53.247:0] script '/domains/pbuilder/vxrl.php' not found or unable to stat
[Fri Feb 13 01:37:09.634851 2026] [php:error] [pid 99028] [client 158.158.53.247:0] script '/domains/pbuilder/in.php' not found or unable to stat
[Fri Feb 13 01:37:09.732193 2026] [php:error] [pid 99028] [client 158.158.53.247:0] script '/domains/pbuilder/style.php' not found or unable to stat
[Fri Feb 13 01:37:09.866649 2026] [php:error] [pid 99028] [client 158.158.53.247:0] script '/domains/pbuilder/we.php' not found or unable to stat
[Fri Feb 13 01:37:10.046373 2026] [php:error] [pid 99028] [client 158.158.53.247:0] script '/domains/pbuilder/zwso.php' not found or unable to stat
[Fri Feb 13 01:37:10.130527 2026] [php:error] [pid 99028] [client 158.158.53.247:0] script '/domains/pbuilder/karak.php' not found or unable to stat
[Fri Feb 13 01:37:10.214307 2026] [php:error] [pid 99028] [client 158.158.53.247:0] script '/domains/pbuilder/trd.php' not found or unable to stat
[Fri Feb 13 01:37:10.298614 2026] [php:error] [pid 99028] [client 158.158.53.247:0] script '/domains/pbuilder/past.php' not found or unable to stat
[Fri Feb 13 01:37:10.421092 2026] [php:error] [pid 99028] [client 158.158.53.247:0] script '/domains/pbuilder/prv8.php' not found or unable to stat
[Fri Feb 13 01:37:10.524752 2026] [php:error] [pid 99028] [client 158.158.53.247:0] script '/domains/pbuilder/i.php' not found or unable to stat
[Fri Feb 13 01:37:10.693187 2026] [php:error] [pid 99028] [client 158.158.53.247:0] script '/domains/pbuilder/xmlrpc.php' not found or unable to stat
[Fri Feb 13 01:37:10.784512 2026] [php:error] [pid 99028] [client 158.158.53.247:0] script '/domains/pbuilder/aw.php' not found or unable to stat
[Fri Feb 13 01:37:10.868355 2026] [php:error] [pid 99028] [client 158.158.53.247:0] script '/domains/pbuilder/dev.php' not found or unable to stat
[Fri Feb 13 01:37:10.955971 2026] [php:error] [pid 99028] [client 158.158.53.247:0] script '/domains/pbuilder/lock360.php' not found or unable to stat
[Fri Feb 13 01:37:11.040154 2026] [php:error] [pid 99028] [client 158.158.53.247:0] script '/domains/pbuilder/155.php' not found or unable to stat
[Fri Feb 13 01:37:11.137009 2026] [php:error] [pid 99028] [client 158.158.53.247:0] script '/domains/pbuilder/goat.php' not found or unable to stat
[Fri Feb 13 01:37:11.221382 2026] [php:error] [pid 99028] [client 158.158.53.247:0] script '/domains/pbuilder/tcp.php' not found or unable to stat
[Fri Feb 13 01:37:11.380672 2026] [php:error] [pid 99028] [client 158.158.53.247:0] script '/domains/pbuilder/ext.php' not found or unable to stat
[Fri Feb 13 01:37:11.464620 2026] [php:error] [pid 99028] [client 158.158.53.247:0] script '/domains/pbuilder/inputs.php' not found or unable to stat
[Fri Feb 13 01:37:11.548849 2026] [php:error] [pid 99028] [client 158.158.53.247:0] script '/domains/pbuilder/ioxi.php' not found or unable to stat
[Fri Feb 13 01:37:11.632799 2026] [php:error] [pid 99028] [client 158.158.53.247:0] script '/domains/pbuilder/fe5.php' not found or unable to stat
[Fri Feb 13 01:37:11.716693 2026] [php:error] [pid 99028] [client 158.158.53.247:0] script '/domains/pbuilder/ov.php' not found or unable to stat
[Fri Feb 13 01:37:11.800775 2026] [php:error] [pid 99028] [client 158.158.53.247:0] script '/domains/pbuilder/past1.php' not found or unable to stat
[Fri Feb 13 01:37:12.016916 2026] [php:error] [pid 99028] [client 158.158.53.247:0] script '/domains/pbuilder/default.php' not found or unable to stat
[Fri Feb 13 01:37:12.103526 2026] [php:error] [pid 99028] [client 158.158.53.247:0] script '/domains/pbuilder/goods.php' not found or unable to stat
[Fri Feb 13 01:37:12.234650 2026] [php:error] [pid 99028] [client 158.158.53.247:0] script '/domains/pbuilder/abcd.php' not found or unable to stat
[Fri Feb 13 01:37:12.331663 2026] [php:error] [pid 99028] [client 158.158.53.247:0] script '/domains/pbuilder/yos.php' not found or unable to stat
[Fri Feb 13 01:37:12.417410 2026] [php:error] [pid 99028] [client 158.158.53.247:0] script '/domains/pbuilder/nope.php' not found or unable to stat
[Fri Feb 13 01:37:12.478756 2026] [php:error] [pid 99044] [client 20.251.34.233:0] script '/domains/acagolf1/new4.php' not found or unable to stat
[Fri Feb 13 01:37:12.501205 2026] [php:error] [pid 99028] [client 158.158.53.247:0] script '/domains/pbuilder/class.1.php' not found or unable to stat
[Fri Feb 13 01:37:12.590338 2026] [php:error] [pid 99044] [client 20.251.34.233:0] script '/domains/acagolf1/xoot.php' not found or unable to stat
[Fri Feb 13 01:37:12.623432 2026] [php:error] [pid 99028] [client 158.158.53.247:0] script '/domains/pbuilder/file5.php' not found or unable to stat
[Fri Feb 13 01:37:12.696261 2026] [php:error] [pid 99044] [client 20.251.34.233:0] script '/domains/acagolf1/er.php' not found or unable to stat
[Fri Feb 13 01:37:12.794030 2026] [php:error] [pid 99044] [client 20.251.34.233:0] script '/domains/acagolf1/fault.php' not found or unable to stat
[Fri Feb 13 01:37:12.799673 2026] [php:error] [pid 99028] [client 158.158.53.247:0] script '/domains/pbuilder/async.php' not found or unable to stat
[Fri Feb 13 01:37:12.895537 2026] [php:error] [pid 99028] [client 158.158.53.247:0] script '/domains/pbuilder/ff.php' not found or unable to stat
[Fri Feb 13 01:37:12.952364 2026] [php:error] [pid 99044] [client 20.251.34.233:0] script '/domains/acagolf1/x2x.php' not found or unable to stat
[Fri Feb 13 01:37:13.046740 2026] [php:error] [pid 99028] [client 158.158.53.247:0] script '/domains/pbuilder/ioxi-o.php' not found or unable to stat
[Fri Feb 13 01:37:13.076372 2026] [php:error] [pid 99044] [client 20.251.34.233:0] script '/domains/acagolf1/motu.php' not found or unable to stat
[Fri Feb 13 01:37:13.136299 2026] [php:error] [pid 99028] [client 158.158.53.247:0] script '/domains/pbuilder/manager.php' not found or unable to stat
[Fri Feb 13 01:37:13.174494 2026] [php:error] [pid 99044] [client 20.251.34.233:0] script '/domains/acagolf1/66.php' not found or unable to stat
[Fri Feb 13 01:37:13.220226 2026] [php:error] [pid 99028] [client 158.158.53.247:0] script '/domains/pbuilder/wp-update.php' not found or unable to stat
[Fri Feb 13 01:37:13.271007 2026] [php:error] [pid 99044] [client 20.251.34.233:0] script '/domains/acagolf1/leuk.php' not found or unable to stat
[Fri Feb 13 01:37:13.317669 2026] [php:error] [pid 99028] [client 158.158.53.247:0] script '/domains/pbuilder/file.php' not found or unable to stat
[Fri Feb 13 01:37:13.368214 2026] [php:error] [pid 99044] [client 20.251.34.233:0] script '/domains/acagolf1/8.php' not found or unable to stat
[Fri Feb 13 01:37:13.471357 2026] [php:error] [pid 99044] [client 20.251.34.233:0] script '/domains/acagolf1/wo.php' not found or unable to stat
[Fri Feb 13 01:37:13.506219 2026] [php:error] [pid 99028] [client 158.158.53.247:0] script '/domains/pbuilder/lc.php' not found or unable to stat
[Fri Feb 13 01:37:13.568486 2026] [php:error] [pid 99044] [client 20.251.34.233:0] script '/domains/acagolf1/bvb.php' not found or unable to stat
[Fri Feb 13 01:37:13.589844 2026] [php:error] [pid 99028] [client 158.158.53.247:0] script '/domains/pbuilder/hexx.php' not found or unable to stat
[Fri Feb 13 01:37:13.674846 2026] [php:error] [pid 99028] [client 158.158.53.247:0] script '/domains/pbuilder/cbrfo.php' not found or unable to stat
[Fri Feb 13 01:37:13.742341 2026] [php:error] [pid 99044] [client 20.251.34.233:0] script '/domains/acagolf1/xqq.php' not found or unable to stat
[Fri Feb 13 01:37:13.764991 2026] [php:error] [pid 99028] [client 158.158.53.247:0] script '/domains/pbuilder/inc.php' not found or unable to stat
[Fri Feb 13 01:37:13.841633 2026] [php:error] [pid 99044] [client 20.251.34.233:0] script '/domains/acagolf1/kolda.php' not found or unable to stat
[Fri Feb 13 01:37:13.850722 2026] [php:error] [pid 99028] [client 158.158.53.247:0] script '/domains/pbuilder/gifclass.php' not found or unable to stat
[Fri Feb 13 01:37:13.934645 2026] [php:error] [pid 99028] [client 158.158.53.247:0] script '/domains/pbuilder/miansha.php' not found or unable to stat
[Fri Feb 13 01:37:13.944201 2026] [php:error] [pid 99044] [client 20.251.34.233:0] script '/domains/acagolf1/nw.php' not found or unable to stat
[Fri Feb 13 01:37:14.018722 2026] [php:error] [pid 99028] [client 158.158.53.247:0] script '/domains/pbuilder/tinyfilemanager.php' not found or unable to stat
[Fri Feb 13 01:37:14.040952 2026] [php:error] [pid 99044] [client 20.251.34.233:0] script '/domains/acagolf1/god.php' not found or unable to stat
[Fri Feb 13 01:37:14.103023 2026] [php:error] [pid 99028] [client 158.158.53.247:0] script '/domains/pbuilder/xfile25.php' not found or unable to stat
[Fri Feb 13 01:37:14.137856 2026] [php:error] [pid 99044] [client 20.251.34.233:0] script '/domains/acagolf1/666.php' not found or unable to stat
[Fri Feb 13 01:37:14.287364 2026] [php:error] [pid 99028] [client 158.158.53.247:0] script '/domains/pbuilder/ok.php' not found or unable to stat
[Fri Feb 13 01:37:14.311730 2026] [php:error] [pid 99044] [client 20.251.34.233:0] script '/domains/acagolf1/kj.php' not found or unable to stat
[Fri Feb 13 01:37:14.377129 2026] [php:error] [pid 99028] [client 158.158.53.247:0] script '/domains/pbuilder/fi.php' not found or unable to stat
[Fri Feb 13 01:37:14.408269 2026] [php:error] [pid 99044] [client 20.251.34.233:0] script '/domains/acagolf1/un.php' not found or unable to stat
[Fri Feb 13 01:37:14.508297 2026] [php:error] [pid 99044] [client 20.251.34.233:0] script '/domains/acagolf1/fs.php' not found or unable to stat
[Fri Feb 13 01:37:14.641007 2026] [php:error] [pid 99044] [client 20.251.34.233:0] script '/domains/acagolf1/lts.php' not found or unable to stat
[Fri Feb 13 01:37:14.739326 2026] [php:error] [pid 99044] [client 20.251.34.233:0] script '/domains/acagolf1/ms.php' not found or unable to stat
[Fri Feb 13 01:37:14.785404 2026] [php:error] [pid 99037] [client 158.158.53.247:0] script '/domains/pbuilder/muzu.php' not found or unable to stat
[Fri Feb 13 01:37:14.843049 2026] [php:error] [pid 99044] [client 20.251.34.233:0] script '/domains/acagolf1/login8.php' not found or unable to stat
[Fri Feb 13 01:37:14.871059 2026] [php:error] [pid 99037] [client 158.158.53.247:0] script '/domains/pbuilder/reze.php' not found or unable to stat
[Fri Feb 13 01:37:14.940551 2026] [php:error] [pid 99044] [client 20.251.34.233:0] script '/domains/acagolf1/nnyvn.php' not found or unable to stat
[Fri Feb 13 01:37:14.965040 2026] [php:error] [pid 99037] [client 158.158.53.247:0] script '/domains/pbuilder/styll.php' not found or unable to stat
[Fri Feb 13 01:37:15.051780 2026] [php:error] [pid 99037] [client 158.158.53.247:0] script '/domains/pbuilder/x7.php' not found or unable to stat
[Fri Feb 13 01:37:15.080158 2026] [php:error] [pid 99044] [client 20.251.34.233:0] script '/domains/acagolf1/cu.php' not found or unable to stat
[Fri Feb 13 01:37:15.138202 2026] [php:error] [pid 99037] [client 158.158.53.247:0] script '/domains/pbuilder/thebe.php' not found or unable to stat
[Fri Feb 13 01:37:15.176915 2026] [php:error] [pid 99044] [client 20.251.34.233:0] script '/domains/acagolf1/lul.php' not found or unable to stat
[Fri Feb 13 01:37:15.223898 2026] [php:error] [pid 99037] [client 158.158.53.247:0] script '/domains/pbuilder/ddd.php' not found or unable to stat
[Fri Feb 13 01:37:15.273435 2026] [php:error] [pid 99044] [client 20.251.34.233:0] script '/domains/acagolf1/0.php' not found or unable to stat
[Fri Feb 13 01:37:15.308712 2026] [php:error] [pid 99037] [client 158.158.53.247:0] script '/domains/pbuilder/ccs.php' not found or unable to stat
[Fri Feb 13 01:37:15.380432 2026] [php:error] [pid 99044] [client 20.251.34.233:0] script '/domains/acagolf1/ms-edit.php' not found or unable to stat
[Fri Feb 13 01:37:15.393923 2026] [php:error] [pid 99037] [client 158.158.53.247:0] script '/domains/pbuilder/bgymj.php' not found or unable to stat
[Fri Feb 13 01:37:15.478863 2026] [php:error] [pid 99037] [client 158.158.53.247:0] script '/domains/pbuilder/8xyz.php' not found or unable to stat
[Fri Feb 13 01:37:15.495389 2026] [php:error] [pid 99044] [client 20.251.34.233:0] script '/domains/acagolf1/ya.php' not found or unable to stat
[Fri Feb 13 01:37:15.577193 2026] [php:error] [pid 99037] [client 158.158.53.247:0] script '/domains/pbuilder/la.php' not found or unable to stat
[Fri Feb 13 01:37:15.601558 2026] [php:error] [pid 99044] [client 20.251.34.233:0] script '/domains/acagolf1/grsiuk.php' not found or unable to stat
[Fri Feb 13 01:37:15.661651 2026] [php:error] [pid 99037] [client 158.158.53.247:0] script '/domains/pbuilder/ioxi.php' not found or unable to stat
[Fri Feb 13 01:37:15.726053 2026] [php:error] [pid 99044] [client 20.251.34.233:0] script '/domains/acagolf1/wp-blog.php' not found or unable to stat
[Fri Feb 13 01:37:15.754878 2026] [php:error] [pid 99037] [client 158.158.53.247:0] script '/domains/pbuilder/xpwer1.php' not found or unable to stat
[Fri Feb 13 01:37:15.836649 2026] [php:error] [pid 99044] [client 20.251.34.233:0] script '/domains/acagolf1/ftem.php' not found or unable to stat
[Fri Feb 13 01:37:15.963045 2026] [php:error] [pid 99044] [client 20.251.34.233:0] script '/domains/acagolf1/7wom.php' not found or unable to stat
[Fri Feb 13 01:37:16.033891 2026] [php:error] [pid 99037] [client 158.158.53.247:0] script '/domains/pbuilder/lala.php' not found or unable to stat
[Fri Feb 13 01:37:16.071342 2026] [php:error] [pid 99044] [client 20.251.34.233:0] script '/domains/acagolf1/wp-access.php' not found or unable to stat
[Fri Feb 13 01:37:16.119425 2026] [php:error] [pid 99037] [client 158.158.53.247:0] script '/domains/pbuilder/about.php' not found or unable to stat
[Fri Feb 13 01:37:16.173118 2026] [php:error] [pid 99044] [client 20.251.34.233:0] script '/domains/acagolf1/a1vx.php' not found or unable to stat
[Fri Feb 13 01:37:16.274610 2026] [php:error] [pid 99044] [client 20.251.34.233:0] script '/domains/acagolf1/sbhu.php' not found or unable to stat
[Fri Feb 13 01:37:16.384926 2026] [php:error] [pid 99044] [client 20.251.34.233:0] script '/domains/acagolf1/wp-the.php' not found or unable to stat
[Fri Feb 13 01:37:16.526997 2026] [php:error] [pid 99044] [client 20.251.34.233:0] script '/domains/acagolf1/06.php' not found or unable to stat
[Fri Feb 13 01:37:16.624499 2026] [php:error] [pid 99044] [client 20.251.34.233:0] script '/domains/acagolf1/wp5.php' not found or unable to stat
[Fri Feb 13 01:37:16.640341 2026] [php:error] [pid 99037] [client 158.158.53.247:0] script '/domains/pbuilder/info.php' not found or unable to stat
[Fri Feb 13 01:37:16.731321 2026] [php:error] [pid 99037] [client 158.158.53.247:0] script '/domains/pbuilder/about.php' not found or unable to stat
[Fri Feb 13 01:37:16.901703 2026] [php:error] [pid 99037] [client 158.158.53.247:0] script '/domains/pbuilder/222.php' not found or unable to stat
[Fri Feb 13 01:37:16.926696 2026] [php:error] [pid 99044] [client 20.251.34.233:0] script '/domains/acagolf1/fot.php' not found or unable to stat
[Fri Feb 13 01:37:16.986654 2026] [php:error] [pid 99037] [client 158.158.53.247:0] script '/domains/pbuilder/adminfuns.php' not found or unable to stat
[Fri Feb 13 01:37:17.023341 2026] [php:error] [pid 99044] [client 20.251.34.233:0] script '/domains/acagolf1/ff1.php' not found or unable to stat
[Fri Feb 13 01:37:17.120115 2026] [php:error] [pid 99044] [client 20.251.34.233:0] script '/domains/acagolf1/forbidals.php' not found or unable to stat
[Fri Feb 13 01:37:17.164642 2026] [php:error] [pid 99037] [client 158.158.53.247:0] script '/domains/pbuilder/xx.php' not found or unable to stat
[Fri Feb 13 01:37:17.220341 2026] [php:error] [pid 99044] [client 20.251.34.233:0] script '/domains/acagolf1/erty.php' not found or unable to stat
[Fri Feb 13 01:37:17.374990 2026] [php:error] [pid 99037] [client 158.158.53.247:0] script '/domains/pbuilder/f5.php' not found or unable to stat
[Fri Feb 13 01:37:17.375053 2026] [php:error] [pid 99044] [client 20.251.34.233:0] script '/domains/acagolf1/dev1s.php' not found or unable to stat
[Fri Feb 13 01:37:17.460426 2026] [php:error] [pid 99037] [client 158.158.53.247:0] script '/domains/pbuilder/flower.php' not found or unable to stat
[Fri Feb 13 01:37:17.480931 2026] [php:error] [pid 99044] [client 20.251.34.233:0] script '/domains/acagolf1/ffd.php' not found or unable to stat
[Fri Feb 13 01:37:17.547157 2026] [php:error] [pid 99037] [client 158.158.53.247:0] script '/domains/pbuilder/f6.php' not found or unable to stat
[Fri Feb 13 01:37:17.671683 2026] [php:error] [pid 99044] [client 20.251.34.233:0] script '/domains/acagolf1/admiin.php' not found or unable to stat
[Fri Feb 13 01:37:17.705590 2026] [php:error] [pid 99037] [client 158.158.53.247:0] script '/domains/pbuilder/edit.php' not found or unable to stat
[Fri Feb 13 01:37:17.802907 2026] [php:error] [pid 99037] [client 158.158.53.247:0] script '/domains/pbuilder/aa.php' not found or unable to stat
[Fri Feb 13 01:37:17.867642 2026] [php:error] [pid 99044] [client 20.251.34.233:0] script '/domains/acagolf1/ol.php' not found or unable to stat
[Fri Feb 13 01:37:18.031169 2026] [php:error] [pid 99044] [client 20.251.34.233:0] script '/domains/acagolf1/Sanskrit.php' not found or unable to stat
[Fri Feb 13 01:37:18.140119 2026] [php:error] [pid 99037] [client 158.158.53.247:0] script '/domains/pbuilder/av.php' not found or unable to stat
[Fri Feb 13 01:37:18.146783 2026] [php:error] [pid 99044] [client 20.251.34.233:0] script '/domains/acagolf1/vxrl.php' not found or unable to stat
[Fri Feb 13 01:37:18.243768 2026] [php:error] [pid 99044] [client 20.251.34.233:0] script '/domains/acagolf1/re.php' not found or unable to stat
[Fri Feb 13 01:37:18.328757 2026] [php:error] [pid 99037] [client 158.158.53.247:0] script '/domains/pbuilder/wsd.php' not found or unable to stat
[Fri Feb 13 01:37:18.340543 2026] [php:error] [pid 99044] [client 20.251.34.233:0] script '/domains/acagolf1/num.php' not found or unable to stat
[Fri Feb 13 01:37:18.422960 2026] [php:error] [pid 99037] [client 158.158.53.247:0] script '/domains/pbuilder/jane.php' not found or unable to stat
[Fri Feb 13 01:37:18.439484 2026] [php:error] [pid 99044] [client 20.251.34.233:0] script '/domains/acagolf1/axx.php' not found or unable to stat
[Fri Feb 13 01:37:18.508776 2026] [php:error] [pid 99037] [client 158.158.53.247:0] script '/domains/pbuilder/css.php' not found or unable to stat
[Fri Feb 13 01:37:18.544680 2026] [php:error] [pid 99044] [client 20.251.34.233:0] script '/domains/acagolf1/vxrl.php' not found or unable to stat
[Fri Feb 13 01:37:18.606588 2026] [php:error] [pid 99037] [client 158.158.53.247:0] script '/domains/pbuilder/alfa.php' not found or unable to stat
[Fri Feb 13 01:37:18.643289 2026] [php:error] [pid 99044] [client 20.251.34.233:0] script '/domains/acagolf1/in.php' not found or unable to stat
[Fri Feb 13 01:37:18.728301 2026] [php:error] [pid 99037] [client 158.158.53.247:0] script '/domains/pbuilder/wen.php' not found or unable to stat
[Fri Feb 13 01:37:18.766085 2026] [php:error] [pid 99044] [client 20.251.34.233:0] script '/domains/acagolf1/style.php' not found or unable to stat
[Fri Feb 13 01:37:18.829593 2026] [php:error] [pid 99037] [client 158.158.53.247:0] script '/domains/pbuilder/x.php' not found or unable to stat
[Fri Feb 13 01:37:18.868305 2026] [php:error] [pid 99044] [client 20.251.34.233:0] script '/domains/acagolf1/we.php' not found or unable to stat
[Fri Feb 13 01:37:18.939076 2026] [php:error] [pid 99037] [client 158.158.53.247:0] script '/domains/pbuilder/xxxx.php' not found or unable to stat
[Fri Feb 13 01:37:18.979176 2026] [php:error] [pid 99044] [client 20.251.34.233:0] script '/domains/acagolf1/zwso.php' not found or unable to stat
[Fri Feb 13 01:37:19.023930 2026] [php:error] [pid 99037] [client 158.158.53.247:0] script '/domains/pbuilder/class.php' not found or unable to stat
[Fri Feb 13 01:37:19.076213 2026] [php:error] [pid 99044] [client 20.251.34.233:0] script '/domains/acagolf1/karak.php' not found or unable to stat
[Fri Feb 13 01:37:19.129468 2026] [php:error] [pid 99037] [client 158.158.53.247:0] script '/domains/pbuilder/f35.php' not found or unable to stat
[Fri Feb 13 01:37:19.172960 2026] [php:error] [pid 99044] [client 20.251.34.233:0] script '/domains/acagolf1/trd.php' not found or unable to stat
[Fri Feb 13 01:37:19.269521 2026] [php:error] [pid 99044] [client 20.251.34.233:0] script '/domains/acagolf1/past.php' not found or unable to stat
[Fri Feb 13 01:37:19.380754 2026] [php:error] [pid 99044] [client 20.251.34.233:0] script '/domains/acagolf1/prv8.php' not found or unable to stat
[Fri Feb 13 01:37:19.494716 2026] [php:error] [pid 99044] [client 20.251.34.233:0] script '/domains/acagolf1/i.php' not found or unable to stat
[Fri Feb 13 01:37:19.536242 2026] [php:error] [pid 99037] [client 158.158.53.247:0] script '/domains/pbuilder/class-t.api.php' not found or unable to stat
[Fri Feb 13 01:37:19.625584 2026] [php:error] [pid 99037] [client 158.158.53.247:0] script '/domains/pbuilder/blurbs18.php' not found or unable to stat
[Fri Feb 13 01:37:19.694218 2026] [php:error] [pid 99044] [client 20.251.34.233:0] script '/domains/acagolf1/xmlrpc.php' not found or unable to stat
[Fri Feb 13 01:37:19.793347 2026] [php:error] [pid 99044] [client 20.251.34.233:0] script '/domains/acagolf1/aw.php' not found or unable to stat
[Fri Feb 13 01:37:19.892930 2026] [php:error] [pid 99044] [client 20.251.34.233:0] script '/domains/acagolf1/dev.php' not found or unable to stat
[Fri Feb 13 01:37:20.033712 2026] [php:error] [pid 99044] [client 20.251.34.233:0] script '/domains/acagolf1/lock360.php' not found or unable to stat
