[Fri Feb 13 00:50:41.966286 2026] [php:error] [pid 92928] [client 51.120.78.0:0] script '/domains/jaspen/gm.php' not found or unable to stat
[Fri Feb 13 00:50:42.061791 2026] [php:error] [pid 92928] [client 51.120.78.0:0] script '/domains/jaspen/1a.php' not found or unable to stat
[Fri Feb 13 00:50:42.156820 2026] [php:error] [pid 92928] [client 51.120.78.0:0] script '/domains/jaspen/aer.php' not found or unable to stat
[Fri Feb 13 00:50:42.252117 2026] [php:error] [pid 92928] [client 51.120.78.0:0] script '/domains/jaspen/f6.php' not found or unable to stat
[Fri Feb 13 00:50:42.346880 2026] [php:error] [pid 92928] [client 51.120.78.0:0] script '/domains/jaspen/667.php' not found or unable to stat
[Fri Feb 13 00:50:42.441701 2026] [php:error] [pid 92928] [client 51.120.78.0:0] script '/domains/jaspen/kma.php' not found or unable to stat
[Fri Feb 13 00:50:42.536207 2026] [php:error] [pid 92928] [client 51.120.78.0:0] script '/domains/jaspen/kimono.php' not found or unable to stat
[Fri Feb 13 00:51:25.193294 2026] [php:error] [pid 92921] [client 35.247.243.240:0] script '/domains/cccweb/adminer-5.0.1.php' not found or unable to stat
[Fri Feb 13 00:51:37.817306 2026] [authz_core:error] [pid 92928] [client 205.210.31.86:0] AH01630: client denied by server configuration: /
[Fri Feb 13 00:51:38.516373 2026] [php:error] [pid 92940] [client 172.213.222.67:0] script '/domains/csiniaws/24.php' not found or unable to stat
[Fri Feb 13 00:51:40.861250 2026] [php:error] [pid 92931] [client 172.213.222.67:0] script '/domains/davidbacker/24.php' not found or unable to stat
[Fri Feb 13 00:51:52.088845 2026] [php:error] [pid 92921] [client 35.247.243.254:0] script '/domains/cccweb/adminer-5.0.1-mysql.php' not found or unable to stat
[Fri Feb 13 00:52:52.651537 2026] [php:error] [pid 92944] [client 35.247.243.242:0] script '/domains/cccweb/adminer-db.php' not found or unable to stat
[Fri Feb 13 00:52:53.791389 2026] [php:error] [pid 92947] [client 20.199.186.0:0] script '/domains/jeffbell/24.php' not found or unable to stat
[Fri Feb 13 00:53:30.738220 2026] [php:error] [pid 92942] [client 145.239.10.137:0] script '/domains/system_default/gto.php' not found or unable to stat, referer: http://propluspmc.com/gto.php
[Fri Feb 13 00:53:30.748299 2026] [php:error] [pid 92944] [client 145.239.10.137:0] script '/domains/system_default/opsn.php' not found or unable to stat, referer: http://propluspmc.com/opsn.php
[Fri Feb 13 00:54:05.514969 2026] [php:error] [pid 92928] [client 35.247.243.253:0] script '/domains/cccweb/adminer-4.7.6.php' not found or unable to stat
[Fri Feb 13 00:54:57.352451 2026] [php:error] [pid 92965] [client 34.7.218.43:0] script '/domains/hdickens.enteract/kmnj.php' not found or unable to stat
[Fri Feb 13 00:55:10.452611 2026] [php:error] [pid 92961] [client 20.219.8.79:0] script '/domains/piltdweb1/rip.php' not found or unable to stat
[Fri Feb 13 00:55:10.665259 2026] [php:error] [pid 92961] [client 20.219.8.79:0] script '/domains/piltdweb1/ms-edit.php' not found or unable to stat
[Fri Feb 13 00:55:10.878111 2026] [php:error] [pid 92961] [client 20.219.8.79:0] script '/domains/piltdweb1/about.php' not found or unable to stat
[Fri Feb 13 00:55:11.519408 2026] [php:error] [pid 92961] [client 20.219.8.79:0] script '/domains/piltdweb1/admin.php' not found or unable to stat
[Fri Feb 13 00:55:11.731122 2026] [php:error] [pid 92961] [client 20.219.8.79:0] script '/domains/piltdweb1/ioxi-o.php' not found or unable to stat
[Fri Feb 13 00:55:12.155124 2026] [php:error] [pid 92961] [client 20.219.8.79:0] script '/domains/piltdweb1/adminfuns.php' not found or unable to stat
[Fri Feb 13 00:55:12.796646 2026] [php:error] [pid 92961] [client 20.219.8.79:0] script '/domains/piltdweb1/goods.php' not found or unable to stat
[Fri Feb 13 00:55:13.008479 2026] [php:error] [pid 92961] [client 20.219.8.79:0] script '/domains/piltdweb1/sf.php' not found or unable to stat
[Fri Feb 13 00:55:14.926465 2026] [php:error] [pid 92961] [client 20.219.8.79:0] script '/domains/piltdweb1/222.php' not found or unable to stat
[Fri Feb 13 00:55:15.138499 2026] [php:error] [pid 92961] [client 20.219.8.79:0] script '/domains/piltdweb1/abcd.php' not found or unable to stat
[Fri Feb 13 00:55:15.350423 2026] [php:error] [pid 92961] [client 20.219.8.79:0] script '/domains/piltdweb1/class-t.api.php' not found or unable to stat
[Fri Feb 13 00:55:15.563355 2026] [php:error] [pid 92961] [client 20.219.8.79:0] script '/domains/piltdweb1/classwithtostring.php' not found or unable to stat
[Fri Feb 13 00:55:15.774735 2026] [php:error] [pid 92961] [client 20.219.8.79:0] script '/domains/piltdweb1/file.php' not found or unable to stat
[Fri Feb 13 00:55:15.988967 2026] [php:error] [pid 92961] [client 20.219.8.79:0] script '/domains/piltdweb1/info.php' not found or unable to stat
[Fri Feb 13 00:55:17.689535 2026] [php:error] [pid 92961] [client 20.219.8.79:0] script '/domains/piltdweb1/wp-good.php' not found or unable to stat
[Fri Feb 13 00:56:11.438525 2026] [php:error] [pid 92981] [client 34.96.162.62:0] script '/domains/cccweb/adminer-5.0.5-mysql-en.php' not found or unable to stat
[Fri Feb 13 00:56:14.333177 2026] [php:error] [pid 92965] [client 20.78.169.245:0] script '/domains/takie/rip.php' not found or unable to stat
[Fri Feb 13 00:56:14.504773 2026] [php:error] [pid 92965] [client 20.78.169.245:0] script '/domains/takie/ms-edit.php' not found or unable to stat
[Fri Feb 13 00:56:14.673137 2026] [php:error] [pid 92965] [client 20.78.169.245:0] script '/domains/takie/about.php' not found or unable to stat
[Fri Feb 13 00:56:15.190471 2026] [php:error] [pid 92965] [client 20.78.169.245:0] script '/domains/takie/admin.php' not found or unable to stat
[Fri Feb 13 00:56:15.359200 2026] [php:error] [pid 92965] [client 20.78.169.245:0] script '/domains/takie/ioxi-o.php' not found or unable to stat
[Fri Feb 13 00:56:15.700637 2026] [php:error] [pid 92965] [client 20.78.169.245:0] script '/domains/takie/adminfuns.php' not found or unable to stat
[Fri Feb 13 00:56:16.215422 2026] [php:error] [pid 92965] [client 20.78.169.245:0] script '/domains/takie/goods.php' not found or unable to stat
[Fri Feb 13 00:56:16.389162 2026] [php:error] [pid 92965] [client 20.78.169.245:0] script '/domains/takie/sf.php' not found or unable to stat
[Fri Feb 13 00:56:17.924831 2026] [php:error] [pid 92965] [client 20.78.169.245:0] script '/domains/takie/222.php' not found or unable to stat
[Fri Feb 13 00:56:18.093639 2026] [php:error] [pid 92965] [client 20.78.169.245:0] script '/domains/takie/abcd.php' not found or unable to stat
[Fri Feb 13 00:56:18.264716 2026] [php:error] [pid 92965] [client 20.78.169.245:0] script '/domains/takie/class-t.api.php' not found or unable to stat
[Fri Feb 13 00:56:18.433948 2026] [php:error] [pid 92965] [client 20.78.169.245:0] script '/domains/takie/classwithtostring.php' not found or unable to stat
[Fri Feb 13 00:56:18.603878 2026] [php:error] [pid 92965] [client 20.78.169.245:0] script '/domains/takie/file.php' not found or unable to stat
[Fri Feb 13 00:56:18.772146 2026] [php:error] [pid 92965] [client 20.78.169.245:0] script '/domains/takie/info.php' not found or unable to stat
[Fri Feb 13 00:56:20.122540 2026] [php:error] [pid 92965] [client 20.78.169.245:0] script '/domains/takie/wp-good.php' not found or unable to stat
[Fri Feb 13 00:56:26.620277 2026] [php:error] [pid 92982] [client 34.96.162.53:0] script '/domains/cccweb/adminer-5.2.0-mysql-en.php' not found or unable to stat
[Fri Feb 13 00:56:35.450666 2026] [php:error] [pid 92981] [client 34.141.134.7:0] script '/domains/hdickens.enteract/kmnj.php' not found or unable to stat
[Fri Feb 13 00:56:37.520511 2026] [php:error] [pid 92965] [client 34.141.200.226:0] script '/domains/hdickens.enteract/kmnj.php' not found or unable to stat
[Fri Feb 13 00:56:48.033751 2026] [php:error] [pid 92986] [client 35.247.243.250:0] script '/domains/cccweb/adminer-5.1.0.php' not found or unable to stat
[Fri Feb 13 00:56:52.254823 2026] [php:error] [pid 92982] [client 176.65.132.163:0] script '/domains/astrosfm/wp-login.php' not found or unable to stat
[Fri Feb 13 00:56:52.510532 2026] [php:error] [pid 92986] [client 176.65.132.163:0] script '/domains/astrosfm/wp-login.php' not found or unable to stat
[Fri Feb 13 00:56:58.856128 2026] [php:error] [pid 92965] [client 35.247.243.247:0] script '/domains/cccweb/adminer-5.0.5-mysql-en.php' not found or unable to stat
[Fri Feb 13 00:57:04.833226 2026] [php:error] [pid 92986] [client 34.141.208.117:0] script '/domains/hdickens.enteract/kmnj.php' not found or unable to stat
[Fri Feb 13 00:57:22.221628 2026] [php:error] [pid 92965] [client 34.96.162.63:0] script '/domains/cccweb/adminer.php' not found or unable to stat
[Fri Feb 13 00:57:49.071468 2026] [php:error] [pid 92987] [client 34.96.162.50:0] script '/domains/cccweb/adminer-4.8.1-mysql-en.php' not found or unable to stat
[Fri Feb 13 00:58:32.520519 2026] [php:error] [pid 92986] [client 35.247.243.253:0] script '/domains/cccweb/adminer-5.4.0.php' not found or unable to stat
[Fri Feb 13 00:58:38.474195 2026] [php:error] [pid 92978] [client 34.96.162.54:0] script '/domains/cccweb/adminer-5.1.1-en.php' not found or unable to stat
[Fri Feb 13 00:58:40.435098 2026] [php:error] [pid 92986] [client 35.247.243.248:0] script '/domains/cccweb/adminer-5.4.1.php' not found or unable to stat
[Fri Feb 13 00:58:47.219279 2026] [php:error] [pid 92989] [client 35.247.243.250:0] script '/domains/cccweb/adminer-5.0.3-mysql.php' not found or unable to stat
[Fri Feb 13 00:58:52.956754 2026] [php:error] [pid 92978] [client 103.137.74.11:0] script '/domains/performancepartsinc/images/tBxNLU.php' not found or unable to stat
[Fri Feb 13 00:58:54.669784 2026] [php:error] [pid 92965] [client 35.247.243.244:0] script '/domains/cccweb/adminer-5.4.1.php' not found or unable to stat
[Fri Feb 13 00:59:03.775168 2026] [php:error] [pid 92978] [client 103.137.74.11:0] script '/domains/performancepartsinc/images/tBxNLU.php' not found or unable to stat
[Fri Feb 13 00:59:10.046417 2026] [php:error] [pid 92978] [client 103.137.74.11:0] script '/domains/performancepartsinc/images/tBxNLU.php' not found or unable to stat
[Fri Feb 13 00:59:12.937656 2026] [php:error] [pid 92992] [client 34.6.241.230:0] script '/domains/hdickens.enteract/kmnj.php' not found or unable to stat
[Fri Feb 13 00:59:20.272367 2026] [php:error] [pid 92991] [client 103.137.74.11:0] script '/domains/performancepartsinc/images/tBxNLU.php' not found or unable to stat
[Fri Feb 13 00:59:27.499798 2026] [php:error] [pid 92991] [client 103.137.74.11:0] script '/domains/performancepartsinc/images/tBxNLU.php' not found or unable to stat
[Fri Feb 13 00:59:32.212432 2026] [php:error] [pid 92991] [client 103.137.74.11:0] script '/domains/performancepartsinc/images/tBxNLU.php' not found or unable to stat
[Fri Feb 13 00:59:40.724457 2026] [php:error] [pid 92997] [client 34.96.162.57:0] script '/domains/cccweb/phpminiadmin.php' not found or unable to stat
[Fri Feb 13 00:59:42.076156 2026] [php:error] [pid 92991] [client 103.137.74.11:0] script '/domains/performancepartsinc/images/tBxNLU.php' not found or unable to stat
[Fri Feb 13 00:59:46.014559 2026] [php:error] [pid 92991] [client 103.137.74.11:0] script '/domains/performancepartsinc/images/tBxNLU.php' not found or unable to stat
[Fri Feb 13 00:59:56.952197 2026] [php:error] [pid 92998] [client 103.137.74.11:0] script '/domains/performancepartsinc/images/tBxNLU.php' not found or unable to stat
[Fri Feb 13 01:00:05.458195 2026] [php:error] [pid 92998] [client 103.137.74.11:0] script '/domains/performancepartsinc/images/tBxNLU.php' not found or unable to stat
[Fri Feb 13 01:00:12.782088 2026] [php:error] [pid 93010] [client 103.137.74.11:0] script '/domains/performancepartsinc/images/tBxNLU.php' not found or unable to stat
[Fri Feb 13 01:00:17.957815 2026] [php:error] [pid 93010] [client 103.137.74.11:0] script '/domains/performancepartsinc/images/tBxNLU.php' not found or unable to stat
[Fri Feb 13 01:00:20.783486 2026] [php:error] [pid 93010] [client 103.137.74.11:0] script '/domains/performancepartsinc/images/tBxNLU.php' not found or unable to stat
[Fri Feb 13 01:00:39.493798 2026] [php:error] [pid 92998] [client 35.247.243.255:0] script '/domains/cccweb/adminer-5.2.1-en.php' not found or unable to stat
[Fri Feb 13 01:00:57.054184 2026] [php:error] [pid 92991] [client 34.96.162.51:0] script '/domains/cccweb/adminer-4.6.1.php' not found or unable to stat
[Fri Feb 13 01:00:57.641535 2026] [php:error] [pid 92997] [client 35.247.243.246:0] script '/domains/cccweb/adminer-5.0.3-mysql.php' not found or unable to stat
[Fri Feb 13 01:01:01.596738 2026] [php:error] [pid 93012] [client 20.204.41.182:0] script '/domains/rnachum/sf.php' not found or unable to stat
[Fri Feb 13 01:01:01.631321 2026] [php:error] [pid 93014] [client 20.204.41.182:0] script '/domains/rnachum/abcd.php' not found or unable to stat
[Fri Feb 13 01:01:01.646824 2026] [php:error] [pid 92998] [client 20.204.41.182:0] script '/domains/rnachum/about.php' not found or unable to stat
[Fri Feb 13 01:01:01.673047 2026] [php:error] [pid 93012] [client 20.204.41.182:0] script '/domains/rnachum/file.php' not found or unable to stat
[Fri Feb 13 01:01:01.798559 2026] [php:error] [pid 93014] [client 20.204.41.182:0] script '/domains/rnachum/rip.php' not found or unable to stat
[Fri Feb 13 01:01:02.582966 2026] [php:error] [pid 93014] [client 20.204.41.182:0] script '/domains/rnachum/ioxi-o.php' not found or unable to stat
[Fri Feb 13 01:01:02.583674 2026] [php:error] [pid 92997] [client 20.204.41.182:0] script '/domains/rnachum/222.php' not found or unable to stat
[Fri Feb 13 01:01:02.593769 2026] [php:error] [pid 92998] [client 20.204.41.182:0] script '/domains/rnachum/wp-good.php' not found or unable to stat
[Fri Feb 13 01:01:02.594872 2026] [php:error] [pid 93014] [client 20.204.41.182:0] script '/domains/rnachum/adminfuns.php' not found or unable to stat
[Fri Feb 13 01:01:04.637760 2026] [php:error] [pid 92998] [client 20.204.41.182:0] script '/domains/rnachum/admin.php' not found or unable to stat
[Fri Feb 13 01:01:04.642014 2026] [php:error] [pid 93014] [client 20.204.41.182:0] script '/domains/rnachum/classwithtostring.php' not found or unable to stat
[Fri Feb 13 01:01:04.645431 2026] [php:error] [pid 92997] [client 20.204.41.182:0] script '/domains/rnachum/info.php' not found or unable to stat
[Fri Feb 13 01:01:06.228949 2026] [php:error] [pid 92998] [client 20.204.41.182:0] script '/domains/rnachum/goods.php' not found or unable to stat
[Fri Feb 13 01:01:20.314218 2026] [php:error] [pid 93012] [client 20.43.58.219:0] script '/domains/fdcarter/24.php' not found or unable to stat
[Fri Feb 13 01:01:38.120188 2026] [php:error] [pid 93017] [client 34.96.162.62:0] script '/domains/cccweb/adminer-5.4.1.php' not found or unable to stat
[Fri Feb 13 01:01:43.417241 2026] [php:error] [pid 93017] [client 74.248.153.203:0] script '/domains/hofficer1/88.php' not found or unable to stat
[Fri Feb 13 01:01:43.524806 2026] [php:error] [pid 93017] [client 74.248.153.203:0] script '/domains/hofficer1/pass4.php' not found or unable to stat
[Fri Feb 13 01:01:43.629910 2026] [php:error] [pid 93017] [client 74.248.153.203:0] script '/domains/hofficer1/php8.php' not found or unable to stat
[Fri Feb 13 01:01:43.729385 2026] [php:error] [pid 93017] [client 74.248.153.203:0] script '/domains/hofficer1/cvtcosue.php' not found or unable to stat
[Fri Feb 13 01:01:43.837335 2026] [php:error] [pid 93017] [client 74.248.153.203:0] script '/domains/hofficer1/gm.php' not found or unable to stat
[Fri Feb 13 01:01:43.936666 2026] [php:error] [pid 93017] [client 74.248.153.203:0] script '/domains/hofficer1/1a.php' not found or unable to stat
[Fri Feb 13 01:01:44.036038 2026] [php:error] [pid 93017] [client 74.248.153.203:0] script '/domains/hofficer1/aer.php' not found or unable to stat
[Fri Feb 13 01:01:44.145096 2026] [php:error] [pid 93017] [client 74.248.153.203:0] script '/domains/hofficer1/f6.php' not found or unable to stat
[Fri Feb 13 01:01:44.247337 2026] [php:error] [pid 93017] [client 74.248.153.203:0] script '/domains/hofficer1/667.php' not found or unable to stat
[Fri Feb 13 01:01:44.346593 2026] [php:error] [pid 93017] [client 74.248.153.203:0] script '/domains/hofficer1/kma.php' not found or unable to stat
[Fri Feb 13 01:01:44.446366 2026] [php:error] [pid 93017] [client 74.248.153.203:0] script '/domains/hofficer1/kimono.php' not found or unable to stat
[Fri Feb 13 01:01:45.834034 2026] [php:error] [pid 93020] [client 103.137.74.11:0] script '/domains/performancepartsinc/wp-22.php' not found or unable to stat
[Fri Feb 13 01:01:46.713313 2026] [php:error] [pid 93019] [client 35.247.243.255:0] script '/domains/cccweb/adminer-4.6.3.php' not found or unable to stat
[Fri Feb 13 01:01:48.393934 2026] [php:error] [pid 92998] [client 35.247.243.255:0] script '/domains/cccweb/adminer-4.5.0.php' not found or unable to stat
[Fri Feb 13 01:01:58.517480 2026] [php:error] [pid 93023] [client 35.247.243.242:0] script '/domains/cccweb/adminer-5.1.1.php' not found or unable to stat
[Fri Feb 13 01:02:06.859240 2026] [php:error] [pid 92997] [client 34.158.86.96:0] script '/domains/hdickens.enteract/kmnj.php' not found or unable to stat
[Fri Feb 13 01:02:09.752174 2026] [php:error] [pid 93020] [client 34.13.245.192:0] script '/domains/hdickens.enteract/kmnj.php' not found or unable to stat
[Fri Feb 13 01:02:51.613393 2026] [rewrite:error] [pid 93039] [client 17.241.219.94:0] AH10508: Unsafe URL with %3f URL rewritten without UnsafeAllow3F
[Fri Feb 13 01:03:07.896588 2026] [php:error] [pid 93021] [client 155.94.163.245:0] script '/domains/system_cancel/xmlrpc.php' not found or unable to stat
[Fri Feb 13 01:03:15.760478 2026] [php:error] [pid 93041] [client 34.12.40.255:0] script '/domains/brenties/ygrf.php' not found or unable to stat
[Fri Feb 13 01:03:26.916890 2026] [php:error] [pid 93032] [client 34.96.162.61:0] script '/domains/cccweb/adminer-5.0.3-mysql.php' not found or unable to stat
[Fri Feb 13 01:03:31.954195 2026] [php:error] [pid 93027] [client 20.203.180.35:0] script '/domains/rainho/24.php' not found or unable to stat
[Fri Feb 13 01:03:37.965285 2026] [php:error] [pid 93047] [client 132.164.252.220:0] script '/domains/viamonte3/zwso.php' not found or unable to stat
[Fri Feb 13 01:03:38.111640 2026] [php:error] [pid 93047] [client 132.164.252.220:0] script '/domains/viamonte3/class19.php' not found or unable to stat
[Fri Feb 13 01:03:38.185280 2026] [php:error] [pid 93047] [client 132.164.252.220:0] script '/domains/viamonte3/class20.php' not found or unable to stat
[Fri Feb 13 01:03:38.289728 2026] [php:error] [pid 93047] [client 132.164.252.220:0] script '/domains/viamonte3/admin.php' not found or unable to stat
[Fri Feb 13 01:03:38.365055 2026] [php:error] [pid 93047] [client 132.164.252.220:0] script '/domains/viamonte3/randkeyword.php' not found or unable to stat
[Fri Feb 13 01:03:38.440607 2026] [php:error] [pid 93047] [client 132.164.252.220:0] script '/domains/viamonte3/fwe.php' not found or unable to stat
[Fri Feb 13 01:03:38.736100 2026] [php:error] [pid 93047] [client 132.164.252.220:0] script '/domains/viamonte3/images/m.php' not found or unable to stat
[Fri Feb 13 01:03:38.810397 2026] [php:error] [pid 93047] [client 132.164.252.220:0] script '/domains/viamonte3/g.php' not found or unable to stat
[Fri Feb 13 01:03:38.917148 2026] [php:error] [pid 93047] [client 132.164.252.220:0] script '/domains/viamonte3/tx1.php' not found or unable to stat
[Fri Feb 13 01:03:39.126720 2026] [php:error] [pid 93047] [client 132.164.252.220:0] script '/domains/viamonte3/xv.php' not found or unable to stat
[Fri Feb 13 01:03:39.275449 2026] [php:error] [pid 93047] [client 132.164.252.220:0] script '/domains/viamonte3/x56.php' not found or unable to stat
[Fri Feb 13 01:03:39.394764 2026] [php:error] [pid 93047] [client 132.164.252.220:0] script '/domains/viamonte3/htaccess.php' not found or unable to stat
[Fri Feb 13 01:03:39.489594 2026] [php:error] [pid 93047] [client 132.164.252.220:0] script '/domains/viamonte3/readme.php' not found or unable to stat
[Fri Feb 13 01:03:39.909931 2026] [php:error] [pid 93047] [client 132.164.252.220:0] script '/domains/viamonte3/x50.php' not found or unable to stat
[Fri Feb 13 01:03:40.005253 2026] [php:error] [pid 93047] [client 132.164.252.220:0] script '/domains/viamonte3/fv.php' not found or unable to stat
[Fri Feb 13 01:03:40.078142 2026] [php:error] [pid 93047] [client 132.164.252.220:0] script '/domains/viamonte3/file.php' not found or unable to stat
[Fri Feb 13 01:03:40.160949 2026] [php:error] [pid 93047] [client 132.164.252.220:0] script '/domains/viamonte3/lsd.php' not found or unable to stat
[Fri Feb 13 01:03:40.249883 2026] [php:error] [pid 93047] [client 132.164.252.220:0] script '/domains/viamonte3/as.php' not found or unable to stat
[Fri Feb 13 01:03:40.332653 2026] [php:error] [pid 93047] [client 132.164.252.220:0] script '/domains/viamonte3/wsd.php' not found or unable to stat
[Fri Feb 13 01:03:40.406680 2026] [php:error] [pid 93047] [client 132.164.252.220:0] script '/domains/viamonte3/gtc.php' not found or unable to stat
[Fri Feb 13 01:03:40.488219 2026] [php:error] [pid 93047] [client 132.164.252.220:0] script '/domains/viamonte3/atx.php' not found or unable to stat
[Fri Feb 13 01:03:40.582826 2026] [php:error] [pid 93047] [client 132.164.252.220:0] script '/domains/viamonte3/m.php' not found or unable to stat
[Fri Feb 13 01:03:40.656512 2026] [php:error] [pid 93047] [client 132.164.252.220:0] script '/domains/viamonte3/themes.php' not found or unable to stat
[Fri Feb 13 01:03:40.888194 2026] [php:error] [pid 93047] [client 132.164.252.220:0] script '/domains/viamonte3/click.php' not found or unable to stat
[Fri Feb 13 01:03:40.962616 2026] [php:error] [pid 93047] [client 132.164.252.220:0] script '/domains/viamonte3/install.php' not found or unable to stat
[Fri Feb 13 01:03:41.035761 2026] [php:error] [pid 93047] [client 132.164.252.220:0] script '/domains/viamonte3/lv.php' not found or unable to stat
[Fri Feb 13 01:03:41.115413 2026] [php:error] [pid 93047] [client 132.164.252.220:0] script '/domains/viamonte3/simple.php' not found or unable to stat
[Fri Feb 13 01:03:41.207275 2026] [php:error] [pid 93047] [client 132.164.252.220:0] script '/domains/viamonte3/css.php' not found or unable to stat
[Fri Feb 13 01:03:41.282431 2026] [php:error] [pid 93047] [client 132.164.252.220:0] script '/domains/viamonte3/cong.php' not found or unable to stat
[Fri Feb 13 01:03:41.494085 2026] [php:error] [pid 93047] [client 132.164.252.220:0] script '/domains/viamonte3/cong.php' not found or unable to stat
[Fri Feb 13 01:03:41.567307 2026] [php:error] [pid 93047] [client 132.164.252.220:0] script '/domains/viamonte3/w.php' not found or unable to stat
[Fri Feb 13 01:03:41.640585 2026] [php:error] [pid 93047] [client 132.164.252.220:0] script '/domains/viamonte3/0x.php' not found or unable to stat
[Fri Feb 13 01:03:41.714007 2026] [php:error] [pid 93047] [client 132.164.252.220:0] script '/domains/viamonte3/css.php' not found or unable to stat
[Fri Feb 13 01:03:42.053165 2026] [php:error] [pid 93047] [client 132.164.252.220:0] script '/domains/viamonte3/admin.php' not found or unable to stat
[Fri Feb 13 01:03:42.201613 2026] [php:error] [pid 93047] [client 132.164.252.220:0] script '/domains/viamonte3/classwithtostring.php' not found or unable to stat
[Fri Feb 13 01:03:42.459717 2026] [php:error] [pid 93047] [client 132.164.252.220:0] script '/domains/viamonte3/abcd.php' not found or unable to stat
[Fri Feb 13 01:03:42.534420 2026] [php:error] [pid 93047] [client 132.164.252.220:0] script '/domains/viamonte3/autoload_classmap.php' not found or unable to stat
[Fri Feb 13 01:03:42.607981 2026] [php:error] [pid 93047] [client 132.164.252.220:0] script '/domains/viamonte3/inputs.php' not found or unable to stat
[Fri Feb 13 01:03:42.681776 2026] [php:error] [pid 93047] [client 132.164.252.220:0] script '/domains/viamonte3/about.php' not found or unable to stat
[Fri Feb 13 01:03:43.007978 2026] [php:error] [pid 93047] [client 132.164.252.220:0] script '/domains/viamonte3/alfa.php' not found or unable to stat
[Fri Feb 13 01:03:43.641690 2026] [php:error] [pid 93047] [client 132.164.252.220:0] script '/domains/viamonte3/manager.php' not found or unable to stat
[Fri Feb 13 01:03:43.717561 2026] [php:error] [pid 93047] [client 132.164.252.220:0] script '/domains/viamonte3/item.php' not found or unable to stat
[Fri Feb 13 01:03:43.897306 2026] [php:error] [pid 93047] [client 132.164.252.220:0] script '/domains/viamonte3/404.php' not found or unable to stat
[Fri Feb 13 01:03:43.970800 2026] [php:error] [pid 93047] [client 132.164.252.220:0] script '/domains/viamonte3/mail.php' not found or unable to stat
[Fri Feb 13 01:03:44.409334 2026] [php:error] [pid 93047] [client 132.164.252.220:0] script '/domains/viamonte3/sx.php' not found or unable to stat
[Fri Feb 13 01:03:44.568602 2026] [php:error] [pid 93047] [client 132.164.252.220:0] script '/domains/viamonte3/alfa.php' not found or unable to stat
[Fri Feb 13 01:03:44.642362 2026] [php:error] [pid 93047] [client 132.164.252.220:0] script '/domains/viamonte3/1.php' not found or unable to stat
[Fri Feb 13 01:03:44.717084 2026] [php:error] [pid 93047] [client 132.164.252.220:0] script '/domains/viamonte3/byp.php' not found or unable to stat
[Fri Feb 13 01:03:45.094688 2026] [php:error] [pid 93047] [client 132.164.252.220:0] script '/domains/viamonte3/wp-trackback.php' not found or unable to stat
[Fri Feb 13 01:03:45.425434 2026] [php:error] [pid 93047] [client 132.164.252.220:0] script '/domains/viamonte3/gmo.php' not found or unable to stat
[Fri Feb 13 01:03:45.496444 2026] [php:error] [pid 93060] [client 51.103.142.43:0] script '/domains/hungariantasteweb/new4.php' not found or unable to stat
[Fri Feb 13 01:03:45.589386 2026] [php:error] [pid 93060] [client 51.103.142.43:0] script '/domains/hungariantasteweb/xoot.php' not found or unable to stat
[Fri Feb 13 01:03:45.697962 2026] [php:error] [pid 93060] [client 51.103.142.43:0] script '/domains/hungariantasteweb/wp-al.php' not found or unable to stat
[Fri Feb 13 01:03:45.797575 2026] [php:error] [pid 93060] [client 51.103.142.43:0] script '/domains/hungariantasteweb/w-a.php' not found or unable to stat
[Fri Feb 13 01:03:45.890320 2026] [php:error] [pid 93060] [client 51.103.142.43:0] script '/domains/hungariantasteweb/alfashell.php' not found or unable to stat
[Fri Feb 13 01:03:45.983988 2026] [php:error] [pid 93060] [client 51.103.142.43:0] script '/domains/hungariantasteweb/toine.php' not found or unable to stat
[Fri Feb 13 01:03:46.077128 2026] [php:error] [pid 93060] [client 51.103.142.43:0] script '/domains/hungariantasteweb/snus.php' not found or unable to stat
[Fri Feb 13 01:03:46.170132 2026] [php:error] [pid 93060] [client 51.103.142.43:0] script '/domains/hungariantasteweb/ZeLXoo.php' not found or unable to stat
[Fri Feb 13 01:03:46.262925 2026] [php:error] [pid 93060] [client 51.103.142.43:0] script '/domains/hungariantasteweb/xda.php' not found or unable to stat
[Fri Feb 13 01:03:46.360923 2026] [php:error] [pid 93060] [client 51.103.142.43:0] script '/domains/hungariantasteweb/er.php' not found or unable to stat
[Fri Feb 13 01:03:46.453683 2026] [php:error] [pid 93060] [client 51.103.142.43:0] script '/domains/hungariantasteweb/fault.php' not found or unable to stat
[Fri Feb 13 01:03:46.546429 2026] [php:error] [pid 93060] [client 51.103.142.43:0] script '/domains/hungariantasteweb/x2x.php' not found or unable to stat
[Fri Feb 13 01:03:46.647897 2026] [php:error] [pid 93060] [client 51.103.142.43:0] script '/domains/hungariantasteweb/motu.php' not found or unable to stat
[Fri Feb 13 01:03:46.740860 2026] [php:error] [pid 93060] [client 51.103.142.43:0] script '/domains/hungariantasteweb/66.php' not found or unable to stat
[Fri Feb 13 01:03:46.844867 2026] [php:error] [pid 93060] [client 51.103.142.43:0] script '/domains/hungariantasteweb/leuk.php' not found or unable to stat
[Fri Feb 13 01:03:46.937712 2026] [php:error] [pid 93060] [client 51.103.142.43:0] script '/domains/hungariantasteweb/xqq.php' not found or unable to stat
[Fri Feb 13 01:03:47.030660 2026] [php:error] [pid 93060] [client 51.103.142.43:0] script '/domains/hungariantasteweb/kolda.php' not found or unable to stat
[Fri Feb 13 01:03:47.123834 2026] [php:error] [pid 93060] [client 51.103.142.43:0] script '/domains/hungariantasteweb/nw.php' not found or unable to stat
[Fri Feb 13 01:03:47.226546 2026] [php:error] [pid 93060] [client 51.103.142.43:0] script '/domains/hungariantasteweb/god.php' not found or unable to stat
[Fri Feb 13 01:03:47.339391 2026] [php:error] [pid 93060] [client 51.103.142.43:0] script '/domains/hungariantasteweb/666.php' not found or unable to stat
[Fri Feb 13 01:03:47.432138 2026] [php:error] [pid 93060] [client 51.103.142.43:0] script '/domains/hungariantasteweb/kj.php' not found or unable to stat
[Fri Feb 13 01:03:47.525627 2026] [php:error] [pid 93060] [client 51.103.142.43:0] script '/domains/hungariantasteweb/un.php' not found or unable to stat
[Fri Feb 13 01:03:47.601991 2026] [php:error] [pid 93047] [client 132.164.252.220:0] script '/domains/viamonte3/ww1.php' not found or unable to stat
[Fri Feb 13 01:03:47.621728 2026] [php:error] [pid 93060] [client 51.103.142.43:0] script '/domains/hungariantasteweb/fs.php' not found or unable to stat
[Fri Feb 13 01:03:47.719185 2026] [php:error] [pid 93060] [client 51.103.142.43:0] script '/domains/hungariantasteweb/lts.php' not found or unable to stat
[Fri Feb 13 01:03:47.811859 2026] [php:error] [pid 93060] [client 51.103.142.43:0] script '/domains/hungariantasteweb/ms.php' not found or unable to stat
[Fri Feb 13 01:03:47.926028 2026] [php:error] [pid 93060] [client 51.103.142.43:0] script '/domains/hungariantasteweb/login8.php' not found or unable to stat
[Fri Feb 13 01:03:48.019191 2026] [php:error] [pid 93060] [client 51.103.142.43:0] script '/domains/hungariantasteweb/nnyvn.php' not found or unable to stat
[Fri Feb 13 01:03:48.112409 2026] [php:error] [pid 93060] [client 51.103.142.43:0] script '/domains/hungariantasteweb/cu.php' not found or unable to stat
[Fri Feb 13 01:03:48.230548 2026] [php:error] [pid 93060] [client 51.103.142.43:0] script '/domains/hungariantasteweb/lul.php' not found or unable to stat
[Fri Feb 13 01:03:48.323827 2026] [php:error] [pid 93060] [client 51.103.142.43:0] script '/domains/hungariantasteweb/0.php' not found or unable to stat
[Fri Feb 13 01:03:48.417667 2026] [php:error] [pid 93060] [client 51.103.142.43:0] script '/domains/hungariantasteweb/ms-edit.php' not found or unable to stat
[Fri Feb 13 01:03:48.510580 2026] [php:error] [pid 93060] [client 51.103.142.43:0] script '/domains/hungariantasteweb/ya.php' not found or unable to stat
[Fri Feb 13 01:03:48.603534 2026] [php:error] [pid 93060] [client 51.103.142.43:0] script '/domains/hungariantasteweb/grsiuk.php' not found or unable to stat
[Fri Feb 13 01:03:48.703393 2026] [php:error] [pid 93060] [client 51.103.142.43:0] script '/domains/hungariantasteweb/wp-blog.php' not found or unable to stat
[Fri Feb 13 01:03:48.796226 2026] [php:error] [pid 93060] [client 51.103.142.43:0] script '/domains/hungariantasteweb/ftem.php' not found or unable to stat
[Fri Feb 13 01:03:48.839554 2026] [php:error] [pid 93032] [client 132.164.252.220:0] script '/domains/viamonte3/security.php' not found or unable to stat
[Fri Feb 13 01:03:48.935454 2026] [php:error] [pid 93060] [client 51.103.142.43:0] script '/domains/hungariantasteweb/7wom.php' not found or unable to stat
[Fri Feb 13 01:03:49.035007 2026] [php:error] [pid 93060] [client 51.103.142.43:0] script '/domains/hungariantasteweb/wp-access.php' not found or unable to stat
[Fri Feb 13 01:03:49.133342 2026] [php:error] [pid 93060] [client 51.103.142.43:0] script '/domains/hungariantasteweb/a1vx.php' not found or unable to stat
[Fri Feb 13 01:03:49.226592 2026] [php:error] [pid 93060] [client 51.103.142.43:0] script '/domains/hungariantasteweb/sbhu.php' not found or unable to stat
[Fri Feb 13 01:03:49.319471 2026] [php:error] [pid 93060] [client 51.103.142.43:0] script '/domains/hungariantasteweb/wp-the.php' not found or unable to stat
[Fri Feb 13 01:03:49.412651 2026] [php:error] [pid 93060] [client 51.103.142.43:0] script '/domains/hungariantasteweb/06.php' not found or unable to stat
[Fri Feb 13 01:03:49.520525 2026] [php:error] [pid 93060] [client 51.103.142.43:0] script '/domains/hungariantasteweb/wp5.php' not found or unable to stat
[Fri Feb 13 01:03:49.613246 2026] [php:error] [pid 93060] [client 51.103.142.43:0] script '/domains/hungariantasteweb/fot.php' not found or unable to stat
[Fri Feb 13 01:03:49.716095 2026] [php:error] [pid 93060] [client 51.103.142.43:0] script '/domains/hungariantasteweb/ff1.php' not found or unable to stat
[Fri Feb 13 01:03:49.820566 2026] [php:error] [pid 93060] [client 51.103.142.43:0] script '/domains/hungariantasteweb/forbidals.php' not found or unable to stat
[Fri Feb 13 01:03:49.913861 2026] [php:error] [pid 93060] [client 51.103.142.43:0] script '/domains/hungariantasteweb/erty.php' not found or unable to stat
[Fri Feb 13 01:03:50.006573 2026] [php:error] [pid 93060] [client 51.103.142.43:0] script '/domains/hungariantasteweb/dev1s.php' not found or unable to stat
[Fri Feb 13 01:03:50.099790 2026] [php:error] [pid 93060] [client 51.103.142.43:0] script '/domains/hungariantasteweb/ffd.php' not found or unable to stat
[Fri Feb 13 01:03:50.192649 2026] [php:error] [pid 93060] [client 51.103.142.43:0] script '/domains/hungariantasteweb/admiin.php' not found or unable to stat
[Fri Feb 13 01:03:50.298472 2026] [php:error] [pid 93060] [client 51.103.142.43:0] script '/domains/hungariantasteweb/ol.php' not found or unable to stat
[Fri Feb 13 01:03:50.392435 2026] [php:error] [pid 93060] [client 51.103.142.43:0] script '/domains/hungariantasteweb/Sanskrit.php' not found or unable to stat
[Fri Feb 13 01:03:50.486156 2026] [php:error] [pid 93060] [client 51.103.142.43:0] script '/domains/hungariantasteweb/vxrl.php' not found or unable to stat
[Fri Feb 13 01:03:50.579399 2026] [php:error] [pid 93060] [client 51.103.142.43:0] script '/domains/hungariantasteweb/re.php' not found or unable to stat
[Fri Feb 13 01:03:50.673192 2026] [php:error] [pid 93060] [client 51.103.142.43:0] script '/domains/hungariantasteweb/num.php' not found or unable to stat
[Fri Feb 13 01:03:50.774071 2026] [php:error] [pid 93060] [client 51.103.142.43:0] script '/domains/hungariantasteweb/axx.php' not found or unable to stat
[Fri Feb 13 01:03:50.879194 2026] [php:error] [pid 93060] [client 51.103.142.43:0] script '/domains/hungariantasteweb/vxrl.php' not found or unable to stat
[Fri Feb 13 01:03:50.982133 2026] [php:error] [pid 93060] [client 51.103.142.43:0] script '/domains/hungariantasteweb/in.php' not found or unable to stat
[Fri Feb 13 01:03:51.076264 2026] [php:error] [pid 93060] [client 51.103.142.43:0] script '/domains/hungariantasteweb/style.php' not found or unable to stat
[Fri Feb 13 01:03:51.169370 2026] [php:error] [pid 93060] [client 51.103.142.43:0] script '/domains/hungariantasteweb/we.php' not found or unable to stat
[Fri Feb 13 01:03:51.267582 2026] [php:error] [pid 93060] [client 51.103.142.43:0] script '/domains/hungariantasteweb/zwso.php' not found or unable to stat
[Fri Feb 13 01:03:51.401281 2026] [php:error] [pid 93060] [client 51.103.142.43:0] script '/domains/hungariantasteweb/karak.php' not found or unable to stat
[Fri Feb 13 01:03:51.411243 2026] [php:error] [pid 93032] [client 132.164.252.220:0] script '/domains/viamonte3/class.php' not found or unable to stat
[Fri Feb 13 01:03:51.494889 2026] [php:error] [pid 93060] [client 51.103.142.43:0] script '/domains/hungariantasteweb/trd.php' not found or unable to stat
[Fri Feb 13 01:03:51.564910 2026] [php:error] [pid 93032] [client 132.164.252.220:0] script '/domains/viamonte3/bless5.php' not found or unable to stat
[Fri Feb 13 01:03:51.587892 2026] [php:error] [pid 93060] [client 51.103.142.43:0] script '/domains/hungariantasteweb/past.php' not found or unable to stat
[Fri Feb 13 01:03:51.680860 2026] [php:error] [pid 93060] [client 51.103.142.43:0] script '/domains/hungariantasteweb/prv8.php' not found or unable to stat
[Fri Feb 13 01:03:51.773597 2026] [php:error] [pid 93060] [client 51.103.142.43:0] script '/domains/hungariantasteweb/i.php' not found or unable to stat
[Fri Feb 13 01:03:51.813897 2026] [php:error] [pid 93032] [client 132.164.252.220:0] script '/domains/viamonte3/ioxi-o1.php' not found or unable to stat
[Fri Feb 13 01:03:51.895098 2026] [php:error] [pid 93032] [client 132.164.252.220:0] script '/domains/viamonte3/juuuu.php' not found or unable to stat
[Fri Feb 13 01:03:51.969462 2026] [php:error] [pid 93032] [client 132.164.252.220:0] script '/domains/viamonte3/ha.php' not found or unable to stat
[Fri Feb 13 01:03:51.978180 2026] [php:error] [pid 93060] [client 51.103.142.43:0] script '/domains/hungariantasteweb/xmlrpc.php' not found or unable to stat
[Fri Feb 13 01:03:52.044236 2026] [php:error] [pid 93032] [client 132.164.252.220:0] script '/domains/viamonte3/we2.php' not found or unable to stat
[Fri Feb 13 01:03:52.071182 2026] [php:error] [pid 93060] [client 51.103.142.43:0] script '/domains/hungariantasteweb/aw.php' not found or unable to stat
[Fri Feb 13 01:03:52.120132 2026] [php:error] [pid 93032] [client 132.164.252.220:0] script '/domains/viamonte3/04.php' not found or unable to stat
[Fri Feb 13 01:03:52.164213 2026] [php:error] [pid 93060] [client 51.103.142.43:0] script '/domains/hungariantasteweb/dev.php' not found or unable to stat
[Fri Feb 13 01:03:52.205635 2026] [php:error] [pid 93032] [client 132.164.252.220:0] script '/domains/viamonte3/333.php' not found or unable to stat
[Fri Feb 13 01:03:52.263143 2026] [php:error] [pid 93060] [client 51.103.142.43:0] script '/domains/hungariantasteweb/lock360.php' not found or unable to stat
[Fri Feb 13 01:03:52.301831 2026] [php:error] [pid 93032] [client 132.164.252.220:0] script '/domains/viamonte3/520.php' not found or unable to stat
[Fri Feb 13 01:03:52.363259 2026] [php:error] [pid 93060] [client 51.103.142.43:0] script '/domains/hungariantasteweb/155.php' not found or unable to stat
[Fri Feb 13 01:03:52.456538 2026] [php:error] [pid 93060] [client 51.103.142.43:0] script '/domains/hungariantasteweb/goat.php' not found or unable to stat
[Fri Feb 13 01:03:52.549383 2026] [php:error] [pid 93060] [client 51.103.142.43:0] script '/domains/hungariantasteweb/tcp.php' not found or unable to stat
[Fri Feb 13 01:03:52.637659 2026] [php:error] [pid 93032] [client 132.164.252.220:0] script '/domains/viamonte3/ar.php' not found or unable to stat
[Fri Feb 13 01:03:52.642101 2026] [php:error] [pid 93060] [client 51.103.142.43:0] script '/domains/hungariantasteweb/ext.php' not found or unable to stat
[Fri Feb 13 01:03:52.735008 2026] [php:error] [pid 93060] [client 51.103.142.43:0] script '/domains/hungariantasteweb/inputs.php' not found or unable to stat
[Fri Feb 13 01:03:52.828281 2026] [php:error] [pid 93060] [client 51.103.142.43:0] script '/domains/hungariantasteweb/ioxi.php' not found or unable to stat
[Fri Feb 13 01:03:52.921677 2026] [php:error] [pid 93060] [client 51.103.142.43:0] script '/domains/hungariantasteweb/fe5.php' not found or unable to stat
[Fri Feb 13 01:03:53.017716 2026] [php:error] [pid 93060] [client 51.103.142.43:0] script '/domains/hungariantasteweb/ov.php' not found or unable to stat
[Fri Feb 13 01:03:53.063120 2026] [php:error] [pid 93032] [client 132.164.252.220:0] script '/domains/viamonte3/x.php' not found or unable to stat
[Fri Feb 13 01:03:53.139257 2026] [php:error] [pid 93032] [client 132.164.252.220:0] script '/domains/viamonte3/xx.php' not found or unable to stat
[Fri Feb 13 01:03:53.210335 2026] [php:error] [pid 93060] [client 51.103.142.43:0] script '/domains/hungariantasteweb/default.php' not found or unable to stat
[Fri Feb 13 01:03:53.227474 2026] [php:error] [pid 93032] [client 132.164.252.220:0] script '/domains/viamonte3/gifclass4.php' not found or unable to stat
[Fri Feb 13 01:03:53.302958 2026] [php:error] [pid 93032] [client 132.164.252.220:0] script '/domains/viamonte3/2clas.php' not found or unable to stat
[Fri Feb 13 01:03:53.303169 2026] [php:error] [pid 93060] [client 51.103.142.43:0] script '/domains/hungariantasteweb/goods.php' not found or unable to stat
[Fri Feb 13 01:03:53.396853 2026] [php:error] [pid 93060] [client 51.103.142.43:0] script '/domains/hungariantasteweb/abcd.php' not found or unable to stat
[Fri Feb 13 01:03:53.404927 2026] [php:error] [pid 93032] [client 132.164.252.220:0] script '/domains/viamonte3/ave.php' not found or unable to stat
[Fri Feb 13 01:03:53.491872 2026] [php:error] [pid 93060] [client 51.103.142.43:0] script '/domains/hungariantasteweb/nope.php' not found or unable to stat
[Fri Feb 13 01:03:53.497209 2026] [php:error] [pid 93032] [client 132.164.252.220:0] script '/domains/viamonte3/wrt.php' not found or unable to stat
[Fri Feb 13 01:03:53.604173 2026] [php:error] [pid 93060] [client 51.103.142.43:0] script '/domains/hungariantasteweb/class.1.php' not found or unable to stat
[Fri Feb 13 01:03:53.701241 2026] [php:error] [pid 93032] [client 132.164.252.220:0] script '/domains/viamonte3/bibil.php' not found or unable to stat
[Fri Feb 13 01:03:53.732008 2026] [php:error] [pid 93060] [client 51.103.142.43:0] script '/domains/hungariantasteweb/async.php' not found or unable to stat
[Fri Feb 13 01:03:53.797065 2026] [php:error] [pid 93032] [client 132.164.252.220:0] script '/domains/viamonte3/radio.php' not found or unable to stat
[Fri Feb 13 01:03:53.825380 2026] [php:error] [pid 93060] [client 51.103.142.43:0] script '/domains/hungariantasteweb/ff.php' not found or unable to stat
[Fri Feb 13 01:03:53.876592 2026] [php:error] [pid 93032] [client 132.164.252.220:0] script '/domains/viamonte3/files.php' not found or unable to stat
[Fri Feb 13 01:03:53.918197 2026] [php:error] [pid 93060] [client 51.103.142.43:0] script '/domains/hungariantasteweb/ioxi-o.php' not found or unable to stat
[Fri Feb 13 01:03:53.992540 2026] [php:error] [pid 93032] [client 132.164.252.220:0] script '/domains/viamonte3/file7.php' not found or unable to stat
[Fri Feb 13 01:03:54.018752 2026] [php:error] [pid 93060] [client 51.103.142.43:0] script '/domains/hungariantasteweb/manager.php' not found or unable to stat
[Fri Feb 13 01:03:54.067248 2026] [php:error] [pid 93032] [client 132.164.252.220:0] script '/domains/viamonte3/gifclass.php' not found or unable to stat
[Fri Feb 13 01:03:54.111715 2026] [php:error] [pid 93060] [client 51.103.142.43:0] script '/domains/hungariantasteweb/wp-update.php' not found or unable to stat
[Fri Feb 13 01:03:54.182140 2026] [php:error] [pid 93051] [client 35.247.243.243:0] script '/domains/cccweb/adminer-5.0.1-mysql-en.php' not found or unable to stat
[Fri Feb 13 01:03:54.204739 2026] [php:error] [pid 93060] [client 51.103.142.43:0] script '/domains/hungariantasteweb/file.php' not found or unable to stat
[Fri Feb 13 01:03:54.249648 2026] [php:error] [pid 93032] [client 132.164.252.220:0] script '/domains/viamonte3/nox.php' not found or unable to stat
[Fri Feb 13 01:03:54.338334 2026] [php:error] [pid 93032] [client 132.164.252.220:0] script '/domains/viamonte3/file48.php' not found or unable to stat
[Fri Feb 13 01:03:54.402067 2026] [php:error] [pid 93060] [client 51.103.142.43:0] script '/domains/hungariantasteweb/lc.php' not found or unable to stat
[Fri Feb 13 01:03:54.412618 2026] [php:error] [pid 93032] [client 132.164.252.220:0] script '/domains/viamonte3/info.php' not found or unable to stat
[Fri Feb 13 01:03:54.487205 2026] [php:error] [pid 93032] [client 132.164.252.220:0] script '/domains/viamonte3/class9.php' not found or unable to stat
[Fri Feb 13 01:03:54.494939 2026] [php:error] [pid 93060] [client 51.103.142.43:0] script '/domains/hungariantasteweb/hexx.php' not found or unable to stat
[Fri Feb 13 01:03:54.583196 2026] [php:error] [pid 93032] [client 132.164.252.220:0] script '/domains/viamonte3/la.php' not found or unable to stat
[Fri Feb 13 01:03:54.594117 2026] [php:error] [pid 93060] [client 51.103.142.43:0] script '/domains/hungariantasteweb/cbrfo.php' not found or unable to stat
[Fri Feb 13 01:03:54.665449 2026] [php:error] [pid 93032] [client 132.164.252.220:0] script '/domains/viamonte3/bless11.php' not found or unable to stat
[Fri Feb 13 01:03:54.673368 2026] [php:error] [pid 93042] [client 34.90.224.238:0] script '/domains/hdickens.enteract/kmnj.php' not found or unable to stat
[Fri Feb 13 01:03:54.705035 2026] [php:error] [pid 93060] [client 51.103.142.43:0] script '/domains/hungariantasteweb/inc.php' not found or unable to stat
[Fri Feb 13 01:03:54.740027 2026] [php:error] [pid 93032] [client 132.164.252.220:0] script '/domains/viamonte3/ccou.php' not found or unable to stat
[Fri Feb 13 01:03:54.802352 2026] [php:error] [pid 93060] [client 51.103.142.43:0] script '/domains/hungariantasteweb/gifclass.php' not found or unable to stat
[Fri Feb 13 01:03:54.833444 2026] [php:error] [pid 93032] [client 132.164.252.220:0] script '/domains/viamonte3/ton.php' not found or unable to stat
[Fri Feb 13 01:03:54.899446 2026] [php:error] [pid 93060] [client 51.103.142.43:0] script '/domains/hungariantasteweb/miansha.php' not found or unable to stat
[Fri Feb 13 01:03:54.936206 2026] [php:error] [pid 93032] [client 132.164.252.220:0] script '/domains/viamonte3/403.php' not found or unable to stat
[Fri Feb 13 01:03:54.992409 2026] [php:error] [pid 93060] [client 51.103.142.43:0] script '/domains/hungariantasteweb/tinyfilemanager.php' not found or unable to stat
[Fri Feb 13 01:03:55.012733 2026] [php:error] [pid 93032] [client 132.164.252.220:0] script '/domains/viamonte3/file9.php' not found or unable to stat
[Fri Feb 13 01:03:55.087508 2026] [php:error] [pid 93032] [client 132.164.252.220:0] script '/domains/viamonte3/ac.php' not found or unable to stat
[Fri Feb 13 01:03:55.092975 2026] [php:error] [pid 93060] [client 51.103.142.43:0] script '/domains/hungariantasteweb/xfile25.php' not found or unable to stat
[Fri Feb 13 01:03:55.183520 2026] [php:error] [pid 93032] [client 132.164.252.220:0] script '/domains/viamonte3/new4.php' not found or unable to stat
[Fri Feb 13 01:03:55.187943 2026] [php:error] [pid 93060] [client 51.103.142.43:0] script '/domains/hungariantasteweb/ok.php' not found or unable to stat
[Fri Feb 13 01:03:55.258000 2026] [php:error] [pid 93032] [client 132.164.252.220:0] script '/domains/viamonte3/pop.php' not found or unable to stat
[Fri Feb 13 01:03:55.336539 2026] [php:error] [pid 93032] [client 132.164.252.220:0] script '/domains/viamonte3/az.php' not found or unable to stat
[Fri Feb 13 01:03:55.415730 2026] [php:error] [pid 93032] [client 132.164.252.220:0] script '/domains/viamonte3/xaz.php' not found or unable to stat
[Fri Feb 13 01:03:55.500371 2026] [php:error] [pid 93032] [client 132.164.252.220:0] script '/domains/viamonte3/up4.php' not found or unable to stat
[Fri Feb 13 01:03:55.567616 2026] [php:error] [pid 93034] [client 51.103.142.43:0] script '/domains/hungariantasteweb/fi.php' not found or unable to stat
[Fri Feb 13 01:03:55.671220 2026] [php:error] [pid 93034] [client 51.103.142.43:0] script '/domains/hungariantasteweb/muzu.php' not found or unable to stat
[Fri Feb 13 01:03:55.744123 2026] [php:error] [pid 93032] [client 132.164.252.220:0] script '/domains/viamonte3/1aa.php' not found or unable to stat
[Fri Feb 13 01:03:55.770779 2026] [php:error] [pid 93034] [client 51.103.142.43:0] script '/domains/hungariantasteweb/reze.php' not found or unable to stat
[Fri Feb 13 01:03:55.818559 2026] [php:error] [pid 93032] [client 132.164.252.220:0] script '/domains/viamonte3/elp.php' not found or unable to stat
[Fri Feb 13 01:03:55.905649 2026] [php:error] [pid 93032] [client 132.164.252.220:0] script '/domains/viamonte3/wtz.php' not found or unable to stat
[Fri Feb 13 01:03:55.917778 2026] [php:error] [pid 93034] [client 51.103.142.43:0] script '/domains/hungariantasteweb/styll.php' not found or unable to stat
[Fri Feb 13 01:03:55.980279 2026] [php:error] [pid 93032] [client 132.164.252.220:0] script '/domains/viamonte3/galex.php' not found or unable to stat
[Fri Feb 13 01:03:56.017778 2026] [php:error] [pid 93034] [client 51.103.142.43:0] script '/domains/hungariantasteweb/x7.php' not found or unable to stat
[Fri Feb 13 01:03:56.056535 2026] [php:error] [pid 93032] [client 132.164.252.220:0] script '/domains/viamonte3/xb.php' not found or unable to stat
[Fri Feb 13 01:03:56.123058 2026] [php:error] [pid 93034] [client 51.103.142.43:0] script '/domains/hungariantasteweb/thebe.php' not found or unable to stat
[Fri Feb 13 01:03:56.222801 2026] [php:error] [pid 93034] [client 51.103.142.43:0] script '/domains/hungariantasteweb/ddd.php' not found or unable to stat
[Fri Feb 13 01:03:56.322341 2026] [php:error] [pid 93034] [client 51.103.142.43:0] script '/domains/hungariantasteweb/ccs.php' not found or unable to stat
[Fri Feb 13 01:03:56.335635 2026] [php:error] [pid 93032] [client 132.164.252.220:0] script '/domains/viamonte3/ova.php' not found or unable to stat
[Fri Feb 13 01:03:56.409892 2026] [php:error] [pid 93032] [client 132.164.252.220:0] script '/domains/viamonte3/vx.php' not found or unable to stat
[Fri Feb 13 01:03:56.421919 2026] [php:error] [pid 93034] [client 51.103.142.43:0] script '/domains/hungariantasteweb/bgymj.php' not found or unable to stat
[Fri Feb 13 01:03:56.531793 2026] [php:error] [pid 93034] [client 51.103.142.43:0] script '/domains/hungariantasteweb/8xyz.php' not found or unable to stat
[Fri Feb 13 01:03:56.639087 2026] [php:error] [pid 93034] [client 51.103.142.43:0] script '/domains/hungariantasteweb/ioxi.php' not found or unable to stat
[Fri Feb 13 01:03:56.680352 2026] [php:error] [pid 93032] [client 132.164.252.220:0] script '/domains/viamonte3/rh.php' not found or unable to stat
