[Fri Feb 13 00:21:29.216762 2026] [php:error] [pid 86991] [client 172.213.220.6:0] script '/domains/apunderkofler/gettest.php' not found or unable to stat
[Fri Feb 13 00:21:29.242845 2026] [php:error] [pid 86982] [client 20.43.58.219:0] script '/domains/lover/atx.php' not found or unable to stat
[Fri Feb 13 00:21:29.308337 2026] [php:error] [pid 86991] [client 172.213.220.6:0] script '/domains/apunderkofler/cv.php' not found or unable to stat
[Fri Feb 13 00:21:29.374388 2026] [php:error] [pid 86982] [client 20.43.58.219:0] script '/domains/lover/z60.php' not found or unable to stat
[Fri Feb 13 00:21:29.400523 2026] [php:error] [pid 86991] [client 172.213.220.6:0] script '/domains/apunderkofler/ma.php' not found or unable to stat
[Fri Feb 13 00:21:29.460761 2026] [php:error] [pid 86982] [client 20.43.58.219:0] script '/domains/lover/m.php' not found or unable to stat
[Fri Feb 13 00:21:29.497754 2026] [php:error] [pid 86991] [client 172.213.220.6:0] script '/domains/apunderkofler/ole.php' not found or unable to stat
[Fri Feb 13 00:21:29.522028 2026] [php:error] [pid 86993] [client 72.146.12.102:0] script '/domains/tennex/ccs.php' not found or unable to stat
[Fri Feb 13 00:21:29.564008 2026] [php:error] [pid 86982] [client 20.43.58.219:0] script '/domains/lover/lv.php' not found or unable to stat
[Fri Feb 13 00:21:29.653754 2026] [php:error] [pid 86982] [client 20.43.58.219:0] script '/domains/lover/css.php' not found or unable to stat
[Fri Feb 13 00:21:29.697199 2026] [php:error] [pid 86991] [client 172.213.220.6:0] script '/domains/apunderkofler/x_3.php' not found or unable to stat
[Fri Feb 13 00:21:29.704636 2026] [php:error] [pid 86993] [client 72.146.12.102:0] script '/domains/tennex/bgymj.php' not found or unable to stat
[Fri Feb 13 00:21:29.740051 2026] [php:error] [pid 86982] [client 20.43.58.219:0] script '/domains/lover/cong.php' not found or unable to stat
[Fri Feb 13 00:21:29.788805 2026] [php:error] [pid 86991] [client 172.213.220.6:0] script '/domains/apunderkofler/bolt.php' not found or unable to stat
[Fri Feb 13 00:21:29.863668 2026] [php:error] [pid 86993] [client 72.146.12.102:0] script '/domains/tennex/8xyz.php' not found or unable to stat
[Fri Feb 13 00:21:29.897933 2026] [php:error] [pid 86982] [client 20.43.58.219:0] script '/domains/lover/w.php' not found or unable to stat
[Fri Feb 13 00:21:29.984496 2026] [php:error] [pid 86982] [client 20.43.58.219:0] script '/domains/lover/gmo.php' not found or unable to stat
[Fri Feb 13 00:21:29.988105 2026] [php:error] [pid 86991] [client 172.213.220.6:0] script '/domains/apunderkofler/adminfuns.php' not found or unable to stat
[Fri Feb 13 00:21:30.071071 2026] [php:error] [pid 86982] [client 20.43.58.219:0] script '/domains/lover/ww1.php' not found or unable to stat
[Fri Feb 13 00:21:30.079706 2026] [php:error] [pid 86991] [client 172.213.220.6:0] script '/domains/apunderkofler/mar.php' not found or unable to stat
[Fri Feb 13 00:21:30.159648 2026] [php:error] [pid 86982] [client 20.43.58.219:0] script '/domains/lover/bless5.php' not found or unable to stat
[Fri Feb 13 00:21:30.175552 2026] [php:error] [pid 86993] [client 72.146.12.102:0] script '/domains/tennex/ioxi.php' not found or unable to stat
[Fri Feb 13 00:21:30.176480 2026] [php:error] [pid 86991] [client 172.213.220.6:0] script '/domains/apunderkofler/ellv3.php' not found or unable to stat
[Fri Feb 13 00:21:30.248243 2026] [php:error] [pid 86982] [client 20.43.58.219:0] script '/domains/lover/f35.php' not found or unable to stat
[Fri Feb 13 00:21:30.265817 2026] [php:error] [pid 86993] [client 72.146.12.102:0] script '/domains/tennex/xpwer1.php' not found or unable to stat
[Fri Feb 13 00:21:30.345125 2026] [php:error] [pid 86991] [client 172.213.220.6:0] script '/domains/apunderkofler/ak.php' not found or unable to stat
[Fri Feb 13 00:21:30.358133 2026] [php:error] [pid 86993] [client 72.146.12.102:0] script '/domains/tennex/lala.php' not found or unable to stat
[Fri Feb 13 00:21:30.436958 2026] [php:error] [pid 86991] [client 172.213.220.6:0] script '/domains/apunderkofler/fetch.php' not found or unable to stat
[Fri Feb 13 00:21:30.534136 2026] [php:error] [pid 86991] [client 172.213.220.6:0] script '/domains/apunderkofler/bk.php' not found or unable to stat
[Fri Feb 13 00:21:30.629434 2026] [php:error] [pid 86991] [client 172.213.220.6:0] script '/domains/apunderkofler/configuration.php' not found or unable to stat
[Fri Feb 13 00:21:30.679470 2026] [php:error] [pid 86982] [client 20.43.58.219:0] script '/domains/lover/juuuu.php' not found or unable to stat
[Fri Feb 13 00:21:30.707522 2026] [php:error] [pid 86993] [client 72.146.12.102:0] script '/domains/tennex/about.php' not found or unable to stat
[Fri Feb 13 00:21:30.909647 2026] [php:error] [pid 86982] [client 20.43.58.219:0] script '/domains/lover/file7.php' not found or unable to stat
[Fri Feb 13 00:21:30.946396 2026] [php:error] [pid 86991] [client 172.213.220.6:0] script '/domains/apunderkofler/ap.php' not found or unable to stat
[Fri Feb 13 00:21:30.995691 2026] [php:error] [pid 86982] [client 20.43.58.219:0] script '/domains/lover/file48.php' not found or unable to stat
[Fri Feb 13 00:21:31.037790 2026] [php:error] [pid 86991] [client 172.213.220.6:0] script '/domains/apunderkofler/f.php' not found or unable to stat
[Fri Feb 13 00:21:31.102767 2026] [php:error] [pid 86982] [client 20.43.58.219:0] script '/domains/lover/new4.php' not found or unable to stat
[Fri Feb 13 00:21:31.129219 2026] [php:error] [pid 86991] [client 172.213.220.6:0] script '/domains/apunderkofler/environment.php' not found or unable to stat
[Fri Feb 13 00:21:31.230029 2026] [php:error] [pid 86991] [client 172.213.220.6:0] script '/domains/apunderkofler/zaa.php' not found or unable to stat
[Fri Feb 13 00:21:31.276362 2026] [php:error] [pid 86982] [client 20.43.58.219:0] script '/domains/lover/pop.php' not found or unable to stat
[Fri Feb 13 00:21:31.321565 2026] [php:error] [pid 86991] [client 172.213.220.6:0] script '/domains/apunderkofler/mal.php' not found or unable to stat
[Fri Feb 13 00:21:31.413332 2026] [php:error] [pid 86991] [client 172.213.220.6:0] script '/domains/apunderkofler/ffd.php' not found or unable to stat
[Fri Feb 13 00:21:31.417797 2026] [php:error] [pid 86993] [client 72.146.12.102:0] script '/domains/tennex/info.php' not found or unable to stat
[Fri Feb 13 00:21:31.504775 2026] [php:error] [pid 86982] [client 20.43.58.219:0] script '/domains/lover/file9.php' not found or unable to stat
[Fri Feb 13 00:21:31.505061 2026] [php:error] [pid 86991] [client 172.213.220.6:0] script '/domains/apunderkofler/zwq13.php' not found or unable to stat
[Fri Feb 13 00:21:31.507478 2026] [php:error] [pid 86993] [client 72.146.12.102:0] script '/domains/tennex/about.php' not found or unable to stat
[Fri Feb 13 00:21:31.757039 2026] [php:error] [pid 86991] [client 172.213.220.6:0] script '/domains/apunderkofler/wqqs.php' not found or unable to stat
[Fri Feb 13 00:21:31.980734 2026] [php:error] [pid 86993] [client 72.146.12.102:0] script '/domains/tennex/222.php' not found or unable to stat
[Fri Feb 13 00:21:32.071023 2026] [php:error] [pid 86993] [client 72.146.12.102:0] script '/domains/tennex/adminfuns.php' not found or unable to stat
[Fri Feb 13 00:21:32.251692 2026] [php:error] [pid 86993] [client 72.146.12.102:0] script '/domains/tennex/xx.php' not found or unable to stat
[Fri Feb 13 00:21:32.477973 2026] [php:error] [pid 86993] [client 72.146.12.102:0] script '/domains/tennex/f5.php' not found or unable to stat
[Fri Feb 13 00:21:32.535087 2026] [php:error] [pid 86991] [client 172.213.220.6:0] script '/domains/apunderkofler/wp_wlx.php' not found or unable to stat
[Fri Feb 13 00:21:32.595749 2026] [php:error] [pid 86993] [client 72.146.12.102:0] script '/domains/tennex/flower.php' not found or unable to stat
[Fri Feb 13 00:21:32.630369 2026] [php:error] [pid 86991] [client 172.213.220.6:0] script '/domains/apunderkofler/100.kb.php' not found or unable to stat
[Fri Feb 13 00:21:32.686035 2026] [php:error] [pid 86993] [client 72.146.12.102:0] script '/domains/tennex/f6.php' not found or unable to stat
[Fri Feb 13 00:21:32.741404 2026] [php:error] [pid 86991] [client 172.213.220.6:0] script '/domains/apunderkofler/vx.php' not found or unable to stat
[Fri Feb 13 00:21:32.776932 2026] [php:error] [pid 86993] [client 72.146.12.102:0] script '/domains/tennex/edit.php' not found or unable to stat
[Fri Feb 13 00:21:32.833301 2026] [php:error] [pid 86991] [client 172.213.220.6:0] script '/domains/apunderkofler/eetu.php' not found or unable to stat
[Fri Feb 13 00:21:32.867570 2026] [php:error] [pid 86993] [client 72.146.12.102:0] script '/domains/tennex/aa.php' not found or unable to stat
[Fri Feb 13 00:21:33.037207 2026] [php:error] [pid 86991] [client 172.213.220.6:0] script '/domains/apunderkofler/01.php' not found or unable to stat
[Fri Feb 13 00:21:33.128709 2026] [php:error] [pid 86991] [client 172.213.220.6:0] script '/domains/apunderkofler/sh.php' not found or unable to stat
[Fri Feb 13 00:21:33.220353 2026] [php:error] [pid 86991] [client 172.213.220.6:0] script '/domains/apunderkofler/class.1.php' not found or unable to stat
[Fri Feb 13 00:21:33.255538 2026] [php:error] [pid 86993] [client 72.146.12.102:0] script '/domains/tennex/av.php' not found or unable to stat
[Fri Feb 13 00:21:33.312039 2026] [php:error] [pid 86991] [client 172.213.220.6:0] script '/domains/apunderkofler/0byte.php' not found or unable to stat
[Fri Feb 13 00:21:33.501696 2026] [php:error] [pid 86991] [client 172.213.220.6:0] script '/domains/apunderkofler/beence.php' not found or unable to stat
[Fri Feb 13 00:21:33.941185 2026] [php:error] [pid 86991] [client 172.213.220.6:0] script '/domains/apunderkofler/phpinfo.php' not found or unable to stat
[Fri Feb 13 00:21:34.033226 2026] [php:error] [pid 86991] [client 172.213.220.6:0] script '/domains/apunderkofler/ws.php' not found or unable to stat
[Fri Feb 13 00:21:34.124796 2026] [php:error] [pid 86991] [client 172.213.220.6:0] script '/domains/apunderkofler/zfe.php' not found or unable to stat
[Fri Feb 13 00:21:34.207092 2026] [php:error] [pid 86993] [client 72.146.12.102:0] script '/domains/tennex/wsd.php' not found or unable to stat
[Fri Feb 13 00:21:34.238097 2026] [php:error] [pid 86991] [client 172.213.220.6:0] script '/domains/apunderkofler/hello.php' not found or unable to stat
[Fri Feb 13 00:21:34.297612 2026] [php:error] [pid 86993] [client 72.146.12.102:0] script '/domains/tennex/jane.php' not found or unable to stat
[Fri Feb 13 00:21:34.330498 2026] [php:error] [pid 86991] [client 172.213.220.6:0] script '/domains/apunderkofler/f6.php' not found or unable to stat
[Fri Feb 13 00:21:34.388575 2026] [php:error] [pid 86993] [client 72.146.12.102:0] script '/domains/tennex/css.php' not found or unable to stat
[Fri Feb 13 00:21:34.439193 2026] [php:error] [pid 86991] [client 172.213.220.6:0] script '/domains/apunderkofler/wp-info.php' not found or unable to stat
[Fri Feb 13 00:21:34.530675 2026] [php:error] [pid 86991] [client 172.213.220.6:0] script '/domains/apunderkofler/elect.php' not found or unable to stat
[Fri Feb 13 00:21:34.535434 2026] [php:error] [pid 86993] [client 72.146.12.102:0] script '/domains/tennex/alfa.php' not found or unable to stat
[Fri Feb 13 00:21:34.622219 2026] [php:error] [pid 86991] [client 172.213.220.6:0] script '/domains/apunderkofler/shx.php' not found or unable to stat
[Fri Feb 13 00:21:34.627830 2026] [php:error] [pid 86993] [client 72.146.12.102:0] script '/domains/tennex/wen.php' not found or unable to stat
[Fri Feb 13 00:21:34.714749 2026] [php:error] [pid 86991] [client 172.213.220.6:0] script '/domains/apunderkofler/new.php' not found or unable to stat
[Fri Feb 13 00:21:34.719659 2026] [php:error] [pid 86993] [client 72.146.12.102:0] script '/domains/tennex/x.php' not found or unable to stat
[Fri Feb 13 00:21:34.844050 2026] [php:error] [pid 86993] [client 72.146.12.102:0] script '/domains/tennex/xxxx.php' not found or unable to stat
[Fri Feb 13 00:21:34.912487 2026] [php:error] [pid 86991] [client 172.213.220.6:0] script '/domains/apunderkofler/ver.php' not found or unable to stat
[Fri Feb 13 00:21:34.959593 2026] [php:error] [pid 86993] [client 72.146.12.102:0] script '/domains/tennex/class.php' not found or unable to stat
[Fri Feb 13 00:21:35.013352 2026] [php:error] [pid 86991] [client 172.213.220.6:0] script '/domains/apunderkofler/as.php' not found or unable to stat
[Fri Feb 13 00:21:35.049700 2026] [php:error] [pid 86993] [client 72.146.12.102:0] script '/domains/tennex/f35.php' not found or unable to stat
[Fri Feb 13 00:21:35.105179 2026] [php:error] [pid 86991] [client 172.213.220.6:0] script '/domains/apunderkofler/index_w.php' not found or unable to stat
[Fri Feb 13 00:21:35.215794 2026] [php:error] [pid 86991] [client 172.213.220.6:0] script '/domains/apunderkofler/c99.php' not found or unable to stat
[Fri Feb 13 00:21:35.309332 2026] [php:error] [pid 86991] [client 172.213.220.6:0] script '/domains/apunderkofler/a.php' not found or unable to stat
[Fri Feb 13 00:21:35.401063 2026] [php:error] [pid 86991] [client 172.213.220.6:0] script '/domains/apunderkofler/wso2.php' not found or unable to stat
[Fri Feb 13 00:21:35.523148 2026] [php:error] [pid 86991] [client 172.213.220.6:0] script '/domains/apunderkofler/small.php' not found or unable to stat
[Fri Feb 13 00:21:36.186294 2026] [php:error] [pid 86991] [client 172.213.220.6:0] script '/domains/apunderkofler/sf.php' not found or unable to stat
[Fri Feb 13 00:21:36.554445 2026] [php:error] [pid 86993] [client 72.146.12.102:0] script '/domains/tennex/class-t.api.php' not found or unable to stat
[Fri Feb 13 00:21:36.722381 2026] [php:error] [pid 86993] [client 72.146.12.102:0] script '/domains/tennex/blurbs18.php' not found or unable to stat
[Fri Feb 13 00:21:36.866428 2026] [php:error] [pid 86991] [client 172.213.220.6:0] script '/domains/apunderkofler/contact-demo.php' not found or unable to stat
[Fri Feb 13 00:21:36.960939 2026] [php:error] [pid 86991] [client 172.213.220.6:0] script '/domains/apunderkofler/luuf.php' not found or unable to stat
[Fri Feb 13 00:21:37.063541 2026] [php:error] [pid 86991] [client 172.213.220.6:0] script '/domains/apunderkofler/reze.php' not found or unable to stat
[Fri Feb 13 00:21:37.155022 2026] [php:error] [pid 86991] [client 172.213.220.6:0] script '/domains/apunderkofler/license.php' not found or unable to stat
[Fri Feb 13 00:21:37.487546 2026] [php:error] [pid 86993] [client 72.146.12.102:0] script '/domains/tennex/bless11.php' not found or unable to stat
[Fri Feb 13 00:21:37.580933 2026] [php:error] [pid 86993] [client 72.146.12.102:0] script '/domains/tennex/init.php' not found or unable to stat
[Fri Feb 13 00:21:37.708538 2026] [php:error] [pid 86991] [client 172.213.220.6:0] script '/domains/apunderkofler/contact-us.php' not found or unable to stat
[Fri Feb 13 00:21:37.815740 2026] [php:error] [pid 86993] [client 72.146.12.102:0] script '/domains/tennex/k.php' not found or unable to stat
[Fri Feb 13 00:21:37.835112 2026] [php:error] [pid 86991] [client 172.213.220.6:0] script '/domains/apunderkofler/doc.php' not found or unable to stat
[Fri Feb 13 00:21:37.927862 2026] [php:error] [pid 86991] [client 172.213.220.6:0] script '/domains/apunderkofler/X7x.php' not found or unable to stat
[Fri Feb 13 00:21:38.016250 2026] [php:error] [pid 86993] [client 72.146.12.102:0] script '/domains/tennex/bless.php' not found or unable to stat
[Fri Feb 13 00:21:38.044443 2026] [php:error] [pid 86991] [client 172.213.220.6:0] script '/domains/apunderkofler/1975.php' not found or unable to stat
[Fri Feb 13 00:21:38.110612 2026] [php:error] [pid 86993] [client 72.146.12.102:0] script '/domains/tennex/X7x.php' not found or unable to stat
[Fri Feb 13 00:21:38.157626 2026] [php:error] [pid 86991] [client 172.213.220.6:0] script '/domains/apunderkofler/root.php' not found or unable to stat
[Fri Feb 13 00:21:38.201153 2026] [php:error] [pid 86993] [client 72.146.12.102:0] script '/domains/tennex/166.php' not found or unable to stat
[Fri Feb 13 00:21:38.263087 2026] [php:error] [pid 86991] [client 172.213.220.6:0] script '/domains/apunderkofler/ioxi-o.php' not found or unable to stat
[Fri Feb 13 00:21:38.367308 2026] [php:error] [pid 86991] [client 172.213.220.6:0] script '/domains/apunderkofler/themes.php' not found or unable to stat
[Fri Feb 13 00:21:38.459231 2026] [php:error] [pid 86991] [client 172.213.220.6:0] script '/domains/apunderkofler/ct.php' not found or unable to stat
[Fri Feb 13 00:21:38.552507 2026] [php:error] [pid 86991] [client 172.213.220.6:0] script '/domains/apunderkofler/13.php' not found or unable to stat
[Fri Feb 13 00:21:38.794851 2026] [php:error] [pid 86991] [client 172.213.220.6:0] script '/domains/apunderkofler/ok.php' not found or unable to stat
[Fri Feb 13 00:21:38.863966 2026] [php:error] [pid 86993] [client 72.146.12.102:0] script '/domains/tennex/plss3.php' not found or unable to stat
[Fri Feb 13 00:21:38.888938 2026] [php:error] [pid 86991] [client 172.213.220.6:0] script '/domains/apunderkofler/a1.php' not found or unable to stat
[Fri Feb 13 00:21:38.981029 2026] [php:error] [pid 86991] [client 172.213.220.6:0] script '/domains/apunderkofler/wso1337.php' not found or unable to stat
[Fri Feb 13 00:21:39.079565 2026] [php:error] [pid 86993] [client 72.146.12.102:0] script '/domains/tennex/admins.php' not found or unable to stat
[Fri Feb 13 00:21:39.259962 2026] [php:error] [pid 86993] [client 72.146.12.102:0] script '/domains/tennex/wp.php' not found or unable to stat
[Fri Feb 13 00:21:39.353585 2026] [php:error] [pid 86993] [client 72.146.12.102:0] script '/domains/tennex/main.php' not found or unable to stat
[Fri Feb 13 00:21:39.465167 2026] [php:error] [pid 86993] [client 72.146.12.102:0] script '/domains/tennex/a1.php' not found or unable to stat
[Fri Feb 13 00:21:39.491255 2026] [php:error] [pid 86991] [client 172.213.220.6:0] script '/domains/apunderkofler/class-t.api.php' not found or unable to stat
[Fri Feb 13 00:21:39.555260 2026] [php:error] [pid 86993] [client 72.146.12.102:0] script '/domains/tennex/lala.php' not found or unable to stat
[Fri Feb 13 00:21:39.583349 2026] [php:error] [pid 86991] [client 172.213.220.6:0] script '/domains/apunderkofler/anone.php' not found or unable to stat
[Fri Feb 13 00:21:39.645413 2026] [php:error] [pid 86993] [client 72.146.12.102:0] script '/domains/tennex/aaa.php' not found or unable to stat
[Fri Feb 13 00:21:39.674837 2026] [php:error] [pid 86991] [client 172.213.220.6:0] script '/domains/apunderkofler/env.php' not found or unable to stat
[Fri Feb 13 00:21:39.752204 2026] [php:error] [pid 86993] [client 72.146.12.102:0] script '/domains/tennex/a2.php' not found or unable to stat
[Fri Feb 13 00:21:39.766241 2026] [php:error] [pid 86991] [client 172.213.220.6:0] script '/domains/apunderkofler/3301.php' not found or unable to stat
[Fri Feb 13 00:21:39.890753 2026] [php:error] [pid 86991] [client 172.213.220.6:0] script '/domains/apunderkofler/il.php' not found or unable to stat
[Fri Feb 13 00:21:40.065274 2026] [php:error] [pid 86993] [client 72.146.12.102:0] script '/domains/tennex/nyan.php' not found or unable to stat
[Fri Feb 13 00:21:40.162090 2026] [php:error] [pid 86993] [client 72.146.12.102:0] script '/domains/tennex/jsond.php' not found or unable to stat
[Fri Feb 13 00:21:40.279887 2026] [php:error] [pid 86991] [client 172.213.220.6:0] script '/domains/apunderkofler/166.php' not found or unable to stat
[Fri Feb 13 00:21:40.558873 2026] [php:error] [pid 86991] [client 172.213.220.6:0] script '/domains/apunderkofler/10.php' not found or unable to stat
[Fri Feb 13 00:21:40.745591 2026] [php:error] [pid 86991] [client 172.213.220.6:0] script '/domains/apunderkofler/larva.php' not found or unable to stat
[Fri Feb 13 00:21:40.837385 2026] [php:error] [pid 86991] [client 172.213.220.6:0] script '/domains/apunderkofler/aaa.php' not found or unable to stat
[Fri Feb 13 00:21:41.020632 2026] [php:error] [pid 86991] [client 172.213.220.6:0] script '/domains/apunderkofler/file.php' not found or unable to stat
[Fri Feb 13 00:21:41.127243 2026] [php:error] [pid 86991] [client 172.213.220.6:0] script '/domains/apunderkofler/ract.php' not found or unable to stat
[Fri Feb 13 00:21:41.278448 2026] [php:error] [pid 86991] [client 172.213.220.6:0] script '/domains/apunderkofler/city-ajax.php' not found or unable to stat
[Fri Feb 13 00:21:41.370262 2026] [php:error] [pid 86991] [client 172.213.220.6:0] script '/domains/apunderkofler/fi.php' not found or unable to stat
[Fri Feb 13 00:21:41.462649 2026] [php:error] [pid 86991] [client 172.213.220.6:0] script '/domains/apunderkofler/lf.php' not found or unable to stat
[Fri Feb 13 00:21:41.554203 2026] [php:error] [pid 86991] [client 172.213.220.6:0] script '/domains/apunderkofler/5index.php' not found or unable to stat
[Fri Feb 13 00:21:41.645830 2026] [php:error] [pid 86991] [client 172.213.220.6:0] script '/domains/apunderkofler/sterJs.php' not found or unable to stat
[Fri Feb 13 00:21:41.737305 2026] [php:error] [pid 86991] [client 172.213.220.6:0] script '/domains/apunderkofler/155.php' not found or unable to stat
[Fri Feb 13 00:21:41.932502 2026] [php:error] [pid 86991] [client 172.213.220.6:0] script '/domains/apunderkofler/wp-rss2.php' not found or unable to stat
[Fri Feb 13 00:21:42.024154 2026] [php:error] [pid 86991] [client 172.213.220.6:0] script '/domains/apunderkofler/wp-rss.php' not found or unable to stat
[Fri Feb 13 00:21:42.291669 2026] [php:error] [pid 86991] [client 172.213.220.6:0] script '/domains/apunderkofler/lib.php' not found or unable to stat
[Fri Feb 13 00:21:42.383557 2026] [php:error] [pid 86991] [client 172.213.220.6:0] script '/domains/apunderkofler/dr.php' not found or unable to stat
[Fri Feb 13 00:21:42.480577 2026] [php:error] [pid 86991] [client 172.213.220.6:0] script '/domains/apunderkofler/blog.php' not found or unable to stat
[Fri Feb 13 00:21:42.592759 2026] [php:error] [pid 86991] [client 172.213.220.6:0] script '/domains/apunderkofler/am.php' not found or unable to stat
[Fri Feb 13 00:21:43.592512 2026] [php:error] [pid 86987] [client 172.213.220.6:0] script '/domains/apunderkofler/jindex.php' not found or unable to stat
[Fri Feb 13 00:21:44.062501 2026] [php:error] [pid 86987] [client 172.213.220.6:0] script '/domains/apunderkofler/geck.php' not found or unable to stat
[Fri Feb 13 00:21:44.152238 2026] [php:error] [pid 86987] [client 172.213.220.6:0] script '/domains/apunderkofler/xox.php' not found or unable to stat
[Fri Feb 13 00:21:44.242199 2026] [php:error] [pid 86987] [client 172.213.220.6:0] script '/domains/apunderkofler/wen.php' not found or unable to stat
[Fri Feb 13 00:21:44.365343 2026] [php:error] [pid 86987] [client 172.213.220.6:0] script '/domains/apunderkofler/gel4y.php' not found or unable to stat
[Fri Feb 13 00:21:44.594801 2026] [php:error] [pid 86987] [client 172.213.220.6:0] script '/domains/apunderkofler/gif.php' not found or unable to stat
[Fri Feb 13 00:21:44.703413 2026] [php:error] [pid 86987] [client 172.213.220.6:0] script '/domains/apunderkofler/rJs.php' not found or unable to stat
[Fri Feb 13 00:21:44.793216 2026] [php:error] [pid 86987] [client 172.213.220.6:0] script '/domains/apunderkofler/00:.php' not found or unable to stat
[Fri Feb 13 00:21:44.973954 2026] [php:error] [pid 86987] [client 172.213.220.6:0] script '/domains/apunderkofler/ta.php' not found or unable to stat
[Fri Feb 13 00:21:45.133501 2026] [php:error] [pid 86987] [client 172.213.220.6:0] script '/domains/apunderkofler/moon.php' not found or unable to stat
[Fri Feb 13 00:21:45.235951 2026] [php:error] [pid 86987] [client 172.213.220.6:0] script '/domains/apunderkofler/41.php' not found or unable to stat
[Fri Feb 13 00:21:45.373920 2026] [php:error] [pid 86987] [client 172.213.220.6:0] script '/domains/apunderkofler/data.php' not found or unable to stat
[Fri Feb 13 00:21:45.464271 2026] [php:error] [pid 86987] [client 172.213.220.6:0] script '/domains/apunderkofler/edit-css.php' not found or unable to stat
[Fri Feb 13 00:21:45.555150 2026] [php:error] [pid 86987] [client 172.213.220.6:0] script '/domains/apunderkofler/mar.php' not found or unable to stat
[Fri Feb 13 00:21:45.670217 2026] [php:error] [pid 86987] [client 172.213.220.6:0] script '/domains/apunderkofler/op.php' not found or unable to stat
[Fri Feb 13 00:21:45.760449 2026] [php:error] [pid 86987] [client 172.213.220.6:0] script '/domains/apunderkofler/bipas.php' not found or unable to stat
[Fri Feb 13 00:21:45.898610 2026] [php:error] [pid 86987] [client 172.213.220.6:0] script '/domains/apunderkofler/plss3.php' not found or unable to stat
[Fri Feb 13 00:21:45.991662 2026] [php:error] [pid 86987] [client 172.213.220.6:0] script '/domains/apunderkofler/minimo.php' not found or unable to stat
[Fri Feb 13 00:21:46.081844 2026] [php:error] [pid 86987] [client 172.213.220.6:0] script '/domains/apunderkofler/RxR.php' not found or unable to stat
[Fri Feb 13 00:21:46.341081 2026] [php:error] [pid 86987] [client 172.213.220.6:0] script '/domains/apunderkofler/gifclass4.php' not found or unable to stat
[Fri Feb 13 00:21:46.431203 2026] [php:error] [pid 86987] [client 172.213.220.6:0] script '/domains/apunderkofler/nw.php' not found or unable to stat
[Fri Feb 13 00:21:46.611720 2026] [php:error] [pid 86987] [client 172.213.220.6:0] script '/domains/apunderkofler/FoxWSO.php' not found or unable to stat
[Fri Feb 13 00:21:46.701748 2026] [php:error] [pid 86987] [client 172.213.220.6:0] script '/domains/apunderkofler/lol.php' not found or unable to stat
[Fri Feb 13 00:21:47.003245 2026] [php:error] [pid 86987] [client 172.213.220.6:0] script '/domains/apunderkofler/api.php' not found or unable to stat
[Fri Feb 13 00:21:47.093475 2026] [php:error] [pid 86987] [client 172.213.220.6:0] script '/domains/apunderkofler/kn.php' not found or unable to stat
[Fri Feb 13 00:21:47.359801 2026] [php:error] [pid 86987] [client 172.213.220.6:0] script '/domains/apunderkofler/sql.php' not found or unable to stat
[Fri Feb 13 00:21:47.449722 2026] [php:error] [pid 86987] [client 172.213.220.6:0] script '/domains/apunderkofler/t.php' not found or unable to stat
[Fri Feb 13 00:21:47.550744 2026] [php:error] [pid 86987] [client 172.213.220.6:0] script '/domains/apunderkofler/revealability.php' not found or unable to stat
[Fri Feb 13 00:21:47.750183 2026] [php:error] [pid 86987] [client 172.213.220.6:0] script '/domains/apunderkofler/wp-feed.php' not found or unable to stat
[Fri Feb 13 00:21:48.218423 2026] [php:error] [pid 86987] [client 172.213.220.6:0] script '/domains/apunderkofler/wp-update.php' not found or unable to stat
[Fri Feb 13 00:21:48.759486 2026] [php:error] [pid 86987] [client 172.213.220.6:0] script '/domains/apunderkofler/tuco.php' not found or unable to stat
[Fri Feb 13 00:21:48.849243 2026] [php:error] [pid 86987] [client 172.213.220.6:0] script '/domains/apunderkofler/bypass.php' not found or unable to stat
[Fri Feb 13 00:21:48.938909 2026] [php:error] [pid 86987] [client 172.213.220.6:0] script '/domains/apunderkofler/soniau.php' not found or unable to stat
[Fri Feb 13 00:21:49.029237 2026] [php:error] [pid 86987] [client 172.213.220.6:0] script '/domains/apunderkofler/fa.php' not found or unable to stat
[Fri Feb 13 00:21:49.147428 2026] [php:error] [pid 86987] [client 172.213.220.6:0] script '/domains/apunderkofler/pi.php' not found or unable to stat
[Fri Feb 13 00:21:49.237176 2026] [php:error] [pid 86987] [client 172.213.220.6:0] script '/domains/apunderkofler/flower.php' not found or unable to stat
[Fri Feb 13 00:21:49.326744 2026] [php:error] [pid 86987] [client 172.213.220.6:0] script '/domains/apunderkofler/aa2.php' not found or unable to stat
[Fri Feb 13 00:21:49.418353 2026] [php:error] [pid 86987] [client 172.213.220.6:0] script '/domains/apunderkofler/iwivi.php' not found or unable to stat
[Fri Feb 13 00:21:49.511655 2026] [php:error] [pid 86987] [client 172.213.220.6:0] script '/domains/apunderkofler/wp-rdf.php' not found or unable to stat
[Fri Feb 13 00:21:49.619318 2026] [php:error] [pid 86987] [client 172.213.220.6:0] script '/domains/apunderkofler/priv8.php' not found or unable to stat
[Fri Feb 13 00:21:50.553764 2026] [php:error] [pid 86992] [client 34.7.29.193:0] script '/domains/hdickens.enteract/kmnj.php' not found or unable to stat
[Fri Feb 13 00:22:42.431622 2026] [php:error] [pid 86983] [client 51.120.70.159:0] script '/domains/hofficer1/d.php' not found or unable to stat
[Fri Feb 13 00:22:42.527481 2026] [php:error] [pid 86983] [client 51.120.70.159:0] script '/domains/hofficer1/a4.php' not found or unable to stat
[Fri Feb 13 00:22:42.635260 2026] [php:error] [pid 86983] [client 51.120.70.159:0] script '/domains/hofficer1/lp6.php' not found or unable to stat
[Fri Feb 13 00:22:42.731159 2026] [php:error] [pid 86983] [client 51.120.70.159:0] script '/domains/hofficer1/core.php' not found or unable to stat
[Fri Feb 13 00:22:42.836323 2026] [php:error] [pid 86983] [client 51.120.70.159:0] script '/domains/hofficer1/mini.php' not found or unable to stat
[Fri Feb 13 00:22:42.933461 2026] [php:error] [pid 86983] [client 51.120.70.159:0] script '/domains/hofficer1/222.php' not found or unable to stat
[Fri Feb 13 00:22:43.030357 2026] [php:error] [pid 86983] [client 51.120.70.159:0] script '/domains/hofficer1/inputs.php' not found or unable to stat
[Fri Feb 13 00:22:43.127111 2026] [php:error] [pid 86983] [client 51.120.70.159:0] script '/domains/hofficer1/2.php' not found or unable to stat
[Fri Feb 13 00:22:43.238159 2026] [php:error] [pid 86983] [client 51.120.70.159:0] script '/domains/hofficer1/sim.php' not found or unable to stat
[Fri Feb 13 00:22:43.341958 2026] [php:error] [pid 86983] [client 51.120.70.159:0] script '/domains/hofficer1/ff.php' not found or unable to stat
[Fri Feb 13 00:22:43.437644 2026] [php:error] [pid 86983] [client 51.120.70.159:0] script '/domains/hofficer1/css.php' not found or unable to stat
[Fri Feb 13 00:22:43.625205 2026] [php:error] [pid 86983] [client 51.120.70.159:0] script '/domains/hofficer1/x.php' not found or unable to stat
[Fri Feb 13 00:22:43.721216 2026] [php:error] [pid 86983] [client 51.120.70.159:0] script '/domains/hofficer1/ans.php' not found or unable to stat
[Fri Feb 13 00:22:43.828189 2026] [php:error] [pid 86983] [client 51.120.70.159:0] script '/domains/hofficer1/0.php' not found or unable to stat
[Fri Feb 13 00:22:43.929171 2026] [php:error] [pid 86983] [client 51.120.70.159:0] script '/domains/hofficer1/a.php' not found or unable to stat
[Fri Feb 13 00:22:44.032178 2026] [php:error] [pid 86983] [client 51.120.70.159:0] script '/domains/hofficer1/new.php' not found or unable to stat
[Fri Feb 13 00:22:44.598940 2026] [php:error] [pid 86983] [client 51.120.70.159:0] script '/domains/hofficer1/alfa.php' not found or unable to stat
[Fri Feb 13 00:22:44.695297 2026] [php:error] [pid 86983] [client 51.120.70.159:0] script '/domains/hofficer1/el.php' not found or unable to stat
[Fri Feb 13 00:22:44.802879 2026] [php:error] [pid 86983] [client 51.120.70.159:0] script '/domains/hofficer1/t.php' not found or unable to stat
[Fri Feb 13 00:22:44.899120 2026] [php:error] [pid 86983] [client 51.120.70.159:0] script '/domains/hofficer1/first.php' not found or unable to stat
[Fri Feb 13 00:22:45.004111 2026] [php:error] [pid 86983] [client 51.120.70.159:0] script '/domains/hofficer1/acp.php' not found or unable to stat
[Fri Feb 13 00:22:45.100422 2026] [php:error] [pid 86983] [client 51.120.70.159:0] script '/domains/hofficer1/e.php' not found or unable to stat
[Fri Feb 13 00:22:45.224325 2026] [php:error] [pid 86983] [client 51.120.70.159:0] script '/domains/hofficer1/info.php' not found or unable to stat
[Fri Feb 13 00:22:45.319933 2026] [php:error] [pid 86983] [client 51.120.70.159:0] script '/domains/hofficer1/ot.php' not found or unable to stat
[Fri Feb 13 00:22:45.416287 2026] [php:error] [pid 86983] [client 51.120.70.159:0] script '/domains/hofficer1/test.php' not found or unable to stat
[Fri Feb 13 00:22:45.512085 2026] [php:error] [pid 86983] [client 51.120.70.159:0] script '/domains/hofficer1/pass.php' not found or unable to stat
[Fri Feb 13 00:23:04.269186 2026] [php:error] [pid 87009] [client 20.199.186.0:0] script '/domains/windsorweb/24.php' not found or unable to stat
[Fri Feb 13 00:23:14.575501 2026] [php:error] [pid 87016] [client 35.247.243.246:0] script '/domains/cccweb/ADMINER.php' not found or unable to stat
[Fri Feb 13 00:23:16.340882 2026] [php:error] [pid 87017] [client 20.203.180.35:0] script '/domains/redpeninc/d.php' not found or unable to stat
[Fri Feb 13 00:23:16.465494 2026] [php:error] [pid 87017] [client 20.203.180.35:0] script '/domains/redpeninc/a4.php' not found or unable to stat
[Fri Feb 13 00:23:16.576577 2026] [php:error] [pid 87017] [client 20.203.180.35:0] script '/domains/redpeninc/lp6.php' not found or unable to stat
[Fri Feb 13 00:23:16.696283 2026] [php:error] [pid 87017] [client 20.203.180.35:0] script '/domains/redpeninc/core.php' not found or unable to stat
[Fri Feb 13 00:23:16.789986 2026] [php:error] [pid 87017] [client 20.203.180.35:0] script '/domains/redpeninc/mini.php' not found or unable to stat
[Fri Feb 13 00:23:16.883444 2026] [php:error] [pid 87017] [client 20.203.180.35:0] script '/domains/redpeninc/222.php' not found or unable to stat
[Fri Feb 13 00:23:16.977955 2026] [php:error] [pid 87017] [client 20.203.180.35:0] script '/domains/redpeninc/inputs.php' not found or unable to stat
[Fri Feb 13 00:23:17.084684 2026] [php:error] [pid 87017] [client 20.203.180.35:0] script '/domains/redpeninc/2.php' not found or unable to stat
[Fri Feb 13 00:23:17.178365 2026] [php:error] [pid 87017] [client 20.203.180.35:0] script '/domains/redpeninc/sim.php' not found or unable to stat
[Fri Feb 13 00:23:17.271724 2026] [php:error] [pid 87017] [client 20.203.180.35:0] script '/domains/redpeninc/ff.php' not found or unable to stat
[Fri Feb 13 00:23:17.365262 2026] [php:error] [pid 87017] [client 20.203.180.35:0] script '/domains/redpeninc/css.php' not found or unable to stat
[Fri Feb 13 00:23:17.477398 2026] [php:error] [pid 87017] [client 20.203.180.35:0] script '/domains/redpeninc/x.php' not found or unable to stat
[Fri Feb 13 00:23:17.577053 2026] [php:error] [pid 87017] [client 20.203.180.35:0] script '/domains/redpeninc/ans.php' not found or unable to stat
[Fri Feb 13 00:23:17.670636 2026] [php:error] [pid 87017] [client 20.203.180.35:0] script '/domains/redpeninc/0.php' not found or unable to stat
[Fri Feb 13 00:23:17.777217 2026] [php:error] [pid 87017] [client 20.203.180.35:0] script '/domains/redpeninc/a.php' not found or unable to stat
[Fri Feb 13 00:23:17.872400 2026] [php:error] [pid 87017] [client 20.203.180.35:0] script '/domains/redpeninc/new.php' not found or unable to stat
[Fri Feb 13 00:23:18.152344 2026] [php:error] [pid 87017] [client 20.203.180.35:0] script '/domains/redpeninc/alfa.php' not found or unable to stat
[Fri Feb 13 00:23:18.266308 2026] [php:error] [pid 87017] [client 20.203.180.35:0] script '/domains/redpeninc/el.php' not found or unable to stat
[Fri Feb 13 00:23:18.364060 2026] [php:error] [pid 87017] [client 20.203.180.35:0] script '/domains/redpeninc/t.php' not found or unable to stat
[Fri Feb 13 00:23:18.533355 2026] [php:error] [pid 87017] [client 20.203.180.35:0] script '/domains/redpeninc/first.php' not found or unable to stat
[Fri Feb 13 00:23:18.627483 2026] [php:error] [pid 87017] [client 20.203.180.35:0] script '/domains/redpeninc/acp.php' not found or unable to stat
[Fri Feb 13 00:23:18.860958 2026] [php:error] [pid 87017] [client 20.203.180.35:0] script '/domains/redpeninc/e.php' not found or unable to stat
[Fri Feb 13 00:23:18.963042 2026] [php:error] [pid 87017] [client 20.203.180.35:0] script '/domains/redpeninc/info.php' not found or unable to stat
[Fri Feb 13 00:23:19.056823 2026] [php:error] [pid 87017] [client 20.203.180.35:0] script '/domains/redpeninc/ot.php' not found or unable to stat
[Fri Feb 13 00:23:19.150674 2026] [php:error] [pid 87017] [client 20.203.180.35:0] script '/domains/redpeninc/test.php' not found or unable to stat
[Fri Feb 13 00:23:19.244326 2026] [php:error] [pid 87017] [client 20.203.180.35:0] script '/domains/redpeninc/pass.php' not found or unable to stat
[Fri Feb 13 00:23:41.893599 2026] [php:error] [pid 87006] [client 145.239.10.137:0] script '/domains/viamonte3/n.php' not found or unable to stat, referer: http://viamontedesign.com/n.php
[Fri Feb 13 00:24:25.514326 2026] [php:error] [pid 87024] [client 20.250.11.129:0] script '/domains/testregisgroup/lp6.php' not found or unable to stat
[Fri Feb 13 00:24:25.659180 2026] [php:error] [pid 87024] [client 20.250.11.129:0] script '/domains/testregisgroup/clasa99.php' not found or unable to stat
[Fri Feb 13 00:24:25.767402 2026] [php:error] [pid 87024] [client 20.250.11.129:0] script '/domains/testregisgroup/ph33w.php' not found or unable to stat
[Fri Feb 13 00:24:26.121109 2026] [php:error] [pid 87024] [client 20.250.11.129:0] script '/domains/testregisgroup/errw.php' not found or unable to stat
[Fri Feb 13 00:24:26.222224 2026] [php:error] [pid 87024] [client 20.250.11.129:0] script '/domains/testregisgroup/assacc.php' not found or unable to stat
[Fri Feb 13 00:24:26.568438 2026] [php:error] [pid 87024] [client 20.250.11.129:0] script '/domains/testregisgroup/Geforce.php' not found or unable to stat
[Fri Feb 13 00:24:26.699575 2026] [php:error] [pid 87024] [client 20.250.11.129:0] script '/domains/testregisgroup/cs.php' not found or unable to stat
[Fri Feb 13 00:24:26.820001 2026] [php:error] [pid 87024] [client 20.250.11.129:0] script '/domains/testregisgroup/gettest.php' not found or unable to stat
[Fri Feb 13 00:24:26.960450 2026] [php:error] [pid 87024] [client 20.250.11.129:0] script '/domains/testregisgroup/cv.php' not found or unable to stat
[Fri Feb 13 00:24:27.442744 2026] [php:error] [pid 87024] [client 20.250.11.129:0] script '/domains/testregisgroup/ma.php' not found or unable to stat
[Fri Feb 13 00:24:27.544043 2026] [php:error] [pid 87024] [client 20.250.11.129:0] script '/domains/testregisgroup/ole.php' not found or unable to stat
[Fri Feb 13 00:24:27.934318 2026] [php:error] [pid 87024] [client 20.250.11.129:0] script '/domains/testregisgroup/x_3.php' not found or unable to stat
[Fri Feb 13 00:24:28.037020 2026] [php:error] [pid 87024] [client 20.250.11.129:0] script '/domains/testregisgroup/bolt.php' not found or unable to stat
[Fri Feb 13 00:24:28.159523 2026] [php:error] [pid 87024] [client 20.250.11.129:0] script '/domains/testregisgroup/adminfuns.php' not found or unable to stat
[Fri Feb 13 00:24:28.262838 2026] [php:error] [pid 87017] [client 35.247.243.254:0] script '/domains/cccweb/_adminer.php' not found or unable to stat
[Fri Feb 13 00:24:28.270988 2026] [php:error] [pid 87024] [client 20.250.11.129:0] script '/domains/testregisgroup/mar.php' not found or unable to stat
[Fri Feb 13 00:24:28.426986 2026] [php:error] [pid 87024] [client 20.250.11.129:0] script '/domains/testregisgroup/ellv3.php' not found or unable to stat
[Fri Feb 13 00:24:28.536688 2026] [php:error] [pid 87024] [client 20.250.11.129:0] script '/domains/testregisgroup/ak.php' not found or unable to stat
[Fri Feb 13 00:24:28.865547 2026] [php:error] [pid 87024] [client 20.250.11.129:0] script '/domains/testregisgroup/fetch.php' not found or unable to stat
[Fri Feb 13 00:24:28.966620 2026] [php:error] [pid 87024] [client 20.250.11.129:0] script '/domains/testregisgroup/bk.php' not found or unable to stat
[Fri Feb 13 00:24:29.074446 2026] [php:error] [pid 87024] [client 20.250.11.129:0] script '/domains/testregisgroup/configuration.php' not found or unable to stat
[Fri Feb 13 00:24:29.196378 2026] [php:error] [pid 87024] [client 20.250.11.129:0] script '/domains/testregisgroup/ap.php' not found or unable to stat
[Fri Feb 13 00:24:29.308833 2026] [php:error] [pid 87024] [client 20.250.11.129:0] script '/domains/testregisgroup/f.php' not found or unable to stat
[Fri Feb 13 00:24:29.829661 2026] [php:error] [pid 87024] [client 20.250.11.129:0] script '/domains/testregisgroup/environment.php' not found or unable to stat
[Fri Feb 13 00:24:29.932020 2026] [php:error] [pid 87024] [client 20.250.11.129:0] script '/domains/testregisgroup/zaa.php' not found or unable to stat
[Fri Feb 13 00:24:30.035067 2026] [php:error] [pid 87024] [client 20.250.11.129:0] script '/domains/testregisgroup/mal.php' not found or unable to stat
[Fri Feb 13 00:24:30.136444 2026] [php:error] [pid 87024] [client 20.250.11.129:0] script '/domains/testregisgroup/ffd.php' not found or unable to stat
[Fri Feb 13 00:24:30.412048 2026] [php:error] [pid 87024] [client 20.250.11.129:0] script '/domains/testregisgroup/zwq13.php' not found or unable to stat
[Fri Feb 13 00:24:30.518013 2026] [php:error] [pid 87024] [client 20.250.11.129:0] script '/domains/testregisgroup/wqqs.php' not found or unable to stat
[Fri Feb 13 00:24:31.212468 2026] [php:error] [pid 87024] [client 20.250.11.129:0] script '/domains/testregisgroup/wp_wlx.php' not found or unable to stat
[Fri Feb 13 00:24:31.848431 2026] [php:error] [pid 87024] [client 20.250.11.129:0] script '/domains/testregisgroup/100.kb.php' not found or unable to stat
[Fri Feb 13 00:24:31.982187 2026] [php:error] [pid 87024] [client 20.250.11.129:0] script '/domains/testregisgroup/vx.php' not found or unable to stat
[Fri Feb 13 00:24:32.261280 2026] [php:error] [pid 87024] [client 20.250.11.129:0] script '/domains/testregisgroup/eetu.php' not found or unable to stat
[Fri Feb 13 00:24:32.528645 2026] [php:error] [pid 87024] [client 20.250.11.129:0] script '/domains/testregisgroup/01.php' not found or unable to stat
[Fri Feb 13 00:24:32.631364 2026] [php:error] [pid 87024] [client 20.250.11.129:0] script '/domains/testregisgroup/sh.php' not found or unable to stat
[Fri Feb 13 00:24:32.733342 2026] [php:error] [pid 87024] [client 20.250.11.129:0] script '/domains/testregisgroup/class.1.php' not found or unable to stat
[Fri Feb 13 00:24:33.354974 2026] [php:error] [pid 87024] [client 20.250.11.129:0] script '/domains/testregisgroup/0byte.php' not found or unable to stat
[Fri Feb 13 00:24:33.589889 2026] [php:error] [pid 87024] [client 20.250.11.129:0] script '/domains/testregisgroup/beence.php' not found or unable to stat
[Fri Feb 13 00:24:33.769572 2026] [php:error] [pid 87024] [client 20.250.11.129:0] script '/domains/testregisgroup/phpinfo.php' not found or unable to stat
[Fri Feb 13 00:24:34.010029 2026] [php:error] [pid 87024] [client 20.250.11.129:0] script '/domains/testregisgroup/ws.php' not found or unable to stat
[Fri Feb 13 00:24:34.125117 2026] [php:error] [pid 87024] [client 20.250.11.129:0] script '/domains/testregisgroup/zfe.php' not found or unable to stat
[Fri Feb 13 00:24:34.241077 2026] [php:error] [pid 87024] [client 20.250.11.129:0] script '/domains/testregisgroup/hello.php' not found or unable to stat
[Fri Feb 13 00:24:34.683287 2026] [php:error] [pid 87024] [client 20.250.11.129:0] script '/domains/testregisgroup/f6.php' not found or unable to stat
[Fri Feb 13 00:24:34.785918 2026] [php:error] [pid 87024] [client 20.250.11.129:0] script '/domains/testregisgroup/wp-info.php' not found or unable to stat
[Fri Feb 13 00:24:34.983604 2026] [php:error] [pid 87024] [client 20.250.11.129:0] script '/domains/testregisgroup/elect.php' not found or unable to stat
[Fri Feb 13 00:24:35.086430 2026] [php:error] [pid 87024] [client 20.250.11.129:0] script '/domains/testregisgroup/shx.php' not found or unable to stat
[Fri Feb 13 00:24:35.189633 2026] [php:error] [pid 87024] [client 20.250.11.129:0] script '/domains/testregisgroup/new.php' not found or unable to stat
[Fri Feb 13 00:24:35.295882 2026] [php:error] [pid 87024] [client 20.250.11.129:0] script '/domains/testregisgroup/ver.php' not found or unable to stat
[Fri Feb 13 00:24:35.401252 2026] [php:error] [pid 87024] [client 20.250.11.129:0] script '/domains/testregisgroup/as.php' not found or unable to stat
[Fri Feb 13 00:24:35.502671 2026] [php:error] [pid 87024] [client 20.250.11.129:0] script '/domains/testregisgroup/index_w.php' not found or unable to stat
[Fri Feb 13 00:24:35.604487 2026] [php:error] [pid 87024] [client 20.250.11.129:0] script '/domains/testregisgroup/c99.php' not found or unable to stat
[Fri Feb 13 00:24:35.706782 2026] [php:error] [pid 87024] [client 20.250.11.129:0] script '/domains/testregisgroup/a.php' not found or unable to stat
[Fri Feb 13 00:24:35.851739 2026] [php:error] [pid 87024] [client 20.250.11.129:0] script '/domains/testregisgroup/wso2.php' not found or unable to stat
[Fri Feb 13 00:24:35.953569 2026] [php:error] [pid 87024] [client 20.250.11.129:0] script '/domains/testregisgroup/small.php' not found or unable to stat
[Fri Feb 13 00:24:36.271040 2026] [php:error] [pid 87024] [client 20.250.11.129:0] script '/domains/testregisgroup/sf.php' not found or unable to stat
[Fri Feb 13 00:24:36.490711 2026] [php:error] [pid 87024] [client 20.250.11.129:0] script '/domains/testregisgroup/contact-demo.php' not found or unable to stat
[Fri Feb 13 00:24:36.635815 2026] [php:error] [pid 87024] [client 20.250.11.129:0] script '/domains/testregisgroup/luuf.php' not found or unable to stat
[Fri Feb 13 00:24:36.737133 2026] [php:error] [pid 87024] [client 20.250.11.129:0] script '/domains/testregisgroup/reze.php' not found or unable to stat
[Fri Feb 13 00:24:36.873456 2026] [php:error] [pid 87024] [client 20.250.11.129:0] script '/domains/testregisgroup/license.php' not found or unable to stat
[Fri Feb 13 00:24:37.133550 2026] [php:error] [pid 87024] [client 20.250.11.129:0] script '/domains/testregisgroup/contact-us.php' not found or unable to stat
[Fri Feb 13 00:24:37.450994 2026] [php:error] [pid 87024] [client 20.250.11.129:0] script '/domains/testregisgroup/doc.php' not found or unable to stat
[Fri Feb 13 00:24:37.554230 2026] [php:error] [pid 87024] [client 20.250.11.129:0] script '/domains/testregisgroup/X7x.php' not found or unable to stat
[Fri Feb 13 00:24:37.667363 2026] [php:error] [pid 87024] [client 20.250.11.129:0] script '/domains/testregisgroup/1975.php' not found or unable to stat
[Fri Feb 13 00:24:37.774909 2026] [php:error] [pid 87024] [client 20.250.11.129:0] script '/domains/testregisgroup/root.php' not found or unable to stat
[Fri Feb 13 00:24:37.876912 2026] [php:error] [pid 87024] [client 20.250.11.129:0] script '/domains/testregisgroup/ioxi-o.php' not found or unable to stat
[Fri Feb 13 00:24:38.073648 2026] [php:error] [pid 87024] [client 20.250.11.129:0] script '/domains/testregisgroup/themes.php' not found or unable to stat
[Fri Feb 13 00:24:38.183986 2026] [php:error] [pid 87024] [client 20.250.11.129:0] script '/domains/testregisgroup/ct.php' not found or unable to stat
[Fri Feb 13 00:24:38.332331 2026] [php:error] [pid 87024] [client 20.250.11.129:0] script '/domains/testregisgroup/13.php' not found or unable to stat
[Fri Feb 13 00:24:38.433416 2026] [php:error] [pid 87024] [client 20.250.11.129:0] script '/domains/testregisgroup/ok.php' not found or unable to stat
[Fri Feb 13 00:24:38.572952 2026] [php:error] [pid 87024] [client 20.250.11.129:0] script '/domains/testregisgroup/a1.php' not found or unable to stat
[Fri Feb 13 00:24:38.720648 2026] [php:error] [pid 87024] [client 20.250.11.129:0] script '/domains/testregisgroup/wso1337.php' not found or unable to stat
[Fri Feb 13 00:24:38.822803 2026] [php:error] [pid 87024] [client 20.250.11.129:0] script '/domains/testregisgroup/class-t.api.php' not found or unable to stat
[Fri Feb 13 00:24:38.923815 2026] [php:error] [pid 87024] [client 20.250.11.129:0] script '/domains/testregisgroup/anone.php' not found or unable to stat
[Fri Feb 13 00:24:39.266637 2026] [php:error] [pid 87024] [client 20.250.11.129:0] script '/domains/testregisgroup/env.php' not found or unable to stat
[Fri Feb 13 00:24:39.367905 2026] [php:error] [pid 87024] [client 20.250.11.129:0] script '/domains/testregisgroup/3301.php' not found or unable to stat
[Fri Feb 13 00:24:39.599230 2026] [php:error] [pid 87024] [client 20.250.11.129:0] script '/domains/testregisgroup/il.php' not found or unable to stat
[Fri Feb 13 00:24:39.701014 2026] [php:error] [pid 87024] [client 20.250.11.129:0] script '/domains/testregisgroup/166.php' not found or unable to stat
[Fri Feb 13 00:24:40.128633 2026] [php:error] [pid 87024] [client 20.250.11.129:0] script '/domains/testregisgroup/10.php' not found or unable to stat
[Fri Feb 13 00:24:40.331171 2026] [php:error] [pid 87024] [client 20.250.11.129:0] script '/domains/testregisgroup/larva.php' not found or unable to stat
[Fri Feb 13 00:24:40.432576 2026] [php:error] [pid 87024] [client 20.250.11.129:0] script '/domains/testregisgroup/aaa.php' not found or unable to stat
[Fri Feb 13 00:24:40.755341 2026] [php:error] [pid 87024] [client 20.250.11.129:0] script '/domains/testregisgroup/file.php' not found or unable to stat
[Fri Feb 13 00:24:40.856876 2026] [php:error] [pid 87024] [client 20.250.11.129:0] script '/domains/testregisgroup/ract.php' not found or unable to stat
[Fri Feb 13 00:24:40.986639 2026] [php:error] [pid 87024] [client 20.250.11.129:0] script '/domains/testregisgroup/city-ajax.php' not found or unable to stat
[Fri Feb 13 00:24:41.091618 2026] [php:error] [pid 87024] [client 20.250.11.129:0] script '/domains/testregisgroup/fi.php' not found or unable to stat
[Fri Feb 13 00:24:41.193343 2026] [php:error] [pid 87024] [client 20.250.11.129:0] script '/domains/testregisgroup/lf.php' not found or unable to stat
[Fri Feb 13 00:24:41.295611 2026] [php:error] [pid 87024] [client 20.250.11.129:0] script '/domains/testregisgroup/5index.php' not found or unable to stat
[Fri Feb 13 00:24:41.499205 2026] [php:error] [pid 87024] [client 20.250.11.129:0] script '/domains/testregisgroup/sterJs.php' not found or unable to stat
[Fri Feb 13 00:24:41.600933 2026] [php:error] [pid 87024] [client 20.250.11.129:0] script '/domains/testregisgroup/155.php' not found or unable to stat
