[Fri Feb 13 01:28:58.915383 2026] [php:error] [pid 98956] [client 72.146.1.154:0] script '/domains/system_suspended/gecko.php' not found or unable to stat
[Fri Feb 13 01:28:59.157631 2026] [php:error] [pid 98956] [client 72.146.1.154:0] script '/domains/system_suspended/news.php' not found or unable to stat
[Fri Feb 13 01:28:59.249707 2026] [php:error] [pid 98956] [client 72.146.1.154:0] script '/domains/system_suspended/xmlrpc.php' not found or unable to stat
[Fri Feb 13 01:28:59.341675 2026] [php:error] [pid 98956] [client 72.146.1.154:0] script '/domains/system_suspended/new.php' not found or unable to stat
[Fri Feb 13 01:28:59.810405 2026] [php:error] [pid 98956] [client 72.146.1.154:0] script '/domains/system_suspended/server.php' not found or unable to stat
[Fri Feb 13 01:28:59.902152 2026] [php:error] [pid 98956] [client 72.146.1.154:0] script '/domains/system_suspended/wp-signin.php' not found or unable to stat
[Fri Feb 13 01:29:00.347047 2026] [php:error] [pid 98956] [client 72.146.1.154:0] script '/domains/system_suspended/class.php' not found or unable to stat
[Fri Feb 13 01:29:00.439675 2026] [php:error] [pid 98956] [client 72.146.1.154:0] script '/domains/system_suspended/wp.php' not found or unable to stat
[Fri Feb 13 01:29:01.161536 2026] [php:error] [pid 98947] [client 72.146.1.154:0] script '/domains/system_suspended/special.php' not found or unable to stat
[Fri Feb 13 01:29:02.045749 2026] [php:error] [pid 98936] [client 35.247.243.250:0] script '/domains/cccweb/adminer-5.0.1-mysql-en.php' not found or unable to stat
[Fri Feb 13 01:29:12.359821 2026] [php:error] [pid 98956] [client 34.91.86.99:0] script '/domains/hdickens.enteract/kmnj.php' not found or unable to stat
[Fri Feb 13 01:29:12.976186 2026] [php:error] [pid 98936] [client 34.7.251.125:0] script '/domains/hdickens.enteract/kmnj.php' not found or unable to stat
[Fri Feb 13 01:29:17.978410 2026] [php:error] [pid 98955] [client 34.96.162.49:0] script '/domains/cccweb/adminer-5.1.0-en.php' not found or unable to stat
[Fri Feb 13 01:29:31.099250 2026] [php:error] [pid 98956] [client 35.247.243.247:0] script '/domains/cccweb/adminer-5.1.0-en.php' not found or unable to stat
[Fri Feb 13 01:29:38.386970 2026] [php:error] [pid 98956] [client 125.122.15.200:0] script '/domains/wsmith.enteract/1234.php' not found or unable to stat, referer: http://etc.com/1234.php
[Fri Feb 13 01:29:45.799463 2026] [php:error] [pid 98961] [client 35.247.243.243:0] script '/domains/cccweb/adminer-5.0.0-mysql.php' not found or unable to stat
[Fri Feb 13 01:30:35.304661 2026] [php:error] [pid 98972] [client 4.213.52.40:0] script '/domains/fbardin/class-t.api.php' not found or unable to stat
[Fri Feb 13 01:30:35.522802 2026] [php:error] [pid 98972] [client 4.213.52.40:0] script '/domains/fbardin/zwso.php' not found or unable to stat
[Fri Feb 13 01:30:36.001900 2026] [php:error] [pid 98972] [client 4.213.52.40:0] script '/domains/fbardin/class19.php' not found or unable to stat
[Fri Feb 13 01:30:36.253128 2026] [php:error] [pid 98972] [client 4.213.52.40:0] script '/domains/fbardin/class20.php' not found or unable to stat
[Fri Feb 13 01:30:36.471463 2026] [php:error] [pid 98972] [client 4.213.52.40:0] script '/domains/fbardin/admin.php' not found or unable to stat
[Fri Feb 13 01:30:36.691429 2026] [php:error] [pid 98972] [client 4.213.52.40:0] script '/domains/fbardin/randkeyword.php' not found or unable to stat
[Fri Feb 13 01:30:36.929375 2026] [php:error] [pid 98972] [client 4.213.52.40:0] script '/domains/fbardin/fwe.php' not found or unable to stat
[Fri Feb 13 01:30:37.163030 2026] [php:error] [pid 98972] [client 4.213.52.40:0] script '/domains/fbardin/images/m.php' not found or unable to stat
[Fri Feb 13 01:30:37.387935 2026] [php:error] [pid 98972] [client 4.213.52.40:0] script '/domains/fbardin/g.php' not found or unable to stat
[Fri Feb 13 01:30:37.606215 2026] [php:error] [pid 98972] [client 4.213.52.40:0] script '/domains/fbardin/tx1.php' not found or unable to stat
[Fri Feb 13 01:30:37.842517 2026] [php:error] [pid 98972] [client 4.213.52.40:0] script '/domains/fbardin/xv.php' not found or unable to stat
[Fri Feb 13 01:30:37.911800 2026] [php:error] [pid 98947] [client 95.134.63.161:0] script '/domains/machinadynamica/wp-login.php' not found or unable to stat
[Fri Feb 13 01:30:38.093685 2026] [php:error] [pid 98972] [client 4.213.52.40:0] script '/domains/fbardin/x56.php' not found or unable to stat
[Fri Feb 13 01:30:38.346802 2026] [php:error] [pid 98972] [client 4.213.52.40:0] script '/domains/fbardin/htaccess.php' not found or unable to stat
[Fri Feb 13 01:30:38.563210 2026] [php:error] [pid 98972] [client 4.213.52.40:0] script '/domains/fbardin/readme.php' not found or unable to stat
[Fri Feb 13 01:30:38.781917 2026] [php:error] [pid 98972] [client 4.213.52.40:0] script '/domains/fbardin/x50.php' not found or unable to stat
[Fri Feb 13 01:30:38.998482 2026] [php:error] [pid 98972] [client 4.213.52.40:0] script '/domains/fbardin/fv.php' not found or unable to stat
[Fri Feb 13 01:30:39.218812 2026] [php:error] [pid 98972] [client 4.213.52.40:0] script '/domains/fbardin/file.php' not found or unable to stat
[Fri Feb 13 01:30:39.435933 2026] [php:error] [pid 98972] [client 4.213.52.40:0] script '/domains/fbardin/lsd.php' not found or unable to stat
[Fri Feb 13 01:30:39.657408 2026] [php:error] [pid 98972] [client 4.213.52.40:0] script '/domains/fbardin/as.php' not found or unable to stat
[Fri Feb 13 01:30:39.874282 2026] [php:error] [pid 98972] [client 4.213.52.40:0] script '/domains/fbardin/wsd.php' not found or unable to stat
[Fri Feb 13 01:30:40.096388 2026] [php:error] [pid 98972] [client 4.213.52.40:0] script '/domains/fbardin/gtc.php' not found or unable to stat
[Fri Feb 13 01:30:40.312572 2026] [php:error] [pid 98972] [client 4.213.52.40:0] script '/domains/fbardin/atx.php' not found or unable to stat
[Fri Feb 13 01:30:40.578467 2026] [php:error] [pid 98972] [client 4.213.52.40:0] script '/domains/fbardin/z60.php' not found or unable to stat
[Fri Feb 13 01:30:40.795201 2026] [php:error] [pid 98972] [client 4.213.52.40:0] script '/domains/fbardin/403.php' not found or unable to stat
[Fri Feb 13 01:30:41.012878 2026] [php:error] [pid 98972] [client 4.213.52.40:0] script '/domains/fbardin/m.php' not found or unable to stat
[Fri Feb 13 01:30:41.229291 2026] [php:error] [pid 98972] [client 4.213.52.40:0] script '/domains/fbardin/themes.php' not found or unable to stat
[Fri Feb 13 01:30:41.932066 2026] [php:error] [pid 98972] [client 4.213.52.40:0] script '/domains/fbardin/click.php' not found or unable to stat
[Fri Feb 13 01:30:42.162101 2026] [php:error] [pid 98972] [client 4.213.52.40:0] script '/domains/fbardin/install.php' not found or unable to stat
[Fri Feb 13 01:30:42.391472 2026] [php:error] [pid 98972] [client 4.213.52.40:0] script '/domains/fbardin/lv.php' not found or unable to stat
[Fri Feb 13 01:30:42.624032 2026] [php:error] [pid 98972] [client 4.213.52.40:0] script '/domains/fbardin/simple.php' not found or unable to stat
[Fri Feb 13 01:30:42.872284 2026] [php:error] [pid 98972] [client 4.213.52.40:0] script '/domains/fbardin/css.php' not found or unable to stat
[Fri Feb 13 01:30:43.152538 2026] [php:error] [pid 98972] [client 4.213.52.40:0] script '/domains/fbardin/cong.php' not found or unable to stat
[Fri Feb 13 01:30:43.585500 2026] [php:error] [pid 98972] [client 4.213.52.40:0] script '/domains/fbardin/cong.php' not found or unable to stat
[Fri Feb 13 01:30:43.802337 2026] [php:error] [pid 98972] [client 4.213.52.40:0] script '/domains/fbardin/w.php' not found or unable to stat
[Fri Feb 13 01:30:44.019051 2026] [php:error] [pid 98972] [client 4.213.52.40:0] script '/domains/fbardin/404.php' not found or unable to stat
[Fri Feb 13 01:30:45.492870 2026] [php:error] [pid 98972] [client 4.213.52.40:0] script '/domains/fbardin/ioxi-o.php' not found or unable to stat
[Fri Feb 13 01:30:45.778535 2026] [php:error] [pid 98972] [client 4.213.52.40:0] script '/domains/fbardin/0x.php' not found or unable to stat
[Fri Feb 13 01:30:46.045011 2026] [php:error] [pid 98972] [client 4.213.52.40:0] script '/domains/fbardin/css.php' not found or unable to stat
[Fri Feb 13 01:30:46.273579 2026] [php:error] [pid 98972] [client 4.213.52.40:0] script '/domains/fbardin/222.php' not found or unable to stat
[Fri Feb 13 01:30:46.787274 2026] [php:error] [pid 98972] [client 4.213.52.40:0] script '/domains/fbardin/admin.php' not found or unable to stat
[Fri Feb 13 01:30:47.375116 2026] [php:error] [pid 98972] [client 4.213.52.40:0] script '/domains/fbardin/classwithtostring.php' not found or unable to stat
[Fri Feb 13 01:30:47.649279 2026] [php:error] [pid 98972] [client 4.213.52.40:0] script '/domains/fbardin/abcd.php' not found or unable to stat
[Fri Feb 13 01:30:47.900891 2026] [php:error] [pid 98972] [client 4.213.52.40:0] script '/domains/fbardin/autoload_classmap.php' not found or unable to stat
[Fri Feb 13 01:30:48.204687 2026] [php:error] [pid 98972] [client 4.213.52.40:0] script '/domains/fbardin/inputs.php' not found or unable to stat
[Fri Feb 13 01:30:48.267986 2026] [php:error] [pid 98947] [client 34.96.162.53:0] script '/domains/cccweb/adminer-5.4.1-en.php' not found or unable to stat
[Fri Feb 13 01:30:48.461489 2026] [php:error] [pid 98972] [client 4.213.52.40:0] script '/domains/fbardin/about.php' not found or unable to stat
[Fri Feb 13 01:30:48.717976 2026] [php:error] [pid 98972] [client 4.213.52.40:0] script '/domains/fbardin/alfa.php' not found or unable to stat
[Fri Feb 13 01:30:49.946997 2026] [php:error] [pid 98972] [client 4.213.52.40:0] script '/domains/fbardin/manager.php' not found or unable to stat
[Fri Feb 13 01:30:50.240764 2026] [php:error] [pid 98972] [client 4.213.52.40:0] script '/domains/fbardin/item.php' not found or unable to stat
[Fri Feb 13 01:30:50.765692 2026] [php:error] [pid 98972] [client 4.213.52.40:0] script '/domains/fbardin/404.php' not found or unable to stat
[Fri Feb 13 01:30:50.982591 2026] [php:error] [pid 98972] [client 4.213.52.40:0] script '/domains/fbardin/mail.php' not found or unable to stat
[Fri Feb 13 01:30:51.565772 2026] [php:error] [pid 98972] [client 4.213.52.40:0] script '/domains/fbardin/sx.php' not found or unable to stat
[Fri Feb 13 01:30:52.071441 2026] [php:error] [pid 98972] [client 4.213.52.40:0] script '/domains/fbardin/alfa.php' not found or unable to stat
[Fri Feb 13 01:30:52.336528 2026] [php:error] [pid 98972] [client 4.213.52.40:0] script '/domains/fbardin/1.php' not found or unable to stat
[Fri Feb 13 01:30:52.553561 2026] [php:error] [pid 98972] [client 4.213.52.40:0] script '/domains/fbardin/byp.php' not found or unable to stat
[Fri Feb 13 01:30:52.804112 2026] [php:error] [pid 98972] [client 4.213.52.40:0] script '/domains/fbardin/wp-trackback.php' not found or unable to stat
[Fri Feb 13 01:30:53.867202 2026] [php:error] [pid 98972] [client 4.213.52.40:0] script '/domains/fbardin/gmo.php' not found or unable to stat
[Fri Feb 13 01:30:56.453695 2026] [php:error] [pid 98972] [client 4.213.52.40:0] script '/domains/fbardin/ww1.php' not found or unable to stat
[Fri Feb 13 01:31:10.315407 2026] [php:error] [pid 98947] [client 172.213.222.67:0] script '/domains/peterbmiller/24.php' not found or unable to stat
[Fri Feb 13 01:31:15.993529 2026] [php:error] [pid 98972] [client 20.203.180.35:0] script '/domains/system_default/24.php' not found or unable to stat
[Fri Feb 13 01:31:31.661217 2026] [php:error] [pid 98964] [client 35.247.243.245:0] script '/domains/cccweb/adminer-5.0.0-mysql.php' not found or unable to stat
[Fri Feb 13 01:31:37.669155 2026] [php:error] [pid 98979] [client 51.103.142.43:0] script '/domains/system_suspended/new4.php' not found or unable to stat
[Fri Feb 13 01:31:37.764897 2026] [php:error] [pid 98979] [client 51.103.142.43:0] script '/domains/system_suspended/xoot.php' not found or unable to stat
[Fri Feb 13 01:31:37.894766 2026] [php:error] [pid 98979] [client 51.103.142.43:0] script '/domains/system_suspended/er.php' not found or unable to stat
[Fri Feb 13 01:31:38.168562 2026] [php:error] [pid 98979] [client 51.103.142.43:0] script '/domains/system_suspended/fault.php' not found or unable to stat
[Fri Feb 13 01:31:38.275990 2026] [php:error] [pid 98979] [client 51.103.142.43:0] script '/domains/system_suspended/x2x.php' not found or unable to stat
[Fri Feb 13 01:31:38.378288 2026] [php:error] [pid 98979] [client 51.103.142.43:0] script '/domains/system_suspended/motu.php' not found or unable to stat
[Fri Feb 13 01:31:38.783485 2026] [php:error] [pid 98979] [client 51.103.142.43:0] script '/domains/system_suspended/66.php' not found or unable to stat
[Fri Feb 13 01:31:39.101694 2026] [php:error] [pid 98979] [client 51.103.142.43:0] script '/domains/system_suspended/leuk.php' not found or unable to stat
[Fri Feb 13 01:31:39.245196 2026] [php:error] [pid 98979] [client 51.103.142.43:0] script '/domains/system_suspended/bc-456.php' not found or unable to stat
[Fri Feb 13 01:31:39.469816 2026] [php:error] [pid 98979] [client 51.103.142.43:0] script '/domains/system_suspended/wo.php' not found or unable to stat
[Fri Feb 13 01:31:39.601959 2026] [php:error] [pid 98979] [client 51.103.142.43:0] script '/domains/system_suspended/bvb.php' not found or unable to stat
[Fri Feb 13 01:31:39.698069 2026] [php:error] [pid 98979] [client 51.103.142.43:0] script '/domains/system_suspended/xqq.php' not found or unable to stat
[Fri Feb 13 01:31:40.281556 2026] [php:error] [pid 98979] [client 51.103.142.43:0] script '/domains/system_suspended/kolda.php' not found or unable to stat
[Fri Feb 13 01:31:40.379954 2026] [php:error] [pid 98979] [client 51.103.142.43:0] script '/domains/system_suspended/nw.php' not found or unable to stat
[Fri Feb 13 01:31:40.474951 2026] [php:error] [pid 98979] [client 51.103.142.43:0] script '/domains/system_suspended/god.php' not found or unable to stat
[Fri Feb 13 01:31:41.001283 2026] [php:error] [pid 98979] [client 51.103.142.43:0] script '/domains/system_suspended/666.php' not found or unable to stat
[Fri Feb 13 01:31:41.118170 2026] [php:error] [pid 98979] [client 51.103.142.43:0] script '/domains/system_suspended/kj.php' not found or unable to stat
[Fri Feb 13 01:31:41.222329 2026] [php:error] [pid 98979] [client 51.103.142.43:0] script '/domains/system_suspended/un.php' not found or unable to stat
[Fri Feb 13 01:31:41.484047 2026] [php:error] [pid 98979] [client 51.103.142.43:0] script '/domains/system_suspended/fs.php' not found or unable to stat
[Fri Feb 13 01:31:41.736096 2026] [php:error] [pid 98979] [client 51.103.142.43:0] script '/domains/system_suspended/lts.php' not found or unable to stat
[Fri Feb 13 01:31:41.838557 2026] [php:error] [pid 98979] [client 51.103.142.43:0] script '/domains/system_suspended/ms.php' not found or unable to stat
[Fri Feb 13 01:31:42.184802 2026] [php:error] [pid 98979] [client 51.103.142.43:0] script '/domains/system_suspended/login8.php' not found or unable to stat
[Fri Feb 13 01:31:42.342435 2026] [php:error] [pid 98979] [client 51.103.142.43:0] script '/domains/system_suspended/nnyvn.php' not found or unable to stat
[Fri Feb 13 01:31:42.477895 2026] [php:error] [pid 98979] [client 51.103.142.43:0] script '/domains/system_suspended/cu.php' not found or unable to stat
[Fri Feb 13 01:31:42.625012 2026] [php:error] [pid 98979] [client 51.103.142.43:0] script '/domains/system_suspended/lul.php' not found or unable to stat
[Fri Feb 13 01:31:42.720624 2026] [php:error] [pid 98979] [client 51.103.142.43:0] script '/domains/system_suspended/0.php' not found or unable to stat
[Fri Feb 13 01:31:42.816040 2026] [php:error] [pid 98979] [client 51.103.142.43:0] script '/domains/system_suspended/ms-edit.php' not found or unable to stat
[Fri Feb 13 01:31:42.978148 2026] [php:error] [pid 98979] [client 51.103.142.43:0] script '/domains/system_suspended/ya.php' not found or unable to stat
[Fri Feb 13 01:31:43.098640 2026] [php:error] [pid 98979] [client 51.103.142.43:0] script '/domains/system_suspended/grsiuk.php' not found or unable to stat
[Fri Feb 13 01:31:43.194276 2026] [php:error] [pid 98979] [client 51.103.142.43:0] script '/domains/system_suspended/wp-blog.php' not found or unable to stat
[Fri Feb 13 01:31:43.306747 2026] [php:error] [pid 98979] [client 51.103.142.43:0] script '/domains/system_suspended/ftem.php' not found or unable to stat
[Fri Feb 13 01:31:43.402475 2026] [php:error] [pid 98979] [client 51.103.142.43:0] script '/domains/system_suspended/7wom.php' not found or unable to stat
[Fri Feb 13 01:31:43.635956 2026] [php:error] [pid 98979] [client 51.103.142.43:0] script '/domains/system_suspended/wp-access.php' not found or unable to stat
[Fri Feb 13 01:31:43.780941 2026] [php:error] [pid 98979] [client 51.103.142.43:0] script '/domains/system_suspended/a1vx.php' not found or unable to stat
[Fri Feb 13 01:31:44.050800 2026] [php:error] [pid 98979] [client 51.103.142.43:0] script '/domains/system_suspended/sbhu.php' not found or unable to stat
[Fri Feb 13 01:31:44.299545 2026] [php:error] [pid 98979] [client 51.103.142.43:0] script '/domains/system_suspended/wp-the.php' not found or unable to stat
[Fri Feb 13 01:31:44.398994 2026] [php:error] [pid 98979] [client 51.103.142.43:0] script '/domains/system_suspended/06.php' not found or unable to stat
[Fri Feb 13 01:31:44.548520 2026] [php:error] [pid 98979] [client 51.103.142.43:0] script '/domains/system_suspended/wp5.php' not found or unable to stat
[Fri Feb 13 01:31:44.667437 2026] [php:error] [pid 98979] [client 51.103.142.43:0] script '/domains/system_suspended/fot.php' not found or unable to stat
[Fri Feb 13 01:31:44.916812 2026] [php:error] [pid 98979] [client 51.103.142.43:0] script '/domains/system_suspended/ff1.php' not found or unable to stat
[Fri Feb 13 01:31:45.019445 2026] [php:error] [pid 98979] [client 51.103.142.43:0] script '/domains/system_suspended/forbidals.php' not found or unable to stat
[Fri Feb 13 01:31:45.431013 2026] [php:error] [pid 98979] [client 51.103.142.43:0] script '/domains/system_suspended/erty.php' not found or unable to stat
[Fri Feb 13 01:31:45.529139 2026] [php:error] [pid 98979] [client 51.103.142.43:0] script '/domains/system_suspended/dev1s.php' not found or unable to stat
[Fri Feb 13 01:31:45.632964 2026] [php:error] [pid 98979] [client 51.103.142.43:0] script '/domains/system_suspended/ffd.php' not found or unable to stat
[Fri Feb 13 01:31:46.011174 2026] [php:error] [pid 98979] [client 51.103.142.43:0] script '/domains/system_suspended/admiin.php' not found or unable to stat
[Fri Feb 13 01:31:46.328919 2026] [php:error] [pid 98979] [client 51.103.142.43:0] script '/domains/system_suspended/ol.php' not found or unable to stat
[Fri Feb 13 01:31:46.425863 2026] [php:error] [pid 98979] [client 51.103.142.43:0] script '/domains/system_suspended/Sanskrit.php' not found or unable to stat
[Fri Feb 13 01:31:46.650004 2026] [php:error] [pid 98973] [client 34.96.162.53:0] script '/domains/cccweb/adminer-5.2.0-mysql.php' not found or unable to stat
[Fri Feb 13 01:31:46.681273 2026] [php:error] [pid 98979] [client 51.103.142.43:0] script '/domains/system_suspended/vxrl.php' not found or unable to stat
[Fri Feb 13 01:31:46.808014 2026] [php:error] [pid 98979] [client 51.103.142.43:0] script '/domains/system_suspended/re.php' not found or unable to stat
[Fri Feb 13 01:31:46.908120 2026] [php:error] [pid 98979] [client 51.103.142.43:0] script '/domains/system_suspended/num.php' not found or unable to stat
[Fri Feb 13 01:31:47.003195 2026] [php:error] [pid 98979] [client 51.103.142.43:0] script '/domains/system_suspended/axx.php' not found or unable to stat
[Fri Feb 13 01:31:47.098125 2026] [php:error] [pid 98979] [client 51.103.142.43:0] script '/domains/system_suspended/vxrl.php' not found or unable to stat
[Fri Feb 13 01:31:47.346725 2026] [php:error] [pid 98979] [client 51.103.142.43:0] script '/domains/system_suspended/in.php' not found or unable to stat
[Fri Feb 13 01:31:47.557919 2026] [php:error] [pid 98979] [client 51.103.142.43:0] script '/domains/system_suspended/style.php' not found or unable to stat
[Fri Feb 13 01:31:47.653156 2026] [php:error] [pid 98979] [client 51.103.142.43:0] script '/domains/system_suspended/we.php' not found or unable to stat
[Fri Feb 13 01:31:48.021845 2026] [php:error] [pid 98979] [client 51.103.142.43:0] script '/domains/system_suspended/zwso.php' not found or unable to stat
[Fri Feb 13 01:31:48.118154 2026] [php:error] [pid 98979] [client 51.103.142.43:0] script '/domains/system_suspended/karak.php' not found or unable to stat
[Fri Feb 13 01:31:48.306520 2026] [php:error] [pid 98979] [client 51.103.142.43:0] script '/domains/system_suspended/trd.php' not found or unable to stat
[Fri Feb 13 01:31:48.401999 2026] [php:error] [pid 98979] [client 51.103.142.43:0] script '/domains/system_suspended/past.php' not found or unable to stat
[Fri Feb 13 01:31:48.606123 2026] [php:error] [pid 98979] [client 51.103.142.43:0] script '/domains/system_suspended/prv8.php' not found or unable to stat
[Fri Feb 13 01:31:48.836732 2026] [php:error] [pid 98979] [client 51.103.142.43:0] script '/domains/system_suspended/i.php' not found or unable to stat
[Fri Feb 13 01:31:49.274656 2026] [php:error] [pid 98979] [client 51.103.142.43:0] script '/domains/system_suspended/xmlrpc.php' not found or unable to stat
[Fri Feb 13 01:31:49.580218 2026] [php:error] [pid 98979] [client 51.103.142.43:0] script '/domains/system_suspended/aw.php' not found or unable to stat
[Fri Feb 13 01:31:49.773689 2026] [php:error] [pid 98979] [client 51.103.142.43:0] script '/domains/system_suspended/dev.php' not found or unable to stat
[Fri Feb 13 01:31:49.891942 2026] [php:error] [pid 98979] [client 51.103.142.43:0] script '/domains/system_suspended/lock360.php' not found or unable to stat
[Fri Feb 13 01:31:50.001211 2026] [php:error] [pid 98979] [client 51.103.142.43:0] script '/domains/system_suspended/155.php' not found or unable to stat
[Fri Feb 13 01:31:50.179158 2026] [php:error] [pid 98984] [client 35.247.243.255:0] script '/domains/cccweb/adminer-5.0.3-en.php' not found or unable to stat
[Fri Feb 13 01:31:50.371605 2026] [php:error] [pid 98979] [client 51.103.142.43:0] script '/domains/system_suspended/goat.php' not found or unable to stat
[Fri Feb 13 01:31:50.512340 2026] [php:error] [pid 98979] [client 51.103.142.43:0] script '/domains/system_suspended/tcp.php' not found or unable to stat
[Fri Feb 13 01:31:50.625305 2026] [php:error] [pid 98979] [client 51.103.142.43:0] script '/domains/system_suspended/ext.php' not found or unable to stat
[Fri Feb 13 01:31:50.772411 2026] [php:error] [pid 98979] [client 51.103.142.43:0] script '/domains/system_suspended/inputs.php' not found or unable to stat
[Fri Feb 13 01:31:50.834753 2026] [php:error] [pid 98947] [client 4.213.52.40:0] script '/domains/fbardin/class.php' not found or unable to stat
[Fri Feb 13 01:31:50.867524 2026] [php:error] [pid 98979] [client 51.103.142.43:0] script '/domains/system_suspended/ioxi.php' not found or unable to stat
[Fri Feb 13 01:31:50.966290 2026] [php:error] [pid 98979] [client 51.103.142.43:0] script '/domains/system_suspended/fe5.php' not found or unable to stat
[Fri Feb 13 01:31:51.129630 2026] [php:error] [pid 98979] [client 51.103.142.43:0] script '/domains/system_suspended/ov.php' not found or unable to stat
[Fri Feb 13 01:31:51.149806 2026] [php:error] [pid 98947] [client 4.213.52.40:0] script '/domains/fbardin/bless5.php' not found or unable to stat
[Fri Feb 13 01:31:51.981942 2026] [php:error] [pid 98947] [client 4.213.52.40:0] script '/domains/fbardin/lock360.php' not found or unable to stat
[Fri Feb 13 01:31:52.183575 2026] [php:error] [pid 98979] [client 51.103.142.43:0] script '/domains/system_suspended/past1.php' not found or unable to stat
[Fri Feb 13 01:31:52.383377 2026] [php:error] [pid 98947] [client 4.213.52.40:0] script '/domains/fbardin/f35.php' not found or unable to stat
[Fri Feb 13 01:31:52.388059 2026] [php:error] [pid 98979] [client 51.103.142.43:0] script '/domains/system_suspended/default.php' not found or unable to stat
[Fri Feb 13 01:31:52.483127 2026] [php:error] [pid 98979] [client 51.103.142.43:0] script '/domains/system_suspended/goods.php' not found or unable to stat
[Fri Feb 13 01:31:52.578296 2026] [php:error] [pid 98979] [client 51.103.142.43:0] script '/domains/system_suspended/abcd.php' not found or unable to stat
[Fri Feb 13 01:31:52.673514 2026] [php:error] [pid 98979] [client 51.103.142.43:0] script '/domains/system_suspended/yos.php' not found or unable to stat
[Fri Feb 13 01:31:52.752300 2026] [php:error] [pid 98947] [client 4.213.52.40:0] script '/domains/fbardin/ioxi-o1.php' not found or unable to stat
[Fri Feb 13 01:31:52.824145 2026] [php:error] [pid 98979] [client 51.103.142.43:0] script '/domains/system_suspended/nope.php' not found or unable to stat
[Fri Feb 13 01:31:52.919505 2026] [php:error] [pid 98979] [client 51.103.142.43:0] script '/domains/system_suspended/class.1.php' not found or unable to stat
[Fri Feb 13 01:31:53.083572 2026] [php:error] [pid 98947] [client 4.213.52.40:0] script '/domains/fbardin/juuuu.php' not found or unable to stat
[Fri Feb 13 01:31:53.104513 2026] [php:error] [pid 98979] [client 51.103.142.43:0] script '/domains/system_suspended/file5.php' not found or unable to stat
[Fri Feb 13 01:31:53.386814 2026] [php:error] [pid 98947] [client 4.213.52.40:0] script '/domains/fbardin/ha.php' not found or unable to stat
[Fri Feb 13 01:31:53.407193 2026] [php:error] [pid 98979] [client 51.103.142.43:0] script '/domains/system_suspended/async.php' not found or unable to stat
[Fri Feb 13 01:31:53.573924 2026] [php:error] [pid 98979] [client 51.103.142.43:0] script '/domains/system_suspended/ff.php' not found or unable to stat
[Fri Feb 13 01:31:53.773546 2026] [php:error] [pid 98947] [client 4.213.52.40:0] script '/domains/fbardin/gg.php' not found or unable to stat
[Fri Feb 13 01:31:53.800485 2026] [php:error] [pid 98979] [client 51.103.142.43:0] script '/domains/system_suspended/ioxi-o.php' not found or unable to stat
[Fri Feb 13 01:31:53.915388 2026] [php:error] [pid 98979] [client 51.103.142.43:0] script '/domains/system_suspended/manager.php' not found or unable to stat
[Fri Feb 13 01:31:54.040461 2026] [php:error] [pid 98947] [client 4.213.52.40:0] script '/domains/fbardin/we2.php' not found or unable to stat
[Fri Feb 13 01:31:54.206610 2026] [php:error] [pid 98979] [client 51.103.142.43:0] script '/domains/system_suspended/wp-update.php' not found or unable to stat
[Fri Feb 13 01:31:54.338111 2026] [php:error] [pid 98947] [client 4.213.52.40:0] script '/domains/fbardin/04.php' not found or unable to stat
[Fri Feb 13 01:31:54.387466 2026] [php:error] [pid 98979] [client 51.103.142.43:0] script '/domains/system_suspended/file.php' not found or unable to stat
[Fri Feb 13 01:31:54.610883 2026] [php:error] [pid 98947] [client 4.213.52.40:0] script '/domains/fbardin/333.php' not found or unable to stat
[Fri Feb 13 01:31:54.782741 2026] [php:error] [pid 98979] [client 51.103.142.43:0] script '/domains/system_suspended/lc.php' not found or unable to stat
[Fri Feb 13 01:31:54.917881 2026] [php:error] [pid 98947] [client 4.213.52.40:0] script '/domains/fbardin/520.php' not found or unable to stat
[Fri Feb 13 01:31:55.080296 2026] [php:error] [pid 98979] [client 51.103.142.43:0] script '/domains/system_suspended/hexx.php' not found or unable to stat
[Fri Feb 13 01:31:55.175657 2026] [php:error] [pid 98979] [client 51.103.142.43:0] script '/domains/system_suspended/cbrfo.php' not found or unable to stat
[Fri Feb 13 01:31:55.234968 2026] [php:error] [pid 98947] [client 4.213.52.40:0] script '/domains/fbardin/ar.php' not found or unable to stat
[Fri Feb 13 01:31:55.274487 2026] [php:error] [pid 98979] [client 51.103.142.43:0] script '/domains/system_suspended/inc.php' not found or unable to stat
[Fri Feb 13 01:31:55.527871 2026] [php:error] [pid 98947] [client 4.213.52.40:0] script '/domains/fbardin/x.php' not found or unable to stat
[Fri Feb 13 01:31:55.839668 2026] [php:error] [pid 98947] [client 4.213.52.40:0] script '/domains/fbardin/xx.php' not found or unable to stat
[Fri Feb 13 01:31:56.090900 2026] [php:error] [pid 98979] [client 51.103.142.43:0] script '/domains/system_suspended/gifclass.php' not found or unable to stat
[Fri Feb 13 01:31:56.099697 2026] [php:error] [pid 98947] [client 4.213.52.40:0] script '/domains/fbardin/gifclass4.php' not found or unable to stat
[Fri Feb 13 01:31:56.408145 2026] [php:error] [pid 98947] [client 4.213.52.40:0] script '/domains/fbardin/2clas.php' not found or unable to stat
[Fri Feb 13 01:31:56.674611 2026] [php:error] [pid 98947] [client 4.213.52.40:0] script '/domains/fbardin/ave.php' not found or unable to stat
[Fri Feb 13 01:31:56.921592 2026] [php:error] [pid 98979] [client 51.103.142.43:0] script '/domains/system_suspended/miansha.php' not found or unable to stat
[Fri Feb 13 01:31:56.972345 2026] [php:error] [pid 98947] [client 4.213.52.40:0] script '/domains/fbardin/wrt.php' not found or unable to stat
[Fri Feb 13 01:31:57.027935 2026] [php:error] [pid 98984] [client 35.247.243.248:0] script '/domains/cccweb/adminer-5.0.1-en.php' not found or unable to stat
[Fri Feb 13 01:31:57.228258 2026] [php:error] [pid 98947] [client 4.213.52.40:0] script '/domains/fbardin/bibil.php' not found or unable to stat
[Fri Feb 13 01:31:57.233633 2026] [php:error] [pid 98979] [client 51.103.142.43:0] script '/domains/system_suspended/tinyfilemanager.php' not found or unable to stat
[Fri Feb 13 01:31:57.329099 2026] [php:error] [pid 98979] [client 51.103.142.43:0] script '/domains/system_suspended/xfile25.php' not found or unable to stat
[Fri Feb 13 01:31:57.424318 2026] [php:error] [pid 98979] [client 51.103.142.43:0] script '/domains/system_suspended/ok.php' not found or unable to stat
[Fri Feb 13 01:31:57.436568 2026] [php:error] [pid 98947] [client 4.213.52.40:0] script '/domains/fbardin/radio.php' not found or unable to stat
[Fri Feb 13 01:31:57.557018 2026] [php:error] [pid 98979] [client 51.103.142.43:0] script '/domains/system_suspended/fi.php' not found or unable to stat
[Fri Feb 13 01:31:57.725838 2026] [php:error] [pid 98947] [client 4.213.52.40:0] script '/domains/fbardin/files.php' not found or unable to stat
[Fri Feb 13 01:31:58.088125 2026] [php:error] [pid 98947] [client 4.213.52.40:0] script '/domains/fbardin/file7.php' not found or unable to stat
[Fri Feb 13 01:31:58.441294 2026] [php:error] [pid 98947] [client 4.213.52.40:0] script '/domains/fbardin/gifclass.php' not found or unable to stat
[Fri Feb 13 01:31:58.903576 2026] [php:error] [pid 98984] [client 51.103.142.43:0] script '/domains/system_suspended/muzu.php' not found or unable to stat
[Fri Feb 13 01:31:58.951093 2026] [php:error] [pid 98947] [client 4.213.52.40:0] script '/domains/fbardin/nox.php' not found or unable to stat
[Fri Feb 13 01:31:58.998579 2026] [php:error] [pid 98984] [client 51.103.142.43:0] script '/domains/system_suspended/reze.php' not found or unable to stat
[Fri Feb 13 01:31:59.093594 2026] [php:error] [pid 98984] [client 51.103.142.43:0] script '/domains/system_suspended/styll.php' not found or unable to stat
[Fri Feb 13 01:31:59.215828 2026] [php:error] [pid 98984] [client 51.103.142.43:0] script '/domains/system_suspended/x7.php' not found or unable to stat
[Fri Feb 13 01:31:59.269626 2026] [php:error] [pid 98947] [client 4.213.52.40:0] script '/domains/fbardin/file48.php' not found or unable to stat
[Fri Feb 13 01:31:59.310534 2026] [php:error] [pid 98984] [client 51.103.142.43:0] script '/domains/system_suspended/thebe.php' not found or unable to stat
[Fri Feb 13 01:31:59.420138 2026] [php:error] [pid 98984] [client 51.103.142.43:0] script '/domains/system_suspended/ddd.php' not found or unable to stat
[Fri Feb 13 01:31:59.477529 2026] [php:error] [pid 98947] [client 4.213.52.40:0] script '/domains/fbardin/info.php' not found or unable to stat
[Fri Feb 13 01:31:59.529396 2026] [php:error] [pid 98984] [client 51.103.142.43:0] script '/domains/system_suspended/ccs.php' not found or unable to stat
[Fri Feb 13 01:31:59.624376 2026] [php:error] [pid 98984] [client 51.103.142.43:0] script '/domains/system_suspended/bgymj.php' not found or unable to stat
[Fri Feb 13 01:31:59.758366 2026] [php:error] [pid 98984] [client 51.103.142.43:0] script '/domains/system_suspended/8xyz.php' not found or unable to stat
[Fri Feb 13 01:31:59.761526 2026] [php:error] [pid 98947] [client 4.213.52.40:0] script '/domains/fbardin/class9.php' not found or unable to stat
[Fri Feb 13 01:31:59.938046 2026] [php:error] [pid 98964] [client 34.96.162.60:0] script '/domains/cccweb/adminer-4.7.5.php' not found or unable to stat
[Fri Feb 13 01:32:00.025488 2026] [php:error] [pid 98984] [client 51.103.142.43:0] script '/domains/system_suspended/la.php' not found or unable to stat
[Fri Feb 13 01:32:00.089238 2026] [php:error] [pid 98947] [client 4.213.52.40:0] script '/domains/fbardin/la.php' not found or unable to stat
[Fri Feb 13 01:32:00.158485 2026] [php:error] [pid 98984] [client 51.103.142.43:0] script '/domains/system_suspended/ioxi.php' not found or unable to stat
[Fri Feb 13 01:32:00.253805 2026] [php:error] [pid 98984] [client 51.103.142.43:0] script '/domains/system_suspended/xpwer1.php' not found or unable to stat
[Fri Feb 13 01:32:00.369743 2026] [php:error] [pid 98947] [client 4.213.52.40:0] script '/domains/fbardin/bless11.php' not found or unable to stat
[Fri Feb 13 01:32:00.379861 2026] [php:error] [pid 98984] [client 51.103.142.43:0] script '/domains/system_suspended/lala.php' not found or unable to stat
[Fri Feb 13 01:32:00.509182 2026] [php:error] [pid 98984] [client 51.103.142.43:0] script '/domains/system_suspended/about.php' not found or unable to stat
[Fri Feb 13 01:32:00.633263 2026] [php:error] [pid 98947] [client 4.213.52.40:0] script '/domains/fbardin/ccou.php' not found or unable to stat
[Fri Feb 13 01:32:00.943047 2026] [php:error] [pid 98947] [client 4.213.52.40:0] script '/domains/fbardin/ton.php' not found or unable to stat
[Fri Feb 13 01:32:01.151659 2026] [php:error] [pid 98947] [client 4.213.52.40:0] script '/domains/fbardin/403.php' not found or unable to stat
[Fri Feb 13 01:32:01.466707 2026] [php:error] [pid 98947] [client 4.213.52.40:0] script '/domains/fbardin/file9.php' not found or unable to stat
[Fri Feb 13 01:32:01.751134 2026] [php:error] [pid 98947] [client 4.213.52.40:0] script '/domains/fbardin/ac.php' not found or unable to stat
[Fri Feb 13 01:32:01.779618 2026] [php:error] [pid 98984] [client 51.103.142.43:0] script '/domains/system_suspended/info.php' not found or unable to stat
[Fri Feb 13 01:32:01.960644 2026] [php:error] [pid 98947] [client 4.213.52.40:0] script '/domains/fbardin/new4.php' not found or unable to stat
[Fri Feb 13 01:32:02.031481 2026] [php:error] [pid 98984] [client 51.103.142.43:0] script '/domains/system_suspended/about.php' not found or unable to stat
[Fri Feb 13 01:32:02.277230 2026] [php:error] [pid 98947] [client 4.213.52.40:0] script '/domains/fbardin/pop.php' not found or unable to stat
[Fri Feb 13 01:32:02.402171 2026] [php:error] [pid 98984] [client 51.103.142.43:0] script '/domains/system_suspended/222.php' not found or unable to stat
[Fri Feb 13 01:32:02.583403 2026] [php:error] [pid 98947] [client 4.213.52.40:0] script '/domains/fbardin/az.php' not found or unable to stat
[Fri Feb 13 01:32:02.687970 2026] [php:error] [pid 98984] [client 51.103.142.43:0] script '/domains/system_suspended/adminfuns.php' not found or unable to stat
[Fri Feb 13 01:32:02.818405 2026] [php:error] [pid 98947] [client 4.213.52.40:0] script '/domains/fbardin/xaz.php' not found or unable to stat
[Fri Feb 13 01:32:03.068843 2026] [php:error] [pid 98947] [client 4.213.52.40:0] script '/domains/fbardin/up4.php' not found or unable to stat
[Fri Feb 13 01:32:03.095680 2026] [php:error] [pid 98984] [client 51.103.142.43:0] script '/domains/system_suspended/xx.php' not found or unable to stat
[Fri Feb 13 01:32:03.277460 2026] [php:error] [pid 98947] [client 4.213.52.40:0] script '/domains/fbardin/1aa.php' not found or unable to stat
[Fri Feb 13 01:32:03.298761 2026] [php:error] [pid 98984] [client 51.103.142.43:0] script '/domains/system_suspended/f5.php' not found or unable to stat
[Fri Feb 13 01:32:03.620263 2026] [php:error] [pid 98984] [client 51.103.142.43:0] script '/domains/system_suspended/flower.php' not found or unable to stat
[Fri Feb 13 01:32:03.620602 2026] [php:error] [pid 98947] [client 4.213.52.40:0] script '/domains/fbardin/elp.php' not found or unable to stat
[Fri Feb 13 01:32:03.730520 2026] [php:error] [pid 98984] [client 51.103.142.43:0] script '/domains/system_suspended/f6.php' not found or unable to stat
[Fri Feb 13 01:32:03.835620 2026] [php:error] [pid 98984] [client 51.103.142.43:0] script '/domains/system_suspended/edit.php' not found or unable to stat
[Fri Feb 13 01:32:03.930763 2026] [php:error] [pid 98984] [client 51.103.142.43:0] script '/domains/system_suspended/aa.php' not found or unable to stat
[Fri Feb 13 01:32:03.962441 2026] [php:error] [pid 98947] [client 4.213.52.40:0] script '/domains/fbardin/wtz.php' not found or unable to stat
[Fri Feb 13 01:32:04.250260 2026] [php:error] [pid 98947] [client 4.213.52.40:0] script '/domains/fbardin/galex.php' not found or unable to stat
[Fri Feb 13 01:32:04.280501 2026] [php:error] [pid 98984] [client 51.103.142.43:0] script '/domains/system_suspended/av.php' not found or unable to stat
[Fri Feb 13 01:32:04.469656 2026] [php:error] [pid 98984] [client 51.103.142.43:0] script '/domains/system_suspended/wsd.php' not found or unable to stat
[Fri Feb 13 01:32:04.564368 2026] [php:error] [pid 98984] [client 51.103.142.43:0] script '/domains/system_suspended/jane.php' not found or unable to stat
[Fri Feb 13 01:32:04.583266 2026] [php:error] [pid 98947] [client 4.213.52.40:0] script '/domains/fbardin/xb.php' not found or unable to stat
[Fri Feb 13 01:32:04.669095 2026] [php:error] [pid 98984] [client 51.103.142.43:0] script '/domains/system_suspended/css.php' not found or unable to stat
[Fri Feb 13 01:32:04.823244 2026] [php:error] [pid 98984] [client 51.103.142.43:0] script '/domains/system_suspended/alfa.php' not found or unable to stat
[Fri Feb 13 01:32:04.876120 2026] [php:error] [pid 98947] [client 4.213.52.40:0] script '/domains/fbardin/ova.php' not found or unable to stat
[Fri Feb 13 01:32:05.208868 2026] [php:error] [pid 98947] [client 4.213.52.40:0] script '/domains/fbardin/vx.php' not found or unable to stat
[Fri Feb 13 01:32:05.235018 2026] [php:error] [pid 98984] [client 51.103.142.43:0] script '/domains/system_suspended/wen.php' not found or unable to stat
[Fri Feb 13 01:32:05.329904 2026] [php:error] [pid 98984] [client 51.103.142.43:0] script '/domains/system_suspended/x.php' not found or unable to stat
[Fri Feb 13 01:32:05.426837 2026] [php:error] [pid 98984] [client 51.103.142.43:0] script '/domains/system_suspended/xxxx.php' not found or unable to stat
[Fri Feb 13 01:32:05.454179 2026] [php:error] [pid 98947] [client 4.213.52.40:0] script '/domains/fbardin/rh.php' not found or unable to stat
[Fri Feb 13 01:32:05.685149 2026] [php:error] [pid 98984] [client 51.103.142.43:0] script '/domains/system_suspended/class.php' not found or unable to stat
[Fri Feb 13 01:32:05.873993 2026] [php:error] [pid 98984] [client 51.103.142.43:0] script '/domains/system_suspended/f35.php' not found or unable to stat
[Fri Feb 13 01:32:06.783114 2026] [php:error] [pid 98984] [client 51.103.142.43:0] script '/domains/system_suspended/class-t.api.php' not found or unable to stat
[Fri Feb 13 01:32:07.034106 2026] [php:error] [pid 98984] [client 51.103.142.43:0] script '/domains/system_suspended/blurbs18.php' not found or unable to stat
[Fri Feb 13 01:32:08.204474 2026] [php:error] [pid 98984] [client 51.103.142.43:0] script '/domains/system_suspended/bless11.php' not found or unable to stat
[Fri Feb 13 01:32:08.464467 2026] [php:error] [pid 98984] [client 51.103.142.43:0] script '/domains/system_suspended/init.php' not found or unable to stat
[Fri Feb 13 01:32:08.764494 2026] [php:error] [pid 98984] [client 51.103.142.43:0] script '/domains/system_suspended/k.php' not found or unable to stat
[Fri Feb 13 01:32:08.869648 2026] [php:error] [pid 98984] [client 51.103.142.43:0] script '/domains/system_suspended/bless.php' not found or unable to stat
[Fri Feb 13 01:32:08.977474 2026] [php:error] [pid 98984] [client 51.103.142.43:0] script '/domains/system_suspended/X7x.php' not found or unable to stat
[Fri Feb 13 01:32:09.072694 2026] [php:error] [pid 98984] [client 51.103.142.43:0] script '/domains/system_suspended/166.php' not found or unable to stat
[Fri Feb 13 01:32:09.177084 2026] [php:error] [pid 98984] [client 51.103.142.43:0] script '/domains/system_suspended/plss3.php' not found or unable to stat
[Fri Feb 13 01:32:09.383718 2026] [php:error] [pid 98984] [client 51.103.142.43:0] script '/domains/system_suspended/admins.php' not found or unable to stat
[Fri Feb 13 01:32:10.060052 2026] [php:error] [pid 98984] [client 51.103.142.43:0] script '/domains/system_suspended/wp.php' not found or unable to stat
[Fri Feb 13 01:32:10.157689 2026] [php:error] [pid 98984] [client 51.103.142.43:0] script '/domains/system_suspended/main.php' not found or unable to stat
[Fri Feb 13 01:32:10.285740 2026] [php:error] [pid 98984] [client 51.103.142.43:0] script '/domains/system_suspended/a1.php' not found or unable to stat
[Fri Feb 13 01:32:10.410488 2026] [php:error] [pid 98984] [client 51.103.142.43:0] script '/domains/system_suspended/lala.php' not found or unable to stat
[Fri Feb 13 01:32:10.683816 2026] [php:error] [pid 98984] [client 51.103.142.43:0] script '/domains/system_suspended/aaa.php' not found or unable to stat
[Fri Feb 13 01:32:10.945989 2026] [php:error] [pid 98984] [client 51.103.142.43:0] script '/domains/system_suspended/a2.php' not found or unable to stat
[Fri Feb 13 01:32:11.691387 2026] [php:error] [pid 98984] [client 51.103.142.43:0] script '/domains/system_suspended/nyan.php' not found or unable to stat
[Fri Feb 13 01:32:11.786494 2026] [php:error] [pid 98984] [client 51.103.142.43:0] script '/domains/system_suspended/jsond.php' not found or unable to stat
[Fri Feb 13 01:32:16.592696 2026] [php:error] [pid 98972] [client 35.247.243.247:0] script '/domains/cccweb/adminer-5.0.3-mysql.php' not found or unable to stat
[Fri Feb 13 01:32:20.644495 2026] [php:error] [pid 98985] [client 35.247.243.242:0] script '/domains/cccweb/adminer-4.6.3.php' not found or unable to stat
[Fri Feb 13 01:32:22.792651 2026] [php:error] [pid 98947] [client 34.96.162.48:0] script '/domains/cccweb/adminer-5.0.3-en.php' not found or unable to stat
[Fri Feb 13 01:32:26.020550 2026] [php:error] [pid 98985] [client 68.219.89.70:0] script '/domains/system_suspended/24.php' not found or unable to stat
[Fri Feb 13 01:32:26.825985 2026] [php:error] [pid 98947] [client 51.103.142.43:0] script '/domains/byardrealestate/new4.php' not found or unable to stat
[Fri Feb 13 01:32:26.922420 2026] [php:error] [pid 98947] [client 51.103.142.43:0] script '/domains/byardrealestate/xoot.php' not found or unable to stat
[Fri Feb 13 01:32:27.023998 2026] [php:error] [pid 98947] [client 51.103.142.43:0] script '/domains/byardrealestate/er.php' not found or unable to stat
[Fri Feb 13 01:32:27.132932 2026] [php:error] [pid 98947] [client 51.103.142.43:0] script '/domains/byardrealestate/fault.php' not found or unable to stat
[Fri Feb 13 01:32:27.247510 2026] [php:error] [pid 98947] [client 51.103.142.43:0] script '/domains/byardrealestate/x2x.php' not found or unable to stat
[Fri Feb 13 01:32:27.343540 2026] [php:error] [pid 98947] [client 51.103.142.43:0] script '/domains/byardrealestate/motu.php' not found or unable to stat
[Fri Feb 13 01:32:27.460315 2026] [php:error] [pid 98947] [client 51.103.142.43:0] script '/domains/byardrealestate/66.php' not found or unable to stat
[Fri Feb 13 01:32:27.568597 2026] [php:error] [pid 98947] [client 51.103.142.43:0] script '/domains/byardrealestate/leuk.php' not found or unable to stat
[Fri Feb 13 01:32:27.692719 2026] [php:error] [pid 98947] [client 51.103.142.43:0] script '/domains/byardrealestate/8.php' not found or unable to stat
[Fri Feb 13 01:32:27.791874 2026] [php:error] [pid 98947] [client 51.103.142.43:0] script '/domains/byardrealestate/wo.php' not found or unable to stat
[Fri Feb 13 01:32:27.888303 2026] [php:error] [pid 98947] [client 51.103.142.43:0] script '/domains/byardrealestate/bvb.php' not found or unable to stat
[Fri Feb 13 01:32:27.982984 2026] [php:error] [pid 98947] [client 51.103.142.43:0] script '/domains/byardrealestate/xqq.php' not found or unable to stat
[Fri Feb 13 01:32:28.092261 2026] [php:error] [pid 98947] [client 51.103.142.43:0] script '/domains/byardrealestate/kolda.php' not found or unable to stat
[Fri Feb 13 01:32:28.211811 2026] [php:error] [pid 98947] [client 51.103.142.43:0] script '/domains/byardrealestate/nw.php' not found or unable to stat
[Fri Feb 13 01:32:28.339530 2026] [php:error] [pid 98947] [client 51.103.142.43:0] script '/domains/byardrealestate/god.php' not found or unable to stat
[Fri Feb 13 01:32:28.434601 2026] [php:error] [pid 98947] [client 51.103.142.43:0] script '/domains/byardrealestate/666.php' not found or unable to stat
[Fri Feb 13 01:32:28.540779 2026] [php:error] [pid 98947] [client 51.103.142.43:0] script '/domains/byardrealestate/kj.php' not found or unable to stat
[Fri Feb 13 01:32:28.717064 2026] [php:error] [pid 98947] [client 51.103.142.43:0] script '/domains/byardrealestate/un.php' not found or unable to stat
[Fri Feb 13 01:32:28.863346 2026] [php:error] [pid 98947] [client 51.103.142.43:0] script '/domains/byardrealestate/fs.php' not found or unable to stat
[Fri Feb 13 01:32:28.864444 2026] [php:error] [pid 98986] [client 34.96.162.52:0] script '/domains/cccweb/adminer-5.0.2-mysql-en.php' not found or unable to stat
[Fri Feb 13 01:32:28.964626 2026] [php:error] [pid 98947] [client 51.103.142.43:0] script '/domains/byardrealestate/lts.php' not found or unable to stat
[Fri Feb 13 01:32:29.059230 2026] [php:error] [pid 98947] [client 51.103.142.43:0] script '/domains/byardrealestate/ms.php' not found or unable to stat
[Fri Feb 13 01:32:29.170150 2026] [php:error] [pid 98947] [client 51.103.142.43:0] script '/domains/byardrealestate/login8.php' not found or unable to stat
[Fri Feb 13 01:32:29.274185 2026] [php:error] [pid 98947] [client 51.103.142.43:0] script '/domains/byardrealestate/nnyvn.php' not found or unable to stat
[Fri Feb 13 01:32:29.369733 2026] [php:error] [pid 98947] [client 51.103.142.43:0] script '/domains/byardrealestate/cu.php' not found or unable to stat
[Fri Feb 13 01:32:29.486704 2026] [php:error] [pid 98947] [client 51.103.142.43:0] script '/domains/byardrealestate/lul.php' not found or unable to stat
[Fri Feb 13 01:32:29.581808 2026] [php:error] [pid 98947] [client 51.103.142.43:0] script '/domains/byardrealestate/0.php' not found or unable to stat
[Fri Feb 13 01:32:29.676859 2026] [php:error] [pid 98947] [client 51.103.142.43:0] script '/domains/byardrealestate/ms-edit.php' not found or unable to stat
[Fri Feb 13 01:32:29.772384 2026] [php:error] [pid 98947] [client 51.103.142.43:0] script '/domains/byardrealestate/ya.php' not found or unable to stat
[Fri Feb 13 01:32:29.874123 2026] [php:error] [pid 98947] [client 51.103.142.43:0] script '/domains/byardrealestate/grsiuk.php' not found or unable to stat
[Fri Feb 13 01:32:29.972070 2026] [php:error] [pid 98947] [client 51.103.142.43:0] script '/domains/byardrealestate/wp-blog.php' not found or unable to stat
[Fri Feb 13 01:32:30.070540 2026] [php:error] [pid 98947] [client 51.103.142.43:0] script '/domains/byardrealestate/ftem.php' not found or unable to stat
[Fri Feb 13 01:32:30.167804 2026] [php:error] [pid 98947] [client 51.103.142.43:0] script '/domains/byardrealestate/7wom.php' not found or unable to stat
[Fri Feb 13 01:32:30.274209 2026] [php:error] [pid 98947] [client 51.103.142.43:0] script '/domains/byardrealestate/wp-access.php' not found or unable to stat
[Fri Feb 13 01:32:30.369769 2026] [php:error] [pid 98947] [client 51.103.142.43:0] script '/domains/byardrealestate/a1vx.php' not found or unable to stat
[Fri Feb 13 01:32:30.512858 2026] [php:error] [pid 98947] [client 51.103.142.43:0] script '/domains/byardrealestate/sbhu.php' not found or unable to stat
[Fri Feb 13 01:32:30.617439 2026] [php:error] [pid 98947] [client 51.103.142.43:0] script '/domains/byardrealestate/wp-the.php' not found or unable to stat
[Fri Feb 13 01:32:30.712825 2026] [php:error] [pid 98947] [client 51.103.142.43:0] script '/domains/byardrealestate/06.php' not found or unable to stat
[Fri Feb 13 01:32:30.817301 2026] [php:error] [pid 98947] [client 51.103.142.43:0] script '/domains/byardrealestate/wp5.php' not found or unable to stat
[Fri Feb 13 01:32:30.912280 2026] [php:error] [pid 98947] [client 51.103.142.43:0] script '/domains/byardrealestate/fot.php' not found or unable to stat
[Fri Feb 13 01:32:31.078171 2026] [php:error] [pid 98947] [client 51.103.142.43:0] script '/domains/byardrealestate/ff1.php' not found or unable to stat
[Fri Feb 13 01:32:31.181134 2026] [php:error] [pid 98947] [client 51.103.142.43:0] script '/domains/byardrealestate/forbidals.php' not found or unable to stat
[Fri Feb 13 01:32:31.183027 2026] [php:error] [pid 98964] [client 35.247.243.244:0] script '/domains/cccweb/adminer-5.1.1-mysql.php' not found or unable to stat
[Fri Feb 13 01:32:31.292196 2026] [php:error] [pid 98947] [client 51.103.142.43:0] script '/domains/byardrealestate/erty.php' not found or unable to stat
[Fri Feb 13 01:32:31.411148 2026] [php:error] [pid 98947] [client 51.103.142.43:0] script '/domains/byardrealestate/dev1s.php' not found or unable to stat
[Fri Feb 13 01:32:31.507436 2026] [php:error] [pid 98947] [client 51.103.142.43:0] script '/domains/byardrealestate/ffd.php' not found or unable to stat
