[Fri Feb 13 01:18:23.862276 2026] [php:error] [pid 98848] [client 20.215.49.35:0] script '/domains/takie/ioxi1.php' not found or unable to stat
[Fri Feb 13 01:18:23.870472 2026] [php:error] [pid 98849] [client 72.146.1.23:0] script '/domains/deltaele/wp-rss2.php' not found or unable to stat
[Fri Feb 13 01:18:23.977332 2026] [php:error] [pid 98849] [client 72.146.1.23:0] script '/domains/deltaele/wp-rss.php' not found or unable to stat
[Fri Feb 13 01:18:23.986334 2026] [php:error] [pid 98848] [client 20.215.49.35:0] script '/domains/takie/bgymj.php' not found or unable to stat
[Fri Feb 13 01:18:24.076606 2026] [php:error] [pid 98849] [client 72.146.1.23:0] script '/domains/deltaele/lib.php' not found or unable to stat
[Fri Feb 13 01:18:24.087441 2026] [php:error] [pid 98848] [client 20.215.49.35:0] script '/domains/takie/alfashell.php' not found or unable to stat
[Fri Feb 13 01:18:24.167062 2026] [php:error] [pid 98849] [client 72.146.1.23:0] script '/domains/deltaele/dr.php' not found or unable to stat
[Fri Feb 13 01:18:24.188748 2026] [php:error] [pid 98848] [client 20.215.49.35:0] script '/domains/takie/Capte.php' not found or unable to stat
[Fri Feb 13 01:18:24.229513 2026] [php:error] [pid 98854] [client 68.219.89.70:0] script '/domains/hand-hammerweb/buy.php' not found or unable to stat
[Fri Feb 13 01:18:24.259311 2026] [php:error] [pid 98849] [client 72.146.1.23:0] script '/domains/deltaele/blog.php' not found or unable to stat
[Fri Feb 13 01:18:24.304026 2026] [php:error] [pid 98848] [client 20.215.49.35:0] script '/domains/takie/as.php' not found or unable to stat
[Fri Feb 13 01:18:24.411750 2026] [php:error] [pid 98848] [client 20.215.49.35:0] script '/domains/takie/aaa.php' not found or unable to stat
[Fri Feb 13 01:18:24.414148 2026] [php:error] [pid 98849] [client 72.146.1.23:0] script '/domains/deltaele/am.php' not found or unable to stat
[Fri Feb 13 01:18:24.529773 2026] [php:error] [pid 98848] [client 20.215.49.35:0] script '/domains/takie/ccou.php' not found or unable to stat
[Fri Feb 13 01:18:24.700280 2026] [php:error] [pid 98854] [client 68.219.89.70:0] script '/domains/hand-hammerweb/theme.php' not found or unable to stat
[Fri Feb 13 01:18:24.721734 2026] [php:error] [pid 98843] [client 72.146.1.23:0] script '/domains/deltaele/jindex.php' not found or unable to stat
[Fri Feb 13 01:18:24.815544 2026] [php:error] [pid 98843] [client 72.146.1.23:0] script '/domains/deltaele/geck.php' not found or unable to stat
[Fri Feb 13 01:18:24.905548 2026] [php:error] [pid 98843] [client 72.146.1.23:0] script '/domains/deltaele/xox.php' not found or unable to stat
[Fri Feb 13 01:18:24.961191 2026] [php:error] [pid 98854] [client 68.219.89.70:0] script '/domains/hand-hammerweb/chosen.php' not found or unable to stat
[Fri Feb 13 01:18:24.995762 2026] [php:error] [pid 98843] [client 72.146.1.23:0] script '/domains/deltaele/wen.php' not found or unable to stat
[Fri Feb 13 01:18:25.090495 2026] [php:error] [pid 98843] [client 72.146.1.23:0] script '/domains/deltaele/gel4y.php' not found or unable to stat
[Fri Feb 13 01:18:25.180695 2026] [php:error] [pid 98843] [client 72.146.1.23:0] script '/domains/deltaele/gif.php' not found or unable to stat
[Fri Feb 13 01:18:25.271602 2026] [php:error] [pid 98843] [client 72.146.1.23:0] script '/domains/deltaele/rJs.php' not found or unable to stat
[Fri Feb 13 01:18:25.361696 2026] [php:error] [pid 98843] [client 72.146.1.23:0] script '/domains/deltaele/00:.php' not found or unable to stat
[Fri Feb 13 01:18:25.558075 2026] [php:error] [pid 98843] [client 72.146.1.23:0] script '/domains/deltaele/ta.php' not found or unable to stat
[Fri Feb 13 01:18:25.572976 2026] [php:error] [pid 98854] [client 68.219.89.70:0] script '/domains/hand-hammerweb/st.php' not found or unable to stat
[Fri Feb 13 01:18:25.651526 2026] [php:error] [pid 98854] [client 68.219.89.70:0] script '/domains/hand-hammerweb/inputs.php' not found or unable to stat
[Fri Feb 13 01:18:25.660803 2026] [php:error] [pid 98843] [client 72.146.1.23:0] script '/domains/deltaele/moon.php' not found or unable to stat
[Fri Feb 13 01:18:25.691719 2026] [php:error] [pid 98848] [client 20.215.49.35:0] script '/domains/takie/fff.php' not found or unable to stat
[Fri Feb 13 01:18:25.750937 2026] [php:error] [pid 98843] [client 72.146.1.23:0] script '/domains/deltaele/41.php' not found or unable to stat
[Fri Feb 13 01:18:25.792869 2026] [php:error] [pid 98848] [client 20.215.49.35:0] script '/domains/takie/sbhu.php' not found or unable to stat
[Fri Feb 13 01:18:25.841651 2026] [php:error] [pid 98843] [client 72.146.1.23:0] script '/domains/deltaele/data.php' not found or unable to stat
[Fri Feb 13 01:18:25.901116 2026] [php:error] [pid 98848] [client 20.215.49.35:0] script '/domains/takie/bugger.php' not found or unable to stat
[Fri Feb 13 01:18:25.909458 2026] [php:error] [pid 98854] [client 68.219.89.70:0] script '/domains/hand-hammerweb/aaa.php' not found or unable to stat
[Fri Feb 13 01:18:25.932056 2026] [php:error] [pid 98843] [client 72.146.1.23:0] script '/domains/deltaele/edit-css.php' not found or unable to stat
[Fri Feb 13 01:18:25.984664 2026] [php:error] [pid 98854] [client 68.219.89.70:0] script '/domains/hand-hammerweb/wp-login.php' not found or unable to stat
[Fri Feb 13 01:18:26.089928 2026] [php:error] [pid 98843] [client 72.146.1.23:0] script '/domains/deltaele/mar.php' not found or unable to stat
[Fri Feb 13 01:18:26.102916 2026] [php:error] [pid 98848] [client 20.215.49.35:0] script '/domains/takie/chosen.php' not found or unable to stat
[Fri Feb 13 01:18:26.182551 2026] [php:error] [pid 98843] [client 72.146.1.23:0] script '/domains/deltaele/op.php' not found or unable to stat
[Fri Feb 13 01:18:26.233853 2026] [php:error] [pid 98848] [client 20.215.49.35:0] script '/domains/takie/gettest.php' not found or unable to stat
[Fri Feb 13 01:18:26.273145 2026] [php:error] [pid 98843] [client 72.146.1.23:0] script '/domains/deltaele/bipas.php' not found or unable to stat
[Fri Feb 13 01:18:26.343747 2026] [php:error] [pid 98848] [client 20.215.49.35:0] script '/domains/takie/atomlib.php' not found or unable to stat
[Fri Feb 13 01:18:26.362928 2026] [php:error] [pid 98854] [client 68.219.89.70:0] script '/domains/hand-hammerweb/wp-signup.php' not found or unable to stat
[Fri Feb 13 01:18:26.363125 2026] [php:error] [pid 98843] [client 72.146.1.23:0] script '/domains/deltaele/plss3.php' not found or unable to stat
[Fri Feb 13 01:18:26.437327 2026] [php:error] [pid 98854] [client 68.219.89.70:0] script '/domains/hand-hammerweb/core.php' not found or unable to stat
[Fri Feb 13 01:18:26.477834 2026] [php:error] [pid 98848] [client 20.215.49.35:0] script '/domains/takie/kdgok.php' not found or unable to stat
[Fri Feb 13 01:18:26.554947 2026] [php:error] [pid 98854] [client 68.219.89.70:0] script '/domains/hand-hammerweb/403.php' not found or unable to stat
[Fri Feb 13 01:18:26.578833 2026] [php:error] [pid 98848] [client 20.215.49.35:0] script '/domains/takie/autoload_classmap.php' not found or unable to stat
[Fri Feb 13 01:18:26.582896 2026] [php:error] [pid 98843] [client 72.146.1.23:0] script '/domains/deltaele/minimo.php' not found or unable to stat
[Fri Feb 13 01:18:26.672996 2026] [php:error] [pid 98843] [client 72.146.1.23:0] script '/domains/deltaele/RxR.php' not found or unable to stat
[Fri Feb 13 01:18:26.704335 2026] [php:error] [pid 98854] [client 68.219.89.70:0] script '/domains/hand-hammerweb/new4.php' not found or unable to stat
[Fri Feb 13 01:18:26.783484 2026] [php:error] [pid 98854] [client 68.219.89.70:0] script '/domains/hand-hammerweb/adminfuns.php' not found or unable to stat
[Fri Feb 13 01:18:26.783902 2026] [php:error] [pid 98848] [client 20.215.49.35:0] script '/domains/takie/wp-act.php' not found or unable to stat
[Fri Feb 13 01:18:26.876289 2026] [php:error] [pid 98843] [client 72.146.1.23:0] script '/domains/deltaele/gifclass4.php' not found or unable to stat
[Fri Feb 13 01:18:26.901755 2026] [php:error] [pid 98848] [client 20.215.49.35:0] script '/domains/takie/wp-file.php' not found or unable to stat
[Fri Feb 13 01:18:27.088044 2026] [php:error] [pid 98843] [client 72.146.1.23:0] script '/domains/deltaele/nw.php' not found or unable to stat
[Fri Feb 13 01:18:27.129314 2026] [php:error] [pid 98848] [client 20.215.49.35:0] script '/domains/takie/bak.php' not found or unable to stat
[Fri Feb 13 01:18:27.277219 2026] [php:error] [pid 98843] [client 72.146.1.23:0] script '/domains/deltaele/FoxWSO.php' not found or unable to stat
[Fri Feb 13 01:18:27.367561 2026] [php:error] [pid 98843] [client 72.146.1.23:0] script '/domains/deltaele/lol.php' not found or unable to stat
[Fri Feb 13 01:18:27.684231 2026] [php:error] [pid 98843] [client 72.146.1.23:0] script '/domains/deltaele/api.php' not found or unable to stat
[Fri Feb 13 01:18:27.715212 2026] [php:error] [pid 98854] [client 68.219.89.70:0] script '/domains/hand-hammerweb/radio.php' not found or unable to stat
[Fri Feb 13 01:18:27.775171 2026] [php:error] [pid 98843] [client 72.146.1.23:0] script '/domains/deltaele/kn.php' not found or unable to stat
[Fri Feb 13 01:18:27.873195 2026] [php:error] [pid 98843] [client 72.146.1.23:0] script '/domains/deltaele/sql.php' not found or unable to stat
[Fri Feb 13 01:18:27.963834 2026] [php:error] [pid 98843] [client 72.146.1.23:0] script '/domains/deltaele/t.php' not found or unable to stat
[Fri Feb 13 01:18:28.056079 2026] [php:error] [pid 98843] [client 72.146.1.23:0] script '/domains/deltaele/revealability.php' not found or unable to stat
[Fri Feb 13 01:18:28.248569 2026] [php:error] [pid 98843] [client 72.146.1.23:0] script '/domains/deltaele/wp-feed.php' not found or unable to stat
[Fri Feb 13 01:18:28.350026 2026] [php:error] [pid 98843] [client 72.146.1.23:0] script '/domains/deltaele/wp-update.php' not found or unable to stat
[Fri Feb 13 01:18:28.587261 2026] [php:error] [pid 98843] [client 72.146.1.23:0] script '/domains/deltaele/tuco.php' not found or unable to stat
[Fri Feb 13 01:18:28.842633 2026] [php:error] [pid 98843] [client 72.146.1.23:0] script '/domains/deltaele/bypass.php' not found or unable to stat
[Fri Feb 13 01:18:28.932901 2026] [php:error] [pid 98843] [client 72.146.1.23:0] script '/domains/deltaele/soniau.php' not found or unable to stat
[Fri Feb 13 01:18:28.995509 2026] [php:error] [pid 98848] [client 20.215.49.35:0] script '/domains/takie/vx.php' not found or unable to stat
[Fri Feb 13 01:18:29.041532 2026] [php:error] [pid 98843] [client 72.146.1.23:0] script '/domains/deltaele/fa.php' not found or unable to stat
[Fri Feb 13 01:18:29.096438 2026] [php:error] [pid 98848] [client 20.215.49.35:0] script '/domains/takie/1.php' not found or unable to stat
[Fri Feb 13 01:18:29.215834 2026] [php:error] [pid 98843] [client 72.146.1.23:0] script '/domains/deltaele/pi.php' not found or unable to stat
[Fri Feb 13 01:18:29.253051 2026] [php:error] [pid 98838] [client 35.247.243.241:0] script '/domains/cccweb/mydb.php' not found or unable to stat
[Fri Feb 13 01:18:29.299465 2026] [php:error] [pid 98848] [client 20.215.49.35:0] script '/domains/takie/ioxi-o.php' not found or unable to stat
[Fri Feb 13 01:18:29.377802 2026] [php:error] [pid 98843] [client 72.146.1.23:0] script '/domains/deltaele/flower.php' not found or unable to stat
[Fri Feb 13 01:18:29.404899 2026] [php:error] [pid 98848] [client 20.215.49.35:0] script '/domains/takie/wp-trackback.php' not found or unable to stat
[Fri Feb 13 01:18:29.468025 2026] [php:error] [pid 98843] [client 72.146.1.23:0] script '/domains/deltaele/aa2.php' not found or unable to stat
[Fri Feb 13 01:18:29.512548 2026] [php:error] [pid 98848] [client 20.215.49.35:0] script '/domains/takie/222.php' not found or unable to stat
[Fri Feb 13 01:18:29.558401 2026] [php:error] [pid 98843] [client 72.146.1.23:0] script '/domains/deltaele/iwivi.php' not found or unable to stat
[Fri Feb 13 01:18:29.617047 2026] [php:error] [pid 98848] [client 20.215.49.35:0] script '/domains/takie/install.php' not found or unable to stat
[Fri Feb 13 01:18:29.660275 2026] [php:error] [pid 98843] [client 72.146.1.23:0] script '/domains/deltaele/wp-rdf.php' not found or unable to stat
[Fri Feb 13 01:18:29.820813 2026] [php:error] [pid 98843] [client 72.146.1.23:0] script '/domains/deltaele/priv8.php' not found or unable to stat
[Fri Feb 13 01:18:29.967973 2026] [php:error] [pid 98848] [client 20.215.49.35:0] script '/domains/takie/gifclass.php' not found or unable to stat
[Fri Feb 13 01:18:30.465557 2026] [php:error] [pid 98854] [client 68.219.89.70:0] script '/domains/hand-hammerweb/mah.php' not found or unable to stat
[Fri Feb 13 01:18:30.545688 2026] [php:error] [pid 98848] [client 20.215.49.35:0] script '/domains/takie/radio.php' not found or unable to stat
[Fri Feb 13 01:18:30.662720 2026] [php:error] [pid 98848] [client 20.215.49.35:0] script '/domains/takie/gtc.php' not found or unable to stat
[Fri Feb 13 01:18:30.769178 2026] [php:error] [pid 98848] [client 20.215.49.35:0] script '/domains/takie/class-t.api.php' not found or unable to stat
[Fri Feb 13 01:18:30.787608 2026] [php:error] [pid 98854] [client 68.219.89.70:0] script '/domains/hand-hammerweb/sim.php' not found or unable to stat
[Fri Feb 13 01:18:30.870271 2026] [php:error] [pid 98848] [client 20.215.49.35:0] script '/domains/takie/themes.php' not found or unable to stat
[Fri Feb 13 01:18:30.971340 2026] [php:error] [pid 98848] [client 20.215.49.35:0] script '/domains/takie/inputs.php' not found or unable to stat
[Fri Feb 13 01:18:31.176501 2026] [php:error] [pid 98854] [client 68.219.89.70:0] script '/domains/hand-hammerweb/cgi-bin/index.php' not found or unable to stat
[Fri Feb 13 01:18:31.194854 2026] [php:error] [pid 98848] [client 20.215.49.35:0] script '/domains/takie/byp.php' not found or unable to stat
[Fri Feb 13 01:18:31.292875 2026] [php:error] [pid 98854] [client 68.219.89.70:0] script '/domains/hand-hammerweb/error.php' not found or unable to stat
[Fri Feb 13 01:18:31.305684 2026] [php:error] [pid 98848] [client 20.215.49.35:0] script '/domains/takie/403.php' not found or unable to stat
[Fri Feb 13 01:18:31.415669 2026] [php:error] [pid 98848] [client 20.215.49.35:0] script '/domains/takie/simple.php' not found or unable to stat
[Fri Feb 13 01:18:31.452833 2026] [php:error] [pid 98854] [client 68.219.89.70:0] script '/domains/hand-hammerweb/cong.php' not found or unable to stat
[Fri Feb 13 01:18:31.523614 2026] [php:error] [pid 98848] [client 20.215.49.35:0] script '/domains/takie/alfa.php' not found or unable to stat
[Fri Feb 13 01:18:31.726213 2026] [php:error] [pid 98848] [client 20.215.49.35:0] script '/domains/takie/404.php' not found or unable to stat
[Fri Feb 13 01:18:31.832956 2026] [php:error] [pid 98848] [client 20.215.49.35:0] script '/domains/takie/bs2.php' not found or unable to stat
[Fri Feb 13 01:18:32.092787 2026] [php:error] [pid 98854] [client 68.219.89.70:0] script '/domains/hand-hammerweb/kyami.php' not found or unable to stat
[Fri Feb 13 01:18:32.147072 2026] [php:error] [pid 98848] [client 20.215.49.35:0] script '/domains/takie/cwclass.php' not found or unable to stat
[Fri Feb 13 01:18:32.458054 2026] [php:error] [pid 98848] [client 20.215.49.35:0] script '/domains/takie/wp-site.php' not found or unable to stat
[Fri Feb 13 01:18:32.595493 2026] [php:error] [pid 98848] [client 20.215.49.35:0] script '/domains/takie/tmpls.php' not found or unable to stat
[Fri Feb 13 01:18:32.715070 2026] [php:error] [pid 98848] [client 20.215.49.35:0] script '/domains/takie/wen.php' not found or unable to stat
[Fri Feb 13 01:18:32.830302 2026] [php:error] [pid 98848] [client 20.215.49.35:0] script '/domains/takie/yawa.php' not found or unable to stat
[Fri Feb 13 01:18:32.969663 2026] [php:error] [pid 98848] [client 20.215.49.35:0] script '/domains/takie/revision.php' not found or unable to stat
[Fri Feb 13 01:18:33.071434 2026] [php:error] [pid 98848] [client 20.215.49.35:0] script '/domains/takie/environment.php' not found or unable to stat
[Fri Feb 13 01:18:33.175403 2026] [php:error] [pid 98848] [client 20.215.49.35:0] script '/domains/takie/xmrlpc.php' not found or unable to stat
[Fri Feb 13 01:18:33.391433 2026] [php:error] [pid 98848] [client 20.215.49.35:0] script '/domains/takie/buy.php' not found or unable to stat
[Fri Feb 13 01:18:33.492912 2026] [php:error] [pid 98848] [client 20.215.49.35:0] script '/domains/takie/sx.php' not found or unable to stat
[Fri Feb 13 01:18:33.712990 2026] [php:error] [pid 98848] [client 20.215.49.35:0] script '/domains/takie/size.php' not found or unable to stat
[Fri Feb 13 01:18:33.840264 2026] [php:error] [pid 98848] [client 20.215.49.35:0] script '/domains/takie/zfile.php' not found or unable to stat
[Fri Feb 13 01:18:33.942115 2026] [php:error] [pid 98848] [client 20.215.49.35:0] script '/domains/takie/a2.php' not found or unable to stat
[Fri Feb 13 01:18:34.043129 2026] [php:error] [pid 98848] [client 20.215.49.35:0] script '/domains/takie/yas.php' not found or unable to stat
[Fri Feb 13 01:18:34.144354 2026] [php:error] [pid 98848] [client 20.215.49.35:0] script '/domains/takie/abc.php' not found or unable to stat
[Fri Feb 13 01:18:34.591239 2026] [php:error] [pid 98854] [client 68.219.89.70:0] script '/domains/hand-hammerweb/1.php' not found or unable to stat
[Fri Feb 13 01:18:34.740960 2026] [php:error] [pid 98854] [client 68.219.89.70:0] script '/domains/hand-hammerweb/gecko-new.php' not found or unable to stat
[Fri Feb 13 01:18:34.816348 2026] [php:error] [pid 98854] [client 68.219.89.70:0] script '/domains/hand-hammerweb/cgi-bin/xmrlpc.php' not found or unable to stat
[Fri Feb 13 01:18:35.020611 2026] [php:error] [pid 98854] [client 68.219.89.70:0] script '/domains/hand-hammerweb/wp-blog-header.php' not found or unable to stat
[Fri Feb 13 01:18:35.036608 2026] [php:error] [pid 98848] [client 20.215.49.35:0] script '/domains/takie/aboutc.php' not found or unable to stat
[Fri Feb 13 01:18:35.144158 2026] [php:error] [pid 98848] [client 20.215.49.35:0] script '/domains/takie/dropdown.php' not found or unable to stat
[Fri Feb 13 01:18:35.270865 2026] [php:error] [pid 98848] [client 20.215.49.35:0] script '/domains/takie/about.php' not found or unable to stat
[Fri Feb 13 01:18:35.419335 2026] [php:error] [pid 98848] [client 20.215.49.35:0] script '/domains/takie/content.php' not found or unable to stat
[Fri Feb 13 01:18:35.547173 2026] [php:error] [pid 98848] [client 20.215.49.35:0] script '/domains/takie/wp-load.php' not found or unable to stat
[Fri Feb 13 01:18:35.679517 2026] [php:error] [pid 98858] [client 35.247.243.241:0] script '/domains/cccweb/adminer-5.3.0.php' not found or unable to stat
[Fri Feb 13 01:18:35.868530 2026] [php:error] [pid 98848] [client 20.215.49.35:0] script '/domains/takie/item.php' not found or unable to stat
[Fri Feb 13 01:18:35.987079 2026] [php:error] [pid 98848] [client 20.215.49.35:0] script '/domains/takie/wp-tot.php' not found or unable to stat
[Fri Feb 13 01:18:36.092159 2026] [php:error] [pid 98848] [client 20.215.49.35:0] script '/domains/takie/classwithtostring.php' not found or unable to stat
[Fri Feb 13 01:18:36.224194 2026] [php:error] [pid 98848] [client 20.215.49.35:0] script '/domains/takie/xx.php' not found or unable to stat
[Fri Feb 13 01:18:36.342658 2026] [php:error] [pid 98848] [client 20.215.49.35:0] script '/domains/takie/wbbw.php' not found or unable to stat
[Fri Feb 13 01:18:36.444203 2026] [php:error] [pid 98848] [client 20.215.49.35:0] script '/domains/takie/akcc.php' not found or unable to stat
[Fri Feb 13 01:18:36.551197 2026] [php:error] [pid 98848] [client 20.215.49.35:0] script '/domains/takie/acxx.php' not found or unable to stat
[Fri Feb 13 01:18:36.671767 2026] [php:error] [pid 98848] [client 20.215.49.35:0] script '/domains/takie/x7.php' not found or unable to stat
[Fri Feb 13 01:18:36.772901 2026] [php:error] [pid 98848] [client 20.215.49.35:0] script '/domains/takie/menu.php' not found or unable to stat
[Fri Feb 13 01:18:37.030439 2026] [php:error] [pid 98848] [client 20.215.49.35:0] script '/domains/takie/class.php' not found or unable to stat
[Fri Feb 13 01:18:37.131905 2026] [php:error] [pid 98848] [client 20.215.49.35:0] script '/domains/takie/test1.php' not found or unable to stat
[Fri Feb 13 01:18:37.202601 2026] [php:error] [pid 98854] [client 68.219.89.70:0] script '/domains/hand-hammerweb/item.php' not found or unable to stat
[Fri Feb 13 01:18:37.277801 2026] [php:error] [pid 98854] [client 68.219.89.70:0] script '/domains/hand-hammerweb/xmrlpc.php' not found or unable to stat
[Fri Feb 13 01:18:37.381644 2026] [php:error] [pid 98848] [client 20.215.49.35:0] script '/domains/takie/img.php' not found or unable to stat
[Fri Feb 13 01:18:37.699736 2026] [php:error] [pid 98848] [client 20.215.49.35:0] script '/domains/takie/sim.php' not found or unable to stat
[Fri Feb 13 01:18:37.805970 2026] [php:error] [pid 98848] [client 20.215.49.35:0] script '/domains/takie/gg.php' not found or unable to stat
[Fri Feb 13 01:18:37.907177 2026] [php:error] [pid 98848] [client 20.215.49.35:0] script '/domains/takie/0x.php' not found or unable to stat
[Fri Feb 13 01:18:38.432551 2026] [php:error] [pid 98854] [client 68.219.89.70:0] script '/domains/hand-hammerweb/config.php' not found or unable to stat
[Fri Feb 13 01:18:38.507085 2026] [php:error] [pid 98854] [client 68.219.89.70:0] script '/domains/hand-hammerweb/cc.php' not found or unable to stat
[Fri Feb 13 01:18:38.954155 2026] [php:error] [pid 98854] [client 68.219.89.70:0] script '/domains/hand-hammerweb/wp-conflg.php' not found or unable to stat
[Fri Feb 13 01:18:39.028990 2026] [php:error] [pid 98854] [client 68.219.89.70:0] script '/domains/hand-hammerweb/themes.php' not found or unable to stat
[Fri Feb 13 01:18:39.104439 2026] [php:error] [pid 98854] [client 68.219.89.70:0] script '/domains/hand-hammerweb/hplfuns.php' not found or unable to stat
[Fri Feb 13 01:18:39.331775 2026] [php:error] [pid 98854] [client 68.219.89.70:0] script '/domains/hand-hammerweb/admin.php' not found or unable to stat
[Fri Feb 13 01:18:39.408404 2026] [php:error] [pid 98854] [client 68.219.89.70:0] script '/domains/hand-hammerweb/alfa.php' not found or unable to stat
[Fri Feb 13 01:18:39.558433 2026] [php:error] [pid 98854] [client 68.219.89.70:0] script '/domains/hand-hammerweb/wp-2019.php' not found or unable to stat
[Fri Feb 13 01:18:39.829524 2026] [php:error] [pid 98854] [client 68.219.89.70:0] script '/domains/hand-hammerweb/akcc.php' not found or unable to stat
[Fri Feb 13 01:18:39.911219 2026] [php:error] [pid 98854] [client 68.219.89.70:0] script '/domains/hand-hammerweb/404.php' not found or unable to stat
[Fri Feb 13 01:18:40.060821 2026] [php:error] [pid 98854] [client 68.219.89.70:0] script '/domains/hand-hammerweb/wp-corn-sample.php' not found or unable to stat
[Fri Feb 13 01:18:40.136188 2026] [php:error] [pid 98854] [client 68.219.89.70:0] script '/domains/hand-hammerweb/classwithtostring.php' not found or unable to stat
[Fri Feb 13 01:18:40.212851 2026] [php:error] [pid 98854] [client 68.219.89.70:0] script '/domains/hand-hammerweb/ab.php' not found or unable to stat
[Fri Feb 13 01:18:40.921259 2026] [php:error] [pid 98854] [client 68.219.89.70:0] script '/domains/hand-hammerweb/asasx.php' not found or unable to stat
[Fri Feb 13 01:18:41.414716 2026] [php:error] [pid 98854] [client 68.219.89.70:0] script '/domains/hand-hammerweb/fox.php' not found or unable to stat
[Fri Feb 13 01:18:41.813562 2026] [php:error] [pid 98854] [client 68.219.89.70:0] script '/domains/hand-hammerweb/moon.php' not found or unable to stat
[Fri Feb 13 01:18:41.940364 2026] [php:error] [pid 98854] [client 68.219.89.70:0] script '/domains/hand-hammerweb/mar.php' not found or unable to stat
[Fri Feb 13 01:18:44.131377 2026] [php:error] [pid 98838] [client 20.215.49.35:0] script '/domains/takie/siteheads.php' not found or unable to stat
[Fri Feb 13 01:18:44.233353 2026] [php:error] [pid 98838] [client 20.215.49.35:0] script '/domains/takie/abcd.php' not found or unable to stat
[Fri Feb 13 01:18:44.264495 2026] [php:error] [pid 98854] [client 68.219.89.70:0] script '/domains/hand-hammerweb/install.php' not found or unable to stat
[Fri Feb 13 01:18:44.337765 2026] [php:error] [pid 98838] [client 20.215.49.35:0] script '/domains/takie/mode.php' not found or unable to stat
[Fri Feb 13 01:18:44.345148 2026] [php:error] [pid 98854] [client 68.219.89.70:0] script '/domains/hand-hammerweb/menu.php' not found or unable to stat
[Fri Feb 13 01:18:44.446988 2026] [php:error] [pid 98838] [client 20.215.49.35:0] script '/domains/takie/asasx.php' not found or unable to stat
[Fri Feb 13 01:18:46.455336 2026] [php:error] [pid 98857] [client 68.219.89.70:0] script '/domains/hand-hammerweb/images/index.php' not found or unable to stat
[Fri Feb 13 01:18:46.773971 2026] [php:error] [pid 98838] [client 20.215.49.35:0] script '/domains/takie/dev1s.php' not found or unable to stat
[Fri Feb 13 01:18:46.880436 2026] [php:error] [pid 98838] [client 20.215.49.35:0] script '/domains/takie/backup.php' not found or unable to stat
[Fri Feb 13 01:18:46.883379 2026] [php:error] [pid 98857] [client 68.219.89.70:0] script '/domains/hand-hammerweb/defaults.php' not found or unable to stat
[Fri Feb 13 01:18:46.988628 2026] [php:error] [pid 98838] [client 20.215.49.35:0] script '/domains/takie/aq.php' not found or unable to stat
[Fri Feb 13 01:18:47.125865 2026] [php:error] [pid 98838] [client 20.215.49.35:0] script '/domains/takie/12.php' not found or unable to stat
[Fri Feb 13 01:18:47.329327 2026] [php:error] [pid 98857] [client 68.219.89.70:0] script '/domains/hand-hammerweb/css.php' not found or unable to stat
[Fri Feb 13 01:18:47.812101 2026] [php:error] [pid 98857] [client 68.219.89.70:0] script '/domains/hand-hammerweb/wp-links-opml.php' not found or unable to stat
[Fri Feb 13 01:18:48.412291 2026] [php:error] [pid 98838] [client 20.215.49.35:0] script '/domains/takie/wp-good.php' not found or unable to stat
[Fri Feb 13 01:18:48.635837 2026] [php:error] [pid 98838] [client 20.215.49.35:0] script '/domains/takie/styles.php' not found or unable to stat
[Fri Feb 13 01:18:48.710048 2026] [php:error] [pid 98857] [client 68.219.89.70:0] script '/domains/hand-hammerweb/123.php' not found or unable to stat
[Fri Feb 13 01:18:48.750670 2026] [php:error] [pid 98838] [client 20.215.49.35:0] script '/domains/takie/elp.php' not found or unable to stat
[Fri Feb 13 01:18:48.783484 2026] [php:error] [pid 98857] [client 68.219.89.70:0] script '/domains/hand-hammerweb/log.php' not found or unable to stat
[Fri Feb 13 01:18:48.955339 2026] [php:error] [pid 98838] [client 20.215.49.35:0] script '/domains/takie/ty.php' not found or unable to stat
[Fri Feb 13 01:18:49.058426 2026] [php:error] [pid 98838] [client 20.215.49.35:0] script '/domains/takie/fwe.php' not found or unable to stat
[Fri Feb 13 01:18:49.161930 2026] [php:error] [pid 98838] [client 20.215.49.35:0] script '/domains/takie/g.php' not found or unable to stat
[Fri Feb 13 01:18:49.295828 2026] [php:error] [pid 98838] [client 20.215.49.35:0] script '/domains/takie/tx1.php' not found or unable to stat
[Fri Feb 13 01:18:49.388542 2026] [php:error] [pid 98857] [client 68.219.89.70:0] script '/domains/hand-hammerweb/as.php' not found or unable to stat
[Fri Feb 13 01:18:49.428109 2026] [php:error] [pid 98838] [client 20.215.49.35:0] script '/domains/takie/xv.php' not found or unable to stat
[Fri Feb 13 01:18:49.540544 2026] [php:error] [pid 98838] [client 20.215.49.35:0] script '/domains/takie/x56.php' not found or unable to stat
[Fri Feb 13 01:18:49.674726 2026] [php:error] [pid 98838] [client 20.215.49.35:0] script '/domains/takie/htaccess.php' not found or unable to stat
[Fri Feb 13 01:18:49.783483 2026] [php:error] [pid 98838] [client 20.215.49.35:0] script '/domains/takie/x50.php' not found or unable to stat
[Fri Feb 13 01:18:49.819836 2026] [php:error] [pid 98857] [client 68.219.89.70:0] script '/domains/hand-hammerweb/style.php' not found or unable to stat
[Fri Feb 13 01:18:49.889810 2026] [php:error] [pid 98838] [client 20.215.49.35:0] script '/domains/takie/fv.php' not found or unable to stat
[Fri Feb 13 01:18:49.999068 2026] [php:error] [pid 98838] [client 20.215.49.35:0] script '/domains/takie/lsd.php' not found or unable to stat
[Fri Feb 13 01:18:50.095452 2026] [php:error] [pid 98857] [client 68.219.89.70:0] script '/domains/hand-hammerweb/aa.php' not found or unable to stat
[Fri Feb 13 01:18:50.120909 2026] [php:error] [pid 98838] [client 20.215.49.35:0] script '/domains/takie/atx.php' not found or unable to stat
[Fri Feb 13 01:18:50.166371 2026] [php:error] [pid 98857] [client 68.219.89.70:0] script '/domains/hand-hammerweb/hehehehe.php' not found or unable to stat
[Fri Feb 13 01:18:50.229479 2026] [php:error] [pid 98838] [client 20.215.49.35:0] script '/domains/takie/z60.php' not found or unable to stat
[Fri Feb 13 01:18:50.240391 2026] [php:error] [pid 98857] [client 68.219.89.70:0] script '/domains/hand-hammerweb/x.php' not found or unable to stat
[Fri Feb 13 01:18:50.311214 2026] [php:error] [pid 98857] [client 68.219.89.70:0] script '/domains/hand-hammerweb/wp-links.php' not found or unable to stat
[Fri Feb 13 01:18:50.363254 2026] [php:error] [pid 98838] [client 20.215.49.35:0] script '/domains/takie/m.php' not found or unable to stat
[Fri Feb 13 01:18:50.486358 2026] [php:error] [pid 98838] [client 20.215.49.35:0] script '/domains/takie/lv.php' not found or unable to stat
[Fri Feb 13 01:18:50.588329 2026] [php:error] [pid 98838] [client 20.215.49.35:0] script '/domains/takie/css.php' not found or unable to stat
[Fri Feb 13 01:18:50.596018 2026] [php:error] [pid 98857] [client 68.219.89.70:0] script '/domains/hand-hammerweb/main.php' not found or unable to stat
[Fri Feb 13 01:18:50.690166 2026] [php:error] [pid 98838] [client 20.215.49.35:0] script '/domains/takie/cong.php' not found or unable to stat
[Fri Feb 13 01:18:50.738631 2026] [php:error] [pid 98857] [client 68.219.89.70:0] script '/domains/hand-hammerweb/wso.php' not found or unable to stat
[Fri Feb 13 01:18:50.794272 2026] [php:error] [pid 98838] [client 20.215.49.35:0] script '/domains/takie/w.php' not found or unable to stat
[Fri Feb 13 01:18:50.873709 2026] [php:error] [pid 98849] [client 35.247.243.250:0] script '/domains/cccweb/adminer-5.4.1.php' not found or unable to stat
[Fri Feb 13 01:18:50.915754 2026] [php:error] [pid 98838] [client 20.215.49.35:0] script '/domains/takie/gmo.php' not found or unable to stat
[Fri Feb 13 01:18:51.036845 2026] [php:error] [pid 98838] [client 20.215.49.35:0] script '/domains/takie/ww1.php' not found or unable to stat
[Fri Feb 13 01:18:51.088511 2026] [php:error] [pid 98843] [client 34.7.200.2:0] script '/domains/hdickens.enteract/kmnj.php' not found or unable to stat
[Fri Feb 13 01:18:51.089509 2026] [php:error] [pid 98857] [client 68.219.89.70:0] script '/domains/hand-hammerweb/wp-configs.php' not found or unable to stat
[Fri Feb 13 01:18:51.156663 2026] [php:error] [pid 98838] [client 20.215.49.35:0] script '/domains/takie/bless5.php' not found or unable to stat
[Fri Feb 13 01:18:51.169827 2026] [php:error] [pid 98857] [client 68.219.89.70:0] script '/domains/hand-hammerweb/lock.php' not found or unable to stat
[Fri Feb 13 01:18:51.286750 2026] [php:error] [pid 98838] [client 20.215.49.35:0] script '/domains/takie/f35.php' not found or unable to stat
[Fri Feb 13 01:18:51.307701 2026] [php:error] [pid 98857] [client 68.219.89.70:0] script '/domains/hand-hammerweb/file.php' not found or unable to stat
[Fri Feb 13 01:18:51.355715 2026] [php:error] [pid 98849] [client 35.247.243.253:0] script '/domains/cccweb/adminer-5.0.1-en.php' not found or unable to stat
[Fri Feb 13 01:18:51.388832 2026] [php:error] [pid 98838] [client 20.215.49.35:0] script '/domains/takie/juuuu.php' not found or unable to stat
[Fri Feb 13 01:18:51.527722 2026] [php:error] [pid 98838] [client 20.215.49.35:0] script '/domains/takie/file7.php' not found or unable to stat
[Fri Feb 13 01:18:51.659960 2026] [php:error] [pid 98838] [client 20.215.49.35:0] script '/domains/takie/file48.php' not found or unable to stat
[Fri Feb 13 01:18:51.748093 2026] [php:error] [pid 98857] [client 68.219.89.70:0] script '/domains/hand-hammerweb/wp-trackback.php' not found or unable to stat
[Fri Feb 13 01:18:51.801400 2026] [php:error] [pid 98838] [client 20.215.49.35:0] script '/domains/takie/new4.php' not found or unable to stat
[Fri Feb 13 01:18:51.818741 2026] [php:error] [pid 98857] [client 68.219.89.70:0] script '/domains/hand-hammerweb/app.php' not found or unable to stat
[Fri Feb 13 01:18:51.941267 2026] [php:error] [pid 98838] [client 20.215.49.35:0] script '/domains/takie/pop.php' not found or unable to stat
[Fri Feb 13 01:18:52.043170 2026] [php:error] [pid 98838] [client 20.215.49.35:0] script '/domains/takie/file9.php' not found or unable to stat
[Fri Feb 13 01:18:52.067927 2026] [php:error] [pid 98857] [client 68.219.89.70:0] script '/domains/hand-hammerweb/simple.php' not found or unable to stat
[Fri Feb 13 01:18:52.380953 2026] [php:error] [pid 98857] [client 68.219.89.70:0] script '/domains/hand-hammerweb/bless.php' not found or unable to stat
[Fri Feb 13 01:18:52.566183 2026] [php:error] [pid 98857] [client 68.219.89.70:0] script '/domains/hand-hammerweb/ava.php' not found or unable to stat
[Fri Feb 13 01:18:53.436467 2026] [php:error] [pid 98857] [client 68.219.89.70:0] script '/domains/hand-hammerweb/ioxi-o.php' not found or unable to stat
[Fri Feb 13 01:18:53.566600 2026] [php:error] [pid 98857] [client 68.219.89.70:0] script '/domains/hand-hammerweb/1index.php' not found or unable to stat
[Fri Feb 13 01:18:53.811732 2026] [php:error] [pid 98857] [client 68.219.89.70:0] script '/domains/hand-hammerweb/file2.php' not found or unable to stat
[Fri Feb 13 01:18:53.943064 2026] [php:error] [pid 98857] [client 68.219.89.70:0] script '/domains/hand-hammerweb/default.php' not found or unable to stat
[Fri Feb 13 01:18:54.112953 2026] [php:error] [pid 98857] [client 68.219.89.70:0] script '/domains/hand-hammerweb/xml.php' not found or unable to stat
[Fri Feb 13 01:18:54.188280 2026] [php:error] [pid 98857] [client 68.219.89.70:0] script '/domains/hand-hammerweb/sx.php' not found or unable to stat
[Fri Feb 13 01:18:54.434535 2026] [php:error] [pid 98857] [client 68.219.89.70:0] script '/domains/hand-hammerweb/wp-cron.php' not found or unable to stat
[Fri Feb 13 01:18:55.047844 2026] [php:error] [pid 98857] [client 68.219.89.70:0] script '/domains/hand-hammerweb/backup.php' not found or unable to stat
[Fri Feb 13 01:18:55.118438 2026] [php:error] [pid 98857] [client 68.219.89.70:0] script '/domains/hand-hammerweb/images/class-config.php' not found or unable to stat
[Fri Feb 13 01:18:55.188537 2026] [php:error] [pid 98857] [client 68.219.89.70:0] script '/domains/hand-hammerweb/wp-admin.php' not found or unable to stat
[Fri Feb 13 01:18:55.196990 2026] [php:error] [pid 98860] [client 34.96.162.50:0] script '/domains/cccweb/adminer-5.0.1-en.php' not found or unable to stat
[Fri Feb 13 01:18:55.258589 2026] [php:error] [pid 98857] [client 68.219.89.70:0] script '/domains/hand-hammerweb/akc.php' not found or unable to stat
[Fri Feb 13 01:18:55.529942 2026] [php:error] [pid 98857] [client 68.219.89.70:0] script '/domains/hand-hammerweb/test1.php' not found or unable to stat
[Fri Feb 13 01:18:55.621866 2026] [php:error] [pid 98857] [client 68.219.89.70:0] script '/domains/hand-hammerweb/bolt.php' not found or unable to stat
[Fri Feb 13 01:18:55.729053 2026] [php:error] [pid 98857] [client 68.219.89.70:0] script '/domains/hand-hammerweb/help.php' not found or unable to stat
[Fri Feb 13 01:18:55.786192 2026] [php:error] [pid 98858] [client 35.247.243.254:0] script '/domains/cccweb/adminer-5.3.0.php' not found or unable to stat
[Fri Feb 13 01:18:55.834916 2026] [php:error] [pid 98857] [client 68.219.89.70:0] script '/domains/hand-hammerweb/atomlib.php' not found or unable to stat
[Fri Feb 13 01:18:55.907813 2026] [php:error] [pid 98857] [client 68.219.89.70:0] script '/domains/hand-hammerweb/wp-good.php' not found or unable to stat
[Fri Feb 13 01:18:55.978964 2026] [php:error] [pid 98857] [client 68.219.89.70:0] script '/domains/hand-hammerweb/gecko.php' not found or unable to stat
[Fri Feb 13 01:18:56.129516 2026] [php:error] [pid 98857] [client 68.219.89.70:0] script '/domains/hand-hammerweb/news.php' not found or unable to stat
[Fri Feb 13 01:18:56.265580 2026] [php:error] [pid 98857] [client 68.219.89.70:0] script '/domains/hand-hammerweb/xmlrpc.php' not found or unable to stat
[Fri Feb 13 01:18:56.373636 2026] [php:error] [pid 98857] [client 68.219.89.70:0] script '/domains/hand-hammerweb/new.php' not found or unable to stat
[Fri Feb 13 01:18:56.882893 2026] [php:error] [pid 98857] [client 68.219.89.70:0] script '/domains/hand-hammerweb/server.php' not found or unable to stat
[Fri Feb 13 01:18:56.954210 2026] [php:error] [pid 98857] [client 68.219.89.70:0] script '/domains/hand-hammerweb/wp-signin.php' not found or unable to stat
[Fri Feb 13 01:18:57.472087 2026] [php:error] [pid 98857] [client 68.219.89.70:0] script '/domains/hand-hammerweb/class.php' not found or unable to stat
[Fri Feb 13 01:18:57.542714 2026] [php:error] [pid 98857] [client 68.219.89.70:0] script '/domains/hand-hammerweb/wp.php' not found or unable to stat
[Fri Feb 13 01:18:57.753735 2026] [php:error] [pid 98843] [client 34.96.162.60:0] script '/domains/cccweb/adminer-4.6.3.php' not found or unable to stat
[Fri Feb 13 01:18:58.213051 2026] [php:error] [pid 98860] [client 68.219.89.70:0] script '/domains/hand-hammerweb/special.php' not found or unable to stat
[Fri Feb 13 01:19:01.078065 2026] [php:error] [pid 98858] [client 35.247.243.251:0] script '/domains/cccweb/Adminer.php' not found or unable to stat
[Fri Feb 13 01:19:18.377952 2026] [php:error] [pid 98838] [client 34.96.162.55:0] script '/domains/cccweb/adminer-5.2.0-mysql-en.php' not found or unable to stat
[Fri Feb 13 01:19:28.749928 2026] [php:error] [pid 98858] [client 74.248.32.177:0] script '/domains/bels/24.php' not found or unable to stat
[Fri Feb 13 01:19:38.498739 2026] [php:error] [pid 98838] [client 35.247.243.248:0] script '/domains/cccweb/adminer-5.3.0-en.php' not found or unable to stat
[Fri Feb 13 01:19:51.402698 2026] [php:error] [pid 98863] [client 35.247.243.244:0] script '/domains/cccweb/adminer-5.1.0.php' not found or unable to stat
[Fri Feb 13 01:20:01.630078 2026] [php:error] [pid 98858] [client 52.169.148.186:0] script '/domains/acagolf1/galex.php' not found or unable to stat
[Fri Feb 13 01:20:01.703032 2026] [php:error] [pid 98858] [client 52.169.148.186:0] script '/domains/acagolf1/xa.php' not found or unable to stat
[Fri Feb 13 01:20:01.776036 2026] [php:error] [pid 98858] [client 52.169.148.186:0] script '/domains/acagolf1/pass4.php' not found or unable to stat
[Fri Feb 13 01:20:01.849343 2026] [php:error] [pid 98858] [client 52.169.148.186:0] script '/domains/acagolf1/X57.php' not found or unable to stat
[Fri Feb 13 01:20:01.922613 2026] [php:error] [pid 98858] [client 52.169.148.186:0] script '/domains/acagolf1/503.php' not found or unable to stat
[Fri Feb 13 01:20:01.995694 2026] [php:error] [pid 98858] [client 52.169.148.186:0] script '/domains/acagolf1/indeex.php' not found or unable to stat
[Fri Feb 13 01:20:02.068801 2026] [php:error] [pid 98858] [client 52.169.148.186:0] script '/domains/acagolf1/wp-4doption1.php' not found or unable to stat
[Fri Feb 13 01:20:02.142427 2026] [php:error] [pid 98858] [client 52.169.148.186:0] script '/domains/acagolf1/ioxi1.php' not found or unable to stat
[Fri Feb 13 01:20:02.215737 2026] [php:error] [pid 98858] [client 52.169.148.186:0] script '/domains/acagolf1/bgymj.php' not found or unable to stat
[Fri Feb 13 01:20:02.289700 2026] [php:error] [pid 98858] [client 52.169.148.186:0] script '/domains/acagolf1/alfashell.php' not found or unable to stat
[Fri Feb 13 01:20:02.363732 2026] [php:error] [pid 98858] [client 52.169.148.186:0] script '/domains/acagolf1/Capte.php' not found or unable to stat
[Fri Feb 13 01:20:02.436495 2026] [php:error] [pid 98858] [client 52.169.148.186:0] script '/domains/acagolf1/as.php' not found or unable to stat
[Fri Feb 13 01:20:02.510078 2026] [php:error] [pid 98858] [client 52.169.148.186:0] script '/domains/acagolf1/aaa.php' not found or unable to stat
[Fri Feb 13 01:20:02.583302 2026] [php:error] [pid 98858] [client 52.169.148.186:0] script '/domains/acagolf1/ccou.php' not found or unable to stat
[Fri Feb 13 01:20:02.656126 2026] [php:error] [pid 98858] [client 52.169.148.186:0] script '/domains/acagolf1/fff.php' not found or unable to stat
[Fri Feb 13 01:20:02.729750 2026] [php:error] [pid 98858] [client 52.169.148.186:0] script '/domains/acagolf1/sbhu.php' not found or unable to stat
[Fri Feb 13 01:20:02.803668 2026] [php:error] [pid 98858] [client 52.169.148.186:0] script '/domains/acagolf1/bugger.php' not found or unable to stat
[Fri Feb 13 01:20:02.950369 2026] [php:error] [pid 98858] [client 52.169.148.186:0] script '/domains/acagolf1/chosen.php' not found or unable to stat
[Fri Feb 13 01:20:03.023421 2026] [php:error] [pid 98858] [client 52.169.148.186:0] script '/domains/acagolf1/gettest.php' not found or unable to stat
[Fri Feb 13 01:20:03.096666 2026] [php:error] [pid 98858] [client 52.169.148.186:0] script '/domains/acagolf1/atomlib.php' not found or unable to stat
[Fri Feb 13 01:20:03.169484 2026] [php:error] [pid 98858] [client 52.169.148.186:0] script '/domains/acagolf1/kdgok.php' not found or unable to stat
[Fri Feb 13 01:20:03.242337 2026] [php:error] [pid 98858] [client 52.169.148.186:0] script '/domains/acagolf1/autoload_classmap.php' not found or unable to stat
[Fri Feb 13 01:20:03.389884 2026] [php:error] [pid 98858] [client 52.169.148.186:0] script '/domains/acagolf1/wp-act.php' not found or unable to stat
[Fri Feb 13 01:20:03.462755 2026] [php:error] [pid 98858] [client 52.169.148.186:0] script '/domains/acagolf1/wp-file.php' not found or unable to stat
[Fri Feb 13 01:20:03.608557 2026] [php:error] [pid 98858] [client 52.169.148.186:0] script '/domains/acagolf1/bak.php' not found or unable to stat
[Fri Feb 13 01:20:03.681352 2026] [php:error] [pid 98858] [client 52.169.148.186:0] script '/domains/acagolf1/vx.php' not found or unable to stat
[Fri Feb 13 01:20:03.754764 2026] [php:error] [pid 98858] [client 52.169.148.186:0] script '/domains/acagolf1/1.php' not found or unable to stat
[Fri Feb 13 01:20:03.900600 2026] [php:error] [pid 98858] [client 52.169.148.186:0] script '/domains/acagolf1/ioxi-o.php' not found or unable to stat
[Fri Feb 13 01:20:03.973339 2026] [php:error] [pid 98858] [client 52.169.148.186:0] script '/domains/acagolf1/wp-trackback.php' not found or unable to stat
[Fri Feb 13 01:20:04.046214 2026] [php:error] [pid 98858] [client 52.169.148.186:0] script '/domains/acagolf1/222.php' not found or unable to stat
[Fri Feb 13 01:20:04.121451 2026] [php:error] [pid 98858] [client 52.169.148.186:0] script '/domains/acagolf1/install.php' not found or unable to stat
[Fri Feb 13 01:20:04.341797 2026] [php:error] [pid 98858] [client 52.169.148.186:0] script '/domains/acagolf1/gifclass.php' not found or unable to stat
[Fri Feb 13 01:20:04.706445 2026] [php:error] [pid 98858] [client 52.169.148.186:0] script '/domains/acagolf1/radio.php' not found or unable to stat
[Fri Feb 13 01:20:04.779658 2026] [php:error] [pid 98858] [client 52.169.148.186:0] script '/domains/acagolf1/gtc.php' not found or unable to stat
[Fri Feb 13 01:20:04.855945 2026] [php:error] [pid 98858] [client 52.169.148.186:0] script '/domains/acagolf1/class-t.api.php' not found or unable to stat
[Fri Feb 13 01:20:04.928876 2026] [php:error] [pid 98858] [client 52.169.148.186:0] script '/domains/acagolf1/themes.php' not found or unable to stat
[Fri Feb 13 01:20:05.001841 2026] [php:error] [pid 98858] [client 52.169.148.186:0] script '/domains/acagolf1/inputs.php' not found or unable to stat
[Fri Feb 13 01:20:05.157222 2026] [php:error] [pid 98858] [client 52.169.148.186:0] script '/domains/acagolf1/byp.php' not found or unable to stat
[Fri Feb 13 01:20:05.230806 2026] [php:error] [pid 98858] [client 52.169.148.186:0] script '/domains/acagolf1/403.php' not found or unable to stat
[Fri Feb 13 01:20:05.306152 2026] [php:error] [pid 98858] [client 52.169.148.186:0] script '/domains/acagolf1/simple.php' not found or unable to stat
[Fri Feb 13 01:20:05.379363 2026] [php:error] [pid 98858] [client 52.169.148.186:0] script '/domains/acagolf1/alfa.php' not found or unable to stat
[Fri Feb 13 01:20:05.525149 2026] [php:error] [pid 98858] [client 52.169.148.186:0] script '/domains/acagolf1/404.php' not found or unable to stat
[Fri Feb 13 01:20:05.598179 2026] [php:error] [pid 98858] [client 52.169.148.186:0] script '/domains/acagolf1/bs2.php' not found or unable to stat
[Fri Feb 13 01:20:05.817507 2026] [php:error] [pid 98858] [client 52.169.148.186:0] script '/domains/acagolf1/cwclass.php' not found or unable to stat
[Fri Feb 13 01:20:05.890524 2026] [php:error] [pid 98858] [client 52.169.148.186:0] script '/domains/acagolf1/wp-site.php' not found or unable to stat
[Fri Feb 13 01:20:05.963312 2026] [php:error] [pid 98858] [client 52.169.148.186:0] script '/domains/acagolf1/tmpls.php' not found or unable to stat
[Fri Feb 13 01:20:06.036391 2026] [php:error] [pid 98858] [client 52.169.148.186:0] script '/domains/acagolf1/wen.php' not found or unable to stat
[Fri Feb 13 01:20:06.109163 2026] [php:error] [pid 98858] [client 52.169.148.186:0] script '/domains/acagolf1/yawa.php' not found or unable to stat
[Fri Feb 13 01:20:06.182068 2026] [php:error] [pid 98858] [client 52.169.148.186:0] script '/domains/acagolf1/revision.php' not found or unable to stat
[Fri Feb 13 01:20:06.255204 2026] [php:error] [pid 98858] [client 52.169.148.186:0] script '/domains/acagolf1/environment.php' not found or unable to stat
[Fri Feb 13 01:20:06.328016 2026] [php:error] [pid 98858] [client 52.169.148.186:0] script '/domains/acagolf1/xmrlpc.php' not found or unable to stat
[Fri Feb 13 01:20:06.474131 2026] [php:error] [pid 98858] [client 52.169.148.186:0] script '/domains/acagolf1/buy.php' not found or unable to stat
[Fri Feb 13 01:20:06.547106 2026] [php:error] [pid 98858] [client 52.169.148.186:0] script '/domains/acagolf1/sx.php' not found or unable to stat
[Fri Feb 13 01:20:06.692724 2026] [php:error] [pid 98858] [client 52.169.148.186:0] script '/domains/acagolf1/size.php' not found or unable to stat
[Fri Feb 13 01:20:06.765695 2026] [php:error] [pid 98858] [client 52.169.148.186:0] script '/domains/acagolf1/zfile.php' not found or unable to stat
[Fri Feb 13 01:20:06.838544 2026] [php:error] [pid 98858] [client 52.169.148.186:0] script '/domains/acagolf1/a2.php' not found or unable to stat
[Fri Feb 13 01:20:06.911404 2026] [php:error] [pid 98858] [client 52.169.148.186:0] script '/domains/acagolf1/yas.php' not found or unable to stat
[Fri Feb 13 01:20:06.985340 2026] [php:error] [pid 98858] [client 52.169.148.186:0] script '/domains/acagolf1/abc.php' not found or unable to stat
[Fri Feb 13 01:20:07.058140 2026] [php:error] [pid 98858] [client 52.169.148.186:0] script '/domains/acagolf1/aboutc.php' not found or unable to stat
[Fri Feb 13 01:20:07.131008 2026] [php:error] [pid 98858] [client 52.169.148.186:0] script '/domains/acagolf1/dropdown.php' not found or unable to stat
[Fri Feb 13 01:20:07.204129 2026] [php:error] [pid 98858] [client 52.169.148.186:0] script '/domains/acagolf1/about.php' not found or unable to stat
[Fri Feb 13 01:20:07.277796 2026] [php:error] [pid 98858] [client 52.169.148.186:0] script '/domains/acagolf1/content.php' not found or unable to stat
[Fri Feb 13 01:20:07.350926 2026] [php:error] [pid 98858] [client 52.169.148.186:0] script '/domains/acagolf1/wp-load.php' not found or unable to stat
[Fri Feb 13 01:20:07.570387 2026] [php:error] [pid 98858] [client 52.169.148.186:0] script '/domains/acagolf1/item.php' not found or unable to stat
[Fri Feb 13 01:20:07.643197 2026] [php:error] [pid 98858] [client 52.169.148.186:0] script '/domains/acagolf1/wp-tot.php' not found or unable to stat
[Fri Feb 13 01:20:07.716162 2026] [php:error] [pid 98858] [client 52.169.148.186:0] script '/domains/acagolf1/classwithtostring.php' not found or unable to stat
[Fri Feb 13 01:20:07.789542 2026] [php:error] [pid 98858] [client 52.169.148.186:0] script '/domains/acagolf1/xx.php' not found or unable to stat
[Fri Feb 13 01:20:07.862601 2026] [php:error] [pid 98858] [client 52.169.148.186:0] script '/domains/acagolf1/wbbw.php' not found or unable to stat
[Fri Feb 13 01:20:07.949996 2026] [php:error] [pid 98858] [client 52.169.148.186:0] script '/domains/acagolf1/akcc.php' not found or unable to stat
[Fri Feb 13 01:20:08.023117 2026] [php:error] [pid 98858] [client 52.169.148.186:0] script '/domains/acagolf1/acxx.php' not found or unable to stat
[Fri Feb 13 01:20:08.096354 2026] [php:error] [pid 98858] [client 52.169.148.186:0] script '/domains/acagolf1/x7.php' not found or unable to stat
[Fri Feb 13 01:20:08.169547 2026] [php:error] [pid 98858] [client 52.169.148.186:0] script '/domains/acagolf1/menu.php' not found or unable to stat
[Fri Feb 13 01:20:08.317219 2026] [php:error] [pid 98858] [client 52.169.148.186:0] script '/domains/acagolf1/class.php' not found or unable to stat
[Fri Feb 13 01:20:08.390417 2026] [php:error] [pid 98858] [client 52.169.148.186:0] script '/domains/acagolf1/test1.php' not found or unable to stat
[Fri Feb 13 01:20:08.464281 2026] [php:error] [pid 98858] [client 52.169.148.186:0] script '/domains/acagolf1/css/radio.php' not found or unable to stat
[Fri Feb 13 01:20:08.541010 2026] [php:error] [pid 98858] [client 52.169.148.186:0] script '/domains/acagolf1/img.php' not found or unable to stat
[Fri Feb 13 01:20:08.682910 2026] [rewrite:error] [pid 98868] [client 17.241.219.207:0] AH10508: Unsafe URL with %3f URL rewritten without UnsafeAllow3F
[Fri Feb 13 01:20:08.759563 2026] [php:error] [pid 98858] [client 52.169.148.186:0] script '/domains/acagolf1/sim.php' not found or unable to stat
