[Fri Feb 13 03:05:48.530110 2026] [php:error] [pid 17181] [client 165.22.56.111:0] script '/domains/markrose/eviltwin.php' not found or unable to stat, referer: www.google.com
[Fri Feb 13 03:05:48.532656 2026] [php:error] [pid 17188] [client 165.22.56.111:0] script '/domains/markrose/docindex.php' not found or unable to stat, referer: www.google.com
[Fri Feb 13 03:05:48.597267 2026] [php:error] [pid 17168] [client 165.22.56.111:0] script '/domains/markrose/e.php' not found or unable to stat, referer: www.google.com
[Fri Feb 13 03:05:48.655174 2026] [php:error] [pid 17196] [client 165.22.56.111:0] script '/domains/markrose/evil.php' not found or unable to stat, referer: www.google.com
[Fri Feb 13 03:05:48.754108 2026] [php:error] [pid 17193] [client 165.22.56.111:0] script '/domains/markrose/file.php' not found or unable to stat, referer: www.google.com
[Fri Feb 13 03:05:48.777708 2026] [php:error] [pid 17188] [client 165.22.56.111:0] script '/domains/markrose/fox.php' not found or unable to stat, referer: www.google.com
[Fri Feb 13 03:05:48.782001 2026] [php:error] [pid 17181] [client 165.22.56.111:0] script '/domains/markrose/foxwso.php' not found or unable to stat, referer: www.google.com
[Fri Feb 13 03:05:48.856025 2026] [php:error] [pid 17168] [client 165.22.56.111:0] script '/domains/markrose/gel4y.php' not found or unable to stat, referer: www.google.com
[Fri Feb 13 03:05:48.883106 2026] [php:error] [pid 17196] [client 165.22.56.111:0] script '/domains/markrose/gelay.php' not found or unable to stat, referer: www.google.com
[Fri Feb 13 03:05:48.898809 2026] [php:error] [pid 17194] [client 165.22.56.111:0] script '/domains/markrose/indoxploit.php' not found or unable to stat, referer: www.google.com
[Fri Feb 13 03:05:48.931169 2026] [php:error] [pid 17158] [client 165.22.56.111:0] script '/domains/markrose/init.php' not found or unable to stat, referer: www.google.com
[Fri Feb 13 03:05:48.949954 2026] [php:error] [pid 17198] [client 165.22.56.111:0] script '/domains/markrose/fierza.php' not found or unable to stat, referer: www.google.com
[Fri Feb 13 03:05:48.950020 2026] [php:error] [pid 17197] [client 165.22.56.111:0] script '/domains/markrose/marijuana.php' not found or unable to stat, referer: www.google.com
[Fri Feb 13 03:05:48.950909 2026] [php:error] [pid 17199] [client 165.22.56.111:0] script '/domains/markrose/load.php' not found or unable to stat, referer: www.google.com
[Fri Feb 13 03:05:48.952647 2026] [php:error] [pid 17200] [client 165.22.56.111:0] script '/domains/markrose/var.php' not found or unable to stat, referer: www.google.com
[Fri Feb 13 03:05:48.953289 2026] [php:error] [pid 17201] [client 165.22.56.111:0] script '/domains/markrose/alpha.php' not found or unable to stat, referer: www.google.com
[Fri Feb 13 03:05:48.954966 2026] [php:error] [pid 17202] [client 165.22.56.111:0] script '/domains/markrose/foxx.php' not found or unable to stat, referer: www.google.com
[Fri Feb 13 03:05:48.955973 2026] [php:error] [pid 17203] [client 165.22.56.111:0] script '/domains/markrose/includes.php' not found or unable to stat, referer: www.google.com
[Fri Feb 13 03:05:48.957176 2026] [php:error] [pid 17204] [client 165.22.56.111:0] script '/domains/markrose/tonant.php' not found or unable to stat, referer: www.google.com
[Fri Feb 13 03:05:49.066561 2026] [php:error] [pid 17181] [client 165.22.56.111:0] script '/domains/markrose/lol.php' not found or unable to stat, referer: www.google.com
[Fri Feb 13 03:05:49.107710 2026] [php:error] [pid 17196] [client 165.22.56.111:0] script '/domains/markrose/m.php' not found or unable to stat, referer: www.google.com
[Fri Feb 13 03:05:49.160068 2026] [php:error] [pid 17194] [client 165.22.56.111:0] script '/domains/markrose/mar.php' not found or unable to stat, referer: www.google.com
[Fri Feb 13 03:05:49.165440 2026] [php:error] [pid 17158] [client 165.22.56.111:0] script '/domains/markrose/min.php' not found or unable to stat, referer: www.google.com
[Fri Feb 13 03:05:49.185679 2026] [php:error] [pid 17198] [client 165.22.56.111:0] script '/domains/markrose/mini.php' not found or unable to stat, referer: www.google.com
[Fri Feb 13 03:05:49.206778 2026] [php:error] [pid 17200] [client 165.22.56.111:0] script '/domains/markrose/yan.php' not found or unable to stat, referer: www.google.com
[Fri Feb 13 03:05:49.207879 2026] [php:error] [pid 17204] [client 165.22.56.111:0] script '/domains/markrose/minishell.php' not found or unable to stat, referer: www.google.com
[Fri Feb 13 03:05:49.222593 2026] [php:error] [pid 17201] [client 165.22.56.111:0] script '/domains/markrose/mrjn.php' not found or unable to stat, referer: www.google.com
[Fri Feb 13 03:05:49.231732 2026] [php:error] [pid 17203] [client 165.22.56.111:0] script '/domains/markrose/n.php' not found or unable to stat, referer: www.google.com
[Fri Feb 13 03:05:49.285748 2026] [php:error] [pid 17202] [client 165.22.56.111:0] script '/domains/markrose/new-index.php' not found or unable to stat, referer: www.google.com
[Fri Feb 13 03:05:49.353906 2026] [php:error] [pid 17196] [client 165.22.56.111:0] script '/domains/markrose/ninja.php' not found or unable to stat, referer: www.google.com
[Fri Feb 13 03:05:49.399381 2026] [php:error] [pid 17158] [client 165.22.56.111:0] script '/domains/markrose/old-index.php' not found or unable to stat, referer: www.google.com
[Fri Feb 13 03:05:49.400776 2026] [php:error] [pid 17194] [client 165.22.56.111:0] script '/domains/markrose/pref.php' not found or unable to stat, referer: www.google.com
[Fri Feb 13 03:05:49.440842 2026] [php:error] [pid 17204] [client 165.22.56.111:0] script '/domains/markrose/priv.php' not found or unable to stat, referer: www.google.com
[Fri Feb 13 03:05:49.670857 2026] [php:error] [pid 17204] [client 165.22.56.111:0] script '/domains/markrose/priv8.php' not found or unable to stat, referer: www.google.com
[Fri Feb 13 03:05:49.989502 2026] [php:error] [pid 17205] [client 165.22.56.111:0] script '/domains/markrose/gecko.php' not found or unable to stat, referer: www.google.com
[Fri Feb 13 03:05:49.994809 2026] [php:error] [pid 17207] [client 165.22.56.111:0] script '/domains/markrose/b.php' not found or unable to stat, referer: www.google.com
[Fri Feb 13 03:05:49.996787 2026] [php:error] [pid 17206] [client 165.22.56.111:0] script '/domains/markrose/xleet-shell.php' not found or unable to stat, referer: www.google.com
[Fri Feb 13 03:05:49.999951 2026] [php:error] [pid 17208] [client 165.22.56.111:0] script '/domains/markrose/cong.php' not found or unable to stat, referer: www.google.com
[Fri Feb 13 03:05:50.004671 2026] [php:error] [pid 17209] [client 165.22.56.111:0] script '/domains/markrose/config.php' not found or unable to stat, referer: www.google.com
[Fri Feb 13 03:05:50.007689 2026] [php:error] [pid 17210] [client 165.22.56.111:0] script '/domains/markrose/wp-key.php' not found or unable to stat, referer: www.google.com
[Fri Feb 13 03:05:50.014548 2026] [php:error] [pid 17212] [client 165.22.56.111:0] script '/domains/markrose/unknown.php' not found or unable to stat, referer: www.google.com
[Fri Feb 13 03:05:50.016066 2026] [php:error] [pid 17213] [client 165.22.56.111:0] script '/domains/markrose/tuco.php' not found or unable to stat, referer: www.google.com
[Fri Feb 13 03:05:50.018085 2026] [php:error] [pid 17214] [client 165.22.56.111:0] script '/domains/markrose/x.php' not found or unable to stat, referer: www.google.com
[Fri Feb 13 03:05:50.019871 2026] [php:error] [pid 17215] [client 165.22.56.111:0] script '/domains/markrose/w.php' not found or unable to stat, referer: www.google.com
[Fri Feb 13 03:05:50.020342 2026] [php:error] [pid 17216] [client 165.22.56.111:0] script '/domains/markrose/upload.php' not found or unable to stat, referer: www.google.com
[Fri Feb 13 03:05:50.023004 2026] [php:error] [pid 17217] [client 165.22.56.111:0] script '/domains/markrose/file_upload.php' not found or unable to stat, referer: www.google.com
[Fri Feb 13 03:05:50.023083 2026] [php:error] [pid 17218] [client 165.22.56.111:0] script '/domains/markrose/dump.php' not found or unable to stat, referer: www.google.com
[Fri Feb 13 03:05:50.024000 2026] [php:error] [pid 17219] [client 165.22.56.111:0] script '/domains/markrose/backup.php' not found or unable to stat, referer: www.google.com
[Fri Feb 13 03:05:50.027840 2026] [php:error] [pid 17220] [client 165.22.56.111:0] script '/domains/markrose/restore.php' not found or unable to stat, referer: www.google.com
[Fri Feb 13 03:05:50.146213 2026] [php:error] [pid 17194] [client 165.22.56.111:0] script '/domains/markrose/qindex.php' not found or unable to stat, referer: www.google.com
[Fri Feb 13 03:05:50.165842 2026] [php:error] [pid 17204] [client 165.22.56.111:0] script '/domains/markrose/r.php' not found or unable to stat, referer: www.google.com
[Fri Feb 13 03:05:50.317152 2026] [php:error] [pid 17213] [client 165.22.56.111:0] script '/domains/markrose/rex.php' not found or unable to stat, referer: www.google.com
[Fri Feb 13 03:05:50.327300 2026] [php:error] [pid 17209] [client 165.22.56.111:0] script '/domains/markrose/root.php' not found or unable to stat, referer: www.google.com
[Fri Feb 13 03:05:50.341403 2026] [php:error] [pid 17211] [client 165.22.56.111:0] script '/domains/markrose/s.php' not found or unable to stat, referer: www.google.com
[Fri Feb 13 03:05:50.360993 2026] [php:error] [pid 17220] [client 165.22.56.111:0] script '/domains/markrose/shell20211028.php' not found or unable to stat, referer: www.google.com
[Fri Feb 13 03:05:50.492945 2026] [php:error] [pid 17204] [client 165.22.56.111:0] script '/domains/markrose/shells.php' not found or unable to stat, referer: www.google.com
[Fri Feb 13 03:05:50.511980 2026] [php:error] [pid 17194] [client 165.22.56.111:0] script '/domains/markrose/sql.php' not found or unable to stat, referer: www.google.com
[Fri Feb 13 03:05:50.520939 2026] [php:error] [pid 17218] [client 165.22.56.111:0] script '/domains/markrose/srx.php' not found or unable to stat, referer: www.google.com
[Fri Feb 13 03:05:50.586924 2026] [php:error] [pid 17211] [client 165.22.56.111:0] script '/domains/markrose/sym.php' not found or unable to stat, referer: www.google.com
[Fri Feb 13 03:05:50.720342 2026] [php:error] [pid 17220] [client 165.22.56.111:0] script '/domains/markrose/sym403.php' not found or unable to stat, referer: www.google.com
[Fri Feb 13 03:05:50.758584 2026] [php:error] [pid 17218] [client 165.22.56.111:0] script '/domains/markrose/t.php' not found or unable to stat, referer: www.google.com
[Fri Feb 13 03:05:50.815859 2026] [php:error] [pid 17211] [client 165.22.56.111:0] script '/domains/markrose/tes.php' not found or unable to stat, referer: www.google.com
[Fri Feb 13 03:05:50.926692 2026] [php:error] [pid 17194] [client 165.22.56.111:0] script '/domains/markrose/indosec.php' not found or unable to stat, referer: www.google.com
[Fri Feb 13 03:05:51.009368 2026] [php:error] [pid 17218] [client 165.22.56.111:0] script '/domains/markrose/twin.php' not found or unable to stat, referer: www.google.com
[Fri Feb 13 03:05:51.052254 2026] [php:error] [pid 17211] [client 165.22.56.111:0] script '/domains/markrose/u.php' not found or unable to stat, referer: www.google.com
[Fri Feb 13 03:05:51.093542 2026] [php:error] [pid 17221] [client 165.22.56.111:0] script '/domains/markrose/logout.php' not found or unable to stat, referer: www.google.com
[Fri Feb 13 03:05:51.094036 2026] [php:error] [pid 17222] [client 165.22.56.111:0] script '/domains/markrose/session.php' not found or unable to stat, referer: www.google.com
[Fri Feb 13 03:05:51.100588 2026] [php:error] [pid 17223] [client 165.22.56.111:0] script '/domains/markrose/eval.php' not found or unable to stat, referer: www.google.com
[Fri Feb 13 03:05:51.106260 2026] [php:error] [pid 17224] [client 165.22.56.111:0] script '/domains/markrose/command.php' not found or unable to stat, referer: www.google.com
[Fri Feb 13 03:05:51.116851 2026] [php:error] [pid 17225] [client 165.22.56.111:0] script '/domains/markrose/cmd.php' not found or unable to stat, referer: www.google.com
[Fri Feb 13 03:05:51.125922 2026] [php:error] [pid 17226] [client 165.22.56.111:0] script '/domains/markrose/pi.php' not found or unable to stat, referer: www.google.com
[Fri Feb 13 03:05:51.138869 2026] [php:error] [pid 17227] [client 165.22.56.111:0] script '/domains/markrose/r00t.php' not found or unable to stat, referer: www.google.com
[Fri Feb 13 03:05:51.143077 2026] [php:error] [pid 17228] [client 165.22.56.111:0] script '/domains/markrose/abby.php' not found or unable to stat, referer: www.google.com
[Fri Feb 13 03:05:51.144871 2026] [php:error] [pid 17229] [client 165.22.56.111:0] script '/domains/markrose/anon.php' not found or unable to stat, referer: www.google.com
[Fri Feb 13 03:05:51.148058 2026] [php:error] [pid 17230] [client 165.22.56.111:0] script '/domains/markrose/anons79.php' not found or unable to stat, referer: www.google.com
[Fri Feb 13 03:05:51.153569 2026] [php:error] [pid 17231] [client 165.22.56.111:0] script '/domains/markrose/adm.php' not found or unable to stat, referer: www.google.com
[Fri Feb 13 03:05:51.215347 2026] [php:error] [pid 17194] [client 165.22.56.111:0] script '/domains/markrose/uploader.php' not found or unable to stat, referer: www.google.com
[Fri Feb 13 03:05:51.238535 2026] [php:error] [pid 17218] [client 165.22.56.111:0] script '/domains/markrose/vuln.php' not found or unable to stat, referer: www.google.com
[Fri Feb 13 03:05:51.246761 2026] [php:error] [pid 17220] [client 165.22.56.111:0] script '/domains/markrose/wp-2019.php' not found or unable to stat, referer: www.google.com
[Fri Feb 13 03:05:51.248099 2026] [php:error] [pid 17232] [client 20.251.41.113:0] script '/domains/system_default/security.php' not found or unable to stat
[Fri Feb 13 03:05:51.317675 2026] [php:error] [pid 17221] [client 165.22.56.111:0] script '/domains/markrose/wp-admin.php' not found or unable to stat, referer: www.google.com
[Fri Feb 13 03:05:51.320439 2026] [php:error] [pid 17222] [client 165.22.56.111:0] script '/domains/markrose/wp-info.php' not found or unable to stat, referer: www.google.com
[Fri Feb 13 03:05:51.322939 2026] [php:error] [pid 17211] [client 165.22.56.111:0] script '/domains/markrose/wp-mails.php' not found or unable to stat, referer: www.google.com
[Fri Feb 13 03:05:51.330329 2026] [php:error] [pid 17223] [client 165.22.56.111:0] script '/domains/markrose/wp-one.php' not found or unable to stat, referer: www.google.com
[Fri Feb 13 03:05:51.343840 2026] [php:error] [pid 17225] [client 165.22.56.111:0] script '/domains/markrose/mari.php' not found or unable to stat, referer: www.google.com
[Fri Feb 13 03:05:51.345009 2026] [php:error] [pid 17224] [client 165.22.56.111:0] script '/domains/markrose/wp-plugins.php' not found or unable to stat, referer: www.google.com
[Fri Feb 13 03:05:51.366516 2026] [php:error] [pid 17227] [client 165.22.56.111:0] script '/domains/markrose/wp-rss.php' not found or unable to stat, referer: www.google.com
[Fri Feb 13 03:05:51.463716 2026] [php:error] [pid 17218] [client 165.22.56.111:0] script '/domains/markrose/wp-site.php' not found or unable to stat, referer: www.google.com
[Fri Feb 13 03:05:51.467730 2026] [php:error] [pid 17194] [client 165.22.56.111:0] script '/domains/markrose/wp-system.php' not found or unable to stat, referer: www.google.com
[Fri Feb 13 03:05:51.540723 2026] [php:error] [pid 17221] [client 165.22.56.111:0] script '/domains/markrose/wp-title.php' not found or unable to stat, referer: www.google.com
[Fri Feb 13 03:05:51.550269 2026] [php:error] [pid 17211] [client 165.22.56.111:0] script '/domains/markrose/wp.php' not found or unable to stat, referer: www.google.com
[Fri Feb 13 03:05:51.556147 2026] [php:error] [pid 17223] [client 165.22.56.111:0] script '/domains/markrose/wpindex.php' not found or unable to stat, referer: www.google.com
[Fri Feb 13 03:05:51.564612 2026] [php:error] [pid 17222] [client 165.22.56.111:0] script '/domains/markrose/wsanon.php' not found or unable to stat, referer: www.google.com
[Fri Feb 13 03:05:51.574064 2026] [php:error] [pid 17225] [client 165.22.56.111:0] script '/domains/markrose/WSO.php' not found or unable to stat, referer: www.google.com
[Fri Feb 13 03:05:51.758563 2026] [php:error] [pid 17218] [client 165.22.56.111:0] script '/domains/markrose/wso.php' not found or unable to stat, referer: www.google.com
[Fri Feb 13 03:05:51.824856 2026] [php:error] [pid 17222] [client 165.22.56.111:0] script '/domains/markrose/wso2.php' not found or unable to stat, referer: www.google.com
[Fri Feb 13 03:05:51.993122 2026] [php:error] [pid 17218] [client 165.22.56.111:0] script '/domains/markrose/eagle.php' not found or unable to stat, referer: www.google.com
[Fri Feb 13 03:05:52.049969 2026] [php:error] [pid 17222] [client 165.22.56.111:0] script '/domains/markrose/xindex.php' not found or unable to stat, referer: www.google.com
[Fri Feb 13 03:05:52.176938 2026] [php:error] [pid 17225] [client 165.22.56.111:0] script '/domains/markrose/xleet.php' not found or unable to stat, referer: www.google.com
[Fri Feb 13 03:05:52.234199 2026] [php:error] [pid 17218] [client 165.22.56.111:0] script '/domains/markrose/y.php' not found or unable to stat, referer: www.google.com
[Fri Feb 13 03:05:52.265447 2026] [php:error] [pid 17223] [client 165.22.56.111:0] script '/domains/markrose/z.php' not found or unable to stat, referer: www.google.com
[Fri Feb 13 03:05:52.299226 2026] [php:error] [pid 17222] [client 165.22.56.111:0] script '/domains/markrose/zk.php' not found or unable to stat, referer: www.google.com
[Fri Feb 13 03:05:52.322316 2026] [php:error] [pid 17211] [client 165.22.56.111:0] script '/domains/markrose/zone.php' not found or unable to stat, referer: www.google.com
[Fri Feb 13 03:05:52.470809 2026] [php:error] [pid 17218] [client 165.22.56.111:0] script '/domains/markrose/zx.php' not found or unable to stat, referer: www.google.com
[Fri Feb 13 03:05:52.537794 2026] [php:error] [pid 17222] [client 165.22.56.111:0] script '/domains/markrose/symlink.php' not found or unable to stat, referer: www.google.com
[Fri Feb 13 03:05:52.548470 2026] [php:error] [pid 17232] [client 20.251.41.113:0] script '/domains/system_default/class.php' not found or unable to stat
[Fri Feb 13 03:05:52.574571 2026] [php:error] [pid 17211] [client 165.22.56.111:0] script '/domains/markrose/c99.php' not found or unable to stat, referer: www.google.com
[Fri Feb 13 03:05:52.580969 2026] [php:error] [pid 17223] [client 165.22.56.111:0] script '/domains/markrose/ok.php' not found or unable to stat, referer: www.google.com
[Fri Feb 13 03:05:52.603164 2026] [php:error] [pid 17225] [client 165.22.56.111:0] script '/domains/markrose/2.php' not found or unable to stat, referer: www.google.com
[Fri Feb 13 03:05:52.653969 2026] [php:error] [pid 17232] [client 20.251.41.113:0] script '/domains/system_default/bless5.php' not found or unable to stat
[Fri Feb 13 03:05:52.852073 2026] [php:error] [pid 17225] [client 165.22.56.111:0] script '/domains/markrose/3.php' not found or unable to stat, referer: www.google.com
[Fri Feb 13 03:05:52.961274 2026] [php:error] [pid 17232] [client 20.251.41.113:0] script '/domains/system_default/lock360.php' not found or unable to stat
[Fri Feb 13 03:05:53.076058 2026] [php:error] [pid 17232] [client 20.251.41.113:0] script '/domains/system_default/f35.php' not found or unable to stat
[Fri Feb 13 03:05:53.142920 2026] [php:error] [pid 17225] [client 165.22.56.111:0] script '/domains/markrose/4.php' not found or unable to stat, referer: www.google.com
[Fri Feb 13 03:05:53.172575 2026] [php:error] [pid 17232] [client 20.251.41.113:0] script '/domains/system_default/ioxi-o1.php' not found or unable to stat
[Fri Feb 13 03:05:53.181335 2026] [php:error] [pid 17223] [client 165.22.56.111:0] script '/domains/markrose/6.php' not found or unable to stat, referer: www.google.com
[Fri Feb 13 03:05:53.294885 2026] [php:error] [pid 17232] [client 20.251.41.113:0] script '/domains/system_default/juuuu.php' not found or unable to stat
[Fri Feb 13 03:05:53.390510 2026] [php:error] [pid 17232] [client 20.251.41.113:0] script '/domains/system_default/ha.php' not found or unable to stat
[Fri Feb 13 03:05:53.436606 2026] [php:error] [pid 17223] [client 165.22.56.111:0] script '/domains/markrose/7.php' not found or unable to stat, referer: www.google.com
[Fri Feb 13 03:05:53.490366 2026] [php:error] [pid 17232] [client 20.251.41.113:0] script '/domains/system_default/gg.php' not found or unable to stat
[Fri Feb 13 03:05:53.518813 2026] [php:error] [pid 17225] [client 165.22.56.111:0] script '/domains/markrose/8.php' not found or unable to stat, referer: www.google.com
[Fri Feb 13 03:05:53.594843 2026] [php:error] [pid 17232] [client 20.251.41.113:0] script '/domains/system_default/we2.php' not found or unable to stat
[Fri Feb 13 03:05:53.707918 2026] [php:error] [pid 17232] [client 20.251.41.113:0] script '/domains/system_default/04.php' not found or unable to stat
[Fri Feb 13 03:05:53.803432 2026] [php:error] [pid 17232] [client 20.251.41.113:0] script '/domains/system_default/333.php' not found or unable to stat
[Fri Feb 13 03:05:53.893448 2026] [php:error] [pid 17225] [client 165.22.56.111:0] script '/domains/markrose/9.php' not found or unable to stat, referer: www.google.com
[Fri Feb 13 03:05:53.930872 2026] [php:error] [pid 17232] [client 20.251.41.113:0] script '/domains/system_default/520.php' not found or unable to stat
[Fri Feb 13 03:05:53.965315 2026] [php:error] [pid 17223] [client 165.22.56.111:0] script '/domains/markrose/10.php' not found or unable to stat, referer: www.google.com
[Fri Feb 13 03:05:54.054003 2026] [php:error] [pid 17232] [client 20.251.41.113:0] script '/domains/system_default/ar.php' not found or unable to stat
[Fri Feb 13 03:05:54.149456 2026] [php:error] [pid 17232] [client 20.251.41.113:0] script '/domains/system_default/x.php' not found or unable to stat
[Fri Feb 13 03:05:54.341033 2026] [php:error] [pid 17223] [client 165.22.56.111:0] script '/domains/markrose/4lin.php' not found or unable to stat, referer: www.google.com
[Fri Feb 13 03:05:54.774776 2026] [php:error] [pid 17232] [client 20.251.41.113:0] script '/domains/system_default/xx.php' not found or unable to stat
[Fri Feb 13 03:05:54.894549 2026] [php:error] [pid 17232] [client 20.251.41.113:0] script '/domains/system_default/gifclass4.php' not found or unable to stat
[Fri Feb 13 03:05:55.015331 2026] [php:error] [pid 17232] [client 20.251.41.113:0] script '/domains/system_default/2clas.php' not found or unable to stat
[Fri Feb 13 03:05:55.485084 2026] [php:error] [pid 17232] [client 20.251.41.113:0] script '/domains/system_default/ave.php' not found or unable to stat
[Fri Feb 13 03:05:55.607922 2026] [php:error] [pid 17232] [client 20.251.41.113:0] script '/domains/system_default/wrt.php' not found or unable to stat
[Fri Feb 13 03:05:55.706041 2026] [php:error] [pid 17232] [client 20.251.41.113:0] script '/domains/system_default/bibil.php' not found or unable to stat
[Fri Feb 13 03:05:55.808722 2026] [php:error] [pid 17232] [client 20.251.41.113:0] script '/domains/system_default/radio.php' not found or unable to stat
[Fri Feb 13 03:05:55.932729 2026] [php:error] [pid 17232] [client 20.251.41.113:0] script '/domains/system_default/files.php' not found or unable to stat
[Fri Feb 13 03:05:56.160292 2026] [php:error] [pid 17232] [client 20.251.41.113:0] script '/domains/system_default/file7.php' not found or unable to stat
[Fri Feb 13 03:05:56.256368 2026] [php:error] [pid 17232] [client 20.251.41.113:0] script '/domains/system_default/gifclass.php' not found or unable to stat
[Fri Feb 13 03:05:56.458103 2026] [php:error] [pid 17240] [client 158.158.42.54:0] script '/domains/system_cancel/cvtcosue.php' not found or unable to stat
[Fri Feb 13 03:05:56.773639 2026] [php:error] [pid 17232] [client 20.251.41.113:0] script '/domains/system_default/nox.php' not found or unable to stat
[Fri Feb 13 03:05:56.869465 2026] [php:error] [pid 17232] [client 20.251.41.113:0] script '/domains/system_default/file48.php' not found or unable to stat
[Fri Feb 13 03:05:56.966845 2026] [php:error] [pid 17232] [client 20.251.41.113:0] script '/domains/system_default/info.php' not found or unable to stat
[Fri Feb 13 03:05:57.072898 2026] [php:error] [pid 17232] [client 20.251.41.113:0] script '/domains/system_default/class9.php' not found or unable to stat
[Fri Feb 13 03:05:57.095208 2026] [php:error] [pid 17240] [client 158.158.42.54:0] script '/domains/system_cancel/aer.php' not found or unable to stat
[Fri Feb 13 03:05:57.176545 2026] [php:error] [pid 17232] [client 20.251.41.113:0] script '/domains/system_default/la.php' not found or unable to stat
[Fri Feb 13 03:05:57.273732 2026] [php:error] [pid 17232] [client 20.251.41.113:0] script '/domains/system_default/bless11.php' not found or unable to stat
[Fri Feb 13 03:05:57.368820 2026] [php:error] [pid 17232] [client 20.251.41.113:0] script '/domains/system_default/ccou.php' not found or unable to stat
[Fri Feb 13 03:05:57.729858 2026] [php:error] [pid 17232] [client 20.251.41.113:0] script '/domains/system_default/ton.php' not found or unable to stat
[Fri Feb 13 03:05:57.826107 2026] [php:error] [pid 17232] [client 20.251.41.113:0] script '/domains/system_default/403.php' not found or unable to stat
[Fri Feb 13 03:05:57.923534 2026] [php:error] [pid 17232] [client 20.251.41.113:0] script '/domains/system_default/file9.php' not found or unable to stat
[Fri Feb 13 03:05:58.037339 2026] [php:error] [pid 17232] [client 20.251.41.113:0] script '/domains/system_default/ac.php' not found or unable to stat
[Fri Feb 13 03:05:58.132691 2026] [php:error] [pid 17232] [client 20.251.41.113:0] script '/domains/system_default/new4.php' not found or unable to stat
[Fri Feb 13 03:05:58.228383 2026] [php:error] [pid 17232] [client 20.251.41.113:0] script '/domains/system_default/pop.php' not found or unable to stat
[Fri Feb 13 03:05:58.323849 2026] [php:error] [pid 17232] [client 20.251.41.113:0] script '/domains/system_default/az.php' not found or unable to stat
[Fri Feb 13 03:05:58.781295 2026] [php:error] [pid 17232] [client 20.251.41.113:0] script '/domains/system_default/xaz.php' not found or unable to stat
[Fri Feb 13 03:05:58.876596 2026] [php:error] [pid 17232] [client 20.251.41.113:0] script '/domains/system_default/up4.php' not found or unable to stat
[Fri Feb 13 03:05:58.971955 2026] [php:error] [pid 17232] [client 20.251.41.113:0] script '/domains/system_default/1aa.php' not found or unable to stat
[Fri Feb 13 03:05:59.073017 2026] [php:error] [pid 17232] [client 20.251.41.113:0] script '/domains/system_default/elp.php' not found or unable to stat
[Fri Feb 13 03:06:01.149821 2026] [php:error] [pid 17232] [client 20.251.41.113:0] script '/domains/system_default/wtz.php' not found or unable to stat
[Fri Feb 13 03:06:01.247105 2026] [php:error] [pid 17232] [client 20.251.41.113:0] script '/domains/system_default/galex.php' not found or unable to stat
[Fri Feb 13 03:06:01.342552 2026] [php:error] [pid 17232] [client 20.251.41.113:0] script '/domains/system_default/xb.php' not found or unable to stat
[Fri Feb 13 03:06:01.437984 2026] [php:error] [pid 17232] [client 20.251.41.113:0] script '/domains/system_default/ova.php' not found or unable to stat
[Fri Feb 13 03:06:01.565595 2026] [php:error] [pid 17232] [client 20.251.41.113:0] script '/domains/system_default/vx.php' not found or unable to stat
[Fri Feb 13 03:06:01.662220 2026] [php:error] [pid 17232] [client 20.251.41.113:0] script '/domains/system_default/rh.php' not found or unable to stat
[Fri Feb 13 03:06:33.153127 2026] [php:error] [pid 17204] [client 20.199.186.0:0] script '/domains/pmglobal/24.php' not found or unable to stat
[Fri Feb 13 03:06:38.299119 2026] [php:error] [pid 17221] [client 150.223.192.24:0] script '/domains/agribiz/1234.php' not found or unable to stat, referer: http://www.agribusinesscouncil.org/1234.php
[Fri Feb 13 03:07:19.782640 2026] [php:error] [pid 17258] [client 158.158.42.54:0] script '/domains/system_suspended/88.php' not found or unable to stat
[Fri Feb 13 03:07:19.866012 2026] [php:error] [pid 17258] [client 158.158.42.54:0] script '/domains/system_suspended/pass4.php' not found or unable to stat
[Fri Feb 13 03:07:19.955388 2026] [php:error] [pid 17258] [client 158.158.42.54:0] script '/domains/system_suspended/php8.php' not found or unable to stat
[Fri Feb 13 03:07:20.052019 2026] [php:error] [pid 17258] [client 158.158.42.54:0] script '/domains/system_suspended/cvtcosue.php' not found or unable to stat
[Fri Feb 13 03:07:20.382135 2026] [php:error] [pid 17258] [client 158.158.42.54:0] script '/domains/system_suspended/gm.php' not found or unable to stat
[Fri Feb 13 03:07:20.465658 2026] [php:error] [pid 17258] [client 158.158.42.54:0] script '/domains/system_suspended/1a.php' not found or unable to stat
[Fri Feb 13 03:07:20.548817 2026] [php:error] [pid 17258] [client 158.158.42.54:0] script '/domains/system_suspended/aer.php' not found or unable to stat
[Fri Feb 13 03:07:20.631862 2026] [php:error] [pid 17258] [client 158.158.42.54:0] script '/domains/system_suspended/f6.php' not found or unable to stat
[Fri Feb 13 03:07:20.715563 2026] [php:error] [pid 17258] [client 158.158.42.54:0] script '/domains/system_suspended/667.php' not found or unable to stat
[Fri Feb 13 03:07:20.799041 2026] [php:error] [pid 17258] [client 158.158.42.54:0] script '/domains/system_suspended/kma.php' not found or unable to stat
[Fri Feb 13 03:07:20.899768 2026] [php:error] [pid 17258] [client 158.158.42.54:0] script '/domains/system_suspended/kimono.php' not found or unable to stat
[Fri Feb 13 03:07:29.412162 2026] [rewrite:error] [pid 17223] [client 17.246.19.154:0] AH10508: Unsafe URL with %3f URL rewritten without UnsafeAllow3F
[Fri Feb 13 03:08:19.047289 2026] [rewrite:error] [pid 17262] [client 17.246.23.27:0] AH10508: Unsafe URL with %3f URL rewritten without UnsafeAllow3F
[Fri Feb 13 03:08:21.451360 2026] [php:error] [pid 17174] [client 34.90.87.180:0] script '/domains/hdickens.enteract/kmnj.php' not found or unable to stat
[Fri Feb 13 03:09:12.747283 2026] [php:error] [pid 17223] [client 34.6.35.202:0] script '/domains/brenties/ygrf.php' not found or unable to stat
[Fri Feb 13 03:10:00.977257 2026] [php:error] [pid 17278] [client 45.132.227.169:0] script '/domains/byardrealestate/xmlrpc.php' not found or unable to stat
[Fri Feb 13 03:10:09.822245 2026] [php:error] [pid 17284] [client 158.158.100.90:0] script '/domains/system_default/24.php' not found or unable to stat
[Fri Feb 13 03:10:37.814523 2026] [php:error] [pid 17275] [client 74.248.153.203:0] script '/domains/system_suspended/24.php' not found or unable to stat
[Fri Feb 13 03:11:11.514022 2026] [php:error] [pid 17297] [client 51.120.70.159:0] script '/domains/efusion1/d.php' not found or unable to stat
[Fri Feb 13 03:11:11.627264 2026] [php:error] [pid 17297] [client 51.120.70.159:0] script '/domains/efusion1/a4.php' not found or unable to stat
[Fri Feb 13 03:11:11.734001 2026] [php:error] [pid 17297] [client 51.120.70.159:0] script '/domains/efusion1/lp6.php' not found or unable to stat
[Fri Feb 13 03:11:11.830824 2026] [php:error] [pid 17297] [client 51.120.70.159:0] script '/domains/efusion1/core.php' not found or unable to stat
[Fri Feb 13 03:11:11.927292 2026] [php:error] [pid 17297] [client 51.120.70.159:0] script '/domains/efusion1/mini.php' not found or unable to stat
[Fri Feb 13 03:11:12.030581 2026] [php:error] [pid 17297] [client 51.120.70.159:0] script '/domains/efusion1/222.php' not found or unable to stat
[Fri Feb 13 03:11:12.135361 2026] [php:error] [pid 17297] [client 51.120.70.159:0] script '/domains/efusion1/inputs.php' not found or unable to stat
[Fri Feb 13 03:11:12.232307 2026] [php:error] [pid 17297] [client 51.120.70.159:0] script '/domains/efusion1/2.php' not found or unable to stat
[Fri Feb 13 03:11:12.335197 2026] [php:error] [pid 17297] [client 51.120.70.159:0] script '/domains/efusion1/sim.php' not found or unable to stat
[Fri Feb 13 03:11:12.445923 2026] [php:error] [pid 17297] [client 51.120.70.159:0] script '/domains/efusion1/ff.php' not found or unable to stat
[Fri Feb 13 03:11:12.546093 2026] [php:error] [pid 17297] [client 51.120.70.159:0] script '/domains/efusion1/css.php' not found or unable to stat
[Fri Feb 13 03:11:12.649578 2026] [php:error] [pid 17297] [client 51.120.70.159:0] script '/domains/efusion1/x.php' not found or unable to stat
[Fri Feb 13 03:11:12.746216 2026] [php:error] [pid 17297] [client 51.120.70.159:0] script '/domains/efusion1/ans.php' not found or unable to stat
[Fri Feb 13 03:11:12.842980 2026] [php:error] [pid 17297] [client 51.120.70.159:0] script '/domains/efusion1/0.php' not found or unable to stat
[Fri Feb 13 03:11:12.941062 2026] [php:error] [pid 17297] [client 51.120.70.159:0] script '/domains/efusion1/a.php' not found or unable to stat
[Fri Feb 13 03:11:13.038456 2026] [php:error] [pid 17297] [client 51.120.70.159:0] script '/domains/efusion1/new.php' not found or unable to stat
[Fri Feb 13 03:11:13.259645 2026] [php:error] [pid 17297] [client 51.120.70.159:0] script '/domains/efusion1/alfa.php' not found or unable to stat
[Fri Feb 13 03:11:13.474207 2026] [php:error] [pid 17297] [client 51.120.70.159:0] script '/domains/efusion1/el.php' not found or unable to stat
[Fri Feb 13 03:11:13.595073 2026] [php:error] [pid 17297] [client 51.120.70.159:0] script '/domains/efusion1/t.php' not found or unable to stat
[Fri Feb 13 03:11:13.691704 2026] [php:error] [pid 17297] [client 51.120.70.159:0] script '/domains/efusion1/first.php' not found or unable to stat
[Fri Feb 13 03:11:13.798625 2026] [php:error] [pid 17297] [client 51.120.70.159:0] script '/domains/efusion1/acp.php' not found or unable to stat
[Fri Feb 13 03:11:13.899155 2026] [php:error] [pid 17297] [client 51.120.70.159:0] script '/domains/efusion1/e.php' not found or unable to stat
[Fri Feb 13 03:11:14.009491 2026] [php:error] [pid 17297] [client 51.120.70.159:0] script '/domains/efusion1/info.php' not found or unable to stat
[Fri Feb 13 03:11:14.114339 2026] [php:error] [pid 17297] [client 51.120.70.159:0] script '/domains/efusion1/ot.php' not found or unable to stat
[Fri Feb 13 03:11:14.396341 2026] [php:error] [pid 17297] [client 51.120.70.159:0] script '/domains/efusion1/test.php' not found or unable to stat
[Fri Feb 13 03:11:14.493274 2026] [php:error] [pid 17297] [client 51.120.70.159:0] script '/domains/efusion1/pass.php' not found or unable to stat
[Fri Feb 13 03:11:48.611399 2026] [php:error] [pid 17311] [client 20.234.88.224:0] script '/domains/system_default/24.php' not found or unable to stat
[Fri Feb 13 03:12:02.640231 2026] [php:error] [pid 17284] [client 20.43.58.219:0] script '/domains/system_default/24.php' not found or unable to stat
[Fri Feb 13 03:12:06.261319 2026] [php:error] [pid 17318] [client 149.102.234.12:0] script '/domains/tamara1/xmlrpc.php' not found or unable to stat
[Fri Feb 13 03:12:25.018837 2026] [php:error] [pid 17325] [client 34.6.191.205:0] script '/domains/brenties/ygrf.php' not found or unable to stat
[Fri Feb 13 03:12:36.967284 2026] [php:error] [pid 17284] [client 20.205.115.105:0] script '/domains/system_cancel/xa.php' not found or unable to stat
[Fri Feb 13 03:12:38.373892 2026] [php:error] [pid 17316] [client 20.205.115.105:0] script '/domains/system_cancel/indeex.php' not found or unable to stat
[Fri Feb 13 03:12:38.969817 2026] [php:error] [pid 17316] [client 20.205.115.105:0] script '/domains/system_cancel/ioxi1.php' not found or unable to stat
[Fri Feb 13 03:12:39.572844 2026] [php:error] [pid 17316] [client 20.205.115.105:0] script '/domains/system_cancel/alfashell.php' not found or unable to stat
[Fri Feb 13 03:12:40.179883 2026] [php:error] [pid 17316] [client 20.205.115.105:0] script '/domains/system_cancel/as.php' not found or unable to stat
[Fri Feb 13 03:12:40.379037 2026] [php:error] [pid 17316] [client 20.205.115.105:0] script '/domains/system_cancel/aaa.php' not found or unable to stat
[Fri Feb 13 03:12:40.577818 2026] [php:error] [pid 17316] [client 20.205.115.105:0] script '/domains/system_cancel/ccou.php' not found or unable to stat
[Fri Feb 13 03:12:42.391309 2026] [php:error] [pid 17316] [client 20.205.115.105:0] script '/domains/system_cancel/chosen.php' not found or unable to stat
[Fri Feb 13 03:12:42.997389 2026] [php:error] [pid 17316] [client 20.205.115.105:0] script '/domains/system_cancel/atomlib.php' not found or unable to stat
[Fri Feb 13 03:12:43.594833 2026] [php:error] [pid 17316] [client 20.205.115.105:0] script '/domains/system_cancel/autoload_classmap.php' not found or unable to stat
[Fri Feb 13 03:12:46.810310 2026] [php:error] [pid 17325] [client 20.205.115.105:0] script '/domains/system_cancel/ioxi-o.php' not found or unable to stat
[Fri Feb 13 03:12:47.807982 2026] [php:error] [pid 17325] [client 20.205.115.105:0] script '/domains/system_cancel/install.php' not found or unable to stat
[Fri Feb 13 03:12:50.797746 2026] [php:error] [pid 17316] [client 20.205.115.105:0] script '/domains/system_cancel/radio.php' not found or unable to stat
[Fri Feb 13 03:12:51.394476 2026] [php:error] [pid 17325] [client 20.205.115.105:0] script '/domains/system_cancel/class-t.api.php' not found or unable to stat
[Fri Feb 13 03:12:51.597333 2026] [php:error] [pid 17325] [client 20.205.115.105:0] script '/domains/system_cancel/themes.php' not found or unable to stat
[Fri Feb 13 03:12:51.796728 2026] [php:error] [pid 17325] [client 20.205.115.105:0] script '/domains/system_cancel/inputs.php' not found or unable to stat
[Fri Feb 13 03:12:53.591120 2026] [php:error] [pid 17325] [client 20.205.115.105:0] script '/domains/system_cancel/alfa.php' not found or unable to stat
[Fri Feb 13 03:12:55.585812 2026] [php:error] [pid 17316] [client 20.205.115.105:0] script '/domains/system_cancel/cwclass.php' not found or unable to stat
[Fri Feb 13 03:12:56.197757 2026] [php:error] [pid 17316] [client 20.205.115.105:0] script '/domains/system_cancel/tmpls.php' not found or unable to stat
[Fri Feb 13 03:12:57.192203 2026] [php:error] [pid 17316] [client 20.205.115.105:0] script '/domains/system_cancel/revision.php' not found or unable to stat
[Fri Feb 13 03:12:57.390367 2026] [php:error] [pid 17316] [client 20.205.115.105:0] script '/domains/system_cancel/environment.php' not found or unable to stat
[Fri Feb 13 03:12:57.588796 2026] [php:error] [pid 17316] [client 20.205.115.105:0] script '/domains/system_cancel/xmrlpc.php' not found or unable to stat
[Fri Feb 13 03:13:00.211695 2026] [php:error] [pid 17316] [client 20.205.115.105:0] script '/domains/system_cancel/a2.php' not found or unable to stat
[Fri Feb 13 03:13:00.812537 2026] [php:error] [pid 17316] [client 20.205.115.105:0] script '/domains/system_cancel/abc.php' not found or unable to stat
[Fri Feb 13 03:13:01.013632 2026] [php:error] [pid 17316] [client 20.205.115.105:0] script '/domains/system_cancel/aboutc.php' not found or unable to stat
[Fri Feb 13 03:13:01.212557 2026] [php:error] [pid 17316] [client 20.205.115.105:0] script '/domains/system_cancel/dropdown.php' not found or unable to stat
[Fri Feb 13 03:13:01.411410 2026] [php:error] [pid 17316] [client 20.205.115.105:0] script '/domains/system_cancel/about.php' not found or unable to stat
[Fri Feb 13 03:13:01.610272 2026] [php:error] [pid 17316] [client 20.205.115.105:0] script '/domains/system_cancel/content.php' not found or unable to stat
[Fri Feb 13 03:13:03.007071 2026] [php:error] [pid 17316] [client 20.205.115.105:0] script '/domains/system_cancel/item.php' not found or unable to stat
[Fri Feb 13 03:13:03.609683 2026] [php:error] [pid 17322] [client 20.205.115.105:0] script '/domains/system_cancel/classwithtostring.php' not found or unable to stat
[Fri Feb 13 03:13:03.809098 2026] [php:error] [pid 17322] [client 20.205.115.105:0] script '/domains/system_cancel/xx.php' not found or unable to stat
[Fri Feb 13 03:13:04.406344 2026] [php:error] [pid 17322] [client 20.205.115.105:0] script '/domains/system_cancel/akcc.php' not found or unable to stat
[Fri Feb 13 03:13:04.605666 2026] [php:error] [pid 17322] [client 20.205.115.105:0] script '/domains/system_cancel/acxx.php' not found or unable to stat
[Fri Feb 13 03:13:04.804693 2026] [php:error] [pid 17322] [client 20.205.115.105:0] script '/domains/system_cancel/x7.php' not found or unable to stat
[Fri Feb 13 03:13:05.006283 2026] [php:error] [pid 17322] [client 20.205.115.105:0] script '/domains/system_cancel/menu.php' not found or unable to stat
[Fri Feb 13 03:13:05.602932 2026] [php:error] [pid 17322] [client 20.205.115.105:0] script '/domains/system_cancel/class.php' not found or unable to stat
[Fri Feb 13 03:13:05.802083 2026] [php:error] [pid 17322] [client 20.205.115.105:0] script '/domains/system_cancel/test1.php' not found or unable to stat
[Fri Feb 13 03:13:06.205864 2026] [php:error] [pid 17322] [client 20.205.115.105:0] script '/domains/system_cancel/img.php' not found or unable to stat
[Fri Feb 13 03:13:08.794079 2026] [php:error] [pid 17322] [client 20.205.115.105:0] script '/domains/system_cancel/abcd.php' not found or unable to stat
[Fri Feb 13 03:13:08.993220 2026] [php:error] [pid 17322] [client 20.205.115.105:0] script '/domains/system_cancel/mode.php' not found or unable to stat
[Fri Feb 13 03:13:09.192131 2026] [php:error] [pid 17322] [client 20.205.115.105:0] script '/domains/system_cancel/asasx.php' not found or unable to stat
[Fri Feb 13 03:13:09.391651 2026] [php:error] [pid 17322] [client 20.205.115.105:0] script '/domains/system_cancel/dev1s.php' not found or unable to stat
[Fri Feb 13 03:13:09.989531 2026] [php:error] [pid 17322] [client 20.205.115.105:0] script '/domains/system_cancel/aq.php' not found or unable to stat
[Fri Feb 13 03:13:11.627359 2026] [php:error] [pid 17329] [client 20.205.115.105:0] script '/domains/system_cancel/elp.php' not found or unable to stat
[Fri Feb 13 03:13:12.244174 2026] [php:error] [pid 17329] [client 20.205.115.105:0] script '/domains/system_cancel/ty.php' not found or unable to stat
[Fri Feb 13 03:13:13.272752 2026] [php:error] [pid 17329] [client 20.205.115.105:0] script '/domains/system_cancel/tx1.php' not found or unable to stat
[Fri Feb 13 03:13:13.477132 2026] [php:error] [pid 17329] [client 20.205.115.105:0] script '/domains/system_cancel/xv.php' not found or unable to stat
[Fri Feb 13 03:13:13.682469 2026] [php:error] [pid 17329] [client 20.205.115.105:0] script '/domains/system_cancel/x56.php' not found or unable to stat
[Fri Feb 13 03:13:13.888964 2026] [php:error] [pid 17329] [client 20.205.115.105:0] script '/domains/system_cancel/htaccess.php' not found or unable to stat
[Fri Feb 13 03:13:14.093884 2026] [php:error] [pid 17329] [client 20.205.115.105:0] script '/domains/system_cancel/x50.php' not found or unable to stat
[Fri Feb 13 03:13:14.709572 2026] [php:error] [pid 17329] [client 20.205.115.105:0] script '/domains/system_cancel/lsd.php' not found or unable to stat
[Fri Feb 13 03:13:14.917230 2026] [php:error] [pid 17329] [client 20.205.115.105:0] script '/domains/system_cancel/atx.php' not found or unable to stat
[Fri Feb 13 03:13:15.520806 2026] [php:error] [pid 17332] [client 20.205.115.105:0] script '/domains/system_cancel/m.php' not found or unable to stat
[Fri Feb 13 03:13:15.720501 2026] [php:error] [pid 17332] [client 20.205.115.105:0] script '/domains/system_cancel/lv.php' not found or unable to stat
[Fri Feb 13 03:13:15.920792 2026] [php:error] [pid 17332] [client 20.205.115.105:0] script '/domains/system_cancel/css.php' not found or unable to stat
[Fri Feb 13 03:13:16.119872 2026] [php:error] [pid 17332] [client 20.205.115.105:0] script '/domains/system_cancel/cong.php' not found or unable to stat
[Fri Feb 13 03:13:19.530215 2026] [php:error] [pid 17332] [client 20.205.115.105:0] script '/domains/system_cancel/new4.php' not found or unable to stat
[Fri Feb 13 03:13:22.516135 2026] [php:error] [pid 17284] [client 158.158.107.194:0] script '/domains/amisol/24.php' not found or unable to stat
[Fri Feb 13 03:14:50.335839 2026] [php:error] [pid 22979] [client 45.3.36.253:0] script '/domains/piltdweb1/wp-login.php' not found or unable to stat
[Fri Feb 13 03:14:50.408657 2026] [php:error] [pid 17328] [client 216.26.232.110:0] script '/domains/piltdweb1/wp-login.php' not found or unable to stat
[Fri Feb 13 03:15:24.285876 2026] [php:error] [pid 22986] [client 145.239.10.137:0] script '/domains/rainho/gg.php' not found or unable to stat, referer: http://rainho.com/gg.php
[Fri Feb 13 03:15:24.292764 2026] [php:error] [pid 22987] [client 145.239.10.137:0] script '/domains/rainho/gt.php' not found or unable to stat, referer: http://rainho.com/gt.php
[Fri Feb 13 03:15:29.111271 2026] [php:error] [pid 22980] [client 172.213.222.67:0] script '/domains/agribiz/24.php' not found or unable to stat
[Fri Feb 13 03:15:44.644658 2026] [php:error] [pid 22989] [client 34.6.21.119:0] script '/domains/hdickens.enteract/kmnj.php' not found or unable to stat
[Fri Feb 13 03:16:06.066854 2026] [php:error] [pid 22978] [client 20.199.186.0:0] script '/domains/smartny/24.php' not found or unable to stat
[Fri Feb 13 03:17:18.921432 2026] [php:error] [pid 23007] [client 20.78.169.245:0] script '/domains/wsmith.enteract/rip.php' not found or unable to stat
[Fri Feb 13 03:17:19.089685 2026] [php:error] [pid 23007] [client 20.78.169.245:0] script '/domains/wsmith.enteract/ms-edit.php' not found or unable to stat
[Fri Feb 13 03:17:19.256195 2026] [php:error] [pid 23007] [client 20.78.169.245:0] script '/domains/wsmith.enteract/about.php' not found or unable to stat
[Fri Feb 13 03:17:19.767127 2026] [php:error] [pid 23007] [client 20.78.169.245:0] script '/domains/wsmith.enteract/admin.php' not found or unable to stat
[Fri Feb 13 03:17:19.932914 2026] [php:error] [pid 23007] [client 20.78.169.245:0] script '/domains/wsmith.enteract/ioxi-o.php' not found or unable to stat
[Fri Feb 13 03:17:20.264904 2026] [php:error] [pid 23007] [client 20.78.169.245:0] script '/domains/wsmith.enteract/adminfuns.php' not found or unable to stat
[Fri Feb 13 03:17:20.768735 2026] [php:error] [pid 23007] [client 20.78.169.245:0] script '/domains/wsmith.enteract/goods.php' not found or unable to stat
[Fri Feb 13 03:17:20.937030 2026] [php:error] [pid 23007] [client 20.78.169.245:0] script '/domains/wsmith.enteract/sf.php' not found or unable to stat
[Fri Feb 13 03:17:22.438165 2026] [php:error] [pid 23007] [client 20.78.169.245:0] script '/domains/wsmith.enteract/222.php' not found or unable to stat
[Fri Feb 13 03:17:22.604401 2026] [php:error] [pid 23007] [client 20.78.169.245:0] script '/domains/wsmith.enteract/abcd.php' not found or unable to stat
[Fri Feb 13 03:17:22.775821 2026] [php:error] [pid 23007] [client 20.78.169.245:0] script '/domains/wsmith.enteract/class-t.api.php' not found or unable to stat
[Fri Feb 13 03:17:22.941599 2026] [php:error] [pid 23007] [client 20.78.169.245:0] script '/domains/wsmith.enteract/classwithtostring.php' not found or unable to stat
[Fri Feb 13 03:17:23.107814 2026] [php:error] [pid 23007] [client 20.78.169.245:0] script '/domains/wsmith.enteract/file.php' not found or unable to stat
[Fri Feb 13 03:17:23.277675 2026] [php:error] [pid 23007] [client 20.78.169.245:0] script '/domains/wsmith.enteract/info.php' not found or unable to stat
[Fri Feb 13 03:17:24.612500 2026] [php:error] [pid 23007] [client 20.78.169.245:0] script '/domains/wsmith.enteract/wp-good.php' not found or unable to stat
[Fri Feb 13 03:17:29.393138 2026] [php:error] [pid 23012] [client 158.158.42.54:0] script '/domains/acagolf1/88.php' not found or unable to stat
[Fri Feb 13 03:17:29.475978 2026] [php:error] [pid 23012] [client 158.158.42.54:0] script '/domains/acagolf1/pass4.php' not found or unable to stat
[Fri Feb 13 03:17:29.559237 2026] [php:error] [pid 23012] [client 158.158.42.54:0] script '/domains/acagolf1/php8.php' not found or unable to stat
[Fri Feb 13 03:17:29.642376 2026] [php:error] [pid 23012] [client 158.158.42.54:0] script '/domains/acagolf1/cvtcosue.php' not found or unable to stat
[Fri Feb 13 03:17:29.747541 2026] [php:error] [pid 23012] [client 158.158.42.54:0] script '/domains/acagolf1/gm.php' not found or unable to stat
[Fri Feb 13 03:17:29.843563 2026] [php:error] [pid 23012] [client 158.158.42.54:0] script '/domains/acagolf1/1a.php' not found or unable to stat
[Fri Feb 13 03:17:29.929138 2026] [php:error] [pid 23012] [client 158.158.42.54:0] script '/domains/acagolf1/aer.php' not found or unable to stat
[Fri Feb 13 03:17:30.012360 2026] [php:error] [pid 23012] [client 158.158.42.54:0] script '/domains/acagolf1/f6.php' not found or unable to stat
[Fri Feb 13 03:17:30.095508 2026] [php:error] [pid 23012] [client 158.158.42.54:0] script '/domains/acagolf1/667.php' not found or unable to stat
[Fri Feb 13 03:17:30.178248 2026] [php:error] [pid 23012] [client 158.158.42.54:0] script '/domains/acagolf1/kma.php' not found or unable to stat
[Fri Feb 13 03:17:30.264576 2026] [php:error] [pid 23012] [client 158.158.42.54:0] script '/domains/acagolf1/kimono.php' not found or unable to stat
[Fri Feb 13 03:17:40.641001 2026] [core:crit] [pid 23004] (13)Permission denied: [client 54.235.158.162:0] AH00529: /domains/performancepartsinc/graphics/psd/.htaccess pcfg_openfile: unable to check htaccess file, ensure it is readable and that '/domains/performancepartsinc/graphics/psd/' is executable
[Fri Feb 13 03:18:47.226475 2026] [php:error] [pid 23036] [client 34.90.9.210:0] script '/domains/hdickens.enteract/kmnj.php' not found or unable to stat
[Fri Feb 13 03:19:01.469753 2026] [php:error] [pid 23028] [client 20.199.186.0:0] script '/domains/biehlweb/ws66.php' not found or unable to stat
[Fri Feb 13 03:19:01.569931 2026] [php:error] [pid 23028] [client 20.199.186.0:0] script '/domains/biehlweb/666.php' not found or unable to stat
