[Fri Feb 13 02:01:18.367272 2026] [php:error] [pid 4942] [client 20.199.107.218:0] script '/domains/amisol/alfashell.php' not found or unable to stat
[Fri Feb 13 02:01:18.581057 2026] [php:error] [pid 4942] [client 20.199.107.218:0] script '/domains/amisol/toine.php' not found or unable to stat
[Fri Feb 13 02:01:18.707778 2026] [php:error] [pid 4942] [client 20.199.107.218:0] script '/domains/amisol/snus.php' not found or unable to stat
[Fri Feb 13 02:01:18.802407 2026] [php:error] [pid 4942] [client 20.199.107.218:0] script '/domains/amisol/ZeLXoo.php' not found or unable to stat
[Fri Feb 13 02:01:18.945756 2026] [php:error] [pid 4942] [client 20.199.107.218:0] script '/domains/amisol/xda.php' not found or unable to stat
[Fri Feb 13 02:01:19.034415 2026] [php:error] [pid 4942] [client 20.199.107.218:0] script '/domains/amisol/er.php' not found or unable to stat
[Fri Feb 13 02:01:19.171184 2026] [php:error] [pid 4942] [client 20.199.107.218:0] script '/domains/amisol/fault.php' not found or unable to stat
[Fri Feb 13 02:01:19.278591 2026] [php:error] [pid 4942] [client 20.199.107.218:0] script '/domains/amisol/x2x.php' not found or unable to stat
[Fri Feb 13 02:01:19.391172 2026] [php:error] [pid 4942] [client 20.199.107.218:0] script '/domains/amisol/motu.php' not found or unable to stat
[Fri Feb 13 02:01:19.507117 2026] [php:error] [pid 4942] [client 20.199.107.218:0] script '/domains/amisol/66.php' not found or unable to stat
[Fri Feb 13 02:01:19.600753 2026] [php:error] [pid 4942] [client 20.199.107.218:0] script '/domains/amisol/leuk.php' not found or unable to stat
[Fri Feb 13 02:01:19.741939 2026] [php:error] [pid 4942] [client 20.199.107.218:0] script '/domains/amisol/xqq.php' not found or unable to stat
[Fri Feb 13 02:01:19.887105 2026] [php:error] [pid 4942] [client 20.199.107.218:0] script '/domains/amisol/kolda.php' not found or unable to stat
[Fri Feb 13 02:01:20.001530 2026] [php:error] [pid 4942] [client 20.199.107.218:0] script '/domains/amisol/nw.php' not found or unable to stat
[Fri Feb 13 02:01:20.090374 2026] [php:error] [pid 4942] [client 20.199.107.218:0] script '/domains/amisol/god.php' not found or unable to stat
[Fri Feb 13 02:01:20.256853 2026] [php:error] [pid 4942] [client 20.199.107.218:0] script '/domains/amisol/666.php' not found or unable to stat
[Fri Feb 13 02:01:20.350777 2026] [php:error] [pid 4942] [client 20.199.107.218:0] script '/domains/amisol/kj.php' not found or unable to stat
[Fri Feb 13 02:01:20.457682 2026] [php:error] [pid 4942] [client 20.199.107.218:0] script '/domains/amisol/un.php' not found or unable to stat
[Fri Feb 13 02:01:20.546220 2026] [php:error] [pid 4942] [client 20.199.107.218:0] script '/domains/amisol/fs.php' not found or unable to stat
[Fri Feb 13 02:01:20.648804 2026] [php:error] [pid 4942] [client 20.199.107.218:0] script '/domains/amisol/lts.php' not found or unable to stat
[Fri Feb 13 02:01:20.796647 2026] [php:error] [pid 4942] [client 20.199.107.218:0] script '/domains/amisol/ms.php' not found or unable to stat
[Fri Feb 13 02:01:20.896135 2026] [php:error] [pid 4942] [client 20.199.107.218:0] script '/domains/amisol/login8.php' not found or unable to stat
[Fri Feb 13 02:01:20.986453 2026] [php:error] [pid 4942] [client 20.199.107.218:0] script '/domains/amisol/nnyvn.php' not found or unable to stat
[Fri Feb 13 02:01:21.079954 2026] [php:error] [pid 4942] [client 20.199.107.218:0] script '/domains/amisol/cu.php' not found or unable to stat
[Fri Feb 13 02:01:21.280242 2026] [php:error] [pid 4942] [client 20.199.107.218:0] script '/domains/amisol/lul.php' not found or unable to stat
[Fri Feb 13 02:01:21.396671 2026] [php:error] [pid 4942] [client 20.199.107.218:0] script '/domains/amisol/0.php' not found or unable to stat
[Fri Feb 13 02:01:21.485557 2026] [php:error] [pid 4942] [client 20.199.107.218:0] script '/domains/amisol/ms-edit.php' not found or unable to stat
[Fri Feb 13 02:01:21.581084 2026] [php:error] [pid 4942] [client 20.199.107.218:0] script '/domains/amisol/ya.php' not found or unable to stat
[Fri Feb 13 02:01:21.669891 2026] [php:error] [pid 4942] [client 20.199.107.218:0] script '/domains/amisol/grsiuk.php' not found or unable to stat
[Fri Feb 13 02:01:21.780306 2026] [php:error] [pid 4942] [client 20.199.107.218:0] script '/domains/amisol/wp-blog.php' not found or unable to stat
[Fri Feb 13 02:01:21.872127 2026] [php:error] [pid 4942] [client 20.199.107.218:0] script '/domains/amisol/ftem.php' not found or unable to stat
[Fri Feb 13 02:01:21.961664 2026] [php:error] [pid 4942] [client 20.199.107.218:0] script '/domains/amisol/7wom.php' not found or unable to stat
[Fri Feb 13 02:01:22.051300 2026] [php:error] [pid 4942] [client 20.199.107.218:0] script '/domains/amisol/wp-access.php' not found or unable to stat
[Fri Feb 13 02:01:22.248114 2026] [php:error] [pid 4942] [client 20.199.107.218:0] script '/domains/amisol/a1vx.php' not found or unable to stat
[Fri Feb 13 02:01:22.361264 2026] [php:error] [pid 4942] [client 20.199.107.218:0] script '/domains/amisol/sbhu.php' not found or unable to stat
[Fri Feb 13 02:01:22.457454 2026] [php:error] [pid 4942] [client 20.199.107.218:0] script '/domains/amisol/wp-the.php' not found or unable to stat
[Fri Feb 13 02:01:22.649577 2026] [php:error] [pid 4942] [client 20.199.107.218:0] script '/domains/amisol/06.php' not found or unable to stat
[Fri Feb 13 02:01:22.743196 2026] [php:error] [pid 4942] [client 20.199.107.218:0] script '/domains/amisol/wp5.php' not found or unable to stat
[Fri Feb 13 02:01:22.863664 2026] [php:error] [pid 4942] [client 20.199.107.218:0] script '/domains/amisol/fot.php' not found or unable to stat
[Fri Feb 13 02:01:22.964339 2026] [php:error] [pid 4942] [client 20.199.107.218:0] script '/domains/amisol/ff1.php' not found or unable to stat
[Fri Feb 13 02:01:23.052886 2026] [php:error] [pid 4942] [client 20.199.107.218:0] script '/domains/amisol/forbidals.php' not found or unable to stat
[Fri Feb 13 02:01:23.221555 2026] [php:error] [pid 4942] [client 20.199.107.218:0] script '/domains/amisol/erty.php' not found or unable to stat
[Fri Feb 13 02:01:23.497586 2026] [php:error] [pid 4942] [client 20.199.107.218:0] script '/domains/amisol/dev1s.php' not found or unable to stat
[Fri Feb 13 02:01:23.720206 2026] [php:error] [pid 4942] [client 20.199.107.218:0] script '/domains/amisol/ffd.php' not found or unable to stat
[Fri Feb 13 02:01:23.809937 2026] [php:error] [pid 4942] [client 20.199.107.218:0] script '/domains/amisol/admiin.php' not found or unable to stat
[Fri Feb 13 02:01:23.945520 2026] [php:error] [pid 4942] [client 20.199.107.218:0] script '/domains/amisol/ol.php' not found or unable to stat
[Fri Feb 13 02:01:24.037378 2026] [php:error] [pid 4942] [client 20.199.107.218:0] script '/domains/amisol/Sanskrit.php' not found or unable to stat
[Fri Feb 13 02:01:24.192024 2026] [php:error] [pid 4942] [client 20.199.107.218:0] script '/domains/amisol/vxrl.php' not found or unable to stat
[Fri Feb 13 02:01:24.280784 2026] [php:error] [pid 4942] [client 20.199.107.218:0] script '/domains/amisol/re.php' not found or unable to stat
[Fri Feb 13 02:01:24.493723 2026] [php:error] [pid 4942] [client 20.199.107.218:0] script '/domains/amisol/num.php' not found or unable to stat
[Fri Feb 13 02:01:24.587530 2026] [php:error] [pid 4942] [client 20.199.107.218:0] script '/domains/amisol/axx.php' not found or unable to stat
[Fri Feb 13 02:01:24.675680 2026] [php:error] [pid 4942] [client 20.199.107.218:0] script '/domains/amisol/vxrl.php' not found or unable to stat
[Fri Feb 13 02:01:24.797882 2026] [php:error] [pid 4942] [client 20.199.107.218:0] script '/domains/amisol/in.php' not found or unable to stat
[Fri Feb 13 02:01:24.886602 2026] [php:error] [pid 4942] [client 20.199.107.218:0] script '/domains/amisol/style.php' not found or unable to stat
[Fri Feb 13 02:01:24.981543 2026] [php:error] [pid 4942] [client 20.199.107.218:0] script '/domains/amisol/we.php' not found or unable to stat
[Fri Feb 13 02:01:25.070557 2026] [php:error] [pid 4942] [client 20.199.107.218:0] script '/domains/amisol/zwso.php' not found or unable to stat
[Fri Feb 13 02:01:25.193766 2026] [php:error] [pid 4942] [client 20.199.107.218:0] script '/domains/amisol/karak.php' not found or unable to stat
[Fri Feb 13 02:01:25.335614 2026] [php:error] [pid 4942] [client 20.199.107.218:0] script '/domains/amisol/trd.php' not found or unable to stat
[Fri Feb 13 02:01:25.652694 2026] [php:error] [pid 4942] [client 20.199.107.218:0] script '/domains/amisol/past.php' not found or unable to stat
[Fri Feb 13 02:01:25.754450 2026] [php:error] [pid 4942] [client 20.199.107.218:0] script '/domains/amisol/prv8.php' not found or unable to stat
[Fri Feb 13 02:01:26.123196 2026] [php:error] [pid 4942] [client 20.199.107.218:0] script '/domains/amisol/i.php' not found or unable to stat
[Fri Feb 13 02:01:26.312546 2026] [php:error] [pid 4942] [client 20.199.107.218:0] script '/domains/amisol/xmlrpc.php' not found or unable to stat
[Fri Feb 13 02:01:26.408615 2026] [php:error] [pid 4942] [client 20.199.107.218:0] script '/domains/amisol/aw.php' not found or unable to stat
[Fri Feb 13 02:01:26.497265 2026] [php:error] [pid 4942] [client 20.199.107.218:0] script '/domains/amisol/dev.php' not found or unable to stat
[Fri Feb 13 02:01:26.599104 2026] [php:error] [pid 4942] [client 20.199.107.218:0] script '/domains/amisol/lock360.php' not found or unable to stat
[Fri Feb 13 02:01:26.628177 2026] [php:error] [pid 4937] [client 20.100.192.104:0] script '/domains/metrolighting/lp6.php' not found or unable to stat
[Fri Feb 13 02:01:26.692088 2026] [php:error] [pid 4942] [client 20.199.107.218:0] script '/domains/amisol/155.php' not found or unable to stat
[Fri Feb 13 02:01:26.724149 2026] [php:error] [pid 4937] [client 20.100.192.104:0] script '/domains/metrolighting/clasa99.php' not found or unable to stat
[Fri Feb 13 02:01:26.780900 2026] [php:error] [pid 4942] [client 20.199.107.218:0] script '/domains/amisol/goat.php' not found or unable to stat
[Fri Feb 13 02:01:26.820102 2026] [php:error] [pid 4937] [client 20.100.192.104:0] script '/domains/metrolighting/ph33w.php' not found or unable to stat
[Fri Feb 13 02:01:26.879977 2026] [php:error] [pid 4942] [client 20.199.107.218:0] script '/domains/amisol/tcp.php' not found or unable to stat
[Fri Feb 13 02:01:26.923237 2026] [php:error] [pid 4937] [client 20.100.192.104:0] script '/domains/metrolighting/errw.php' not found or unable to stat
[Fri Feb 13 02:01:26.969074 2026] [php:error] [pid 4942] [client 20.199.107.218:0] script '/domains/amisol/ext.php' not found or unable to stat
[Fri Feb 13 02:01:27.030580 2026] [php:error] [pid 4937] [client 20.100.192.104:0] script '/domains/metrolighting/assacc.php' not found or unable to stat
[Fri Feb 13 02:01:27.079057 2026] [php:error] [pid 4942] [client 20.199.107.218:0] script '/domains/amisol/inputs.php' not found or unable to stat
[Fri Feb 13 02:01:27.126997 2026] [php:error] [pid 4937] [client 20.100.192.104:0] script '/domains/metrolighting/Geforce.php' not found or unable to stat
[Fri Feb 13 02:01:27.185763 2026] [php:error] [pid 4942] [client 20.199.107.218:0] script '/domains/amisol/ioxi.php' not found or unable to stat
[Fri Feb 13 02:01:27.238795 2026] [php:error] [pid 4937] [client 20.100.192.104:0] script '/domains/metrolighting/cs.php' not found or unable to stat
[Fri Feb 13 02:01:27.334557 2026] [php:error] [pid 4937] [client 20.100.192.104:0] script '/domains/metrolighting/gettest.php' not found or unable to stat
[Fri Feb 13 02:01:27.348562 2026] [php:error] [pid 4942] [client 20.199.107.218:0] script '/domains/amisol/fe5.php' not found or unable to stat
[Fri Feb 13 02:01:27.431434 2026] [php:error] [pid 4937] [client 20.100.192.104:0] script '/domains/metrolighting/cv.php' not found or unable to stat
[Fri Feb 13 02:01:27.451931 2026] [php:error] [pid 4942] [client 20.199.107.218:0] script '/domains/amisol/ov.php' not found or unable to stat
[Fri Feb 13 02:01:27.527856 2026] [php:error] [pid 4937] [client 20.100.192.104:0] script '/domains/metrolighting/ma.php' not found or unable to stat
[Fri Feb 13 02:01:27.625195 2026] [php:error] [pid 4937] [client 20.100.192.104:0] script '/domains/metrolighting/ole.php' not found or unable to stat
[Fri Feb 13 02:01:27.651583 2026] [php:error] [pid 4942] [client 20.199.107.218:0] script '/domains/amisol/default.php' not found or unable to stat
[Fri Feb 13 02:01:27.722455 2026] [php:error] [pid 4937] [client 20.100.192.104:0] script '/domains/metrolighting/x_3.php' not found or unable to stat
[Fri Feb 13 02:01:27.744374 2026] [php:error] [pid 4942] [client 20.199.107.218:0] script '/domains/amisol/goods.php' not found or unable to stat
[Fri Feb 13 02:01:27.833316 2026] [php:error] [pid 4942] [client 20.199.107.218:0] script '/domains/amisol/abcd.php' not found or unable to stat
[Fri Feb 13 02:01:27.836249 2026] [php:error] [pid 4937] [client 20.100.192.104:0] script '/domains/metrolighting/bolt.php' not found or unable to stat
[Fri Feb 13 02:01:27.940612 2026] [php:error] [pid 4937] [client 20.100.192.104:0] script '/domains/metrolighting/adminfuns.php' not found or unable to stat
[Fri Feb 13 02:01:27.942197 2026] [php:error] [pid 4942] [client 20.199.107.218:0] script '/domains/amisol/nope.php' not found or unable to stat
[Fri Feb 13 02:01:28.046594 2026] [php:error] [pid 4937] [client 20.100.192.104:0] script '/domains/metrolighting/mar.php' not found or unable to stat
[Fri Feb 13 02:01:28.079004 2026] [php:error] [pid 4942] [client 20.199.107.218:0] script '/domains/amisol/class.1.php' not found or unable to stat
[Fri Feb 13 02:01:28.142404 2026] [php:error] [pid 4937] [client 20.100.192.104:0] script '/domains/metrolighting/ellv3.php' not found or unable to stat
[Fri Feb 13 02:01:28.239158 2026] [php:error] [pid 4937] [client 20.100.192.104:0] script '/domains/metrolighting/ak.php' not found or unable to stat
[Fri Feb 13 02:01:28.320728 2026] [php:error] [pid 4942] [client 20.199.107.218:0] script '/domains/amisol/async.php' not found or unable to stat
[Fri Feb 13 02:01:28.574256 2026] [php:error] [pid 4942] [client 20.199.107.218:0] script '/domains/amisol/ff.php' not found or unable to stat
[Fri Feb 13 02:01:28.579667 2026] [php:error] [pid 4937] [client 20.100.192.104:0] script '/domains/metrolighting/fetch.php' not found or unable to stat
[Fri Feb 13 02:01:28.663010 2026] [php:error] [pid 4942] [client 20.199.107.218:0] script '/domains/amisol/ioxi-o.php' not found or unable to stat
[Fri Feb 13 02:01:28.675397 2026] [php:error] [pid 4937] [client 20.100.192.104:0] script '/domains/metrolighting/bk.php' not found or unable to stat
[Fri Feb 13 02:01:28.751655 2026] [php:error] [pid 4942] [client 20.199.107.218:0] script '/domains/amisol/manager.php' not found or unable to stat
[Fri Feb 13 02:01:28.816558 2026] [php:error] [pid 4937] [client 20.100.192.104:0] script '/domains/metrolighting/configuration.php' not found or unable to stat
[Fri Feb 13 02:01:28.845072 2026] [php:error] [pid 4942] [client 20.199.107.218:0] script '/domains/amisol/wp-update.php' not found or unable to stat
[Fri Feb 13 02:01:28.912695 2026] [php:error] [pid 4937] [client 20.100.192.104:0] script '/domains/metrolighting/ap.php' not found or unable to stat
[Fri Feb 13 02:01:28.934116 2026] [php:error] [pid 4942] [client 20.199.107.218:0] script '/domains/amisol/file.php' not found or unable to stat
[Fri Feb 13 02:01:29.009014 2026] [php:error] [pid 4937] [client 20.100.192.104:0] script '/domains/metrolighting/f.php' not found or unable to stat
[Fri Feb 13 02:01:29.105045 2026] [php:error] [pid 4937] [client 20.100.192.104:0] script '/domains/metrolighting/environment.php' not found or unable to stat
[Fri Feb 13 02:01:29.111216 2026] [php:error] [pid 4942] [client 20.199.107.218:0] script '/domains/amisol/lc.php' not found or unable to stat
[Fri Feb 13 02:01:29.168102 2026] [php:error] [pid 4931] [client 51.103.141.136:0] script '/domains/supolo/88.php' not found or unable to stat
[Fri Feb 13 02:01:29.201064 2026] [php:error] [pid 4937] [client 20.100.192.104:0] script '/domains/metrolighting/zaa.php' not found or unable to stat
[Fri Feb 13 02:01:29.204679 2026] [php:error] [pid 4942] [client 20.199.107.218:0] script '/domains/amisol/hexx.php' not found or unable to stat
[Fri Feb 13 02:01:29.294407 2026] [php:error] [pid 4942] [client 20.199.107.218:0] script '/domains/amisol/cbrfo.php' not found or unable to stat
[Fri Feb 13 02:01:29.297589 2026] [php:error] [pid 4937] [client 20.100.192.104:0] script '/domains/metrolighting/mal.php' not found or unable to stat
[Fri Feb 13 02:01:29.303541 2026] [php:error] [pid 4931] [client 51.103.141.136:0] script '/domains/supolo/pass4.php' not found or unable to stat
[Fri Feb 13 02:01:29.393913 2026] [php:error] [pid 4937] [client 20.100.192.104:0] script '/domains/metrolighting/ffd.php' not found or unable to stat
[Fri Feb 13 02:01:29.397915 2026] [php:error] [pid 4931] [client 51.103.141.136:0] script '/domains/supolo/php8.php' not found or unable to stat
[Fri Feb 13 02:01:29.489741 2026] [php:error] [pid 4937] [client 20.100.192.104:0] script '/domains/metrolighting/zwq13.php' not found or unable to stat
[Fri Feb 13 02:01:29.492345 2026] [php:error] [pid 4931] [client 51.103.141.136:0] script '/domains/supolo/cvtcosue.php' not found or unable to stat
[Fri Feb 13 02:01:29.580419 2026] [php:error] [pid 4942] [client 20.199.107.218:0] script '/domains/amisol/inc.php' not found or unable to stat
[Fri Feb 13 02:01:29.586510 2026] [php:error] [pid 4937] [client 20.100.192.104:0] script '/domains/metrolighting/wqqs.php' not found or unable to stat
[Fri Feb 13 02:01:29.591020 2026] [php:error] [pid 4931] [client 51.103.141.136:0] script '/domains/supolo/gm.php' not found or unable to stat
[Fri Feb 13 02:01:29.682448 2026] [php:error] [pid 4937] [client 20.100.192.104:0] script '/domains/metrolighting/wp_wlx.php' not found or unable to stat
[Fri Feb 13 02:01:29.687389 2026] [php:error] [pid 4931] [client 51.103.141.136:0] script '/domains/supolo/1a.php' not found or unable to stat
[Fri Feb 13 02:01:29.778485 2026] [php:error] [pid 4937] [client 20.100.192.104:0] script '/domains/metrolighting/100.kb.php' not found or unable to stat
[Fri Feb 13 02:01:29.781675 2026] [php:error] [pid 4931] [client 51.103.141.136:0] script '/domains/supolo/aer.php' not found or unable to stat
[Fri Feb 13 02:01:29.880434 2026] [php:error] [pid 4931] [client 51.103.141.136:0] script '/domains/supolo/f6.php' not found or unable to stat
[Fri Feb 13 02:01:29.883459 2026] [php:error] [pid 4937] [client 20.100.192.104:0] script '/domains/metrolighting/vx.php' not found or unable to stat
[Fri Feb 13 02:01:29.971330 2026] [php:error] [pid 4942] [client 20.199.107.218:0] script '/domains/amisol/gifclass.php' not found or unable to stat
[Fri Feb 13 02:01:29.981033 2026] [php:error] [pid 4937] [client 20.100.192.104:0] script '/domains/metrolighting/eetu.php' not found or unable to stat
[Fri Feb 13 02:01:29.991789 2026] [php:error] [pid 4931] [client 51.103.141.136:0] script '/domains/supolo/667.php' not found or unable to stat
[Fri Feb 13 02:01:30.086174 2026] [php:error] [pid 4931] [client 51.103.141.136:0] script '/domains/supolo/kma.php' not found or unable to stat
[Fri Feb 13 02:01:30.109567 2026] [php:error] [pid 4942] [client 20.199.107.218:0] script '/domains/amisol/miansha.php' not found or unable to stat
[Fri Feb 13 02:01:30.174893 2026] [php:error] [pid 4937] [client 20.100.192.104:0] script '/domains/metrolighting/01.php' not found or unable to stat
[Fri Feb 13 02:01:30.180263 2026] [php:error] [pid 4931] [client 51.103.141.136:0] script '/domains/supolo/kimono.php' not found or unable to stat
[Fri Feb 13 02:01:30.206569 2026] [php:error] [pid 4942] [client 20.199.107.218:0] script '/domains/amisol/tinyfilemanager.php' not found or unable to stat
[Fri Feb 13 02:01:30.271049 2026] [php:error] [pid 4937] [client 20.100.192.104:0] script '/domains/metrolighting/sh.php' not found or unable to stat
[Fri Feb 13 02:01:30.295869 2026] [php:error] [pid 4942] [client 20.199.107.218:0] script '/domains/amisol/xfile25.php' not found or unable to stat
[Fri Feb 13 02:01:30.379707 2026] [php:error] [pid 4937] [client 20.100.192.104:0] script '/domains/metrolighting/class.1.php' not found or unable to stat
[Fri Feb 13 02:01:30.395513 2026] [php:error] [pid 4942] [client 20.199.107.218:0] script '/domains/amisol/ok.php' not found or unable to stat
[Fri Feb 13 02:01:30.476044 2026] [php:error] [pid 4937] [client 20.100.192.104:0] script '/domains/metrolighting/0byte.php' not found or unable to stat
[Fri Feb 13 02:01:30.751347 2026] [php:error] [pid 4937] [client 20.100.192.104:0] script '/domains/metrolighting/beence.php' not found or unable to stat
[Fri Feb 13 02:01:30.847665 2026] [php:error] [pid 4937] [client 20.100.192.104:0] script '/domains/metrolighting/phpinfo.php' not found or unable to stat
[Fri Feb 13 02:01:30.892745 2026] [php:error] [pid 4933] [client 20.199.107.218:0] script '/domains/amisol/fi.php' not found or unable to stat
[Fri Feb 13 02:01:30.944097 2026] [php:error] [pid 4937] [client 20.100.192.104:0] script '/domains/metrolighting/ws.php' not found or unable to stat
[Fri Feb 13 02:01:30.980400 2026] [php:error] [pid 4933] [client 20.199.107.218:0] script '/domains/amisol/muzu.php' not found or unable to stat
[Fri Feb 13 02:01:31.040089 2026] [php:error] [pid 4937] [client 20.100.192.104:0] script '/domains/metrolighting/zfe.php' not found or unable to stat
[Fri Feb 13 02:01:31.136525 2026] [php:error] [pid 4937] [client 20.100.192.104:0] script '/domains/metrolighting/hello.php' not found or unable to stat
[Fri Feb 13 02:01:31.167279 2026] [php:error] [pid 4933] [client 20.199.107.218:0] script '/domains/amisol/reze.php' not found or unable to stat
[Fri Feb 13 02:01:31.232985 2026] [php:error] [pid 4937] [client 20.100.192.104:0] script '/domains/metrolighting/f6.php' not found or unable to stat
[Fri Feb 13 02:01:31.258982 2026] [php:error] [pid 4933] [client 20.199.107.218:0] script '/domains/amisol/styll.php' not found or unable to stat
[Fri Feb 13 02:01:31.387188 2026] [php:error] [pid 4937] [client 20.100.192.104:0] script '/domains/metrolighting/wp-info.php' not found or unable to stat
[Fri Feb 13 02:01:31.397318 2026] [php:error] [pid 4933] [client 20.199.107.218:0] script '/domains/amisol/x7.php' not found or unable to stat
[Fri Feb 13 02:01:31.483495 2026] [php:error] [pid 4937] [client 20.100.192.104:0] script '/domains/metrolighting/elect.php' not found or unable to stat
[Fri Feb 13 02:01:31.492012 2026] [php:error] [pid 4933] [client 20.199.107.218:0] script '/domains/amisol/thebe.php' not found or unable to stat
[Fri Feb 13 02:01:31.579427 2026] [php:error] [pid 4937] [client 20.100.192.104:0] script '/domains/metrolighting/shx.php' not found or unable to stat
[Fri Feb 13 02:01:31.594186 2026] [php:error] [pid 4933] [client 20.199.107.218:0] script '/domains/amisol/ddd.php' not found or unable to stat
[Fri Feb 13 02:01:31.682717 2026] [php:error] [pid 4933] [client 20.199.107.218:0] script '/domains/amisol/ccs.php' not found or unable to stat
[Fri Feb 13 02:01:31.769512 2026] [php:error] [pid 4933] [client 20.199.107.218:0] script '/domains/amisol/bgymj.php' not found or unable to stat
[Fri Feb 13 02:01:31.875000 2026] [php:error] [pid 4933] [client 20.199.107.218:0] script '/domains/amisol/8xyz.php' not found or unable to stat
[Fri Feb 13 02:01:31.961734 2026] [php:error] [pid 4933] [client 20.199.107.218:0] script '/domains/amisol/ioxi.php' not found or unable to stat
[Fri Feb 13 02:01:31.962969 2026] [php:error] [pid 4937] [client 20.100.192.104:0] script '/domains/metrolighting/new.php' not found or unable to stat
[Fri Feb 13 02:01:32.058881 2026] [php:error] [pid 4937] [client 20.100.192.104:0] script '/domains/metrolighting/ver.php' not found or unable to stat
[Fri Feb 13 02:01:32.071268 2026] [php:error] [pid 4933] [client 20.199.107.218:0] script '/domains/amisol/xpwer1.php' not found or unable to stat
[Fri Feb 13 02:01:32.154806 2026] [php:error] [pid 4937] [client 20.100.192.104:0] script '/domains/metrolighting/as.php' not found or unable to stat
[Fri Feb 13 02:01:32.196813 2026] [php:error] [pid 4933] [client 20.199.107.218:0] script '/domains/amisol/lala.php' not found or unable to stat
[Fri Feb 13 02:01:32.251806 2026] [php:error] [pid 4937] [client 20.100.192.104:0] script '/domains/metrolighting/index_w.php' not found or unable to stat
[Fri Feb 13 02:01:32.283577 2026] [php:error] [pid 4933] [client 20.199.107.218:0] script '/domains/amisol/about.php' not found or unable to stat
[Fri Feb 13 02:01:32.412964 2026] [php:error] [pid 4937] [client 20.100.192.104:0] script '/domains/metrolighting/c99.php' not found or unable to stat
[Fri Feb 13 02:01:32.522270 2026] [php:error] [pid 4937] [client 20.100.192.104:0] script '/domains/metrolighting/a.php' not found or unable to stat
[Fri Feb 13 02:01:32.694142 2026] [php:error] [pid 4928] [client 51.103.141.136:0] script '/domains/vangoghagainweb/24.php' not found or unable to stat
[Fri Feb 13 02:01:32.775409 2026] [php:error] [pid 4933] [client 20.199.107.218:0] script '/domains/amisol/info.php' not found or unable to stat
[Fri Feb 13 02:01:32.863832 2026] [php:error] [pid 4933] [client 20.199.107.218:0] script '/domains/amisol/about.php' not found or unable to stat
[Fri Feb 13 02:01:32.990035 2026] [php:error] [pid 4937] [client 20.100.192.104:0] script '/domains/metrolighting/wso2.php' not found or unable to stat
[Fri Feb 13 02:01:33.048829 2026] [php:error] [pid 4933] [client 20.199.107.218:0] script '/domains/amisol/222.php' not found or unable to stat
[Fri Feb 13 02:01:33.097845 2026] [php:error] [pid 4937] [client 20.100.192.104:0] script '/domains/metrolighting/small.php' not found or unable to stat
[Fri Feb 13 02:01:33.147385 2026] [php:error] [pid 4933] [client 20.199.107.218:0] script '/domains/amisol/adminfuns.php' not found or unable to stat
[Fri Feb 13 02:01:33.199549 2026] [php:error] [pid 4937] [client 20.100.192.104:0] script '/domains/metrolighting/sf.php' not found or unable to stat
[Fri Feb 13 02:01:33.295556 2026] [php:error] [pid 4937] [client 20.100.192.104:0] script '/domains/metrolighting/contact-demo.php' not found or unable to stat
[Fri Feb 13 02:01:33.338316 2026] [php:error] [pid 4933] [client 20.199.107.218:0] script '/domains/amisol/xx.php' not found or unable to stat
[Fri Feb 13 02:01:33.392281 2026] [php:error] [pid 4937] [client 20.100.192.104:0] script '/domains/metrolighting/luuf.php' not found or unable to stat
[Fri Feb 13 02:01:33.488728 2026] [php:error] [pid 4937] [client 20.100.192.104:0] script '/domains/metrolighting/reze.php' not found or unable to stat
[Fri Feb 13 02:01:33.523768 2026] [php:error] [pid 4933] [client 20.199.107.218:0] script '/domains/amisol/f5.php' not found or unable to stat
[Fri Feb 13 02:01:33.585247 2026] [php:error] [pid 4937] [client 20.100.192.104:0] script '/domains/metrolighting/license.php' not found or unable to stat
[Fri Feb 13 02:01:33.610777 2026] [php:error] [pid 4933] [client 20.199.107.218:0] script '/domains/amisol/flower.php' not found or unable to stat
[Fri Feb 13 02:01:33.717480 2026] [php:error] [pid 4933] [client 20.199.107.218:0] script '/domains/amisol/f6.php' not found or unable to stat
[Fri Feb 13 02:01:33.890089 2026] [php:error] [pid 4933] [client 20.199.107.218:0] script '/domains/amisol/edit.php' not found or unable to stat
[Fri Feb 13 02:01:33.978663 2026] [php:error] [pid 4933] [client 20.199.107.218:0] script '/domains/amisol/aa.php' not found or unable to stat
[Fri Feb 13 02:01:34.224839 2026] [php:error] [pid 4937] [client 20.100.192.104:0] script '/domains/metrolighting/contact-us.php' not found or unable to stat
[Fri Feb 13 02:01:34.301946 2026] [php:error] [pid 4933] [client 20.199.107.218:0] script '/domains/amisol/av.php' not found or unable to stat
[Fri Feb 13 02:01:34.327308 2026] [php:error] [pid 4937] [client 20.100.192.104:0] script '/domains/metrolighting/doc.php' not found or unable to stat
[Fri Feb 13 02:01:34.423109 2026] [php:error] [pid 4937] [client 20.100.192.104:0] script '/domains/metrolighting/X7x.php' not found or unable to stat
[Fri Feb 13 02:01:34.502234 2026] [php:error] [pid 4933] [client 20.199.107.218:0] script '/domains/amisol/wsd.php' not found or unable to stat
[Fri Feb 13 02:01:34.525194 2026] [php:error] [pid 4937] [client 20.100.192.104:0] script '/domains/metrolighting/1975.php' not found or unable to stat
[Fri Feb 13 02:01:34.595011 2026] [php:error] [pid 4933] [client 20.199.107.218:0] script '/domains/amisol/jane.php' not found or unable to stat
[Fri Feb 13 02:01:34.620916 2026] [php:error] [pid 4937] [client 20.100.192.104:0] script '/domains/metrolighting/root.php' not found or unable to stat
[Fri Feb 13 02:01:34.681554 2026] [php:error] [pid 4933] [client 20.199.107.218:0] script '/domains/amisol/css.php' not found or unable to stat
[Fri Feb 13 02:01:34.727477 2026] [php:error] [pid 4937] [client 20.100.192.104:0] script '/domains/metrolighting/ioxi-o.php' not found or unable to stat
[Fri Feb 13 02:01:34.773127 2026] [php:error] [pid 4933] [client 20.199.107.218:0] script '/domains/amisol/alfa.php' not found or unable to stat
[Fri Feb 13 02:01:34.823686 2026] [php:error] [pid 4937] [client 20.100.192.104:0] script '/domains/metrolighting/themes.php' not found or unable to stat
[Fri Feb 13 02:01:34.867518 2026] [php:error] [pid 4933] [client 20.199.107.218:0] script '/domains/amisol/wen.php' not found or unable to stat
[Fri Feb 13 02:01:34.925536 2026] [php:error] [pid 4937] [client 20.100.192.104:0] script '/domains/metrolighting/ct.php' not found or unable to stat
[Fri Feb 13 02:01:34.997286 2026] [php:error] [pid 4933] [client 20.199.107.218:0] script '/domains/amisol/x.php' not found or unable to stat
[Fri Feb 13 02:01:35.021887 2026] [php:error] [pid 4937] [client 20.100.192.104:0] script '/domains/metrolighting/13.php' not found or unable to stat
[Fri Feb 13 02:01:35.084138 2026] [php:error] [pid 4933] [client 20.199.107.218:0] script '/domains/amisol/xxxx.php' not found or unable to stat
[Fri Feb 13 02:01:35.126343 2026] [php:error] [pid 4937] [client 20.100.192.104:0] script '/domains/metrolighting/ok.php' not found or unable to stat
[Fri Feb 13 02:01:35.170791 2026] [php:error] [pid 4933] [client 20.199.107.218:0] script '/domains/amisol/class.php' not found or unable to stat
[Fri Feb 13 02:01:35.223209 2026] [php:error] [pid 4937] [client 20.100.192.104:0] script '/domains/metrolighting/a1.php' not found or unable to stat
[Fri Feb 13 02:01:35.277903 2026] [php:error] [pid 4933] [client 20.199.107.218:0] script '/domains/amisol/f35.php' not found or unable to stat
[Fri Feb 13 02:01:35.333721 2026] [php:error] [pid 4937] [client 20.100.192.104:0] script '/domains/metrolighting/wso1337.php' not found or unable to stat
[Fri Feb 13 02:01:35.519231 2026] [php:error] [pid 4937] [client 20.100.192.104:0] script '/domains/metrolighting/class-t.api.php' not found or unable to stat
[Fri Feb 13 02:01:35.690160 2026] [php:error] [pid 4933] [client 20.199.107.218:0] script '/domains/amisol/class-t.api.php' not found or unable to stat
[Fri Feb 13 02:01:35.777490 2026] [php:error] [pid 4933] [client 20.199.107.218:0] script '/domains/amisol/blurbs18.php' not found or unable to stat
[Fri Feb 13 02:01:35.777762 2026] [php:error] [pid 4937] [client 20.100.192.104:0] script '/domains/metrolighting/anone.php' not found or unable to stat
[Fri Feb 13 02:01:35.873658 2026] [php:error] [pid 4937] [client 20.100.192.104:0] script '/domains/metrolighting/env.php' not found or unable to stat
[Fri Feb 13 02:01:35.969557 2026] [php:error] [pid 4937] [client 20.100.192.104:0] script '/domains/metrolighting/3301.php' not found or unable to stat
[Fri Feb 13 02:01:36.065423 2026] [php:error] [pid 4937] [client 20.100.192.104:0] script '/domains/metrolighting/il.php' not found or unable to stat
[Fri Feb 13 02:01:36.170584 2026] [php:error] [pid 4937] [client 20.100.192.104:0] script '/domains/metrolighting/166.php' not found or unable to stat
[Fri Feb 13 02:01:36.420818 2026] [php:error] [pid 4933] [client 20.199.107.218:0] script '/domains/amisol/bless11.php' not found or unable to stat
[Fri Feb 13 02:01:36.522090 2026] [php:error] [pid 4912] [client 158.158.32.20:0] script '/domains/frog.interport1/lp6.php' not found or unable to stat
[Fri Feb 13 02:01:36.558992 2026] [php:error] [pid 4933] [client 20.199.107.218:0] script '/domains/amisol/init.php' not found or unable to stat
[Fri Feb 13 02:01:36.614498 2026] [php:error] [pid 4912] [client 158.158.32.20:0] script '/domains/frog.interport1/clasa99.php' not found or unable to stat
[Fri Feb 13 02:01:36.698020 2026] [php:error] [pid 4912] [client 158.158.32.20:0] script '/domains/frog.interport1/ph33w.php' not found or unable to stat
[Fri Feb 13 02:01:36.762246 2026] [php:error] [pid 4933] [client 20.199.107.218:0] script '/domains/amisol/k.php' not found or unable to stat
[Fri Feb 13 02:01:36.849152 2026] [php:error] [pid 4933] [client 20.199.107.218:0] script '/domains/amisol/bless.php' not found or unable to stat
[Fri Feb 13 02:01:36.864448 2026] [php:error] [pid 4912] [client 158.158.32.20:0] script '/domains/frog.interport1/errw.php' not found or unable to stat
[Fri Feb 13 02:01:36.938351 2026] [php:error] [pid 4933] [client 20.199.107.218:0] script '/domains/amisol/X7x.php' not found or unable to stat
[Fri Feb 13 02:01:36.950834 2026] [php:error] [pid 4912] [client 158.158.32.20:0] script '/domains/frog.interport1/assacc.php' not found or unable to stat
[Fri Feb 13 02:01:36.978950 2026] [php:error] [pid 4937] [client 20.100.192.104:0] script '/domains/metrolighting/10.php' not found or unable to stat
[Fri Feb 13 02:01:37.039266 2026] [php:error] [pid 4912] [client 158.158.32.20:0] script '/domains/frog.interport1/Geforce.php' not found or unable to stat
[Fri Feb 13 02:01:37.073583 2026] [php:error] [pid 4933] [client 20.199.107.218:0] script '/domains/amisol/166.php' not found or unable to stat
[Fri Feb 13 02:01:37.160820 2026] [php:error] [pid 4933] [client 20.199.107.218:0] script '/domains/amisol/plss3.php' not found or unable to stat
[Fri Feb 13 02:01:37.170577 2026] [php:error] [pid 4937] [client 20.100.192.104:0] script '/domains/metrolighting/larva.php' not found or unable to stat
[Fri Feb 13 02:01:37.227391 2026] [php:error] [pid 4912] [client 158.158.32.20:0] script '/domains/frog.interport1/cs.php' not found or unable to stat
[Fri Feb 13 02:01:37.267095 2026] [php:error] [pid 4937] [client 20.100.192.104:0] script '/domains/metrolighting/aaa.php' not found or unable to stat
[Fri Feb 13 02:01:37.342805 2026] [php:error] [pid 4912] [client 158.158.32.20:0] script '/domains/frog.interport1/gettest.php' not found or unable to stat
[Fri Feb 13 02:01:37.362834 2026] [php:error] [pid 4933] [client 20.199.107.218:0] script '/domains/amisol/admins.php' not found or unable to stat
[Fri Feb 13 02:01:37.426949 2026] [php:error] [pid 4912] [client 158.158.32.20:0] script '/domains/frog.interport1/cv.php' not found or unable to stat
[Fri Feb 13 02:01:37.469517 2026] [php:error] [pid 4937] [client 20.100.192.104:0] script '/domains/metrolighting/file.php' not found or unable to stat
[Fri Feb 13 02:01:37.511063 2026] [php:error] [pid 4912] [client 158.158.32.20:0] script '/domains/frog.interport1/ma.php' not found or unable to stat
[Fri Feb 13 02:01:37.512338 2026] [php:error] [pid 4933] [client 20.199.107.218:0] script '/domains/amisol/wp.php' not found or unable to stat
[Fri Feb 13 02:01:37.571432 2026] [php:error] [pid 4937] [client 20.100.192.104:0] script '/domains/metrolighting/ract.php' not found or unable to stat
[Fri Feb 13 02:01:37.605971 2026] [php:error] [pid 4912] [client 158.158.32.20:0] script '/domains/frog.interport1/ole.php' not found or unable to stat
[Fri Feb 13 02:01:37.631712 2026] [php:error] [pid 4933] [client 20.199.107.218:0] script '/domains/amisol/main.php' not found or unable to stat
[Fri Feb 13 02:01:37.684617 2026] [php:error] [pid 4937] [client 20.100.192.104:0] script '/domains/metrolighting/city-ajax.php' not found or unable to stat
[Fri Feb 13 02:01:37.689109 2026] [php:error] [pid 4912] [client 158.158.32.20:0] script '/domains/frog.interport1/x_3.php' not found or unable to stat
[Fri Feb 13 02:01:37.758624 2026] [php:error] [pid 4933] [client 20.199.107.218:0] script '/domains/amisol/a1.php' not found or unable to stat
[Fri Feb 13 02:01:37.772450 2026] [php:error] [pid 4912] [client 158.158.32.20:0] script '/domains/frog.interport1/bolt.php' not found or unable to stat
[Fri Feb 13 02:01:37.854985 2026] [php:error] [pid 4933] [client 20.199.107.218:0] script '/domains/amisol/lala.php' not found or unable to stat
[Fri Feb 13 02:01:37.942493 2026] [php:error] [pid 4933] [client 20.199.107.218:0] script '/domains/amisol/aaa.php' not found or unable to stat
[Fri Feb 13 02:01:38.004149 2026] [php:error] [pid 4912] [client 158.158.32.20:0] script '/domains/frog.interport1/adminfuns.php' not found or unable to stat
[Fri Feb 13 02:01:38.028964 2026] [php:error] [pid 4933] [client 20.199.107.218:0] script '/domains/amisol/a2.php' not found or unable to stat
[Fri Feb 13 02:01:38.087797 2026] [php:error] [pid 4912] [client 158.158.32.20:0] script '/domains/frog.interport1/mar.php' not found or unable to stat
[Fri Feb 13 02:01:38.288126 2026] [php:error] [pid 4912] [client 158.158.32.20:0] script '/domains/frog.interport1/ellv3.php' not found or unable to stat
[Fri Feb 13 02:01:38.348610 2026] [php:error] [pid 4933] [client 20.199.107.218:0] script '/domains/amisol/nyan.php' not found or unable to stat
[Fri Feb 13 02:01:38.372847 2026] [php:error] [pid 4912] [client 158.158.32.20:0] script '/domains/frog.interport1/ak.php' not found or unable to stat
[Fri Feb 13 02:01:38.450229 2026] [php:error] [pid 4933] [client 20.199.107.218:0] script '/domains/amisol/jsond.php' not found or unable to stat
[Fri Feb 13 02:01:38.580545 2026] [php:error] [pid 4912] [client 158.158.32.20:0] script '/domains/frog.interport1/fetch.php' not found or unable to stat
[Fri Feb 13 02:01:38.810592 2026] [php:error] [pid 4937] [client 20.100.192.104:0] script '/domains/metrolighting/fi.php' not found or unable to stat
[Fri Feb 13 02:01:38.906985 2026] [php:error] [pid 4937] [client 20.100.192.104:0] script '/domains/metrolighting/lf.php' not found or unable to stat
[Fri Feb 13 02:01:38.918485 2026] [php:error] [pid 4912] [client 158.158.32.20:0] script '/domains/frog.interport1/bk.php' not found or unable to stat
[Fri Feb 13 02:01:39.003315 2026] [php:error] [pid 4937] [client 20.100.192.104:0] script '/domains/metrolighting/5index.php' not found or unable to stat
[Fri Feb 13 02:01:39.099517 2026] [php:error] [pid 4937] [client 20.100.192.104:0] script '/domains/metrolighting/sterJs.php' not found or unable to stat
[Fri Feb 13 02:01:39.195647 2026] [php:error] [pid 4937] [client 20.100.192.104:0] script '/domains/metrolighting/155.php' not found or unable to stat
[Fri Feb 13 02:01:39.223297 2026] [php:error] [pid 4912] [client 158.158.32.20:0] script '/domains/frog.interport1/configuration.php' not found or unable to stat
[Fri Feb 13 02:01:39.313931 2026] [php:error] [pid 4912] [client 158.158.32.20:0] script '/domains/frog.interport1/ap.php' not found or unable to stat
[Fri Feb 13 02:01:39.471334 2026] [php:error] [pid 4937] [client 20.100.192.104:0] script '/domains/metrolighting/wp-rss2.php' not found or unable to stat
[Fri Feb 13 02:01:39.475284 2026] [php:error] [pid 4912] [client 158.158.32.20:0] script '/domains/frog.interport1/f.php' not found or unable to stat
[Fri Feb 13 02:01:39.560142 2026] [php:error] [pid 4912] [client 158.158.32.20:0] script '/domains/frog.interport1/environment.php' not found or unable to stat
[Fri Feb 13 02:01:39.584358 2026] [php:error] [pid 4937] [client 20.100.192.104:0] script '/domains/metrolighting/wp-rss.php' not found or unable to stat
[Fri Feb 13 02:01:39.656057 2026] [php:error] [pid 4912] [client 158.158.32.20:0] script '/domains/frog.interport1/zaa.php' not found or unable to stat
[Fri Feb 13 02:01:39.680365 2026] [php:error] [pid 4937] [client 20.100.192.104:0] script '/domains/metrolighting/lib.php' not found or unable to stat
[Fri Feb 13 02:01:39.739474 2026] [php:error] [pid 4912] [client 158.158.32.20:0] script '/domains/frog.interport1/mal.php' not found or unable to stat
[Fri Feb 13 02:01:39.796065 2026] [php:error] [pid 4937] [client 20.100.192.104:0] script '/domains/metrolighting/dr.php' not found or unable to stat
[Fri Feb 13 02:01:39.832605 2026] [php:error] [pid 4912] [client 158.158.32.20:0] script '/domains/frog.interport1/ffd.php' not found or unable to stat
[Fri Feb 13 02:01:39.892093 2026] [php:error] [pid 4937] [client 20.100.192.104:0] script '/domains/metrolighting/blog.php' not found or unable to stat
[Fri Feb 13 02:01:40.009543 2026] [php:error] [pid 4937] [client 20.100.192.104:0] script '/domains/metrolighting/am.php' not found or unable to stat
[Fri Feb 13 02:01:40.141227 2026] [php:error] [pid 4912] [client 158.158.32.20:0] script '/domains/frog.interport1/zwq13.php' not found or unable to stat
[Fri Feb 13 02:01:40.240547 2026] [php:error] [pid 4912] [client 158.158.32.20:0] script '/domains/frog.interport1/wqqs.php' not found or unable to stat
[Fri Feb 13 02:01:40.337200 2026] [php:error] [pid 4912] [client 158.158.32.20:0] script '/domains/frog.interport1/wp_wlx.php' not found or unable to stat
[Fri Feb 13 02:01:40.429976 2026] [php:error] [pid 4912] [client 158.158.32.20:0] script '/domains/frog.interport1/100.kb.php' not found or unable to stat
[Fri Feb 13 02:01:40.513323 2026] [php:error] [pid 4912] [client 158.158.32.20:0] script '/domains/frog.interport1/vx.php' not found or unable to stat
[Fri Feb 13 02:01:40.609316 2026] [php:error] [pid 4912] [client 158.158.32.20:0] script '/domains/frog.interport1/eetu.php' not found or unable to stat
[Fri Feb 13 02:01:40.806725 2026] [php:error] [pid 4912] [client 158.158.32.20:0] script '/domains/frog.interport1/01.php' not found or unable to stat
[Fri Feb 13 02:01:40.904166 2026] [php:error] [pid 4912] [client 158.158.32.20:0] script '/domains/frog.interport1/sh.php' not found or unable to stat
[Fri Feb 13 02:01:40.990905 2026] [php:error] [pid 4912] [client 158.158.32.20:0] script '/domains/frog.interport1/class.1.php' not found or unable to stat
[Fri Feb 13 02:01:41.088209 2026] [php:error] [pid 4912] [client 158.158.32.20:0] script '/domains/frog.interport1/0byte.php' not found or unable to stat
[Fri Feb 13 02:01:41.291904 2026] [php:error] [pid 4912] [client 158.158.32.20:0] script '/domains/frog.interport1/beence.php' not found or unable to stat
[Fri Feb 13 02:01:41.376291 2026] [php:error] [pid 4912] [client 158.158.32.20:0] script '/domains/frog.interport1/phpinfo.php' not found or unable to stat
[Fri Feb 13 02:01:41.567640 2026] [php:error] [pid 4912] [client 158.158.32.20:0] script '/domains/frog.interport1/ws.php' not found or unable to stat
[Fri Feb 13 02:01:41.625744 2026] [php:error] [pid 4938] [client 20.100.192.104:0] script '/domains/metrolighting/jindex.php' not found or unable to stat
[Fri Feb 13 02:01:41.652657 2026] [php:error] [pid 4912] [client 158.158.32.20:0] script '/domains/frog.interport1/zfe.php' not found or unable to stat
[Fri Feb 13 02:01:41.732845 2026] [php:error] [pid 4938] [client 20.100.192.104:0] script '/domains/metrolighting/geck.php' not found or unable to stat
[Fri Feb 13 02:01:41.745537 2026] [php:error] [pid 4912] [client 158.158.32.20:0] script '/domains/frog.interport1/hello.php' not found or unable to stat
[Fri Feb 13 02:01:41.828819 2026] [php:error] [pid 4912] [client 158.158.32.20:0] script '/domains/frog.interport1/f6.php' not found or unable to stat
[Fri Feb 13 02:01:41.829520 2026] [php:error] [pid 4938] [client 20.100.192.104:0] script '/domains/metrolighting/xox.php' not found or unable to stat
[Fri Feb 13 02:01:41.913010 2026] [php:error] [pid 4912] [client 158.158.32.20:0] script '/domains/frog.interport1/wp-info.php' not found or unable to stat
[Fri Feb 13 02:01:42.016080 2026] [php:error] [pid 4912] [client 158.158.32.20:0] script '/domains/frog.interport1/elect.php' not found or unable to stat
[Fri Feb 13 02:01:42.048971 2026] [php:error] [pid 4938] [client 20.100.192.104:0] script '/domains/metrolighting/wen.php' not found or unable to stat
[Fri Feb 13 02:01:42.099448 2026] [php:error] [pid 4912] [client 158.158.32.20:0] script '/domains/frog.interport1/shx.php' not found or unable to stat
[Fri Feb 13 02:01:42.145723 2026] [php:error] [pid 4938] [client 20.100.192.104:0] script '/domains/metrolighting/gel4y.php' not found or unable to stat
[Fri Feb 13 02:01:42.251007 2026] [php:error] [pid 4938] [client 20.100.192.104:0] script '/domains/metrolighting/gif.php' not found or unable to stat
[Fri Feb 13 02:01:42.347547 2026] [php:error] [pid 4938] [client 20.100.192.104:0] script '/domains/metrolighting/rJs.php' not found or unable to stat
[Fri Feb 13 02:01:42.365533 2026] [php:error] [pid 4912] [client 158.158.32.20:0] script '/domains/frog.interport1/new.php' not found or unable to stat
[Fri Feb 13 02:01:42.443864 2026] [php:error] [pid 4938] [client 20.100.192.104:0] script '/domains/metrolighting/00:.php' not found or unable to stat
[Fri Feb 13 02:01:42.455979 2026] [php:error] [pid 4912] [client 158.158.32.20:0] script '/domains/frog.interport1/ver.php' not found or unable to stat
[Fri Feb 13 02:01:42.547184 2026] [php:error] [pid 4912] [client 158.158.32.20:0] script '/domains/frog.interport1/as.php' not found or unable to stat
[Fri Feb 13 02:01:42.642056 2026] [php:error] [pid 4912] [client 158.158.32.20:0] script '/domains/frog.interport1/index_w.php' not found or unable to stat
[Fri Feb 13 02:01:42.725419 2026] [php:error] [pid 4912] [client 158.158.32.20:0] script '/domains/frog.interport1/c99.php' not found or unable to stat
[Fri Feb 13 02:01:42.808635 2026] [php:error] [pid 4912] [client 158.158.32.20:0] script '/domains/frog.interport1/a.php' not found or unable to stat
[Fri Feb 13 02:01:43.195409 2026] [php:error] [pid 4912] [client 158.158.32.20:0] script '/domains/frog.interport1/wso2.php' not found or unable to stat
[Fri Feb 13 02:01:43.279054 2026] [php:error] [pid 4912] [client 158.158.32.20:0] script '/domains/frog.interport1/small.php' not found or unable to stat
[Fri Feb 13 02:01:43.362217 2026] [php:error] [pid 4912] [client 158.158.32.20:0] script '/domains/frog.interport1/sf.php' not found or unable to stat
[Fri Feb 13 02:01:43.445568 2026] [php:error] [pid 4912] [client 158.158.32.20:0] script '/domains/frog.interport1/contact-demo.php' not found or unable to stat
[Fri Feb 13 02:01:43.529216 2026] [php:error] [pid 4912] [client 158.158.32.20:0] script '/domains/frog.interport1/luuf.php' not found or unable to stat
[Fri Feb 13 02:01:43.613324 2026] [php:error] [pid 4912] [client 158.158.32.20:0] script '/domains/frog.interport1/reze.php' not found or unable to stat
[Fri Feb 13 02:01:43.697245 2026] [php:error] [pid 4912] [client 158.158.32.20:0] script '/domains/frog.interport1/license.php' not found or unable to stat
[Fri Feb 13 02:01:43.812186 2026] [php:error] [pid 4938] [client 20.100.192.104:0] script '/domains/metrolighting/ta.php' not found or unable to stat
[Fri Feb 13 02:01:43.877997 2026] [php:error] [pid 4912] [client 158.158.32.20:0] script '/domains/frog.interport1/contact-us.php' not found or unable to stat
[Fri Feb 13 02:01:43.909521 2026] [php:error] [pid 4938] [client 20.100.192.104:0] script '/domains/metrolighting/moon.php' not found or unable to stat
[Fri Feb 13 02:01:43.963906 2026] [php:error] [pid 4912] [client 158.158.32.20:0] script '/domains/frog.interport1/doc.php' not found or unable to stat
[Fri Feb 13 02:01:44.056741 2026] [php:error] [pid 4912] [client 158.158.32.20:0] script '/domains/frog.interport1/X7x.php' not found or unable to stat
[Fri Feb 13 02:01:44.144241 2026] [php:error] [pid 4912] [client 158.158.32.20:0] script '/domains/frog.interport1/1975.php' not found or unable to stat
[Fri Feb 13 02:01:44.144921 2026] [php:error] [pid 4938] [client 20.100.192.104:0] script '/domains/metrolighting/41.php' not found or unable to stat
[Fri Feb 13 02:01:44.241441 2026] [php:error] [pid 4938] [client 20.100.192.104:0] script '/domains/metrolighting/data.php' not found or unable to stat
[Fri Feb 13 02:01:44.315623 2026] [php:error] [pid 4912] [client 158.158.32.20:0] script '/domains/frog.interport1/root.php' not found or unable to stat
[Fri Feb 13 02:01:44.339446 2026] [php:error] [pid 4938] [client 20.100.192.104:0] script '/domains/metrolighting/edit-css.php' not found or unable to stat
[Fri Feb 13 02:01:44.435893 2026] [php:error] [pid 4938] [client 20.100.192.104:0] script '/domains/metrolighting/mar.php' not found or unable to stat
[Fri Feb 13 02:01:44.515702 2026] [php:error] [pid 4912] [client 158.158.32.20:0] script '/domains/frog.interport1/ioxi-o.php' not found or unable to stat
[Fri Feb 13 02:01:44.532898 2026] [php:error] [pid 4938] [client 20.100.192.104:0] script '/domains/metrolighting/op.php' not found or unable to stat
[Fri Feb 13 02:01:44.629534 2026] [php:error] [pid 4938] [client 20.100.192.104:0] script '/domains/metrolighting/bipas.php' not found or unable to stat
[Fri Feb 13 02:01:44.739845 2026] [php:error] [pid 4938] [client 20.100.192.104:0] script '/domains/metrolighting/plss3.php' not found or unable to stat
[Fri Feb 13 02:01:44.848886 2026] [php:error] [pid 4938] [client 20.100.192.104:0] script '/domains/metrolighting/minimo.php' not found or unable to stat
[Fri Feb 13 02:01:44.864961 2026] [php:error] [pid 4912] [client 158.158.32.20:0] script '/domains/frog.interport1/themes.php' not found or unable to stat
[Fri Feb 13 02:01:44.949439 2026] [php:error] [pid 4912] [client 158.158.32.20:0] script '/domains/frog.interport1/ct.php' not found or unable to stat
[Fri Feb 13 02:01:44.953363 2026] [php:error] [pid 4938] [client 20.100.192.104:0] script '/domains/metrolighting/RxR.php' not found or unable to stat
