[Fri Feb 13 02:38:32.524877 2026] [php:error] [pid 10960] [client 20.100.197.165:0] script '/domains/system_default/ol.php' not found or unable to stat
[Fri Feb 13 02:38:32.620498 2026] [php:error] [pid 10960] [client 20.100.197.165:0] script '/domains/system_default/Sanskrit.php' not found or unable to stat
[Fri Feb 13 02:38:32.715860 2026] [php:error] [pid 10960] [client 20.100.197.165:0] script '/domains/system_default/vxrl.php' not found or unable to stat
[Fri Feb 13 02:38:32.818329 2026] [php:error] [pid 10960] [client 20.100.197.165:0] script '/domains/system_default/re.php' not found or unable to stat
[Fri Feb 13 02:38:32.925100 2026] [php:error] [pid 10960] [client 20.100.197.165:0] script '/domains/system_default/num.php' not found or unable to stat
[Fri Feb 13 02:38:33.022658 2026] [php:error] [pid 10960] [client 20.100.197.165:0] script '/domains/system_default/axx.php' not found or unable to stat
[Fri Feb 13 02:38:33.135410 2026] [php:error] [pid 10960] [client 20.100.197.165:0] script '/domains/system_default/vxrl.php' not found or unable to stat
[Fri Feb 13 02:38:33.232010 2026] [php:error] [pid 10960] [client 20.100.197.165:0] script '/domains/system_default/in.php' not found or unable to stat
[Fri Feb 13 02:38:33.325950 2026] [php:error] [pid 10976] [client 52.187.241.250:0] script '/domains/markrose/security.php' not found or unable to stat
[Fri Feb 13 02:38:33.327835 2026] [php:error] [pid 10960] [client 20.100.197.165:0] script '/domains/system_default/style.php' not found or unable to stat
[Fri Feb 13 02:38:33.428097 2026] [php:error] [pid 10960] [client 20.100.197.165:0] script '/domains/system_default/we.php' not found or unable to stat
[Fri Feb 13 02:38:33.542164 2026] [php:error] [pid 10960] [client 20.100.197.165:0] script '/domains/system_default/zwso.php' not found or unable to stat
[Fri Feb 13 02:38:33.641373 2026] [php:error] [pid 10960] [client 20.100.197.165:0] script '/domains/system_default/karak.php' not found or unable to stat
[Fri Feb 13 02:38:33.737175 2026] [php:error] [pid 10960] [client 20.100.197.165:0] script '/domains/system_default/trd.php' not found or unable to stat
[Fri Feb 13 02:38:33.840090 2026] [php:error] [pid 10960] [client 20.100.197.165:0] script '/domains/system_default/past.php' not found or unable to stat
[Fri Feb 13 02:38:33.946703 2026] [php:error] [pid 10960] [client 20.100.197.165:0] script '/domains/system_default/prv8.php' not found or unable to stat
[Fri Feb 13 02:38:34.210989 2026] [php:error] [pid 10960] [client 20.100.197.165:0] script '/domains/system_default/i.php' not found or unable to stat
[Fri Feb 13 02:38:34.480434 2026] [php:error] [pid 10960] [client 20.100.197.165:0] script '/domains/system_default/xmlrpc.php' not found or unable to stat
[Fri Feb 13 02:38:34.578533 2026] [php:error] [pid 10960] [client 20.100.197.165:0] script '/domains/system_default/aw.php' not found or unable to stat
[Fri Feb 13 02:38:34.689638 2026] [php:error] [pid 10960] [client 20.100.197.165:0] script '/domains/system_default/dev.php' not found or unable to stat
[Fri Feb 13 02:38:34.847228 2026] [php:error] [pid 10960] [client 20.100.197.165:0] script '/domains/system_default/lock360.php' not found or unable to stat
[Fri Feb 13 02:38:34.943388 2026] [php:error] [pid 10960] [client 20.100.197.165:0] script '/domains/system_default/155.php' not found or unable to stat
[Fri Feb 13 02:38:35.039294 2026] [php:error] [pid 10960] [client 20.100.197.165:0] script '/domains/system_default/goat.php' not found or unable to stat
[Fri Feb 13 02:38:35.135044 2026] [php:error] [pid 10960] [client 20.100.197.165:0] script '/domains/system_default/tcp.php' not found or unable to stat
[Fri Feb 13 02:38:35.293988 2026] [php:error] [pid 10960] [client 20.100.197.165:0] script '/domains/system_default/ext.php' not found or unable to stat
[Fri Feb 13 02:38:35.395947 2026] [php:error] [pid 10960] [client 20.100.197.165:0] script '/domains/system_default/inputs.php' not found or unable to stat
[Fri Feb 13 02:38:35.491387 2026] [php:error] [pid 10960] [client 20.100.197.165:0] script '/domains/system_default/ioxi.php' not found or unable to stat
[Fri Feb 13 02:38:35.596870 2026] [php:error] [pid 10960] [client 20.100.197.165:0] script '/domains/system_default/fe5.php' not found or unable to stat
[Fri Feb 13 02:38:35.693579 2026] [php:error] [pid 10960] [client 20.100.197.165:0] script '/domains/system_default/ov.php' not found or unable to stat
[Fri Feb 13 02:38:35.905976 2026] [php:error] [pid 10960] [client 20.100.197.165:0] script '/domains/system_default/default.php' not found or unable to stat
[Fri Feb 13 02:38:35.959679 2026] [php:error] [pid 10976] [client 52.187.241.250:0] script '/domains/markrose/class.php' not found or unable to stat
[Fri Feb 13 02:38:36.020261 2026] [php:error] [pid 10960] [client 20.100.197.165:0] script '/domains/system_default/goods.php' not found or unable to stat
[Fri Feb 13 02:38:36.116205 2026] [php:error] [pid 10960] [client 20.100.197.165:0] script '/domains/system_default/abcd.php' not found or unable to stat
[Fri Feb 13 02:38:36.163227 2026] [php:error] [pid 10976] [client 52.187.241.250:0] script '/domains/markrose/bless5.php' not found or unable to stat
[Fri Feb 13 02:38:36.211879 2026] [php:error] [pid 10960] [client 20.100.197.165:0] script '/domains/system_default/nope.php' not found or unable to stat
[Fri Feb 13 02:38:36.320558 2026] [php:error] [pid 10960] [client 20.100.197.165:0] script '/domains/system_default/class.1.php' not found or unable to stat
[Fri Feb 13 02:38:36.418108 2026] [php:error] [pid 10960] [client 20.100.197.165:0] script '/domains/system_default/async.php' not found or unable to stat
[Fri Feb 13 02:38:36.513521 2026] [php:error] [pid 10960] [client 20.100.197.165:0] script '/domains/system_default/ff.php' not found or unable to stat
[Fri Feb 13 02:38:36.620027 2026] [php:error] [pid 10960] [client 20.100.197.165:0] script '/domains/system_default/ioxi-o.php' not found or unable to stat
[Fri Feb 13 02:38:36.837248 2026] [php:error] [pid 10976] [client 52.187.241.250:0] script '/domains/markrose/lock360.php' not found or unable to stat
[Fri Feb 13 02:38:37.025121 2026] [php:error] [pid 10960] [client 20.100.197.165:0] script '/domains/system_default/manager.php' not found or unable to stat
[Fri Feb 13 02:38:37.058736 2026] [php:error] [pid 10976] [client 52.187.241.250:0] script '/domains/markrose/f35.php' not found or unable to stat
[Fri Feb 13 02:38:37.120682 2026] [php:error] [pid 10960] [client 20.100.197.165:0] script '/domains/system_default/wp-update.php' not found or unable to stat
[Fri Feb 13 02:38:37.263478 2026] [php:error] [pid 10976] [client 52.187.241.250:0] script '/domains/markrose/ioxi-o1.php' not found or unable to stat
[Fri Feb 13 02:38:37.446502 2026] [php:error] [pid 10960] [client 20.100.197.165:0] script '/domains/system_default/file.php' not found or unable to stat
[Fri Feb 13 02:38:37.474342 2026] [php:error] [pid 10976] [client 52.187.241.250:0] script '/domains/markrose/juuuu.php' not found or unable to stat
[Fri Feb 13 02:38:37.637790 2026] [php:error] [pid 10960] [client 20.100.197.165:0] script '/domains/system_default/lc.php' not found or unable to stat
[Fri Feb 13 02:38:37.677617 2026] [php:error] [pid 10976] [client 52.187.241.250:0] script '/domains/markrose/ha.php' not found or unable to stat
[Fri Feb 13 02:38:37.741939 2026] [php:error] [pid 10960] [client 20.100.197.165:0] script '/domains/system_default/hexx.php' not found or unable to stat
[Fri Feb 13 02:38:37.844567 2026] [php:error] [pid 10960] [client 20.100.197.165:0] script '/domains/system_default/cbrfo.php' not found or unable to stat
[Fri Feb 13 02:38:37.940789 2026] [php:error] [pid 10960] [client 20.100.197.165:0] script '/domains/system_default/inc.php' not found or unable to stat
[Fri Feb 13 02:38:37.972761 2026] [php:error] [pid 10976] [client 52.187.241.250:0] script '/domains/markrose/gg.php' not found or unable to stat
[Fri Feb 13 02:38:38.075158 2026] [php:error] [pid 10960] [client 20.100.197.165:0] script '/domains/system_default/gifclass.php' not found or unable to stat
[Fri Feb 13 02:38:38.170727 2026] [php:error] [pid 10960] [client 20.100.197.165:0] script '/domains/system_default/miansha.php' not found or unable to stat
[Fri Feb 13 02:38:38.281314 2026] [php:error] [pid 10976] [client 52.187.241.250:0] script '/domains/markrose/we2.php' not found or unable to stat
[Fri Feb 13 02:38:38.286228 2026] [php:error] [pid 10960] [client 20.100.197.165:0] script '/domains/system_default/tinyfilemanager.php' not found or unable to stat
[Fri Feb 13 02:38:38.381716 2026] [php:error] [pid 10960] [client 20.100.197.165:0] script '/domains/system_default/xfile25.php' not found or unable to stat
[Fri Feb 13 02:38:38.485368 2026] [php:error] [pid 10976] [client 52.187.241.250:0] script '/domains/markrose/04.php' not found or unable to stat
[Fri Feb 13 02:38:38.494984 2026] [php:error] [pid 10960] [client 20.100.197.165:0] script '/domains/system_default/ok.php' not found or unable to stat
[Fri Feb 13 02:38:38.688724 2026] [php:error] [pid 10976] [client 52.187.241.250:0] script '/domains/markrose/333.php' not found or unable to stat
[Fri Feb 13 02:38:38.753506 2026] [php:error] [pid 10981] [client 20.100.197.165:0] script '/domains/system_default/fi.php' not found or unable to stat
[Fri Feb 13 02:38:38.894101 2026] [php:error] [pid 10976] [client 52.187.241.250:0] script '/domains/markrose/520.php' not found or unable to stat
[Fri Feb 13 02:38:38.996335 2026] [php:error] [pid 10981] [client 20.100.197.165:0] script '/domains/system_default/muzu.php' not found or unable to stat
[Fri Feb 13 02:38:39.111818 2026] [php:error] [pid 10981] [client 20.100.197.165:0] script '/domains/system_default/reze.php' not found or unable to stat
[Fri Feb 13 02:38:39.157382 2026] [php:error] [pid 10976] [client 52.187.241.250:0] script '/domains/markrose/ar.php' not found or unable to stat
[Fri Feb 13 02:38:39.208978 2026] [php:error] [pid 10981] [client 20.100.197.165:0] script '/domains/system_default/styll.php' not found or unable to stat
[Fri Feb 13 02:38:39.305952 2026] [php:error] [pid 10981] [client 20.100.197.165:0] script '/domains/system_default/x7.php' not found or unable to stat
[Fri Feb 13 02:38:39.371336 2026] [php:error] [pid 10976] [client 52.187.241.250:0] script '/domains/markrose/x.php' not found or unable to stat
[Fri Feb 13 02:38:39.402899 2026] [php:error] [pid 10981] [client 20.100.197.165:0] script '/domains/system_default/thebe.php' not found or unable to stat
[Fri Feb 13 02:38:39.506968 2026] [php:error] [pid 10981] [client 20.100.197.165:0] script '/domains/system_default/ddd.php' not found or unable to stat
[Fri Feb 13 02:38:39.590519 2026] [php:error] [pid 10976] [client 52.187.241.250:0] script '/domains/markrose/xx.php' not found or unable to stat
[Fri Feb 13 02:38:39.604037 2026] [php:error] [pid 10981] [client 20.100.197.165:0] script '/domains/system_default/ccs.php' not found or unable to stat
[Fri Feb 13 02:38:39.701107 2026] [php:error] [pid 10981] [client 20.100.197.165:0] script '/domains/system_default/bgymj.php' not found or unable to stat
[Fri Feb 13 02:38:39.794305 2026] [php:error] [pid 10976] [client 52.187.241.250:0] script '/domains/markrose/gifclass4.php' not found or unable to stat
[Fri Feb 13 02:38:39.797818 2026] [php:error] [pid 10981] [client 20.100.197.165:0] script '/domains/system_default/8xyz.php' not found or unable to stat
[Fri Feb 13 02:38:39.907181 2026] [php:error] [pid 10981] [client 20.100.197.165:0] script '/domains/system_default/ioxi.php' not found or unable to stat
[Fri Feb 13 02:38:39.997772 2026] [php:error] [pid 10976] [client 52.187.241.250:0] script '/domains/markrose/2clas.php' not found or unable to stat
[Fri Feb 13 02:38:40.004210 2026] [php:error] [pid 10981] [client 20.100.197.165:0] script '/domains/system_default/xpwer1.php' not found or unable to stat
[Fri Feb 13 02:38:40.133816 2026] [php:error] [pid 10981] [client 20.100.197.165:0] script '/domains/system_default/lala.php' not found or unable to stat
[Fri Feb 13 02:38:40.231504 2026] [php:error] [pid 10981] [client 20.100.197.165:0] script '/domains/system_default/about.php' not found or unable to stat
[Fri Feb 13 02:38:40.238006 2026] [php:error] [pid 10976] [client 52.187.241.250:0] script '/domains/markrose/ave.php' not found or unable to stat
[Fri Feb 13 02:38:40.442259 2026] [php:error] [pid 10976] [client 52.187.241.250:0] script '/domains/markrose/wrt.php' not found or unable to stat
[Fri Feb 13 02:38:40.669628 2026] [php:error] [pid 10976] [client 52.187.241.250:0] script '/domains/markrose/bibil.php' not found or unable to stat
[Fri Feb 13 02:38:40.817782 2026] [php:error] [pid 10981] [client 20.100.197.165:0] script '/domains/system_default/info.php' not found or unable to stat
[Fri Feb 13 02:38:40.873861 2026] [php:error] [pid 10976] [client 52.187.241.250:0] script '/domains/markrose/radio.php' not found or unable to stat
[Fri Feb 13 02:38:40.986409 2026] [php:error] [pid 10981] [client 20.100.197.165:0] script '/domains/system_default/about.php' not found or unable to stat
[Fri Feb 13 02:38:41.086064 2026] [php:error] [pid 10976] [client 52.187.241.250:0] script '/domains/markrose/files.php' not found or unable to stat
[Fri Feb 13 02:38:41.189021 2026] [php:error] [pid 10981] [client 20.100.197.165:0] script '/domains/system_default/222.php' not found or unable to stat
[Fri Feb 13 02:38:41.286079 2026] [php:error] [pid 10981] [client 20.100.197.165:0] script '/domains/system_default/adminfuns.php' not found or unable to stat
[Fri Feb 13 02:38:41.301929 2026] [php:error] [pid 10976] [client 52.187.241.250:0] script '/domains/markrose/file7.php' not found or unable to stat
[Fri Feb 13 02:38:41.486784 2026] [php:error] [pid 10981] [client 20.100.197.165:0] script '/domains/system_default/xx.php' not found or unable to stat
[Fri Feb 13 02:38:41.505403 2026] [php:error] [pid 10976] [client 52.187.241.250:0] script '/domains/markrose/gifclass.php' not found or unable to stat
[Fri Feb 13 02:38:41.724134 2026] [php:error] [pid 10981] [client 20.100.197.165:0] script '/domains/system_default/f5.php' not found or unable to stat
[Fri Feb 13 02:38:41.855355 2026] [php:error] [pid 10981] [client 20.100.197.165:0] script '/domains/system_default/flower.php' not found or unable to stat
[Fri Feb 13 02:38:41.925424 2026] [php:error] [pid 10976] [client 52.187.241.250:0] script '/domains/markrose/nox.php' not found or unable to stat
[Fri Feb 13 02:38:42.132994 2026] [php:error] [pid 10976] [client 52.187.241.250:0] script '/domains/markrose/file48.php' not found or unable to stat
[Fri Feb 13 02:38:42.153537 2026] [php:error] [pid 10981] [client 20.100.197.165:0] script '/domains/system_default/f6.php' not found or unable to stat
[Fri Feb 13 02:38:42.263508 2026] [php:error] [pid 10981] [client 20.100.197.165:0] script '/domains/system_default/edit.php' not found or unable to stat
[Fri Feb 13 02:38:42.336871 2026] [php:error] [pid 10976] [client 52.187.241.250:0] script '/domains/markrose/info.php' not found or unable to stat
[Fri Feb 13 02:38:42.362845 2026] [php:error] [pid 10981] [client 20.100.197.165:0] script '/domains/system_default/aa.php' not found or unable to stat
[Fri Feb 13 02:38:42.543562 2026] [php:error] [pid 10976] [client 52.187.241.250:0] script '/domains/markrose/class9.php' not found or unable to stat
[Fri Feb 13 02:38:42.729459 2026] [php:error] [pid 10981] [client 20.100.197.165:0] script '/domains/system_default/av.php' not found or unable to stat
[Fri Feb 13 02:38:42.748210 2026] [php:error] [pid 10976] [client 52.187.241.250:0] script '/domains/markrose/la.php' not found or unable to stat
[Fri Feb 13 02:38:42.926625 2026] [php:error] [pid 10981] [client 20.100.197.165:0] script '/domains/system_default/wsd.php' not found or unable to stat
[Fri Feb 13 02:38:42.951841 2026] [php:error] [pid 10976] [client 52.187.241.250:0] script '/domains/markrose/bless11.php' not found or unable to stat
[Fri Feb 13 02:38:43.023824 2026] [php:error] [pid 10981] [client 20.100.197.165:0] script '/domains/system_default/jane.php' not found or unable to stat
[Fri Feb 13 02:38:43.156463 2026] [php:error] [pid 10976] [client 52.187.241.250:0] script '/domains/markrose/ccou.php' not found or unable to stat
[Fri Feb 13 02:38:43.184560 2026] [php:error] [pid 10981] [client 20.100.197.165:0] script '/domains/system_default/css.php' not found or unable to stat
[Fri Feb 13 02:38:43.306955 2026] [php:error] [pid 10981] [client 20.100.197.165:0] script '/domains/system_default/alfa.php' not found or unable to stat
[Fri Feb 13 02:38:43.361189 2026] [php:error] [pid 10976] [client 52.187.241.250:0] script '/domains/markrose/ton.php' not found or unable to stat
[Fri Feb 13 02:38:43.473655 2026] [php:error] [pid 10981] [client 20.100.197.165:0] script '/domains/system_default/wen.php' not found or unable to stat
[Fri Feb 13 02:38:43.571707 2026] [php:error] [pid 10981] [client 20.100.197.165:0] script '/domains/system_default/x.php' not found or unable to stat
[Fri Feb 13 02:38:43.572389 2026] [php:error] [pid 10976] [client 52.187.241.250:0] script '/domains/markrose/403.php' not found or unable to stat
[Fri Feb 13 02:38:43.679267 2026] [php:error] [pid 10981] [client 20.100.197.165:0] script '/domains/system_default/xxxx.php' not found or unable to stat
[Fri Feb 13 02:38:43.776369 2026] [php:error] [pid 10976] [client 52.187.241.250:0] script '/domains/markrose/file9.php' not found or unable to stat
[Fri Feb 13 02:38:43.795346 2026] [php:error] [pid 10981] [client 20.100.197.165:0] script '/domains/system_default/class.php' not found or unable to stat
[Fri Feb 13 02:38:43.895773 2026] [php:error] [pid 10981] [client 20.100.197.165:0] script '/domains/system_default/f35.php' not found or unable to stat
[Fri Feb 13 02:38:43.988259 2026] [php:error] [pid 10976] [client 52.187.241.250:0] script '/domains/markrose/ac.php' not found or unable to stat
[Fri Feb 13 02:38:44.195690 2026] [php:error] [pid 10976] [client 52.187.241.250:0] script '/domains/markrose/new4.php' not found or unable to stat
[Fri Feb 13 02:38:44.388843 2026] [php:error] [pid 10981] [client 20.100.197.165:0] script '/domains/system_default/class-t.api.php' not found or unable to stat
[Fri Feb 13 02:38:44.398960 2026] [php:error] [pid 10976] [client 52.187.241.250:0] script '/domains/markrose/pop.php' not found or unable to stat
[Fri Feb 13 02:38:44.485900 2026] [php:error] [pid 10981] [client 20.100.197.165:0] script '/domains/system_default/blurbs18.php' not found or unable to stat
[Fri Feb 13 02:38:44.675848 2026] [php:error] [pid 10976] [client 52.187.241.250:0] script '/domains/markrose/az.php' not found or unable to stat
[Fri Feb 13 02:38:44.881489 2026] [php:error] [pid 10976] [client 52.187.241.250:0] script '/domains/markrose/xaz.php' not found or unable to stat
[Fri Feb 13 02:38:45.085188 2026] [php:error] [pid 10976] [client 52.187.241.250:0] script '/domains/markrose/up4.php' not found or unable to stat
[Fri Feb 13 02:38:45.305231 2026] [php:error] [pid 10976] [client 52.187.241.250:0] script '/domains/markrose/1aa.php' not found or unable to stat
[Fri Feb 13 02:38:45.334980 2026] [php:error] [pid 10981] [client 20.100.197.165:0] script '/domains/system_default/bless11.php' not found or unable to stat
[Fri Feb 13 02:38:45.539163 2026] [php:error] [pid 10981] [client 20.100.197.165:0] script '/domains/system_default/init.php' not found or unable to stat
[Fri Feb 13 02:38:45.617650 2026] [php:error] [pid 10976] [client 52.187.241.250:0] script '/domains/markrose/elp.php' not found or unable to stat
[Fri Feb 13 02:38:45.733010 2026] [php:error] [pid 10981] [client 20.100.197.165:0] script '/domains/system_default/k.php' not found or unable to stat
[Fri Feb 13 02:38:45.822730 2026] [php:error] [pid 10976] [client 52.187.241.250:0] script '/domains/markrose/wtz.php' not found or unable to stat
[Fri Feb 13 02:38:46.026201 2026] [php:error] [pid 10976] [client 52.187.241.250:0] script '/domains/markrose/galex.php' not found or unable to stat
[Fri Feb 13 02:38:46.092621 2026] [php:error] [pid 10981] [client 20.100.197.165:0] script '/domains/system_default/bless.php' not found or unable to stat
[Fri Feb 13 02:38:46.189707 2026] [php:error] [pid 10981] [client 20.100.197.165:0] script '/domains/system_default/X7x.php' not found or unable to stat
[Fri Feb 13 02:38:46.230149 2026] [php:error] [pid 10976] [client 52.187.241.250:0] script '/domains/markrose/xb.php' not found or unable to stat
[Fri Feb 13 02:38:46.305179 2026] [php:error] [pid 10981] [client 20.100.197.165:0] script '/domains/system_default/166.php' not found or unable to stat
[Fri Feb 13 02:38:46.405341 2026] [php:error] [pid 10981] [client 20.100.197.165:0] script '/domains/system_default/plss3.php' not found or unable to stat
[Fri Feb 13 02:38:46.433708 2026] [php:error] [pid 10976] [client 52.187.241.250:0] script '/domains/markrose/ova.php' not found or unable to stat
[Fri Feb 13 02:38:46.603740 2026] [php:error] [pid 10981] [client 20.100.197.165:0] script '/domains/system_default/admins.php' not found or unable to stat
[Fri Feb 13 02:38:46.707203 2026] [php:error] [pid 10976] [client 52.187.241.250:0] script '/domains/markrose/vx.php' not found or unable to stat
[Fri Feb 13 02:38:46.716217 2026] [php:error] [pid 10981] [client 20.100.197.165:0] script '/domains/system_default/wp.php' not found or unable to stat
[Fri Feb 13 02:38:46.813280 2026] [php:error] [pid 10981] [client 20.100.197.165:0] script '/domains/system_default/main.php' not found or unable to stat
[Fri Feb 13 02:38:46.910510 2026] [php:error] [pid 10981] [client 20.100.197.165:0] script '/domains/system_default/a1.php' not found or unable to stat
[Fri Feb 13 02:38:46.917621 2026] [php:error] [pid 10976] [client 52.187.241.250:0] script '/domains/markrose/rh.php' not found or unable to stat
[Fri Feb 13 02:38:47.007274 2026] [php:error] [pid 10981] [client 20.100.197.165:0] script '/domains/system_default/lala.php' not found or unable to stat
[Fri Feb 13 02:38:47.114663 2026] [php:error] [pid 10981] [client 20.100.197.165:0] script '/domains/system_default/aaa.php' not found or unable to stat
[Fri Feb 13 02:38:47.235404 2026] [php:error] [pid 10981] [client 20.100.197.165:0] script '/domains/system_default/a2.php' not found or unable to stat
[Fri Feb 13 02:38:47.555697 2026] [php:error] [pid 10981] [client 20.100.197.165:0] script '/domains/system_default/nyan.php' not found or unable to stat
[Fri Feb 13 02:38:47.710908 2026] [php:error] [pid 10981] [client 20.100.197.165:0] script '/domains/system_default/jsond.php' not found or unable to stat
[Fri Feb 13 02:39:11.381281 2026] [php:error] [pid 10982] [client 51.103.25.4:0] script '/domains/cccweb/88.php' not found or unable to stat
[Fri Feb 13 02:39:11.469101 2026] [php:error] [pid 10982] [client 51.103.25.4:0] script '/domains/cccweb/pass4.php' not found or unable to stat
[Fri Feb 13 02:39:11.555179 2026] [php:error] [pid 10982] [client 51.103.25.4:0] script '/domains/cccweb/php8.php' not found or unable to stat
[Fri Feb 13 02:39:11.641239 2026] [php:error] [pid 10982] [client 51.103.25.4:0] script '/domains/cccweb/cvtcosue.php' not found or unable to stat
[Fri Feb 13 02:39:11.735120 2026] [php:error] [pid 10982] [client 51.103.25.4:0] script '/domains/cccweb/gm.php' not found or unable to stat
[Fri Feb 13 02:39:11.822254 2026] [php:error] [pid 10982] [client 51.103.25.4:0] script '/domains/cccweb/1a.php' not found or unable to stat
[Fri Feb 13 02:39:11.908884 2026] [php:error] [pid 10982] [client 51.103.25.4:0] script '/domains/cccweb/aer.php' not found or unable to stat
[Fri Feb 13 02:39:11.996299 2026] [php:error] [pid 10982] [client 51.103.25.4:0] script '/domains/cccweb/f6.php' not found or unable to stat
[Fri Feb 13 02:39:12.082680 2026] [php:error] [pid 10982] [client 51.103.25.4:0] script '/domains/cccweb/667.php' not found or unable to stat
[Fri Feb 13 02:39:12.181913 2026] [php:error] [pid 10982] [client 51.103.25.4:0] script '/domains/cccweb/kma.php' not found or unable to stat
[Fri Feb 13 02:39:12.273072 2026] [php:error] [pid 10982] [client 51.103.25.4:0] script '/domains/cccweb/kimono.php' not found or unable to stat
[Fri Feb 13 02:39:16.893504 2026] [php:error] [pid 10987] [client 158.158.42.54:0] script '/domains/ceonlinenews/88.php' not found or unable to stat
[Fri Feb 13 02:39:16.977156 2026] [php:error] [pid 10987] [client 158.158.42.54:0] script '/domains/ceonlinenews/pass4.php' not found or unable to stat
[Fri Feb 13 02:39:17.076970 2026] [php:error] [pid 10987] [client 158.158.42.54:0] script '/domains/ceonlinenews/php8.php' not found or unable to stat
[Fri Feb 13 02:39:17.160086 2026] [php:error] [pid 10987] [client 158.158.42.54:0] script '/domains/ceonlinenews/cvtcosue.php' not found or unable to stat
[Fri Feb 13 02:39:17.243310 2026] [php:error] [pid 10987] [client 158.158.42.54:0] script '/domains/ceonlinenews/gm.php' not found or unable to stat
[Fri Feb 13 02:39:17.336680 2026] [php:error] [pid 10987] [client 158.158.42.54:0] script '/domains/ceonlinenews/1a.php' not found or unable to stat
[Fri Feb 13 02:39:17.419919 2026] [php:error] [pid 10987] [client 158.158.42.54:0] script '/domains/ceonlinenews/aer.php' not found or unable to stat
[Fri Feb 13 02:39:17.502885 2026] [php:error] [pid 10987] [client 158.158.42.54:0] script '/domains/ceonlinenews/f6.php' not found or unable to stat
[Fri Feb 13 02:39:17.592327 2026] [php:error] [pid 10987] [client 158.158.42.54:0] script '/domains/ceonlinenews/667.php' not found or unable to stat
[Fri Feb 13 02:39:17.681841 2026] [php:error] [pid 10987] [client 158.158.42.54:0] script '/domains/ceonlinenews/kma.php' not found or unable to stat
[Fri Feb 13 02:39:17.764840 2026] [php:error] [pid 10987] [client 158.158.42.54:0] script '/domains/ceonlinenews/kimono.php' not found or unable to stat
[Fri Feb 13 02:39:47.197639 2026] [php:error] [pid 10989] [client 74.248.32.177:0] script '/domains/tbarnhil/24.php' not found or unable to stat
[Fri Feb 13 02:39:51.870349 2026] [rewrite:error] [pid 10981] [client 17.241.227.168:0] AH10508: Unsafe URL with %3f URL rewritten without UnsafeAllow3F
[Fri Feb 13 02:40:12.250388 2026] [php:error] [pid 10989] [client 125.122.13.214:0] script '/domains/nostrada/1234.php' not found or unable to stat, referer: http://nostradamus.net/1234.php
[Fri Feb 13 02:40:18.687361 2026] [authz_core:error] [pid 10981] [client 36.150.185.69:0] AH01630: client denied by server configuration: /domains/127.0.0.1
[Fri Feb 13 02:40:29.014692 2026] [php:error] [pid 10989] [client 34.147.98.120:0] script '/domains/hdickens.enteract/kmnj.php' not found or unable to stat
[Fri Feb 13 02:40:29.946806 2026] [php:error] [pid 10991] [client 34.90.59.12:0] script '/domains/hdickens.enteract/kmnj.php' not found or unable to stat
[Fri Feb 13 02:40:34.338829 2026] [php:error] [pid 10994] [client 40.89.135.33:0] script '/domains/lover/galex.php' not found or unable to stat
[Fri Feb 13 02:40:34.424786 2026] [php:error] [pid 10994] [client 40.89.135.33:0] script '/domains/lover/xa.php' not found or unable to stat
[Fri Feb 13 02:40:34.527628 2026] [php:error] [pid 10994] [client 40.89.135.33:0] script '/domains/lover/pass4.php' not found or unable to stat
[Fri Feb 13 02:40:34.644866 2026] [php:error] [pid 10994] [client 40.89.135.33:0] script '/domains/lover/X57.php' not found or unable to stat
[Fri Feb 13 02:40:34.731252 2026] [php:error] [pid 10994] [client 40.89.135.33:0] script '/domains/lover/503.php' not found or unable to stat
[Fri Feb 13 02:40:34.817487 2026] [php:error] [pid 10994] [client 40.89.135.33:0] script '/domains/lover/indeex.php' not found or unable to stat
[Fri Feb 13 02:40:34.914287 2026] [php:error] [pid 10994] [client 40.89.135.33:0] script '/domains/lover/wp-4doption1.php' not found or unable to stat
[Fri Feb 13 02:40:35.000609 2026] [php:error] [pid 10994] [client 40.89.135.33:0] script '/domains/lover/ioxi1.php' not found or unable to stat
[Fri Feb 13 02:40:35.086786 2026] [php:error] [pid 10994] [client 40.89.135.33:0] script '/domains/lover/bgymj.php' not found or unable to stat
[Fri Feb 13 02:40:35.173253 2026] [php:error] [pid 10994] [client 40.89.135.33:0] script '/domains/lover/alfashell.php' not found or unable to stat
[Fri Feb 13 02:40:35.259528 2026] [php:error] [pid 10994] [client 40.89.135.33:0] script '/domains/lover/Capte.php' not found or unable to stat
[Fri Feb 13 02:40:35.345972 2026] [php:error] [pid 10994] [client 40.89.135.33:0] script '/domains/lover/as.php' not found or unable to stat
[Fri Feb 13 02:40:35.435067 2026] [php:error] [pid 10994] [client 40.89.135.33:0] script '/domains/lover/aaa.php' not found or unable to stat
[Fri Feb 13 02:40:35.521542 2026] [php:error] [pid 10994] [client 40.89.135.33:0] script '/domains/lover/ccou.php' not found or unable to stat
[Fri Feb 13 02:40:35.608539 2026] [php:error] [pid 10994] [client 40.89.135.33:0] script '/domains/lover/fff.php' not found or unable to stat
[Fri Feb 13 02:40:35.700730 2026] [php:error] [pid 10994] [client 40.89.135.33:0] script '/domains/lover/sbhu.php' not found or unable to stat
[Fri Feb 13 02:40:35.799115 2026] [php:error] [pid 10994] [client 40.89.135.33:0] script '/domains/lover/bugger.php' not found or unable to stat
[Fri Feb 13 02:40:35.971691 2026] [php:error] [pid 10994] [client 40.89.135.33:0] script '/domains/lover/chosen.php' not found or unable to stat
[Fri Feb 13 02:40:36.093558 2026] [php:error] [pid 10994] [client 40.89.135.33:0] script '/domains/lover/gettest.php' not found or unable to stat
[Fri Feb 13 02:40:37.053973 2026] [php:error] [pid 10994] [client 40.89.135.33:0] script '/domains/lover/atomlib.php' not found or unable to stat
[Fri Feb 13 02:40:37.140339 2026] [php:error] [pid 10994] [client 40.89.135.33:0] script '/domains/lover/kdgok.php' not found or unable to stat
[Fri Feb 13 02:40:37.226984 2026] [php:error] [pid 10994] [client 40.89.135.33:0] script '/domains/lover/autoload_classmap.php' not found or unable to stat
[Fri Feb 13 02:40:37.402390 2026] [php:error] [pid 10994] [client 40.89.135.33:0] script '/domains/lover/wp-act.php' not found or unable to stat
[Fri Feb 13 02:40:37.489006 2026] [php:error] [pid 10994] [client 40.89.135.33:0] script '/domains/lover/wp-file.php' not found or unable to stat
[Fri Feb 13 02:40:37.677166 2026] [php:error] [pid 10994] [client 40.89.135.33:0] script '/domains/lover/bak.php' not found or unable to stat
[Fri Feb 13 02:40:37.786915 2026] [php:error] [pid 10994] [client 40.89.135.33:0] script '/domains/lover/vx.php' not found or unable to stat
[Fri Feb 13 02:40:37.884673 2026] [php:error] [pid 10994] [client 40.89.135.33:0] script '/domains/lover/1.php' not found or unable to stat
[Fri Feb 13 02:40:38.058057 2026] [php:error] [pid 10994] [client 40.89.135.33:0] script '/domains/lover/ioxi-o.php' not found or unable to stat
[Fri Feb 13 02:40:38.144308 2026] [php:error] [pid 10994] [client 40.89.135.33:0] script '/domains/lover/wp-trackback.php' not found or unable to stat
[Fri Feb 13 02:40:38.239816 2026] [php:error] [pid 10994] [client 40.89.135.33:0] script '/domains/lover/222.php' not found or unable to stat
[Fri Feb 13 02:40:38.349866 2026] [php:error] [pid 10994] [client 40.89.135.33:0] script '/domains/lover/install.php' not found or unable to stat
[Fri Feb 13 02:40:38.652578 2026] [php:error] [pid 10994] [client 40.89.135.33:0] script '/domains/lover/gifclass.php' not found or unable to stat
[Fri Feb 13 02:40:39.132902 2026] [php:error] [pid 10994] [client 40.89.135.33:0] script '/domains/lover/radio.php' not found or unable to stat
[Fri Feb 13 02:40:39.252599 2026] [php:error] [pid 10994] [client 40.89.135.33:0] script '/domains/lover/gtc.php' not found or unable to stat
[Fri Feb 13 02:40:39.392003 2026] [php:error] [pid 10994] [client 40.89.135.33:0] script '/domains/lover/class-t.api.php' not found or unable to stat
[Fri Feb 13 02:40:39.479247 2026] [php:error] [pid 10994] [client 40.89.135.33:0] script '/domains/lover/themes.php' not found or unable to stat
[Fri Feb 13 02:40:39.565410 2026] [php:error] [pid 10994] [client 40.89.135.33:0] script '/domains/lover/inputs.php' not found or unable to stat
[Fri Feb 13 02:40:39.764752 2026] [php:error] [pid 10994] [client 40.89.135.33:0] script '/domains/lover/byp.php' not found or unable to stat
[Fri Feb 13 02:40:39.862351 2026] [php:error] [pid 10994] [client 40.89.135.33:0] script '/domains/lover/403.php' not found or unable to stat
[Fri Feb 13 02:40:40.387084 2026] [php:error] [pid 10994] [client 40.89.135.33:0] script '/domains/lover/simple.php' not found or unable to stat
[Fri Feb 13 02:40:40.480732 2026] [php:error] [pid 10994] [client 40.89.135.33:0] script '/domains/lover/alfa.php' not found or unable to stat
[Fri Feb 13 02:40:41.099600 2026] [php:error] [pid 10994] [client 40.89.135.33:0] script '/domains/lover/404.php' not found or unable to stat
[Fri Feb 13 02:40:41.198800 2026] [php:error] [pid 10994] [client 40.89.135.33:0] script '/domains/lover/bs2.php' not found or unable to stat
[Fri Feb 13 02:40:41.483355 2026] [php:error] [pid 10994] [client 40.89.135.33:0] script '/domains/lover/cwclass.php' not found or unable to stat
[Fri Feb 13 02:40:41.569933 2026] [php:error] [pid 10994] [client 40.89.135.33:0] script '/domains/lover/wp-site.php' not found or unable to stat
[Fri Feb 13 02:40:41.655928 2026] [php:error] [pid 10994] [client 40.89.135.33:0] script '/domains/lover/tmpls.php' not found or unable to stat
[Fri Feb 13 02:40:42.188090 2026] [php:error] [pid 10994] [client 40.89.135.33:0] script '/domains/lover/wen.php' not found or unable to stat
[Fri Feb 13 02:40:42.276949 2026] [php:error] [pid 10994] [client 40.89.135.33:0] script '/domains/lover/yawa.php' not found or unable to stat
[Fri Feb 13 02:40:42.380055 2026] [php:error] [pid 10994] [client 40.89.135.33:0] script '/domains/lover/revision.php' not found or unable to stat
[Fri Feb 13 02:40:42.466093 2026] [php:error] [pid 10994] [client 40.89.135.33:0] script '/domains/lover/environment.php' not found or unable to stat
[Fri Feb 13 02:40:42.552095 2026] [php:error] [pid 10994] [client 40.89.135.33:0] script '/domains/lover/xmrlpc.php' not found or unable to stat
[Fri Feb 13 02:40:42.740339 2026] [php:error] [pid 10994] [client 40.89.135.33:0] script '/domains/lover/buy.php' not found or unable to stat
[Fri Feb 13 02:40:42.827074 2026] [php:error] [pid 10994] [client 40.89.135.33:0] script '/domains/lover/sx.php' not found or unable to stat
[Fri Feb 13 02:40:43.216056 2026] [php:error] [pid 10994] [client 40.89.135.33:0] script '/domains/lover/size.php' not found or unable to stat
[Fri Feb 13 02:40:43.304256 2026] [php:error] [pid 10994] [client 40.89.135.33:0] script '/domains/lover/zfile.php' not found or unable to stat
[Fri Feb 13 02:40:43.390372 2026] [php:error] [pid 10994] [client 40.89.135.33:0] script '/domains/lover/a2.php' not found or unable to stat
[Fri Feb 13 02:40:43.495945 2026] [php:error] [pid 10994] [client 40.89.135.33:0] script '/domains/lover/yas.php' not found or unable to stat
[Fri Feb 13 02:40:43.582146 2026] [php:error] [pid 10994] [client 40.89.135.33:0] script '/domains/lover/abc.php' not found or unable to stat
[Fri Feb 13 02:40:43.668248 2026] [php:error] [pid 10994] [client 40.89.135.33:0] script '/domains/lover/aboutc.php' not found or unable to stat
[Fri Feb 13 02:40:43.779689 2026] [php:error] [pid 10994] [client 40.89.135.33:0] script '/domains/lover/dropdown.php' not found or unable to stat
[Fri Feb 13 02:40:43.870835 2026] [php:error] [pid 10994] [client 40.89.135.33:0] script '/domains/lover/about.php' not found or unable to stat
[Fri Feb 13 02:40:43.970062 2026] [php:error] [pid 10994] [client 40.89.135.33:0] script '/domains/lover/content.php' not found or unable to stat
[Fri Feb 13 02:40:44.066759 2026] [php:error] [pid 10994] [client 40.89.135.33:0] script '/domains/lover/wp-load.php' not found or unable to stat
[Fri Feb 13 02:40:44.387182 2026] [php:error] [pid 10994] [client 40.89.135.33:0] script '/domains/lover/item.php' not found or unable to stat
[Fri Feb 13 02:40:44.493120 2026] [php:error] [pid 10994] [client 40.89.135.33:0] script '/domains/lover/wp-tot.php' not found or unable to stat
[Fri Feb 13 02:40:44.579372 2026] [php:error] [pid 10994] [client 40.89.135.33:0] script '/domains/lover/classwithtostring.php' not found or unable to stat
[Fri Feb 13 02:40:44.665529 2026] [php:error] [pid 10994] [client 40.89.135.33:0] script '/domains/lover/xx.php' not found or unable to stat
[Fri Feb 13 02:40:44.757163 2026] [php:error] [pid 10994] [client 40.89.135.33:0] script '/domains/lover/wbbw.php' not found or unable to stat
[Fri Feb 13 02:40:44.843435 2026] [php:error] [pid 10994] [client 40.89.135.33:0] script '/domains/lover/akcc.php' not found or unable to stat
[Fri Feb 13 02:40:44.929441 2026] [php:error] [pid 10994] [client 40.89.135.33:0] script '/domains/lover/acxx.php' not found or unable to stat
[Fri Feb 13 02:40:45.015562 2026] [php:error] [pid 10994] [client 40.89.135.33:0] script '/domains/lover/x7.php' not found or unable to stat
[Fri Feb 13 02:40:45.103046 2026] [php:error] [pid 10994] [client 40.89.135.33:0] script '/domains/lover/menu.php' not found or unable to stat
[Fri Feb 13 02:40:45.296648 2026] [php:error] [pid 10994] [client 40.89.135.33:0] script '/domains/lover/class.php' not found or unable to stat
[Fri Feb 13 02:40:45.383064 2026] [php:error] [pid 10994] [client 40.89.135.33:0] script '/domains/lover/test1.php' not found or unable to stat
[Fri Feb 13 02:40:45.556993 2026] [php:error] [pid 10994] [client 40.89.135.33:0] script '/domains/lover/img.php' not found or unable to stat
[Fri Feb 13 02:40:45.833420 2026] [php:error] [pid 10994] [client 40.89.135.33:0] script '/domains/lover/sim.php' not found or unable to stat
[Fri Feb 13 02:40:45.949319 2026] [php:error] [pid 10994] [client 40.89.135.33:0] script '/domains/lover/gg.php' not found or unable to stat
[Fri Feb 13 02:40:46.056845 2026] [php:error] [pid 10994] [client 40.89.135.33:0] script '/domains/lover/0x.php' not found or unable to stat
[Fri Feb 13 02:40:49.798042 2026] [php:error] [pid 10995] [client 40.89.135.33:0] script '/domains/lover/siteheads.php' not found or unable to stat
[Fri Feb 13 02:40:49.951487 2026] [php:error] [pid 10995] [client 40.89.135.33:0] script '/domains/lover/abcd.php' not found or unable to stat
[Fri Feb 13 02:40:50.090956 2026] [php:error] [pid 10995] [client 40.89.135.33:0] script '/domains/lover/mode.php' not found or unable to stat
[Fri Feb 13 02:40:50.178386 2026] [php:error] [pid 10995] [client 40.89.135.33:0] script '/domains/lover/asasx.php' not found or unable to stat
[Fri Feb 13 02:40:51.086217 2026] [php:error] [pid 10995] [client 40.89.135.33:0] script '/domains/lover/dev1s.php' not found or unable to stat
[Fri Feb 13 02:40:51.180710 2026] [php:error] [pid 10995] [client 40.89.135.33:0] script '/domains/lover/backup.php' not found or unable to stat
[Fri Feb 13 02:40:51.267735 2026] [php:error] [pid 10995] [client 40.89.135.33:0] script '/domains/lover/aq.php' not found or unable to stat
[Fri Feb 13 02:40:51.354310 2026] [php:error] [pid 10995] [client 40.89.135.33:0] script '/domains/lover/12.php' not found or unable to stat
[Fri Feb 13 02:40:51.441350 2026] [php:error] [pid 10995] [client 40.89.135.33:0] script '/domains/lover/wp-good.php' not found or unable to stat
[Fri Feb 13 02:40:51.657564 2026] [php:error] [pid 10995] [client 40.89.135.33:0] script '/domains/lover/styles.php' not found or unable to stat
[Fri Feb 13 02:40:51.756441 2026] [php:error] [pid 10995] [client 40.89.135.33:0] script '/domains/lover/elp.php' not found or unable to stat
[Fri Feb 13 02:40:51.953102 2026] [php:error] [pid 10995] [client 40.89.135.33:0] script '/domains/lover/ty.php' not found or unable to stat
[Fri Feb 13 02:40:52.078515 2026] [php:error] [pid 10995] [client 40.89.135.33:0] script '/domains/lover/fwe.php' not found or unable to stat
[Fri Feb 13 02:40:52.202956 2026] [php:error] [pid 10995] [client 40.89.135.33:0] script '/domains/lover/g.php' not found or unable to stat
[Fri Feb 13 02:40:52.305340 2026] [php:error] [pid 10995] [client 40.89.135.33:0] script '/domains/lover/tx1.php' not found or unable to stat
[Fri Feb 13 02:40:52.393964 2026] [php:error] [pid 10995] [client 40.89.135.33:0] script '/domains/lover/xv.php' not found or unable to stat
[Fri Feb 13 02:40:52.480505 2026] [php:error] [pid 10995] [client 40.89.135.33:0] script '/domains/lover/x56.php' not found or unable to stat
[Fri Feb 13 02:40:52.583253 2026] [php:error] [pid 10995] [client 40.89.135.33:0] script '/domains/lover/htaccess.php' not found or unable to stat
[Fri Feb 13 02:40:52.710870 2026] [php:error] [pid 10995] [client 40.89.135.33:0] script '/domains/lover/x50.php' not found or unable to stat
[Fri Feb 13 02:40:52.813910 2026] [php:error] [pid 10995] [client 40.89.135.33:0] script '/domains/lover/fv.php' not found or unable to stat
[Fri Feb 13 02:40:52.916263 2026] [php:error] [pid 10995] [client 40.89.135.33:0] script '/domains/lover/lsd.php' not found or unable to stat
[Fri Feb 13 02:40:53.007784 2026] [php:error] [pid 10995] [client 40.89.135.33:0] script '/domains/lover/atx.php' not found or unable to stat
[Fri Feb 13 02:40:53.117609 2026] [php:error] [pid 10995] [client 40.89.135.33:0] script '/domains/lover/z60.php' not found or unable to stat
[Fri Feb 13 02:40:53.209241 2026] [php:error] [pid 10995] [client 40.89.135.33:0] script '/domains/lover/m.php' not found or unable to stat
[Fri Feb 13 02:40:53.310375 2026] [php:error] [pid 10995] [client 40.89.135.33:0] script '/domains/lover/lv.php' not found or unable to stat
[Fri Feb 13 02:40:53.396914 2026] [php:error] [pid 10995] [client 40.89.135.33:0] script '/domains/lover/css.php' not found or unable to stat
[Fri Feb 13 02:40:53.482957 2026] [php:error] [pid 10995] [client 40.89.135.33:0] script '/domains/lover/cong.php' not found or unable to stat
[Fri Feb 13 02:40:58.440754 2026] [php:error] [pid 10995] [client 40.89.135.33:0] script '/domains/lover/w.php' not found or unable to stat
[Fri Feb 13 02:40:58.530073 2026] [php:error] [pid 10995] [client 40.89.135.33:0] script '/domains/lover/gmo.php' not found or unable to stat
[Fri Feb 13 02:40:58.616114 2026] [php:error] [pid 10995] [client 40.89.135.33:0] script '/domains/lover/ww1.php' not found or unable to stat
[Fri Feb 13 02:40:58.703706 2026] [php:error] [pid 10995] [client 40.89.135.33:0] script '/domains/lover/bless5.php' not found or unable to stat
[Fri Feb 13 02:40:58.799167 2026] [php:error] [pid 10995] [client 40.89.135.33:0] script '/domains/lover/f35.php' not found or unable to stat
[Fri Feb 13 02:40:58.885600 2026] [php:error] [pid 10995] [client 40.89.135.33:0] script '/domains/lover/juuuu.php' not found or unable to stat
[Fri Feb 13 02:40:58.973704 2026] [php:error] [pid 10995] [client 40.89.135.33:0] script '/domains/lover/file7.php' not found or unable to stat
[Fri Feb 13 02:40:59.059807 2026] [php:error] [pid 10995] [client 40.89.135.33:0] script '/domains/lover/file48.php' not found or unable to stat
[Fri Feb 13 02:40:59.165707 2026] [php:error] [pid 10995] [client 40.89.135.33:0] script '/domains/lover/new4.php' not found or unable to stat
[Fri Feb 13 02:40:59.260507 2026] [php:error] [pid 10995] [client 40.89.135.33:0] script '/domains/lover/pop.php' not found or unable to stat
[Fri Feb 13 02:40:59.353166 2026] [php:error] [pid 10995] [client 40.89.135.33:0] script '/domains/lover/file9.php' not found or unable to stat
[Fri Feb 13 02:41:27.519829 2026] [php:error] [pid 10980] [client 45.88.97.92:0] script '/domains/markrose/wp-login.php' not found or unable to stat
[Fri Feb 13 02:42:02.882476 2026] [php:error] [pid 10995] [client 20.199.107.218:0] script '/domains/covertcomic/new4.php' not found or unable to stat
[Fri Feb 13 02:42:02.970779 2026] [php:error] [pid 10995] [client 20.199.107.218:0] script '/domains/covertcomic/xoot.php' not found or unable to stat
[Fri Feb 13 02:42:03.065839 2026] [php:error] [pid 10995] [client 20.199.107.218:0] script '/domains/covertcomic/wp-al.php' not found or unable to stat
[Fri Feb 13 02:42:03.204467 2026] [php:error] [pid 10995] [client 20.199.107.218:0] script '/domains/covertcomic/w-a.php' not found or unable to stat
[Fri Feb 13 02:42:03.321631 2026] [php:error] [pid 10995] [client 20.199.107.218:0] script '/domains/covertcomic/alfashell.php' not found or unable to stat
[Fri Feb 13 02:42:03.427665 2026] [php:error] [pid 10995] [client 20.199.107.218:0] script '/domains/covertcomic/toine.php' not found or unable to stat
[Fri Feb 13 02:42:03.515158 2026] [php:error] [pid 10995] [client 20.199.107.218:0] script '/domains/covertcomic/snus.php' not found or unable to stat
[Fri Feb 13 02:42:03.605551 2026] [php:error] [pid 10995] [client 20.199.107.218:0] script '/domains/covertcomic/ZeLXoo.php' not found or unable to stat
[Fri Feb 13 02:42:03.709529 2026] [php:error] [pid 10995] [client 20.199.107.218:0] script '/domains/covertcomic/xda.php' not found or unable to stat
[Fri Feb 13 02:42:03.796739 2026] [php:error] [pid 10995] [client 20.199.107.218:0] script '/domains/covertcomic/er.php' not found or unable to stat
[Fri Feb 13 02:42:03.884221 2026] [php:error] [pid 10995] [client 20.199.107.218:0] script '/domains/covertcomic/fault.php' not found or unable to stat
[Fri Feb 13 02:42:03.972344 2026] [php:error] [pid 10995] [client 20.199.107.218:0] script '/domains/covertcomic/x2x.php' not found or unable to stat
[Fri Feb 13 02:42:04.064166 2026] [php:error] [pid 10995] [client 20.199.107.218:0] script '/domains/covertcomic/motu.php' not found or unable to stat
[Fri Feb 13 02:42:04.152149 2026] [php:error] [pid 10995] [client 20.199.107.218:0] script '/domains/covertcomic/66.php' not found or unable to stat
[Fri Feb 13 02:42:04.239860 2026] [php:error] [pid 10995] [client 20.199.107.218:0] script '/domains/covertcomic/leuk.php' not found or unable to stat
[Fri Feb 13 02:42:04.341605 2026] [php:error] [pid 10995] [client 20.199.107.218:0] script '/domains/covertcomic/xqq.php' not found or unable to stat
[Fri Feb 13 02:42:04.434208 2026] [php:error] [pid 10995] [client 20.199.107.218:0] script '/domains/covertcomic/kolda.php' not found or unable to stat
[Fri Feb 13 02:42:04.522160 2026] [php:error] [pid 10995] [client 20.199.107.218:0] script '/domains/covertcomic/nw.php' not found or unable to stat
[Fri Feb 13 02:42:04.969523 2026] [php:error] [pid 10995] [client 20.199.107.218:0] script '/domains/covertcomic/god.php' not found or unable to stat
[Fri Feb 13 02:42:05.057304 2026] [php:error] [pid 10995] [client 20.199.107.218:0] script '/domains/covertcomic/666.php' not found or unable to stat
[Fri Feb 13 02:42:05.165986 2026] [php:error] [pid 10995] [client 20.199.107.218:0] script '/domains/covertcomic/kj.php' not found or unable to stat
[Fri Feb 13 02:42:05.262172 2026] [php:error] [pid 10995] [client 20.199.107.218:0] script '/domains/covertcomic/un.php' not found or unable to stat
[Fri Feb 13 02:42:05.356290 2026] [php:error] [pid 10995] [client 20.199.107.218:0] script '/domains/covertcomic/fs.php' not found or unable to stat
[Fri Feb 13 02:42:05.461700 2026] [php:error] [pid 10995] [client 20.199.107.218:0] script '/domains/covertcomic/lts.php' not found or unable to stat
[Fri Feb 13 02:42:05.568902 2026] [php:error] [pid 10995] [client 20.199.107.218:0] script '/domains/covertcomic/ms.php' not found or unable to stat
[Fri Feb 13 02:42:05.661234 2026] [php:error] [pid 10995] [client 20.199.107.218:0] script '/domains/covertcomic/login8.php' not found or unable to stat
[Fri Feb 13 02:42:05.748719 2026] [php:error] [pid 10995] [client 20.199.107.218:0] script '/domains/covertcomic/nnyvn.php' not found or unable to stat
[Fri Feb 13 02:42:05.847083 2026] [php:error] [pid 10995] [client 20.199.107.218:0] script '/domains/covertcomic/cu.php' not found or unable to stat
[Fri Feb 13 02:42:05.956793 2026] [php:error] [pid 10995] [client 20.199.107.218:0] script '/domains/covertcomic/lul.php' not found or unable to stat
[Fri Feb 13 02:42:06.049305 2026] [php:error] [pid 10995] [client 20.199.107.218:0] script '/domains/covertcomic/0.php' not found or unable to stat
[Fri Feb 13 02:42:06.241427 2026] [php:error] [pid 10995] [client 20.199.107.218:0] script '/domains/covertcomic/ms-edit.php' not found or unable to stat
[Fri Feb 13 02:42:06.351911 2026] [php:error] [pid 10995] [client 20.199.107.218:0] script '/domains/covertcomic/ya.php' not found or unable to stat
[Fri Feb 13 02:42:06.459756 2026] [php:error] [pid 10995] [client 20.199.107.218:0] script '/domains/covertcomic/grsiuk.php' not found or unable to stat
[Fri Feb 13 02:42:06.567428 2026] [php:error] [pid 10995] [client 20.199.107.218:0] script '/domains/covertcomic/wp-blog.php' not found or unable to stat
[Fri Feb 13 02:42:06.691346 2026] [php:error] [pid 10995] [client 20.199.107.218:0] script '/domains/covertcomic/ftem.php' not found or unable to stat
[Fri Feb 13 02:42:06.844050 2026] [php:error] [pid 10995] [client 20.199.107.218:0] script '/domains/covertcomic/7wom.php' not found or unable to stat
[Fri Feb 13 02:42:07.032539 2026] [php:error] [pid 10995] [client 20.199.107.218:0] script '/domains/covertcomic/wp-access.php' not found or unable to stat
[Fri Feb 13 02:42:07.122014 2026] [php:error] [pid 10995] [client 20.199.107.218:0] script '/domains/covertcomic/a1vx.php' not found or unable to stat
[Fri Feb 13 02:42:07.283717 2026] [php:error] [pid 10995] [client 20.199.107.218:0] script '/domains/covertcomic/sbhu.php' not found or unable to stat
[Fri Feb 13 02:42:07.389891 2026] [php:error] [pid 10995] [client 20.199.107.218:0] script '/domains/covertcomic/wp-the.php' not found or unable to stat
[Fri Feb 13 02:42:07.503884 2026] [php:error] [pid 10995] [client 20.199.107.218:0] script '/domains/covertcomic/06.php' not found or unable to stat
