[Fri Feb 13 03:27:54.655125 2026] [php:error] [pid 23373] [client 74.248.122.171:0] script '/domains/samscars/snus.php' not found or unable to stat
[Fri Feb 13 03:27:54.664832 2026] [php:error] [pid 23353] [client 172.213.222.67:0] script '/domains/fayemoran/install.php' not found or unable to stat
[Fri Feb 13 03:27:54.754307 2026] [php:error] [pid 23372] [client 51.120.70.159:0] script '/domains/brigadeweb/core.php' not found or unable to stat
[Fri Feb 13 03:27:54.792669 2026] [php:error] [pid 23373] [client 74.248.122.171:0] script '/domains/samscars/ZeLXoo.php' not found or unable to stat
[Fri Feb 13 03:27:54.845505 2026] [php:error] [pid 23353] [client 172.213.222.67:0] script '/domains/fayemoran/sto.php' not found or unable to stat
[Fri Feb 13 03:27:54.864508 2026] [php:error] [pid 23372] [client 51.120.70.159:0] script '/domains/brigadeweb/mini.php' not found or unable to stat
[Fri Feb 13 03:27:54.894709 2026] [php:error] [pid 23373] [client 74.248.122.171:0] script '/domains/samscars/xda.php' not found or unable to stat
[Fri Feb 13 03:27:54.983592 2026] [php:error] [pid 23372] [client 51.120.70.159:0] script '/domains/brigadeweb/222.php' not found or unable to stat
[Fri Feb 13 03:27:54.995911 2026] [php:error] [pid 23373] [client 74.248.122.171:0] script '/domains/samscars/er.php' not found or unable to stat
[Fri Feb 13 03:27:55.091631 2026] [php:error] [pid 23372] [client 51.120.70.159:0] script '/domains/brigadeweb/inputs.php' not found or unable to stat
[Fri Feb 13 03:27:55.099174 2026] [php:error] [pid 23353] [client 172.213.222.67:0] script '/domains/fayemoran/x.php' not found or unable to stat
[Fri Feb 13 03:27:55.100526 2026] [php:error] [pid 23373] [client 74.248.122.171:0] script '/domains/samscars/fault.php' not found or unable to stat
[Fri Feb 13 03:27:55.189446 2026] [php:error] [pid 23353] [client 172.213.222.67:0] script '/domains/fayemoran/test.php' not found or unable to stat
[Fri Feb 13 03:27:55.196582 2026] [php:error] [pid 23372] [client 51.120.70.159:0] script '/domains/brigadeweb/2.php' not found or unable to stat
[Fri Feb 13 03:27:55.233984 2026] [php:error] [pid 23373] [client 74.248.122.171:0] script '/domains/samscars/x2x.php' not found or unable to stat
[Fri Feb 13 03:27:55.303601 2026] [php:error] [pid 23372] [client 51.120.70.159:0] script '/domains/brigadeweb/sim.php' not found or unable to stat
[Fri Feb 13 03:27:55.341587 2026] [php:error] [pid 23373] [client 74.248.122.171:0] script '/domains/samscars/motu.php' not found or unable to stat
[Fri Feb 13 03:27:55.370987 2026] [php:error] [pid 23353] [client 172.213.222.67:0] script '/domains/fayemoran/n3.php' not found or unable to stat
[Fri Feb 13 03:27:55.403396 2026] [php:error] [pid 23372] [client 51.120.70.159:0] script '/domains/brigadeweb/ff.php' not found or unable to stat
[Fri Feb 13 03:27:55.442681 2026] [php:error] [pid 23373] [client 74.248.122.171:0] script '/domains/samscars/66.php' not found or unable to stat
[Fri Feb 13 03:27:55.517374 2026] [php:error] [pid 23372] [client 51.120.70.159:0] script '/domains/brigadeweb/css.php' not found or unable to stat
[Fri Feb 13 03:27:55.555246 2026] [php:error] [pid 23373] [client 74.248.122.171:0] script '/domains/samscars/leuk.php' not found or unable to stat
[Fri Feb 13 03:27:55.617488 2026] [php:error] [pid 23372] [client 51.120.70.159:0] script '/domains/brigadeweb/x.php' not found or unable to stat
[Fri Feb 13 03:27:55.634552 2026] [php:error] [pid 23353] [client 172.213.222.67:0] script '/domains/fayemoran/o.php' not found or unable to stat
[Fri Feb 13 03:27:55.703110 2026] [php:error] [pid 23373] [client 74.248.122.171:0] script '/domains/samscars/xqq.php' not found or unable to stat
[Fri Feb 13 03:27:55.716842 2026] [php:error] [pid 23372] [client 51.120.70.159:0] script '/domains/brigadeweb/ans.php' not found or unable to stat
[Fri Feb 13 03:27:55.804582 2026] [php:error] [pid 23373] [client 74.248.122.171:0] script '/domains/samscars/kolda.php' not found or unable to stat
[Fri Feb 13 03:27:55.814405 2026] [php:error] [pid 23353] [client 172.213.222.67:0] script '/domains/fayemoran/class-t.api.php' not found or unable to stat
[Fri Feb 13 03:27:55.822799 2026] [php:error] [pid 23372] [client 51.120.70.159:0] script '/domains/brigadeweb/0.php' not found or unable to stat
[Fri Feb 13 03:27:55.922297 2026] [php:error] [pid 23372] [client 51.120.70.159:0] script '/domains/brigadeweb/a.php' not found or unable to stat
[Fri Feb 13 03:27:55.923730 2026] [php:error] [pid 23365] [client 35.204.154.82:0] script '/domains/hdickens.enteract/kmnj.php' not found or unable to stat
[Fri Feb 13 03:27:55.955290 2026] [php:error] [pid 23373] [client 74.248.122.171:0] script '/domains/samscars/nw.php' not found or unable to stat
[Fri Feb 13 03:27:55.998351 2026] [php:error] [pid 23353] [client 172.213.222.67:0] script '/domains/fayemoran/wp.php' not found or unable to stat
[Fri Feb 13 03:27:56.021974 2026] [php:error] [pid 23372] [client 51.120.70.159:0] script '/domains/brigadeweb/new.php' not found or unable to stat
[Fri Feb 13 03:27:56.074142 2026] [php:error] [pid 23373] [client 74.248.122.171:0] script '/domains/samscars/god.php' not found or unable to stat
[Fri Feb 13 03:27:56.175434 2026] [php:error] [pid 23373] [client 74.248.122.171:0] script '/domains/samscars/666.php' not found or unable to stat
[Fri Feb 13 03:27:56.221309 2026] [php:error] [pid 23372] [client 51.120.70.159:0] script '/domains/brigadeweb/alfa.php' not found or unable to stat
[Fri Feb 13 03:27:56.276704 2026] [php:error] [pid 23373] [client 74.248.122.171:0] script '/domains/samscars/kj.php' not found or unable to stat
[Fri Feb 13 03:27:56.314253 2026] [php:error] [pid 23353] [client 172.213.222.67:0] script '/domains/fayemoran/h.php' not found or unable to stat
[Fri Feb 13 03:27:56.320592 2026] [php:error] [pid 23372] [client 51.120.70.159:0] script '/domains/brigadeweb/el.php' not found or unable to stat
[Fri Feb 13 03:27:56.391928 2026] [php:error] [pid 23373] [client 74.248.122.171:0] script '/domains/samscars/un.php' not found or unable to stat
[Fri Feb 13 03:27:56.420519 2026] [php:error] [pid 23372] [client 51.120.70.159:0] script '/domains/brigadeweb/t.php' not found or unable to stat
[Fri Feb 13 03:27:56.533390 2026] [php:error] [pid 23372] [client 51.120.70.159:0] script '/domains/brigadeweb/first.php' not found or unable to stat
[Fri Feb 13 03:27:56.557434 2026] [php:error] [pid 23373] [client 74.248.122.171:0] script '/domains/samscars/fs.php' not found or unable to stat
[Fri Feb 13 03:27:56.557808 2026] [php:error] [pid 23353] [client 172.213.222.67:0] script '/domains/fayemoran/wrt.php' not found or unable to stat
[Fri Feb 13 03:27:56.649213 2026] [php:error] [pid 23372] [client 51.120.70.159:0] script '/domains/brigadeweb/acp.php' not found or unable to stat
[Fri Feb 13 03:27:56.748506 2026] [php:error] [pid 23372] [client 51.120.70.159:0] script '/domains/brigadeweb/e.php' not found or unable to stat
[Fri Feb 13 03:27:56.840814 2026] [php:error] [pid 23373] [client 74.248.122.171:0] script '/domains/samscars/lts.php' not found or unable to stat
[Fri Feb 13 03:27:56.862577 2026] [php:error] [pid 23372] [client 51.120.70.159:0] script '/domains/brigadeweb/info.php' not found or unable to stat
[Fri Feb 13 03:27:56.899339 2026] [php:error] [pid 23353] [client 172.213.222.67:0] script '/domains/fayemoran/images/c99.php' not found or unable to stat
[Fri Feb 13 03:27:56.950945 2026] [php:error] [pid 23373] [client 74.248.122.171:0] script '/domains/samscars/ms.php' not found or unable to stat
[Fri Feb 13 03:27:56.972535 2026] [php:error] [pid 23372] [client 51.120.70.159:0] script '/domains/brigadeweb/ot.php' not found or unable to stat
[Fri Feb 13 03:27:56.989207 2026] [php:error] [pid 23353] [client 172.213.222.67:0] script '/domains/fayemoran/png.php' not found or unable to stat
[Fri Feb 13 03:27:57.054343 2026] [php:error] [pid 23373] [client 74.248.122.171:0] script '/domains/samscars/login8.php' not found or unable to stat
[Fri Feb 13 03:27:57.071872 2026] [php:error] [pid 23372] [client 51.120.70.159:0] script '/domains/brigadeweb/test.php' not found or unable to stat
[Fri Feb 13 03:27:57.169969 2026] [php:error] [pid 23353] [client 172.213.222.67:0] script '/domains/fayemoran/zwso.php' not found or unable to stat
[Fri Feb 13 03:27:57.171485 2026] [php:error] [pid 23372] [client 51.120.70.159:0] script '/domains/brigadeweb/pass.php' not found or unable to stat
[Fri Feb 13 03:27:57.199810 2026] [php:error] [pid 23373] [client 74.248.122.171:0] script '/domains/samscars/nnyvn.php' not found or unable to stat
[Fri Feb 13 03:27:57.316881 2026] [php:error] [pid 23373] [client 74.248.122.171:0] script '/domains/samscars/cu.php' not found or unable to stat
[Fri Feb 13 03:27:57.446788 2026] [php:error] [pid 23373] [client 74.248.122.171:0] script '/domains/samscars/lul.php' not found or unable to stat
[Fri Feb 13 03:27:57.604291 2026] [php:error] [pid 23353] [client 172.213.222.67:0] script '/domains/fayemoran/ton.php' not found or unable to stat
[Fri Feb 13 03:27:57.688582 2026] [php:error] [pid 23373] [client 74.248.122.171:0] script '/domains/samscars/0.php' not found or unable to stat
[Fri Feb 13 03:27:57.708029 2026] [php:error] [pid 23353] [client 172.213.222.67:0] script '/domains/fayemoran/wso.php' not found or unable to stat
[Fri Feb 13 03:27:57.819908 2026] [php:error] [pid 23373] [client 74.248.122.171:0] script '/domains/samscars/ms-edit.php' not found or unable to stat
[Fri Feb 13 03:27:57.911879 2026] [php:error] [pid 23353] [client 172.213.222.67:0] script '/domains/fayemoran/a2.php' not found or unable to stat
[Fri Feb 13 03:27:57.920782 2026] [php:error] [pid 23373] [client 74.248.122.171:0] script '/domains/samscars/ya.php' not found or unable to stat
[Fri Feb 13 03:27:58.002450 2026] [php:error] [pid 23353] [client 172.213.222.67:0] script '/domains/fayemoran/shell.php' not found or unable to stat
[Fri Feb 13 03:27:58.044365 2026] [php:error] [pid 23373] [client 74.248.122.171:0] script '/domains/samscars/grsiuk.php' not found or unable to stat
[Fri Feb 13 03:27:58.145824 2026] [php:error] [pid 23373] [client 74.248.122.171:0] script '/domains/samscars/wp-blog.php' not found or unable to stat
[Fri Feb 13 03:27:58.182971 2026] [php:error] [pid 23353] [client 172.213.222.67:0] script '/domains/fayemoran/sxo.php' not found or unable to stat
[Fri Feb 13 03:27:58.248261 2026] [php:error] [pid 23373] [client 74.248.122.171:0] script '/domains/samscars/ftem.php' not found or unable to stat
[Fri Feb 13 03:27:58.381735 2026] [php:error] [pid 23373] [client 74.248.122.171:0] script '/domains/samscars/7wom.php' not found or unable to stat
[Fri Feb 13 03:27:58.483068 2026] [php:error] [pid 23373] [client 74.248.122.171:0] script '/domains/samscars/wp-access.php' not found or unable to stat
[Fri Feb 13 03:27:58.513432 2026] [php:error] [pid 23353] [client 172.213.222.67:0] script '/domains/fayemoran/mans.php' not found or unable to stat
[Fri Feb 13 03:27:58.583826 2026] [php:error] [pid 23373] [client 74.248.122.171:0] script '/domains/samscars/a1vx.php' not found or unable to stat
[Fri Feb 13 03:27:58.616592 2026] [php:error] [pid 23353] [client 172.213.222.67:0] script '/domains/fayemoran/dropdown.php' not found or unable to stat
[Fri Feb 13 03:27:58.690974 2026] [php:error] [pid 23373] [client 74.248.122.171:0] script '/domains/samscars/sbhu.php' not found or unable to stat
[Fri Feb 13 03:27:58.843059 2026] [php:error] [pid 23353] [client 172.213.222.67:0] script '/domains/fayemoran/ze.php' not found or unable to stat
[Fri Feb 13 03:27:58.885202 2026] [php:error] [pid 23373] [client 74.248.122.171:0] script '/domains/samscars/wp-the.php' not found or unable to stat
[Fri Feb 13 03:27:58.933697 2026] [php:error] [pid 23353] [client 172.213.222.67:0] script '/domains/fayemoran/geck.php' not found or unable to stat
[Fri Feb 13 03:27:58.986258 2026] [php:error] [pid 23373] [client 74.248.122.171:0] script '/domains/samscars/06.php' not found or unable to stat
[Fri Feb 13 03:27:59.032283 2026] [php:error] [pid 23353] [client 172.213.222.67:0] script '/domains/fayemoran/menu.php' not found or unable to stat
[Fri Feb 13 03:27:59.178978 2026] [php:error] [pid 23373] [client 74.248.122.171:0] script '/domains/samscars/wp5.php' not found or unable to stat
[Fri Feb 13 03:27:59.303815 2026] [php:error] [pid 23353] [client 172.213.222.67:0] script '/domains/fayemoran/flower.php' not found or unable to stat
[Fri Feb 13 03:27:59.318986 2026] [php:error] [pid 23373] [client 74.248.122.171:0] script '/domains/samscars/fot.php' not found or unable to stat
[Fri Feb 13 03:27:59.400470 2026] [php:error] [pid 23353] [client 172.213.222.67:0] script '/domains/fayemoran/ftp.php' not found or unable to stat
[Fri Feb 13 03:27:59.479232 2026] [php:error] [pid 23373] [client 74.248.122.171:0] script '/domains/samscars/ff1.php' not found or unable to stat
[Fri Feb 13 03:27:59.502464 2026] [php:error] [pid 23353] [client 172.213.222.67:0] script '/domains/fayemoran/mds.php' not found or unable to stat
[Fri Feb 13 03:27:59.580488 2026] [php:error] [pid 23373] [client 74.248.122.171:0] script '/domains/samscars/forbidals.php' not found or unable to stat
[Fri Feb 13 03:27:59.595461 2026] [php:error] [pid 23353] [client 172.213.222.67:0] script '/domains/fayemoran/ahax.php' not found or unable to stat
[Fri Feb 13 03:27:59.681865 2026] [php:error] [pid 23373] [client 74.248.122.171:0] script '/domains/samscars/erty.php' not found or unable to stat
[Fri Feb 13 03:27:59.780337 2026] [php:error] [pid 23353] [client 172.213.222.67:0] script '/domains/fayemoran/cool.php' not found or unable to stat
[Fri Feb 13 03:27:59.823864 2026] [php:error] [pid 23373] [client 74.248.122.171:0] script '/domains/samscars/dev1s.php' not found or unable to stat
[Fri Feb 13 03:27:59.873596 2026] [php:error] [pid 23353] [client 172.213.222.67:0] script '/domains/fayemoran/gm.php' not found or unable to stat
[Fri Feb 13 03:27:59.966205 2026] [php:error] [pid 23353] [client 172.213.222.67:0] script '/domains/fayemoran/simple.php' not found or unable to stat
[Fri Feb 13 03:27:59.974122 2026] [php:error] [pid 23373] [client 74.248.122.171:0] script '/domains/samscars/ffd.php' not found or unable to stat
[Fri Feb 13 03:28:00.056613 2026] [php:error] [pid 23353] [client 172.213.222.67:0] script '/domains/fayemoran/elp.php' not found or unable to stat
[Fri Feb 13 03:28:00.084762 2026] [php:error] [pid 23373] [client 74.248.122.171:0] script '/domains/samscars/admiin.php' not found or unable to stat
[Fri Feb 13 03:28:00.146952 2026] [php:error] [pid 23353] [client 172.213.222.67:0] script '/domains/fayemoran/bolt.php' not found or unable to stat
[Fri Feb 13 03:28:00.186045 2026] [php:error] [pid 23373] [client 74.248.122.171:0] script '/domains/samscars/ol.php' not found or unable to stat
[Fri Feb 13 03:28:00.289016 2026] [php:error] [pid 23373] [client 74.248.122.171:0] script '/domains/samscars/Sanskrit.php' not found or unable to stat
[Fri Feb 13 03:28:00.390780 2026] [php:error] [pid 23373] [client 74.248.122.171:0] script '/domains/samscars/vxrl.php' not found or unable to stat
[Fri Feb 13 03:28:00.515881 2026] [php:error] [pid 23373] [client 74.248.122.171:0] script '/domains/samscars/re.php' not found or unable to stat
[Fri Feb 13 03:28:00.609782 2026] [php:error] [pid 23353] [client 172.213.222.67:0] script '/domains/fayemoran/inputs.php' not found or unable to stat
[Fri Feb 13 03:28:00.619841 2026] [php:error] [pid 23373] [client 74.248.122.171:0] script '/domains/samscars/num.php' not found or unable to stat
[Fri Feb 13 03:28:00.730208 2026] [php:error] [pid 23373] [client 74.248.122.171:0] script '/domains/samscars/axx.php' not found or unable to stat
[Fri Feb 13 03:28:00.852605 2026] [php:error] [pid 23353] [client 172.213.222.67:0] script '/domains/fayemoran/system.php' not found or unable to stat
[Fri Feb 13 03:28:00.945317 2026] [php:error] [pid 23373] [client 74.248.122.171:0] script '/domains/samscars/vxrl.php' not found or unable to stat
[Fri Feb 13 03:28:01.047755 2026] [php:error] [pid 23373] [client 74.248.122.171:0] script '/domains/samscars/in.php' not found or unable to stat
[Fri Feb 13 03:28:01.151244 2026] [php:error] [pid 23373] [client 74.248.122.171:0] script '/domains/samscars/style.php' not found or unable to stat
[Fri Feb 13 03:28:01.268773 2026] [php:error] [pid 23353] [client 172.213.222.67:0] script '/domains/fayemoran/an.php' not found or unable to stat
[Fri Feb 13 03:28:01.271399 2026] [php:error] [pid 23373] [client 74.248.122.171:0] script '/domains/samscars/we.php' not found or unable to stat
[Fri Feb 13 03:28:01.365537 2026] [php:error] [pid 23353] [client 172.213.222.67:0] script '/domains/fayemoran/w.php' not found or unable to stat
[Fri Feb 13 03:28:01.372581 2026] [php:error] [pid 23373] [client 74.248.122.171:0] script '/domains/samscars/zwso.php' not found or unable to stat
[Fri Feb 13 03:28:01.455666 2026] [php:error] [pid 23353] [client 172.213.222.67:0] script '/domains/fayemoran/gmo.php' not found or unable to stat
[Fri Feb 13 03:28:01.473595 2026] [php:error] [pid 23373] [client 74.248.122.171:0] script '/domains/samscars/karak.php' not found or unable to stat
[Fri Feb 13 03:28:01.550776 2026] [php:error] [pid 23353] [client 172.213.222.67:0] script '/domains/fayemoran/gib.php' not found or unable to stat
[Fri Feb 13 03:28:01.580683 2026] [php:error] [pid 23373] [client 74.248.122.171:0] script '/domains/samscars/trd.php' not found or unable to stat
[Fri Feb 13 03:28:01.641675 2026] [php:error] [pid 23353] [client 172.213.222.67:0] script '/domains/fayemoran/wp-miiss.php.php' not found or unable to stat
[Fri Feb 13 03:28:01.681587 2026] [php:error] [pid 23373] [client 74.248.122.171:0] script '/domains/samscars/past.php' not found or unable to stat
[Fri Feb 13 03:28:01.838221 2026] [php:error] [pid 23353] [client 172.213.222.67:0] script '/domains/fayemoran/moon.php' not found or unable to stat
[Fri Feb 13 03:28:01.894676 2026] [php:error] [pid 23373] [client 74.248.122.171:0] script '/domains/samscars/prv8.php' not found or unable to stat
[Fri Feb 13 03:28:01.966373 2026] [php:error] [pid 23353] [client 172.213.222.67:0] script '/domains/fayemoran/filesss.php' not found or unable to stat
[Fri Feb 13 03:28:02.001644 2026] [php:error] [pid 23373] [client 74.248.122.171:0] script '/domains/samscars/i.php' not found or unable to stat
[Fri Feb 13 03:28:02.056598 2026] [php:error] [pid 23353] [client 172.213.222.67:0] script '/domains/fayemoran/hey.php' not found or unable to stat
[Fri Feb 13 03:28:02.284859 2026] [php:error] [pid 23353] [client 172.213.222.67:0] script '/domains/fayemoran/1337.php' not found or unable to stat
[Fri Feb 13 03:28:02.408908 2026] [php:error] [pid 23373] [client 74.248.122.171:0] script '/domains/samscars/xmlrpc.php' not found or unable to stat
[Fri Feb 13 03:28:02.436235 2026] [php:error] [pid 23353] [client 172.213.222.67:0] script '/domains/fayemoran/buy.php' not found or unable to stat
[Fri Feb 13 03:28:02.509861 2026] [php:error] [pid 23373] [client 74.248.122.171:0] script '/domains/samscars/aw.php' not found or unable to stat
[Fri Feb 13 03:28:02.676716 2026] [php:error] [pid 23353] [client 172.213.222.67:0] script '/domains/fayemoran/m.php' not found or unable to stat
[Fri Feb 13 03:28:02.705705 2026] [php:error] [pid 23373] [client 74.248.122.171:0] script '/domains/samscars/dev.php' not found or unable to stat
[Fri Feb 13 03:28:02.806757 2026] [php:error] [pid 23373] [client 74.248.122.171:0] script '/domains/samscars/lock360.php' not found or unable to stat
[Fri Feb 13 03:28:02.990387 2026] [php:error] [pid 23373] [client 74.248.122.171:0] script '/domains/samscars/155.php' not found or unable to stat
[Fri Feb 13 03:28:03.106208 2026] [php:error] [pid 23373] [client 74.248.122.171:0] script '/domains/samscars/goat.php' not found or unable to stat
[Fri Feb 13 03:28:03.207224 2026] [php:error] [pid 23373] [client 74.248.122.171:0] script '/domains/samscars/tcp.php' not found or unable to stat
[Fri Feb 13 03:28:03.224911 2026] [php:error] [pid 23381] [client 172.213.222.67:0] script '/domains/fayemoran/wp-is.php' not found or unable to stat
[Fri Feb 13 03:28:03.315440 2026] [php:error] [pid 23381] [client 172.213.222.67:0] script '/domains/fayemoran/jmfi2.php' not found or unable to stat
[Fri Feb 13 03:28:03.330883 2026] [php:error] [pid 23373] [client 74.248.122.171:0] script '/domains/samscars/ext.php' not found or unable to stat
[Fri Feb 13 03:28:03.492060 2026] [php:error] [pid 23373] [client 74.248.122.171:0] script '/domains/samscars/inputs.php' not found or unable to stat
[Fri Feb 13 03:28:03.497087 2026] [php:error] [pid 23381] [client 172.213.222.67:0] script '/domains/fayemoran/bnn_.php' not found or unable to stat
[Fri Feb 13 03:28:03.597858 2026] [php:error] [pid 23373] [client 74.248.122.171:0] script '/domains/samscars/ioxi.php' not found or unable to stat
[Fri Feb 13 03:28:03.699489 2026] [php:error] [pid 23373] [client 74.248.122.171:0] script '/domains/samscars/fe5.php' not found or unable to stat
[Fri Feb 13 03:28:03.716230 2026] [php:error] [pid 23381] [client 172.213.222.67:0] script '/domains/fayemoran/hzz.php' not found or unable to stat
[Fri Feb 13 03:28:03.808792 2026] [php:error] [pid 23381] [client 172.213.222.67:0] script '/domains/fayemoran/shell20211028.php' not found or unable to stat
[Fri Feb 13 03:28:03.871191 2026] [php:error] [pid 23373] [client 74.248.122.171:0] script '/domains/samscars/ov.php' not found or unable to stat
[Fri Feb 13 03:28:03.899458 2026] [php:error] [pid 23381] [client 172.213.222.67:0] script '/domains/fayemoran/content.php' not found or unable to stat
[Fri Feb 13 03:28:04.108524 2026] [php:error] [pid 23373] [client 74.248.122.171:0] script '/domains/samscars/default.php' not found or unable to stat
[Fri Feb 13 03:28:04.150566 2026] [php:error] [pid 23381] [client 172.213.222.67:0] script '/domains/fayemoran/ps.php' not found or unable to stat
[Fri Feb 13 03:28:04.210332 2026] [php:error] [pid 23373] [client 74.248.122.171:0] script '/domains/samscars/goods.php' not found or unable to stat
[Fri Feb 13 03:28:04.446644 2026] [php:error] [pid 23381] [client 172.213.222.67:0] script '/domains/fayemoran/cache.php' not found or unable to stat
[Fri Feb 13 03:28:04.477334 2026] [php:error] [pid 23373] [client 74.248.122.171:0] script '/domains/samscars/abcd.php' not found or unable to stat
[Fri Feb 13 03:28:04.541762 2026] [php:error] [pid 23381] [client 172.213.222.67:0] script '/domains/fayemoran/ss.php' not found or unable to stat
[Fri Feb 13 03:28:04.598501 2026] [php:error] [pid 23373] [client 74.248.122.171:0] script '/domains/samscars/nope.php' not found or unable to stat
[Fri Feb 13 03:28:04.631765 2026] [php:error] [pid 23381] [client 172.213.222.67:0] script '/domains/fayemoran/p.php' not found or unable to stat
[Fri Feb 13 03:28:04.707026 2026] [php:error] [pid 23373] [client 74.248.122.171:0] script '/domains/samscars/class.1.php' not found or unable to stat
[Fri Feb 13 03:28:04.808010 2026] [php:error] [pid 23373] [client 74.248.122.171:0] script '/domains/samscars/async.php' not found or unable to stat
[Fri Feb 13 03:28:04.855131 2026] [php:error] [pid 23381] [client 172.213.222.67:0] script '/domains/fayemoran/user.php' not found or unable to stat
[Fri Feb 13 03:28:04.909379 2026] [php:error] [pid 23373] [client 74.248.122.171:0] script '/domains/samscars/ff.php' not found or unable to stat
[Fri Feb 13 03:28:05.107377 2026] [php:error] [pid 23373] [client 74.248.122.171:0] script '/domains/samscars/ioxi-o.php' not found or unable to stat
[Fri Feb 13 03:28:05.181264 2026] [php:error] [pid 23381] [client 172.213.222.67:0] script '/domains/fayemoran/wp.php' not found or unable to stat
[Fri Feb 13 03:28:05.209852 2026] [php:error] [pid 23373] [client 74.248.122.171:0] script '/domains/samscars/manager.php' not found or unable to stat
[Fri Feb 13 03:28:05.282864 2026] [php:error] [pid 23381] [client 172.213.222.67:0] script '/domains/fayemoran/rip.php' not found or unable to stat
[Fri Feb 13 03:28:05.310855 2026] [php:error] [pid 23373] [client 74.248.122.171:0] script '/domains/samscars/wp-update.php' not found or unable to stat
[Fri Feb 13 03:28:05.416880 2026] [php:error] [pid 23381] [client 172.213.222.67:0] script '/domains/fayemoran/wp4.php' not found or unable to stat
[Fri Feb 13 03:28:05.433641 2026] [php:error] [pid 23373] [client 74.248.122.171:0] script '/domains/samscars/file.php' not found or unable to stat
[Fri Feb 13 03:28:05.507103 2026] [php:error] [pid 23381] [client 172.213.222.67:0] script '/domains/fayemoran/403.php' not found or unable to stat
[Fri Feb 13 03:28:05.658065 2026] [php:error] [pid 23373] [client 74.248.122.171:0] script '/domains/samscars/lc.php' not found or unable to stat
[Fri Feb 13 03:28:05.805375 2026] [php:error] [pid 23373] [client 74.248.122.171:0] script '/domains/samscars/hexx.php' not found or unable to stat
[Fri Feb 13 03:28:05.844633 2026] [php:error] [pid 23381] [client 172.213.222.67:0] script '/domains/fayemoran/asd67.php' not found or unable to stat
[Fri Feb 13 03:28:05.994388 2026] [php:error] [pid 23373] [client 74.248.122.171:0] script '/domains/samscars/cbrfo.php' not found or unable to stat
[Fri Feb 13 03:28:06.030169 2026] [php:error] [pid 23381] [client 172.213.222.67:0] script '/domains/fayemoran/oivcl.php' not found or unable to stat
[Fri Feb 13 03:28:06.096004 2026] [php:error] [pid 23373] [client 74.248.122.171:0] script '/domains/samscars/inc.php' not found or unable to stat
[Fri Feb 13 03:28:06.120336 2026] [php:error] [pid 23381] [client 172.213.222.67:0] script '/domains/fayemoran/about.php' not found or unable to stat
[Fri Feb 13 03:28:06.211157 2026] [php:error] [pid 23373] [client 74.248.122.171:0] script '/domains/samscars/gifclass.php' not found or unable to stat
[Fri Feb 13 03:28:06.337420 2026] [php:error] [pid 23373] [client 74.248.122.171:0] script '/domains/samscars/miansha.php' not found or unable to stat
[Fri Feb 13 03:28:06.387345 2026] [php:error] [pid 23381] [client 172.213.222.67:0] script '/domains/fayemoran/v2.php' not found or unable to stat
[Fri Feb 13 03:28:06.447841 2026] [php:error] [pid 23373] [client 74.248.122.171:0] script '/domains/samscars/tinyfilemanager.php' not found or unable to stat
[Fri Feb 13 03:28:06.582916 2026] [php:error] [pid 23373] [client 74.248.122.171:0] script '/domains/samscars/xfile25.php' not found or unable to stat
[Fri Feb 13 03:28:06.790542 2026] [php:error] [pid 23381] [client 172.213.222.67:0] script '/domains/fayemoran/dr.php' not found or unable to stat
[Fri Feb 13 03:28:06.911460 2026] [php:error] [pid 23381] [client 172.213.222.67:0] script '/domains/fayemoran/raw.php' not found or unable to stat
[Fri Feb 13 03:28:06.913720 2026] [php:error] [pid 23386] [client 74.248.122.171:0] script '/domains/samscars/ok.php' not found or unable to stat
[Fri Feb 13 03:28:07.029302 2026] [php:error] [pid 23386] [client 74.248.122.171:0] script '/domains/samscars/fi.php' not found or unable to stat
[Fri Feb 13 03:28:07.190894 2026] [php:error] [pid 23386] [client 74.248.122.171:0] script '/domains/samscars/muzu.php' not found or unable to stat
[Fri Feb 13 03:28:07.251629 2026] [php:error] [pid 23381] [client 172.213.222.67:0] script '/domains/fayemoran/ioxi-o2.php' not found or unable to stat
[Fri Feb 13 03:28:07.364767 2026] [php:error] [pid 23381] [client 172.213.222.67:0] script '/domains/fayemoran/dropdown.php' not found or unable to stat
[Fri Feb 13 03:28:07.456456 2026] [php:error] [pid 23381] [client 172.213.222.67:0] script '/domains/fayemoran/dlu.php' not found or unable to stat
[Fri Feb 13 03:28:07.468827 2026] [php:error] [pid 23386] [client 74.248.122.171:0] script '/domains/samscars/reze.php' not found or unable to stat
[Fri Feb 13 03:28:07.596424 2026] [php:error] [pid 23386] [client 74.248.122.171:0] script '/domains/samscars/styll.php' not found or unable to stat
[Fri Feb 13 03:28:07.636296 2026] [php:error] [pid 23381] [client 172.213.222.67:0] script '/domains/fayemoran/db.php' not found or unable to stat
[Fri Feb 13 03:28:07.726285 2026] [php:error] [pid 23381] [client 172.213.222.67:0] script '/domains/fayemoran/packed.php' not found or unable to stat
[Fri Feb 13 03:28:07.817792 2026] [php:error] [pid 23381] [client 172.213.222.67:0] script '/domains/fayemoran/wp-configs.php' not found or unable to stat
[Fri Feb 13 03:28:07.824615 2026] [php:error] [pid 23386] [client 74.248.122.171:0] script '/domains/samscars/x7.php' not found or unable to stat
[Fri Feb 13 03:28:07.908603 2026] [php:error] [pid 23381] [client 172.213.222.67:0] script '/domains/fayemoran/404.php' not found or unable to stat
[Fri Feb 13 03:28:07.971814 2026] [php:error] [pid 23386] [client 74.248.122.171:0] script '/domains/samscars/thebe.php' not found or unable to stat
[Fri Feb 13 03:28:07.998232 2026] [php:error] [pid 23381] [client 172.213.222.67:0] script '/domains/fayemoran/des.php' not found or unable to stat
[Fri Feb 13 03:28:08.076826 2026] [php:error] [pid 23386] [client 74.248.122.171:0] script '/domains/samscars/ddd.php' not found or unable to stat
[Fri Feb 13 03:28:08.182304 2026] [php:error] [pid 23381] [client 172.213.222.67:0] script '/domains/fayemoran/lufix.php' not found or unable to stat
[Fri Feb 13 03:28:08.189636 2026] [php:error] [pid 23386] [client 74.248.122.171:0] script '/domains/samscars/ccs.php' not found or unable to stat
[Fri Feb 13 03:28:08.295782 2026] [php:error] [pid 23386] [client 74.248.122.171:0] script '/domains/samscars/bgymj.php' not found or unable to stat
[Fri Feb 13 03:28:08.399499 2026] [php:error] [pid 23386] [client 74.248.122.171:0] script '/domains/samscars/8xyz.php' not found or unable to stat
[Fri Feb 13 03:28:08.503327 2026] [php:error] [pid 23386] [client 74.248.122.171:0] script '/domains/samscars/ioxi.php' not found or unable to stat
[Fri Feb 13 03:28:08.606978 2026] [php:error] [pid 23386] [client 74.248.122.171:0] script '/domains/samscars/xpwer1.php' not found or unable to stat
[Fri Feb 13 03:28:08.710914 2026] [php:error] [pid 23386] [client 74.248.122.171:0] script '/domains/samscars/lala.php' not found or unable to stat
[Fri Feb 13 03:28:08.814539 2026] [php:error] [pid 23386] [client 74.248.122.171:0] script '/domains/samscars/about.php' not found or unable to stat
[Fri Feb 13 03:28:09.474471 2026] [php:error] [pid 23386] [client 74.248.122.171:0] script '/domains/samscars/info.php' not found or unable to stat
[Fri Feb 13 03:28:09.577944 2026] [php:error] [pid 23386] [client 74.248.122.171:0] script '/domains/samscars/about.php' not found or unable to stat
[Fri Feb 13 03:28:09.878540 2026] [php:error] [pid 23386] [client 74.248.122.171:0] script '/domains/samscars/222.php' not found or unable to stat
[Fri Feb 13 03:28:09.981946 2026] [php:error] [pid 23386] [client 74.248.122.171:0] script '/domains/samscars/adminfuns.php' not found or unable to stat
[Fri Feb 13 03:28:10.297988 2026] [php:error] [pid 23386] [client 74.248.122.171:0] script '/domains/samscars/xx.php' not found or unable to stat
[Fri Feb 13 03:28:10.537974 2026] [php:error] [pid 23386] [client 74.248.122.171:0] script '/domains/samscars/f5.php' not found or unable to stat
[Fri Feb 13 03:28:10.720991 2026] [php:error] [pid 23386] [client 74.248.122.171:0] script '/domains/samscars/flower.php' not found or unable to stat
[Fri Feb 13 03:28:10.840862 2026] [php:error] [pid 23386] [client 74.248.122.171:0] script '/domains/samscars/f6.php' not found or unable to stat
[Fri Feb 13 03:28:10.958021 2026] [php:error] [pid 23386] [client 74.248.122.171:0] script '/domains/samscars/edit.php' not found or unable to stat
[Fri Feb 13 03:28:11.074761 2026] [php:error] [pid 23386] [client 74.248.122.171:0] script '/domains/samscars/aa.php' not found or unable to stat
[Fri Feb 13 03:28:11.398651 2026] [php:error] [pid 23386] [client 74.248.122.171:0] script '/domains/samscars/av.php' not found or unable to stat
[Fri Feb 13 03:28:11.670239 2026] [php:error] [pid 23386] [client 74.248.122.171:0] script '/domains/samscars/wsd.php' not found or unable to stat
[Fri Feb 13 03:28:11.773747 2026] [php:error] [pid 23386] [client 74.248.122.171:0] script '/domains/samscars/jane.php' not found or unable to stat
[Fri Feb 13 03:28:11.877374 2026] [php:error] [pid 23386] [client 74.248.122.171:0] script '/domains/samscars/css.php' not found or unable to stat
[Fri Feb 13 03:28:12.004095 2026] [php:error] [pid 23386] [client 74.248.122.171:0] script '/domains/samscars/alfa.php' not found or unable to stat
[Fri Feb 13 03:28:12.150876 2026] [php:error] [pid 23386] [client 74.248.122.171:0] script '/domains/samscars/wen.php' not found or unable to stat
[Fri Feb 13 03:28:12.255217 2026] [php:error] [pid 23386] [client 74.248.122.171:0] script '/domains/samscars/x.php' not found or unable to stat
[Fri Feb 13 03:28:12.374683 2026] [php:error] [pid 23386] [client 74.248.122.171:0] script '/domains/samscars/xxxx.php' not found or unable to stat
[Fri Feb 13 03:28:12.478241 2026] [php:error] [pid 23386] [client 74.248.122.171:0] script '/domains/samscars/class.php' not found or unable to stat
[Fri Feb 13 03:28:12.704898 2026] [php:error] [pid 23386] [client 74.248.122.171:0] script '/domains/samscars/f35.php' not found or unable to stat
[Fri Feb 13 03:28:13.119423 2026] [php:error] [pid 23386] [client 74.248.122.171:0] script '/domains/samscars/class-t.api.php' not found or unable to stat
[Fri Feb 13 03:28:13.242236 2026] [php:error] [pid 23386] [client 74.248.122.171:0] script '/domains/samscars/blurbs18.php' not found or unable to stat
[Fri Feb 13 03:28:14.213266 2026] [php:error] [pid 23386] [client 74.248.122.171:0] script '/domains/samscars/bless11.php' not found or unable to stat
[Fri Feb 13 03:28:14.339759 2026] [php:error] [pid 23386] [client 74.248.122.171:0] script '/domains/samscars/init.php' not found or unable to stat
[Fri Feb 13 03:28:14.552486 2026] [php:error] [pid 23386] [client 74.248.122.171:0] script '/domains/samscars/k.php' not found or unable to stat
[Fri Feb 13 03:28:14.662293 2026] [php:error] [pid 23386] [client 74.248.122.171:0] script '/domains/samscars/bless.php' not found or unable to stat
[Fri Feb 13 03:28:14.787534 2026] [php:error] [pid 23386] [client 74.248.122.171:0] script '/domains/samscars/X7x.php' not found or unable to stat
[Fri Feb 13 03:28:14.907161 2026] [php:error] [pid 23386] [client 74.248.122.171:0] script '/domains/samscars/166.php' not found or unable to stat
[Fri Feb 13 03:28:15.148359 2026] [php:error] [pid 23386] [client 74.248.122.171:0] script '/domains/samscars/plss3.php' not found or unable to stat
[Fri Feb 13 03:28:15.365417 2026] [php:error] [pid 23386] [client 74.248.122.171:0] script '/domains/samscars/admins.php' not found or unable to stat
[Fri Feb 13 03:28:15.469215 2026] [php:error] [pid 23386] [client 74.248.122.171:0] script '/domains/samscars/wp.php' not found or unable to stat
[Fri Feb 13 03:28:15.627544 2026] [php:error] [pid 23386] [client 74.248.122.171:0] script '/domains/samscars/main.php' not found or unable to stat
[Fri Feb 13 03:28:15.797763 2026] [php:error] [pid 23386] [client 74.248.122.171:0] script '/domains/samscars/a1.php' not found or unable to stat
[Fri Feb 13 03:28:15.917070 2026] [php:error] [pid 23386] [client 74.248.122.171:0] script '/domains/samscars/lala.php' not found or unable to stat
[Fri Feb 13 03:28:16.033990 2026] [php:error] [pid 23386] [client 74.248.122.171:0] script '/domains/samscars/aaa.php' not found or unable to stat
[Fri Feb 13 03:28:16.140924 2026] [php:error] [pid 23386] [client 74.248.122.171:0] script '/domains/samscars/a2.php' not found or unable to stat
[Fri Feb 13 03:28:16.452717 2026] [php:error] [pid 23386] [client 74.248.122.171:0] script '/domains/samscars/nyan.php' not found or unable to stat
[Fri Feb 13 03:28:16.565198 2026] [php:error] [pid 23386] [client 74.248.122.171:0] script '/domains/samscars/jsond.php' not found or unable to stat
[Fri Feb 13 03:28:48.323581 2026] [php:error] [pid 23390] [client 35.247.243.245:0] script '/domains/sjsachs/adminer-5.4.1.php' not found or unable to stat
[Fri Feb 13 03:28:48.391990 2026] [php:error] [pid 23396] [client 51.103.25.4:0] script '/domains/ebon/88.php' not found or unable to stat
[Fri Feb 13 03:28:48.493417 2026] [php:error] [pid 23396] [client 51.103.25.4:0] script '/domains/ebon/pass4.php' not found or unable to stat
[Fri Feb 13 03:28:48.582255 2026] [php:error] [pid 23396] [client 51.103.25.4:0] script '/domains/ebon/php8.php' not found or unable to stat
[Fri Feb 13 03:28:48.679278 2026] [php:error] [pid 23396] [client 51.103.25.4:0] script '/domains/ebon/cvtcosue.php' not found or unable to stat
[Fri Feb 13 03:28:48.777048 2026] [php:error] [pid 23396] [client 51.103.25.4:0] script '/domains/ebon/gm.php' not found or unable to stat
[Fri Feb 13 03:28:48.870142 2026] [php:error] [pid 23396] [client 51.103.25.4:0] script '/domains/ebon/1a.php' not found or unable to stat
[Fri Feb 13 03:28:48.963812 2026] [php:error] [pid 23396] [client 51.103.25.4:0] script '/domains/ebon/aer.php' not found or unable to stat
[Fri Feb 13 03:28:49.052869 2026] [php:error] [pid 23396] [client 51.103.25.4:0] script '/domains/ebon/f6.php' not found or unable to stat
[Fri Feb 13 03:28:49.146811 2026] [php:error] [pid 23396] [client 51.103.25.4:0] script '/domains/ebon/667.php' not found or unable to stat
[Fri Feb 13 03:28:49.244958 2026] [php:error] [pid 23396] [client 51.103.25.4:0] script '/domains/ebon/kma.php' not found or unable to stat
[Fri Feb 13 03:28:49.333427 2026] [php:error] [pid 23396] [client 51.103.25.4:0] script '/domains/ebon/kimono.php' not found or unable to stat
[Fri Feb 13 03:28:53.718913 2026] [php:error] [pid 23398] [client 34.96.162.50:0] script '/domains/sjsachs/adminer-5.1.1-en.php' not found or unable to stat
sendmail: bad mail input format: from www (uid 80) (envelope-from [email protected])
sendmail: bad mail input format: from www (uid 80) (envelope-from [email protected])
sendmail: bad mail input format: from www (uid 80) (envelope-from [email protected])
[Fri Feb 13 03:29:41.729478 2026] [php:error] [pid 23385] [client 20.111.48.18:0] script '/domains/fryer/zwso.php' not found or unable to stat
[Fri Feb 13 03:29:41.908520 2026] [php:error] [pid 23385] [client 20.111.48.18:0] script '/domains/fryer/class19.php' not found or unable to stat
[Fri Feb 13 03:29:42.022928 2026] [php:error] [pid 23385] [client 20.111.48.18:0] script '/domains/fryer/class20.php' not found or unable to stat
[Fri Feb 13 03:29:42.111657 2026] [php:error] [pid 23385] [client 20.111.48.18:0] script '/domains/fryer/admin.php' not found or unable to stat
[Fri Feb 13 03:29:42.205644 2026] [php:error] [pid 23385] [client 20.111.48.18:0] script '/domains/fryer/randkeyword.php' not found or unable to stat
[Fri Feb 13 03:29:42.297705 2026] [php:error] [pid 23385] [client 20.111.48.18:0] script '/domains/fryer/fwe.php' not found or unable to stat
[Fri Feb 13 03:29:42.555119 2026] [php:error] [pid 23385] [client 20.111.48.18:0] script '/domains/fryer/g.php' not found or unable to stat
[Fri Feb 13 03:29:42.652893 2026] [php:error] [pid 23396] [client 34.7.158.191:0] script '/domains/hdickens.enteract/kmnj.php' not found or unable to stat
[Fri Feb 13 03:29:42.696552 2026] [php:error] [pid 23385] [client 20.111.48.18:0] script '/domains/fryer/tx1.php' not found or unable to stat
[Fri Feb 13 03:29:43.058097 2026] [php:error] [pid 23385] [client 20.111.48.18:0] script '/domains/fryer/xv.php' not found or unable to stat
[Fri Feb 13 03:29:43.143737 2026] [php:error] [pid 23385] [client 20.111.48.18:0] script '/domains/fryer/x56.php' not found or unable to stat
[Fri Feb 13 03:29:43.229977 2026] [php:error] [pid 23385] [client 20.111.48.18:0] script '/domains/fryer/htaccess.php' not found or unable to stat
[Fri Feb 13 03:29:43.334154 2026] [php:error] [pid 23385] [client 20.111.48.18:0] script '/domains/fryer/readme.php' not found or unable to stat
[Fri Feb 13 03:29:43.419204 2026] [php:error] [pid 23385] [client 20.111.48.18:0] script '/domains/fryer/x50.php' not found or unable to stat
[Fri Feb 13 03:29:43.506681 2026] [php:error] [pid 23385] [client 20.111.48.18:0] script '/domains/fryer/fv.php' not found or unable to stat
[Fri Feb 13 03:29:43.592036 2026] [php:error] [pid 23385] [client 20.111.48.18:0] script '/domains/fryer/file.php' not found or unable to stat
[Fri Feb 13 03:29:43.678336 2026] [php:error] [pid 23385] [client 20.111.48.18:0] script '/domains/fryer/lsd.php' not found or unable to stat
[Fri Feb 13 03:29:43.812686 2026] [php:error] [pid 23385] [client 20.111.48.18:0] script '/domains/fryer/as.php' not found or unable to stat
[Fri Feb 13 03:29:43.897716 2026] [php:error] [pid 23385] [client 20.111.48.18:0] script '/domains/fryer/wsd.php' not found or unable to stat
[Fri Feb 13 03:29:43.982667 2026] [php:error] [pid 23385] [client 20.111.48.18:0] script '/domains/fryer/gtc.php' not found or unable to stat
[Fri Feb 13 03:29:44.247321 2026] [php:error] [pid 23385] [client 20.111.48.18:0] script '/domains/fryer/atx.php' not found or unable to stat
[Fri Feb 13 03:29:44.541749 2026] [php:error] [pid 23385] [client 20.111.48.18:0] script '/domains/fryer/m.php' not found or unable to stat
[Fri Feb 13 03:29:44.626864 2026] [php:error] [pid 23385] [client 20.111.48.18:0] script '/domains/fryer/themes.php' not found or unable to stat
[Fri Feb 13 03:29:45.238706 2026] [php:error] [pid 23385] [client 20.111.48.18:0] script '/domains/fryer/click.php' not found or unable to stat
[Fri Feb 13 03:29:45.521137 2026] [php:error] [pid 23385] [client 20.111.48.18:0] script '/domains/fryer/install.php' not found or unable to stat
[Fri Feb 13 03:29:45.606127 2026] [php:error] [pid 23385] [client 20.111.48.18:0] script '/domains/fryer/lv.php' not found or unable to stat
[Fri Feb 13 03:29:45.691766 2026] [php:error] [pid 23385] [client 20.111.48.18:0] script '/domains/fryer/simple.php' not found or unable to stat
[Fri Feb 13 03:29:45.777558 2026] [php:error] [pid 23385] [client 20.111.48.18:0] script '/domains/fryer/css.php' not found or unable to stat
[Fri Feb 13 03:29:45.862860 2026] [php:error] [pid 23385] [client 20.111.48.18:0] script '/domains/fryer/cong.php' not found or unable to stat
[Fri Feb 13 03:29:46.138368 2026] [php:error] [pid 23385] [client 20.111.48.18:0] script '/domains/fryer/cong.php' not found or unable to stat
[Fri Feb 13 03:29:46.312491 2026] [php:error] [pid 23385] [client 20.111.48.18:0] script '/domains/fryer/w.php' not found or unable to stat
[Fri Feb 13 03:29:46.646686 2026] [php:error] [pid 23385] [client 20.111.48.18:0] script '/domains/fryer/0x.php' not found or unable to stat
[Fri Feb 13 03:29:46.739299 2026] [php:error] [pid 23385] [client 20.111.48.18:0] script '/domains/fryer/css.php' not found or unable to stat
[Fri Feb 13 03:29:46.921889 2026] [php:error] [pid 23385] [client 20.111.48.18:0] script '/domains/fryer/admin.php' not found or unable to stat
[Fri Feb 13 03:29:47.091876 2026] [php:error] [pid 23385] [client 20.111.48.18:0] script '/domains/fryer/classwithtostring.php' not found or unable to stat
[Fri Feb 13 03:29:47.184413 2026] [php:error] [pid 23385] [client 20.111.48.18:0] script '/domains/fryer/abcd.php' not found or unable to stat
[Fri Feb 13 03:29:47.269725 2026] [php:error] [pid 23385] [client 20.111.48.18:0] script '/domains/fryer/autoload_classmap.php' not found or unable to stat
[Fri Feb 13 03:29:47.368331 2026] [php:error] [pid 23385] [client 20.111.48.18:0] script '/domains/fryer/inputs.php' not found or unable to stat
[Fri Feb 13 03:29:47.453789 2026] [php:error] [pid 23385] [client 20.111.48.18:0] script '/domains/fryer/about.php' not found or unable to stat
[Fri Feb 13 03:29:47.786269 2026] [php:error] [pid 23385] [client 20.111.48.18:0] script '/domains/fryer/alfa.php' not found or unable to stat
[Fri Feb 13 03:29:49.130490 2026] [php:error] [pid 23385] [client 20.111.48.18:0] script '/domains/fryer/manager.php' not found or unable to stat
[Fri Feb 13 03:29:49.236301 2026] [php:error] [pid 23385] [client 20.111.48.18:0] script '/domains/fryer/item.php' not found or unable to stat
[Fri Feb 13 03:29:49.439345 2026] [php:error] [pid 23385] [client 20.111.48.18:0] script '/domains/fryer/404.php' not found or unable to stat
[Fri Feb 13 03:29:49.525538 2026] [php:error] [pid 23385] [client 20.111.48.18:0] script '/domains/fryer/mail.php' not found or unable to stat
[Fri Feb 13 03:29:49.696495 2026] [php:error] [pid 23385] [client 20.111.48.18:0] script '/domains/fryer/sx.php' not found or unable to stat
[Fri Feb 13 03:29:50.025429 2026] [php:error] [pid 23385] [client 20.111.48.18:0] script '/domains/fryer/alfa.php' not found or unable to stat
[Fri Feb 13 03:29:50.110502 2026] [php:error] [pid 23385] [client 20.111.48.18:0] script '/domains/fryer/1.php' not found or unable to stat
[Fri Feb 13 03:29:50.260975 2026] [php:error] [pid 23385] [client 20.111.48.18:0] script '/domains/fryer/byp.php' not found or unable to stat
[Fri Feb 13 03:29:50.379613 2026] [php:error] [pid 23385] [client 20.111.48.18:0] script '/domains/fryer/wp-trackback.php' not found or unable to stat
[Fri Feb 13 03:29:50.722409 2026] [php:error] [pid 23385] [client 20.111.48.18:0] script '/domains/fryer/gmo.php' not found or unable to stat
[Fri Feb 13 03:29:52.003904 2026] [php:error] [pid 23385] [client 20.111.48.18:0] script '/domains/fryer/ww1.php' not found or unable to stat
[Fri Feb 13 03:29:52.759760 2026] [php:error] [pid 23398] [client 20.111.48.18:0] script '/domains/fryer/security.php' not found or unable to stat
[Fri Feb 13 03:29:53.965015 2026] [php:error] [pid 23398] [client 20.111.48.18:0] script '/domains/fryer/class.php' not found or unable to stat
[Fri Feb 13 03:29:54.334927 2026] [php:error] [pid 23398] [client 20.111.48.18:0] script '/domains/fryer/bless5.php' not found or unable to stat
[Fri Feb 13 03:29:54.684427 2026] [php:error] [pid 23398] [client 20.111.48.18:0] script '/domains/fryer/ioxi-o1.php' not found or unable to stat
[Fri Feb 13 03:29:54.794804 2026] [php:error] [pid 23398] [client 20.111.48.18:0] script '/domains/fryer/juuuu.php' not found or unable to stat
[Fri Feb 13 03:29:54.881794 2026] [php:error] [pid 23398] [client 20.111.48.18:0] script '/domains/fryer/ha.php' not found or unable to stat
[Fri Feb 13 03:29:54.969180 2026] [php:error] [pid 23398] [client 20.111.48.18:0] script '/domains/fryer/we2.php' not found or unable to stat
[Fri Feb 13 03:29:55.198058 2026] [php:error] [pid 23398] [client 20.111.48.18:0] script '/domains/fryer/04.php' not found or unable to stat
[Fri Feb 13 03:29:55.285843 2026] [php:error] [pid 23398] [client 20.111.48.18:0] script '/domains/fryer/333.php' not found or unable to stat
[Fri Feb 13 03:29:55.387587 2026] [php:error] [pid 23398] [client 20.111.48.18:0] script '/domains/fryer/520.php' not found or unable to stat
[Fri Feb 13 03:29:55.575390 2026] [php:error] [pid 23398] [client 20.111.48.18:0] script '/domains/fryer/ar.php' not found or unable to stat
[Fri Feb 13 03:29:55.662116 2026] [php:error] [pid 23398] [client 20.111.48.18:0] script '/domains/fryer/x.php' not found or unable to stat
[Fri Feb 13 03:29:55.777885 2026] [php:error] [pid 23398] [client 20.111.48.18:0] script '/domains/fryer/xx.php' not found or unable to stat
[Fri Feb 13 03:29:55.865677 2026] [php:error] [pid 23398] [client 20.111.48.18:0] script '/domains/fryer/gifclass4.php' not found or unable to stat
[Fri Feb 13 03:29:55.952254 2026] [php:error] [pid 23398] [client 20.111.48.18:0] script '/domains/fryer/2clas.php' not found or unable to stat
[Fri Feb 13 03:29:56.059657 2026] [php:error] [pid 23398] [client 20.111.48.18:0] script '/domains/fryer/ave.php' not found or unable to stat
[Fri Feb 13 03:29:56.146495 2026] [php:error] [pid 23398] [client 20.111.48.18:0] script '/domains/fryer/wrt.php' not found or unable to stat
[Fri Feb 13 03:29:56.249661 2026] [php:error] [pid 23398] [client 20.111.48.18:0] script '/domains/fryer/bibil.php' not found or unable to stat
[Fri Feb 13 03:29:56.625761 2026] [core:error] [pid 23406] [client 217.113.196.242:0] AH10244: invalid URI path (/../../completetakes.html)
[Fri Feb 13 03:29:56.630704 2026] [php:error] [pid 23398] [client 20.111.48.18:0] script '/domains/fryer/radio.php' not found or unable to stat
[Fri Feb 13 03:29:56.733129 2026] [php:error] [pid 23398] [client 20.111.48.18:0] script '/domains/fryer/files.php' not found or unable to stat
[Fri Feb 13 03:29:56.820062 2026] [php:error] [pid 23398] [client 20.111.48.18:0] script '/domains/fryer/file7.php' not found or unable to stat
[Fri Feb 13 03:29:57.347472 2026] [php:error] [pid 23398] [client 20.111.48.18:0] script '/domains/fryer/gifclass.php' not found or unable to stat
[Fri Feb 13 03:29:57.634927 2026] [php:error] [pid 23398] [client 20.111.48.18:0] script '/domains/fryer/nox.php' not found or unable to stat
[Fri Feb 13 03:29:57.736637 2026] [php:error] [pid 23398] [client 20.111.48.18:0] script '/domains/fryer/file48.php' not found or unable to stat
[Fri Feb 13 03:29:57.823370 2026] [php:error] [pid 23398] [client 20.111.48.18:0] script '/domains/fryer/info.php' not found or unable to stat
[Fri Feb 13 03:29:57.911715 2026] [php:error] [pid 23398] [client 20.111.48.18:0] script '/domains/fryer/class9.php' not found or unable to stat
[Fri Feb 13 03:29:57.998924 2026] [php:error] [pid 23398] [client 20.111.48.18:0] script '/domains/fryer/la.php' not found or unable to stat
[Fri Feb 13 03:29:58.085980 2026] [php:error] [pid 23398] [client 20.111.48.18:0] script '/domains/fryer/bless11.php' not found or unable to stat
[Fri Feb 13 03:29:58.230341 2026] [php:error] [pid 23398] [client 20.111.48.18:0] script '/domains/fryer/ccou.php' not found or unable to stat
[Fri Feb 13 03:29:58.317063 2026] [php:error] [pid 23398] [client 20.111.48.18:0] script '/domains/fryer/ton.php' not found or unable to stat
[Fri Feb 13 03:29:58.490355 2026] [php:error] [pid 23398] [client 20.111.48.18:0] script '/domains/fryer/403.php' not found or unable to stat
