[Fri Feb 13 01:03:56.738938 2026] [php:error] [pid 93034] [client 51.103.142.43:0] script '/domains/hungariantasteweb/xpwer1.php' not found or unable to stat
[Fri Feb 13 01:03:56.838386 2026] [php:error] [pid 93034] [client 51.103.142.43:0] script '/domains/hungariantasteweb/lala.php' not found or unable to stat
[Fri Feb 13 01:03:56.938060 2026] [php:error] [pid 93034] [client 51.103.142.43:0] script '/domains/hungariantasteweb/about.php' not found or unable to stat
[Fri Feb 13 01:03:57.491845 2026] [php:error] [pid 93034] [client 51.103.142.43:0] script '/domains/hungariantasteweb/info.php' not found or unable to stat
[Fri Feb 13 01:03:57.669865 2026] [php:error] [pid 93034] [client 51.103.142.43:0] script '/domains/hungariantasteweb/about.php' not found or unable to stat
[Fri Feb 13 01:03:57.873834 2026] [php:error] [pid 93034] [client 51.103.142.43:0] script '/domains/hungariantasteweb/222.php' not found or unable to stat
[Fri Feb 13 01:03:57.973503 2026] [php:error] [pid 93034] [client 51.103.142.43:0] script '/domains/hungariantasteweb/adminfuns.php' not found or unable to stat
[Fri Feb 13 01:03:58.172496 2026] [php:error] [pid 93034] [client 51.103.142.43:0] script '/domains/hungariantasteweb/xx.php' not found or unable to stat
[Fri Feb 13 01:03:58.416163 2026] [php:error] [pid 93034] [client 51.103.142.43:0] script '/domains/hungariantasteweb/f5.php' not found or unable to stat
[Fri Feb 13 01:03:58.542667 2026] [php:error] [pid 93034] [client 51.103.142.43:0] script '/domains/hungariantasteweb/flower.php' not found or unable to stat
[Fri Feb 13 01:03:58.642383 2026] [php:error] [pid 93034] [client 51.103.142.43:0] script '/domains/hungariantasteweb/f6.php' not found or unable to stat
[Fri Feb 13 01:03:58.792995 2026] [php:error] [pid 93034] [client 51.103.142.43:0] script '/domains/hungariantasteweb/edit.php' not found or unable to stat
[Fri Feb 13 01:03:58.892812 2026] [php:error] [pid 93034] [client 51.103.142.43:0] script '/domains/hungariantasteweb/aa.php' not found or unable to stat
[Fri Feb 13 01:03:59.198509 2026] [php:error] [pid 93034] [client 51.103.142.43:0] script '/domains/hungariantasteweb/av.php' not found or unable to stat
[Fri Feb 13 01:03:59.398439 2026] [php:error] [pid 93034] [client 51.103.142.43:0] script '/domains/hungariantasteweb/wsd.php' not found or unable to stat
[Fri Feb 13 01:03:59.498743 2026] [php:error] [pid 93034] [client 51.103.142.43:0] script '/domains/hungariantasteweb/jane.php' not found or unable to stat
[Fri Feb 13 01:03:59.599087 2026] [php:error] [pid 93034] [client 51.103.142.43:0] script '/domains/hungariantasteweb/css.php' not found or unable to stat
[Fri Feb 13 01:03:59.699955 2026] [php:error] [pid 93034] [client 51.103.142.43:0] script '/domains/hungariantasteweb/alfa.php' not found or unable to stat
[Fri Feb 13 01:03:59.868166 2026] [php:error] [pid 93034] [client 51.103.142.43:0] script '/domains/hungariantasteweb/wen.php' not found or unable to stat
[Fri Feb 13 01:03:59.968119 2026] [php:error] [pid 93034] [client 51.103.142.43:0] script '/domains/hungariantasteweb/x.php' not found or unable to stat
[Fri Feb 13 01:04:00.067926 2026] [php:error] [pid 93034] [client 51.103.142.43:0] script '/domains/hungariantasteweb/xxxx.php' not found or unable to stat
[Fri Feb 13 01:04:00.168573 2026] [php:error] [pid 93034] [client 51.103.142.43:0] script '/domains/hungariantasteweb/class.php' not found or unable to stat
[Fri Feb 13 01:04:00.268464 2026] [php:error] [pid 93034] [client 51.103.142.43:0] script '/domains/hungariantasteweb/f35.php' not found or unable to stat
[Fri Feb 13 01:04:00.699287 2026] [php:error] [pid 93034] [client 51.103.142.43:0] script '/domains/hungariantasteweb/class-t.api.php' not found or unable to stat
[Fri Feb 13 01:04:00.799127 2026] [php:error] [pid 93034] [client 51.103.142.43:0] script '/domains/hungariantasteweb/blurbs18.php' not found or unable to stat
[Fri Feb 13 01:04:01.557141 2026] [php:error] [pid 93034] [client 51.103.142.43:0] script '/domains/hungariantasteweb/bless11.php' not found or unable to stat
[Fri Feb 13 01:04:01.683426 2026] [php:error] [pid 93034] [client 51.103.142.43:0] script '/domains/hungariantasteweb/init.php' not found or unable to stat
[Fri Feb 13 01:04:01.969808 2026] [php:error] [pid 93034] [client 51.103.142.43:0] script '/domains/hungariantasteweb/k.php' not found or unable to stat
[Fri Feb 13 01:04:02.134459 2026] [php:error] [pid 93034] [client 51.103.142.43:0] script '/domains/hungariantasteweb/bless.php' not found or unable to stat
[Fri Feb 13 01:04:02.248851 2026] [php:error] [pid 93034] [client 51.103.142.43:0] script '/domains/hungariantasteweb/X7x.php' not found or unable to stat
[Fri Feb 13 01:04:02.348366 2026] [php:error] [pid 93034] [client 51.103.142.43:0] script '/domains/hungariantasteweb/166.php' not found or unable to stat
[Fri Feb 13 01:04:02.455528 2026] [php:error] [pid 93034] [client 51.103.142.43:0] script '/domains/hungariantasteweb/plss3.php' not found or unable to stat
[Fri Feb 13 01:04:02.660429 2026] [php:error] [pid 93034] [client 51.103.142.43:0] script '/domains/hungariantasteweb/admins.php' not found or unable to stat
[Fri Feb 13 01:04:02.765682 2026] [php:error] [pid 93034] [client 51.103.142.43:0] script '/domains/hungariantasteweb/wp.php' not found or unable to stat
[Fri Feb 13 01:04:02.870839 2026] [php:error] [pid 93034] [client 51.103.142.43:0] script '/domains/hungariantasteweb/main.php' not found or unable to stat
[Fri Feb 13 01:04:02.978856 2026] [php:error] [pid 93034] [client 51.103.142.43:0] script '/domains/hungariantasteweb/a1.php' not found or unable to stat
[Fri Feb 13 01:04:03.078107 2026] [php:error] [pid 93034] [client 51.103.142.43:0] script '/domains/hungariantasteweb/lala.php' not found or unable to stat
[Fri Feb 13 01:04:03.178040 2026] [php:error] [pid 93034] [client 51.103.142.43:0] script '/domains/hungariantasteweb/aaa.php' not found or unable to stat
[Fri Feb 13 01:04:03.277796 2026] [php:error] [pid 93034] [client 51.103.142.43:0] script '/domains/hungariantasteweb/a2.php' not found or unable to stat
[Fri Feb 13 01:04:03.578314 2026] [php:error] [pid 93034] [client 51.103.142.43:0] script '/domains/hungariantasteweb/nyan.php' not found or unable to stat
[Fri Feb 13 01:04:03.678293 2026] [php:error] [pid 93034] [client 51.103.142.43:0] script '/domains/hungariantasteweb/jsond.php' not found or unable to stat
[Fri Feb 13 01:04:35.576345 2026] [php:error] [pid 93044] [client 34.158.91.175:0] script '/domains/hdickens.enteract/kmnj.php' not found or unable to stat
[Fri Feb 13 01:04:45.262754 2026] [php:error] [pid 93075] [client 34.96.162.52:0] script '/domains/cccweb/adminer-4.6.1.php' not found or unable to stat
[Fri Feb 13 01:04:50.282164 2026] [php:error] [pid 93054] [client 35.247.243.244:0] script '/domains/cccweb/adminer-5.0.6-en.php' not found or unable to stat
[Fri Feb 13 01:04:56.548601 2026] [php:error] [pid 93044] [client 45.148.10.159:0] script '/domains/fairlane1/phpinfo.php' not found or unable to stat
[Fri Feb 13 01:04:57.251804 2026] [php:error] [pid 93075] [client 34.96.162.49:0] script '/domains/cccweb/adminer-5.0.3-mysql-en.php' not found or unable to stat
[Fri Feb 13 01:05:10.261535 2026] [php:error] [pid 93054] [client 145.239.10.137:0] script '/domains/supolo/p.php' not found or unable to stat, referer: http://supolo.com/p.php
[Fri Feb 13 01:05:25.153031 2026] [php:error] [pid 93044] [client 45.148.10.159:0] script '/domains/fairlane1/_phpinfo.php' not found or unable to stat
[Fri Feb 13 01:05:40.177904 2026] [php:error] [pid 93086] [client 35.247.243.246:0] script '/domains/cccweb/adminer-5.0.6-mysql.php' not found or unable to stat
[Fri Feb 13 01:05:56.041307 2026] [php:error] [pid 93087] [client 34.96.162.52:0] script '/domains/cccweb/adminer-4.7.5.php' not found or unable to stat
[Fri Feb 13 01:06:17.980969 2026] [php:error] [pid 93088] [client 34.96.162.51:0] script '/domains/cccweb/adminer-5.2.0.php' not found or unable to stat
[Fri Feb 13 01:06:59.836630 2026] [php:error] [pid 93091] [client 172.213.161.82:0] script '/domains/ferguson.interport/24.php' not found or unable to stat
[Fri Feb 13 01:07:01.217229 2026] [php:error] [pid 93082] [client 51.103.141.136:0] script '/domains/braniff/24.php' not found or unable to stat
[Fri Feb 13 01:07:27.497618 2026] [php:error] [pid 93089] [client 52.169.119.118:0] script '/domains/system_suspended/88.php' not found or unable to stat
[Fri Feb 13 01:07:27.570376 2026] [php:error] [pid 93089] [client 52.169.119.118:0] script '/domains/system_suspended/pass4.php' not found or unable to stat
[Fri Feb 13 01:07:27.643221 2026] [php:error] [pid 93089] [client 52.169.119.118:0] script '/domains/system_suspended/php8.php' not found or unable to stat
[Fri Feb 13 01:07:27.715818 2026] [php:error] [pid 93089] [client 52.169.119.118:0] script '/domains/system_suspended/cvtcosue.php' not found or unable to stat
[Fri Feb 13 01:07:27.788303 2026] [php:error] [pid 93089] [client 52.169.119.118:0] script '/domains/system_suspended/gm.php' not found or unable to stat
[Fri Feb 13 01:07:27.860766 2026] [php:error] [pid 93089] [client 52.169.119.118:0] script '/domains/system_suspended/1a.php' not found or unable to stat
[Fri Feb 13 01:07:27.934112 2026] [php:error] [pid 93089] [client 52.169.119.118:0] script '/domains/system_suspended/aer.php' not found or unable to stat
[Fri Feb 13 01:07:28.006963 2026] [php:error] [pid 93089] [client 52.169.119.118:0] script '/domains/system_suspended/f6.php' not found or unable to stat
[Fri Feb 13 01:07:28.081119 2026] [php:error] [pid 93089] [client 52.169.119.118:0] script '/domains/system_suspended/667.php' not found or unable to stat
[Fri Feb 13 01:07:28.153522 2026] [php:error] [pid 93089] [client 52.169.119.118:0] script '/domains/system_suspended/kma.php' not found or unable to stat
[Fri Feb 13 01:07:28.226179 2026] [php:error] [pid 93089] [client 52.169.119.118:0] script '/domains/system_suspended/kimono.php' not found or unable to stat
[Fri Feb 13 01:07:28.269741 2026] [php:error] [pid 93097] [client 35.247.243.242:0] script '/domains/cccweb/adminer-4.7.2.php' not found or unable to stat
[Fri Feb 13 01:07:29.519075 2026] [php:error] [pid 93092] [client 51.120.70.159:0] script '/domains/redpeninc/24.php' not found or unable to stat
[Fri Feb 13 01:07:37.956605 2026] [php:error] [pid 93097] [client 165.245.186.199:0] script '/domains/markrose/xmlrpc.php' not found or unable to stat
[Fri Feb 13 01:07:41.226096 2026] [php:error] [pid 93099] [client 34.96.162.55:0] script '/domains/cccweb/adminer-5.0.6.php' not found or unable to stat
[Fri Feb 13 01:07:55.977953 2026] [php:error] [pid 93097] [client 45.148.10.159:0] script '/domains/fairlane1/wp-config.php.bak' not found or unable to stat
[Fri Feb 13 01:07:56.354087 2026] [php:error] [pid 93097] [client 45.148.10.159:0] script '/domains/fairlane1/info.php' not found or unable to stat
[Fri Feb 13 01:07:56.777382 2026] [php:error] [pid 93088] [client 35.247.243.241:0] script '/domains/cccweb/adminer-5.3.0.php' not found or unable to stat
[Fri Feb 13 01:08:02.118410 2026] [php:error] [pid 93095] [client 35.247.243.242:0] script '/domains/cccweb/adminer-5.0.4-mysql-en.php' not found or unable to stat
[Fri Feb 13 01:08:02.743076 2026] [php:error] [pid 93099] [client 72.146.1.154:0] script '/domains/pauljbrock/24.php' not found or unable to stat
[Fri Feb 13 01:08:04.942350 2026] [php:error] [pid 93097] [client 45.148.10.159:0] script '/domains/fairlane1/server_info.php' not found or unable to stat
[Fri Feb 13 01:08:05.995646 2026] [php:error] [pid 93097] [client 45.148.10.159:0] script '/domains/fairlane1/app_dev.php' not found or unable to stat
[Fri Feb 13 01:08:07.011744 2026] [php:error] [pid 93097] [client 45.148.10.159:0] script '/domains/fairlane1/test.php' not found or unable to stat
[Fri Feb 13 01:08:08.405830 2026] [access_compat:error] [pid 93097] [client 45.148.10.159:0] AH01797: client denied by server configuration: /domains/fairlane1/server-info
[Fri Feb 13 01:08:10.256756 2026] [php:error] [pid 93097] [client 45.148.10.159:0] script '/domains/fairlane1/server-info.php' not found or unable to stat
[Fri Feb 13 01:08:21.183062 2026] [php:error] [pid 93097] [client 72.146.1.154:0] script '/domains/system_default/88.php' not found or unable to stat
[Fri Feb 13 01:08:21.275920 2026] [php:error] [pid 93097] [client 72.146.1.154:0] script '/domains/system_default/pass4.php' not found or unable to stat
[Fri Feb 13 01:08:21.367874 2026] [php:error] [pid 93097] [client 72.146.1.154:0] script '/domains/system_default/php8.php' not found or unable to stat
[Fri Feb 13 01:08:21.462528 2026] [php:error] [pid 93097] [client 72.146.1.154:0] script '/domains/system_default/cvtcosue.php' not found or unable to stat
[Fri Feb 13 01:08:21.559408 2026] [php:error] [pid 93097] [client 72.146.1.154:0] script '/domains/system_default/gm.php' not found or unable to stat
[Fri Feb 13 01:08:21.651516 2026] [php:error] [pid 93097] [client 72.146.1.154:0] script '/domains/system_default/1a.php' not found or unable to stat
[Fri Feb 13 01:08:21.744639 2026] [php:error] [pid 93097] [client 72.146.1.154:0] script '/domains/system_default/aer.php' not found or unable to stat
[Fri Feb 13 01:08:21.850970 2026] [php:error] [pid 93097] [client 72.146.1.154:0] script '/domains/system_default/f6.php' not found or unable to stat
[Fri Feb 13 01:08:21.947883 2026] [php:error] [pid 93097] [client 72.146.1.154:0] script '/domains/system_default/667.php' not found or unable to stat
[Fri Feb 13 01:08:22.040564 2026] [php:error] [pid 93097] [client 72.146.1.154:0] script '/domains/system_default/kma.php' not found or unable to stat
[Fri Feb 13 01:08:22.132828 2026] [php:error] [pid 93097] [client 72.146.1.154:0] script '/domains/system_default/kimono.php' not found or unable to stat
[Fri Feb 13 01:08:26.830317 2026] [php:error] [pid 93095] [client 34.96.162.53:0] script '/domains/cccweb/adminer-5.0.2.php' not found or unable to stat
[Fri Feb 13 01:08:28.108155 2026] [php:error] [pid 93102] [client 35.247.243.243:0] script '/domains/cccweb/adminer-5.0.6-mysql.php' not found or unable to stat
[Fri Feb 13 01:08:58.396253 2026] [php:error] [pid 93102] [client 35.247.243.252:0] script '/domains/cccweb/adminer-5.0.2-mysql-en.php' not found or unable to stat
[Fri Feb 13 01:09:15.120204 2026] [php:error] [pid 93103] [client 35.247.243.244:0] script '/domains/cccweb/adminer-5.1.0-mysql.php' not found or unable to stat
[Fri Feb 13 01:09:19.684141 2026] [php:error] [pid 93102] [client 35.247.243.254:0] script '/domains/cccweb/adminer-5.0.6.php' not found or unable to stat
[Fri Feb 13 01:09:34.769337 2026] [php:error] [pid 93103] [client 34.96.162.63:0] script '/domains/cccweb/adminer-5.0.6.php' not found or unable to stat
[Fri Feb 13 01:09:41.383858 2026] [php:error] [pid 93102] [client 20.204.41.182:0] script '/domains/cccweb/rip.php' not found or unable to stat
[Fri Feb 13 01:09:41.393974 2026] [php:error] [pid 93102] [client 20.204.41.182:0] script '/domains/cccweb/class-t.api.php' not found or unable to stat
[Fri Feb 13 01:09:41.394090 2026] [php:error] [pid 93123] [client 20.204.41.182:0] script '/domains/cccweb/ioxi-o.php' not found or unable to stat
[Fri Feb 13 01:09:41.395527 2026] [php:error] [pid 93131] [client 20.204.41.182:0] script '/domains/cccweb/info.php' not found or unable to stat
[Fri Feb 13 01:09:41.395531 2026] [php:error] [pid 93132] [client 20.204.41.182:0] script '/domains/cccweb/file.php' not found or unable to stat
[Fri Feb 13 01:09:41.414337 2026] [php:error] [pid 93133] [client 20.204.41.182:0] script '/domains/cccweb/sf.php' not found or unable to stat
[Fri Feb 13 01:09:41.436242 2026] [php:error] [pid 93131] [client 20.204.41.182:0] script '/domains/cccweb/ms-edit.php' not found or unable to stat
[Fri Feb 13 01:09:41.505997 2026] [php:error] [pid 93123] [client 20.204.41.182:0] script '/domains/cccweb/wp-good.php' not found or unable to stat
[Fri Feb 13 01:09:42.391584 2026] [php:error] [pid 93102] [client 20.204.41.182:0] script '/domains/cccweb/222.php' not found or unable to stat
[Fri Feb 13 01:09:42.428606 2026] [php:error] [pid 93132] [client 20.204.41.182:0] script '/domains/cccweb/classwithtostring.php' not found or unable to stat
[Fri Feb 13 01:09:42.431458 2026] [php:error] [pid 93123] [client 20.204.41.182:0] script '/domains/cccweb/adminfuns.php' not found or unable to stat
[Fri Feb 13 01:09:44.460315 2026] [php:error] [pid 93131] [client 20.204.41.182:0] script '/domains/cccweb/about.php' not found or unable to stat
[Fri Feb 13 01:09:47.310839 2026] [php:error] [pid 93121] [client 34.96.162.52:0] script '/domains/cccweb/adminer-5.0.6-en.php' not found or unable to stat
[Fri Feb 13 01:09:53.071235 2026] [php:error] [pid 93118] [client 187.15.74.14:0] script '/domains/samscars/xmlrpc.php' not found or unable to stat
[Fri Feb 13 01:09:54.432509 2026] [php:error] [pid 93132] [client 187.101.62.172:0] script '/domains/schellin/xmlrpc.php' not found or unable to stat
[Fri Feb 13 01:10:12.891726 2026] [php:error] [pid 93144] [client 51.103.141.136:0] script '/domains/dcoffman/24.php' not found or unable to stat
[Fri Feb 13 01:10:16.737311 2026] [php:error] [pid 93134] [client 4.194.217.214:0] script '/domains/larrysr/ws66.php' not found or unable to stat
[Fri Feb 13 01:10:16.956837 2026] [php:error] [pid 93134] [client 4.194.217.214:0] script '/domains/larrysr/666.php' not found or unable to stat
[Fri Feb 13 01:10:17.175715 2026] [php:error] [pid 93134] [client 4.194.217.214:0] script '/domains/larrysr/wp-admin.php' not found or unable to stat
[Fri Feb 13 01:10:17.395031 2026] [php:error] [pid 93134] [client 4.194.217.214:0] script '/domains/larrysr/h02ugyh.php' not found or unable to stat
[Fri Feb 13 01:10:17.838303 2026] [php:error] [pid 93134] [client 4.194.217.214:0] script '/domains/larrysr/fs.php' not found or unable to stat
[Fri Feb 13 01:10:18.057022 2026] [php:error] [pid 93134] [client 4.194.217.214:0] script '/domains/larrysr/a4.php' not found or unable to stat
[Fri Feb 13 01:10:18.275978 2026] [php:error] [pid 93134] [client 4.194.217.214:0] script '/domains/larrysr/tfm.php' not found or unable to stat
[Fri Feb 13 01:10:18.494739 2026] [php:error] [pid 93134] [client 4.194.217.214:0] script '/domains/larrysr/bolt.php' not found or unable to stat
[Fri Feb 13 01:10:18.714337 2026] [php:error] [pid 93134] [client 4.194.217.214:0] script '/domains/larrysr/8.php' not found or unable to stat
[Fri Feb 13 01:10:18.935687 2026] [php:error] [pid 93134] [client 4.194.217.214:0] script '/domains/larrysr/aa.php' not found or unable to stat
[Fri Feb 13 01:10:19.155350 2026] [php:error] [pid 93134] [client 4.194.217.214:0] script '/domains/larrysr/66.php' not found or unable to stat
[Fri Feb 13 01:10:19.374134 2026] [php:error] [pid 93134] [client 4.194.217.214:0] script '/domains/larrysr/wen.php' not found or unable to stat
[Fri Feb 13 01:10:19.592843 2026] [php:error] [pid 93134] [client 4.194.217.214:0] script '/domains/larrysr/wp-blogs.php' not found or unable to stat
[Fri Feb 13 01:10:19.811774 2026] [php:error] [pid 93134] [client 4.194.217.214:0] script '/domains/larrysr/R57.php' not found or unable to stat
[Fri Feb 13 01:10:20.032184 2026] [php:error] [pid 93134] [client 4.194.217.214:0] script '/domains/larrysr/ccs.php' not found or unable to stat
[Fri Feb 13 01:10:20.250886 2026] [php:error] [pid 93134] [client 4.194.217.214:0] script '/domains/larrysr/24.php' not found or unable to stat
[Fri Feb 13 01:10:20.469606 2026] [php:error] [pid 93134] [client 4.194.217.214:0] script '/domains/larrysr/155.php' not found or unable to stat
[Fri Feb 13 01:10:20.689824 2026] [php:error] [pid 93134] [client 4.194.217.214:0] script '/domains/larrysr/aaa.php' not found or unable to stat
[Fri Feb 13 01:10:20.910388 2026] [php:error] [pid 93134] [client 4.194.217.214:0] script '/domains/larrysr/bgymj.php' not found or unable to stat
[Fri Feb 13 01:10:21.133292 2026] [php:error] [pid 93134] [client 4.194.217.214:0] script '/domains/larrysr/06.php' not found or unable to stat
[Fri Feb 13 01:10:21.356558 2026] [php:error] [pid 93134] [client 4.194.217.214:0] script '/domains/larrysr/ff1.php' not found or unable to stat
[Fri Feb 13 01:10:21.797109 2026] [php:error] [pid 93134] [client 4.194.217.214:0] script '/domains/larrysr/xxw.php' not found or unable to stat
[Fri Feb 13 01:10:22.016647 2026] [php:error] [pid 93134] [client 4.194.217.214:0] script '/domains/larrysr/asax.php' not found or unable to stat
[Fri Feb 13 01:10:22.235862 2026] [php:error] [pid 93134] [client 4.194.217.214:0] script '/domains/larrysr/knmt.php' not found or unable to stat
[Fri Feb 13 01:10:22.455288 2026] [php:error] [pid 93134] [client 4.194.217.214:0] script '/domains/larrysr/bootstrap.php' not found or unable to stat
[Fri Feb 13 01:10:22.675613 2026] [php:error] [pid 93134] [client 4.194.217.214:0] script '/domains/larrysr/wp-act.php' not found or unable to stat
[Fri Feb 13 01:10:22.894271 2026] [php:error] [pid 93134] [client 4.194.217.214:0] script '/domains/larrysr/mini.php' not found or unable to stat
[Fri Feb 13 01:10:23.119044 2026] [php:error] [pid 93134] [client 4.194.217.214:0] script '/domains/larrysr/166.php' not found or unable to stat
[Fri Feb 13 01:10:23.338393 2026] [php:error] [pid 93134] [client 4.194.217.214:0] script '/domains/larrysr/file.php' not found or unable to stat
[Fri Feb 13 01:10:23.558158 2026] [php:error] [pid 93134] [client 4.194.217.214:0] script '/domains/larrysr/zoo.php' not found or unable to stat
[Fri Feb 13 01:10:23.776921 2026] [php:error] [pid 93134] [client 4.194.217.214:0] script '/domains/larrysr/mcs.php' not found or unable to stat
[Fri Feb 13 01:10:23.995759 2026] [php:error] [pid 93134] [client 4.194.217.214:0] script '/domains/larrysr/grsiuk.php' not found or unable to stat
[Fri Feb 13 01:10:24.215877 2026] [php:error] [pid 93134] [client 4.194.217.214:0] script '/domains/larrysr/init.php' not found or unable to stat
[Fri Feb 13 01:10:24.435000 2026] [php:error] [pid 93134] [client 4.194.217.214:0] script '/domains/larrysr/erty.php' not found or unable to stat
[Fri Feb 13 01:10:24.655970 2026] [php:error] [pid 93134] [client 4.194.217.214:0] script '/domains/larrysr/term.php' not found or unable to stat
[Fri Feb 13 01:10:24.876694 2026] [php:error] [pid 93134] [client 4.194.217.214:0] script '/domains/larrysr/t.php' not found or unable to stat
[Fri Feb 13 01:10:25.095681 2026] [php:error] [pid 93134] [client 4.194.217.214:0] script '/domains/larrysr/inege.php' not found or unable to stat
[Fri Feb 13 01:10:25.314232 2026] [php:error] [pid 93134] [client 4.194.217.214:0] script '/domains/larrysr/to.php' not found or unable to stat
[Fri Feb 13 01:10:25.532839 2026] [php:error] [pid 93134] [client 4.194.217.214:0] script '/domains/larrysr/ioxi.php' not found or unable to stat
[Fri Feb 13 01:10:25.752198 2026] [php:error] [pid 93134] [client 4.194.217.214:0] script '/domains/larrysr/gdn.php' not found or unable to stat
[Fri Feb 13 01:10:25.970811 2026] [php:error] [pid 93134] [client 4.194.217.214:0] script '/domains/larrysr/lib.php' not found or unable to stat
[Fri Feb 13 01:10:33.980448 2026] [php:error] [pid 93129] [client 45.80.105.175:0] script '/domains/wsmith.enteract/wp-login.php' not found or unable to stat
[Fri Feb 13 01:10:35.164749 2026] [php:error] [pid 93132] [client 34.96.162.59:0] script '/domains/cccweb/adminer-5.0.3-mysql-en.php' not found or unable to stat
[Fri Feb 13 01:10:40.313033 2026] [php:error] [pid 93147] [client 35.247.243.250:0] script '/domains/cccweb/adminer.php' not found or unable to stat
[Fri Feb 13 01:10:41.026208 2026] [php:error] [pid 93136] [client 45.80.105.175:0] script '/domains/wsmith.enteract/wp-login.php' not found or unable to stat
[Fri Feb 13 01:11:03.658792 2026] [php:error] [pid 93155] [client 34.96.162.57:0] script '/domains/cccweb/adminer-4.7.2.php' not found or unable to stat
[Fri Feb 13 01:11:13.987575 2026] [php:error] [pid 93153] [client 34.96.162.55:0] script '/domains/cccweb/adminer.php' not found or unable to stat
[Fri Feb 13 01:11:39.922714 2026] [php:error] [pid 93164] [client 35.247.243.245:0] script '/domains/cccweb/adminer-5.0.6-mysql.php' not found or unable to stat
[Fri Feb 13 01:12:10.920714 2026] [php:error] [pid 93164] [client 20.203.180.35:0] script '/domains/system_default/24.php' not found or unable to stat
[Fri Feb 13 01:12:13.233575 2026] [php:error] [pid 93132] [client 34.96.162.57:0] script '/domains/cccweb/adminer-5.0.4-mysql-en.php' not found or unable to stat
[Fri Feb 13 01:12:21.266516 2026] [php:error] [pid 93147] [client 34.90.149.68:0] script '/domains/hdickens.enteract/kmnj.php' not found or unable to stat
[Fri Feb 13 01:12:23.602497 2026] [php:error] [pid 93164] [client 35.247.243.244:0] script '/domains/cccweb/adminer-4.7.2.php' not found or unable to stat
[Fri Feb 13 01:13:16.023030 2026] [php:error] [pid 93172] [client 35.247.243.252:0] script '/domains/cccweb/Adminer.php' not found or unable to stat
[Fri Feb 13 01:13:29.442485 2026] [php:error] [pid 93165] [client 35.247.243.244:0] script '/domains/cccweb/adminer-5.1.1.php' not found or unable to stat
[Fri Feb 13 01:13:33.345896 2026] [php:error] [pid 93164] [client 35.247.243.246:0] script '/domains/cccweb/adminer-5.0.3-mysql-en.php' not found or unable to stat
[Fri Feb 13 01:13:35.481301 2026] [php:error] [pid 93164] [client 172.213.222.67:0] script '/domains/system_suspended/24.php' not found or unable to stat
[Fri Feb 13 01:13:35.955677 2026] [php:error] [pid 93147] [client 35.247.243.243:0] script '/domains/cccweb/adminer-4.4.0.php' not found or unable to stat
[Fri Feb 13 01:13:43.174440 2026] [rewrite:error] [pid 93147] [client 17.22.237.6:0] AH10508: Unsafe URL with %3f URL rewritten without UnsafeAllow3F
[Fri Feb 13 01:13:51.886199 2026] [php:error] [pid 93168] [client 35.247.243.244:0] script '/domains/cccweb/adminer-5.0.0-mysql.php' not found or unable to stat
[Fri Feb 13 01:13:53.385235 2026] [php:error] [pid 93175] [client 34.96.162.56:0] script '/domains/cccweb/adminer-4.7.2.php' not found or unable to stat
[Fri Feb 13 01:13:58.215394 2026] [php:error] [pid 93168] [client 34.96.162.57:0] script '/domains/cccweb/adminer-4.2.5.php' not found or unable to stat
[Fri Feb 13 01:13:59.009471 2026] [php:error] [pid 93175] [client 34.147.26.77:0] script '/domains/hdickens.enteract/kmnj.php' not found or unable to stat
[Fri Feb 13 01:14:07.840279 2026] [php:error] [pid 98807] [client 172.213.161.82:0] script '/domains/markrose/24.php' not found or unable to stat
[Fri Feb 13 01:14:12.805224 2026] [php:error] [pid 93168] [client 34.96.162.49:0] script '/domains/cccweb/adminer-5.3.0-en.php' not found or unable to stat
[Fri Feb 13 01:14:13.100666 2026] [php:error] [pid 93164] [client 34.7.139.72:0] script '/domains/brenties/ygrf.php' not found or unable to stat
[Fri Feb 13 01:14:17.270118 2026] [php:error] [pid 93173] [client 35.247.243.242:0] script '/domains/cccweb/adminer-5.2.1-en.php' not found or unable to stat
[Fri Feb 13 01:14:17.543202 2026] [php:error] [pid 98807] [client 34.96.162.54:0] script '/domains/cccweb/adminer-5.0.4-mysql-en.php' not found or unable to stat
[Fri Feb 13 01:14:24.303633 2026] [core:crit] [pid 93173] (13)Permission denied: [client 114.119.128.237:0] AH00529: /domains/performancepartsinc/graphics/psd/.htaccess pcfg_openfile: unable to check htaccess file, ensure it is readable and that '/domains/performancepartsinc/graphics/psd/' is executable
[Fri Feb 13 01:14:27.195318 2026] [php:error] [pid 98808] [client 111.221.252.83:0] script '/domains/mjbradley/wp-login.php' not found or unable to stat
[Fri Feb 13 01:14:29.157425 2026] [php:error] [pid 93173] [client 141.98.11.106:0] script '/domains/mjbradley/wp-login.php' not found or unable to stat
[Fri Feb 13 01:14:43.401019 2026] [php:error] [pid 93173] [client 51.103.25.4:0] script '/domains/rextrav/88.php' not found or unable to stat
[Fri Feb 13 01:14:43.492954 2026] [php:error] [pid 93173] [client 51.103.25.4:0] script '/domains/rextrav/pass4.php' not found or unable to stat
[Fri Feb 13 01:14:43.589544 2026] [php:error] [pid 93173] [client 51.103.25.4:0] script '/domains/rextrav/php8.php' not found or unable to stat
[Fri Feb 13 01:14:43.682501 2026] [php:error] [pid 93173] [client 51.103.25.4:0] script '/domains/rextrav/cvtcosue.php' not found or unable to stat
[Fri Feb 13 01:14:43.771342 2026] [php:error] [pid 93173] [client 51.103.25.4:0] script '/domains/rextrav/gm.php' not found or unable to stat
[Fri Feb 13 01:14:43.866415 2026] [php:error] [pid 93173] [client 51.103.25.4:0] script '/domains/rextrav/1a.php' not found or unable to stat
[Fri Feb 13 01:14:43.954343 2026] [php:error] [pid 93173] [client 51.103.25.4:0] script '/domains/rextrav/aer.php' not found or unable to stat
[Fri Feb 13 01:14:44.051254 2026] [php:error] [pid 93173] [client 51.103.25.4:0] script '/domains/rextrav/f6.php' not found or unable to stat
[Fri Feb 13 01:14:44.149289 2026] [php:error] [pid 93173] [client 51.103.25.4:0] script '/domains/rextrav/667.php' not found or unable to stat
[Fri Feb 13 01:14:44.237057 2026] [php:error] [pid 93173] [client 51.103.25.4:0] script '/domains/rextrav/kma.php' not found or unable to stat
[Fri Feb 13 01:14:44.324908 2026] [php:error] [pid 93173] [client 51.103.25.4:0] script '/domains/rextrav/kimono.php' not found or unable to stat
[Fri Feb 13 01:14:49.224954 2026] [rewrite:error] [pid 98812] [client 17.241.227.158:0] AH10508: Unsafe URL with %3f URL rewritten without UnsafeAllow3F
[Fri Feb 13 01:14:57.927824 2026] [php:error] [pid 98808] [client 35.247.243.251:0] script '/domains/cccweb/adminer-5.2.0-mysql.php' not found or unable to stat
[Fri Feb 13 01:15:16.445646 2026] [php:error] [pid 98814] [client 34.96.162.53:0] script '/domains/cccweb/adminer-5.0.1-mysql-en.php' not found or unable to stat
[Fri Feb 13 01:15:22.546726 2026] [php:error] [pid 98819] [client 34.96.162.55:0] script '/domains/cccweb/mydb.php' not found or unable to stat
[Fri Feb 13 01:16:00.822775 2026] [php:error] [pid 93168] [client 34.91.139.78:0] script '/domains/hdickens.enteract/kmnj.php' not found or unable to stat
[Fri Feb 13 01:16:17.216402 2026] [php:error] [pid 93173] [client 20.78.169.245:0] script '/domains/awciii/rip.php' not found or unable to stat
[Fri Feb 13 01:16:17.382417 2026] [php:error] [pid 93173] [client 20.78.169.245:0] script '/domains/awciii/ms-edit.php' not found or unable to stat
[Fri Feb 13 01:16:17.548732 2026] [php:error] [pid 93173] [client 20.78.169.245:0] script '/domains/awciii/about.php' not found or unable to stat
[Fri Feb 13 01:16:18.060579 2026] [php:error] [pid 93173] [client 20.78.169.245:0] script '/domains/awciii/admin.php' not found or unable to stat
[Fri Feb 13 01:16:18.227291 2026] [php:error] [pid 93173] [client 20.78.169.245:0] script '/domains/awciii/ioxi-o.php' not found or unable to stat
[Fri Feb 13 01:16:18.561406 2026] [php:error] [pid 98826] [client 34.7.70.132:0] script '/domains/hdickens.enteract/kmnj.php' not found or unable to stat
[Fri Feb 13 01:16:18.570076 2026] [php:error] [pid 93173] [client 20.78.169.245:0] script '/domains/awciii/adminfuns.php' not found or unable to stat
[Fri Feb 13 01:16:19.073614 2026] [php:error] [pid 93173] [client 20.78.169.245:0] script '/domains/awciii/goods.php' not found or unable to stat
[Fri Feb 13 01:16:19.239617 2026] [php:error] [pid 93173] [client 20.78.169.245:0] script '/domains/awciii/sf.php' not found or unable to stat
[Fri Feb 13 01:16:20.747871 2026] [php:error] [pid 93173] [client 20.78.169.245:0] script '/domains/awciii/222.php' not found or unable to stat
[Fri Feb 13 01:16:20.917092 2026] [php:error] [pid 93173] [client 20.78.169.245:0] script '/domains/awciii/abcd.php' not found or unable to stat
[Fri Feb 13 01:16:21.083615 2026] [php:error] [pid 93173] [client 20.78.169.245:0] script '/domains/awciii/class-t.api.php' not found or unable to stat
[Fri Feb 13 01:16:21.251784 2026] [php:error] [pid 93173] [client 20.78.169.245:0] script '/domains/awciii/classwithtostring.php' not found or unable to stat
[Fri Feb 13 01:16:21.418177 2026] [php:error] [pid 93173] [client 20.78.169.245:0] script '/domains/awciii/file.php' not found or unable to stat
[Fri Feb 13 01:16:21.584764 2026] [php:error] [pid 93173] [client 20.78.169.245:0] script '/domains/awciii/info.php' not found or unable to stat
[Fri Feb 13 01:16:22.935277 2026] [php:error] [pid 93173] [client 20.78.169.245:0] script '/domains/awciii/wp-good.php' not found or unable to stat
[Fri Feb 13 01:16:24.290560 2026] [authz_core:error] [pid 93173] [client 20.78.169.245:0] AH01630: client denied by server configuration: /domains/awciii/cgi-bin/.htaccess
[Fri Feb 13 01:16:25.607918 2026] [php:error] [pid 98827] [client 34.96.162.50:0] script '/domains/cccweb/adminer-5.2.1-mysql.php' not found or unable to stat
[Fri Feb 13 01:16:30.473226 2026] [php:error] [pid 98827] [client 35.247.243.255:0] script '/domains/cccweb/adminer-4.6.0.php' not found or unable to stat
[Fri Feb 13 01:16:31.521263 2026] [php:error] [pid 98824] [client 35.247.243.245:0] script '/domains/cccweb/adminer-5.3.0-mysql.php' not found or unable to stat
[Fri Feb 13 01:16:38.527820 2026] [php:error] [pid 98824] [client 35.247.243.242:0] script '/domains/cccweb/adminer-5.0.6-mysql-en.php' not found or unable to stat
[Fri Feb 13 01:18:00.268916 2026] [php:error] [pid 98845] [client 34.96.162.62:0] script '/domains/cccweb/adminer-5.0.2.php' not found or unable to stat
[Fri Feb 13 01:18:07.798499 2026] [php:error] [pid 98830] [client 68.219.89.70:0] script '/domains/hand-hammerweb/cgi-bin/radio.php' not found or unable to stat
[Fri Feb 13 01:18:10.051010 2026] [php:error] [pid 98830] [client 68.219.89.70:0] script '/domains/hand-hammerweb/about.php' not found or unable to stat
[Fri Feb 13 01:18:10.197501 2026] [php:error] [pid 98830] [client 68.219.89.70:0] script '/domains/hand-hammerweb/system.php' not found or unable to stat
[Fri Feb 13 01:18:10.270526 2026] [php:error] [pid 98830] [client 68.219.89.70:0] script '/domains/hand-hammerweb/ini.php' not found or unable to stat
[Fri Feb 13 01:18:13.164236 2026] [php:error] [pid 98849] [client 72.146.1.23:0] script '/domains/deltaele/lp6.php' not found or unable to stat
[Fri Feb 13 01:18:13.255624 2026] [php:error] [pid 98849] [client 72.146.1.23:0] script '/domains/deltaele/clasa99.php' not found or unable to stat
[Fri Feb 13 01:18:13.360471 2026] [php:error] [pid 98849] [client 72.146.1.23:0] script '/domains/deltaele/ph33w.php' not found or unable to stat
[Fri Feb 13 01:18:13.518768 2026] [php:error] [pid 98849] [client 72.146.1.23:0] script '/domains/deltaele/errw.php' not found or unable to stat
[Fri Feb 13 01:18:13.655678 2026] [php:error] [pid 98849] [client 72.146.1.23:0] script '/domains/deltaele/assacc.php' not found or unable to stat
[Fri Feb 13 01:18:14.049768 2026] [php:error] [pid 98849] [client 72.146.1.23:0] script '/domains/deltaele/Geforce.php' not found or unable to stat
[Fri Feb 13 01:18:14.140608 2026] [php:error] [pid 98849] [client 72.146.1.23:0] script '/domains/deltaele/cs.php' not found or unable to stat
[Fri Feb 13 01:18:14.241507 2026] [php:error] [pid 98849] [client 72.146.1.23:0] script '/domains/deltaele/gettest.php' not found or unable to stat
[Fri Feb 13 01:18:14.257894 2026] [php:error] [pid 98852] [client 68.219.89.70:0] script '/domains/hand-hammerweb/content.php' not found or unable to stat
[Fri Feb 13 01:18:14.337205 2026] [php:error] [pid 98849] [client 72.146.1.23:0] script '/domains/deltaele/cv.php' not found or unable to stat
[Fri Feb 13 01:18:14.472642 2026] [php:error] [pid 98849] [client 72.146.1.23:0] script '/domains/deltaele/ma.php' not found or unable to stat
[Fri Feb 13 01:18:14.563475 2026] [php:error] [pid 98849] [client 72.146.1.23:0] script '/domains/deltaele/ole.php' not found or unable to stat
[Fri Feb 13 01:18:14.654151 2026] [php:error] [pid 98849] [client 72.146.1.23:0] script '/domains/deltaele/x_3.php' not found or unable to stat
[Fri Feb 13 01:18:14.800105 2026] [php:error] [pid 98849] [client 72.146.1.23:0] script '/domains/deltaele/bolt.php' not found or unable to stat
[Fri Feb 13 01:18:14.897156 2026] [php:error] [pid 98849] [client 72.146.1.23:0] script '/domains/deltaele/adminfuns.php' not found or unable to stat
[Fri Feb 13 01:18:14.987538 2026] [php:error] [pid 98849] [client 72.146.1.23:0] script '/domains/deltaele/mar.php' not found or unable to stat
[Fri Feb 13 01:18:15.176515 2026] [php:error] [pid 98849] [client 72.146.1.23:0] script '/domains/deltaele/ellv3.php' not found or unable to stat
[Fri Feb 13 01:18:15.267605 2026] [php:error] [pid 98849] [client 72.146.1.23:0] script '/domains/deltaele/ak.php' not found or unable to stat
[Fri Feb 13 01:18:15.358652 2026] [php:error] [pid 98849] [client 72.146.1.23:0] script '/domains/deltaele/fetch.php' not found or unable to stat
[Fri Feb 13 01:18:15.612555 2026] [php:error] [pid 98849] [client 72.146.1.23:0] script '/domains/deltaele/bk.php' not found or unable to stat
[Fri Feb 13 01:18:15.703293 2026] [php:error] [pid 98849] [client 72.146.1.23:0] script '/domains/deltaele/configuration.php' not found or unable to stat
[Fri Feb 13 01:18:15.793855 2026] [php:error] [pid 98849] [client 72.146.1.23:0] script '/domains/deltaele/ap.php' not found or unable to stat
[Fri Feb 13 01:18:15.884640 2026] [php:error] [pid 98849] [client 72.146.1.23:0] script '/domains/deltaele/f.php' not found or unable to stat
[Fri Feb 13 01:18:15.975325 2026] [php:error] [pid 98849] [client 72.146.1.23:0] script '/domains/deltaele/environment.php' not found or unable to stat
[Fri Feb 13 01:18:16.135525 2026] [php:error] [pid 98849] [client 72.146.1.23:0] script '/domains/deltaele/zaa.php' not found or unable to stat
[Fri Feb 13 01:18:16.231041 2026] [php:error] [pid 98849] [client 72.146.1.23:0] script '/domains/deltaele/mal.php' not found or unable to stat
[Fri Feb 13 01:18:16.321818 2026] [php:error] [pid 98849] [client 72.146.1.23:0] script '/domains/deltaele/ffd.php' not found or unable to stat
[Fri Feb 13 01:18:16.421212 2026] [php:error] [pid 98849] [client 72.146.1.23:0] script '/domains/deltaele/zwq13.php' not found or unable to stat
[Fri Feb 13 01:18:16.511837 2026] [php:error] [pid 98849] [client 72.146.1.23:0] script '/domains/deltaele/wqqs.php' not found or unable to stat
[Fri Feb 13 01:18:16.602203 2026] [php:error] [pid 98849] [client 72.146.1.23:0] script '/domains/deltaele/wp_wlx.php' not found or unable to stat
[Fri Feb 13 01:18:16.693171 2026] [php:error] [pid 98849] [client 72.146.1.23:0] script '/domains/deltaele/100.kb.php' not found or unable to stat
[Fri Feb 13 01:18:16.791141 2026] [php:error] [pid 98849] [client 72.146.1.23:0] script '/domains/deltaele/vx.php' not found or unable to stat
[Fri Feb 13 01:18:16.881838 2026] [php:error] [pid 98849] [client 72.146.1.23:0] script '/domains/deltaele/eetu.php' not found or unable to stat
[Fri Feb 13 01:18:17.065603 2026] [php:error] [pid 98849] [client 72.146.1.23:0] script '/domains/deltaele/01.php' not found or unable to stat
[Fri Feb 13 01:18:17.165276 2026] [php:error] [pid 98849] [client 72.146.1.23:0] script '/domains/deltaele/sh.php' not found or unable to stat
[Fri Feb 13 01:18:17.309739 2026] [php:error] [pid 98849] [client 72.146.1.23:0] script '/domains/deltaele/class.1.php' not found or unable to stat
[Fri Feb 13 01:18:17.401801 2026] [php:error] [pid 98849] [client 72.146.1.23:0] script '/domains/deltaele/0byte.php' not found or unable to stat
[Fri Feb 13 01:18:17.583074 2026] [php:error] [pid 98849] [client 72.146.1.23:0] script '/domains/deltaele/beence.php' not found or unable to stat
[Fri Feb 13 01:18:17.750869 2026] [php:error] [pid 98849] [client 72.146.1.23:0] script '/domains/deltaele/phpinfo.php' not found or unable to stat
[Fri Feb 13 01:18:17.841498 2026] [php:error] [pid 98849] [client 72.146.1.23:0] script '/domains/deltaele/ws.php' not found or unable to stat
[Fri Feb 13 01:18:17.936784 2026] [php:error] [pid 98849] [client 72.146.1.23:0] script '/domains/deltaele/zfe.php' not found or unable to stat
[Fri Feb 13 01:18:18.035650 2026] [php:error] [pid 98849] [client 72.146.1.23:0] script '/domains/deltaele/hello.php' not found or unable to stat
[Fri Feb 13 01:18:18.262307 2026] [php:error] [pid 98849] [client 72.146.1.23:0] script '/domains/deltaele/f6.php' not found or unable to stat
[Fri Feb 13 01:18:18.609454 2026] [php:error] [pid 98849] [client 72.146.1.23:0] script '/domains/deltaele/wp-info.php' not found or unable to stat
[Fri Feb 13 01:18:18.785786 2026] [php:error] [pid 98849] [client 72.146.1.23:0] script '/domains/deltaele/elect.php' not found or unable to stat
[Fri Feb 13 01:18:18.876657 2026] [php:error] [pid 98849] [client 72.146.1.23:0] script '/domains/deltaele/shx.php' not found or unable to stat
[Fri Feb 13 01:18:18.967200 2026] [php:error] [pid 98849] [client 72.146.1.23:0] script '/domains/deltaele/new.php' not found or unable to stat
[Fri Feb 13 01:18:19.060714 2026] [php:error] [pid 98852] [client 68.219.89.70:0] script '/domains/hand-hammerweb/elp.php' not found or unable to stat
[Fri Feb 13 01:18:19.067446 2026] [php:error] [pid 98849] [client 72.146.1.23:0] script '/domains/deltaele/ver.php' not found or unable to stat
[Fri Feb 13 01:18:19.132597 2026] [php:error] [pid 98852] [client 68.219.89.70:0] script '/domains/hand-hammerweb/FII.php' not found or unable to stat
[Fri Feb 13 01:18:19.158820 2026] [php:error] [pid 98849] [client 72.146.1.23:0] script '/domains/deltaele/as.php' not found or unable to stat
[Fri Feb 13 01:18:19.249486 2026] [php:error] [pid 98849] [client 72.146.1.23:0] script '/domains/deltaele/index_w.php' not found or unable to stat
[Fri Feb 13 01:18:19.340248 2026] [php:error] [pid 98849] [client 72.146.1.23:0] script '/domains/deltaele/c99.php' not found or unable to stat
[Fri Feb 13 01:18:19.360124 2026] [php:error] [pid 98852] [client 68.219.89.70:0] script '/domains/hand-hammerweb/bolt.php' not found or unable to stat
[Fri Feb 13 01:18:19.436283 2026] [php:error] [pid 98852] [client 68.219.89.70:0] script '/domains/hand-hammerweb/api.php' not found or unable to stat
[Fri Feb 13 01:18:19.441143 2026] [php:error] [pid 98849] [client 72.146.1.23:0] script '/domains/deltaele/a.php' not found or unable to stat
[Fri Feb 13 01:18:19.539231 2026] [php:error] [pid 98849] [client 72.146.1.23:0] script '/domains/deltaele/wso2.php' not found or unable to stat
[Fri Feb 13 01:18:19.583334 2026] [php:error] [pid 98852] [client 68.219.89.70:0] script '/domains/hand-hammerweb/mini.php' not found or unable to stat
[Fri Feb 13 01:18:19.630597 2026] [php:error] [pid 98849] [client 72.146.1.23:0] script '/domains/deltaele/small.php' not found or unable to stat
[Fri Feb 13 01:18:19.724926 2026] [php:error] [pid 98849] [client 72.146.1.23:0] script '/domains/deltaele/sf.php' not found or unable to stat
[Fri Feb 13 01:18:19.747788 2026] [php:error] [pid 98852] [client 68.219.89.70:0] script '/domains/hand-hammerweb/dropdown.php' not found or unable to stat
[Fri Feb 13 01:18:19.815291 2026] [php:error] [pid 98849] [client 72.146.1.23:0] script '/domains/deltaele/contact-demo.php' not found or unable to stat
[Fri Feb 13 01:18:19.903248 2026] [php:error] [pid 98852] [client 68.219.89.70:0] script '/domains/hand-hammerweb/wp-file.php' not found or unable to stat
[Fri Feb 13 01:18:19.906074 2026] [php:error] [pid 98849] [client 72.146.1.23:0] script '/domains/deltaele/luuf.php' not found or unable to stat
[Fri Feb 13 01:18:19.996837 2026] [php:error] [pid 98849] [client 72.146.1.23:0] script '/domains/deltaele/reze.php' not found or unable to stat
[Fri Feb 13 01:18:20.064078 2026] [php:error] [pid 98852] [client 68.219.89.70:0] script '/domains/hand-hammerweb/alfa-rex.php' not found or unable to stat
[Fri Feb 13 01:18:20.200201 2026] [php:error] [pid 98849] [client 72.146.1.23:0] script '/domains/deltaele/license.php' not found or unable to stat
[Fri Feb 13 01:18:20.490869 2026] [php:error] [pid 98849] [client 72.146.1.23:0] script '/domains/deltaele/contact-us.php' not found or unable to stat
[Fri Feb 13 01:18:20.627136 2026] [php:error] [pid 98849] [client 72.146.1.23:0] script '/domains/deltaele/doc.php' not found or unable to stat
[Fri Feb 13 01:18:20.651980 2026] [php:error] [pid 98852] [client 68.219.89.70:0] script '/domains/hand-hammerweb/abcd.php' not found or unable to stat
[Fri Feb 13 01:18:20.749693 2026] [php:error] [pid 98849] [client 72.146.1.23:0] script '/domains/deltaele/X7x.php' not found or unable to stat
[Fri Feb 13 01:18:20.796268 2026] [php:error] [pid 98852] [client 68.219.89.70:0] script '/domains/hand-hammerweb/lib.php' not found or unable to stat
[Fri Feb 13 01:18:20.799654 2026] [php:error] [pid 98854] [client 34.96.162.55:0] script '/domains/cccweb/adminer-4.2.5.php' not found or unable to stat
[Fri Feb 13 01:18:20.840176 2026] [php:error] [pid 98849] [client 72.146.1.23:0] script '/domains/deltaele/1975.php' not found or unable to stat
[Fri Feb 13 01:18:20.931464 2026] [php:error] [pid 98849] [client 72.146.1.23:0] script '/domains/deltaele/root.php' not found or unable to stat
[Fri Feb 13 01:18:21.032838 2026] [php:error] [pid 98849] [client 72.146.1.23:0] script '/domains/deltaele/ioxi-o.php' not found or unable to stat
[Fri Feb 13 01:18:21.154153 2026] [php:error] [pid 98849] [client 72.146.1.23:0] script '/domains/deltaele/themes.php' not found or unable to stat
[Fri Feb 13 01:18:21.244852 2026] [php:error] [pid 98849] [client 72.146.1.23:0] script '/domains/deltaele/ct.php' not found or unable to stat
[Fri Feb 13 01:18:21.272237 2026] [php:error] [pid 98852] [client 68.219.89.70:0] script '/domains/hand-hammerweb/shell.php' not found or unable to stat
[Fri Feb 13 01:18:21.335458 2026] [php:error] [pid 98849] [client 72.146.1.23:0] script '/domains/deltaele/13.php' not found or unable to stat
[Fri Feb 13 01:18:21.432547 2026] [php:error] [pid 98849] [client 72.146.1.23:0] script '/domains/deltaele/ok.php' not found or unable to stat
[Fri Feb 13 01:18:21.469152 2026] [php:error] [pid 98852] [client 68.219.89.70:0] script '/domains/hand-hammerweb/ds.php' not found or unable to stat
[Fri Feb 13 01:18:21.525941 2026] [php:error] [pid 98849] [client 72.146.1.23:0] script '/domains/deltaele/a1.php' not found or unable to stat
[Fri Feb 13 01:18:21.542672 2026] [php:error] [pid 98852] [client 68.219.89.70:0] script '/domains/hand-hammerweb/makeasmtp.php' not found or unable to stat
[Fri Feb 13 01:18:21.622129 2026] [php:error] [pid 98849] [client 72.146.1.23:0] script '/domains/deltaele/wso1337.php' not found or unable to stat
[Fri Feb 13 01:18:21.713266 2026] [php:error] [pid 98849] [client 72.146.1.23:0] script '/domains/deltaele/class-t.api.php' not found or unable to stat
[Fri Feb 13 01:18:21.804657 2026] [php:error] [pid 98849] [client 72.146.1.23:0] script '/domains/deltaele/anone.php' not found or unable to stat
[Fri Feb 13 01:18:21.895434 2026] [php:error] [pid 98849] [client 72.146.1.23:0] script '/domains/deltaele/env.php' not found or unable to stat
[Fri Feb 13 01:18:21.985798 2026] [php:error] [pid 98849] [client 72.146.1.23:0] script '/domains/deltaele/3301.php' not found or unable to stat
[Fri Feb 13 01:18:22.107756 2026] [php:error] [pid 98849] [client 72.146.1.23:0] script '/domains/deltaele/il.php' not found or unable to stat
[Fri Feb 13 01:18:22.215631 2026] [php:error] [pid 98849] [client 72.146.1.23:0] script '/domains/deltaele/166.php' not found or unable to stat
[Fri Feb 13 01:18:22.414347 2026] [php:error] [pid 98849] [client 72.146.1.23:0] script '/domains/deltaele/10.php' not found or unable to stat
[Fri Feb 13 01:18:22.600791 2026] [php:error] [pid 98849] [client 72.146.1.23:0] script '/domains/deltaele/larva.php' not found or unable to stat
[Fri Feb 13 01:18:22.691837 2026] [php:error] [pid 98849] [client 72.146.1.23:0] script '/domains/deltaele/aaa.php' not found or unable to stat
[Fri Feb 13 01:18:22.883471 2026] [php:error] [pid 98849] [client 72.146.1.23:0] script '/domains/deltaele/file.php' not found or unable to stat
[Fri Feb 13 01:18:22.974012 2026] [php:error] [pid 98849] [client 72.146.1.23:0] script '/domains/deltaele/ract.php' not found or unable to stat
[Fri Feb 13 01:18:22.979563 2026] [php:error] [pid 98848] [client 20.215.49.35:0] script '/domains/takie/galex.php' not found or unable to stat
[Fri Feb 13 01:18:23.080899 2026] [php:error] [pid 98848] [client 20.215.49.35:0] script '/domains/takie/xa.php' not found or unable to stat
[Fri Feb 13 01:18:23.091802 2026] [php:error] [pid 98849] [client 72.146.1.23:0] script '/domains/deltaele/city-ajax.php' not found or unable to stat
[Fri Feb 13 01:18:23.182314 2026] [php:error] [pid 98848] [client 20.215.49.35:0] script '/domains/takie/pass4.php' not found or unable to stat
[Fri Feb 13 01:18:23.182374 2026] [php:error] [pid 98849] [client 72.146.1.23:0] script '/domains/deltaele/fi.php' not found or unable to stat
[Fri Feb 13 01:18:23.283835 2026] [php:error] [pid 98849] [client 72.146.1.23:0] script '/domains/deltaele/lf.php' not found or unable to stat
[Fri Feb 13 01:18:23.288114 2026] [php:error] [pid 98848] [client 20.215.49.35:0] script '/domains/takie/X57.php' not found or unable to stat
[Fri Feb 13 01:18:23.390124 2026] [php:error] [pid 98848] [client 20.215.49.35:0] script '/domains/takie/503.php' not found or unable to stat
[Fri Feb 13 01:18:23.495907 2026] [php:error] [pid 98849] [client 72.146.1.23:0] script '/domains/deltaele/5index.php' not found or unable to stat
[Fri Feb 13 01:18:23.586959 2026] [php:error] [pid 98849] [client 72.146.1.23:0] script '/domains/deltaele/sterJs.php' not found or unable to stat
[Fri Feb 13 01:18:23.651615 2026] [php:error] [pid 98848] [client 20.215.49.35:0] script '/domains/takie/indeex.php' not found or unable to stat
[Fri Feb 13 01:18:23.689453 2026] [php:error] [pid 98849] [client 72.146.1.23:0] script '/domains/deltaele/155.php' not found or unable to stat
[Fri Feb 13 01:18:23.755002 2026] [php:error] [pid 98848] [client 20.215.49.35:0] script '/domains/takie/wp-4doption1.php' not found or unable to stat
