[Fri Feb 13 02:11:08.136782 2026] [php:error] [pid 5017] [client 72.146.1.154:0] script '/domains/cccweb/new4.php' not found or unable to stat
[Fri Feb 13 02:11:08.176353 2026] [php:error] [pid 5016] [client 40.113.2.23:0] script '/domains/nmksgroupweb/403.php' not found or unable to stat
[Fri Feb 13 02:11:08.270805 2026] [php:error] [pid 5017] [client 72.146.1.154:0] script '/domains/cccweb/adminfuns.php' not found or unable to stat
[Fri Feb 13 02:11:08.273298 2026] [php:error] [pid 5016] [client 40.113.2.23:0] script '/domains/nmksgroupweb/m.php' not found or unable to stat
[Fri Feb 13 02:11:08.349830 2026] [php:error] [pid 5016] [client 40.113.2.23:0] script '/domains/nmksgroupweb/themes.php' not found or unable to stat
[Fri Feb 13 02:11:08.429013 2026] [php:error] [pid 5017] [client 72.146.1.154:0] script '/domains/cccweb/radio.php' not found or unable to stat
[Fri Feb 13 02:11:08.589598 2026] [php:error] [pid 5016] [client 40.113.2.23:0] script '/domains/nmksgroupweb/click.php' not found or unable to stat
[Fri Feb 13 02:11:08.695193 2026] [php:error] [pid 5016] [client 40.113.2.23:0] script '/domains/nmksgroupweb/install.php' not found or unable to stat
[Fri Feb 13 02:11:09.100640 2026] [php:error] [pid 5017] [client 72.146.1.154:0] script '/domains/cccweb/mah.php' not found or unable to stat
[Fri Feb 13 02:11:09.226477 2026] [php:error] [pid 5016] [client 40.113.2.23:0] script '/domains/nmksgroupweb/lv.php' not found or unable to stat
[Fri Feb 13 02:11:09.300959 2026] [php:error] [pid 5016] [client 40.113.2.23:0] script '/domains/nmksgroupweb/simple.php' not found or unable to stat
[Fri Feb 13 02:11:09.375657 2026] [php:error] [pid 5016] [client 40.113.2.23:0] script '/domains/nmksgroupweb/css.php' not found or unable to stat
[Fri Feb 13 02:11:09.488453 2026] [php:error] [pid 5016] [client 40.113.2.23:0] script '/domains/nmksgroupweb/cong.php' not found or unable to stat
[Fri Feb 13 02:11:09.644038 2026] [php:error] [pid 5017] [client 72.146.1.154:0] script '/domains/cccweb/sim.php' not found or unable to stat
[Fri Feb 13 02:11:09.734735 2026] [php:error] [pid 5016] [client 40.113.2.23:0] script '/domains/nmksgroupweb/cong.php' not found or unable to stat
[Fri Feb 13 02:11:09.859512 2026] [php:error] [pid 5017] [client 72.146.1.154:0] script '/domains/cccweb/error.php' not found or unable to stat
[Fri Feb 13 02:11:09.873886 2026] [php:error] [pid 5016] [client 40.113.2.23:0] script '/domains/nmksgroupweb/w.php' not found or unable to stat
[Fri Feb 13 02:11:09.962869 2026] [php:error] [pid 5016] [client 40.113.2.23:0] script '/domains/nmksgroupweb/404.php' not found or unable to stat
[Fri Feb 13 02:11:10.047795 2026] [php:error] [pid 5016] [client 40.113.2.23:0] script '/domains/nmksgroupweb/ioxi-o.php' not found or unable to stat
[Fri Feb 13 02:11:10.110594 2026] [php:error] [pid 5017] [client 72.146.1.154:0] script '/domains/cccweb/cong.php' not found or unable to stat
[Fri Feb 13 02:11:10.131208 2026] [php:error] [pid 5016] [client 40.113.2.23:0] script '/domains/nmksgroupweb/0x.php' not found or unable to stat
[Fri Feb 13 02:11:10.233894 2026] [php:error] [pid 5016] [client 40.113.2.23:0] script '/domains/nmksgroupweb/css.php' not found or unable to stat
[Fri Feb 13 02:11:10.308665 2026] [php:error] [pid 5016] [client 40.113.2.23:0] script '/domains/nmksgroupweb/222.php' not found or unable to stat
[Fri Feb 13 02:11:10.461131 2026] [php:error] [pid 5016] [client 40.113.2.23:0] script '/domains/nmksgroupweb/admin.php' not found or unable to stat
[Fri Feb 13 02:11:10.644969 2026] [php:error] [pid 5016] [client 40.113.2.23:0] script '/domains/nmksgroupweb/classwithtostring.php' not found or unable to stat
[Fri Feb 13 02:11:10.720829 2026] [php:error] [pid 5016] [client 40.113.2.23:0] script '/domains/nmksgroupweb/abcd.php' not found or unable to stat
[Fri Feb 13 02:11:10.795629 2026] [php:error] [pid 5016] [client 40.113.2.23:0] script '/domains/nmksgroupweb/autoload_classmap.php' not found or unable to stat
[Fri Feb 13 02:11:10.841501 2026] [php:error] [pid 5017] [client 72.146.1.154:0] script '/domains/cccweb/kyami.php' not found or unable to stat
[Fri Feb 13 02:11:11.168315 2026] [php:error] [pid 5017] [client 72.146.1.154:0] script '/domains/cccweb/1.php' not found or unable to stat
[Fri Feb 13 02:11:11.245444 2026] [php:error] [pid 5016] [client 40.113.2.23:0] script '/domains/nmksgroupweb/inputs.php' not found or unable to stat
[Fri Feb 13 02:11:11.324756 2026] [php:error] [pid 5016] [client 40.113.2.23:0] script '/domains/nmksgroupweb/about.php' not found or unable to stat
[Fri Feb 13 02:11:11.349885 2026] [php:error] [pid 5017] [client 72.146.1.154:0] script '/domains/cccweb/gecko-new.php' not found or unable to stat
[Fri Feb 13 02:11:11.413409 2026] [php:error] [pid 5016] [client 40.113.2.23:0] script '/domains/nmksgroupweb/alfa.php' not found or unable to stat
[Fri Feb 13 02:11:11.760193 2026] [php:error] [pid 5017] [client 72.146.1.154:0] script '/domains/cccweb/wp-blog-header.php' not found or unable to stat
[Fri Feb 13 02:11:11.788169 2026] [php:error] [pid 5016] [client 40.113.2.23:0] script '/domains/nmksgroupweb/manager.php' not found or unable to stat
[Fri Feb 13 02:11:11.863225 2026] [php:error] [pid 5016] [client 40.113.2.23:0] script '/domains/nmksgroupweb/item.php' not found or unable to stat
[Fri Feb 13 02:11:12.033086 2026] [php:error] [pid 5017] [client 72.146.1.154:0] script '/domains/cccweb/item.php' not found or unable to stat
[Fri Feb 13 02:11:12.124241 2026] [php:error] [pid 5017] [client 72.146.1.154:0] script '/domains/cccweb/xmrlpc.php' not found or unable to stat
[Fri Feb 13 02:11:12.246179 2026] [php:error] [pid 5016] [client 40.113.2.23:0] script '/domains/nmksgroupweb/404.php' not found or unable to stat
[Fri Feb 13 02:11:12.296478 2026] [php:error] [pid 5017] [client 72.146.1.154:0] script '/domains/cccweb/config.php' not found or unable to stat
[Fri Feb 13 02:11:12.327807 2026] [php:error] [pid 5016] [client 40.113.2.23:0] script '/domains/nmksgroupweb/mail.php' not found or unable to stat
[Fri Feb 13 02:11:12.387204 2026] [php:error] [pid 5017] [client 72.146.1.154:0] script '/domains/cccweb/cc.php' not found or unable to stat
[Fri Feb 13 02:11:12.479319 2026] [php:error] [pid 5016] [client 40.113.2.23:0] script '/domains/nmksgroupweb/sx.php' not found or unable to stat
[Fri Feb 13 02:11:12.633753 2026] [php:error] [pid 5016] [client 40.113.2.23:0] script '/domains/nmksgroupweb/alfa.php' not found or unable to stat
[Fri Feb 13 02:11:12.853462 2026] [php:error] [pid 5016] [client 40.113.2.23:0] script '/domains/nmksgroupweb/1.php' not found or unable to stat
[Fri Feb 13 02:11:12.928561 2026] [php:error] [pid 5016] [client 40.113.2.23:0] script '/domains/nmksgroupweb/byp.php' not found or unable to stat
[Fri Feb 13 02:11:13.003413 2026] [php:error] [pid 5016] [client 40.113.2.23:0] script '/domains/nmksgroupweb/wp-trackback.php' not found or unable to stat
[Fri Feb 13 02:11:13.299254 2026] [php:error] [pid 5017] [client 72.146.1.154:0] script '/domains/cccweb/wp-conflg.php' not found or unable to stat
[Fri Feb 13 02:11:13.360333 2026] [php:error] [pid 5016] [client 40.113.2.23:0] script '/domains/nmksgroupweb/gmo.php' not found or unable to stat
[Fri Feb 13 02:11:13.452352 2026] [php:error] [pid 5017] [client 72.146.1.154:0] script '/domains/cccweb/themes.php' not found or unable to stat
[Fri Feb 13 02:11:13.542824 2026] [php:error] [pid 5017] [client 72.146.1.154:0] script '/domains/cccweb/hplfuns.php' not found or unable to stat
[Fri Feb 13 02:11:13.865945 2026] [php:error] [pid 5017] [client 72.146.1.154:0] script '/domains/cccweb/admin.php' not found or unable to stat
[Fri Feb 13 02:11:13.981259 2026] [php:error] [pid 5017] [client 72.146.1.154:0] script '/domains/cccweb/alfa.php' not found or unable to stat
[Fri Feb 13 02:11:14.284720 2026] [php:error] [pid 5017] [client 72.146.1.154:0] script '/domains/cccweb/wp-2019.php' not found or unable to stat
[Fri Feb 13 02:11:14.594092 2026] [php:error] [pid 5017] [client 72.146.1.154:0] script '/domains/cccweb/akcc.php' not found or unable to stat
[Fri Feb 13 02:11:14.715344 2026] [php:error] [pid 5017] [client 72.146.1.154:0] script '/domains/cccweb/404.php' not found or unable to stat
[Fri Feb 13 02:11:14.929345 2026] [php:error] [pid 5016] [client 40.113.2.23:0] script '/domains/nmksgroupweb/ww1.php' not found or unable to stat
[Fri Feb 13 02:11:15.120406 2026] [php:error] [pid 5017] [client 72.146.1.154:0] script '/domains/cccweb/wp-corn-sample.php' not found or unable to stat
[Fri Feb 13 02:11:15.347853 2026] [php:error] [pid 5017] [client 72.146.1.154:0] script '/domains/cccweb/classwithtostring.php' not found or unable to stat
[Fri Feb 13 02:11:15.573745 2026] [php:error] [pid 5017] [client 72.146.1.154:0] script '/domains/cccweb/ab.php' not found or unable to stat
[Fri Feb 13 02:11:15.610920 2026] [php:error] [pid 5016] [client 40.113.2.23:0] script '/domains/nmksgroupweb/security.php' not found or unable to stat
[Fri Feb 13 02:11:16.136383 2026] [php:error] [pid 5017] [client 72.146.1.154:0] script '/domains/cccweb/asasx.php' not found or unable to stat
[Fri Feb 13 02:11:16.702185 2026] [php:error] [pid 5016] [client 40.113.2.23:0] script '/domains/nmksgroupweb/class.php' not found or unable to stat
[Fri Feb 13 02:11:16.723948 2026] [php:error] [pid 5017] [client 72.146.1.154:0] script '/domains/cccweb/fox.php' not found or unable to stat
[Fri Feb 13 02:11:16.776742 2026] [php:error] [pid 5016] [client 40.113.2.23:0] script '/domains/nmksgroupweb/bless5.php' not found or unable to stat
[Fri Feb 13 02:11:17.022024 2026] [php:error] [pid 5016] [client 40.113.2.23:0] script '/domains/nmksgroupweb/lock360.php' not found or unable to stat
[Fri Feb 13 02:11:17.101306 2026] [php:error] [pid 5016] [client 40.113.2.23:0] script '/domains/nmksgroupweb/f35.php' not found or unable to stat
[Fri Feb 13 02:11:17.139482 2026] [php:error] [pid 5017] [client 72.146.1.154:0] script '/domains/cccweb/moon.php' not found or unable to stat
[Fri Feb 13 02:11:17.175905 2026] [php:error] [pid 5016] [client 40.113.2.23:0] script '/domains/nmksgroupweb/ioxi-o1.php' not found or unable to stat
[Fri Feb 13 02:11:17.251241 2026] [php:error] [pid 5016] [client 40.113.2.23:0] script '/domains/nmksgroupweb/juuuu.php' not found or unable to stat
[Fri Feb 13 02:11:17.308923 2026] [php:error] [pid 5017] [client 72.146.1.154:0] script '/domains/cccweb/mar.php' not found or unable to stat
[Fri Feb 13 02:11:17.342063 2026] [php:error] [pid 5016] [client 40.113.2.23:0] script '/domains/nmksgroupweb/ha.php' not found or unable to stat
[Fri Feb 13 02:11:17.429545 2026] [php:error] [pid 5016] [client 40.113.2.23:0] script '/domains/nmksgroupweb/gg.php' not found or unable to stat
[Fri Feb 13 02:11:17.516507 2026] [php:error] [pid 5016] [client 40.113.2.23:0] script '/domains/nmksgroupweb/we2.php' not found or unable to stat
[Fri Feb 13 02:11:17.671325 2026] [php:error] [pid 5016] [client 40.113.2.23:0] script '/domains/nmksgroupweb/04.php' not found or unable to stat
[Fri Feb 13 02:11:17.745998 2026] [php:error] [pid 5016] [client 40.113.2.23:0] script '/domains/nmksgroupweb/333.php' not found or unable to stat
[Fri Feb 13 02:11:17.820579 2026] [php:error] [pid 5016] [client 40.113.2.23:0] script '/domains/nmksgroupweb/520.php' not found or unable to stat
[Fri Feb 13 02:11:17.895053 2026] [php:error] [pid 5016] [client 40.113.2.23:0] script '/domains/nmksgroupweb/ar.php' not found or unable to stat
[Fri Feb 13 02:11:18.002062 2026] [php:error] [pid 5016] [client 40.113.2.23:0] script '/domains/nmksgroupweb/x.php' not found or unable to stat
[Fri Feb 13 02:11:18.076831 2026] [php:error] [pid 5016] [client 40.113.2.23:0] script '/domains/nmksgroupweb/xx.php' not found or unable to stat
[Fri Feb 13 02:11:18.163584 2026] [php:error] [pid 5016] [client 40.113.2.23:0] script '/domains/nmksgroupweb/gifclass4.php' not found or unable to stat
[Fri Feb 13 02:11:18.238427 2026] [php:error] [pid 5016] [client 40.113.2.23:0] script '/domains/nmksgroupweb/2clas.php' not found or unable to stat
[Fri Feb 13 02:11:18.314095 2026] [php:error] [pid 5016] [client 40.113.2.23:0] script '/domains/nmksgroupweb/ave.php' not found or unable to stat
[Fri Feb 13 02:11:18.388614 2026] [php:error] [pid 5016] [client 40.113.2.23:0] script '/domains/nmksgroupweb/wrt.php' not found or unable to stat
[Fri Feb 13 02:11:18.545676 2026] [php:error] [pid 5016] [client 40.113.2.23:0] script '/domains/nmksgroupweb/bibil.php' not found or unable to stat
[Fri Feb 13 02:11:18.620266 2026] [php:error] [pid 5016] [client 40.113.2.23:0] script '/domains/nmksgroupweb/radio.php' not found or unable to stat
[Fri Feb 13 02:11:18.664641 2026] [php:error] [pid 5017] [client 72.146.1.154:0] script '/domains/cccweb/install.php' not found or unable to stat
[Fri Feb 13 02:11:18.694568 2026] [php:error] [pid 5016] [client 40.113.2.23:0] script '/domains/nmksgroupweb/files.php' not found or unable to stat
[Fri Feb 13 02:11:18.769253 2026] [php:error] [pid 5016] [client 40.113.2.23:0] script '/domains/nmksgroupweb/file7.php' not found or unable to stat
[Fri Feb 13 02:11:18.844282 2026] [php:error] [pid 5016] [client 40.113.2.23:0] script '/domains/nmksgroupweb/gifclass.php' not found or unable to stat
[Fri Feb 13 02:11:18.861741 2026] [php:error] [pid 5017] [client 72.146.1.154:0] script '/domains/cccweb/menu.php' not found or unable to stat
[Fri Feb 13 02:11:19.167369 2026] [php:error] [pid 5016] [client 40.113.2.23:0] script '/domains/nmksgroupweb/nox.php' not found or unable to stat
[Fri Feb 13 02:11:19.252927 2026] [php:error] [pid 5016] [client 40.113.2.23:0] script '/domains/nmksgroupweb/file48.php' not found or unable to stat
[Fri Feb 13 02:11:19.332264 2026] [php:error] [pid 5016] [client 40.113.2.23:0] script '/domains/nmksgroupweb/info.php' not found or unable to stat
[Fri Feb 13 02:11:19.407045 2026] [php:error] [pid 5016] [client 40.113.2.23:0] script '/domains/nmksgroupweb/class9.php' not found or unable to stat
[Fri Feb 13 02:11:19.481531 2026] [php:error] [pid 5016] [client 40.113.2.23:0] script '/domains/nmksgroupweb/la.php' not found or unable to stat
[Fri Feb 13 02:11:19.555820 2026] [php:error] [pid 5016] [client 40.113.2.23:0] script '/domains/nmksgroupweb/bless11.php' not found or unable to stat
[Fri Feb 13 02:11:19.680726 2026] [php:error] [pid 5016] [client 40.113.2.23:0] script '/domains/nmksgroupweb/ccou.php' not found or unable to stat
[Fri Feb 13 02:11:19.686602 2026] [php:error] [pid 5040] [client 72.146.1.154:0] script '/domains/cccweb/images/index.php' not found or unable to stat
[Fri Feb 13 02:11:19.940501 2026] [php:error] [pid 5016] [client 40.113.2.23:0] script '/domains/nmksgroupweb/ton.php' not found or unable to stat
[Fri Feb 13 02:11:20.014832 2026] [php:error] [pid 5016] [client 40.113.2.23:0] script '/domains/nmksgroupweb/403.php' not found or unable to stat
[Fri Feb 13 02:11:20.100340 2026] [php:error] [pid 5016] [client 40.113.2.23:0] script '/domains/nmksgroupweb/file9.php' not found or unable to stat
[Fri Feb 13 02:11:20.174715 2026] [php:error] [pid 5016] [client 40.113.2.23:0] script '/domains/nmksgroupweb/ac.php' not found or unable to stat
[Fri Feb 13 02:11:20.249113 2026] [php:error] [pid 5016] [client 40.113.2.23:0] script '/domains/nmksgroupweb/new4.php' not found or unable to stat
[Fri Feb 13 02:11:20.400129 2026] [php:error] [pid 5016] [client 40.113.2.23:0] script '/domains/nmksgroupweb/pop.php' not found or unable to stat
[Fri Feb 13 02:11:20.415254 2026] [php:error] [pid 5040] [client 72.146.1.154:0] script '/domains/cccweb/defaults.php' not found or unable to stat
[Fri Feb 13 02:11:20.474808 2026] [php:error] [pid 5016] [client 40.113.2.23:0] script '/domains/nmksgroupweb/az.php' not found or unable to stat
[Fri Feb 13 02:11:20.565379 2026] [php:error] [pid 5016] [client 40.113.2.23:0] script '/domains/nmksgroupweb/xaz.php' not found or unable to stat
[Fri Feb 13 02:11:20.639911 2026] [php:error] [pid 5016] [client 40.113.2.23:0] script '/domains/nmksgroupweb/up4.php' not found or unable to stat
[Fri Feb 13 02:11:20.714392 2026] [php:error] [pid 5016] [client 40.113.2.23:0] script '/domains/nmksgroupweb/1aa.php' not found or unable to stat
[Fri Feb 13 02:11:20.789046 2026] [php:error] [pid 5016] [client 40.113.2.23:0] script '/domains/nmksgroupweb/elp.php' not found or unable to stat
[Fri Feb 13 02:11:20.863386 2026] [php:error] [pid 5016] [client 40.113.2.23:0] script '/domains/nmksgroupweb/wtz.php' not found or unable to stat
[Fri Feb 13 02:11:20.871842 2026] [php:error] [pid 5040] [client 72.146.1.154:0] script '/domains/cccweb/css.php' not found or unable to stat
[Fri Feb 13 02:11:20.995285 2026] [php:error] [pid 5016] [client 40.113.2.23:0] script '/domains/nmksgroupweb/galex.php' not found or unable to stat
[Fri Feb 13 02:11:21.070172 2026] [php:error] [pid 5016] [client 40.113.2.23:0] script '/domains/nmksgroupweb/xb.php' not found or unable to stat
[Fri Feb 13 02:11:21.144652 2026] [php:error] [pid 5016] [client 40.113.2.23:0] script '/domains/nmksgroupweb/ova.php' not found or unable to stat
[Fri Feb 13 02:11:21.175966 2026] [php:error] [pid 5040] [client 72.146.1.154:0] script '/domains/cccweb/wp-links-opml.php' not found or unable to stat
[Fri Feb 13 02:11:21.219150 2026] [php:error] [pid 5016] [client 40.113.2.23:0] script '/domains/nmksgroupweb/vx.php' not found or unable to stat
[Fri Feb 13 02:11:21.323061 2026] [php:error] [pid 5016] [client 40.113.2.23:0] script '/domains/nmksgroupweb/rh.php' not found or unable to stat
[Fri Feb 13 02:11:22.315617 2026] [php:error] [pid 5040] [client 72.146.1.154:0] script '/domains/cccweb/123.php' not found or unable to stat
[Fri Feb 13 02:11:22.407516 2026] [php:error] [pid 5040] [client 72.146.1.154:0] script '/domains/cccweb/log.php' not found or unable to stat
[Fri Feb 13 02:11:23.113315 2026] [php:error] [pid 5040] [client 72.146.1.154:0] script '/domains/cccweb/as.php' not found or unable to stat
[Fri Feb 13 02:11:23.410217 2026] [php:error] [pid 5040] [client 72.146.1.154:0] script '/domains/cccweb/style.php' not found or unable to stat
[Fri Feb 13 02:11:23.620310 2026] [php:error] [pid 5040] [client 72.146.1.154:0] script '/domains/cccweb/aa.php' not found or unable to stat
[Fri Feb 13 02:11:23.712605 2026] [php:error] [pid 5040] [client 72.146.1.154:0] script '/domains/cccweb/hehehehe.php' not found or unable to stat
[Fri Feb 13 02:11:23.981685 2026] [php:error] [pid 5040] [client 72.146.1.154:0] script '/domains/cccweb/x.php' not found or unable to stat
[Fri Feb 13 02:11:24.190602 2026] [php:error] [pid 5040] [client 72.146.1.154:0] script '/domains/cccweb/wp-links.php' not found or unable to stat
[Fri Feb 13 02:11:24.533912 2026] [php:error] [pid 5040] [client 72.146.1.154:0] script '/domains/cccweb/main.php' not found or unable to stat
[Fri Feb 13 02:11:24.825463 2026] [php:error] [pid 5040] [client 72.146.1.154:0] script '/domains/cccweb/wso.php' not found or unable to stat
[Fri Feb 13 02:11:24.981008 2026] [php:error] [pid 5040] [client 72.146.1.154:0] script '/domains/cccweb/wp-configs.php' not found or unable to stat
[Fri Feb 13 02:11:25.336151 2026] [php:error] [pid 5040] [client 72.146.1.154:0] script '/domains/cccweb/lock.php' not found or unable to stat
[Fri Feb 13 02:11:25.488059 2026] [php:error] [pid 5040] [client 72.146.1.154:0] script '/domains/cccweb/file.php' not found or unable to stat
[Fri Feb 13 02:11:25.698363 2026] [php:error] [pid 5040] [client 72.146.1.154:0] script '/domains/cccweb/wp-trackback.php' not found or unable to stat
[Fri Feb 13 02:11:25.962759 2026] [php:error] [pid 5040] [client 72.146.1.154:0] script '/domains/cccweb/app.php' not found or unable to stat
[Fri Feb 13 02:11:26.604536 2026] [php:error] [pid 5040] [client 72.146.1.154:0] script '/domains/cccweb/simple.php' not found or unable to stat
[Fri Feb 13 02:11:27.632646 2026] [php:error] [pid 5040] [client 72.146.1.154:0] script '/domains/cccweb/bless.php' not found or unable to stat
[Fri Feb 13 02:11:27.888042 2026] [php:error] [pid 5040] [client 72.146.1.154:0] script '/domains/cccweb/ava.php' not found or unable to stat
[Fri Feb 13 02:11:29.103455 2026] [php:error] [pid 5040] [client 72.146.1.154:0] script '/domains/cccweb/ioxi-o.php' not found or unable to stat
[Fri Feb 13 02:11:29.361566 2026] [php:error] [pid 5040] [client 72.146.1.154:0] script '/domains/cccweb/1index.php' not found or unable to stat
[Fri Feb 13 02:11:29.990062 2026] [php:error] [pid 5040] [client 72.146.1.154:0] script '/domains/cccweb/file2.php' not found or unable to stat
[Fri Feb 13 02:11:30.678548 2026] [php:error] [pid 5040] [client 72.146.1.154:0] script '/domains/cccweb/default.php' not found or unable to stat
[Fri Feb 13 02:11:30.861693 2026] [php:error] [pid 5040] [client 72.146.1.154:0] script '/domains/cccweb/xml.php' not found or unable to stat
[Fri Feb 13 02:11:31.317399 2026] [php:error] [pid 5040] [client 72.146.1.154:0] script '/domains/cccweb/sx.php' not found or unable to stat
[Fri Feb 13 02:11:31.721204 2026] [php:error] [pid 5040] [client 72.146.1.154:0] script '/domains/cccweb/wp-cron.php' not found or unable to stat
[Fri Feb 13 02:11:32.771025 2026] [php:error] [pid 5040] [client 72.146.1.154:0] script '/domains/cccweb/backup.php' not found or unable to stat
[Fri Feb 13 02:11:32.875392 2026] [php:error] [pid 5040] [client 72.146.1.154:0] script '/domains/cccweb/images/class-config.php' not found or unable to stat
[Fri Feb 13 02:11:32.967580 2026] [php:error] [pid 5040] [client 72.146.1.154:0] script '/domains/cccweb/wp-admin.php' not found or unable to stat
[Fri Feb 13 02:11:33.060667 2026] [php:error] [pid 5040] [client 72.146.1.154:0] script '/domains/cccweb/akc.php' not found or unable to stat
[Fri Feb 13 02:11:33.400860 2026] [php:error] [pid 5040] [client 72.146.1.154:0] script '/domains/cccweb/test1.php' not found or unable to stat
[Fri Feb 13 02:11:33.521037 2026] [php:error] [pid 5040] [client 72.146.1.154:0] script '/domains/cccweb/bolt.php' not found or unable to stat
[Fri Feb 13 02:11:33.695505 2026] [php:error] [pid 5040] [client 72.146.1.154:0] script '/domains/cccweb/help.php' not found or unable to stat
[Fri Feb 13 02:11:33.788525 2026] [php:error] [pid 5040] [client 72.146.1.154:0] script '/domains/cccweb/atomlib.php' not found or unable to stat
[Fri Feb 13 02:11:33.903294 2026] [php:error] [pid 5040] [client 72.146.1.154:0] script '/domains/cccweb/wp-good.php' not found or unable to stat
[Fri Feb 13 02:11:34.057788 2026] [php:error] [pid 5040] [client 72.146.1.154:0] script '/domains/cccweb/gecko.php' not found or unable to stat
[Fri Feb 13 02:11:34.280494 2026] [php:error] [pid 5040] [client 72.146.1.154:0] script '/domains/cccweb/news.php' not found or unable to stat
[Fri Feb 13 02:11:34.373141 2026] [php:error] [pid 5040] [client 72.146.1.154:0] script '/domains/cccweb/xmlrpc.php' not found or unable to stat
[Fri Feb 13 02:11:34.718906 2026] [php:error] [pid 5040] [client 72.146.1.154:0] script '/domains/cccweb/new.php' not found or unable to stat
[Fri Feb 13 02:11:35.393927 2026] [php:error] [pid 5028] [client 51.103.25.4:0] script '/domains/thuebner/88.php' not found or unable to stat
[Fri Feb 13 02:11:35.486997 2026] [php:error] [pid 5028] [client 51.103.25.4:0] script '/domains/thuebner/pass4.php' not found or unable to stat
[Fri Feb 13 02:11:35.584219 2026] [php:error] [pid 5028] [client 51.103.25.4:0] script '/domains/thuebner/php8.php' not found or unable to stat
[Fri Feb 13 02:11:35.670540 2026] [php:error] [pid 5028] [client 51.103.25.4:0] script '/domains/thuebner/cvtcosue.php' not found or unable to stat
[Fri Feb 13 02:11:35.757204 2026] [php:error] [pid 5028] [client 51.103.25.4:0] script '/domains/thuebner/gm.php' not found or unable to stat
[Fri Feb 13 02:11:35.762162 2026] [php:error] [pid 5040] [client 72.146.1.154:0] script '/domains/cccweb/server.php' not found or unable to stat
[Fri Feb 13 02:11:35.789789 2026] [php:error] [pid 5039] [client 38.127.61.169:0] script '/domains/performancepartsinc/images/style.php' not found or unable to stat
[Fri Feb 13 02:11:35.845275 2026] [php:error] [pid 5028] [client 51.103.25.4:0] script '/domains/thuebner/1a.php' not found or unable to stat
[Fri Feb 13 02:11:35.931793 2026] [php:error] [pid 5028] [client 51.103.25.4:0] script '/domains/thuebner/aer.php' not found or unable to stat
[Fri Feb 13 02:11:36.029060 2026] [php:error] [pid 5028] [client 51.103.25.4:0] script '/domains/thuebner/f6.php' not found or unable to stat
[Fri Feb 13 02:11:36.125494 2026] [php:error] [pid 5028] [client 51.103.25.4:0] script '/domains/thuebner/667.php' not found or unable to stat
[Fri Feb 13 02:11:36.212112 2026] [php:error] [pid 5028] [client 51.103.25.4:0] script '/domains/thuebner/kma.php' not found or unable to stat
[Fri Feb 13 02:11:36.237980 2026] [php:error] [pid 5040] [client 72.146.1.154:0] script '/domains/cccweb/wp-signin.php' not found or unable to stat
[Fri Feb 13 02:11:36.298462 2026] [php:error] [pid 5028] [client 51.103.25.4:0] script '/domains/thuebner/kimono.php' not found or unable to stat
[Fri Feb 13 02:11:36.703146 2026] [php:error] [pid 5040] [client 72.146.1.154:0] script '/domains/cccweb/class.php' not found or unable to stat
[Fri Feb 13 02:11:36.796344 2026] [php:error] [pid 5040] [client 72.146.1.154:0] script '/domains/cccweb/wp.php' not found or unable to stat
[Fri Feb 13 02:11:38.635851 2026] [php:error] [pid 5025] [client 72.146.1.154:0] script '/domains/cccweb/special.php' not found or unable to stat
[Fri Feb 13 02:11:50.255827 2026] [php:error] [pid 5028] [client 38.127.61.169:0] script '/domains/performancepartsinc/images/style.php' not found or unable to stat
[Fri Feb 13 02:12:04.575488 2026] [php:error] [pid 5025] [client 38.127.61.169:0] script '/domains/performancepartsinc/images/style.php' not found or unable to stat
[Fri Feb 13 02:12:39.449222 2026] [php:error] [pid 5043] [client 34.6.35.202:0] script '/domains/hdickens.enteract/kmnj.php' not found or unable to stat
[Fri Feb 13 02:12:43.164895 2026] [php:error] [pid 5050] [client 172.213.161.82:0] script '/domains/rainho/d.php' not found or unable to stat
[Fri Feb 13 02:12:43.255066 2026] [php:error] [pid 5050] [client 172.213.161.82:0] script '/domains/rainho/a4.php' not found or unable to stat
[Fri Feb 13 02:12:43.344872 2026] [php:error] [pid 5050] [client 172.213.161.82:0] script '/domains/rainho/lp6.php' not found or unable to stat
[Fri Feb 13 02:12:43.600828 2026] [php:error] [pid 5050] [client 172.213.161.82:0] script '/domains/rainho/core.php' not found or unable to stat
[Fri Feb 13 02:12:43.690816 2026] [php:error] [pid 5050] [client 172.213.161.82:0] script '/domains/rainho/mini.php' not found or unable to stat
[Fri Feb 13 02:12:43.780684 2026] [php:error] [pid 5050] [client 172.213.161.82:0] script '/domains/rainho/222.php' not found or unable to stat
[Fri Feb 13 02:12:44.034353 2026] [php:error] [pid 5050] [client 172.213.161.82:0] script '/domains/rainho/inputs.php' not found or unable to stat
[Fri Feb 13 02:12:44.124364 2026] [php:error] [pid 5050] [client 172.213.161.82:0] script '/domains/rainho/2.php' not found or unable to stat
[Fri Feb 13 02:12:44.214015 2026] [php:error] [pid 5050] [client 172.213.161.82:0] script '/domains/rainho/sim.php' not found or unable to stat
[Fri Feb 13 02:12:44.304083 2026] [php:error] [pid 5050] [client 172.213.161.82:0] script '/domains/rainho/ff.php' not found or unable to stat
[Fri Feb 13 02:12:44.393941 2026] [php:error] [pid 5050] [client 172.213.161.82:0] script '/domains/rainho/css.php' not found or unable to stat
[Fri Feb 13 02:12:44.484230 2026] [php:error] [pid 5050] [client 172.213.161.82:0] script '/domains/rainho/x.php' not found or unable to stat
[Fri Feb 13 02:12:44.574452 2026] [php:error] [pid 5050] [client 172.213.161.82:0] script '/domains/rainho/ans.php' not found or unable to stat
[Fri Feb 13 02:12:44.668270 2026] [php:error] [pid 5050] [client 172.213.161.82:0] script '/domains/rainho/0.php' not found or unable to stat
[Fri Feb 13 02:12:44.758198 2026] [php:error] [pid 5050] [client 172.213.161.82:0] script '/domains/rainho/a.php' not found or unable to stat
[Fri Feb 13 02:12:44.856573 2026] [php:error] [pid 5050] [client 172.213.161.82:0] script '/domains/rainho/new.php' not found or unable to stat
[Fri Feb 13 02:12:45.047381 2026] [php:error] [pid 5050] [client 172.213.161.82:0] script '/domains/rainho/alfa.php' not found or unable to stat
[Fri Feb 13 02:12:45.139532 2026] [php:error] [pid 5050] [client 172.213.161.82:0] script '/domains/rainho/el.php' not found or unable to stat
[Fri Feb 13 02:12:45.229324 2026] [php:error] [pid 5050] [client 172.213.161.82:0] script '/domains/rainho/t.php' not found or unable to stat
[Fri Feb 13 02:12:45.319070 2026] [php:error] [pid 5050] [client 172.213.161.82:0] script '/domains/rainho/first.php' not found or unable to stat
[Fri Feb 13 02:12:45.425352 2026] [php:error] [pid 5050] [client 172.213.161.82:0] script '/domains/rainho/acp.php' not found or unable to stat
[Fri Feb 13 02:12:45.515918 2026] [php:error] [pid 5050] [client 172.213.161.82:0] script '/domains/rainho/e.php' not found or unable to stat
[Fri Feb 13 02:12:45.615601 2026] [php:error] [pid 5050] [client 172.213.161.82:0] script '/domains/rainho/info.php' not found or unable to stat
[Fri Feb 13 02:12:45.705850 2026] [php:error] [pid 5050] [client 172.213.161.82:0] script '/domains/rainho/ot.php' not found or unable to stat
[Fri Feb 13 02:12:45.796000 2026] [php:error] [pid 5050] [client 172.213.161.82:0] script '/domains/rainho/test.php' not found or unable to stat
[Fri Feb 13 02:12:45.885954 2026] [php:error] [pid 5050] [client 172.213.161.82:0] script '/domains/rainho/pass.php' not found or unable to stat
[Fri Feb 13 02:13:15.358950 2026] [php:error] [pid 5046] [client 172.213.161.82:0] script '/domains/system_default/24.php' not found or unable to stat
[Fri Feb 13 02:13:52.412138 2026] [php:error] [pid 5066] [client 72.146.8.4:0] script '/domains/bfitpro2/class-t.api.php' not found or unable to stat
[Fri Feb 13 02:13:52.506027 2026] [php:error] [pid 5066] [client 72.146.8.4:0] script '/domains/bfitpro2/zwso.php' not found or unable to stat
[Fri Feb 13 02:13:52.686000 2026] [php:error] [pid 5066] [client 72.146.8.4:0] script '/domains/bfitpro2/class19.php' not found or unable to stat
[Fri Feb 13 02:13:52.776139 2026] [php:error] [pid 5066] [client 72.146.8.4:0] script '/domains/bfitpro2/class20.php' not found or unable to stat
[Fri Feb 13 02:13:52.871312 2026] [php:error] [pid 5066] [client 72.146.8.4:0] script '/domains/bfitpro2/admin.php' not found or unable to stat
[Fri Feb 13 02:13:53.006553 2026] [php:error] [pid 5066] [client 72.146.8.4:0] script '/domains/bfitpro2/randkeyword.php' not found or unable to stat
[Fri Feb 13 02:13:53.096394 2026] [php:error] [pid 5066] [client 72.146.8.4:0] script '/domains/bfitpro2/fwe.php' not found or unable to stat
[Fri Feb 13 02:13:53.196598 2026] [php:error] [pid 5066] [client 72.146.8.4:0] script '/domains/bfitpro2/images/m.php' not found or unable to stat
[Fri Feb 13 02:13:53.384550 2026] [php:error] [pid 5066] [client 72.146.8.4:0] script '/domains/bfitpro2/g.php' not found or unable to stat
[Fri Feb 13 02:13:53.586274 2026] [php:error] [pid 5066] [client 72.146.8.4:0] script '/domains/bfitpro2/tx1.php' not found or unable to stat
[Fri Feb 13 02:13:53.823202 2026] [php:error] [pid 5066] [client 72.146.8.4:0] script '/domains/bfitpro2/xv.php' not found or unable to stat
[Fri Feb 13 02:13:53.930666 2026] [php:error] [pid 5066] [client 72.146.8.4:0] script '/domains/bfitpro2/x56.php' not found or unable to stat
[Fri Feb 13 02:13:54.098101 2026] [php:error] [pid 5066] [client 72.146.8.4:0] script '/domains/bfitpro2/htaccess.php' not found or unable to stat
[Fri Feb 13 02:13:54.189996 2026] [php:error] [pid 5066] [client 72.146.8.4:0] script '/domains/bfitpro2/readme.php' not found or unable to stat
[Fri Feb 13 02:13:54.290810 2026] [php:error] [pid 5066] [client 72.146.8.4:0] script '/domains/bfitpro2/x50.php' not found or unable to stat
[Fri Feb 13 02:13:54.380804 2026] [php:error] [pid 5066] [client 72.146.8.4:0] script '/domains/bfitpro2/fv.php' not found or unable to stat
[Fri Feb 13 02:13:54.483343 2026] [php:error] [pid 5066] [client 72.146.8.4:0] script '/domains/bfitpro2/file.php' not found or unable to stat
[Fri Feb 13 02:13:54.641898 2026] [php:error] [pid 5066] [client 72.146.8.4:0] script '/domains/bfitpro2/lsd.php' not found or unable to stat
[Fri Feb 13 02:13:54.762809 2026] [php:error] [pid 5066] [client 72.146.8.4:0] script '/domains/bfitpro2/as.php' not found or unable to stat
[Fri Feb 13 02:13:54.853586 2026] [php:error] [pid 5066] [client 72.146.8.4:0] script '/domains/bfitpro2/wsd.php' not found or unable to stat
[Fri Feb 13 02:13:55.038482 2026] [php:error] [pid 5066] [client 72.146.8.4:0] script '/domains/bfitpro2/gtc.php' not found or unable to stat
[Fri Feb 13 02:13:55.128349 2026] [php:error] [pid 5066] [client 72.146.8.4:0] script '/domains/bfitpro2/atx.php' not found or unable to stat
[Fri Feb 13 02:13:55.219222 2026] [php:error] [pid 5066] [client 72.146.8.4:0] script '/domains/bfitpro2/z60.php' not found or unable to stat
[Fri Feb 13 02:13:55.311604 2026] [php:error] [pid 5066] [client 72.146.8.4:0] script '/domains/bfitpro2/403.php' not found or unable to stat
[Fri Feb 13 02:13:55.484840 2026] [php:error] [pid 5066] [client 72.146.8.4:0] script '/domains/bfitpro2/m.php' not found or unable to stat
[Fri Feb 13 02:13:55.605346 2026] [php:error] [pid 5066] [client 72.146.8.4:0] script '/domains/bfitpro2/themes.php' not found or unable to stat
[Fri Feb 13 02:13:55.984892 2026] [php:error] [pid 5066] [client 72.146.8.4:0] script '/domains/bfitpro2/click.php' not found or unable to stat
[Fri Feb 13 02:13:56.255025 2026] [php:error] [pid 5066] [client 72.146.8.4:0] script '/domains/bfitpro2/install.php' not found or unable to stat
[Fri Feb 13 02:13:56.425009 2026] [php:error] [pid 5066] [client 72.146.8.4:0] script '/domains/bfitpro2/lv.php' not found or unable to stat
[Fri Feb 13 02:13:56.517325 2026] [php:error] [pid 5066] [client 72.146.8.4:0] script '/domains/bfitpro2/simple.php' not found or unable to stat
[Fri Feb 13 02:13:56.691721 2026] [php:error] [pid 5066] [client 72.146.8.4:0] script '/domains/bfitpro2/css.php' not found or unable to stat
[Fri Feb 13 02:13:56.781927 2026] [php:error] [pid 5066] [client 72.146.8.4:0] script '/domains/bfitpro2/cong.php' not found or unable to stat
[Fri Feb 13 02:13:56.972051 2026] [php:error] [pid 5066] [client 72.146.8.4:0] script '/domains/bfitpro2/cong.php' not found or unable to stat
[Fri Feb 13 02:13:57.197045 2026] [php:error] [pid 5066] [client 72.146.8.4:0] script '/domains/bfitpro2/w.php' not found or unable to stat
[Fri Feb 13 02:13:57.323543 2026] [php:error] [pid 5066] [client 72.146.8.4:0] script '/domains/bfitpro2/404.php' not found or unable to stat
[Fri Feb 13 02:13:57.413478 2026] [php:error] [pid 5066] [client 72.146.8.4:0] script '/domains/bfitpro2/ioxi-o.php' not found or unable to stat
[Fri Feb 13 02:13:57.521620 2026] [php:error] [pid 5066] [client 72.146.8.4:0] script '/domains/bfitpro2/0x.php' not found or unable to stat
[Fri Feb 13 02:13:57.615539 2026] [php:error] [pid 5066] [client 72.146.8.4:0] script '/domains/bfitpro2/css.php' not found or unable to stat
[Fri Feb 13 02:13:57.706181 2026] [php:error] [pid 5066] [client 72.146.8.4:0] script '/domains/bfitpro2/222.php' not found or unable to stat
[Fri Feb 13 02:13:57.885542 2026] [php:error] [pid 5066] [client 72.146.8.4:0] script '/domains/bfitpro2/admin.php' not found or unable to stat
[Fri Feb 13 02:13:58.099294 2026] [php:error] [pid 5066] [client 72.146.8.4:0] script '/domains/bfitpro2/classwithtostring.php' not found or unable to stat
[Fri Feb 13 02:13:58.192936 2026] [php:error] [pid 5066] [client 72.146.8.4:0] script '/domains/bfitpro2/abcd.php' not found or unable to stat
[Fri Feb 13 02:13:58.284198 2026] [php:error] [pid 5066] [client 72.146.8.4:0] script '/domains/bfitpro2/autoload_classmap.php' not found or unable to stat
[Fri Feb 13 02:13:58.386540 2026] [php:error] [pid 5066] [client 72.146.8.4:0] script '/domains/bfitpro2/inputs.php' not found or unable to stat
[Fri Feb 13 02:13:58.526151 2026] [php:error] [pid 5066] [client 72.146.8.4:0] script '/domains/bfitpro2/about.php' not found or unable to stat
[Fri Feb 13 02:13:58.618931 2026] [php:error] [pid 5066] [client 72.146.8.4:0] script '/domains/bfitpro2/alfa.php' not found or unable to stat
[Fri Feb 13 02:13:59.332200 2026] [php:error] [pid 5066] [client 72.146.8.4:0] script '/domains/bfitpro2/manager.php' not found or unable to stat
[Fri Feb 13 02:13:59.422708 2026] [php:error] [pid 5066] [client 72.146.8.4:0] script '/domains/bfitpro2/item.php' not found or unable to stat
[Fri Feb 13 02:13:59.673318 2026] [php:error] [pid 5066] [client 72.146.8.4:0] script '/domains/bfitpro2/404.php' not found or unable to stat
[Fri Feb 13 02:13:59.888990 2026] [php:error] [pid 5066] [client 72.146.8.4:0] script '/domains/bfitpro2/mail.php' not found or unable to stat
[Fri Feb 13 02:14:00.218666 2026] [php:error] [pid 5066] [client 72.146.8.4:0] script '/domains/bfitpro2/sx.php' not found or unable to stat
[Fri Feb 13 02:14:00.397932 2026] [php:error] [pid 5066] [client 72.146.8.4:0] script '/domains/bfitpro2/alfa.php' not found or unable to stat
[Fri Feb 13 02:14:00.487919 2026] [php:error] [pid 5066] [client 72.146.8.4:0] script '/domains/bfitpro2/1.php' not found or unable to stat
[Fri Feb 13 02:14:00.577770 2026] [php:error] [pid 5066] [client 72.146.8.4:0] script '/domains/bfitpro2/byp.php' not found or unable to stat
[Fri Feb 13 02:14:00.667449 2026] [php:error] [pid 5066] [client 72.146.8.4:0] script '/domains/bfitpro2/wp-trackback.php' not found or unable to stat
[Fri Feb 13 02:14:01.117046 2026] [php:error] [pid 5066] [client 72.146.8.4:0] script '/domains/bfitpro2/gmo.php' not found or unable to stat
[Fri Feb 13 02:14:02.188256 2026] [php:error] [pid 5066] [client 72.146.8.4:0] script '/domains/bfitpro2/ww1.php' not found or unable to stat
[Fri Feb 13 02:14:03.116932 2026] [php:error] [pid 5054] [client 72.146.8.4:0] script '/domains/bfitpro2/security.php' not found or unable to stat
[Fri Feb 13 02:14:04.466378 2026] [php:error] [pid 5054] [client 72.146.8.4:0] script '/domains/bfitpro2/class.php' not found or unable to stat
[Fri Feb 13 02:14:04.574424 2026] [php:error] [pid 5054] [client 72.146.8.4:0] script '/domains/bfitpro2/bless5.php' not found or unable to stat
[Fri Feb 13 02:14:04.924957 2026] [php:error] [pid 5054] [client 72.146.8.4:0] script '/domains/bfitpro2/lock360.php' not found or unable to stat
[Fri Feb 13 02:14:05.073151 2026] [php:error] [pid 5054] [client 72.146.8.4:0] script '/domains/bfitpro2/f35.php' not found or unable to stat
[Fri Feb 13 02:14:05.168010 2026] [php:error] [pid 5054] [client 72.146.8.4:0] script '/domains/bfitpro2/ioxi-o1.php' not found or unable to stat
[Fri Feb 13 02:14:05.262565 2026] [php:error] [pid 5054] [client 72.146.8.4:0] script '/domains/bfitpro2/juuuu.php' not found or unable to stat
[Fri Feb 13 02:14:05.483583 2026] [php:error] [pid 5054] [client 72.146.8.4:0] script '/domains/bfitpro2/ha.php' not found or unable to stat
[Fri Feb 13 02:14:05.658029 2026] [php:error] [pid 5054] [client 72.146.8.4:0] script '/domains/bfitpro2/gg.php' not found or unable to stat
[Fri Feb 13 02:14:05.796693 2026] [php:error] [pid 5054] [client 72.146.8.4:0] script '/domains/bfitpro2/we2.php' not found or unable to stat
[Fri Feb 13 02:14:05.890200 2026] [php:error] [pid 5054] [client 72.146.8.4:0] script '/domains/bfitpro2/04.php' not found or unable to stat
[Fri Feb 13 02:14:05.981320 2026] [php:error] [pid 5054] [client 72.146.8.4:0] script '/domains/bfitpro2/333.php' not found or unable to stat
[Fri Feb 13 02:14:06.085035 2026] [php:error] [pid 5054] [client 72.146.8.4:0] script '/domains/bfitpro2/520.php' not found or unable to stat
[Fri Feb 13 02:14:06.190469 2026] [php:error] [pid 5054] [client 72.146.8.4:0] script '/domains/bfitpro2/ar.php' not found or unable to stat
[Fri Feb 13 02:14:06.378463 2026] [php:error] [pid 5054] [client 72.146.8.4:0] script '/domains/bfitpro2/x.php' not found or unable to stat
[Fri Feb 13 02:14:06.470324 2026] [php:error] [pid 5054] [client 72.146.8.4:0] script '/domains/bfitpro2/xx.php' not found or unable to stat
[Fri Feb 13 02:14:06.569236 2026] [php:error] [pid 5054] [client 72.146.8.4:0] script '/domains/bfitpro2/gifclass4.php' not found or unable to stat
[Fri Feb 13 02:14:06.659682 2026] [php:error] [pid 5054] [client 72.146.8.4:0] script '/domains/bfitpro2/2clas.php' not found or unable to stat
[Fri Feb 13 02:14:06.756504 2026] [php:error] [pid 5054] [client 72.146.8.4:0] script '/domains/bfitpro2/ave.php' not found or unable to stat
[Fri Feb 13 02:14:06.847091 2026] [php:error] [pid 5054] [client 72.146.8.4:0] script '/domains/bfitpro2/wrt.php' not found or unable to stat
[Fri Feb 13 02:14:06.953007 2026] [php:error] [pid 5054] [client 72.146.8.4:0] script '/domains/bfitpro2/bibil.php' not found or unable to stat
[Fri Feb 13 02:14:07.053550 2026] [php:error] [pid 5054] [client 72.146.8.4:0] script '/domains/bfitpro2/radio.php' not found or unable to stat
[Fri Feb 13 02:14:07.143683 2026] [php:error] [pid 5054] [client 72.146.8.4:0] script '/domains/bfitpro2/files.php' not found or unable to stat
[Fri Feb 13 02:14:07.241672 2026] [php:error] [pid 5054] [client 72.146.8.4:0] script '/domains/bfitpro2/file7.php' not found or unable to stat
[Fri Feb 13 02:14:07.337226 2026] [php:error] [pid 5054] [client 72.146.8.4:0] script '/domains/bfitpro2/gifclass.php' not found or unable to stat
[Fri Feb 13 02:14:07.518094 2026] [php:error] [pid 5054] [client 72.146.8.4:0] script '/domains/bfitpro2/nox.php' not found or unable to stat
[Fri Feb 13 02:14:07.608447 2026] [php:error] [pid 5054] [client 72.146.8.4:0] script '/domains/bfitpro2/file48.php' not found or unable to stat
[Fri Feb 13 02:14:07.779913 2026] [php:error] [pid 5054] [client 72.146.8.4:0] script '/domains/bfitpro2/info.php' not found or unable to stat
[Fri Feb 13 02:14:07.887703 2026] [php:error] [pid 5054] [client 72.146.8.4:0] script '/domains/bfitpro2/class9.php' not found or unable to stat
[Fri Feb 13 02:14:07.978456 2026] [php:error] [pid 5054] [client 72.146.8.4:0] script '/domains/bfitpro2/la.php' not found or unable to stat
[Fri Feb 13 02:14:08.110374 2026] [php:error] [pid 5054] [client 72.146.8.4:0] script '/domains/bfitpro2/bless11.php' not found or unable to stat
[Fri Feb 13 02:14:08.201834 2026] [php:error] [pid 5054] [client 72.146.8.4:0] script '/domains/bfitpro2/ccou.php' not found or unable to stat
[Fri Feb 13 02:14:08.303521 2026] [php:error] [pid 5054] [client 72.146.8.4:0] script '/domains/bfitpro2/ton.php' not found or unable to stat
[Fri Feb 13 02:14:08.394105 2026] [php:error] [pid 5054] [client 72.146.8.4:0] script '/domains/bfitpro2/403.php' not found or unable to stat
[Fri Feb 13 02:14:08.484583 2026] [php:error] [pid 5054] [client 72.146.8.4:0] script '/domains/bfitpro2/file9.php' not found or unable to stat
[Fri Feb 13 02:14:08.576097 2026] [php:error] [pid 5054] [client 72.146.8.4:0] script '/domains/bfitpro2/ac.php' not found or unable to stat
[Fri Feb 13 02:14:08.666964 2026] [php:error] [pid 5054] [client 72.146.8.4:0] script '/domains/bfitpro2/new4.php' not found or unable to stat
[Fri Feb 13 02:14:08.768080 2026] [php:error] [pid 5054] [client 72.146.8.4:0] script '/domains/bfitpro2/pop.php' not found or unable to stat
[Fri Feb 13 02:14:08.864012 2026] [php:error] [pid 5054] [client 72.146.8.4:0] script '/domains/bfitpro2/az.php' not found or unable to stat
[Fri Feb 13 02:14:09.498638 2026] [php:error] [pid 5054] [client 72.146.8.4:0] script '/domains/bfitpro2/xaz.php' not found or unable to stat
[Fri Feb 13 02:14:09.606032 2026] [php:error] [pid 5054] [client 72.146.8.4:0] script '/domains/bfitpro2/up4.php' not found or unable to stat
[Fri Feb 13 02:14:09.925458 2026] [php:error] [pid 5054] [client 72.146.8.4:0] script '/domains/bfitpro2/1aa.php' not found or unable to stat
[Fri Feb 13 02:14:10.016762 2026] [php:error] [pid 5054] [client 72.146.8.4:0] script '/domains/bfitpro2/elp.php' not found or unable to stat
[Fri Feb 13 02:14:10.117560 2026] [php:error] [pid 5054] [client 72.146.8.4:0] script '/domains/bfitpro2/wtz.php' not found or unable to stat
[Fri Feb 13 02:14:10.208904 2026] [php:error] [pid 5054] [client 72.146.8.4:0] script '/domains/bfitpro2/galex.php' not found or unable to stat
[Fri Feb 13 02:14:10.316789 2026] [php:error] [pid 5054] [client 72.146.8.4:0] script '/domains/bfitpro2/xb.php' not found or unable to stat
[Fri Feb 13 02:14:10.407501 2026] [php:error] [pid 5054] [client 72.146.8.4:0] script '/domains/bfitpro2/ova.php' not found or unable to stat
[Fri Feb 13 02:14:10.501316 2026] [php:error] [pid 5054] [client 72.146.8.4:0] script '/domains/bfitpro2/vx.php' not found or unable to stat
[Fri Feb 13 02:14:10.616446 2026] [php:error] [pid 5054] [client 72.146.8.4:0] script '/domains/bfitpro2/rh.php' not found or unable to stat
[Fri Feb 13 02:14:17.802963 2026] [php:error] [pid 5063] [client 74.248.153.203:0] script '/domains/gohover/24.php' not found or unable to stat
[Fri Feb 13 02:14:42.231511 2026] [php:error] [pid 10701] [client 34.141.134.7:0] script '/domains/hdickens.enteract/kmnj.php' not found or unable to stat
[Fri Feb 13 02:14:54.850309 2026] [php:error] [pid 10703] [client 20.219.152.68:0] script '/domains/koenig.interport/class-t.api.php' not found or unable to stat
[Fri Feb 13 02:14:54.852080 2026] [php:error] [pid 5054] [client 20.219.152.68:0] script '/domains/koenig.interport/222.php' not found or unable to stat
[Fri Feb 13 02:14:54.864574 2026] [php:error] [pid 5054] [client 20.219.152.68:0] script '/domains/koenig.interport/about.php' not found or unable to stat
[Fri Feb 13 02:14:54.872091 2026] [php:error] [pid 5054] [client 20.219.152.68:0] script '/domains/koenig.interport/adminfuns.php' not found or unable to stat
[Fri Feb 13 02:14:54.896689 2026] [php:error] [pid 10703] [client 20.219.152.68:0] script '/domains/koenig.interport/rip.php' not found or unable to stat
[Fri Feb 13 02:14:54.928300 2026] [php:error] [pid 5054] [client 20.219.152.68:0] script '/domains/koenig.interport/wp-good.php' not found or unable to stat
[Fri Feb 13 02:14:54.938809 2026] [php:error] [pid 10705] [client 20.219.152.68:0] script '/domains/koenig.interport/info.php' not found or unable to stat
[Fri Feb 13 02:14:55.036263 2026] [php:error] [pid 5054] [client 20.219.152.68:0] script '/domains/koenig.interport/admin.php' not found or unable to stat
[Fri Feb 13 02:14:55.929703 2026] [php:error] [pid 5054] [client 20.219.152.68:0] script '/domains/koenig.interport/ioxi-o.php' not found or unable to stat
[Fri Feb 13 02:14:55.938857 2026] [php:error] [pid 10703] [client 20.219.152.68:0] script '/domains/koenig.interport/ms-edit.php' not found or unable to stat
[Fri Feb 13 02:14:56.998374 2026] [php:error] [pid 10703] [client 20.219.152.68:0] script '/domains/koenig.interport/sf.php' not found or unable to stat
[Fri Feb 13 02:15:18.703334 2026] [php:error] [pid 10705] [client 216.244.66.232:0] script '/domains/hdickens.enteract/kmnj.php' not found or unable to stat
[Fri Feb 13 02:15:27.330645 2026] [php:error] [pid 5054] [client 20.166.49.198:0] script '/domains/aatweb/24.php' not found or unable to stat
[Fri Feb 13 02:15:37.255127 2026] [php:error] [pid 5054] [client 172.213.222.67:0] script '/domains/conceptlabs1/24.php' not found or unable to stat
[Fri Feb 13 02:15:39.291953 2026] [php:error] [pid 5063] [client 145.239.10.137:0] script '/domains/system_suspended/gg.php' not found or unable to stat, referer: http://racerx.com/gg.php
[Fri Feb 13 02:15:39.303712 2026] [php:error] [pid 10708] [client 145.239.10.137:0] script '/domains/system_suspended/gt.php' not found or unable to stat, referer: http://racerx.com/gt.php
[Fri Feb 13 02:16:31.113869 2026] [php:error] [pid 10709] [client 4.213.52.40:0] script '/domains/system_suspended/class-t.api.php' not found or unable to stat
[Fri Feb 13 02:16:31.601269 2026] [php:error] [pid 10709] [client 4.213.52.40:0] script '/domains/system_suspended/zwso.php' not found or unable to stat
[Fri Feb 13 02:16:32.017950 2026] [php:error] [pid 10709] [client 4.213.52.40:0] script '/domains/system_suspended/class19.php' not found or unable to stat
[Fri Feb 13 02:16:32.512514 2026] [php:error] [pid 10709] [client 4.213.52.40:0] script '/domains/system_suspended/class20.php' not found or unable to stat
[Fri Feb 13 02:16:32.719573 2026] [php:error] [pid 10709] [client 4.213.52.40:0] script '/domains/system_suspended/admin.php' not found or unable to stat
[Fri Feb 13 02:16:32.927634 2026] [php:error] [pid 10709] [client 4.213.52.40:0] script '/domains/system_suspended/randkeyword.php' not found or unable to stat
[Fri Feb 13 02:16:33.331334 2026] [php:error] [pid 10709] [client 4.213.52.40:0] script '/domains/system_suspended/fwe.php' not found or unable to stat
[Fri Feb 13 02:16:33.938830 2026] [php:error] [pid 10709] [client 4.213.52.40:0] script '/domains/system_suspended/g.php' not found or unable to stat
[Fri Feb 13 02:16:34.145507 2026] [php:error] [pid 10709] [client 4.213.52.40:0] script '/domains/system_suspended/tx1.php' not found or unable to stat
[Fri Feb 13 02:16:34.352740 2026] [php:error] [pid 10709] [client 4.213.52.40:0] script '/domains/system_suspended/xv.php' not found or unable to stat
[Fri Feb 13 02:16:34.560203 2026] [php:error] [pid 10709] [client 4.213.52.40:0] script '/domains/system_suspended/x56.php' not found or unable to stat
[Fri Feb 13 02:16:34.768038 2026] [php:error] [pid 10709] [client 4.213.52.40:0] script '/domains/system_suspended/htaccess.php' not found or unable to stat
[Fri Feb 13 02:16:34.976021 2026] [php:error] [pid 10709] [client 4.213.52.40:0] script '/domains/system_suspended/readme.php' not found or unable to stat
