[Fri Feb 13 01:44:25.384444 2026] [php:error] [pid 99082] [client 74.248.153.203:0] script '/domains/familyplayhouse2/elp.php' not found or unable to stat
[Fri Feb 13 01:44:25.534356 2026] [php:error] [pid 99082] [client 74.248.153.203:0] script '/domains/familyplayhouse2/FII.php' not found or unable to stat
[Fri Feb 13 01:44:26.058183 2026] [php:error] [pid 99082] [client 74.248.153.203:0] script '/domains/familyplayhouse2/bolt.php' not found or unable to stat
[Fri Feb 13 01:44:26.206913 2026] [php:error] [pid 99082] [client 74.248.153.203:0] script '/domains/familyplayhouse2/api.php' not found or unable to stat
[Fri Feb 13 01:44:26.790134 2026] [php:error] [pid 99082] [client 74.248.153.203:0] script '/domains/familyplayhouse2/mini.php' not found or unable to stat
[Fri Feb 13 01:44:27.042227 2026] [php:error] [pid 99082] [client 74.248.153.203:0] script '/domains/familyplayhouse2/dropdown.php' not found or unable to stat
[Fri Feb 13 01:44:27.664264 2026] [php:error] [pid 99082] [client 74.248.153.203:0] script '/domains/familyplayhouse2/wp-file.php' not found or unable to stat
[Fri Feb 13 01:44:28.133172 2026] [php:error] [pid 99082] [client 74.248.153.203:0] script '/domains/familyplayhouse2/alfa-rex.php' not found or unable to stat
[Fri Feb 13 01:44:28.786319 2026] [php:error] [pid 4763] [client 4.217.217.16:0] script '/domains/kandg-pc/lp6.php' not found or unable to stat
[Fri Feb 13 01:44:29.491731 2026] [php:error] [pid 4763] [client 4.217.217.16:0] script '/domains/kandg-pc/clasa99.php' not found or unable to stat
[Fri Feb 13 01:44:29.513905 2026] [php:error] [pid 99082] [client 74.248.153.203:0] script '/domains/familyplayhouse2/abcd.php' not found or unable to stat
[Fri Feb 13 01:44:29.694624 2026] [php:error] [pid 4763] [client 4.217.217.16:0] script '/domains/kandg-pc/ph33w.php' not found or unable to stat
[Fri Feb 13 01:44:29.791823 2026] [php:error] [pid 99082] [client 74.248.153.203:0] script '/domains/familyplayhouse2/lib.php' not found or unable to stat
[Fri Feb 13 01:44:29.876773 2026] [php:error] [pid 4763] [client 4.217.217.16:0] script '/domains/kandg-pc/errw.php' not found or unable to stat
[Fri Feb 13 01:44:30.059108 2026] [php:error] [pid 4763] [client 4.217.217.16:0] script '/domains/kandg-pc/assacc.php' not found or unable to stat
[Fri Feb 13 01:44:30.644794 2026] [php:error] [pid 4763] [client 4.217.217.16:0] script '/domains/kandg-pc/Geforce.php' not found or unable to stat
[Fri Feb 13 01:44:30.844726 2026] [php:error] [pid 99082] [client 74.248.153.203:0] script '/domains/familyplayhouse2/shell.php' not found or unable to stat
[Fri Feb 13 01:44:31.119304 2026] [php:error] [pid 4763] [client 4.217.217.16:0] script '/domains/kandg-pc/cs.php' not found or unable to stat
[Fri Feb 13 01:44:31.150348 2026] [php:error] [pid 99082] [client 74.248.153.203:0] script '/domains/familyplayhouse2/ds.php' not found or unable to stat
[Fri Feb 13 01:44:31.370515 2026] [php:error] [pid 99082] [client 74.248.153.203:0] script '/domains/familyplayhouse2/makeasmtp.php' not found or unable to stat
[Fri Feb 13 01:44:31.941269 2026] [php:error] [pid 4763] [client 4.217.217.16:0] script '/domains/kandg-pc/gettest.php' not found or unable to stat
[Fri Feb 13 01:44:32.123660 2026] [php:error] [pid 4763] [client 4.217.217.16:0] script '/domains/kandg-pc/cv.php' not found or unable to stat
[Fri Feb 13 01:44:32.305662 2026] [php:error] [pid 4763] [client 4.217.217.16:0] script '/domains/kandg-pc/ma.php' not found or unable to stat
[Fri Feb 13 01:44:32.508396 2026] [php:error] [pid 4763] [client 4.217.217.16:0] script '/domains/kandg-pc/ole.php' not found or unable to stat
[Fri Feb 13 01:44:32.606629 2026] [php:error] [pid 4756] [client 34.141.244.167:0] script '/domains/hdickens.enteract/kmnj.php' not found or unable to stat
[Fri Feb 13 01:44:32.698194 2026] [php:error] [pid 4763] [client 4.217.217.16:0] script '/domains/kandg-pc/x_3.php' not found or unable to stat
[Fri Feb 13 01:44:32.701334 2026] [php:error] [pid 99079] [client 74.248.153.203:0] script '/domains/familyplayhouse2/buy.php' not found or unable to stat
[Fri Feb 13 01:44:32.880391 2026] [php:error] [pid 4763] [client 4.217.217.16:0] script '/domains/kandg-pc/bolt.php' not found or unable to stat
[Fri Feb 13 01:44:33.099801 2026] [php:error] [pid 4763] [client 4.217.217.16:0] script '/domains/kandg-pc/adminfuns.php' not found or unable to stat
[Fri Feb 13 01:44:33.170053 2026] [php:error] [pid 99079] [client 74.248.153.203:0] script '/domains/familyplayhouse2/theme.php' not found or unable to stat
[Fri Feb 13 01:44:33.289231 2026] [php:error] [pid 4763] [client 4.217.217.16:0] script '/domains/kandg-pc/mar.php' not found or unable to stat
[Fri Feb 13 01:44:33.471310 2026] [php:error] [pid 4763] [client 4.217.217.16:0] script '/domains/kandg-pc/ellv3.php' not found or unable to stat
[Fri Feb 13 01:44:33.653383 2026] [php:error] [pid 4763] [client 4.217.217.16:0] script '/domains/kandg-pc/ak.php' not found or unable to stat
[Fri Feb 13 01:44:33.690746 2026] [php:error] [pid 99079] [client 74.248.153.203:0] script '/domains/familyplayhouse2/chosen.php' not found or unable to stat
[Fri Feb 13 01:44:33.851959 2026] [php:error] [pid 4763] [client 4.217.217.16:0] script '/domains/kandg-pc/fetch.php' not found or unable to stat
[Fri Feb 13 01:44:34.034079 2026] [php:error] [pid 4763] [client 4.217.217.16:0] script '/domains/kandg-pc/bk.php' not found or unable to stat
[Fri Feb 13 01:44:34.056965 2026] [php:error] [pid 99079] [client 74.248.153.203:0] script '/domains/familyplayhouse2/st.php' not found or unable to stat
[Fri Feb 13 01:44:34.357905 2026] [php:error] [pid 99079] [client 74.248.153.203:0] script '/domains/familyplayhouse2/inputs.php' not found or unable to stat
[Fri Feb 13 01:44:35.034931 2026] [php:error] [pid 4763] [client 4.217.217.16:0] script '/domains/kandg-pc/configuration.php' not found or unable to stat
[Fri Feb 13 01:44:35.189636 2026] [php:error] [pid 99079] [client 74.248.153.203:0] script '/domains/familyplayhouse2/aaa.php' not found or unable to stat
[Fri Feb 13 01:44:35.630155 2026] [php:error] [pid 99079] [client 74.248.153.203:0] script '/domains/familyplayhouse2/wp-login.php' not found or unable to stat
[Fri Feb 13 01:44:36.052305 2026] [php:error] [pid 4763] [client 4.217.217.16:0] script '/domains/kandg-pc/ap.php' not found or unable to stat
[Fri Feb 13 01:44:36.257157 2026] [php:error] [pid 4763] [client 4.217.217.16:0] script '/domains/kandg-pc/f.php' not found or unable to stat
[Fri Feb 13 01:44:36.301146 2026] [php:error] [pid 99079] [client 74.248.153.203:0] script '/domains/familyplayhouse2/wp-signup.php' not found or unable to stat
[Fri Feb 13 01:44:36.439331 2026] [php:error] [pid 4763] [client 4.217.217.16:0] script '/domains/kandg-pc/environment.php' not found or unable to stat
[Fri Feb 13 01:44:36.493526 2026] [php:error] [pid 99079] [client 74.248.153.203:0] script '/domains/familyplayhouse2/core.php' not found or unable to stat
[Fri Feb 13 01:44:36.621237 2026] [php:error] [pid 4763] [client 4.217.217.16:0] script '/domains/kandg-pc/zaa.php' not found or unable to stat
[Fri Feb 13 01:44:36.704850 2026] [php:error] [pid 99079] [client 74.248.153.203:0] script '/domains/familyplayhouse2/403.php' not found or unable to stat
[Fri Feb 13 01:44:36.807133 2026] [php:error] [pid 4763] [client 4.217.217.16:0] script '/domains/kandg-pc/mal.php' not found or unable to stat
[Fri Feb 13 01:44:36.984961 2026] [php:error] [pid 99079] [client 74.248.153.203:0] script '/domains/familyplayhouse2/new4.php' not found or unable to stat
[Fri Feb 13 01:44:36.991074 2026] [php:error] [pid 4763] [client 4.217.217.16:0] script '/domains/kandg-pc/ffd.php' not found or unable to stat
[Fri Feb 13 01:44:37.099757 2026] [php:error] [pid 99079] [client 74.248.153.203:0] script '/domains/familyplayhouse2/adminfuns.php' not found or unable to stat
[Fri Feb 13 01:44:37.194154 2026] [php:error] [pid 4763] [client 4.217.217.16:0] script '/domains/kandg-pc/zwq13.php' not found or unable to stat
[Fri Feb 13 01:44:37.626017 2026] [php:error] [pid 4763] [client 4.217.217.16:0] script '/domains/kandg-pc/wqqs.php' not found or unable to stat
[Fri Feb 13 01:44:37.812123 2026] [php:error] [pid 4763] [client 4.217.217.16:0] script '/domains/kandg-pc/wp_wlx.php' not found or unable to stat
[Fri Feb 13 01:44:37.908170 2026] [php:error] [pid 99079] [client 74.248.153.203:0] script '/domains/familyplayhouse2/radio.php' not found or unable to stat
[Fri Feb 13 01:44:38.022685 2026] [php:error] [pid 4763] [client 4.217.217.16:0] script '/domains/kandg-pc/100.kb.php' not found or unable to stat
[Fri Feb 13 01:44:38.204621 2026] [php:error] [pid 4763] [client 4.217.217.16:0] script '/domains/kandg-pc/vx.php' not found or unable to stat
[Fri Feb 13 01:44:38.405989 2026] [php:error] [pid 4763] [client 4.217.217.16:0] script '/domains/kandg-pc/eetu.php' not found or unable to stat
[Fri Feb 13 01:44:38.785044 2026] [php:error] [pid 4763] [client 4.217.217.16:0] script '/domains/kandg-pc/01.php' not found or unable to stat
[Fri Feb 13 01:44:38.972591 2026] [php:error] [pid 4763] [client 4.217.217.16:0] script '/domains/kandg-pc/sh.php' not found or unable to stat
[Fri Feb 13 01:44:39.170617 2026] [php:error] [pid 4763] [client 4.217.217.16:0] script '/domains/kandg-pc/class.1.php' not found or unable to stat
[Fri Feb 13 01:44:39.370467 2026] [php:error] [pid 99079] [client 74.248.153.203:0] script '/domains/familyplayhouse2/mah.php' not found or unable to stat
[Fri Feb 13 01:44:39.410404 2026] [php:error] [pid 4763] [client 4.217.217.16:0] script '/domains/kandg-pc/0byte.php' not found or unable to stat
[Fri Feb 13 01:44:39.820441 2026] [php:error] [pid 4763] [client 4.217.217.16:0] script '/domains/kandg-pc/beence.php' not found or unable to stat
[Fri Feb 13 01:44:39.842670 2026] [php:error] [pid 99079] [client 74.248.153.203:0] script '/domains/familyplayhouse2/sim.php' not found or unable to stat
[Fri Feb 13 01:44:39.981195 2026] [php:error] [pid 99079] [client 74.248.153.203:0] script '/domains/familyplayhouse2/cgi-bin/index.php' not found or unable to stat
[Fri Feb 13 01:44:40.002307 2026] [php:error] [pid 4763] [client 4.217.217.16:0] script '/domains/kandg-pc/phpinfo.php' not found or unable to stat
[Fri Feb 13 01:44:40.147991 2026] [php:error] [pid 99079] [client 74.248.153.203:0] script '/domains/familyplayhouse2/error.php' not found or unable to stat
[Fri Feb 13 01:44:40.187901 2026] [php:error] [pid 4763] [client 4.217.217.16:0] script '/domains/kandg-pc/ws.php' not found or unable to stat
[Fri Feb 13 01:44:40.377505 2026] [php:error] [pid 4763] [client 4.217.217.16:0] script '/domains/kandg-pc/zfe.php' not found or unable to stat
[Fri Feb 13 01:44:40.438627 2026] [php:error] [pid 99079] [client 74.248.153.203:0] script '/domains/familyplayhouse2/cong.php' not found or unable to stat
[Fri Feb 13 01:44:40.558871 2026] [php:error] [pid 4763] [client 4.217.217.16:0] script '/domains/kandg-pc/hello.php' not found or unable to stat
[Fri Feb 13 01:44:40.741516 2026] [php:error] [pid 4763] [client 4.217.217.16:0] script '/domains/kandg-pc/f6.php' not found or unable to stat
[Fri Feb 13 01:44:40.959969 2026] [php:error] [pid 4763] [client 4.217.217.16:0] script '/domains/kandg-pc/wp-info.php' not found or unable to stat
[Fri Feb 13 01:44:41.141553 2026] [php:error] [pid 4763] [client 4.217.217.16:0] script '/domains/kandg-pc/elect.php' not found or unable to stat
[Fri Feb 13 01:44:41.616068 2026] [php:error] [pid 4763] [client 4.217.217.16:0] script '/domains/kandg-pc/shx.php' not found or unable to stat
[Fri Feb 13 01:44:41.802357 2026] [php:error] [pid 4763] [client 4.217.217.16:0] script '/domains/kandg-pc/new.php' not found or unable to stat
[Fri Feb 13 01:44:41.986141 2026] [php:error] [pid 4763] [client 4.217.217.16:0] script '/domains/kandg-pc/ver.php' not found or unable to stat
[Fri Feb 13 01:44:42.167722 2026] [php:error] [pid 4763] [client 4.217.217.16:0] script '/domains/kandg-pc/as.php' not found or unable to stat
[Fri Feb 13 01:44:42.349473 2026] [php:error] [pid 4763] [client 4.217.217.16:0] script '/domains/kandg-pc/index_w.php' not found or unable to stat
[Fri Feb 13 01:44:42.531636 2026] [php:error] [pid 4763] [client 4.217.217.16:0] script '/domains/kandg-pc/c99.php' not found or unable to stat
[Fri Feb 13 01:44:42.714202 2026] [php:error] [pid 4763] [client 4.217.217.16:0] script '/domains/kandg-pc/a.php' not found or unable to stat
[Fri Feb 13 01:44:42.900948 2026] [php:error] [pid 4763] [client 4.217.217.16:0] script '/domains/kandg-pc/wso2.php' not found or unable to stat
[Fri Feb 13 01:44:43.083036 2026] [php:error] [pid 4763] [client 4.217.217.16:0] script '/domains/kandg-pc/small.php' not found or unable to stat
[Fri Feb 13 01:44:43.097705 2026] [php:error] [pid 99079] [client 74.248.153.203:0] script '/domains/familyplayhouse2/kyami.php' not found or unable to stat
[Fri Feb 13 01:44:43.269989 2026] [php:error] [pid 4763] [client 4.217.217.16:0] script '/domains/kandg-pc/sf.php' not found or unable to stat
[Fri Feb 13 01:44:43.451600 2026] [php:error] [pid 4763] [client 4.217.217.16:0] script '/domains/kandg-pc/contact-demo.php' not found or unable to stat
[Fri Feb 13 01:44:43.454125 2026] [php:error] [pid 99079] [client 74.248.153.203:0] script '/domains/familyplayhouse2/1.php' not found or unable to stat
[Fri Feb 13 01:44:44.313666 2026] [php:error] [pid 99079] [client 74.248.153.203:0] script '/domains/familyplayhouse2/gecko-new.php' not found or unable to stat
[Fri Feb 13 01:44:44.461688 2026] [php:error] [pid 99079] [client 74.248.153.203:0] script '/domains/familyplayhouse2/cgi-bin/xmrlpc.php' not found or unable to stat
[Fri Feb 13 01:44:44.666979 2026] [php:error] [pid 99079] [client 74.248.153.203:0] script '/domains/familyplayhouse2/wp-blog-header.php' not found or unable to stat
[Fri Feb 13 01:44:44.736317 2026] [php:error] [pid 4763] [client 4.217.217.16:0] script '/domains/kandg-pc/luuf.php' not found or unable to stat
[Fri Feb 13 01:44:44.884130 2026] [php:error] [pid 99079] [client 74.248.153.203:0] script '/domains/familyplayhouse2/item.php' not found or unable to stat
[Fri Feb 13 01:44:44.925795 2026] [php:error] [pid 4763] [client 4.217.217.16:0] script '/domains/kandg-pc/reze.php' not found or unable to stat
[Fri Feb 13 01:44:45.036081 2026] [php:error] [pid 99079] [client 74.248.153.203:0] script '/domains/familyplayhouse2/xmrlpc.php' not found or unable to stat
[Fri Feb 13 01:44:45.107719 2026] [php:error] [pid 4763] [client 4.217.217.16:0] script '/domains/kandg-pc/license.php' not found or unable to stat
[Fri Feb 13 01:44:45.193470 2026] [php:error] [pid 99079] [client 74.248.153.203:0] script '/domains/familyplayhouse2/config.php' not found or unable to stat
[Fri Feb 13 01:44:45.559859 2026] [php:error] [pid 99079] [client 74.248.153.203:0] script '/domains/familyplayhouse2/cc.php' not found or unable to stat
[Fri Feb 13 01:44:46.041284 2026] [php:error] [pid 99079] [client 74.248.153.203:0] script '/domains/familyplayhouse2/wp-conflg.php' not found or unable to stat
[Fri Feb 13 01:44:46.181734 2026] [php:error] [pid 4763] [client 4.217.217.16:0] script '/domains/kandg-pc/contact-us.php' not found or unable to stat
[Fri Feb 13 01:44:46.376560 2026] [php:error] [pid 4763] [client 4.217.217.16:0] script '/domains/kandg-pc/doc.php' not found or unable to stat
[Fri Feb 13 01:44:46.380659 2026] [php:error] [pid 99079] [client 74.248.153.203:0] script '/domains/familyplayhouse2/themes.php' not found or unable to stat
[Fri Feb 13 01:44:46.491851 2026] [php:error] [pid 99079] [client 74.248.153.203:0] script '/domains/familyplayhouse2/hplfuns.php' not found or unable to stat
[Fri Feb 13 01:44:46.558258 2026] [php:error] [pid 4763] [client 4.217.217.16:0] script '/domains/kandg-pc/X7x.php' not found or unable to stat
[Fri Feb 13 01:44:46.763096 2026] [php:error] [pid 4763] [client 4.217.217.16:0] script '/domains/kandg-pc/1975.php' not found or unable to stat
[Fri Feb 13 01:44:46.952871 2026] [php:error] [pid 4763] [client 4.217.217.16:0] script '/domains/kandg-pc/root.php' not found or unable to stat
[Fri Feb 13 01:44:47.006986 2026] [php:error] [pid 99079] [client 74.248.153.203:0] script '/domains/familyplayhouse2/admin.php' not found or unable to stat
[Fri Feb 13 01:44:47.142761 2026] [php:error] [pid 4763] [client 4.217.217.16:0] script '/domains/kandg-pc/ioxi-o.php' not found or unable to stat
[Fri Feb 13 01:44:47.153054 2026] [php:error] [pid 99079] [client 74.248.153.203:0] script '/domains/familyplayhouse2/alfa.php' not found or unable to stat
[Fri Feb 13 01:44:47.324630 2026] [php:error] [pid 4763] [client 4.217.217.16:0] script '/domains/kandg-pc/themes.php' not found or unable to stat
[Fri Feb 13 01:44:47.529981 2026] [php:error] [pid 4763] [client 4.217.217.16:0] script '/domains/kandg-pc/ct.php' not found or unable to stat
[Fri Feb 13 01:44:47.711945 2026] [php:error] [pid 4763] [client 4.217.217.16:0] script '/domains/kandg-pc/13.php' not found or unable to stat
[Fri Feb 13 01:44:47.895656 2026] [php:error] [pid 4763] [client 4.217.217.16:0] script '/domains/kandg-pc/ok.php' not found or unable to stat
[Fri Feb 13 01:44:48.077561 2026] [php:error] [pid 4763] [client 4.217.217.16:0] script '/domains/kandg-pc/a1.php' not found or unable to stat
[Fri Feb 13 01:44:48.288601 2026] [php:error] [pid 4763] [client 4.217.217.16:0] script '/domains/kandg-pc/wso1337.php' not found or unable to stat
[Fri Feb 13 01:44:48.478697 2026] [php:error] [pid 4763] [client 4.217.217.16:0] script '/domains/kandg-pc/class-t.api.php' not found or unable to stat
[Fri Feb 13 01:44:48.668278 2026] [php:error] [pid 4763] [client 4.217.217.16:0] script '/domains/kandg-pc/anone.php' not found or unable to stat
[Fri Feb 13 01:44:48.859769 2026] [php:error] [pid 4763] [client 4.217.217.16:0] script '/domains/kandg-pc/env.php' not found or unable to stat
[Fri Feb 13 01:44:49.180267 2026] [php:error] [pid 4763] [client 4.217.217.16:0] script '/domains/kandg-pc/3301.php' not found or unable to stat
[Fri Feb 13 01:44:49.364855 2026] [php:error] [pid 4763] [client 4.217.217.16:0] script '/domains/kandg-pc/il.php' not found or unable to stat
[Fri Feb 13 01:44:49.559565 2026] [php:error] [pid 4763] [client 4.217.217.16:0] script '/domains/kandg-pc/166.php' not found or unable to stat
[Fri Feb 13 01:44:49.989426 2026] [php:error] [pid 4763] [client 4.217.217.16:0] script '/domains/kandg-pc/10.php' not found or unable to stat
[Fri Feb 13 01:44:50.392475 2026] [php:error] [pid 4763] [client 4.217.217.16:0] script '/domains/kandg-pc/larva.php' not found or unable to stat
[Fri Feb 13 01:44:50.577988 2026] [php:error] [pid 4763] [client 4.217.217.16:0] script '/domains/kandg-pc/aaa.php' not found or unable to stat
[Fri Feb 13 01:44:51.646767 2026] [php:error] [pid 4763] [client 4.217.217.16:0] script '/domains/kandg-pc/file.php' not found or unable to stat
[Fri Feb 13 01:44:52.073127 2026] [php:error] [pid 4763] [client 4.217.217.16:0] script '/domains/kandg-pc/ract.php' not found or unable to stat
[Fri Feb 13 01:44:52.257780 2026] [php:error] [pid 4763] [client 4.217.217.16:0] script '/domains/kandg-pc/city-ajax.php' not found or unable to stat
[Fri Feb 13 01:44:52.446029 2026] [php:error] [pid 4763] [client 4.217.217.16:0] script '/domains/kandg-pc/fi.php' not found or unable to stat
[Fri Feb 13 01:44:52.627973 2026] [php:error] [pid 4763] [client 4.217.217.16:0] script '/domains/kandg-pc/lf.php' not found or unable to stat
[Fri Feb 13 01:44:52.809528 2026] [php:error] [pid 4763] [client 4.217.217.16:0] script '/domains/kandg-pc/5index.php' not found or unable to stat
[Fri Feb 13 01:44:53.427563 2026] [php:error] [pid 4763] [client 4.217.217.16:0] script '/domains/kandg-pc/sterJs.php' not found or unable to stat
[Fri Feb 13 01:44:53.609197 2026] [php:error] [pid 4763] [client 4.217.217.16:0] script '/domains/kandg-pc/155.php' not found or unable to stat
[Fri Feb 13 01:44:53.888850 2026] [php:error] [pid 99082] [client 74.248.153.203:0] script '/domains/familyplayhouse2/wp-2019.php' not found or unable to stat
[Fri Feb 13 01:44:54.000919 2026] [php:error] [pid 4763] [client 4.217.217.16:0] script '/domains/kandg-pc/wp-rss2.php' not found or unable to stat
[Fri Feb 13 01:44:54.197883 2026] [php:error] [pid 4763] [client 4.217.217.16:0] script '/domains/kandg-pc/wp-rss.php' not found or unable to stat
[Fri Feb 13 01:44:54.199706 2026] [php:error] [pid 99082] [client 74.248.153.203:0] script '/domains/familyplayhouse2/akcc.php' not found or unable to stat
[Fri Feb 13 01:44:54.579641 2026] [php:error] [pid 99082] [client 74.248.153.203:0] script '/domains/familyplayhouse2/404.php' not found or unable to stat
[Fri Feb 13 01:44:54.770037 2026] [php:error] [pid 4763] [client 4.217.217.16:0] script '/domains/kandg-pc/lib.php' not found or unable to stat
[Fri Feb 13 01:44:54.820907 2026] [php:error] [pid 99082] [client 74.248.153.203:0] script '/domains/familyplayhouse2/wp-corn-sample.php' not found or unable to stat
[Fri Feb 13 01:44:54.922363 2026] [php:error] [pid 99082] [client 74.248.153.203:0] script '/domains/familyplayhouse2/classwithtostring.php' not found or unable to stat
[Fri Feb 13 01:44:54.961663 2026] [php:error] [pid 4763] [client 4.217.217.16:0] script '/domains/kandg-pc/dr.php' not found or unable to stat
[Fri Feb 13 01:44:55.061651 2026] [php:error] [pid 99082] [client 74.248.153.203:0] script '/domains/familyplayhouse2/ab.php' not found or unable to stat
[Fri Feb 13 01:44:55.144492 2026] [php:error] [pid 4763] [client 4.217.217.16:0] script '/domains/kandg-pc/blog.php' not found or unable to stat
[Fri Feb 13 01:44:55.342036 2026] [php:error] [pid 4763] [client 4.217.217.16:0] script '/domains/kandg-pc/am.php' not found or unable to stat
[Fri Feb 13 01:44:55.421461 2026] [php:error] [pid 99082] [client 74.248.153.203:0] script '/domains/familyplayhouse2/asasx.php' not found or unable to stat
[Fri Feb 13 01:44:56.120613 2026] [php:error] [pid 99082] [client 74.248.153.203:0] script '/domains/familyplayhouse2/fox.php' not found or unable to stat
[Fri Feb 13 01:44:56.446757 2026] [php:error] [pid 99082] [client 74.248.153.203:0] script '/domains/familyplayhouse2/moon.php' not found or unable to stat
[Fri Feb 13 01:44:56.549201 2026] [php:error] [pid 99082] [client 74.248.153.203:0] script '/domains/familyplayhouse2/mar.php' not found or unable to stat
[Fri Feb 13 01:44:57.873881 2026] [php:error] [pid 99082] [client 74.248.153.203:0] script '/domains/familyplayhouse2/install.php' not found or unable to stat
[Fri Feb 13 01:44:57.883985 2026] [php:error] [pid 4763] [client 4.217.217.16:0] script '/domains/kandg-pc/jindex.php' not found or unable to stat
[Fri Feb 13 01:44:57.977455 2026] [php:error] [pid 99082] [client 74.248.153.203:0] script '/domains/familyplayhouse2/menu.php' not found or unable to stat
[Fri Feb 13 01:44:58.099037 2026] [php:error] [pid 4763] [client 4.217.217.16:0] script '/domains/kandg-pc/geck.php' not found or unable to stat
[Fri Feb 13 01:44:58.328798 2026] [php:error] [pid 4763] [client 4.217.217.16:0] script '/domains/kandg-pc/xox.php' not found or unable to stat
[Fri Feb 13 01:44:58.561594 2026] [php:error] [pid 4763] [client 4.217.217.16:0] script '/domains/kandg-pc/wen.php' not found or unable to stat
[Fri Feb 13 01:44:58.675627 2026] [php:error] [pid 99082] [client 74.248.153.203:0] script '/domains/familyplayhouse2/images/index.php' not found or unable to stat
[Fri Feb 13 01:44:58.757664 2026] [php:error] [pid 4763] [client 4.217.217.16:0] script '/domains/kandg-pc/gel4y.php' not found or unable to stat
[Fri Feb 13 01:44:59.264140 2026] [php:error] [pid 99082] [client 74.248.153.203:0] script '/domains/familyplayhouse2/defaults.php' not found or unable to stat
[Fri Feb 13 01:44:59.565551 2026] [php:error] [pid 4763] [client 4.217.217.16:0] script '/domains/kandg-pc/gif.php' not found or unable to stat
[Fri Feb 13 01:44:59.612989 2026] [php:error] [pid 99082] [client 74.248.153.203:0] script '/domains/familyplayhouse2/css.php' not found or unable to stat
[Fri Feb 13 01:44:59.754812 2026] [php:error] [pid 4763] [client 4.217.217.16:0] script '/domains/kandg-pc/rJs.php' not found or unable to stat
[Fri Feb 13 01:44:59.853627 2026] [php:error] [pid 99082] [client 74.248.153.203:0] script '/domains/familyplayhouse2/wp-links-opml.php' not found or unable to stat
[Fri Feb 13 01:44:59.950799 2026] [php:error] [pid 4763] [client 4.217.217.16:0] script '/domains/kandg-pc/00:.php' not found or unable to stat
[Fri Feb 13 01:45:00.332110 2026] [php:error] [pid 4763] [client 4.217.217.16:0] script '/domains/kandg-pc/ta.php' not found or unable to stat
[Fri Feb 13 01:45:00.505737 2026] [php:error] [pid 99082] [client 74.248.153.203:0] script '/domains/familyplayhouse2/123.php' not found or unable to stat
[Fri Feb 13 01:45:00.607266 2026] [php:error] [pid 99082] [client 74.248.153.203:0] script '/domains/familyplayhouse2/log.php' not found or unable to stat
[Fri Feb 13 01:45:01.343953 2026] [php:error] [pid 99082] [client 74.248.153.203:0] script '/domains/familyplayhouse2/as.php' not found or unable to stat
[Fri Feb 13 01:45:01.614775 2026] [php:error] [pid 4763] [client 4.217.217.16:0] script '/domains/kandg-pc/moon.php' not found or unable to stat
[Fri Feb 13 01:45:01.691290 2026] [php:error] [pid 99082] [client 74.248.153.203:0] script '/domains/familyplayhouse2/style.php' not found or unable to stat
[Fri Feb 13 01:45:01.804742 2026] [php:error] [pid 4763] [client 4.217.217.16:0] script '/domains/kandg-pc/41.php' not found or unable to stat
[Fri Feb 13 01:45:01.816998 2026] [php:error] [pid 99082] [client 74.248.153.203:0] script '/domains/familyplayhouse2/aa.php' not found or unable to stat
[Fri Feb 13 01:45:01.922719 2026] [php:error] [pid 99082] [client 74.248.153.203:0] script '/domains/familyplayhouse2/hehehehe.php' not found or unable to stat
[Fri Feb 13 01:45:01.994388 2026] [php:error] [pid 4763] [client 4.217.217.16:0] script '/domains/kandg-pc/data.php' not found or unable to stat
[Fri Feb 13 01:45:02.024096 2026] [php:error] [pid 99082] [client 74.248.153.203:0] script '/domains/familyplayhouse2/x.php' not found or unable to stat
[Fri Feb 13 01:45:02.127205 2026] [php:error] [pid 99082] [client 74.248.153.203:0] script '/domains/familyplayhouse2/wp-links.php' not found or unable to stat
[Fri Feb 13 01:45:02.187791 2026] [php:error] [pid 4763] [client 4.217.217.16:0] script '/domains/kandg-pc/edit-css.php' not found or unable to stat
[Fri Feb 13 01:45:02.375255 2026] [php:error] [pid 4763] [client 4.217.217.16:0] script '/domains/kandg-pc/mar.php' not found or unable to stat
[Fri Feb 13 01:45:02.453084 2026] [php:error] [pid 99082] [client 74.248.153.203:0] script '/domains/familyplayhouse2/main.php' not found or unable to stat
[Fri Feb 13 01:45:02.677846 2026] [php:error] [pid 99082] [client 74.248.153.203:0] script '/domains/familyplayhouse2/wso.php' not found or unable to stat
[Fri Feb 13 01:45:02.781306 2026] [php:error] [pid 99082] [client 74.248.153.203:0] script '/domains/familyplayhouse2/wp-configs.php' not found or unable to stat
[Fri Feb 13 01:45:02.899606 2026] [php:error] [pid 99082] [client 74.248.153.203:0] script '/domains/familyplayhouse2/lock.php' not found or unable to stat
[Fri Feb 13 01:45:03.055619 2026] [php:error] [pid 99082] [client 74.248.153.203:0] script '/domains/familyplayhouse2/file.php' not found or unable to stat
[Fri Feb 13 01:45:03.292241 2026] [php:error] [pid 99082] [client 74.248.153.203:0] script '/domains/familyplayhouse2/wp-trackback.php' not found or unable to stat
[Fri Feb 13 01:45:03.417749 2026] [php:error] [pid 99082] [client 74.248.153.203:0] script '/domains/familyplayhouse2/app.php' not found or unable to stat
[Fri Feb 13 01:45:03.527554 2026] [php:error] [pid 4763] [client 4.217.217.16:0] script '/domains/kandg-pc/op.php' not found or unable to stat
[Fri Feb 13 01:45:03.620554 2026] [php:error] [pid 99082] [client 74.248.153.203:0] script '/domains/familyplayhouse2/simple.php' not found or unable to stat
[Fri Feb 13 01:45:03.718512 2026] [php:error] [pid 4763] [client 4.217.217.16:0] script '/domains/kandg-pc/bipas.php' not found or unable to stat
[Fri Feb 13 01:45:03.892489 2026] [php:error] [pid 99082] [client 74.248.153.203:0] script '/domains/familyplayhouse2/bless.php' not found or unable to stat
[Fri Feb 13 01:45:04.179767 2026] [php:error] [pid 99082] [client 74.248.153.203:0] script '/domains/familyplayhouse2/ava.php' not found or unable to stat
[Fri Feb 13 01:45:04.319402 2026] [php:error] [pid 4763] [client 4.217.217.16:0] script '/domains/kandg-pc/plss3.php' not found or unable to stat
[Fri Feb 13 01:45:04.523139 2026] [php:error] [pid 4763] [client 4.217.217.16:0] script '/domains/kandg-pc/minimo.php' not found or unable to stat
[Fri Feb 13 01:45:04.711074 2026] [php:error] [pid 4763] [client 4.217.217.16:0] script '/domains/kandg-pc/RxR.php' not found or unable to stat
[Fri Feb 13 01:45:05.100424 2026] [php:error] [pid 4763] [client 4.217.217.16:0] script '/domains/kandg-pc/gifclass4.php' not found or unable to stat
[Fri Feb 13 01:45:05.123241 2026] [php:error] [pid 99082] [client 74.248.153.203:0] script '/domains/familyplayhouse2/ioxi-o.php' not found or unable to stat
[Fri Feb 13 01:45:05.288202 2026] [php:error] [pid 4763] [client 4.217.217.16:0] script '/domains/kandg-pc/nw.php' not found or unable to stat
[Fri Feb 13 01:45:05.474175 2026] [php:error] [pid 99082] [client 74.248.153.203:0] script '/domains/familyplayhouse2/1index.php' not found or unable to stat
[Fri Feb 13 01:45:05.663968 2026] [php:error] [pid 4763] [client 4.217.217.16:0] script '/domains/kandg-pc/FoxWSO.php' not found or unable to stat
[Fri Feb 13 01:45:05.818403 2026] [php:error] [pid 99082] [client 74.248.153.203:0] script '/domains/familyplayhouse2/file2.php' not found or unable to stat
[Fri Feb 13 01:45:05.852457 2026] [php:error] [pid 4763] [client 4.217.217.16:0] script '/domains/kandg-pc/lol.php' not found or unable to stat
[Fri Feb 13 01:45:05.936008 2026] [php:error] [pid 99082] [client 74.248.153.203:0] script '/domains/familyplayhouse2/default.php' not found or unable to stat
[Fri Feb 13 01:45:06.040243 2026] [php:error] [pid 4763] [client 4.217.217.16:0] script '/domains/kandg-pc/api.php' not found or unable to stat
[Fri Feb 13 01:45:06.185290 2026] [php:error] [pid 99082] [client 74.248.153.203:0] script '/domains/familyplayhouse2/xml.php' not found or unable to stat
[Fri Feb 13 01:45:06.229917 2026] [php:error] [pid 4763] [client 4.217.217.16:0] script '/domains/kandg-pc/kn.php' not found or unable to stat
[Fri Feb 13 01:45:06.343060 2026] [php:error] [pid 99082] [client 74.248.153.203:0] script '/domains/familyplayhouse2/sx.php' not found or unable to stat
[Fri Feb 13 01:45:06.420873 2026] [php:error] [pid 4763] [client 4.217.217.16:0] script '/domains/kandg-pc/sql.php' not found or unable to stat
[Fri Feb 13 01:45:06.614634 2026] [php:error] [pid 4763] [client 4.217.217.16:0] script '/domains/kandg-pc/t.php' not found or unable to stat
[Fri Feb 13 01:45:06.802877 2026] [php:error] [pid 4763] [client 4.217.217.16:0] script '/domains/kandg-pc/revealability.php' not found or unable to stat
[Fri Feb 13 01:45:07.191153 2026] [php:error] [pid 4763] [client 4.217.217.16:0] script '/domains/kandg-pc/wp-feed.php' not found or unable to stat
[Fri Feb 13 01:45:07.431749 2026] [php:error] [pid 4763] [client 4.217.217.16:0] script '/domains/kandg-pc/wp-update.php' not found or unable to stat
[Fri Feb 13 01:45:07.620203 2026] [php:error] [pid 4763] [client 4.217.217.16:0] script '/domains/kandg-pc/tuco.php' not found or unable to stat
[Fri Feb 13 01:45:07.808321 2026] [php:error] [pid 4763] [client 4.217.217.16:0] script '/domains/kandg-pc/bypass.php' not found or unable to stat
[Fri Feb 13 01:45:07.814587 2026] [php:error] [pid 4756] [client 74.248.153.203:0] script '/domains/familyplayhouse2/wp-cron.php' not found or unable to stat
[Fri Feb 13 01:45:08.011167 2026] [php:error] [pid 4763] [client 4.217.217.16:0] script '/domains/kandg-pc/soniau.php' not found or unable to stat
[Fri Feb 13 01:45:08.200779 2026] [php:error] [pid 4763] [client 4.217.217.16:0] script '/domains/kandg-pc/fa.php' not found or unable to stat
[Fri Feb 13 01:45:08.392564 2026] [php:error] [pid 4763] [client 4.217.217.16:0] script '/domains/kandg-pc/pi.php' not found or unable to stat
[Fri Feb 13 01:45:08.827772 2026] [php:error] [pid 4756] [client 74.248.153.203:0] script '/domains/familyplayhouse2/backup.php' not found or unable to stat
[Fri Feb 13 01:45:08.939555 2026] [php:error] [pid 4756] [client 74.248.153.203:0] script '/domains/familyplayhouse2/images/class-config.php' not found or unable to stat
[Fri Feb 13 01:45:09.122817 2026] [php:error] [pid 4756] [client 74.248.153.203:0] script '/domains/familyplayhouse2/wp-admin.php' not found or unable to stat
[Fri Feb 13 01:45:09.155649 2026] [php:error] [pid 99079] [client 35.247.243.246:0] script '/domains/cccweb/adminer-4.7.5.php' not found or unable to stat
[Fri Feb 13 01:45:09.225092 2026] [php:error] [pid 4756] [client 74.248.153.203:0] script '/domains/familyplayhouse2/akc.php' not found or unable to stat
[Fri Feb 13 01:45:09.356034 2026] [php:error] [pid 4763] [client 4.217.217.16:0] script '/domains/kandg-pc/flower.php' not found or unable to stat
[Fri Feb 13 01:45:09.544500 2026] [php:error] [pid 4763] [client 4.217.217.16:0] script '/domains/kandg-pc/aa2.php' not found or unable to stat
[Fri Feb 13 01:45:09.659390 2026] [php:error] [pid 4756] [client 74.248.153.203:0] script '/domains/familyplayhouse2/test1.php' not found or unable to stat
[Fri Feb 13 01:45:09.745527 2026] [php:error] [pid 4763] [client 4.217.217.16:0] script '/domains/kandg-pc/iwivi.php' not found or unable to stat
[Fri Feb 13 01:45:10.080007 2026] [php:error] [pid 4756] [client 74.248.153.203:0] script '/domains/familyplayhouse2/bolt.php' not found or unable to stat
[Fri Feb 13 01:45:10.121703 2026] [php:error] [pid 4763] [client 4.217.217.16:0] script '/domains/kandg-pc/wp-rdf.php' not found or unable to stat
[Fri Feb 13 01:45:10.225257 2026] [php:error] [pid 4756] [client 74.248.153.203:0] script '/domains/familyplayhouse2/help.php' not found or unable to stat
[Fri Feb 13 01:45:10.310782 2026] [php:error] [pid 4763] [client 4.217.217.16:0] script '/domains/kandg-pc/priv8.php' not found or unable to stat
[Fri Feb 13 01:45:10.336932 2026] [php:error] [pid 4756] [client 74.248.153.203:0] script '/domains/familyplayhouse2/atomlib.php' not found or unable to stat
[Fri Feb 13 01:45:10.436683 2026] [php:error] [pid 4756] [client 74.248.153.203:0] script '/domains/familyplayhouse2/wp-good.php' not found or unable to stat
[Fri Feb 13 01:45:10.624168 2026] [php:error] [pid 4756] [client 74.248.153.203:0] script '/domains/familyplayhouse2/gecko.php' not found or unable to stat
[Fri Feb 13 01:45:10.891803 2026] [php:error] [pid 4756] [client 74.248.153.203:0] script '/domains/familyplayhouse2/news.php' not found or unable to stat
[Fri Feb 13 01:45:11.005811 2026] [php:error] [pid 4756] [client 74.248.153.203:0] script '/domains/familyplayhouse2/xmlrpc.php' not found or unable to stat
[Fri Feb 13 01:45:11.106826 2026] [php:error] [pid 4756] [client 74.248.153.203:0] script '/domains/familyplayhouse2/new.php' not found or unable to stat
[Fri Feb 13 01:45:11.264448 2026] [php:error] [pid 99082] [client 152.42.195.122:0] script '/domains/markrose/xmlrpc.php' not found or unable to stat
[Fri Feb 13 01:45:11.792697 2026] [php:error] [pid 4756] [client 74.248.153.203:0] script '/domains/familyplayhouse2/server.php' not found or unable to stat
[Fri Feb 13 01:45:11.894513 2026] [php:error] [pid 4756] [client 74.248.153.203:0] script '/domains/familyplayhouse2/wp-signin.php' not found or unable to stat
[Fri Feb 13 01:45:12.326669 2026] [php:error] [pid 4756] [client 74.248.153.203:0] script '/domains/familyplayhouse2/class.php' not found or unable to stat
[Fri Feb 13 01:45:12.427484 2026] [php:error] [pid 4756] [client 74.248.153.203:0] script '/domains/familyplayhouse2/wp.php' not found or unable to stat
[Fri Feb 13 01:45:13.186688 2026] [php:error] [pid 4756] [client 74.248.153.203:0] script '/domains/familyplayhouse2/special.php' not found or unable to stat
[Fri Feb 13 01:45:20.042995 2026] [php:error] [pid 99079] [client 34.90.45.49:0] script '/domains/hdickens.enteract/kmnj.php' not found or unable to stat
[Fri Feb 13 01:45:57.388474 2026] [php:error] [pid 99079] [client 40.89.152.156:0] script '/domains/system_default/24.php' not found or unable to stat
[Fri Feb 13 01:47:17.310647 2026] [php:error] [pid 4773] [client 20.203.142.107:0] script '/domains/jaspen/galex.php' not found or unable to stat
[Fri Feb 13 01:47:17.409827 2026] [php:error] [pid 4773] [client 20.203.142.107:0] script '/domains/jaspen/xa.php' not found or unable to stat
[Fri Feb 13 01:47:17.536919 2026] [php:error] [pid 4773] [client 20.203.142.107:0] script '/domains/jaspen/pass4.php' not found or unable to stat
[Fri Feb 13 01:47:17.636353 2026] [php:error] [pid 4773] [client 20.203.142.107:0] script '/domains/jaspen/X57.php' not found or unable to stat
[Fri Feb 13 01:47:17.735794 2026] [php:error] [pid 4773] [client 20.203.142.107:0] script '/domains/jaspen/503.php' not found or unable to stat
[Fri Feb 13 01:47:17.835282 2026] [php:error] [pid 4773] [client 20.203.142.107:0] script '/domains/jaspen/indeex.php' not found or unable to stat
[Fri Feb 13 01:47:17.934911 2026] [php:error] [pid 4773] [client 20.203.142.107:0] script '/domains/jaspen/wp-4doption1.php' not found or unable to stat
[Fri Feb 13 01:47:18.047453 2026] [php:error] [pid 4773] [client 20.203.142.107:0] script '/domains/jaspen/ioxi1.php' not found or unable to stat
[Fri Feb 13 01:47:18.159051 2026] [php:error] [pid 4773] [client 20.203.142.107:0] script '/domains/jaspen/bgymj.php' not found or unable to stat
[Fri Feb 13 01:47:18.305198 2026] [php:error] [pid 4773] [client 20.203.142.107:0] script '/domains/jaspen/alfashell.php' not found or unable to stat
[Fri Feb 13 01:47:18.404521 2026] [php:error] [pid 4773] [client 20.203.142.107:0] script '/domains/jaspen/Capte.php' not found or unable to stat
[Fri Feb 13 01:47:18.527853 2026] [php:error] [pid 4773] [client 20.203.142.107:0] script '/domains/jaspen/as.php' not found or unable to stat
[Fri Feb 13 01:47:18.640109 2026] [php:error] [pid 4773] [client 20.203.142.107:0] script '/domains/jaspen/aaa.php' not found or unable to stat
[Fri Feb 13 01:47:18.753061 2026] [php:error] [pid 4773] [client 20.203.142.107:0] script '/domains/jaspen/ccou.php' not found or unable to stat
[Fri Feb 13 01:47:18.877202 2026] [php:error] [pid 4773] [client 20.203.142.107:0] script '/domains/jaspen/fff.php' not found or unable to stat
[Fri Feb 13 01:47:18.996545 2026] [php:error] [pid 4773] [client 20.203.142.107:0] script '/domains/jaspen/sbhu.php' not found or unable to stat
[Fri Feb 13 01:47:19.116879 2026] [php:error] [pid 4773] [client 20.203.142.107:0] script '/domains/jaspen/bugger.php' not found or unable to stat
[Fri Feb 13 01:47:19.315588 2026] [php:error] [pid 4773] [client 20.203.142.107:0] script '/domains/jaspen/chosen.php' not found or unable to stat
[Fri Feb 13 01:47:19.414792 2026] [php:error] [pid 4773] [client 20.203.142.107:0] script '/domains/jaspen/gettest.php' not found or unable to stat
[Fri Feb 13 01:47:19.534394 2026] [php:error] [pid 4773] [client 20.203.142.107:0] script '/domains/jaspen/atomlib.php' not found or unable to stat
[Fri Feb 13 01:47:19.650545 2026] [php:error] [pid 4773] [client 20.203.142.107:0] script '/domains/jaspen/kdgok.php' not found or unable to stat
[Fri Feb 13 01:47:20.720871 2026] [php:error] [pid 4773] [client 20.203.142.107:0] script '/domains/jaspen/autoload_classmap.php' not found or unable to stat
[Fri Feb 13 01:47:20.939001 2026] [php:error] [pid 4773] [client 20.203.142.107:0] script '/domains/jaspen/wp-act.php' not found or unable to stat
[Fri Feb 13 01:47:21.063220 2026] [php:error] [pid 4773] [client 20.203.142.107:0] script '/domains/jaspen/wp-file.php' not found or unable to stat
[Fri Feb 13 01:47:21.261602 2026] [php:error] [pid 4773] [client 20.203.142.107:0] script '/domains/jaspen/bak.php' not found or unable to stat
[Fri Feb 13 01:47:21.368995 2026] [php:error] [pid 4773] [client 20.203.142.107:0] script '/domains/jaspen/vx.php' not found or unable to stat
[Fri Feb 13 01:47:21.468413 2026] [php:error] [pid 4773] [client 20.203.142.107:0] script '/domains/jaspen/1.php' not found or unable to stat
[Fri Feb 13 01:47:21.667528 2026] [php:error] [pid 4773] [client 20.203.142.107:0] script '/domains/jaspen/ioxi-o.php' not found or unable to stat
[Fri Feb 13 01:47:21.767582 2026] [php:error] [pid 4773] [client 20.203.142.107:0] script '/domains/jaspen/wp-trackback.php' not found or unable to stat
[Fri Feb 13 01:47:21.876436 2026] [php:error] [pid 4773] [client 20.203.142.107:0] script '/domains/jaspen/222.php' not found or unable to stat
[Fri Feb 13 01:47:21.999558 2026] [php:error] [pid 4773] [client 20.203.142.107:0] script '/domains/jaspen/install.php' not found or unable to stat
[Fri Feb 13 01:47:22.316069 2026] [php:error] [pid 4773] [client 20.203.142.107:0] script '/domains/jaspen/gifclass.php' not found or unable to stat
[Fri Feb 13 01:47:22.856569 2026] [php:error] [pid 4773] [client 20.203.142.107:0] script '/domains/jaspen/radio.php' not found or unable to stat
[Fri Feb 13 01:47:22.970555 2026] [php:error] [pid 4773] [client 20.203.142.107:0] script '/domains/jaspen/gtc.php' not found or unable to stat
[Fri Feb 13 01:47:23.073708 2026] [php:error] [pid 4773] [client 20.203.142.107:0] script '/domains/jaspen/class-t.api.php' not found or unable to stat
[Fri Feb 13 01:47:23.175945 2026] [php:error] [pid 4773] [client 20.203.142.107:0] script '/domains/jaspen/themes.php' not found or unable to stat
[Fri Feb 13 01:47:23.731801 2026] [php:error] [pid 4773] [client 20.203.142.107:0] script '/domains/jaspen/inputs.php' not found or unable to stat
[Fri Feb 13 01:47:23.931285 2026] [php:error] [pid 4773] [client 20.203.142.107:0] script '/domains/jaspen/byp.php' not found or unable to stat
[Fri Feb 13 01:47:24.030690 2026] [php:error] [pid 4773] [client 20.203.142.107:0] script '/domains/jaspen/403.php' not found or unable to stat
[Fri Feb 13 01:47:24.130464 2026] [php:error] [pid 4773] [client 20.203.142.107:0] script '/domains/jaspen/simple.php' not found or unable to stat
[Fri Feb 13 01:47:24.230313 2026] [php:error] [pid 4773] [client 20.203.142.107:0] script '/domains/jaspen/alfa.php' not found or unable to stat
[Fri Feb 13 01:47:24.442943 2026] [php:error] [pid 4773] [client 20.203.142.107:0] script '/domains/jaspen/404.php' not found or unable to stat
[Fri Feb 13 01:47:24.542287 2026] [php:error] [pid 4773] [client 20.203.142.107:0] script '/domains/jaspen/bs2.php' not found or unable to stat
[Fri Feb 13 01:47:24.873394 2026] [php:error] [pid 4773] [client 20.203.142.107:0] script '/domains/jaspen/cwclass.php' not found or unable to stat
[Fri Feb 13 01:47:24.974620 2026] [php:error] [pid 4773] [client 20.203.142.107:0] script '/domains/jaspen/wp-site.php' not found or unable to stat
[Fri Feb 13 01:47:25.076692 2026] [php:error] [pid 4773] [client 20.203.142.107:0] script '/domains/jaspen/tmpls.php' not found or unable to stat
[Fri Feb 13 01:47:25.184720 2026] [php:error] [pid 4773] [client 20.203.142.107:0] script '/domains/jaspen/wen.php' not found or unable to stat
[Fri Feb 13 01:47:25.284305 2026] [php:error] [pid 4773] [client 20.203.142.107:0] script '/domains/jaspen/yawa.php' not found or unable to stat
[Fri Feb 13 01:47:25.444050 2026] [php:error] [pid 4773] [client 20.203.142.107:0] script '/domains/jaspen/revision.php' not found or unable to stat
[Fri Feb 13 01:47:25.543588 2026] [php:error] [pid 4773] [client 20.203.142.107:0] script '/domains/jaspen/environment.php' not found or unable to stat
[Fri Feb 13 01:47:25.642989 2026] [php:error] [pid 4773] [client 20.203.142.107:0] script '/domains/jaspen/xmrlpc.php' not found or unable to stat
[Fri Feb 13 01:47:25.841789 2026] [php:error] [pid 4773] [client 20.203.142.107:0] script '/domains/jaspen/buy.php' not found or unable to stat
[Fri Feb 13 01:47:25.940974 2026] [php:error] [pid 4773] [client 20.203.142.107:0] script '/domains/jaspen/sx.php' not found or unable to stat
[Fri Feb 13 01:47:26.326573 2026] [php:error] [pid 4773] [client 20.203.142.107:0] script '/domains/jaspen/size.php' not found or unable to stat
[Fri Feb 13 01:47:26.426533 2026] [php:error] [pid 4773] [client 20.203.142.107:0] script '/domains/jaspen/zfile.php' not found or unable to stat
[Fri Feb 13 01:47:26.527429 2026] [php:error] [pid 4773] [client 20.203.142.107:0] script '/domains/jaspen/a2.php' not found or unable to stat
[Fri Feb 13 01:47:26.654860 2026] [php:error] [pid 4773] [client 20.203.142.107:0] script '/domains/jaspen/yas.php' not found or unable to stat
[Fri Feb 13 01:47:26.753969 2026] [php:error] [pid 4773] [client 20.203.142.107:0] script '/domains/jaspen/abc.php' not found or unable to stat
[Fri Feb 13 01:47:26.853832 2026] [php:error] [pid 4773] [client 20.203.142.107:0] script '/domains/jaspen/aboutc.php' not found or unable to stat
[Fri Feb 13 01:47:26.960954 2026] [php:error] [pid 4773] [client 20.203.142.107:0] script '/domains/jaspen/dropdown.php' not found or unable to stat
[Fri Feb 13 01:47:27.076136 2026] [php:error] [pid 4773] [client 20.203.142.107:0] script '/domains/jaspen/about.php' not found or unable to stat
[Fri Feb 13 01:47:27.175937 2026] [php:error] [pid 4773] [client 20.203.142.107:0] script '/domains/jaspen/content.php' not found or unable to stat
[Fri Feb 13 01:47:27.275395 2026] [php:error] [pid 4773] [client 20.203.142.107:0] script '/domains/jaspen/wp-load.php' not found or unable to stat
[Fri Feb 13 01:47:27.591881 2026] [php:error] [pid 4773] [client 20.203.142.107:0] script '/domains/jaspen/item.php' not found or unable to stat
[Fri Feb 13 01:47:27.706613 2026] [php:error] [pid 4773] [client 20.203.142.107:0] script '/domains/jaspen/wp-tot.php' not found or unable to stat
[Fri Feb 13 01:47:27.806842 2026] [php:error] [pid 4773] [client 20.203.142.107:0] script '/domains/jaspen/classwithtostring.php' not found or unable to stat
[Fri Feb 13 01:47:27.910565 2026] [php:error] [pid 4773] [client 20.203.142.107:0] script '/domains/jaspen/xx.php' not found or unable to stat
[Fri Feb 13 01:47:28.022041 2026] [php:error] [pid 4773] [client 20.203.142.107:0] script '/domains/jaspen/wbbw.php' not found or unable to stat
[Fri Feb 13 01:47:28.126778 2026] [php:error] [pid 4773] [client 20.203.142.107:0] script '/domains/jaspen/akcc.php' not found or unable to stat
[Fri Feb 13 01:47:28.227351 2026] [php:error] [pid 4773] [client 20.203.142.107:0] script '/domains/jaspen/acxx.php' not found or unable to stat
[Fri Feb 13 01:47:28.326483 2026] [php:error] [pid 4773] [client 20.203.142.107:0] script '/domains/jaspen/x7.php' not found or unable to stat
[Fri Feb 13 01:47:28.425848 2026] [php:error] [pid 4773] [client 20.203.142.107:0] script '/domains/jaspen/menu.php' not found or unable to stat
[Fri Feb 13 01:47:29.241752 2026] [php:error] [pid 4773] [client 20.203.142.107:0] script '/domains/jaspen/class.php' not found or unable to stat
[Fri Feb 13 01:47:29.341263 2026] [php:error] [pid 4773] [client 20.203.142.107:0] script '/domains/jaspen/test1.php' not found or unable to stat
[Fri Feb 13 01:47:29.539645 2026] [php:error] [pid 4773] [client 20.203.142.107:0] script '/domains/jaspen/img.php' not found or unable to stat
[Fri Feb 13 01:47:29.837540 2026] [php:error] [pid 4773] [client 20.203.142.107:0] script '/domains/jaspen/sim.php' not found or unable to stat
[Fri Feb 13 01:47:30.256637 2026] [php:error] [pid 4773] [client 20.203.142.107:0] script '/domains/jaspen/gg.php' not found or unable to stat
[Fri Feb 13 01:47:30.374807 2026] [php:error] [pid 4773] [client 20.203.142.107:0] script '/domains/jaspen/0x.php' not found or unable to stat
[Fri Feb 13 01:47:32.064802 2026] [php:error] [pid 4775] [client 20.203.142.107:0] script '/domains/jaspen/siteheads.php' not found or unable to stat
[Fri Feb 13 01:47:32.167729 2026] [php:error] [pid 4775] [client 20.203.142.107:0] script '/domains/jaspen/abcd.php' not found or unable to stat
[Fri Feb 13 01:47:32.269387 2026] [php:error] [pid 4775] [client 20.203.142.107:0] script '/domains/jaspen/mode.php' not found or unable to stat
[Fri Feb 13 01:47:32.371070 2026] [php:error] [pid 4775] [client 20.203.142.107:0] script '/domains/jaspen/asasx.php' not found or unable to stat
[Fri Feb 13 01:47:32.472977 2026] [php:error] [pid 4775] [client 20.203.142.107:0] script '/domains/jaspen/dev1s.php' not found or unable to stat
[Fri Feb 13 01:47:32.575263 2026] [php:error] [pid 4775] [client 20.203.142.107:0] script '/domains/jaspen/backup.php' not found or unable to stat
[Fri Feb 13 01:47:32.678617 2026] [php:error] [pid 4775] [client 20.203.142.107:0] script '/domains/jaspen/aq.php' not found or unable to stat
[Fri Feb 13 01:47:32.779723 2026] [php:error] [pid 4775] [client 20.203.142.107:0] script '/domains/jaspen/12.php' not found or unable to stat
[Fri Feb 13 01:47:32.881563 2026] [php:error] [pid 4775] [client 20.203.142.107:0] script '/domains/jaspen/wp-good.php' not found or unable to stat
[Fri Feb 13 01:47:33.107498 2026] [php:error] [pid 4775] [client 20.203.142.107:0] script '/domains/jaspen/styles.php' not found or unable to stat
[Fri Feb 13 01:47:33.210674 2026] [php:error] [pid 4775] [client 20.203.142.107:0] script '/domains/jaspen/elp.php' not found or unable to stat
[Fri Feb 13 01:47:33.416984 2026] [php:error] [pid 4775] [client 20.203.142.107:0] script '/domains/jaspen/ty.php' not found or unable to stat
[Fri Feb 13 01:47:33.526358 2026] [php:error] [pid 4775] [client 20.203.142.107:0] script '/domains/jaspen/fwe.php' not found or unable to stat
[Fri Feb 13 01:47:33.647441 2026] [php:error] [pid 4775] [client 20.203.142.107:0] script '/domains/jaspen/g.php' not found or unable to stat
