[Sat Feb 07 04:16:48.636098 2026] [php:error] [pid 87402] [client 20.89.56.154:0] script '/domains/navarrospring/asasx.php' not found or unable to stat
[Sat Feb 07 04:16:48.793272 2026] [php:error] [pid 87402] [client 20.89.56.154:0] script '/domains/navarrospring/cczkdmdy.php' not found or unable to stat
[Sat Feb 07 04:16:48.950847 2026] [php:error] [pid 87402] [client 20.89.56.154:0] script '/domains/navarrospring/wbbw.php' not found or unable to stat
[Sat Feb 07 04:16:49.108119 2026] [php:error] [pid 87402] [client 20.89.56.154:0] script '/domains/navarrospring/item.php' not found or unable to stat
[Sat Feb 07 04:16:49.264888 2026] [php:error] [pid 87402] [client 20.89.56.154:0] script '/domains/navarrospring/alfashell.php' not found or unable to stat
[Sat Feb 07 04:16:49.769969 2026] [php:error] [pid 87402] [client 20.89.56.154:0] script '/domains/navarrospring/akcc.php' not found or unable to stat
[Sat Feb 07 04:16:49.926993 2026] [php:error] [pid 87402] [client 20.89.56.154:0] script '/domains/navarrospring/aboutc.php' not found or unable to stat
[Sat Feb 07 04:16:50.089548 2026] [php:error] [pid 87402] [client 20.89.56.154:0] script '/domains/navarrospring/oo.php' not found or unable to stat
[Sat Feb 07 04:16:50.411060 2026] [php:error] [pid 87402] [client 20.89.56.154:0] script '/domains/navarrospring/okxh.php' not found or unable to stat
[Sat Feb 07 04:16:50.568931 2026] [php:error] [pid 87402] [client 20.89.56.154:0] script '/domains/navarrospring/log.php' not found or unable to stat
[Sat Feb 07 04:16:50.726040 2026] [php:error] [pid 87402] [client 20.89.56.154:0] script '/domains/navarrospring/gettest.php' not found or unable to stat
[Sat Feb 07 04:16:50.883288 2026] [php:error] [pid 87402] [client 20.89.56.154:0] script '/domains/navarrospring/set.php' not found or unable to stat
[Sat Feb 07 04:16:51.042064 2026] [php:error] [pid 87402] [client 20.89.56.154:0] script '/domains/navarrospring/ioxi.php' not found or unable to stat
[Sat Feb 07 04:16:51.523856 2026] [php:error] [pid 87402] [client 20.89.56.154:0] script '/domains/navarrospring/living.php' not found or unable to stat
[Sat Feb 07 04:16:51.680994 2026] [php:error] [pid 87402] [client 20.89.56.154:0] script '/domains/navarrospring/elp.php' not found or unable to stat
[Sat Feb 07 04:16:51.838597 2026] [php:error] [pid 87402] [client 20.89.56.154:0] script '/domains/navarrospring/dev1s.php' not found or unable to stat
[Sat Feb 07 04:16:51.995575 2026] [php:error] [pid 87402] [client 20.89.56.154:0] script '/domains/navarrospring/az.php' not found or unable to stat
[Sat Feb 07 04:16:52.152415 2026] [php:error] [pid 87402] [client 20.89.56.154:0] script '/domains/navarrospring/yaiid.php' not found or unable to stat
[Sat Feb 07 04:16:52.309112 2026] [php:error] [pid 87402] [client 20.89.56.154:0] script '/domains/navarrospring/siteheads.php' not found or unable to stat
[Sat Feb 07 04:16:52.469312 2026] [php:error] [pid 87402] [client 20.89.56.154:0] script '/domains/navarrospring/zzxy.php' not found or unable to stat
[Sat Feb 07 04:16:52.630979 2026] [php:error] [pid 87402] [client 20.89.56.154:0] script '/domains/navarrospring/about.php' not found or unable to stat
[Sat Feb 07 04:16:52.790137 2026] [php:error] [pid 87402] [client 20.89.56.154:0] script '/domains/navarrospring/revision.php' not found or unable to stat
[Sat Feb 07 04:16:52.950563 2026] [php:error] [pid 87402] [client 20.89.56.154:0] script '/domains/navarrospring/abcd.php' not found or unable to stat
[Sat Feb 07 04:16:53.119645 2026] [php:error] [pid 87402] [client 20.89.56.154:0] script '/domains/navarrospring/wp-4doption1.php' not found or unable to stat
[Sat Feb 07 04:16:53.434657 2026] [php:error] [pid 87402] [client 20.89.56.154:0] script '/domains/navarrospring/kdgok.php' not found or unable to stat
[Sat Feb 07 04:16:53.770920 2026] [php:error] [pid 87506] [client 20.89.56.154:0] script '/domains/navarrospring/wp-themes.php' not found or unable to stat
[Sat Feb 07 04:16:53.936016 2026] [php:error] [pid 87506] [client 20.89.56.154:0] script '/domains/navarrospring/backup.php' not found or unable to stat
[Sat Feb 07 04:16:54.255627 2026] [php:error] [pid 87506] [client 20.89.56.154:0] script '/domains/navarrospring/dropdown.php' not found or unable to stat
[Sat Feb 07 04:16:54.425079 2026] [php:error] [pid 87506] [client 20.89.56.154:0] script '/domains/navarrospring/sx.php' not found or unable to stat
[Sat Feb 07 04:16:54.582960 2026] [php:error] [pid 87506] [client 20.89.56.154:0] script '/domains/navarrospring/wp-site.php' not found or unable to stat
[Sat Feb 07 04:16:54.740421 2026] [php:error] [pid 87506] [client 20.89.56.154:0] script '/domains/navarrospring/fck.php' not found or unable to stat
[Sat Feb 07 04:16:54.897875 2026] [php:error] [pid 87506] [client 20.89.56.154:0] script '/domains/navarrospring/zr.php' not found or unable to stat
[Sat Feb 07 04:16:55.055798 2026] [php:error] [pid 87506] [client 20.89.56.154:0] script '/domains/navarrospring/12.php' not found or unable to stat
[Sat Feb 07 04:16:55.213113 2026] [php:error] [pid 87506] [client 20.89.56.154:0] script '/domains/navarrospring/hilk.php' not found or unable to stat
[Sat Feb 07 04:16:55.383125 2026] [php:error] [pid 87506] [client 20.89.56.154:0] script '/domains/navarrospring/baixy.php' not found or unable to stat
[Sat Feb 07 04:16:55.698600 2026] [php:error] [pid 87506] [client 20.89.56.154:0] script '/domains/navarrospring/wen.php' not found or unable to stat
[Sat Feb 07 04:16:55.858277 2026] [php:error] [pid 87506] [client 20.89.56.154:0] script '/domains/navarrospring/docs.php' not found or unable to stat
[Sat Feb 07 04:16:56.015762 2026] [php:error] [pid 87506] [client 20.89.56.154:0] script '/domains/navarrospring/000.php' not found or unable to stat
[Sat Feb 07 04:16:56.173059 2026] [php:error] [pid 87506] [client 20.89.56.154:0] script '/domains/navarrospring/bgymj.php' not found or unable to stat
[Sat Feb 07 04:16:56.336076 2026] [php:error] [pid 87506] [client 20.89.56.154:0] script '/domains/navarrospring/0x.php' not found or unable to stat
[Sat Feb 07 04:16:56.494199 2026] [php:error] [pid 87506] [client 20.89.56.154:0] script '/domains/navarrospring/wp-ait.php' not found or unable to stat
[Sat Feb 07 04:16:56.651577 2026] [php:error] [pid 87506] [client 20.89.56.154:0] script '/domains/navarrospring/test1.php' not found or unable to stat
[Sat Feb 07 04:16:56.809046 2026] [php:error] [pid 87506] [client 20.89.56.154:0] script '/domains/navarrospring/dex.php' not found or unable to stat
[Sat Feb 07 04:16:56.966528 2026] [php:error] [pid 87506] [client 20.89.56.154:0] script '/domains/navarrospring/xxm.php' not found or unable to stat
[Sat Feb 07 04:16:57.140814 2026] [php:error] [pid 87506] [client 20.89.56.154:0] script '/domains/navarrospring/size.php' not found or unable to stat
[Sat Feb 07 04:16:57.300099 2026] [php:error] [pid 87506] [client 20.89.56.154:0] script '/domains/navarrospring/wb.php' not found or unable to stat
[Sat Feb 07 04:16:57.615590 2026] [php:error] [pid 87506] [client 20.89.56.154:0] script '/domains/navarrospring/mini.php' not found or unable to stat
[Sat Feb 07 04:16:57.774777 2026] [php:error] [pid 87506] [client 20.89.56.154:0] script '/domains/navarrospring/v2.php' not found or unable to stat
[Sat Feb 07 04:16:58.093770 2026] [php:error] [pid 87506] [client 20.89.56.154:0] script '/domains/navarrospring/img.php' not found or unable to stat
[Sat Feb 07 04:16:58.251680 2026] [php:error] [pid 87506] [client 20.89.56.154:0] script '/domains/navarrospring/yifsx.php' not found or unable to stat
[Sat Feb 07 04:16:58.410478 2026] [php:error] [pid 87506] [client 20.89.56.154:0] script '/domains/navarrospring/sym403.php' not found or unable to stat
[Sat Feb 07 04:16:58.567814 2026] [php:error] [pid 87506] [client 20.89.56.154:0] script '/domains/navarrospring/ans.php' not found or unable to stat
[Sat Feb 07 04:16:58.725210 2026] [php:error] [pid 87506] [client 20.89.56.154:0] script '/domains/navarrospring/classwithtostring.php' not found or unable to stat
[Sat Feb 07 04:16:58.885310 2026] [php:error] [pid 87506] [client 20.89.56.154:0] script '/domains/navarrospring/cong.php' not found or unable to stat
[Sat Feb 07 04:16:59.051879 2026] [php:error] [pid 87506] [client 20.89.56.154:0] script '/domains/navarrospring/zoo.php' not found or unable to stat
[Sat Feb 07 04:16:59.209154 2026] [php:error] [pid 87506] [client 20.89.56.154:0] script '/domains/navarrospring/rum.php' not found or unable to stat
[Sat Feb 07 04:16:59.534940 2026] [php:error] [pid 87506] [client 20.89.56.154:0] script '/domains/navarrospring/zwso.php' not found or unable to stat
[Sat Feb 07 04:16:59.692739 2026] [php:error] [pid 87506] [client 20.89.56.154:0] script '/domains/navarrospring/yr.PHP' not found or unable to stat
[Sat Feb 07 04:16:59.861453 2026] [php:error] [pid 87506] [client 20.89.56.154:0] script '/domains/navarrospring/8xyz.php' not found or unable to stat
[Sat Feb 07 04:17:00.340860 2026] [php:error] [pid 87506] [client 20.89.56.154:0] script '/domains/navarrospring/styles.php' not found or unable to stat
[Sat Feb 07 04:17:00.512721 2026] [php:error] [pid 87506] [client 20.89.56.154:0] script '/domains/navarrospring/aq.php' not found or unable to stat
[Sat Feb 07 04:17:00.677967 2026] [php:error] [pid 87506] [client 20.89.56.154:0] script '/domains/navarrospring/lock2.php' not found or unable to stat
[Sat Feb 07 04:17:00.835583 2026] [php:error] [pid 87506] [client 20.89.56.154:0] script '/domains/navarrospring/menu.php' not found or unable to stat
[Sat Feb 07 04:17:00.993571 2026] [php:error] [pid 87506] [client 20.89.56.154:0] script '/domains/navarrospring/vx.php' not found or unable to stat
[Sat Feb 07 04:17:01.156954 2026] [php:error] [pid 87506] [client 20.89.56.154:0] script '/domains/navarrospring/tmpls.php' not found or unable to stat
[Sat Feb 07 04:17:01.314394 2026] [php:error] [pid 87506] [client 20.89.56.154:0] script '/domains/navarrospring/xx.php' not found or unable to stat
[Sat Feb 07 04:17:01.482613 2026] [php:error] [pid 87506] [client 20.89.56.154:0] script '/domains/navarrospring/ran.php' not found or unable to stat
[Sat Feb 07 04:17:01.642314 2026] [php:error] [pid 87506] [client 20.89.56.154:0] script '/domains/navarrospring/priv.php' not found or unable to stat
[Sat Feb 07 04:17:01.799885 2026] [php:error] [pid 87506] [client 20.89.56.154:0] script '/domains/navarrospring/autoload_classmap.php' not found or unable to stat
[Sat Feb 07 04:17:01.958627 2026] [php:error] [pid 87506] [client 20.89.56.154:0] script '/domains/navarrospring/sim.php' not found or unable to stat
[Sat Feb 07 04:17:36.302068 2026] [php:error] [pid 87525] [client 20.220.144.75:0] script '/domains/vangoghagainweb/bgymj.php' not found or unable to stat
[Sat Feb 07 04:17:36.326781 2026] [php:error] [pid 87525] [client 20.220.144.75:0] script '/domains/vangoghagainweb/ms-edit.php' not found or unable to stat
[Sat Feb 07 04:17:36.351228 2026] [php:error] [pid 87525] [client 20.220.144.75:0] script '/domains/vangoghagainweb/ws38.php' not found or unable to stat
[Sat Feb 07 04:17:36.376452 2026] [php:error] [pid 87525] [client 20.220.144.75:0] script '/domains/vangoghagainweb/bnn_.php' not found or unable to stat
[Sat Feb 07 04:17:36.407567 2026] [php:error] [pid 87525] [client 20.220.144.75:0] script '/domains/vangoghagainweb/app.php' not found or unable to stat
[Sat Feb 07 04:17:36.431817 2026] [php:error] [pid 87525] [client 20.220.144.75:0] script '/domains/vangoghagainweb/166.php' not found or unable to stat
[Sat Feb 07 04:17:36.456483 2026] [php:error] [pid 87525] [client 20.220.144.75:0] script '/domains/vangoghagainweb/reze.php' not found or unable to stat
[Sat Feb 07 04:17:36.481058 2026] [php:error] [pid 87525] [client 20.220.144.75:0] script '/domains/vangoghagainweb/lib.php' not found or unable to stat
[Sat Feb 07 04:17:36.504981 2026] [php:error] [pid 87525] [client 20.220.144.75:0] script '/domains/vangoghagainweb/wwx.php' not found or unable to stat
[Sat Feb 07 04:17:36.529440 2026] [php:error] [pid 87525] [client 20.220.144.75:0] script '/domains/vangoghagainweb/classwithtostring.php' not found or unable to stat
[Sat Feb 07 04:17:36.554125 2026] [php:error] [pid 87525] [client 20.220.144.75:0] script '/domains/vangoghagainweb/uploaxa1.php' not found or unable to stat
[Sat Feb 07 04:17:36.578463 2026] [php:error] [pid 87525] [client 20.220.144.75:0] script '/domains/vangoghagainweb/rzzaq.php' not found or unable to stat
[Sat Feb 07 04:17:43.190375 2026] [php:error] [pid 87514] [client 194.5.82.159:0] script '/domains/pauljbrock/aa.php' not found or unable to stat
[Sat Feb 07 04:17:43.400921 2026] [php:error] [pid 87514] [client 194.5.82.159:0] script '/domains/pauljbrock/wp-file.php' not found or unable to stat
[Sat Feb 07 04:17:43.833883 2026] [php:error] [pid 87514] [client 194.5.82.159:0] script '/domains/pauljbrock/chosen.php' not found or unable to stat
[Sat Feb 07 04:17:44.042048 2026] [php:error] [pid 87514] [client 194.5.82.159:0] script '/domains/pauljbrock/info.php' not found or unable to stat
[Sat Feb 07 04:17:44.251099 2026] [php:error] [pid 87514] [client 194.5.82.159:0] script '/domains/pauljbrock/num.php' not found or unable to stat
[Sat Feb 07 04:17:44.461695 2026] [php:error] [pid 87514] [client 194.5.82.159:0] script '/domains/pauljbrock/xmlrpc.php' not found or unable to stat
[Sat Feb 07 04:17:44.884676 2026] [php:error] [pid 87514] [client 194.5.82.159:0] script '/domains/pauljbrock/edit.php' not found or unable to stat
[Sat Feb 07 04:17:45.100314 2026] [php:error] [pid 87514] [client 194.5.82.159:0] script '/domains/pauljbrock/chosen.php' not found or unable to stat
[Sat Feb 07 04:17:45.320331 2026] [php:error] [pid 87514] [client 194.5.82.159:0] script '/domains/pauljbrock/atomlib.php' not found or unable to stat
[Sat Feb 07 04:17:45.739483 2026] [php:error] [pid 87514] [client 194.5.82.159:0] script '/domains/pauljbrock/bolt.php' not found or unable to stat
[Sat Feb 07 04:17:46.156038 2026] [php:error] [pid 87514] [client 194.5.82.159:0] script '/domains/pauljbrock/classwithtostring.php' not found or unable to stat
[Sat Feb 07 04:17:46.574229 2026] [php:error] [pid 87514] [client 194.5.82.159:0] script '/domains/pauljbrock/wp-good.php' not found or unable to stat
[Sat Feb 07 04:17:46.577094 2026] [php:error] [pid 87528] [client 4.194.217.214:0] script '/domains/system_suspended/file.php' not found or unable to stat
[Sat Feb 07 04:17:46.787350 2026] [php:error] [pid 87514] [client 194.5.82.159:0] script '/domains/pauljbrock/hplfuns.php' not found or unable to stat
[Sat Feb 07 04:17:46.800837 2026] [php:error] [pid 87528] [client 4.194.217.214:0] script '/domains/system_suspended/27.php' not found or unable to stat
[Sat Feb 07 04:17:47.026416 2026] [php:error] [pid 87528] [client 4.194.217.214:0] script '/domains/system_suspended/ccou.php' not found or unable to stat
[Sat Feb 07 04:17:47.250330 2026] [php:error] [pid 87528] [client 4.194.217.214:0] script '/domains/system_suspended/ws64.php' not found or unable to stat
[Sat Feb 07 04:17:47.474625 2026] [php:error] [pid 87528] [client 4.194.217.214:0] script '/domains/system_suspended/bay11.php' not found or unable to stat
[Sat Feb 07 04:17:47.642851 2026] [php:error] [pid 87530] [client 194.5.82.125:0] script '/domains/pauljbrock/themes.php' not found or unable to stat
[Sat Feb 07 04:17:47.698999 2026] [php:error] [pid 87528] [client 4.194.217.214:0] script '/domains/system_suspended/41.php' not found or unable to stat
[Sat Feb 07 04:17:47.850521 2026] [php:error] [pid 87530] [client 194.5.82.125:0] script '/domains/pauljbrock/sts.php' not found or unable to stat
[Sat Feb 07 04:17:47.931634 2026] [php:error] [pid 87528] [client 4.194.217.214:0] script '/domains/system_suspended/zc-845.php' not found or unable to stat
[Sat Feb 07 04:17:48.056909 2026] [php:error] [pid 87530] [client 194.5.82.125:0] script '/domains/pauljbrock/file.php' not found or unable to stat
[Sat Feb 07 04:17:48.155550 2026] [php:error] [pid 87528] [client 4.194.217.214:0] script '/domains/system_suspended/wsdxoeas.php' not found or unable to stat
[Sat Feb 07 04:17:48.264912 2026] [php:error] [pid 87530] [client 194.5.82.125:0] script '/domains/pauljbrock/wp-signin.php' not found or unable to stat
[Sat Feb 07 04:17:48.383199 2026] [php:error] [pid 87528] [client 4.194.217.214:0] script '/domains/system_suspended/ww.php' not found or unable to stat
[Sat Feb 07 04:17:48.607252 2026] [php:error] [pid 87528] [client 4.194.217.214:0] script '/domains/system_suspended/mode.php' not found or unable to stat
[Sat Feb 07 04:17:48.694845 2026] [php:error] [pid 87530] [client 194.5.82.125:0] script '/domains/pauljbrock/wp-blog.php' not found or unable to stat
[Sat Feb 07 04:17:48.831672 2026] [php:error] [pid 87528] [client 4.194.217.214:0] script '/domains/system_suspended/editor.php' not found or unable to stat
[Sat Feb 07 04:17:48.901915 2026] [php:error] [pid 87530] [client 194.5.82.125:0] script '/domains/pauljbrock/adminfuns.php' not found or unable to stat
[Sat Feb 07 04:17:49.112042 2026] [php:error] [pid 87530] [client 194.5.82.125:0] script '/domains/pauljbrock/ahax.php' not found or unable to stat
[Sat Feb 07 04:17:49.286082 2026] [php:error] [pid 87528] [client 4.194.217.214:0] script '/domains/system_suspended/star.php' not found or unable to stat
[Sat Feb 07 04:17:49.327011 2026] [php:error] [pid 87530] [client 194.5.82.125:0] script '/domains/pauljbrock/autoload_classmap.php' not found or unable to stat
[Sat Feb 07 04:17:49.512959 2026] [php:error] [pid 87528] [client 4.194.217.214:0] script '/domains/system_suspended/yas.php' not found or unable to stat
[Sat Feb 07 04:17:49.539248 2026] [php:error] [pid 87530] [client 194.5.82.125:0] script '/domains/pauljbrock/mah.php' not found or unable to stat
[Sat Feb 07 04:17:49.743014 2026] [php:error] [pid 87528] [client 4.194.217.214:0] script '/domains/system_suspended/timocra.php' not found or unable to stat
[Sat Feb 07 04:17:49.967220 2026] [php:error] [pid 87528] [client 4.194.217.214:0] script '/domains/system_suspended/lock1.php' not found or unable to stat
[Sat Feb 07 04:17:50.191690 2026] [php:error] [pid 87528] [client 4.194.217.214:0] script '/domains/system_suspended/content.php' not found or unable to stat
[Sat Feb 07 04:17:50.415704 2026] [php:error] [pid 87528] [client 4.194.217.214:0] script '/domains/system_suspended/atomlib.php' not found or unable to stat
[Sat Feb 07 04:17:50.639807 2026] [php:error] [pid 87528] [client 4.194.217.214:0] script '/domains/system_suspended/wp-good.php' not found or unable to stat
[Sat Feb 07 04:17:50.895754 2026] [php:error] [pid 87528] [client 4.194.217.214:0] script '/domains/system_suspended/1.php' not found or unable to stat
[Sat Feb 07 04:17:51.344670 2026] [php:error] [pid 87528] [client 4.194.217.214:0] script '/domains/system_suspended/muzu.php' not found or unable to stat
[Sat Feb 07 04:17:51.792393 2026] [php:error] [pid 87528] [client 4.194.217.214:0] script '/domains/system_suspended/wp-shirei.php' not found or unable to stat
[Sat Feb 07 04:17:52.038705 2026] [php:error] [pid 87528] [client 4.194.217.214:0] script '/domains/system_suspended/hlonk.php' not found or unable to stat
[Sat Feb 07 04:17:52.262709 2026] [php:error] [pid 87528] [client 4.194.217.214:0] script '/domains/system_suspended/ova.php' not found or unable to stat
[Sat Feb 07 04:17:52.491319 2026] [php:error] [pid 87528] [client 4.194.217.214:0] script '/domains/system_suspended/as.php' not found or unable to stat
[Sat Feb 07 04:17:52.717077 2026] [php:error] [pid 87528] [client 4.194.217.214:0] script '/domains/system_suspended/ioxi-o.php' not found or unable to stat
[Sat Feb 07 04:17:52.942125 2026] [php:error] [pid 87528] [client 4.194.217.214:0] script '/domains/system_suspended/htio.php' not found or unable to stat
[Sat Feb 07 04:17:53.172301 2026] [php:error] [pid 87528] [client 4.194.217.214:0] script '/domains/system_suspended/xy.php' not found or unable to stat
[Sat Feb 07 04:17:53.397372 2026] [php:error] [pid 87528] [client 4.194.217.214:0] script '/domains/system_suspended/abc.php' not found or unable to stat
[Sat Feb 07 04:17:53.873569 2026] [php:error] [pid 87528] [client 4.194.217.214:0] script '/domains/system_suspended/403.php' not found or unable to stat
[Sat Feb 07 04:17:54.097790 2026] [php:error] [pid 87528] [client 4.194.217.214:0] script '/domains/system_suspended/buy.php' not found or unable to stat
[Sat Feb 07 04:17:54.237131 2026] [php:error] [pid 87518] [client 4.194.217.214:0] script '/domains/csiniaws/term.php' not found or unable to stat
[Sat Feb 07 04:17:54.458620 2026] [php:error] [pid 87518] [client 4.194.217.214:0] script '/domains/csiniaws/h02ugyh.php' not found or unable to stat
[Sat Feb 07 04:17:54.546279 2026] [php:error] [pid 87528] [client 4.194.217.214:0] script '/domains/system_suspended/gtc.php' not found or unable to stat
[Sat Feb 07 04:17:54.687476 2026] [php:error] [pid 87518] [client 4.194.217.214:0] script '/domains/csiniaws/bgymj.php' not found or unable to stat
[Sat Feb 07 04:17:54.772873 2026] [php:error] [pid 87528] [client 4.194.217.214:0] script '/domains/system_suspended/mk.php' not found or unable to stat
[Sat Feb 07 04:17:54.909082 2026] [php:error] [pid 87518] [client 4.194.217.214:0] script '/domains/csiniaws/aa.php' not found or unable to stat
[Sat Feb 07 04:17:55.005190 2026] [php:error] [pid 87528] [client 4.194.217.214:0] script '/domains/system_suspended/wp-tot.php' not found or unable to stat
[Sat Feb 07 04:17:55.130788 2026] [php:error] [pid 87518] [client 4.194.217.214:0] script '/domains/csiniaws/166.php' not found or unable to stat
[Sat Feb 07 04:17:55.229650 2026] [php:error] [pid 87528] [client 4.194.217.214:0] script '/domains/system_suspended/gifclass.php' not found or unable to stat
[Sat Feb 07 04:17:55.354192 2026] [php:error] [pid 87518] [client 4.194.217.214:0] script '/domains/csiniaws/bootstrap.php' not found or unable to stat
[Sat Feb 07 04:17:55.453779 2026] [php:error] [pid 87528] [client 4.194.217.214:0] script '/domains/system_suspended/33.php' not found or unable to stat
[Sat Feb 07 04:17:55.575603 2026] [php:error] [pid 87518] [client 4.194.217.214:0] script '/domains/csiniaws/error_log.php' not found or unable to stat
[Sat Feb 07 04:17:55.679530 2026] [php:error] [pid 87528] [client 4.194.217.214:0] script '/domains/system_suspended/acxx.php' not found or unable to stat
[Sat Feb 07 04:17:55.797127 2026] [php:error] [pid 87518] [client 4.194.217.214:0] script '/domains/csiniaws/lkj.php' not found or unable to stat
[Sat Feb 07 04:17:55.909641 2026] [php:error] [pid 87528] [client 4.194.217.214:0] script '/domains/system_suspended/cah.php' not found or unable to stat
[Sat Feb 07 04:17:56.020450 2026] [php:error] [pid 87518] [client 4.194.217.214:0] script '/domains/csiniaws/mini.php' not found or unable to stat
[Sat Feb 07 04:17:56.134297 2026] [php:error] [pid 87528] [client 4.194.217.214:0] script '/domains/system_suspended/gg.php' not found or unable to stat
[Sat Feb 07 04:17:56.242739 2026] [php:error] [pid 87518] [client 4.194.217.214:0] script '/domains/csiniaws/0byte.php' not found or unable to stat
[Sat Feb 07 04:17:56.465453 2026] [php:error] [pid 87518] [client 4.194.217.214:0] script '/domains/csiniaws/xs.php' not found or unable to stat
[Sat Feb 07 04:17:56.598001 2026] [php:error] [pid 87528] [client 4.194.217.214:0] script '/domains/system_suspended/x7.php' not found or unable to stat
[Sat Feb 07 04:17:56.688232 2026] [php:error] [pid 87518] [client 4.194.217.214:0] script '/domains/csiniaws/inc.php' not found or unable to stat
[Sat Feb 07 04:17:56.910182 2026] [php:error] [pid 87518] [client 4.194.217.214:0] script '/domains/csiniaws/init.php' not found or unable to stat
[Sat Feb 07 04:17:57.046212 2026] [php:error] [pid 87528] [client 4.194.217.214:0] script '/domains/system_suspended/wsd.php' not found or unable to stat
[Sat Feb 07 04:17:57.131688 2026] [php:error] [pid 87518] [client 4.194.217.214:0] script '/domains/csiniaws/lib.php' not found or unable to stat
[Sat Feb 07 04:17:57.270505 2026] [php:error] [pid 87528] [client 4.194.217.214:0] script '/domains/system_suspended/panel.php' not found or unable to stat
[Sat Feb 07 04:17:57.353017 2026] [php:error] [pid 87518] [client 4.194.217.214:0] script '/domains/csiniaws/cxc.php' not found or unable to stat
[Sat Feb 07 04:17:57.494736 2026] [php:error] [pid 87528] [client 4.194.217.214:0] script '/domains/system_suspended/ty.php' not found or unable to stat
[Sat Feb 07 04:17:57.574927 2026] [php:error] [pid 87518] [client 4.194.217.214:0] script '/domains/csiniaws/grsiuk.php' not found or unable to stat
[Sat Feb 07 04:17:57.719388 2026] [php:error] [pid 87528] [client 4.194.217.214:0] script '/domains/system_suspended/rzki.php' not found or unable to stat
[Sat Feb 07 04:17:57.796456 2026] [php:error] [pid 87518] [client 4.194.217.214:0] script '/domains/csiniaws/t.php' not found or unable to stat
[Sat Feb 07 04:17:57.945525 2026] [php:error] [pid 87528] [client 4.194.217.214:0] script '/domains/system_suspended/zfile.php' not found or unable to stat
[Sat Feb 07 04:17:58.017876 2026] [php:error] [pid 87518] [client 4.194.217.214:0] script '/domains/csiniaws/inege.php' not found or unable to stat
[Sat Feb 07 04:17:58.176253 2026] [php:error] [pid 87528] [client 4.194.217.214:0] script '/domains/system_suspended/yasnu.php' not found or unable to stat
[Sat Feb 07 04:17:58.239902 2026] [php:error] [pid 87518] [client 4.194.217.214:0] script '/domains/csiniaws/a332.php' not found or unable to stat
[Sat Feb 07 04:17:58.436338 2026] [php:error] [pid 87528] [client 4.194.217.214:0] script '/domains/system_suspended/bs2.php' not found or unable to stat
[Sat Feb 07 04:17:58.461189 2026] [php:error] [pid 87518] [client 4.194.217.214:0] script '/domains/csiniaws/z-ehp.php' not found or unable to stat
[Sat Feb 07 04:17:58.679836 2026] [php:error] [pid 87528] [client 4.194.217.214:0] script '/domains/system_suspended/wp-load.php' not found or unable to stat
[Sat Feb 07 04:17:58.695334 2026] [php:error] [pid 87518] [client 4.194.217.214:0] script '/domains/csiniaws/ccs.php' not found or unable to stat
[Sat Feb 07 04:17:58.916606 2026] [php:error] [pid 87518] [client 4.194.217.214:0] script '/domains/csiniaws/155.php' not found or unable to stat
[Sat Feb 07 04:17:59.129217 2026] [php:error] [pid 87528] [client 4.194.217.214:0] script '/domains/system_suspended/cwclass.php' not found or unable to stat
[Sat Feb 07 04:17:59.138135 2026] [php:error] [pid 87518] [client 4.194.217.214:0] script '/domains/csiniaws/ak.php' not found or unable to stat
[Sat Feb 07 04:17:59.354166 2026] [php:error] [pid 87528] [client 4.194.217.214:0] script '/domains/system_suspended/class.php' not found or unable to stat
[Sat Feb 07 04:17:59.360878 2026] [php:error] [pid 87518] [client 4.194.217.214:0] script '/domains/csiniaws/35.php' not found or unable to stat
[Sat Feb 07 04:17:59.582582 2026] [php:error] [pid 87528] [client 4.194.217.214:0] script '/domains/system_suspended/a2.php' not found or unable to stat
[Sat Feb 07 04:17:59.582753 2026] [php:error] [pid 87518] [client 4.194.217.214:0] script '/domains/csiniaws/xy.php' not found or unable to stat
[Sat Feb 07 04:17:59.804829 2026] [php:error] [pid 87518] [client 4.194.217.214:0] script '/domains/csiniaws/6.php' not found or unable to stat
[Sat Feb 07 04:17:59.829374 2026] [php:error] [pid 87528] [client 4.194.217.214:0] script '/domains/system_suspended/503.php' not found or unable to stat
[Sat Feb 07 04:18:00.027005 2026] [php:error] [pid 87518] [client 4.194.217.214:0] script '/domains/csiniaws/96i.php' not found or unable to stat
[Sat Feb 07 04:18:00.053241 2026] [php:error] [pid 87528] [client 4.194.217.214:0] script '/domains/system_suspended/wp-ann.php' not found or unable to stat
[Sat Feb 07 04:18:00.248313 2026] [php:error] [pid 87518] [client 4.194.217.214:0] script '/domains/csiniaws/54.php' not found or unable to stat
[Sat Feb 07 04:18:00.277296 2026] [php:error] [pid 87528] [client 4.194.217.214:0] script '/domains/system_suspended/xmrlpc.php' not found or unable to stat
[Sat Feb 07 04:18:00.470097 2026] [php:error] [pid 87518] [client 4.194.217.214:0] script '/domains/csiniaws/sc.php' not found or unable to stat
[Sat Feb 07 04:18:00.501884 2026] [php:error] [pid 87528] [client 4.194.217.214:0] script '/domains/system_suspended/yawa.php' not found or unable to stat
[Sat Feb 07 04:18:00.691660 2026] [php:error] [pid 87518] [client 4.194.217.214:0] script '/domains/csiniaws/system123.php' not found or unable to stat
[Sat Feb 07 04:18:00.726582 2026] [php:error] [pid 87528] [client 4.194.217.214:0] script '/domains/system_suspended/environment.php' not found or unable to stat
[Sat Feb 07 04:18:00.913186 2026] [php:error] [pid 87518] [client 4.194.217.214:0] script '/domains/csiniaws/kjh.php' not found or unable to stat
[Sat Feb 07 04:18:00.951361 2026] [php:error] [pid 87528] [client 4.194.217.214:0] script '/domains/system_suspended/indeex.php' not found or unable to stat
[Sat Feb 07 04:18:01.135060 2026] [php:error] [pid 87518] [client 4.194.217.214:0] script '/domains/csiniaws/geju.php' not found or unable to stat
[Sat Feb 07 04:18:01.175153 2026] [php:error] [pid 87528] [client 4.194.217.214:0] script '/domains/system_suspended/custom-background.php' not found or unable to stat
[Sat Feb 07 04:18:01.356439 2026] [php:error] [pid 87518] [client 4.194.217.214:0] script '/domains/csiniaws/black.php' not found or unable to stat
[Sat Feb 07 04:18:01.414577 2026] [php:error] [pid 87528] [client 4.194.217.214:0] script '/domains/system_suspended/ziwopudm.php' not found or unable to stat
[Sat Feb 07 04:18:01.578525 2026] [php:error] [pid 87518] [client 4.194.217.214:0] script '/domains/csiniaws/img.php' not found or unable to stat
[Sat Feb 07 04:18:01.638572 2026] [php:error] [pid 87528] [client 4.194.217.214:0] script '/domains/system_suspended/alfa-rex.php' not found or unable to stat
[Sat Feb 07 04:18:01.864093 2026] [php:error] [pid 87528] [client 4.194.217.214:0] script '/domains/system_suspended/yanz.php' not found or unable to stat
[Sat Feb 07 04:18:02.088643 2026] [php:error] [pid 87528] [client 4.194.217.214:0] script '/domains/system_suspended/class19.php' not found or unable to stat
[Sat Feb 07 04:18:02.312965 2026] [php:error] [pid 87528] [client 4.194.217.214:0] script '/domains/system_suspended/asasx.php' not found or unable to stat
[Sat Feb 07 04:18:02.537184 2026] [php:error] [pid 87528] [client 4.194.217.214:0] script '/domains/system_suspended/cczkdmdy.php' not found or unable to stat
[Sat Feb 07 04:18:02.780484 2026] [php:error] [pid 87528] [client 4.194.217.214:0] script '/domains/system_suspended/wbbw.php' not found or unable to stat
[Sat Feb 07 04:18:03.004730 2026] [php:error] [pid 87528] [client 4.194.217.214:0] script '/domains/system_suspended/item.php' not found or unable to stat
[Sat Feb 07 04:18:03.229298 2026] [php:error] [pid 87528] [client 4.194.217.214:0] script '/domains/system_suspended/alfashell.php' not found or unable to stat
[Sat Feb 07 04:18:03.938355 2026] [php:error] [pid 87528] [client 4.194.217.214:0] script '/domains/system_suspended/akcc.php' not found or unable to stat
[Sat Feb 07 04:18:04.163832 2026] [php:error] [pid 87528] [client 4.194.217.214:0] script '/domains/system_suspended/aboutc.php' not found or unable to stat
[Sat Feb 07 04:18:04.387700 2026] [php:error] [pid 87528] [client 4.194.217.214:0] script '/domains/system_suspended/oo.php' not found or unable to stat
[Sat Feb 07 04:18:04.844861 2026] [php:error] [pid 87528] [client 4.194.217.214:0] script '/domains/system_suspended/okxh.php' not found or unable to stat
[Sat Feb 07 04:18:05.068987 2026] [php:error] [pid 87528] [client 4.194.217.214:0] script '/domains/system_suspended/log.php' not found or unable to stat
[Sat Feb 07 04:18:05.300410 2026] [php:error] [pid 87528] [client 4.194.217.214:0] script '/domains/system_suspended/gettest.php' not found or unable to stat
[Sat Feb 07 04:18:05.527589 2026] [php:error] [pid 87528] [client 4.194.217.214:0] script '/domains/system_suspended/set.php' not found or unable to stat
[Sat Feb 07 04:18:05.752434 2026] [php:error] [pid 87528] [client 4.194.217.214:0] script '/domains/system_suspended/ioxi.php' not found or unable to stat
[Sat Feb 07 04:18:06.425787 2026] [php:error] [pid 87528] [client 4.194.217.214:0] script '/domains/system_suspended/living.php' not found or unable to stat
[Sat Feb 07 04:18:06.650111 2026] [php:error] [pid 87528] [client 4.194.217.214:0] script '/domains/system_suspended/elp.php' not found or unable to stat
[Sat Feb 07 04:18:06.875399 2026] [php:error] [pid 87528] [client 4.194.217.214:0] script '/domains/system_suspended/dev1s.php' not found or unable to stat
[Sat Feb 07 04:18:07.099179 2026] [php:error] [pid 87528] [client 4.194.217.214:0] script '/domains/system_suspended/az.php' not found or unable to stat
[Sat Feb 07 04:18:07.323236 2026] [php:error] [pid 87528] [client 4.194.217.214:0] script '/domains/system_suspended/yaiid.php' not found or unable to stat
[Sat Feb 07 04:18:07.547474 2026] [php:error] [pid 87528] [client 4.194.217.214:0] script '/domains/system_suspended/siteheads.php' not found or unable to stat
[Sat Feb 07 04:18:07.771772 2026] [php:error] [pid 87528] [client 4.194.217.214:0] script '/domains/system_suspended/zzxy.php' not found or unable to stat
[Sat Feb 07 04:18:08.006694 2026] [php:error] [pid 87528] [client 4.194.217.214:0] script '/domains/system_suspended/about.php' not found or unable to stat
[Sat Feb 07 04:18:08.235201 2026] [php:error] [pid 87528] [client 4.194.217.214:0] script '/domains/system_suspended/revision.php' not found or unable to stat
[Sat Feb 07 04:18:08.462701 2026] [php:error] [pid 87528] [client 4.194.217.214:0] script '/domains/system_suspended/abcd.php' not found or unable to stat
[Sat Feb 07 04:18:08.697376 2026] [php:error] [pid 87528] [client 4.194.217.214:0] script '/domains/system_suspended/wp-4doption1.php' not found or unable to stat
[Sat Feb 07 04:18:09.145522 2026] [php:error] [pid 87528] [client 4.194.217.214:0] script '/domains/system_suspended/kdgok.php' not found or unable to stat
[Sat Feb 07 04:18:09.639370 2026] [php:error] [pid 87540] [client 4.194.217.214:0] script '/domains/system_suspended/wp-themes.php' not found or unable to stat
[Sat Feb 07 04:18:09.872831 2026] [php:error] [pid 87540] [client 4.194.217.214:0] script '/domains/system_suspended/backup.php' not found or unable to stat
[Sat Feb 07 04:18:10.359214 2026] [php:error] [pid 87540] [client 4.194.217.214:0] script '/domains/system_suspended/dropdown.php' not found or unable to stat
[Sat Feb 07 04:18:10.590861 2026] [php:error] [pid 87540] [client 4.194.217.214:0] script '/domains/system_suspended/sx.php' not found or unable to stat
[Sat Feb 07 04:18:10.825878 2026] [php:error] [pid 87540] [client 4.194.217.214:0] script '/domains/system_suspended/wp-site.php' not found or unable to stat
[Sat Feb 07 04:18:11.063184 2026] [php:error] [pid 87540] [client 4.194.217.214:0] script '/domains/system_suspended/fck.php' not found or unable to stat
[Sat Feb 07 04:18:11.297425 2026] [php:error] [pid 87540] [client 4.194.217.214:0] script '/domains/system_suspended/zr.php' not found or unable to stat
[Sat Feb 07 04:18:11.532029 2026] [php:error] [pid 87540] [client 4.194.217.214:0] script '/domains/system_suspended/12.php' not found or unable to stat
[Sat Feb 07 04:18:11.761061 2026] [php:error] [pid 87540] [client 4.194.217.214:0] script '/domains/system_suspended/hilk.php' not found or unable to stat
[Sat Feb 07 04:18:11.989885 2026] [php:error] [pid 87540] [client 4.194.217.214:0] script '/domains/system_suspended/baixy.php' not found or unable to stat
[Sat Feb 07 04:18:12.494418 2026] [php:error] [pid 87540] [client 4.194.217.214:0] script '/domains/system_suspended/wen.php' not found or unable to stat
[Sat Feb 07 04:18:12.738349 2026] [php:error] [pid 87540] [client 4.194.217.214:0] script '/domains/system_suspended/docs.php' not found or unable to stat
[Sat Feb 07 04:18:12.976196 2026] [php:error] [pid 87540] [client 4.194.217.214:0] script '/domains/system_suspended/000.php' not found or unable to stat
[Sat Feb 07 04:18:13.216690 2026] [php:error] [pid 87540] [client 4.194.217.214:0] script '/domains/system_suspended/bgymj.php' not found or unable to stat
[Sat Feb 07 04:18:13.457530 2026] [php:error] [pid 87540] [client 4.194.217.214:0] script '/domains/system_suspended/0x.php' not found or unable to stat
[Sat Feb 07 04:18:13.701697 2026] [php:error] [pid 87540] [client 4.194.217.214:0] script '/domains/system_suspended/wp-ait.php' not found or unable to stat
[Sat Feb 07 04:18:13.935498 2026] [php:error] [pid 87540] [client 4.194.217.214:0] script '/domains/system_suspended/test1.php' not found or unable to stat
[Sat Feb 07 04:18:14.174758 2026] [php:error] [pid 87540] [client 4.194.217.214:0] script '/domains/system_suspended/dex.php' not found or unable to stat
[Sat Feb 07 04:18:14.407699 2026] [php:error] [pid 87540] [client 4.194.217.214:0] script '/domains/system_suspended/xxm.php' not found or unable to stat
[Sat Feb 07 04:18:14.641689 2026] [php:error] [pid 87540] [client 4.194.217.214:0] script '/domains/system_suspended/size.php' not found or unable to stat
[Sat Feb 07 04:18:14.875570 2026] [php:error] [pid 87540] [client 4.194.217.214:0] script '/domains/system_suspended/wb.php' not found or unable to stat
[Sat Feb 07 04:18:15.349163 2026] [php:error] [pid 87540] [client 4.194.217.214:0] script '/domains/system_suspended/mini.php' not found or unable to stat
[Sat Feb 07 04:18:15.610533 2026] [php:error] [pid 87540] [client 4.194.217.214:0] script '/domains/system_suspended/v2.php' not found or unable to stat
[Sat Feb 07 04:18:16.118793 2026] [php:error] [pid 87540] [client 4.194.217.214:0] script '/domains/system_suspended/img.php' not found or unable to stat
[Sat Feb 07 04:18:16.350262 2026] [php:error] [pid 87540] [client 4.194.217.214:0] script '/domains/system_suspended/yifsx.php' not found or unable to stat
[Sat Feb 07 04:18:16.587919 2026] [php:error] [pid 87540] [client 4.194.217.214:0] script '/domains/system_suspended/sym403.php' not found or unable to stat
[Sat Feb 07 04:18:16.817144 2026] [php:error] [pid 87540] [client 4.194.217.214:0] script '/domains/system_suspended/ans.php' not found or unable to stat
[Sat Feb 07 04:18:17.046258 2026] [php:error] [pid 87540] [client 4.194.217.214:0] script '/domains/system_suspended/classwithtostring.php' not found or unable to stat
[Sat Feb 07 04:18:17.288205 2026] [php:error] [pid 87540] [client 4.194.217.214:0] script '/domains/system_suspended/cong.php' not found or unable to stat
[Sat Feb 07 04:18:17.523075 2026] [php:error] [pid 87540] [client 4.194.217.214:0] script '/domains/system_suspended/zoo.php' not found or unable to stat
[Sat Feb 07 04:18:17.752128 2026] [php:error] [pid 87540] [client 4.194.217.214:0] script '/domains/system_suspended/rum.php' not found or unable to stat
[Sat Feb 07 04:18:18.210357 2026] [php:error] [pid 87540] [client 4.194.217.214:0] script '/domains/system_suspended/zwso.php' not found or unable to stat
[Sat Feb 07 04:18:18.445090 2026] [php:error] [pid 87540] [client 4.194.217.214:0] script '/domains/system_suspended/yr.PHP' not found or unable to stat
[Sat Feb 07 04:18:18.674960 2026] [php:error] [pid 87540] [client 4.194.217.214:0] script '/domains/system_suspended/8xyz.php' not found or unable to stat
[Sat Feb 07 04:18:19.366697 2026] [php:error] [pid 87540] [client 4.194.217.214:0] script '/domains/system_suspended/styles.php' not found or unable to stat
[Sat Feb 07 04:18:19.603685 2026] [php:error] [pid 87540] [client 4.194.217.214:0] script '/domains/system_suspended/aq.php' not found or unable to stat
[Sat Feb 07 04:18:19.843179 2026] [php:error] [pid 87540] [client 4.194.217.214:0] script '/domains/system_suspended/lock2.php' not found or unable to stat
[Sat Feb 07 04:18:20.076882 2026] [php:error] [pid 87540] [client 4.194.217.214:0] script '/domains/system_suspended/menu.php' not found or unable to stat
[Sat Feb 07 04:18:20.306370 2026] [php:error] [pid 87540] [client 4.194.217.214:0] script '/domains/system_suspended/vx.php' not found or unable to stat
[Sat Feb 07 04:18:20.535882 2026] [php:error] [pid 87540] [client 4.194.217.214:0] script '/domains/system_suspended/tmpls.php' not found or unable to stat
[Sat Feb 07 04:18:20.776392 2026] [php:error] [pid 87540] [client 4.194.217.214:0] script '/domains/system_suspended/xx.php' not found or unable to stat
[Sat Feb 07 04:18:21.021341 2026] [php:error] [pid 87540] [client 4.194.217.214:0] script '/domains/system_suspended/ran.php' not found or unable to stat
[Sat Feb 07 04:18:21.250515 2026] [php:error] [pid 87540] [client 4.194.217.214:0] script '/domains/system_suspended/priv.php' not found or unable to stat
[Sat Feb 07 04:18:21.479962 2026] [php:error] [pid 87540] [client 4.194.217.214:0] script '/domains/system_suspended/autoload_classmap.php' not found or unable to stat
[Sat Feb 07 04:18:21.709980 2026] [php:error] [pid 87540] [client 4.194.217.214:0] script '/domains/system_suspended/sim.php' not found or unable to stat
[Sat Feb 07 04:18:56.341692 2026] [php:error] [pid 87549] [client 129.150.62.199:0] script '/domains/wsmith.enteract/xmlrpc.php' not found or unable to stat
[Sat Feb 07 04:19:44.033132 2026] [php:error] [pid 87583] [client 62.164.177.240:0] script '/domains/wsmith.enteract/xmlrpc.php' not found or unable to stat
[Sat Feb 07 04:20:15.090272 2026] [php:error] [pid 87587] [client 139.59.254.189:0] script '/domains/machinadynamica/wp-login.php' not found or unable to stat
[Sat Feb 07 04:23:09.459012 2026] [php:error] [pid 87671] [client 34.7.23.125:0] script '/domains/hdickens.enteract/kmnj.php' not found or unable to stat
[Sat Feb 07 04:23:29.771048 2026] [rewrite:error] [pid 87657] [client 17.22.245.17:0] AH10508: Unsafe URL with %3f URL rewritten without UnsafeAllow3F
[Sat Feb 07 04:23:42.442296 2026] [php:error] [pid 87715] [client 34.147.106.129:0] script '/domains/hdickens.enteract/kmnj.php' not found or unable to stat
[Sat Feb 07 04:23:56.321891 2026] [php:error] [pid 87656] [client 62.164.177.240:0] script '/domains/druckrey/xmlrpc.php' not found or unable to stat
[Sat Feb 07 04:24:20.902599 2026] [php:error] [pid 87717] [client 103.203.48.42:0] script '/domains/supolo/login.php' not found or unable to stat
sendmail: invalid recipient `#'
[Sat Feb 07 04:26:24.662191 2026] [cgi:error] [pid 87753] [client 45.84.107.182:0] AH01215: stderr from /domains/nostrada/AdvocateMail.pl: CGI::param called in list context from (eval 10) line 660, this can lead to vulnerabilities. See the warning in "Fetching the value or values of a single named parameter" at /usr/local/lib/perl5/site_perl/CGI.pm line 416., referer: https://www.nostradamus.net/contact.htm
[Sat Feb 07 04:26:35.444117 2026] [php:error] [pid 87761] [client 20.220.144.75:0] script '/domains/system_default/new.php' not found or unable to stat
[Sat Feb 07 04:26:35.473544 2026] [php:error] [pid 87761] [client 20.220.144.75:0] script '/domains/system_default/rip.php' not found or unable to stat
[Sat Feb 07 04:26:35.744685 2026] [php:error] [pid 87761] [client 20.220.144.75:0] script '/domains/system_default/engine.php' not found or unable to stat
[Sat Feb 07 04:26:35.820769 2026] [php:error] [pid 87761] [client 20.220.144.75:0] script '/domains/system_default/radio.php' not found or unable to stat
[Sat Feb 07 04:26:35.845059 2026] [php:error] [pid 87761] [client 20.220.144.75:0] script '/domains/system_default/simple.php' not found or unable to stat
[Sat Feb 07 04:26:35.868966 2026] [php:error] [pid 87761] [client 20.220.144.75:0] script '/domains/system_default/ty.php' not found or unable to stat
[Sat Feb 07 04:26:35.895593 2026] [php:error] [pid 87761] [client 20.220.144.75:0] script '/domains/system_default/doc.php' not found or unable to stat
[Sat Feb 07 04:26:36.048186 2026] [php:error] [pid 87761] [client 20.220.144.75:0] script '/domains/system_default/inputs.php' not found or unable to stat
[Sat Feb 07 04:26:36.083356 2026] [php:error] [pid 87761] [client 20.220.144.75:0] script '/domains/system_default/manager.php' not found or unable to stat
[Sat Feb 07 04:26:36.189413 2026] [php:error] [pid 87761] [client 20.220.144.75:0] script '/domains/system_default/im.php' not found or unable to stat
[Sat Feb 07 04:26:36.335550 2026] [php:error] [pid 87761] [client 20.220.144.75:0] script '/domains/system_default/file5.php' not found or unable to stat
[Sat Feb 07 04:26:36.417964 2026] [php:error] [pid 87761] [client 20.220.144.75:0] script '/domains/system_default/wp-login.php' not found or unable to stat
[Sat Feb 07 04:26:36.531036 2026] [php:error] [pid 87761] [client 20.220.144.75:0] script '/domains/system_default/wp.php' not found or unable to stat
[Sat Feb 07 04:26:36.555078 2026] [php:error] [pid 87761] [client 20.220.144.75:0] script '/domains/system_default/include.php' not found or unable to stat
[Sat Feb 07 04:26:36.588266 2026] [php:error] [pid 87761] [client 20.220.144.75:0] script '/domains/system_default/system_log.php' not found or unable to stat
[Sat Feb 07 04:26:36.619565 2026] [php:error] [pid 87761] [client 20.220.144.75:0] script '/domains/system_default/shell.php' not found or unable to stat
[Sat Feb 07 04:26:36.663901 2026] [php:error] [pid 87761] [client 20.220.144.75:0] script '/domains/system_default/classwithtostring.php' not found or unable to stat
[Sat Feb 07 04:26:36.693940 2026] [php:error] [pid 87761] [client 20.220.144.75:0] script '/domains/system_default/wp-info.php' not found or unable to stat
[Sat Feb 07 04:26:36.719191 2026] [php:error] [pid 87761] [client 20.220.144.75:0] script '/domains/system_default/setup-config.php' not found or unable to stat
[Sat Feb 07 04:26:36.766662 2026] [php:error] [pid 87761] [client 20.220.144.75:0] script '/domains/system_default/6.php' not found or unable to stat
[Sat Feb 07 04:26:37.013744 2026] [php:error] [pid 87761] [client 20.220.144.75:0] script '/domains/system_default/click.php' not found or unable to stat
[Sat Feb 07 04:26:37.095821 2026] [php:error] [pid 87761] [client 20.220.144.75:0] script '/domains/system_default/02.php' not found or unable to stat
[Sat Feb 07 04:26:37.125120 2026] [php:error] [pid 87761] [client 20.220.144.75:0] script '/domains/system_default/alfa.php' not found or unable to stat
[Sat Feb 07 04:26:37.158610 2026] [php:error] [pid 87761] [client 20.220.144.75:0] script '/domains/system_default/b.php' not found or unable to stat
[Sat Feb 07 04:26:37.205427 2026] [php:error] [pid 87761] [client 20.220.144.75:0] script '/domains/system_default/edit.php' not found or unable to stat
[Sat Feb 07 04:26:37.237362 2026] [php:error] [pid 87761] [client 20.220.144.75:0] script '/domains/system_default/moon.php' not found or unable to stat
[Sat Feb 07 04:26:37.344427 2026] [php:error] [pid 87761] [client 20.220.144.75:0] script '/domains/system_default/mini.php' not found or unable to stat
[Sat Feb 07 04:26:37.487065 2026] [php:error] [pid 87761] [client 20.220.144.75:0] script '/domains/system_default/class.php' not found or unable to stat
[Sat Feb 07 04:26:37.517970 2026] [php:error] [pid 87761] [client 20.220.144.75:0] script '/domains/system_default/wso112233.php' not found or unable to stat
[Sat Feb 07 04:26:37.838246 2026] [php:error] [pid 87761] [client 20.220.144.75:0] script '/domains/system_default/file7.php' not found or unable to stat
[Sat Feb 07 04:26:40.010478 2026] [php:error] [pid 87769] [client 34.7.5.127:0] script '/domains/hdickens.enteract/kmnj.php' not found or unable to stat
[Sat Feb 07 04:27:14.865239 2026] [php:error] [pid 87761] [client 91.199.163.58:0] script '/domains/wsmith.enteract/xmlrpc.php' not found or unable to stat
[Sat Feb 07 04:27:16.748227 2026] [php:error] [pid 87767] [client 45.149.173.211:0] script '/domains/king1969/xmlrpc.php' not found or unable to stat
[Sat Feb 07 04:27:39.275291 2026] [php:error] [pid 87784] [client 34.12.42.56:0] script '/domains/hdickens.enteract/kmnj.php' not found or unable to stat
[Sat Feb 07 04:27:41.325598 2026] [php:error] [pid 87784] [client 34.12.42.56:0] script '/domains/hdickens.enteract/kmnj.php' not found or unable to stat
[Sat Feb 07 04:31:39.837030 2026] [php:error] [pid 87893] [client 45.149.173.209:0] script '/domains/byardrealestate/xmlrpc.php' not found or unable to stat
[Sat Feb 07 04:31:41.749564 2026] [php:error] [pid 87894] [client 104.28.235.60:0] script '/domains/kandg-pc/style.php' not found or unable to stat
[Sat Feb 07 04:31:42.182468 2026] [php:error] [pid 87894] [client 104.28.235.60:0] script '/domains/kandg-pc/chosen.php' not found or unable to stat
[Sat Feb 07 04:31:42.250485 2026] [php:error] [pid 87894] [client 104.28.235.60:0] script '/domains/kandg-pc/file.php' not found or unable to stat
[Sat Feb 07 04:31:42.371478 2026] [php:error] [pid 87894] [client 104.28.235.60:0] script '/domains/kandg-pc/flower.php' not found or unable to stat
[Sat Feb 07 04:31:42.493593 2026] [php:error] [pid 87894] [client 104.28.235.60:0] script '/domains/kandg-pc/gifclass.php' not found or unable to stat
[Sat Feb 07 04:31:42.617389 2026] [php:error] [pid 87894] [client 104.28.235.60:0] script '/domains/kandg-pc/bless.php' not found or unable to stat
[Sat Feb 07 04:31:42.683870 2026] [php:error] [pid 87894] [client 104.28.235.60:0] script '/domains/kandg-pc/class-t.api.php' not found or unable to stat
[Sat Feb 07 04:31:42.716012 2026] [core:crit] [pid 87858] (13)Permission denied: [client 114.119.134.230:0] AH00529: /domains/performancepartsinc/graphics/psd/.htaccess pcfg_openfile: unable to check htaccess file, ensure it is readable and that '/domains/performancepartsinc/graphics/psd/' is executable, referer: http://www.performancepartsinc.com/graphics/psd/q.php?%2Fpersonals-in-el-progreso%2F
