[Sat Feb 07 01:33:53.076101 2026] [php:error] [pid 51389] [client 52.169.119.118:0] script '/domains/system_suspended/an.php' not found or unable to stat
[Sat Feb 07 01:33:53.154382 2026] [php:error] [pid 51389] [client 52.169.119.118:0] script '/domains/system_suspended/bs5.php' not found or unable to stat
[Sat Feb 07 01:33:53.225800 2026] [php:error] [pid 51389] [client 52.169.119.118:0] script '/domains/system_suspended/ednse.php' not found or unable to stat
[Sat Feb 07 01:33:53.297298 2026] [php:error] [pid 51389] [client 52.169.119.118:0] script '/domains/system_suspended/fs.php' not found or unable to stat
[Sat Feb 07 01:33:53.368983 2026] [php:error] [pid 51389] [client 52.169.119.118:0] script '/domains/system_suspended/niett.php' not found or unable to stat
[Sat Feb 07 01:33:53.440427 2026] [php:error] [pid 51389] [client 52.169.119.118:0] script '/domains/system_suspended/puibr.php' not found or unable to stat
[Sat Feb 07 01:33:53.511933 2026] [php:error] [pid 51389] [client 52.169.119.118:0] script '/domains/system_suspended/past1.php' not found or unable to stat
[Sat Feb 07 01:33:53.583577 2026] [php:error] [pid 51389] [client 52.169.119.118:0] script '/domains/system_suspended/smp.php' not found or unable to stat
[Sat Feb 07 01:33:56.889900 2026] [php:error] [pid 51391] [client 34.34.24.193:0] script '/domains/hdickens.enteract/kmnj.php' not found or unable to stat
[Sat Feb 07 01:35:16.282684 2026] [include:error] [pid 51387] [client 43.157.188.74:0] AH01371: unknown directive "code" in parsed doc /domains/testregisgroup/index.shtml
[Sat Feb 07 01:35:16.282714 2026] [include:error] [pid 51387] [client 43.157.188.74:0] AH01371: unknown directive "#code" in parsed doc /domains/testregisgroup/index.shtml
[Sat Feb 07 01:35:16.282744 2026] [include:error] [pid 51387] [client 43.157.188.74:0] AH01371: unknown directive "code" in parsed doc /domains/testregisgroup/index.shtml
[Sat Feb 07 01:35:16.282752 2026] [include:error] [pid 51387] [client 43.157.188.74:0] AH01371: unknown directive "code" in parsed doc /domains/testregisgroup/index.shtml
[Sat Feb 07 01:36:09.061494 2026] [php:error] [pid 51428] [client 20.220.144.75:0] script '/domains/agribiz/new.php' not found or unable to stat
[Sat Feb 07 01:36:09.091559 2026] [php:error] [pid 51428] [client 20.220.144.75:0] script '/domains/agribiz/rip.php' not found or unable to stat
[Sat Feb 07 01:36:09.115549 2026] [php:error] [pid 51428] [client 20.220.144.75:0] script '/domains/agribiz/engine.php' not found or unable to stat
[Sat Feb 07 01:36:09.145990 2026] [php:error] [pid 51428] [client 20.220.144.75:0] script '/domains/agribiz/radio.php' not found or unable to stat
[Sat Feb 07 01:36:09.170285 2026] [php:error] [pid 51428] [client 20.220.144.75:0] script '/domains/agribiz/simple.php' not found or unable to stat
[Sat Feb 07 01:36:09.194704 2026] [php:error] [pid 51428] [client 20.220.144.75:0] script '/domains/agribiz/ty.php' not found or unable to stat
[Sat Feb 07 01:36:09.218817 2026] [php:error] [pid 51428] [client 20.220.144.75:0] script '/domains/agribiz/doc.php' not found or unable to stat
[Sat Feb 07 01:36:09.243370 2026] [php:error] [pid 51428] [client 20.220.144.75:0] script '/domains/agribiz/inputs.php' not found or unable to stat
[Sat Feb 07 01:36:09.281137 2026] [php:error] [pid 51428] [client 20.220.144.75:0] script '/domains/agribiz/manager.php' not found or unable to stat
[Sat Feb 07 01:36:09.326166 2026] [php:error] [pid 51428] [client 20.220.144.75:0] script '/domains/agribiz/im.php' not found or unable to stat
[Sat Feb 07 01:36:09.350323 2026] [php:error] [pid 51428] [client 20.220.144.75:0] script '/domains/agribiz/file5.php' not found or unable to stat
[Sat Feb 07 01:36:09.380514 2026] [php:error] [pid 51428] [client 20.220.144.75:0] script '/domains/agribiz/wp-login.php' not found or unable to stat
[Sat Feb 07 01:36:09.410706 2026] [php:error] [pid 51428] [client 20.220.144.75:0] script '/domains/agribiz/wp.php' not found or unable to stat
[Sat Feb 07 01:36:09.441324 2026] [php:error] [pid 51428] [client 20.220.144.75:0] script '/domains/agribiz/include.php' not found or unable to stat
[Sat Feb 07 01:36:09.475031 2026] [php:error] [pid 51428] [client 20.220.144.75:0] script '/domains/agribiz/system_log.php' not found or unable to stat
[Sat Feb 07 01:36:09.502645 2026] [php:error] [pid 51428] [client 20.220.144.75:0] script '/domains/agribiz/shell.php' not found or unable to stat
[Sat Feb 07 01:36:09.527080 2026] [php:error] [pid 51428] [client 20.220.144.75:0] script '/domains/agribiz/classwithtostring.php' not found or unable to stat
[Sat Feb 07 01:36:09.551116 2026] [php:error] [pid 51428] [client 20.220.144.75:0] script '/domains/agribiz/wp-info.php' not found or unable to stat
[Sat Feb 07 01:36:09.580243 2026] [php:error] [pid 51428] [client 20.220.144.75:0] script '/domains/agribiz/setup-config.php' not found or unable to stat
[Sat Feb 07 01:36:09.605028 2026] [php:error] [pid 51428] [client 20.220.144.75:0] script '/domains/agribiz/6.php' not found or unable to stat
[Sat Feb 07 01:36:09.637269 2026] [php:error] [pid 51428] [client 20.220.144.75:0] script '/domains/agribiz/click.php' not found or unable to stat
[Sat Feb 07 01:36:09.661511 2026] [php:error] [pid 51428] [client 20.220.144.75:0] script '/domains/agribiz/02.php' not found or unable to stat
[Sat Feb 07 01:36:09.687360 2026] [php:error] [pid 51428] [client 20.220.144.75:0] script '/domains/agribiz/alfa.php' not found or unable to stat
[Sat Feb 07 01:36:09.722282 2026] [php:error] [pid 51428] [client 20.220.144.75:0] script '/domains/agribiz/b.php' not found or unable to stat
[Sat Feb 07 01:36:09.746899 2026] [php:error] [pid 51428] [client 20.220.144.75:0] script '/domains/agribiz/edit.php' not found or unable to stat
[Sat Feb 07 01:36:09.778211 2026] [php:error] [pid 51428] [client 20.220.144.75:0] script '/domains/agribiz/moon.php' not found or unable to stat
[Sat Feb 07 01:36:09.802340 2026] [php:error] [pid 51428] [client 20.220.144.75:0] script '/domains/agribiz/mini.php' not found or unable to stat
[Sat Feb 07 01:36:09.847198 2026] [php:error] [pid 51428] [client 20.220.144.75:0] script '/domains/agribiz/class.php' not found or unable to stat
[Sat Feb 07 01:36:09.871555 2026] [php:error] [pid 51428] [client 20.220.144.75:0] script '/domains/agribiz/wso112233.php' not found or unable to stat
[Sat Feb 07 01:36:09.895774 2026] [php:error] [pid 51428] [client 20.220.144.75:0] script '/domains/agribiz/file7.php' not found or unable to stat
[Sat Feb 07 01:36:42.971374 2026] [php:error] [pid 51433] [client 34.7.174.51:0] script '/domains/hdickens.enteract/kmnj.php' not found or unable to stat
[Sat Feb 07 01:37:08.470389 2026] [php:error] [pid 51410] [client 195.178.110.109:0] script '/domains/system_default/phpinfo.php' not found or unable to stat
[Sat Feb 07 01:37:11.563879 2026] [php:error] [pid 51436] [client 195.178.110.109:0] script '/domains/system_default/_phpinfo.php' not found or unable to stat
[Sat Feb 07 01:37:26.585581 2026] [php:error] [pid 51442] [client 195.178.110.109:0] script '/domains/system_default/wp-config.php.bak' not found or unable to stat
[Sat Feb 07 01:37:26.988656 2026] [php:error] [pid 51442] [client 195.178.110.109:0] script '/domains/system_default/info.php' not found or unable to stat
[Sat Feb 07 01:37:28.211382 2026] [php:error] [pid 51441] [client 195.178.110.109:0] script '/domains/system_default/server_info.php' not found or unable to stat
[Sat Feb 07 01:37:28.359401 2026] [php:error] [pid 51441] [client 195.178.110.109:0] script '/domains/system_default/app_dev.php' not found or unable to stat
[Sat Feb 07 01:37:28.511397 2026] [php:error] [pid 51441] [client 195.178.110.109:0] script '/domains/system_default/test.php' not found or unable to stat
[Sat Feb 07 01:37:28.702838 2026] [access_compat:error] [pid 51441] [client 195.178.110.109:0] AH01797: client denied by server configuration: /domains/system_default/server-info
[Sat Feb 07 01:37:28.851528 2026] [php:error] [pid 51441] [client 195.178.110.109:0] script '/domains/system_default/server-info.php' not found or unable to stat
[Sat Feb 07 01:40:30.185362 2026] [php:error] [pid 51440] [client 52.169.119.118:0] script '/domains/system_default/c.php' not found or unable to stat
[Sat Feb 07 01:40:30.256264 2026] [php:error] [pid 51440] [client 52.169.119.118:0] script '/domains/system_default/x.php' not found or unable to stat
[Sat Feb 07 01:40:30.327169 2026] [php:error] [pid 51440] [client 52.169.119.118:0] script '/domains/system_default/k.php' not found or unable to stat
[Sat Feb 07 01:40:30.411941 2026] [php:error] [pid 51440] [client 52.169.119.118:0] script '/domains/system_default/prv8.php' not found or unable to stat
[Sat Feb 07 01:40:30.482259 2026] [php:error] [pid 51440] [client 52.169.119.118:0] script '/domains/system_default/shlo.php' not found or unable to stat
[Sat Feb 07 01:40:30.552531 2026] [php:error] [pid 51440] [client 52.169.119.118:0] script '/domains/system_default/itil.php' not found or unable to stat
[Sat Feb 07 01:40:30.633979 2026] [php:error] [pid 51440] [client 52.169.119.118:0] script '/domains/system_default/jack.php' not found or unable to stat
[Sat Feb 07 01:40:30.704284 2026] [php:error] [pid 51440] [client 52.169.119.118:0] script '/domains/system_default/sudo.php' not found or unable to stat
[Sat Feb 07 01:40:30.776150 2026] [php:error] [pid 51440] [client 52.169.119.118:0] script '/domains/system_default/law.php' not found or unable to stat
[Sat Feb 07 01:40:30.847296 2026] [php:error] [pid 51440] [client 52.169.119.118:0] script '/domains/system_default/wp-xx.php' not found or unable to stat
[Sat Feb 07 01:40:30.917603 2026] [php:error] [pid 51440] [client 52.169.119.118:0] script '/domains/system_default/st.php' not found or unable to stat
[Sat Feb 07 01:40:31.058103 2026] [php:error] [pid 51440] [client 52.169.119.118:0] script '/domains/system_default/oxse.php' not found or unable to stat
[Sat Feb 07 01:40:31.128759 2026] [php:error] [pid 51440] [client 52.169.119.118:0] script '/domains/system_default/dropdown.php' not found or unable to stat
[Sat Feb 07 01:40:31.199581 2026] [php:error] [pid 51440] [client 52.169.119.118:0] script '/domains/system_default/AxAo.php' not found or unable to stat
[Sat Feb 07 01:40:31.270277 2026] [php:error] [pid 51440] [client 52.169.119.118:0] script '/domains/system_default/assacc.php' not found or unable to stat
[Sat Feb 07 01:40:31.340721 2026] [php:error] [pid 51440] [client 52.169.119.118:0] script '/domains/system_default/men.php' not found or unable to stat
[Sat Feb 07 01:40:31.411064 2026] [php:error] [pid 51440] [client 52.169.119.118:0] script '/domains/system_default/test2.php' not found or unable to stat
[Sat Feb 07 01:40:31.483186 2026] [php:error] [pid 51440] [client 52.169.119.118:0] script '/domains/system_default/v4.php' not found or unable to stat
[Sat Feb 07 01:40:31.553910 2026] [php:error] [pid 51440] [client 52.169.119.118:0] script '/domains/system_default/wo.php' not found or unable to stat
[Sat Feb 07 01:40:31.624436 2026] [php:error] [pid 51440] [client 52.169.119.118:0] script '/domains/system_default/whm-cp.php' not found or unable to stat
[Sat Feb 07 01:40:31.695303 2026] [php:error] [pid 51440] [client 52.169.119.118:0] script '/domains/system_default/pu.php' not found or unable to stat
[Sat Feb 07 01:40:31.766007 2026] [php:error] [pid 51440] [client 52.169.119.118:0] script '/domains/system_default/resp.php' not found or unable to stat
[Sat Feb 07 01:40:31.836739 2026] [php:error] [pid 51440] [client 52.169.119.118:0] script '/domains/system_default/za2.php' not found or unable to stat
[Sat Feb 07 01:40:31.907039 2026] [php:error] [pid 51440] [client 52.169.119.118:0] script '/domains/system_default/z.php' not found or unable to stat
[Sat Feb 07 01:40:31.977701 2026] [php:error] [pid 51440] [client 52.169.119.118:0] script '/domains/system_default/gmanz.php' not found or unable to stat
[Sat Feb 07 01:40:32.048385 2026] [php:error] [pid 51440] [client 52.169.119.118:0] script '/domains/system_default/zzz.php' not found or unable to stat
[Sat Feb 07 01:40:32.119333 2026] [php:error] [pid 51440] [client 52.169.119.118:0] script '/domains/system_default/codehu.php' not found or unable to stat
[Sat Feb 07 01:40:32.189500 2026] [php:error] [pid 51440] [client 52.169.119.118:0] script '/domains/system_default/resp.php' not found or unable to stat
[Sat Feb 07 01:40:32.470473 2026] [php:error] [pid 51440] [client 52.169.119.118:0] script '/domains/system_default/jga.php' not found or unable to stat
[Sat Feb 07 01:40:32.541123 2026] [php:error] [pid 51440] [client 52.169.119.118:0] script '/domains/system_default/an.php' not found or unable to stat
[Sat Feb 07 01:40:32.611832 2026] [php:error] [pid 51440] [client 52.169.119.118:0] script '/domains/system_default/bs5.php' not found or unable to stat
[Sat Feb 07 01:40:32.682224 2026] [php:error] [pid 51440] [client 52.169.119.118:0] script '/domains/system_default/ednse.php' not found or unable to stat
[Sat Feb 07 01:40:32.752709 2026] [php:error] [pid 51440] [client 52.169.119.118:0] script '/domains/system_default/fs.php' not found or unable to stat
[Sat Feb 07 01:40:32.823519 2026] [php:error] [pid 51440] [client 52.169.119.118:0] script '/domains/system_default/niett.php' not found or unable to stat
[Sat Feb 07 01:40:32.894710 2026] [php:error] [pid 51440] [client 52.169.119.118:0] script '/domains/system_default/puibr.php' not found or unable to stat
[Sat Feb 07 01:40:32.972210 2026] [php:error] [pid 51440] [client 52.169.119.118:0] script '/domains/system_default/past1.php' not found or unable to stat
[Sat Feb 07 01:40:33.042992 2026] [php:error] [pid 51440] [client 52.169.119.118:0] script '/domains/system_default/smp.php' not found or unable to stat
[Sat Feb 07 01:40:55.516582 2026] [php:error] [pid 51461] [client 103.137.74.11:0] script '/domains/performancepartsinc/images/BRmHwFj7.php' not found or unable to stat
[Sat Feb 07 01:41:05.369190 2026] [php:error] [pid 51461] [client 103.137.74.11:0] script '/domains/performancepartsinc/images/BRmHwFj7.php' not found or unable to stat
[Sat Feb 07 01:41:17.581955 2026] [php:error] [pid 51451] [client 52.169.206.229:0] script '/domains/rainho/new4.php' not found or unable to stat
[Sat Feb 07 01:41:17.654694 2026] [php:error] [pid 51451] [client 52.169.206.229:0] script '/domains/rainho/V2_xml.php' not found or unable to stat
[Sat Feb 07 01:41:17.727095 2026] [php:error] [pid 51451] [client 52.169.206.229:0] script '/domains/rainho/nw.php' not found or unable to stat
[Sat Feb 07 01:41:17.908982 2026] [php:error] [pid 51451] [client 52.169.206.229:0] script '/domains/rainho/nnyvn.php' not found or unable to stat
[Sat Feb 07 01:41:18.015443 2026] [php:error] [pid 51451] [client 52.169.206.229:0] script '/domains/rainho/cu.php' not found or unable to stat
[Sat Feb 07 01:41:18.181632 2026] [php:error] [pid 51451] [client 52.169.206.229:0] script '/domains/rainho/lul.php' not found or unable to stat
[Sat Feb 07 01:41:18.321941 2026] [php:error] [pid 51451] [client 52.169.206.229:0] script '/domains/rainho/0.php' not found or unable to stat
[Sat Feb 07 01:41:18.431017 2026] [php:error] [pid 51451] [client 52.169.206.229:0] script '/domains/rainho/ya.php' not found or unable to stat
[Sat Feb 07 01:41:18.535266 2026] [php:error] [pid 51451] [client 52.169.206.229:0] script '/domains/rainho/xmff.php' not found or unable to stat
[Sat Feb 07 01:41:18.643681 2026] [php:error] [pid 51451] [client 52.169.206.229:0] script '/domains/rainho/oDR.php' not found or unable to stat
[Sat Feb 07 01:41:18.716209 2026] [php:error] [pid 51451] [client 52.169.206.229:0] script '/domains/rainho/ftem.php' not found or unable to stat
[Sat Feb 07 01:41:18.882951 2026] [php:error] [pid 51451] [client 52.169.206.229:0] script '/domains/rainho/Ova-Simple.php' not found or unable to stat
[Sat Feb 07 01:41:18.970104 2026] [php:error] [pid 51451] [client 52.169.206.229:0] script '/domains/rainho/wp-access.php' not found or unable to stat
[Sat Feb 07 01:41:19.072818 2026] [php:error] [pid 51451] [client 52.169.206.229:0] script '/domains/rainho/a1vx.php' not found or unable to stat
[Sat Feb 07 01:41:19.182792 2026] [php:error] [pid 51451] [client 52.169.206.229:0] script '/domains/rainho/sbhu.php' not found or unable to stat
[Sat Feb 07 01:41:19.255480 2026] [php:error] [pid 51451] [client 52.169.206.229:0] script '/domains/rainho/wp-the.php' not found or unable to stat
[Sat Feb 07 01:41:19.349495 2026] [php:error] [pid 51451] [client 52.169.206.229:0] script '/domains/rainho/06.php' not found or unable to stat
[Sat Feb 07 01:41:19.440258 2026] [php:error] [pid 51451] [client 52.169.206.229:0] script '/domains/rainho/wp5.php' not found or unable to stat
[Sat Feb 07 01:41:19.556755 2026] [php:error] [pid 51451] [client 52.169.206.229:0] script '/domains/rainho/te.php' not found or unable to stat
[Sat Feb 07 01:41:19.661855 2026] [php:error] [pid 51451] [client 52.169.206.229:0] script '/domains/rainho/fot.php' not found or unable to stat
[Sat Feb 07 01:41:19.765849 2026] [php:error] [pid 51451] [client 52.169.206.229:0] script '/domains/rainho/x--krood.php' not found or unable to stat
[Sat Feb 07 01:41:19.846991 2026] [php:error] [pid 51451] [client 52.169.206.229:0] script '/domains/rainho/ff1.php' not found or unable to stat
[Sat Feb 07 01:41:20.019604 2026] [php:error] [pid 51451] [client 52.169.206.229:0] script '/domains/rainho/406.php' not found or unable to stat
[Sat Feb 07 01:41:20.118085 2026] [php:error] [pid 51451] [client 52.169.206.229:0] script '/domains/rainho/forbidals.php' not found or unable to stat
[Sat Feb 07 01:41:20.199292 2026] [php:error] [pid 51451] [client 52.169.206.229:0] script '/domains/rainho/vdb.php' not found or unable to stat
[Sat Feb 07 01:41:20.308142 2026] [php:error] [pid 51451] [client 52.169.206.229:0] script '/domains/rainho/erty.php' not found or unable to stat
[Sat Feb 07 01:41:20.382069 2026] [php:error] [pid 51451] [client 52.169.206.229:0] script '/domains/rainho/dev1s.php' not found or unable to stat
[Sat Feb 07 01:41:20.470577 2026] [php:error] [pid 51451] [client 52.169.206.229:0] script '/domains/rainho/ffd.php' not found or unable to stat
[Sat Feb 07 01:41:20.626966 2026] [php:error] [pid 51451] [client 52.169.206.229:0] script '/domains/rainho/anna.php' not found or unable to stat
[Sat Feb 07 01:41:20.705325 2026] [php:error] [pid 51451] [client 52.169.206.229:0] script '/domains/rainho/admiin.php' not found or unable to stat
[Sat Feb 07 01:41:21.037504 2026] [php:error] [pid 51451] [client 52.169.206.229:0] script '/domains/rainho/ol.php' not found or unable to stat
[Sat Feb 07 01:41:21.111677 2026] [php:error] [pid 51451] [client 52.169.206.229:0] script '/domains/rainho/jmfi2.php' not found or unable to stat
[Sat Feb 07 01:41:21.184350 2026] [php:error] [pid 51451] [client 52.169.206.229:0] script '/domains/rainho/ez.php' not found or unable to stat
[Sat Feb 07 01:41:21.342187 2026] [php:error] [pid 51451] [client 52.169.206.229:0] script '/domains/rainho/Sanskrit.php' not found or unable to stat
[Sat Feb 07 01:41:21.453168 2026] [php:error] [pid 51451] [client 52.169.206.229:0] script '/domains/rainho/vxrl.php' not found or unable to stat
[Sat Feb 07 01:41:21.632026 2026] [php:error] [pid 51451] [client 52.169.206.229:0] script '/domains/rainho/re.php' not found or unable to stat
[Sat Feb 07 01:41:21.719485 2026] [php:error] [pid 51451] [client 52.169.206.229:0] script '/domains/rainho/cfile.php' not found or unable to stat
[Sat Feb 07 01:41:21.792207 2026] [php:error] [pid 51451] [client 52.169.206.229:0] script '/domains/rainho/num.php' not found or unable to stat
[Sat Feb 07 01:41:21.880971 2026] [php:error] [pid 51451] [client 52.169.206.229:0] script '/domains/rainho/axx.php' not found or unable to stat
[Sat Feb 07 01:41:21.953181 2026] [php:error] [pid 51451] [client 52.169.206.229:0] script '/domains/rainho/vxrl.php' not found or unable to stat
[Sat Feb 07 01:41:22.149552 2026] [php:error] [pid 51451] [client 52.169.206.229:0] script '/domains/rainho/in.php' not found or unable to stat
[Sat Feb 07 01:41:22.300641 2026] [php:error] [pid 51451] [client 52.169.206.229:0] script '/domains/rainho/style.php' not found or unable to stat
[Sat Feb 07 01:41:22.373659 2026] [php:error] [pid 51451] [client 52.169.206.229:0] script '/domains/rainho/style2.php' not found or unable to stat
[Sat Feb 07 01:41:22.565671 2026] [php:error] [pid 51451] [client 52.169.206.229:0] script '/domains/rainho/we.php' not found or unable to stat
[Sat Feb 07 01:41:22.681676 2026] [php:error] [pid 51451] [client 52.169.206.229:0] script '/domains/rainho/zwso.php' not found or unable to stat
[Sat Feb 07 01:41:22.849116 2026] [php:error] [pid 51451] [client 52.169.206.229:0] script '/domains/rainho/wsback.php' not found or unable to stat
[Sat Feb 07 01:41:22.968161 2026] [php:error] [pid 51451] [client 52.169.206.229:0] script '/domains/rainho/pm.php' not found or unable to stat
[Sat Feb 07 01:41:23.041628 2026] [php:error] [pid 51465] [client 103.137.74.11:0] script '/domains/performancepartsinc/images/BRmHwFj7.php' not found or unable to stat
[Sat Feb 07 01:41:23.043668 2026] [php:error] [pid 51451] [client 52.169.206.229:0] script '/domains/rainho/karak.php' not found or unable to stat
[Sat Feb 07 01:41:23.184974 2026] [php:error] [pid 51451] [client 52.169.206.229:0] script '/domains/rainho/trd.php' not found or unable to stat
[Sat Feb 07 01:41:23.272693 2026] [php:error] [pid 51451] [client 52.169.206.229:0] script '/domains/rainho/past.php' not found or unable to stat
[Sat Feb 07 01:41:23.345789 2026] [php:error] [pid 51451] [client 52.169.206.229:0] script '/domains/rainho/prv8.php' not found or unable to stat
[Sat Feb 07 01:41:23.457455 2026] [php:error] [pid 51451] [client 52.169.206.229:0] script '/domains/rainho/i.php' not found or unable to stat
[Sat Feb 07 01:41:23.661671 2026] [php:error] [pid 51451] [client 52.169.206.229:0] script '/domains/rainho/xmlrpc.php' not found or unable to stat
[Sat Feb 07 01:41:23.739223 2026] [php:error] [pid 51451] [client 52.169.206.229:0] script '/domains/rainho/super.php' not found or unable to stat
[Sat Feb 07 01:41:23.822926 2026] [php:error] [pid 51451] [client 52.169.206.229:0] script '/domains/rainho/aw.php' not found or unable to stat
[Sat Feb 07 01:41:23.910779 2026] [php:error] [pid 51451] [client 52.169.206.229:0] script '/domains/rainho/dev.php' not found or unable to stat
[Sat Feb 07 01:41:24.009025 2026] [php:error] [pid 51451] [client 52.169.206.229:0] script '/domains/rainho/lock360.php' not found or unable to stat
[Sat Feb 07 01:41:24.113021 2026] [php:error] [pid 51451] [client 52.169.206.229:0] script '/domains/rainho/155.php' not found or unable to stat
[Sat Feb 07 01:41:24.220956 2026] [php:error] [pid 51451] [client 52.169.206.229:0] script '/domains/rainho/goat.php' not found or unable to stat
[Sat Feb 07 01:41:24.322723 2026] [php:error] [pid 51451] [client 52.169.206.229:0] script '/domains/rainho/wp-gr.php' not found or unable to stat
[Sat Feb 07 01:41:24.437791 2026] [php:error] [pid 51451] [client 52.169.206.229:0] script '/domains/rainho/tcp.php' not found or unable to stat
[Sat Feb 07 01:41:24.536677 2026] [php:error] [pid 51451] [client 52.169.206.229:0] script '/domains/rainho/ext.php' not found or unable to stat
[Sat Feb 07 01:41:24.609889 2026] [php:error] [pid 51451] [client 52.169.206.229:0] script '/domains/rainho/jlex3.php' not found or unable to stat
[Sat Feb 07 01:41:24.726032 2026] [php:error] [pid 51451] [client 52.169.206.229:0] script '/domains/rainho/inputs.php' not found or unable to stat
[Sat Feb 07 01:41:24.798664 2026] [php:error] [pid 51451] [client 52.169.206.229:0] script '/domains/rainho/ioxi.php' not found or unable to stat
[Sat Feb 07 01:41:25.375602 2026] [php:error] [pid 51451] [client 52.169.206.229:0] script '/domains/rainho/fe5.php' not found or unable to stat
[Sat Feb 07 01:41:25.448166 2026] [php:error] [pid 51451] [client 52.169.206.229:0] script '/domains/rainho/ov.php' not found or unable to stat
[Sat Feb 07 01:41:25.541016 2026] [php:error] [pid 51451] [client 52.169.206.229:0] script '/domains/rainho/file2.php' not found or unable to stat
[Sat Feb 07 01:41:25.834847 2026] [php:error] [pid 51451] [client 52.169.206.229:0] script '/domains/rainho/default.php' not found or unable to stat
[Sat Feb 07 01:41:26.024073 2026] [php:error] [pid 51451] [client 52.169.206.229:0] script '/domains/rainho/goods.php' not found or unable to stat
[Sat Feb 07 01:41:26.100780 2026] [php:error] [pid 51451] [client 52.169.206.229:0] script '/domains/rainho/abcd.php' not found or unable to stat
[Sat Feb 07 01:41:26.188385 2026] [php:error] [pid 51451] [client 52.169.206.229:0] script '/domains/rainho/ioxi2.php' not found or unable to stat
[Sat Feb 07 01:41:26.302620 2026] [php:error] [pid 51451] [client 52.169.206.229:0] script '/domains/rainho/nope.php' not found or unable to stat
[Sat Feb 07 01:41:26.342092 2026] [php:error] [pid 51440] [client 20.219.8.79:0] script '/domains/proinc/rip.php' not found or unable to stat
[Sat Feb 07 01:41:26.378886 2026] [php:error] [pid 51451] [client 52.169.206.229:0] script '/domains/rainho/class.1.php' not found or unable to stat
[Sat Feb 07 01:41:26.485661 2026] [php:error] [pid 51451] [client 52.169.206.229:0] script '/domains/rainho/file5.php' not found or unable to stat
[Sat Feb 07 01:41:26.555639 2026] [php:error] [pid 51440] [client 20.219.8.79:0] script '/domains/proinc/ms-edit.php' not found or unable to stat
[Sat Feb 07 01:41:26.603729 2026] [php:error] [pid 51451] [client 52.169.206.229:0] script '/domains/rainho/async.php' not found or unable to stat
[Sat Feb 07 01:41:26.677207 2026] [php:error] [pid 51451] [client 52.169.206.229:0] script '/domains/rainho/file17.php' not found or unable to stat
[Sat Feb 07 01:41:26.750098 2026] [php:error] [pid 51451] [client 52.169.206.229:0] script '/domains/rainho/ff.php' not found or unable to stat
[Sat Feb 07 01:41:26.774517 2026] [php:error] [pid 51440] [client 20.219.8.79:0] script '/domains/proinc/about.php' not found or unable to stat
[Sat Feb 07 01:41:26.822659 2026] [php:error] [pid 51451] [client 52.169.206.229:0] script '/domains/rainho/ioxi-o.php' not found or unable to stat
[Sat Feb 07 01:41:26.895263 2026] [php:error] [pid 51451] [client 52.169.206.229:0] script '/domains/rainho/manager.php' not found or unable to stat
[Sat Feb 07 01:41:26.967659 2026] [php:error] [pid 51451] [client 52.169.206.229:0] script '/domains/rainho/system_log.php' not found or unable to stat
[Sat Feb 07 01:41:27.087990 2026] [php:error] [pid 51451] [client 52.169.206.229:0] script '/domains/rainho/wp-update.php' not found or unable to stat
[Sat Feb 07 01:41:27.171853 2026] [php:error] [pid 51451] [client 52.169.206.229:0] script '/domains/rainho/file.php' not found or unable to stat
[Sat Feb 07 01:41:27.326548 2026] [php:error] [pid 51451] [client 52.169.206.229:0] script '/domains/rainho/520.php' not found or unable to stat
[Sat Feb 07 01:41:27.430082 2026] [php:error] [pid 51440] [client 20.219.8.79:0] script '/domains/proinc/admin.php' not found or unable to stat
[Sat Feb 07 01:41:27.643521 2026] [php:error] [pid 51440] [client 20.219.8.79:0] script '/domains/proinc/ioxi-o.php' not found or unable to stat
[Sat Feb 07 01:41:27.807932 2026] [php:error] [pid 51451] [client 52.169.206.229:0] script '/domains/rainho/Ova-Simple.php' not found or unable to stat
[Sat Feb 07 01:41:27.880800 2026] [php:error] [pid 51451] [client 52.169.206.229:0] script '/domains/rainho/lc.php' not found or unable to stat
[Sat Feb 07 01:41:27.953391 2026] [php:error] [pid 51451] [client 52.169.206.229:0] script '/domains/rainho/hexx.php' not found or unable to stat
[Sat Feb 07 01:41:28.069447 2026] [php:error] [pid 51451] [client 52.169.206.229:0] script '/domains/rainho/cbrfo.php' not found or unable to stat
[Sat Feb 07 01:41:28.095645 2026] [php:error] [pid 51440] [client 20.219.8.79:0] script '/domains/proinc/adminfuns.php' not found or unable to stat
[Sat Feb 07 01:41:28.142726 2026] [php:error] [pid 51451] [client 52.169.206.229:0] script '/domains/rainho/inc.php' not found or unable to stat
[Sat Feb 07 01:41:28.226844 2026] [php:error] [pid 51451] [client 52.169.206.229:0] script '/domains/rainho/jquery.php' not found or unable to stat
[Sat Feb 07 01:41:28.311773 2026] [php:error] [pid 51451] [client 52.169.206.229:0] script '/domains/rainho/gifclass.php' not found or unable to stat
[Sat Feb 07 01:41:28.409335 2026] [php:error] [pid 51451] [client 52.169.206.229:0] script '/domains/rainho/miansha.php' not found or unable to stat
[Sat Feb 07 01:41:28.484714 2026] [php:error] [pid 51451] [client 52.169.206.229:0] script '/domains/rainho/tinyfilemanager.php' not found or unable to stat
[Sat Feb 07 01:41:28.719659 2026] [php:error] [pid 51451] [client 52.169.206.229:0] script '/domains/rainho/ok.php' not found or unable to stat
[Sat Feb 07 01:41:28.762586 2026] [php:error] [pid 51440] [client 20.219.8.79:0] script '/domains/proinc/goods.php' not found or unable to stat
[Sat Feb 07 01:41:28.825993 2026] [php:error] [pid 51451] [client 52.169.206.229:0] script '/domains/rainho/fi.php' not found or unable to stat
[Sat Feb 07 01:41:28.900275 2026] [php:error] [pid 51451] [client 52.169.206.229:0] script '/domains/rainho/muzu.php' not found or unable to stat
[Sat Feb 07 01:41:28.982007 2026] [php:error] [pid 51440] [client 20.219.8.79:0] script '/domains/proinc/sf.php' not found or unable to stat
[Sat Feb 07 01:41:29.124117 2026] [php:error] [pid 51428] [client 52.169.206.229:0] script '/domains/rainho/reze.php' not found or unable to stat
[Sat Feb 07 01:41:29.195398 2026] [php:error] [pid 51428] [client 52.169.206.229:0] script '/domains/rainho/styll.php' not found or unable to stat
[Sat Feb 07 01:41:29.265694 2026] [php:error] [pid 51428] [client 52.169.206.229:0] script '/domains/rainho/x7.php' not found or unable to stat
[Sat Feb 07 01:41:29.523735 2026] [php:error] [pid 51428] [client 52.169.206.229:0] script '/domains/rainho/thebe.php' not found or unable to stat
[Sat Feb 07 01:41:29.607251 2026] [php:error] [pid 51428] [client 52.169.206.229:0] script '/domains/rainho/ddd.php' not found or unable to stat
[Sat Feb 07 01:41:29.690363 2026] [php:error] [pid 51428] [client 52.169.206.229:0] script '/domains/rainho/ccs.php' not found or unable to stat
[Sat Feb 07 01:41:29.798347 2026] [php:error] [pid 51428] [client 52.169.206.229:0] script '/domains/rainho/f355.php' not found or unable to stat
[Sat Feb 07 01:41:29.869050 2026] [php:error] [pid 51428] [client 52.169.206.229:0] script '/domains/rainho/bgymj.php' not found or unable to stat
[Sat Feb 07 01:41:29.945888 2026] [php:error] [pid 51428] [client 52.169.206.229:0] script '/domains/rainho/8xyz.php' not found or unable to stat
[Sat Feb 07 01:41:30.053961 2026] [php:error] [pid 51428] [client 52.169.206.229:0] script '/domains/rainho/la.php' not found or unable to stat
[Sat Feb 07 01:41:30.165433 2026] [php:error] [pid 51428] [client 52.169.206.229:0] script '/domains/rainho/ioxi.php' not found or unable to stat
[Sat Feb 07 01:41:30.235918 2026] [php:error] [pid 51428] [client 52.169.206.229:0] script '/domains/rainho/xpwer1.php' not found or unable to stat
[Sat Feb 07 01:41:30.326187 2026] [php:error] [pid 51428] [client 52.169.206.229:0] script '/domains/rainho/lala.php' not found or unable to stat
[Sat Feb 07 01:41:30.429621 2026] [php:error] [pid 51428] [client 52.169.206.229:0] script '/domains/rainho/about.php' not found or unable to stat
[Sat Feb 07 01:41:30.546057 2026] [php:error] [pid 51461] [client 104.28.246.115:0] script '/domains/system_suspended/style.php' not found or unable to stat
[Sat Feb 07 01:41:30.806140 2026] [php:error] [pid 51428] [client 52.169.206.229:0] script '/domains/rainho/info.php' not found or unable to stat
[Sat Feb 07 01:41:30.858959 2026] [php:error] [pid 51461] [client 104.28.246.115:0] script '/domains/system_suspended/chosen.php' not found or unable to stat
[Sat Feb 07 01:41:30.876170 2026] [php:error] [pid 51428] [client 52.169.206.229:0] script '/domains/rainho/about.php' not found or unable to stat
[Sat Feb 07 01:41:30.921545 2026] [php:error] [pid 51461] [client 104.28.246.115:0] script '/domains/system_suspended/file.php' not found or unable to stat
[Sat Feb 07 01:41:30.970064 2026] [php:error] [pid 51440] [client 20.219.8.79:0] script '/domains/proinc/222.php' not found or unable to stat
[Sat Feb 07 01:41:30.982421 2026] [php:error] [pid 51461] [client 104.28.246.115:0] script '/domains/system_suspended/flower.php' not found or unable to stat
[Sat Feb 07 01:41:31.094183 2026] [php:error] [pid 51461] [client 104.28.246.115:0] script '/domains/system_suspended/gifclass.php' not found or unable to stat
[Sat Feb 07 01:41:31.146364 2026] [php:error] [pid 51428] [client 52.169.206.229:0] script '/domains/rainho/222.php' not found or unable to stat
[Sat Feb 07 01:41:31.159131 2026] [php:error] [pid 51461] [client 104.28.246.115:0] script '/domains/system_suspended/bless.php' not found or unable to stat
[Sat Feb 07 01:41:31.190296 2026] [php:error] [pid 51440] [client 20.219.8.79:0] script '/domains/proinc/abcd.php' not found or unable to stat
[Sat Feb 07 01:41:31.222635 2026] [php:error] [pid 51461] [client 104.28.246.115:0] script '/domains/system_suspended/class-t.api.php' not found or unable to stat
[Sat Feb 07 01:41:31.317480 2026] [php:error] [pid 51428] [client 52.169.206.229:0] script '/domains/rainho/adminfuns.php' not found or unable to stat
[Sat Feb 07 01:41:31.326428 2026] [php:error] [pid 51461] [client 104.28.246.115:0] script '/domains/system_suspended/blurbs.php' not found or unable to stat
[Sat Feb 07 01:41:31.403341 2026] [php:error] [pid 51440] [client 20.219.8.79:0] script '/domains/proinc/class-t.api.php' not found or unable to stat
[Sat Feb 07 01:41:31.436817 2026] [php:error] [pid 51461] [client 104.28.246.115:0] script '/domains/system_suspended/akcc.php' not found or unable to stat
[Sat Feb 07 01:41:31.497744 2026] [php:error] [pid 51461] [client 104.28.246.115:0] script '/domains/system_suspended/abcd.php' not found or unable to stat
[Sat Feb 07 01:41:31.607513 2026] [php:error] [pid 51428] [client 52.169.206.229:0] script '/domains/rainho/xx.php' not found or unable to stat
[Sat Feb 07 01:41:31.608894 2026] [php:error] [pid 51461] [client 104.28.246.115:0] script '/domains/system_suspended/shelp.php' not found or unable to stat
[Sat Feb 07 01:41:31.637239 2026] [php:error] [pid 51440] [client 20.219.8.79:0] script '/domains/proinc/classwithtostring.php' not found or unable to stat
[Sat Feb 07 01:41:31.674460 2026] [php:error] [pid 51461] [client 104.28.246.115:0] script '/domains/system_suspended/cord.php' not found or unable to stat
[Sat Feb 07 01:41:31.736325 2026] [php:error] [pid 51461] [client 104.28.246.115:0] script '/domains/system_suspended/dex.php' not found or unable to stat
[Sat Feb 07 01:41:31.757688 2026] [php:error] [pid 51428] [client 52.169.206.229:0] script '/domains/rainho/f5.php' not found or unable to stat
[Sat Feb 07 01:41:31.864175 2026] [php:error] [pid 51461] [client 104.28.246.115:0] script '/domains/system_suspended/file2.php' not found or unable to stat
[Sat Feb 07 01:41:31.868962 2026] [php:error] [pid 51440] [client 20.219.8.79:0] script '/domains/proinc/file.php' not found or unable to stat
[Sat Feb 07 01:41:31.925963 2026] [php:error] [pid 51461] [client 104.28.246.115:0] script '/domains/system_suspended/zwso.php' not found or unable to stat
[Sat Feb 07 01:41:31.936142 2026] [php:error] [pid 51428] [client 52.169.206.229:0] script '/domains/rainho/f6.php' not found or unable to stat
[Sat Feb 07 01:41:32.074135 2026] [php:error] [pid 51428] [client 52.169.206.229:0] script '/domains/rainho/edit.php' not found or unable to stat
[Sat Feb 07 01:41:32.089668 2026] [php:error] [pid 51440] [client 20.219.8.79:0] script '/domains/proinc/info.php' not found or unable to stat
[Sat Feb 07 01:41:32.110567 2026] [php:error] [pid 51461] [client 104.28.246.115:0] script '/domains/system_suspended/bolt.php' not found or unable to stat
[Sat Feb 07 01:41:32.171882 2026] [php:error] [pid 51461] [client 104.28.246.115:0] script '/domains/system_suspended/shlo.php' not found or unable to stat
[Sat Feb 07 01:41:32.177590 2026] [php:error] [pid 51428] [client 52.169.206.229:0] script '/domains/rainho/aa.php' not found or unable to stat
[Sat Feb 07 01:41:32.234728 2026] [php:error] [pid 51461] [client 104.28.246.115:0] script '/domains/system_suspended/133.php' not found or unable to stat
[Sat Feb 07 01:41:32.296803 2026] [php:error] [pid 51461] [client 104.28.246.115:0] script '/domains/system_suspended/ahax.php' not found or unable to stat
[Sat Feb 07 01:41:32.358964 2026] [php:error] [pid 51461] [client 104.28.246.115:0] script '/domains/system_suspended/php8.php' not found or unable to stat
[Sat Feb 07 01:41:32.402446 2026] [php:error] [pid 51428] [client 52.169.206.229:0] script '/domains/rainho/av.php' not found or unable to stat
[Sat Feb 07 01:41:32.424365 2026] [php:error] [pid 51461] [client 104.28.246.115:0] script '/domains/system_suspended/lufix1.php' not found or unable to stat
[Sat Feb 07 01:41:32.531314 2026] [php:error] [pid 51461] [client 104.28.246.115:0] script '/domains/system_suspended/witmm.php' not found or unable to stat
[Sat Feb 07 01:41:32.596820 2026] [php:error] [pid 51428] [client 52.169.206.229:0] script '/domains/rainho/wsd.php' not found or unable to stat
[Sat Feb 07 01:41:32.732663 2026] [php:error] [pid 51428] [client 52.169.206.229:0] script '/domains/rainho/jane.php' not found or unable to stat
[Sat Feb 07 01:41:32.805971 2026] [php:error] [pid 51428] [client 52.169.206.229:0] script '/domains/rainho/css.php' not found or unable to stat
[Sat Feb 07 01:41:32.825614 2026] [php:error] [pid 51461] [client 104.28.246.115:0] script '/domains/system_suspended/ioxi-o.php' not found or unable to stat
[Sat Feb 07 01:41:32.886408 2026] [php:error] [pid 51461] [client 104.28.246.115:0] script '/domains/system_suspended/222.php' not found or unable to stat
[Sat Feb 07 01:41:32.908132 2026] [php:error] [pid 51428] [client 52.169.206.229:0] script '/domains/rainho/alfa.php' not found or unable to stat
[Sat Feb 07 01:41:32.947770 2026] [php:error] [pid 51461] [client 104.28.246.115:0] script '/domains/system_suspended/files.php' not found or unable to stat
[Sat Feb 07 01:41:32.980015 2026] [php:error] [pid 51428] [client 52.169.206.229:0] script '/domains/rainho/wen.php' not found or unable to stat
[Sat Feb 07 01:41:33.008880 2026] [php:error] [pid 51461] [client 104.28.246.115:0] script '/domains/system_suspended/wp-editor.php' not found or unable to stat
[Sat Feb 07 01:41:33.093619 2026] [php:error] [pid 51428] [client 52.169.206.229:0] script '/domains/rainho/x.php' not found or unable to stat
[Sat Feb 07 01:41:33.121771 2026] [php:error] [pid 51461] [client 104.28.246.115:0] script '/domains/system_suspended/txets.php' not found or unable to stat
[Sat Feb 07 01:41:33.285574 2026] [php:error] [pid 51428] [client 52.169.206.229:0] script '/domains/rainho/xxxx.php' not found or unable to stat
[Sat Feb 07 01:41:33.356973 2026] [php:error] [pid 51461] [client 104.28.246.115:0] script '/domains/system_suspended/postnews.php' not found or unable to stat
[Sat Feb 07 01:41:33.388491 2026] [php:error] [pid 51428] [client 52.169.206.229:0] script '/domains/rainho/class.php' not found or unable to stat
[Sat Feb 07 01:41:33.459285 2026] [php:error] [pid 51428] [client 52.169.206.229:0] script '/domains/rainho/f35.php' not found or unable to stat
[Sat Feb 07 01:41:33.808489 2026] [php:error] [pid 51440] [client 20.219.8.79:0] script '/domains/proinc/wp-good.php' not found or unable to stat
[Sat Feb 07 01:41:33.953436 2026] [php:error] [pid 51428] [client 52.169.206.229:0] script '/domains/rainho/blurbs18.php' not found or unable to stat
[Sat Feb 07 01:41:34.872148 2026] [php:error] [pid 51428] [client 52.169.206.229:0] script '/domains/rainho/init.php' not found or unable to stat
[Sat Feb 07 01:41:35.070064 2026] [php:error] [pid 51428] [client 52.169.206.229:0] script '/domains/rainho/k.php' not found or unable to stat
[Sat Feb 07 01:41:35.230716 2026] [php:error] [pid 51428] [client 52.169.206.229:0] script '/domains/rainho/bless.php' not found or unable to stat
[Sat Feb 07 01:41:35.357093 2026] [php:error] [pid 51428] [client 52.169.206.229:0] script '/domains/rainho/X7x.php' not found or unable to stat
[Sat Feb 07 01:41:35.427418 2026] [php:error] [pid 51428] [client 52.169.206.229:0] script '/domains/rainho/166.php' not found or unable to stat
[Sat Feb 07 01:41:35.585625 2026] [php:error] [pid 51428] [client 52.169.206.229:0] script '/domains/rainho/plss3.php' not found or unable to stat
[Sat Feb 07 01:41:35.782670 2026] [php:error] [pid 51428] [client 52.169.206.229:0] script '/domains/rainho/temp.php' not found or unable to stat
[Sat Feb 07 01:41:35.853696 2026] [php:error] [pid 51428] [client 52.169.206.229:0] script '/domains/rainho/admins.php' not found or unable to stat
[Sat Feb 07 01:41:35.962666 2026] [php:error] [pid 51428] [client 52.169.206.229:0] script '/domains/rainho/wp.php' not found or unable to stat
[Sat Feb 07 01:41:36.095407 2026] [php:error] [pid 51428] [client 52.169.206.229:0] script '/domains/rainho/main.php' not found or unable to stat
[Sat Feb 07 01:41:36.199944 2026] [php:error] [pid 51428] [client 52.169.206.229:0] script '/domains/rainho/a1.php' not found or unable to stat
[Sat Feb 07 01:41:36.317184 2026] [php:error] [pid 51428] [client 52.169.206.229:0] script '/domains/rainho/lala.php' not found or unable to stat
[Sat Feb 07 01:41:36.393652 2026] [php:error] [pid 51428] [client 52.169.206.229:0] script '/domains/rainho/aaa.php' not found or unable to stat
[Sat Feb 07 01:41:36.470771 2026] [php:error] [pid 51428] [client 52.169.206.229:0] script '/domains/rainho/a2.php' not found or unable to stat
[Sat Feb 07 01:41:36.786143 2026] [php:error] [pid 51428] [client 52.169.206.229:0] script '/domains/rainho/nyan.php' not found or unable to stat
[Sat Feb 07 01:41:36.856767 2026] [php:error] [pid 51428] [client 52.169.206.229:0] script '/domains/rainho/jsond.php' not found or unable to stat
[Sat Feb 07 01:41:43.974914 2026] [php:error] [pid 51469] [client 103.137.74.11:0] script '/domains/performancepartsinc/images/BRmHwFj7.php' not found or unable to stat
[Sat Feb 07 01:42:33.174638 2026] [php:error] [pid 51467] [client 103.137.74.11:0] script '/domains/performancepartsinc/images/BRmHwFj7.php' not found or unable to stat
[Sat Feb 07 01:42:46.663033 2026] [php:error] [pid 51469] [client 34.178.32.242:0] script '/domains/hdickens.enteract/kmnj.php' not found or unable to stat
[Sat Feb 07 01:42:52.140558 2026] [php:error] [pid 51466] [client 103.137.74.11:0] script '/domains/performancepartsinc/images/BRmHwFj7.php' not found or unable to stat
[Sat Feb 07 01:43:08.660729 2026] [php:error] [pid 51466] [client 103.137.74.11:0] script '/domains/performancepartsinc/images/BRmHwFj7.php' not found or unable to stat
[Sat Feb 07 01:43:18.029355 2026] [php:error] [pid 51466] [client 103.137.74.11:0] script '/domains/performancepartsinc/images/BRmHwFj7.php' not found or unable to stat
[Sat Feb 07 01:43:23.288233 2026] [php:error] [pid 51466] [client 103.137.74.11:0] script '/domains/performancepartsinc/images/BRmHwFj7.php' not found or unable to stat
[Sat Feb 07 01:43:34.335484 2026] [php:error] [pid 51479] [client 103.137.74.11:0] script '/domains/performancepartsinc/images/BRmHwFj7.php' not found or unable to stat
[Sat Feb 07 01:43:41.597519 2026] [php:error] [pid 51481] [client 103.137.74.11:0] script '/domains/performancepartsinc/images/BRmHwFj7.php' not found or unable to stat
[Sat Feb 07 01:43:50.226506 2026] [php:error] [pid 51481] [client 103.137.74.11:0] script '/domains/performancepartsinc/images/BRmHwFj7.php' not found or unable to stat
[Sat Feb 07 01:45:28.801791 2026] [php:error] [pid 51477] [client 158.173.154.163:0] script '/domains/apunderkofler/wp-login.php' not found or unable to stat
[Sat Feb 07 01:46:47.437228 2026] [rewrite:error] [pid 51451] [client 17.22.253.240:0] AH10508: Unsafe URL with %3f URL rewritten without UnsafeAllow3F
[Sat Feb 07 01:47:02.982736 2026] [php:error] [pid 57127] [client 40.115.138.121:0] script '/domains/system_cancel/rip.php' not found or unable to stat
[Sat Feb 07 01:47:03.145458 2026] [php:error] [pid 57127] [client 40.115.138.121:0] script '/domains/system_cancel/ms-edit.php' not found or unable to stat
[Sat Feb 07 01:47:03.307417 2026] [php:error] [pid 57127] [client 40.115.138.121:0] script '/domains/system_cancel/about.php' not found or unable to stat
[Sat Feb 07 01:47:03.813323 2026] [php:error] [pid 57127] [client 40.115.138.121:0] script '/domains/system_cancel/admin.php' not found or unable to stat
[Sat Feb 07 01:47:03.975029 2026] [php:error] [pid 57127] [client 40.115.138.121:0] script '/domains/system_cancel/ioxi-o.php' not found or unable to stat
[Sat Feb 07 01:47:04.305424 2026] [php:error] [pid 57127] [client 40.115.138.121:0] script '/domains/system_cancel/adminfuns.php' not found or unable to stat
[Sat Feb 07 01:47:06.653807 2026] [php:error] [pid 57127] [client 40.115.138.121:0] script '/domains/system_cancel/abcd.php' not found or unable to stat
[Sat Feb 07 01:47:06.824014 2026] [php:error] [pid 57127] [client 40.115.138.121:0] script '/domains/system_cancel/class-t.api.php' not found or unable to stat
[Sat Feb 07 01:47:06.985600 2026] [php:error] [pid 57127] [client 40.115.138.121:0] script '/domains/system_cancel/classwithtostring.php' not found or unable to stat
[Sat Feb 07 01:47:07.327648 2026] [php:error] [pid 57127] [client 40.115.138.121:0] script '/domains/system_cancel/info.php' not found or unable to stat
[Sat Feb 07 01:47:09.487333 2026] [php:error] [pid 57134] [client 216.244.66.232:0] script '/domains/hdickens.enteract/kmnj.php' not found or unable to stat
[Sat Feb 07 01:51:27.549270 2026] [core:crit] [pid 57156] (13)Permission denied: [client 114.119.150.248:0] AH00529: /domains/dcarlone/test/web/.htaccess pcfg_openfile: unable to check htaccess file, ensure it is readable and that '/domains/dcarlone/test/web/' is executable, referer: http://www.carloneassociates.com/test/web/i.php/girlfriend-hangs-out-with-guy-she-used-to-hook-up-with/
[Sat Feb 07 01:53:00.756542 2026] [rewrite:error] [pid 57155] [client 17.22.245.240:0] AH10508: Unsafe URL with %3f URL rewritten without UnsafeAllow3F
[Sat Feb 07 01:53:42.707778 2026] [php:error] [pid 57174] [client 34.6.25.99:0] script '/domains/hdickens.enteract/kmnj.php' not found or unable to stat
[Sat Feb 07 01:54:00.342832 2026] [php:error] [pid 57183] [client 20.220.144.75:0] script '/domains/homesbyaudrey1/bgymj.php' not found or unable to stat
[Sat Feb 07 01:54:00.374246 2026] [php:error] [pid 57183] [client 20.220.144.75:0] script '/domains/homesbyaudrey1/ms-edit.php' not found or unable to stat
[Sat Feb 07 01:54:00.399974 2026] [php:error] [pid 57183] [client 20.220.144.75:0] script '/domains/homesbyaudrey1/ws38.php' not found or unable to stat
[Sat Feb 07 01:54:00.424123 2026] [php:error] [pid 57183] [client 20.220.144.75:0] script '/domains/homesbyaudrey1/bnn_.php' not found or unable to stat
[Sat Feb 07 01:54:00.451566 2026] [php:error] [pid 57183] [client 20.220.144.75:0] script '/domains/homesbyaudrey1/app.php' not found or unable to stat
[Sat Feb 07 01:54:00.480331 2026] [php:error] [pid 57183] [client 20.220.144.75:0] script '/domains/homesbyaudrey1/166.php' not found or unable to stat
[Sat Feb 07 01:54:00.506721 2026] [php:error] [pid 57183] [client 20.220.144.75:0] script '/domains/homesbyaudrey1/reze.php' not found or unable to stat
[Sat Feb 07 01:54:00.554814 2026] [php:error] [pid 57183] [client 20.220.144.75:0] script '/domains/homesbyaudrey1/lib.php' not found or unable to stat
[Sat Feb 07 01:54:00.586917 2026] [php:error] [pid 57183] [client 20.220.144.75:0] script '/domains/homesbyaudrey1/wwx.php' not found or unable to stat
[Sat Feb 07 01:54:00.615841 2026] [php:error] [pid 57183] [client 20.220.144.75:0] script '/domains/homesbyaudrey1/classwithtostring.php' not found or unable to stat
[Sat Feb 07 01:54:00.647052 2026] [php:error] [pid 57183] [client 20.220.144.75:0] script '/domains/homesbyaudrey1/uploaxa1.php' not found or unable to stat
[Sat Feb 07 01:54:00.706262 2026] [php:error] [pid 57183] [client 20.220.144.75:0] script '/domains/homesbyaudrey1/rzzaq.php' not found or unable to stat
[Sat Feb 07 01:55:39.210848 2026] [php:error] [pid 57175] [client 139.59.254.189:0] script '/domains/conceptlabs1/wp-login.php' not found or unable to stat
[Sat Feb 07 01:57:49.191619 2026] [php:error] [pid 57210] [client 68.183.226.196:0] script '/domains/markrose/wp-login.php' not found or unable to stat
[Sat Feb 07 01:57:54.640874 2026] [php:error] [pid 57210] [client 68.183.226.196:0] script '/domains/markrose/wp-login.php' not found or unable to stat, referer: http://www.zompist.com/wp-login.php
[Sat Feb 07 01:57:55.089162 2026] [php:error] [pid 57210] [client 68.183.226.196:0] script '/domains/markrose/wp-login.php' not found or unable to stat, referer: http://www.zompist.com/wp-login.php
[Sat Feb 07 01:57:55.536152 2026] [php:error] [pid 57210] [client 68.183.226.196:0] script '/domains/markrose/wp-login.php' not found or unable to stat, referer: http://www.zompist.com/wp-login.php
[Sat Feb 07 01:57:55.984983 2026] [php:error] [pid 57210] [client 68.183.226.196:0] script '/domains/markrose/wp-login.php' not found or unable to stat, referer: http://www.zompist.com/wp-login.php
[Sat Feb 07 01:57:56.455101 2026] [php:error] [pid 57210] [client 68.183.226.196:0] script '/domains/markrose/wp-login.php' not found or unable to stat, referer: http://www.zompist.com/wp-login.php
[Sat Feb 07 01:57:56.921067 2026] [php:error] [pid 57210] [client 68.183.226.196:0] script '/domains/markrose/wp-login.php' not found or unable to stat, referer: http://www.zompist.com/wp-login.php
