[Sat Feb 07 05:35:25.876405 2026] [php:error] [pid 99781] [client 104.28.235.60:0] script '/domains/gk3c/133.php' not found or unable to stat
[Sat Feb 07 05:35:25.990428 2026] [php:error] [pid 99781] [client 104.28.235.60:0] script '/domains/gk3c/ahax.php' not found or unable to stat
[Sat Feb 07 05:35:26.100468 2026] [php:error] [pid 99781] [client 104.28.235.60:0] script '/domains/gk3c/php8.php' not found or unable to stat
[Sat Feb 07 05:35:26.186707 2026] [php:error] [pid 99781] [client 104.28.235.60:0] script '/domains/gk3c/lufix1.php' not found or unable to stat
[Sat Feb 07 05:35:26.256062 2026] [php:error] [pid 99829] [client 104.28.235.60:0] script '/domains/egmaweb/style.php' not found or unable to stat
[Sat Feb 07 05:35:26.292091 2026] [php:error] [pid 99781] [client 104.28.235.60:0] script '/domains/gk3c/witmm.php' not found or unable to stat
[Sat Feb 07 05:35:26.662337 2026] [php:error] [pid 99829] [client 104.28.235.60:0] script '/domains/egmaweb/chosen.php' not found or unable to stat
[Sat Feb 07 05:35:26.662689 2026] [php:error] [pid 99781] [client 104.28.235.60:0] script '/domains/gk3c/ioxi-o.php' not found or unable to stat
[Sat Feb 07 05:35:26.730187 2026] [php:error] [pid 99829] [client 104.28.235.60:0] script '/domains/egmaweb/file.php' not found or unable to stat
[Sat Feb 07 05:35:26.752290 2026] [php:error] [pid 99781] [client 104.28.235.60:0] script '/domains/gk3c/222.php' not found or unable to stat
[Sat Feb 07 05:35:26.812403 2026] [php:error] [pid 99829] [client 104.28.235.60:0] script '/domains/egmaweb/flower.php' not found or unable to stat
[Sat Feb 07 05:35:26.861338 2026] [php:error] [pid 99781] [client 104.28.235.60:0] script '/domains/gk3c/files.php' not found or unable to stat
[Sat Feb 07 05:35:26.880402 2026] [php:error] [pid 99829] [client 104.28.235.60:0] script '/domains/egmaweb/gifclass.php' not found or unable to stat
[Sat Feb 07 05:35:26.948731 2026] [php:error] [pid 99781] [client 104.28.235.60:0] script '/domains/gk3c/wp-editor.php' not found or unable to stat
[Sat Feb 07 05:35:26.969022 2026] [php:error] [pid 99829] [client 104.28.235.60:0] script '/domains/egmaweb/bless.php' not found or unable to stat
[Sat Feb 07 05:35:27.039656 2026] [php:error] [pid 99781] [client 104.28.235.60:0] script '/domains/gk3c/txets.php' not found or unable to stat
[Sat Feb 07 05:35:27.060076 2026] [php:error] [pid 99829] [client 104.28.235.60:0] script '/domains/egmaweb/class-t.api.php' not found or unable to stat
[Sat Feb 07 05:35:27.155720 2026] [php:error] [pid 99829] [client 104.28.235.60:0] script '/domains/egmaweb/blurbs.php' not found or unable to stat
[Sat Feb 07 05:35:27.225828 2026] [php:error] [pid 99829] [client 104.28.235.60:0] script '/domains/egmaweb/akcc.php' not found or unable to stat
[Sat Feb 07 05:35:27.307506 2026] [php:error] [pid 99829] [client 104.28.235.60:0] script '/domains/egmaweb/abcd.php' not found or unable to stat
[Sat Feb 07 05:35:27.336559 2026] [php:error] [pid 99781] [client 104.28.235.60:0] script '/domains/gk3c/postnews.php' not found or unable to stat
[Sat Feb 07 05:35:27.400782 2026] [php:error] [pid 99829] [client 104.28.235.60:0] script '/domains/egmaweb/shelp.php' not found or unable to stat
[Sat Feb 07 05:35:27.441190 2026] [php:error] [pid 99838] [client 104.28.235.60:0] script '/domains/tbarnhil/style.php' not found or unable to stat
[Sat Feb 07 05:35:27.478955 2026] [php:error] [pid 99829] [client 104.28.235.60:0] script '/domains/egmaweb/cord.php' not found or unable to stat
[Sat Feb 07 05:35:27.572702 2026] [php:error] [pid 99829] [client 104.28.235.60:0] script '/domains/egmaweb/dex.php' not found or unable to stat
[Sat Feb 07 05:35:27.730889 2026] [php:error] [pid 99829] [client 104.28.235.60:0] script '/domains/egmaweb/file2.php' not found or unable to stat
[Sat Feb 07 05:35:27.798105 2026] [php:error] [pid 99829] [client 104.28.235.60:0] script '/domains/egmaweb/zwso.php' not found or unable to stat
[Sat Feb 07 05:35:27.973908 2026] [php:error] [pid 99827] [client 104.28.235.59:0] script '/domains/hofficer1/style.php' not found or unable to stat
[Sat Feb 07 05:35:27.975952 2026] [php:error] [pid 99838] [client 104.28.235.60:0] script '/domains/tbarnhil/chosen.php' not found or unable to stat
[Sat Feb 07 05:35:28.026843 2026] [php:error] [pid 99829] [client 104.28.235.60:0] script '/domains/egmaweb/bolt.php' not found or unable to stat
[Sat Feb 07 05:35:28.070820 2026] [php:error] [pid 99838] [client 104.28.235.60:0] script '/domains/tbarnhil/file.php' not found or unable to stat
[Sat Feb 07 05:35:28.094277 2026] [php:error] [pid 99829] [client 104.28.235.60:0] script '/domains/egmaweb/shlo.php' not found or unable to stat
[Sat Feb 07 05:35:28.174971 2026] [php:error] [pid 99829] [client 104.28.235.60:0] script '/domains/egmaweb/133.php' not found or unable to stat
[Sat Feb 07 05:35:28.209288 2026] [php:error] [pid 99838] [client 104.28.235.60:0] script '/domains/tbarnhil/flower.php' not found or unable to stat
[Sat Feb 07 05:35:28.242564 2026] [php:error] [pid 99829] [client 104.28.235.60:0] script '/domains/egmaweb/ahax.php' not found or unable to stat
[Sat Feb 07 05:35:28.331637 2026] [php:error] [pid 99829] [client 104.28.235.60:0] script '/domains/egmaweb/php8.php' not found or unable to stat
[Sat Feb 07 05:35:28.348381 2026] [php:error] [pid 99827] [client 104.28.235.59:0] script '/domains/hofficer1/chosen.php' not found or unable to stat
[Sat Feb 07 05:35:28.350295 2026] [php:error] [pid 99838] [client 104.28.235.60:0] script '/domains/tbarnhil/gifclass.php' not found or unable to stat
[Sat Feb 07 05:35:28.401163 2026] [php:error] [pid 99829] [client 104.28.235.60:0] script '/domains/egmaweb/lufix1.php' not found or unable to stat
[Sat Feb 07 05:35:28.416530 2026] [php:error] [pid 99827] [client 104.28.235.59:0] script '/domains/hofficer1/file.php' not found or unable to stat
[Sat Feb 07 05:35:28.439736 2026] [php:error] [pid 99838] [client 104.28.235.60:0] script '/domains/tbarnhil/bless.php' not found or unable to stat
[Sat Feb 07 05:35:28.468190 2026] [php:error] [pid 99829] [client 104.28.235.60:0] script '/domains/egmaweb/witmm.php' not found or unable to stat
[Sat Feb 07 05:35:28.484046 2026] [php:error] [pid 99827] [client 104.28.235.59:0] script '/domains/hofficer1/flower.php' not found or unable to stat
[Sat Feb 07 05:35:28.553358 2026] [php:error] [pid 99827] [client 104.28.235.59:0] script '/domains/hofficer1/gifclass.php' not found or unable to stat
[Sat Feb 07 05:35:28.585865 2026] [php:error] [pid 99838] [client 104.28.235.60:0] script '/domains/tbarnhil/class-t.api.php' not found or unable to stat
[Sat Feb 07 05:35:28.622336 2026] [php:error] [pid 99827] [client 104.28.235.59:0] script '/domains/hofficer1/bless.php' not found or unable to stat
[Sat Feb 07 05:35:28.674801 2026] [php:error] [pid 99838] [client 104.28.235.60:0] script '/domains/tbarnhil/blurbs.php' not found or unable to stat
[Sat Feb 07 05:35:28.690211 2026] [php:error] [pid 99827] [client 104.28.235.59:0] script '/domains/hofficer1/class-t.api.php' not found or unable to stat
[Sat Feb 07 05:35:28.764356 2026] [php:error] [pid 99829] [client 104.28.235.60:0] script '/domains/egmaweb/ioxi-o.php' not found or unable to stat
[Sat Feb 07 05:35:28.778339 2026] [php:error] [pid 99827] [client 104.28.235.59:0] script '/domains/hofficer1/blurbs.php' not found or unable to stat
[Sat Feb 07 05:35:28.812903 2026] [php:error] [pid 99838] [client 104.28.235.60:0] script '/domains/tbarnhil/akcc.php' not found or unable to stat
[Sat Feb 07 05:35:28.848895 2026] [php:error] [pid 99827] [client 104.28.235.59:0] script '/domains/hofficer1/akcc.php' not found or unable to stat
[Sat Feb 07 05:35:28.857958 2026] [php:error] [pid 99829] [client 104.28.235.60:0] script '/domains/egmaweb/222.php' not found or unable to stat
[Sat Feb 07 05:35:28.917656 2026] [php:error] [pid 99827] [client 104.28.235.59:0] script '/domains/hofficer1/abcd.php' not found or unable to stat
[Sat Feb 07 05:35:28.926586 2026] [php:error] [pid 99829] [client 104.28.235.60:0] script '/domains/egmaweb/files.php' not found or unable to stat
[Sat Feb 07 05:35:28.956758 2026] [php:error] [pid 99838] [client 104.28.235.60:0] script '/domains/tbarnhil/abcd.php' not found or unable to stat
[Sat Feb 07 05:35:28.997890 2026] [php:error] [pid 99827] [client 104.28.235.59:0] script '/domains/hofficer1/shelp.php' not found or unable to stat
[Sat Feb 07 05:35:29.013877 2026] [php:error] [pid 99829] [client 104.28.235.60:0] script '/domains/egmaweb/wp-editor.php' not found or unable to stat
[Sat Feb 07 05:35:29.044942 2026] [php:error] [pid 99838] [client 104.28.235.60:0] script '/domains/tbarnhil/shelp.php' not found or unable to stat
[Sat Feb 07 05:35:29.095888 2026] [php:error] [pid 99827] [client 104.28.235.59:0] script '/domains/hofficer1/cord.php' not found or unable to stat
[Sat Feb 07 05:35:29.109605 2026] [php:error] [pid 99829] [client 104.28.235.60:0] script '/domains/egmaweb/txets.php' not found or unable to stat
[Sat Feb 07 05:35:29.132618 2026] [php:error] [pid 99838] [client 104.28.235.60:0] script '/domains/tbarnhil/cord.php' not found or unable to stat
[Sat Feb 07 05:35:29.163223 2026] [php:error] [pid 99827] [client 104.28.235.59:0] script '/domains/hofficer1/dex.php' not found or unable to stat
[Sat Feb 07 05:35:29.193732 2026] [core:crit] [pid 99813] (13)Permission denied: [client 114.119.154.39:0] AH00529: /domains/dcarlone/test/web/.htaccess pcfg_openfile: unable to check htaccess file, ensure it is readable and that '/domains/dcarlone/test/web/' is executable, referer: http://www.carloneassociates.com/test/web/i.php/mature-swingers/
[Sat Feb 07 05:35:29.247689 2026] [php:error] [pid 99838] [client 104.28.235.60:0] script '/domains/tbarnhil/dex.php' not found or unable to stat
[Sat Feb 07 05:35:29.313291 2026] [php:error] [pid 99827] [client 104.28.235.59:0] script '/domains/hofficer1/file2.php' not found or unable to stat
[Sat Feb 07 05:35:29.314911 2026] [php:error] [pid 99829] [client 104.28.235.60:0] script '/domains/egmaweb/postnews.php' not found or unable to stat
[Sat Feb 07 05:35:29.405409 2026] [php:error] [pid 99827] [client 104.28.235.59:0] script '/domains/hofficer1/zwso.php' not found or unable to stat
[Sat Feb 07 05:35:29.428421 2026] [php:error] [pid 99838] [client 104.28.235.60:0] script '/domains/tbarnhil/file2.php' not found or unable to stat
[Sat Feb 07 05:35:29.516970 2026] [php:error] [pid 99838] [client 104.28.235.60:0] script '/domains/tbarnhil/zwso.php' not found or unable to stat
[Sat Feb 07 05:35:29.608244 2026] [php:error] [pid 99827] [client 104.28.235.59:0] script '/domains/hofficer1/bolt.php' not found or unable to stat
[Sat Feb 07 05:35:29.675532 2026] [php:error] [pid 99827] [client 104.28.235.59:0] script '/domains/hofficer1/shlo.php' not found or unable to stat
[Sat Feb 07 05:35:29.742607 2026] [php:error] [pid 99827] [client 104.28.235.59:0] script '/domains/hofficer1/133.php' not found or unable to stat
[Sat Feb 07 05:35:29.839526 2026] [php:error] [pid 99827] [client 104.28.235.59:0] script '/domains/hofficer1/ahax.php' not found or unable to stat
[Sat Feb 07 05:35:29.872160 2026] [php:error] [pid 99838] [client 104.28.235.60:0] script '/domains/tbarnhil/bolt.php' not found or unable to stat
[Sat Feb 07 05:35:29.909598 2026] [php:error] [pid 99827] [client 104.28.235.59:0] script '/domains/hofficer1/php8.php' not found or unable to stat
[Sat Feb 07 05:35:29.976178 2026] [php:error] [pid 99827] [client 104.28.235.59:0] script '/domains/hofficer1/lufix1.php' not found or unable to stat
[Sat Feb 07 05:35:30.009194 2026] [php:error] [pid 99838] [client 104.28.235.60:0] script '/domains/tbarnhil/shlo.php' not found or unable to stat
[Sat Feb 07 05:35:30.047675 2026] [php:error] [pid 99827] [client 104.28.235.59:0] script '/domains/hofficer1/witmm.php' not found or unable to stat
[Sat Feb 07 05:35:30.149446 2026] [php:error] [pid 99838] [client 104.28.235.60:0] script '/domains/tbarnhil/133.php' not found or unable to stat
[Sat Feb 07 05:35:30.238689 2026] [php:error] [pid 99838] [client 104.28.235.60:0] script '/domains/tbarnhil/ahax.php' not found or unable to stat
[Sat Feb 07 05:35:30.320982 2026] [php:error] [pid 99827] [client 104.28.235.59:0] script '/domains/hofficer1/ioxi-o.php' not found or unable to stat
[Sat Feb 07 05:35:30.381510 2026] [php:error] [pid 99838] [client 104.28.235.60:0] script '/domains/tbarnhil/php8.php' not found or unable to stat
[Sat Feb 07 05:35:30.387324 2026] [php:error] [pid 99827] [client 104.28.235.59:0] script '/domains/hofficer1/222.php' not found or unable to stat
[Sat Feb 07 05:35:30.469134 2026] [php:error] [pid 99838] [client 104.28.235.60:0] script '/domains/tbarnhil/lufix1.php' not found or unable to stat
[Sat Feb 07 05:35:30.473719 2026] [php:error] [pid 99827] [client 104.28.235.59:0] script '/domains/hofficer1/files.php' not found or unable to stat
[Sat Feb 07 05:35:30.542324 2026] [php:error] [pid 99827] [client 104.28.235.59:0] script '/domains/hofficer1/wp-editor.php' not found or unable to stat
[Sat Feb 07 05:35:30.559375 2026] [php:error] [pid 99838] [client 104.28.235.60:0] script '/domains/tbarnhil/witmm.php' not found or unable to stat
[Sat Feb 07 05:35:30.610627 2026] [php:error] [pid 99827] [client 104.28.235.59:0] script '/domains/hofficer1/txets.php' not found or unable to stat
[Sat Feb 07 05:35:30.878063 2026] [php:error] [pid 99827] [client 104.28.235.59:0] script '/domains/hofficer1/postnews.php' not found or unable to stat
[Sat Feb 07 05:35:30.910088 2026] [php:error] [pid 99838] [client 104.28.235.60:0] script '/domains/tbarnhil/ioxi-o.php' not found or unable to stat
[Sat Feb 07 05:35:30.996784 2026] [php:error] [pid 99838] [client 104.28.235.60:0] script '/domains/tbarnhil/222.php' not found or unable to stat
[Sat Feb 07 05:35:31.088228 2026] [php:error] [pid 99838] [client 104.28.235.60:0] script '/domains/tbarnhil/files.php' not found or unable to stat
[Sat Feb 07 05:35:31.175507 2026] [php:error] [pid 99838] [client 104.28.235.60:0] script '/domains/tbarnhil/wp-editor.php' not found or unable to stat
[Sat Feb 07 05:35:31.262192 2026] [php:error] [pid 99838] [client 104.28.235.60:0] script '/domains/tbarnhil/txets.php' not found or unable to stat
[Sat Feb 07 05:35:31.578645 2026] [php:error] [pid 99838] [client 104.28.235.60:0] script '/domains/tbarnhil/postnews.php' not found or unable to stat
[Sat Feb 07 05:35:49.783887 2026] [php:error] [pid 99827] [client 20.151.2.11:0] script '/domains/egmaweb/bgymj.php' not found or unable to stat
[Sat Feb 07 05:35:49.813972 2026] [php:error] [pid 99827] [client 20.151.2.11:0] script '/domains/egmaweb/ms-edit.php' not found or unable to stat
[Sat Feb 07 05:35:49.842354 2026] [php:error] [pid 99827] [client 20.151.2.11:0] script '/domains/egmaweb/ws38.php' not found or unable to stat
[Sat Feb 07 05:35:49.900773 2026] [php:error] [pid 99827] [client 20.151.2.11:0] script '/domains/egmaweb/bnn_.php' not found or unable to stat
[Sat Feb 07 05:35:49.934027 2026] [php:error] [pid 99827] [client 20.151.2.11:0] script '/domains/egmaweb/app.php' not found or unable to stat
[Sat Feb 07 05:35:49.962950 2026] [php:error] [pid 99827] [client 20.151.2.11:0] script '/domains/egmaweb/166.php' not found or unable to stat
[Sat Feb 07 05:35:49.990378 2026] [php:error] [pid 99827] [client 20.151.2.11:0] script '/domains/egmaweb/reze.php' not found or unable to stat
[Sat Feb 07 05:35:50.018089 2026] [php:error] [pid 99827] [client 20.151.2.11:0] script '/domains/egmaweb/lib.php' not found or unable to stat
[Sat Feb 07 05:35:50.041926 2026] [php:error] [pid 99827] [client 20.151.2.11:0] script '/domains/egmaweb/wwx.php' not found or unable to stat
[Sat Feb 07 05:35:50.065736 2026] [php:error] [pid 99827] [client 20.151.2.11:0] script '/domains/egmaweb/classwithtostring.php' not found or unable to stat
[Sat Feb 07 05:35:50.089617 2026] [php:error] [pid 99827] [client 20.151.2.11:0] script '/domains/egmaweb/uploaxa1.php' not found or unable to stat
[Sat Feb 07 05:35:50.360193 2026] [php:error] [pid 99827] [client 20.151.2.11:0] script '/domains/egmaweb/rzzaq.php' not found or unable to stat
[Sat Feb 07 05:36:00.391081 2026] [php:error] [pid 99829] [client 35.204.227.82:0] script '/domains/hdickens.enteract/kmnj.php' not found or unable to stat
[Sat Feb 07 05:37:46.279773 2026] [php:error] [pid 99841] [client 4.217.180.34:0] script '/domains/quintet/file.php' not found or unable to stat
[Sat Feb 07 05:37:46.460286 2026] [php:error] [pid 99841] [client 4.217.180.34:0] script '/domains/quintet/27.php' not found or unable to stat
[Sat Feb 07 05:37:46.654721 2026] [php:error] [pid 99841] [client 4.217.180.34:0] script '/domains/quintet/ccou.php' not found or unable to stat
[Sat Feb 07 05:37:46.842236 2026] [php:error] [pid 99841] [client 4.217.180.34:0] script '/domains/quintet/ws64.php' not found or unable to stat
[Sat Feb 07 05:37:47.043260 2026] [php:error] [pid 99841] [client 4.217.180.34:0] script '/domains/quintet/bay11.php' not found or unable to stat
[Sat Feb 07 05:37:47.243211 2026] [php:error] [pid 99841] [client 4.217.180.34:0] script '/domains/quintet/41.php' not found or unable to stat
[Sat Feb 07 05:37:47.427502 2026] [php:error] [pid 99841] [client 4.217.180.34:0] script '/domains/quintet/zc-845.php' not found or unable to stat
[Sat Feb 07 05:37:47.608503 2026] [php:error] [pid 99841] [client 4.217.180.34:0] script '/domains/quintet/wsdxoeas.php' not found or unable to stat
[Sat Feb 07 05:37:47.799417 2026] [php:error] [pid 99841] [client 4.217.180.34:0] script '/domains/quintet/ww.php' not found or unable to stat
[Sat Feb 07 05:37:48.134617 2026] [php:error] [pid 99841] [client 4.217.180.34:0] script '/domains/quintet/mode.php' not found or unable to stat
[Sat Feb 07 05:37:48.322143 2026] [php:error] [pid 99841] [client 4.217.180.34:0] script '/domains/quintet/editor.php' not found or unable to stat
[Sat Feb 07 05:37:48.684658 2026] [php:error] [pid 99841] [client 4.217.180.34:0] script '/domains/quintet/star.php' not found or unable to stat
[Sat Feb 07 05:37:48.883854 2026] [php:error] [pid 99841] [client 4.217.180.34:0] script '/domains/quintet/yas.php' not found or unable to stat
[Sat Feb 07 05:37:49.364915 2026] [php:error] [pid 99841] [client 4.217.180.34:0] script '/domains/quintet/timocra.php' not found or unable to stat
[Sat Feb 07 05:37:49.545463 2026] [php:error] [pid 99841] [client 4.217.180.34:0] script '/domains/quintet/lock1.php' not found or unable to stat
[Sat Feb 07 05:37:49.734984 2026] [php:error] [pid 99841] [client 4.217.180.34:0] script '/domains/quintet/content.php' not found or unable to stat
[Sat Feb 07 05:37:49.933435 2026] [php:error] [pid 99841] [client 4.217.180.34:0] script '/domains/quintet/atomlib.php' not found or unable to stat
[Sat Feb 07 05:37:50.119472 2026] [php:error] [pid 99841] [client 4.217.180.34:0] script '/domains/quintet/wp-good.php' not found or unable to stat
[Sat Feb 07 05:37:50.300371 2026] [php:error] [pid 99841] [client 4.217.180.34:0] script '/domains/quintet/1.php' not found or unable to stat
[Sat Feb 07 05:37:50.670162 2026] [php:error] [pid 99841] [client 4.217.180.34:0] script '/domains/quintet/muzu.php' not found or unable to stat
[Sat Feb 07 05:37:51.030772 2026] [php:error] [pid 99841] [client 4.217.180.34:0] script '/domains/quintet/wp-shirei.php' not found or unable to stat
[Sat Feb 07 05:37:51.217921 2026] [php:error] [pid 99841] [client 4.217.180.34:0] script '/domains/quintet/hlonk.php' not found or unable to stat
[Sat Feb 07 05:37:51.411234 2026] [php:error] [pid 99841] [client 4.217.180.34:0] script '/domains/quintet/ova.php' not found or unable to stat
[Sat Feb 07 05:37:51.599524 2026] [php:error] [pid 99841] [client 4.217.180.34:0] script '/domains/quintet/as.php' not found or unable to stat
[Sat Feb 07 05:37:51.794674 2026] [php:error] [pid 99841] [client 4.217.180.34:0] script '/domains/quintet/ioxi-o.php' not found or unable to stat
[Sat Feb 07 05:37:51.992720 2026] [php:error] [pid 99841] [client 4.217.180.34:0] script '/domains/quintet/htio.php' not found or unable to stat
[Sat Feb 07 05:37:52.259450 2026] [php:error] [pid 99841] [client 4.217.180.34:0] script '/domains/quintet/xy.php' not found or unable to stat
[Sat Feb 07 05:37:52.440229 2026] [php:error] [pid 99841] [client 4.217.180.34:0] script '/domains/quintet/abc.php' not found or unable to stat
[Sat Feb 07 05:37:52.810395 2026] [php:error] [pid 99841] [client 4.217.180.34:0] script '/domains/quintet/403.php' not found or unable to stat
[Sat Feb 07 05:37:52.990885 2026] [php:error] [pid 99841] [client 4.217.180.34:0] script '/domains/quintet/buy.php' not found or unable to stat
[Sat Feb 07 05:37:53.365945 2026] [php:error] [pid 99841] [client 4.217.180.34:0] script '/domains/quintet/gtc.php' not found or unable to stat
[Sat Feb 07 05:37:53.546717 2026] [php:error] [pid 99841] [client 4.217.180.34:0] script '/domains/quintet/mk.php' not found or unable to stat
[Sat Feb 07 05:37:53.764930 2026] [php:error] [pid 99841] [client 4.217.180.34:0] script '/domains/quintet/wp-tot.php' not found or unable to stat
[Sat Feb 07 05:37:53.945829 2026] [php:error] [pid 99841] [client 4.217.180.34:0] script '/domains/quintet/gifclass.php' not found or unable to stat
[Sat Feb 07 05:37:54.126978 2026] [php:error] [pid 99841] [client 4.217.180.34:0] script '/domains/quintet/33.php' not found or unable to stat
[Sat Feb 07 05:37:54.320610 2026] [php:error] [pid 99841] [client 4.217.180.34:0] script '/domains/quintet/acxx.php' not found or unable to stat
[Sat Feb 07 05:37:54.501294 2026] [php:error] [pid 99841] [client 4.217.180.34:0] script '/domains/quintet/cah.php' not found or unable to stat
[Sat Feb 07 05:37:54.718176 2026] [php:error] [pid 99841] [client 4.217.180.34:0] script '/domains/quintet/gg.php' not found or unable to stat
[Sat Feb 07 05:37:55.131853 2026] [php:error] [pid 99841] [client 4.217.180.34:0] script '/domains/quintet/x7.php' not found or unable to stat
[Sat Feb 07 05:37:55.493482 2026] [php:error] [pid 99841] [client 4.217.180.34:0] script '/domains/quintet/wsd.php' not found or unable to stat
[Sat Feb 07 05:37:55.688482 2026] [php:error] [pid 99841] [client 4.217.180.34:0] script '/domains/quintet/panel.php' not found or unable to stat
[Sat Feb 07 05:37:55.870728 2026] [php:error] [pid 99841] [client 4.217.180.34:0] script '/domains/quintet/ty.php' not found or unable to stat
[Sat Feb 07 05:37:56.055472 2026] [php:error] [pid 99841] [client 4.217.180.34:0] script '/domains/quintet/rzki.php' not found or unable to stat
[Sat Feb 07 05:37:56.235970 2026] [php:error] [pid 99841] [client 4.217.180.34:0] script '/domains/quintet/zfile.php' not found or unable to stat
[Sat Feb 07 05:37:56.416332 2026] [php:error] [pid 99841] [client 4.217.180.34:0] script '/domains/quintet/yasnu.php' not found or unable to stat
[Sat Feb 07 05:37:56.670759 2026] [php:error] [pid 99841] [client 4.217.180.34:0] script '/domains/quintet/bs2.php' not found or unable to stat
[Sat Feb 07 05:37:56.851449 2026] [php:error] [pid 99841] [client 4.217.180.34:0] script '/domains/quintet/wp-load.php' not found or unable to stat
[Sat Feb 07 05:37:57.211944 2026] [php:error] [pid 99841] [client 4.217.180.34:0] script '/domains/quintet/cwclass.php' not found or unable to stat
[Sat Feb 07 05:37:57.409248 2026] [php:error] [pid 99841] [client 4.217.180.34:0] script '/domains/quintet/class.php' not found or unable to stat
[Sat Feb 07 05:37:57.633816 2026] [php:error] [pid 99841] [client 4.217.180.34:0] script '/domains/quintet/a2.php' not found or unable to stat
[Sat Feb 07 05:37:57.815166 2026] [php:error] [pid 99841] [client 4.217.180.34:0] script '/domains/quintet/503.php' not found or unable to stat
[Sat Feb 07 05:37:57.998234 2026] [php:error] [pid 99841] [client 4.217.180.34:0] script '/domains/quintet/wp-ann.php' not found or unable to stat
[Sat Feb 07 05:37:58.244415 2026] [php:error] [pid 99841] [client 4.217.180.34:0] script '/domains/quintet/xmrlpc.php' not found or unable to stat
[Sat Feb 07 05:37:58.426076 2026] [php:error] [pid 99841] [client 4.217.180.34:0] script '/domains/quintet/yawa.php' not found or unable to stat
[Sat Feb 07 05:37:58.606566 2026] [php:error] [pid 99841] [client 4.217.180.34:0] script '/domains/quintet/environment.php' not found or unable to stat
[Sat Feb 07 05:37:58.790091 2026] [php:error] [pid 99841] [client 4.217.180.34:0] script '/domains/quintet/indeex.php' not found or unable to stat
[Sat Feb 07 05:37:58.992868 2026] [php:error] [pid 99841] [client 4.217.180.34:0] script '/domains/quintet/custom-background.php' not found or unable to stat
[Sat Feb 07 05:37:59.173180 2026] [php:error] [pid 99841] [client 4.217.180.34:0] script '/domains/quintet/ziwopudm.php' not found or unable to stat
[Sat Feb 07 05:37:59.353591 2026] [php:error] [pid 99841] [client 4.217.180.34:0] script '/domains/quintet/alfa-rex.php' not found or unable to stat
[Sat Feb 07 05:37:59.534144 2026] [php:error] [pid 99841] [client 4.217.180.34:0] script '/domains/quintet/yanz.php' not found or unable to stat
[Sat Feb 07 05:37:59.726607 2026] [php:error] [pid 99841] [client 4.217.180.34:0] script '/domains/quintet/class19.php' not found or unable to stat
[Sat Feb 07 05:37:59.911315 2026] [php:error] [pid 99841] [client 4.217.180.34:0] script '/domains/quintet/asasx.php' not found or unable to stat
[Sat Feb 07 05:38:00.092427 2026] [php:error] [pid 99841] [client 4.217.180.34:0] script '/domains/quintet/cczkdmdy.php' not found or unable to stat
[Sat Feb 07 05:38:00.273590 2026] [php:error] [pid 99841] [client 4.217.180.34:0] script '/domains/quintet/wbbw.php' not found or unable to stat
[Sat Feb 07 05:38:00.482233 2026] [php:error] [pid 99841] [client 4.217.180.34:0] script '/domains/quintet/item.php' not found or unable to stat
[Sat Feb 07 05:38:00.684293 2026] [php:error] [pid 99841] [client 4.217.180.34:0] script '/domains/quintet/alfashell.php' not found or unable to stat
[Sat Feb 07 05:38:01.227086 2026] [php:error] [pid 99841] [client 4.217.180.34:0] script '/domains/quintet/akcc.php' not found or unable to stat
[Sat Feb 07 05:38:01.413864 2026] [php:error] [pid 99841] [client 4.217.180.34:0] script '/domains/quintet/aboutc.php' not found or unable to stat
[Sat Feb 07 05:38:01.612542 2026] [php:error] [pid 99841] [client 4.217.180.34:0] script '/domains/quintet/oo.php' not found or unable to stat
[Sat Feb 07 05:38:01.988243 2026] [php:error] [pid 99841] [client 4.217.180.34:0] script '/domains/quintet/okxh.php' not found or unable to stat
[Sat Feb 07 05:38:02.168514 2026] [php:error] [pid 99841] [client 4.217.180.34:0] script '/domains/quintet/log.php' not found or unable to stat
[Sat Feb 07 05:38:02.349906 2026] [php:error] [pid 99841] [client 4.217.180.34:0] script '/domains/quintet/gettest.php' not found or unable to stat
[Sat Feb 07 05:38:02.541249 2026] [php:error] [pid 99841] [client 4.217.180.34:0] script '/domains/quintet/set.php' not found or unable to stat
[Sat Feb 07 05:38:02.721721 2026] [php:error] [pid 99841] [client 4.217.180.34:0] script '/domains/quintet/ioxi.php' not found or unable to stat
[Sat Feb 07 05:38:03.281133 2026] [php:error] [pid 99841] [client 4.217.180.34:0] script '/domains/quintet/living.php' not found or unable to stat
[Sat Feb 07 05:38:03.468854 2026] [php:error] [pid 99841] [client 4.217.180.34:0] script '/domains/quintet/elp.php' not found or unable to stat
[Sat Feb 07 05:38:03.650267 2026] [php:error] [pid 99841] [client 4.217.180.34:0] script '/domains/quintet/dev1s.php' not found or unable to stat
[Sat Feb 07 05:38:03.831715 2026] [php:error] [pid 99841] [client 4.217.180.34:0] script '/domains/quintet/az.php' not found or unable to stat
[Sat Feb 07 05:38:04.012524 2026] [php:error] [pid 99841] [client 4.217.180.34:0] script '/domains/quintet/yaiid.php' not found or unable to stat
[Sat Feb 07 05:38:04.207505 2026] [php:error] [pid 99841] [client 4.217.180.34:0] script '/domains/quintet/siteheads.php' not found or unable to stat
[Sat Feb 07 05:38:04.438150 2026] [php:error] [pid 99841] [client 4.217.180.34:0] script '/domains/quintet/zzxy.php' not found or unable to stat
[Sat Feb 07 05:38:04.618852 2026] [php:error] [pid 99841] [client 4.217.180.34:0] script '/domains/quintet/about.php' not found or unable to stat
[Sat Feb 07 05:38:04.846291 2026] [php:error] [pid 99841] [client 4.217.180.34:0] script '/domains/quintet/revision.php' not found or unable to stat
[Sat Feb 07 05:38:05.026942 2026] [php:error] [pid 99841] [client 4.217.180.34:0] script '/domains/quintet/abcd.php' not found or unable to stat
[Sat Feb 07 05:38:05.228020 2026] [php:error] [pid 99841] [client 4.217.180.34:0] script '/domains/quintet/wp-4doption1.php' not found or unable to stat
[Sat Feb 07 05:38:05.642895 2026] [php:error] [pid 99841] [client 4.217.180.34:0] script '/domains/quintet/kdgok.php' not found or unable to stat
[Sat Feb 07 05:38:06.184166 2026] [php:error] [pid 99854] [client 4.217.180.34:0] script '/domains/quintet/wp-themes.php' not found or unable to stat
[Sat Feb 07 05:38:06.439841 2026] [php:error] [pid 99854] [client 4.217.180.34:0] script '/domains/quintet/backup.php' not found or unable to stat
[Sat Feb 07 05:38:06.797327 2026] [php:error] [pid 99854] [client 4.217.180.34:0] script '/domains/quintet/dropdown.php' not found or unable to stat
[Sat Feb 07 05:38:06.981193 2026] [php:error] [pid 99854] [client 4.217.180.34:0] script '/domains/quintet/sx.php' not found or unable to stat
[Sat Feb 07 05:38:07.190792 2026] [php:error] [pid 99854] [client 4.217.180.34:0] script '/domains/quintet/wp-site.php' not found or unable to stat
[Sat Feb 07 05:38:07.369075 2026] [php:error] [pid 99854] [client 4.217.180.34:0] script '/domains/quintet/fck.php' not found or unable to stat
[Sat Feb 07 05:38:07.547258 2026] [php:error] [pid 99854] [client 4.217.180.34:0] script '/domains/quintet/zr.php' not found or unable to stat
[Sat Feb 07 05:38:07.725478 2026] [php:error] [pid 99854] [client 4.217.180.34:0] script '/domains/quintet/12.php' not found or unable to stat
[Sat Feb 07 05:38:07.904187 2026] [php:error] [pid 99854] [client 4.217.180.34:0] script '/domains/quintet/hilk.php' not found or unable to stat
[Sat Feb 07 05:38:08.093512 2026] [php:error] [pid 99854] [client 4.217.180.34:0] script '/domains/quintet/baixy.php' not found or unable to stat
[Sat Feb 07 05:38:08.489399 2026] [php:error] [pid 99854] [client 4.217.180.34:0] script '/domains/quintet/wen.php' not found or unable to stat
[Sat Feb 07 05:38:08.667835 2026] [php:error] [pid 99854] [client 4.217.180.34:0] script '/domains/quintet/docs.php' not found or unable to stat
[Sat Feb 07 05:38:08.858191 2026] [php:error] [pid 99854] [client 4.217.180.34:0] script '/domains/quintet/000.php' not found or unable to stat
[Sat Feb 07 05:38:09.039007 2026] [php:error] [pid 99854] [client 4.217.180.34:0] script '/domains/quintet/bgymj.php' not found or unable to stat
[Sat Feb 07 05:38:09.225381 2026] [php:error] [pid 99854] [client 4.217.180.34:0] script '/domains/quintet/0x.php' not found or unable to stat
[Sat Feb 07 05:38:09.423957 2026] [php:error] [pid 99854] [client 4.217.180.34:0] script '/domains/quintet/wp-ait.php' not found or unable to stat
[Sat Feb 07 05:38:09.608849 2026] [php:error] [pid 99854] [client 4.217.180.34:0] script '/domains/quintet/test1.php' not found or unable to stat
[Sat Feb 07 05:38:09.790819 2026] [php:error] [pid 99854] [client 4.217.180.34:0] script '/domains/quintet/dex.php' not found or unable to stat
[Sat Feb 07 05:38:09.977608 2026] [php:error] [pid 99854] [client 4.217.180.34:0] script '/domains/quintet/xxm.php' not found or unable to stat
[Sat Feb 07 05:38:10.199075 2026] [php:error] [pid 99854] [client 4.217.180.34:0] script '/domains/quintet/size.php' not found or unable to stat
[Sat Feb 07 05:38:10.379579 2026] [php:error] [pid 99854] [client 4.217.180.34:0] script '/domains/quintet/wb.php' not found or unable to stat
[Sat Feb 07 05:38:10.810012 2026] [php:error] [pid 99854] [client 4.217.180.34:0] script '/domains/quintet/mini.php' not found or unable to stat
[Sat Feb 07 05:38:11.102176 2026] [php:error] [pid 99854] [client 4.217.180.34:0] script '/domains/quintet/v2.php' not found or unable to stat
[Sat Feb 07 05:38:11.500474 2026] [php:error] [pid 99854] [client 4.217.180.34:0] script '/domains/quintet/img.php' not found or unable to stat
[Sat Feb 07 05:38:11.682798 2026] [php:error] [pid 99854] [client 4.217.180.34:0] script '/domains/quintet/yifsx.php' not found or unable to stat
[Sat Feb 07 05:38:11.865200 2026] [php:error] [pid 99854] [client 4.217.180.34:0] script '/domains/quintet/sym403.php' not found or unable to stat
[Sat Feb 07 05:38:12.048817 2026] [php:error] [pid 99854] [client 4.217.180.34:0] script '/domains/quintet/ans.php' not found or unable to stat
[Sat Feb 07 05:38:12.227023 2026] [php:error] [pid 99854] [client 4.217.180.34:0] script '/domains/quintet/classwithtostring.php' not found or unable to stat
[Sat Feb 07 05:38:12.405970 2026] [php:error] [pid 99854] [client 4.217.180.34:0] script '/domains/quintet/cong.php' not found or unable to stat
[Sat Feb 07 05:38:12.588959 2026] [php:error] [pid 99854] [client 4.217.180.34:0] script '/domains/quintet/zoo.php' not found or unable to stat
[Sat Feb 07 05:38:12.767335 2026] [php:error] [pid 99854] [client 4.217.180.34:0] script '/domains/quintet/rum.php' not found or unable to stat
[Sat Feb 07 05:38:13.230741 2026] [php:error] [pid 99854] [client 4.217.180.34:0] script '/domains/quintet/zwso.php' not found or unable to stat
[Sat Feb 07 05:38:13.418757 2026] [php:error] [pid 99854] [client 4.217.180.34:0] script '/domains/quintet/yr.PHP' not found or unable to stat
[Sat Feb 07 05:38:13.597097 2026] [php:error] [pid 99854] [client 4.217.180.34:0] script '/domains/quintet/8xyz.php' not found or unable to stat
[Sat Feb 07 05:38:14.166045 2026] [php:error] [pid 99854] [client 4.217.180.34:0] script '/domains/quintet/styles.php' not found or unable to stat
[Sat Feb 07 05:38:14.491748 2026] [php:error] [pid 99854] [client 4.217.180.34:0] script '/domains/quintet/aq.php' not found or unable to stat
[Sat Feb 07 05:38:14.877303 2026] [php:error] [pid 99854] [client 4.217.180.34:0] script '/domains/quintet/lock2.php' not found or unable to stat
[Sat Feb 07 05:38:15.055419 2026] [php:error] [pid 99854] [client 4.217.180.34:0] script '/domains/quintet/menu.php' not found or unable to stat
[Sat Feb 07 05:38:15.233700 2026] [php:error] [pid 99854] [client 4.217.180.34:0] script '/domains/quintet/vx.php' not found or unable to stat
[Sat Feb 07 05:38:15.414050 2026] [php:error] [pid 99854] [client 4.217.180.34:0] script '/domains/quintet/tmpls.php' not found or unable to stat
[Sat Feb 07 05:38:15.607818 2026] [php:error] [pid 99854] [client 4.217.180.34:0] script '/domains/quintet/xx.php' not found or unable to stat
[Sat Feb 07 05:38:15.786901 2026] [php:error] [pid 99854] [client 4.217.180.34:0] script '/domains/quintet/ran.php' not found or unable to stat
[Sat Feb 07 05:38:16.009188 2026] [php:error] [pid 99854] [client 4.217.180.34:0] script '/domains/quintet/priv.php' not found or unable to stat
[Sat Feb 07 05:38:16.188045 2026] [php:error] [pid 99854] [client 4.217.180.34:0] script '/domains/quintet/autoload_classmap.php' not found or unable to stat
[Sat Feb 07 05:38:16.366499 2026] [php:error] [pid 99854] [client 4.217.180.34:0] script '/domains/quintet/sim.php' not found or unable to stat
[Sat Feb 07 05:40:16.393847 2026] [php:error] [pid 99847] [client 91.199.163.51:0] script '/domains/druckrey/xmlrpc.php' not found or unable to stat
sendmail: invalid recipient `#'
[Sat Feb 07 05:42:48.181427 2026] [php:error] [pid 99841] [client 104.28.235.60:0] script '/domains/pmglobal/style.php' not found or unable to stat
[Sat Feb 07 05:42:50.761750 2026] [php:error] [pid 99841] [client 104.28.235.60:0] script '/domains/pmglobal/chosen.php' not found or unable to stat
[Sat Feb 07 05:42:50.889381 2026] [php:error] [pid 99841] [client 104.28.235.60:0] script '/domains/pmglobal/file.php' not found or unable to stat
[Sat Feb 07 05:42:51.307415 2026] [php:error] [pid 99841] [client 104.28.235.60:0] script '/domains/pmglobal/flower.php' not found or unable to stat
[Sat Feb 07 05:42:51.410318 2026] [php:error] [pid 99841] [client 104.28.235.60:0] script '/domains/pmglobal/gifclass.php' not found or unable to stat
[Sat Feb 07 05:42:51.583326 2026] [php:error] [pid 99841] [client 104.28.235.60:0] script '/domains/pmglobal/bless.php' not found or unable to stat
[Sat Feb 07 05:42:51.719878 2026] [php:error] [pid 99841] [client 104.28.235.60:0] script '/domains/pmglobal/class-t.api.php' not found or unable to stat
[Sat Feb 07 05:42:51.986041 2026] [php:error] [pid 99841] [client 104.28.235.60:0] script '/domains/pmglobal/blurbs.php' not found or unable to stat
[Sat Feb 07 05:42:52.661643 2026] [php:error] [pid 99841] [client 104.28.235.60:0] script '/domains/pmglobal/akcc.php' not found or unable to stat
[Sat Feb 07 05:42:52.748479 2026] [php:error] [pid 99841] [client 104.28.235.60:0] script '/domains/pmglobal/abcd.php' not found or unable to stat
[Sat Feb 07 05:42:52.844871 2026] [php:error] [pid 99841] [client 104.28.235.60:0] script '/domains/pmglobal/shelp.php' not found or unable to stat
[Sat Feb 07 05:42:52.960056 2026] [php:error] [pid 99841] [client 104.28.235.60:0] script '/domains/pmglobal/cord.php' not found or unable to stat
[Sat Feb 07 05:42:53.103125 2026] [php:error] [pid 99841] [client 104.28.235.60:0] script '/domains/pmglobal/dex.php' not found or unable to stat
[Sat Feb 07 05:42:53.347270 2026] [php:error] [pid 99841] [client 104.28.235.60:0] script '/domains/pmglobal/file2.php' not found or unable to stat
[Sat Feb 07 05:42:53.417727 2026] [php:error] [pid 99841] [client 104.28.235.60:0] script '/domains/pmglobal/zwso.php' not found or unable to stat
[Sat Feb 07 05:42:53.885670 2026] [php:error] [pid 99841] [client 104.28.235.60:0] script '/domains/pmglobal/bolt.php' not found or unable to stat
[Sat Feb 07 05:42:54.039967 2026] [php:error] [pid 99841] [client 104.28.235.60:0] script '/domains/pmglobal/shlo.php' not found or unable to stat
[Sat Feb 07 05:42:54.246986 2026] [php:error] [pid 99841] [client 104.28.235.60:0] script '/domains/pmglobal/133.php' not found or unable to stat
[Sat Feb 07 05:42:54.369342 2026] [php:error] [pid 99841] [client 104.28.235.60:0] script '/domains/pmglobal/ahax.php' not found or unable to stat
[Sat Feb 07 05:42:54.461775 2026] [php:error] [pid 99841] [client 104.28.235.60:0] script '/domains/pmglobal/php8.php' not found or unable to stat
[Sat Feb 07 05:42:54.554290 2026] [php:error] [pid 99841] [client 104.28.235.60:0] script '/domains/pmglobal/lufix1.php' not found or unable to stat
[Sat Feb 07 05:42:54.637365 2026] [php:error] [pid 99841] [client 104.28.235.60:0] script '/domains/pmglobal/witmm.php' not found or unable to stat
[Sat Feb 07 05:42:55.186969 2026] [php:error] [pid 99841] [client 104.28.235.60:0] script '/domains/pmglobal/ioxi-o.php' not found or unable to stat
[Sat Feb 07 05:42:55.342242 2026] [php:error] [pid 99841] [client 104.28.235.60:0] script '/domains/pmglobal/222.php' not found or unable to stat
[Sat Feb 07 05:42:55.725002 2026] [php:error] [pid 99841] [client 104.28.235.60:0] script '/domains/pmglobal/files.php' not found or unable to stat
[Sat Feb 07 05:42:56.017812 2026] [php:error] [pid 99841] [client 104.28.235.60:0] script '/domains/pmglobal/wp-editor.php' not found or unable to stat
[Sat Feb 07 05:42:56.176531 2026] [php:error] [pid 99841] [client 104.28.235.60:0] script '/domains/pmglobal/txets.php' not found or unable to stat
[Sat Feb 07 05:42:56.778064 2026] [php:error] [pid 99841] [client 104.28.235.60:0] script '/domains/pmglobal/postnews.php' not found or unable to stat
[Sat Feb 07 05:45:18.751609 2026] [core:crit] [pid 5594] (13)Permission denied: [client 44.215.235.20:0] AH00529: /domains/performancepartsinc/graphics/psd/.htaccess pcfg_openfile: unable to check htaccess file, ensure it is readable and that '/domains/performancepartsinc/graphics/psd/' is executable
[Sat Feb 07 05:45:36.493931 2026] [php:error] [pid 5594] [client 154.47.23.3:0] script '/domains/gohover/wp-login.php' not found or unable to stat
[Sat Feb 07 05:45:58.116369 2026] [php:error] [pid 5594] [client 20.110.243.199:0] script '/domains/system_default/new.php' not found or unable to stat
[Sat Feb 07 05:45:58.124281 2026] [php:error] [pid 5594] [client 20.110.243.199:0] script '/domains/system_default/rip.php' not found or unable to stat
[Sat Feb 07 05:45:58.132114 2026] [php:error] [pid 5594] [client 20.110.243.199:0] script '/domains/system_default/engine.php' not found or unable to stat
[Sat Feb 07 05:45:58.141807 2026] [php:error] [pid 5594] [client 20.110.243.199:0] script '/domains/system_default/radio.php' not found or unable to stat
[Sat Feb 07 05:45:58.149566 2026] [php:error] [pid 5594] [client 20.110.243.199:0] script '/domains/system_default/simple.php' not found or unable to stat
[Sat Feb 07 05:45:58.157488 2026] [php:error] [pid 5594] [client 20.110.243.199:0] script '/domains/system_default/ty.php' not found or unable to stat
[Sat Feb 07 05:45:58.178361 2026] [php:error] [pid 5594] [client 20.110.243.199:0] script '/domains/system_default/doc.php' not found or unable to stat
[Sat Feb 07 05:45:58.186072 2026] [php:error] [pid 5594] [client 20.110.243.199:0] script '/domains/system_default/inputs.php' not found or unable to stat
[Sat Feb 07 05:45:58.193773 2026] [php:error] [pid 5594] [client 20.110.243.199:0] script '/domains/system_default/manager.php' not found or unable to stat
[Sat Feb 07 05:45:58.201472 2026] [php:error] [pid 5594] [client 20.110.243.199:0] script '/domains/system_default/im.php' not found or unable to stat
[Sat Feb 07 05:45:58.209221 2026] [php:error] [pid 5594] [client 20.110.243.199:0] script '/domains/system_default/file5.php' not found or unable to stat
[Sat Feb 07 05:45:58.216896 2026] [php:error] [pid 5594] [client 20.110.243.199:0] script '/domains/system_default/wp-login.php' not found or unable to stat
[Sat Feb 07 05:45:58.224554 2026] [php:error] [pid 5594] [client 20.110.243.199:0] script '/domains/system_default/wp.php' not found or unable to stat
[Sat Feb 07 05:45:58.232369 2026] [php:error] [pid 5594] [client 20.110.243.199:0] script '/domains/system_default/include.php' not found or unable to stat
[Sat Feb 07 05:45:58.241080 2026] [php:error] [pid 5594] [client 20.110.243.199:0] script '/domains/system_default/system_log.php' not found or unable to stat
[Sat Feb 07 05:45:58.248692 2026] [php:error] [pid 5594] [client 20.110.243.199:0] script '/domains/system_default/shell.php' not found or unable to stat
[Sat Feb 07 05:45:58.256400 2026] [php:error] [pid 5594] [client 20.110.243.199:0] script '/domains/system_default/classwithtostring.php' not found or unable to stat
[Sat Feb 07 05:45:58.264060 2026] [php:error] [pid 5594] [client 20.110.243.199:0] script '/domains/system_default/wp-info.php' not found or unable to stat
[Sat Feb 07 05:45:58.272050 2026] [php:error] [pid 5594] [client 20.110.243.199:0] script '/domains/system_default/setup-config.php' not found or unable to stat
[Sat Feb 07 05:45:58.279834 2026] [php:error] [pid 5594] [client 20.110.243.199:0] script '/domains/system_default/6.php' not found or unable to stat
[Sat Feb 07 05:45:58.287590 2026] [php:error] [pid 5594] [client 20.110.243.199:0] script '/domains/system_default/click.php' not found or unable to stat
[Sat Feb 07 05:45:58.299475 2026] [php:error] [pid 5594] [client 20.110.243.199:0] script '/domains/system_default/02.php' not found or unable to stat
[Sat Feb 07 05:45:58.310846 2026] [php:error] [pid 5594] [client 20.110.243.199:0] script '/domains/system_default/alfa.php' not found or unable to stat
[Sat Feb 07 05:45:58.318805 2026] [php:error] [pid 5594] [client 20.110.243.199:0] script '/domains/system_default/b.php' not found or unable to stat
[Sat Feb 07 05:45:58.359182 2026] [php:error] [pid 5594] [client 20.110.243.199:0] script '/domains/system_default/edit.php' not found or unable to stat
[Sat Feb 07 05:45:58.366924 2026] [php:error] [pid 5594] [client 20.110.243.199:0] script '/domains/system_default/moon.php' not found or unable to stat
[Sat Feb 07 05:45:58.374498 2026] [php:error] [pid 5594] [client 20.110.243.199:0] script '/domains/system_default/mini.php' not found or unable to stat
[Sat Feb 07 05:45:58.382081 2026] [php:error] [pid 5594] [client 20.110.243.199:0] script '/domains/system_default/class.php' not found or unable to stat
[Sat Feb 07 05:45:58.389839 2026] [php:error] [pid 5594] [client 20.110.243.199:0] script '/domains/system_default/wso112233.php' not found or unable to stat
[Sat Feb 07 05:45:58.397574 2026] [php:error] [pid 5594] [client 20.110.243.199:0] script '/domains/system_default/file7.php' not found or unable to stat
[Sat Feb 07 05:46:14.485894 2026] [php:error] [pid 5607] [client 20.151.2.11:0] script '/domains/highlandlabs/bgymj.php' not found or unable to stat
[Sat Feb 07 05:46:14.507289 2026] [php:error] [pid 5607] [client 20.151.2.11:0] script '/domains/highlandlabs/ms-edit.php' not found or unable to stat
[Sat Feb 07 05:46:14.534767 2026] [php:error] [pid 5607] [client 20.151.2.11:0] script '/domains/highlandlabs/ws38.php' not found or unable to stat
[Sat Feb 07 05:46:14.556093 2026] [php:error] [pid 5607] [client 20.151.2.11:0] script '/domains/highlandlabs/bnn_.php' not found or unable to stat
[Sat Feb 07 05:46:14.584695 2026] [php:error] [pid 5607] [client 20.151.2.11:0] script '/domains/highlandlabs/app.php' not found or unable to stat
[Sat Feb 07 05:46:14.610444 2026] [php:error] [pid 5607] [client 20.151.2.11:0] script '/domains/highlandlabs/166.php' not found or unable to stat
[Sat Feb 07 05:46:14.638758 2026] [php:error] [pid 5607] [client 20.151.2.11:0] script '/domains/highlandlabs/reze.php' not found or unable to stat
[Sat Feb 07 05:46:14.668191 2026] [php:error] [pid 5607] [client 20.151.2.11:0] script '/domains/highlandlabs/lib.php' not found or unable to stat
[Sat Feb 07 05:46:14.689953 2026] [php:error] [pid 5607] [client 20.151.2.11:0] script '/domains/highlandlabs/wwx.php' not found or unable to stat
[Sat Feb 07 05:46:14.718251 2026] [php:error] [pid 5607] [client 20.151.2.11:0] script '/domains/highlandlabs/classwithtostring.php' not found or unable to stat
[Sat Feb 07 05:46:14.739714 2026] [php:error] [pid 5607] [client 20.151.2.11:0] script '/domains/highlandlabs/uploaxa1.php' not found or unable to stat
[Sat Feb 07 05:46:14.766025 2026] [php:error] [pid 5607] [client 20.151.2.11:0] script '/domains/highlandlabs/rzzaq.php' not found or unable to stat
[Sat Feb 07 05:46:46.246533 2026] [core:crit] [pid 5625] (13)Permission denied: [client 114.119.157.82:0] AH00529: /domains/performancepartsinc/graphics/psd/.htaccess pcfg_openfile: unable to check htaccess file, ensure it is readable and that '/domains/performancepartsinc/graphics/psd/' is executable
[Sat Feb 07 05:46:55.352733 2026] [php:error] [pid 5629] [client 34.13.234.92:0] script '/domains/hdickens.enteract/kmnj.php' not found or unable to stat
[Sat Feb 07 05:47:57.733085 2026] [php:error] [pid 5590] [client 45.149.173.209:0] script '/domains/afglcweb/xmlrpc.php' not found or unable to stat
[Sat Feb 07 05:50:29.087786 2026] [php:error] [pid 5647] [client 89.187.162.178:0] script '/domains/system_default/wp-login.php' not found or unable to stat
[Sat Feb 07 05:50:37.318910 2026] [php:error] [pid 5646] [client 34.158.139.200:0] script '/domains/hdickens.enteract/kmnj.php' not found or unable to stat
[Sat Feb 07 05:50:58.153509 2026] [php:error] [pid 5651] [client 194.5.82.58:0] script '/domains/fryer/aa.php' not found or unable to stat
[Sat Feb 07 05:50:58.362096 2026] [php:error] [pid 5651] [client 194.5.82.58:0] script '/domains/fryer/wp-file.php' not found or unable to stat
[Sat Feb 07 05:50:58.786052 2026] [php:error] [pid 5651] [client 194.5.82.58:0] script '/domains/fryer/chosen.php' not found or unable to stat
[Sat Feb 07 05:50:58.993171 2026] [php:error] [pid 5651] [client 194.5.82.58:0] script '/domains/fryer/info.php' not found or unable to stat
[Sat Feb 07 05:50:59.200579 2026] [php:error] [pid 5651] [client 194.5.82.58:0] script '/domains/fryer/num.php' not found or unable to stat
[Sat Feb 07 05:50:59.411120 2026] [php:error] [pid 5651] [client 194.5.82.58:0] script '/domains/fryer/xmlrpc.php' not found or unable to stat
[Sat Feb 07 05:50:59.826526 2026] [php:error] [pid 5651] [client 194.5.82.58:0] script '/domains/fryer/edit.php' not found or unable to stat
[Sat Feb 07 05:51:00.032407 2026] [php:error] [pid 5651] [client 194.5.82.58:0] script '/domains/fryer/chosen.php' not found or unable to stat
[Sat Feb 07 05:51:00.246891 2026] [php:error] [pid 5651] [client 194.5.82.58:0] script '/domains/fryer/atomlib.php' not found or unable to stat
[Sat Feb 07 05:51:00.662018 2026] [php:error] [pid 5651] [client 194.5.82.58:0] script '/domains/fryer/bolt.php' not found or unable to stat
[Sat Feb 07 05:51:01.112159 2026] [php:error] [pid 5651] [client 194.5.82.58:0] script '/domains/fryer/classwithtostring.php' not found or unable to stat
[Sat Feb 07 05:51:01.536309 2026] [php:error] [pid 5651] [client 194.5.82.58:0] script '/domains/fryer/wp-good.php' not found or unable to stat
[Sat Feb 07 05:51:01.743581 2026] [php:error] [pid 5651] [client 194.5.82.58:0] script '/domains/fryer/hplfuns.php' not found or unable to stat
[Sat Feb 07 05:51:02.520176 2026] [php:error] [pid 5650] [client 34.141.218.192:0] script '/domains/hdickens.enteract/kmnj.php' not found or unable to stat
[Sat Feb 07 05:51:03.593803 2026] [php:error] [pid 5647] [client 194.5.82.66:0] script '/domains/fryer/themes.php' not found or unable to stat
[Sat Feb 07 05:51:03.806068 2026] [php:error] [pid 5647] [client 194.5.82.66:0] script '/domains/fryer/sts.php' not found or unable to stat
[Sat Feb 07 05:51:04.015609 2026] [php:error] [pid 5647] [client 194.5.82.66:0] script '/domains/fryer/file.php' not found or unable to stat
