[Mon Jan 26 02:38:48.707182 2026] [php:error] [pid 80014] [client 4.197.167.136:0] script '/domains/biehlweb/autoload_classmap.php' not found or unable to stat
[Mon Jan 26 02:38:48.908783 2026] [php:error] [pid 80014] [client 4.197.167.136:0] script '/domains/biehlweb/alfa.php' not found or unable to stat
[Mon Jan 26 02:38:49.321599 2026] [php:error] [pid 80014] [client 4.197.167.136:0] script '/domains/biehlweb/luxe.php' not found or unable to stat
[Mon Jan 26 02:38:49.725657 2026] [php:error] [pid 80014] [client 4.197.167.136:0] script '/domains/biehlweb/rezor.php' not found or unable to stat
[Mon Jan 26 02:38:49.934263 2026] [php:error] [pid 80014] [client 4.197.167.136:0] script '/domains/biehlweb/doc.php' not found or unable to stat
[Mon Jan 26 02:38:50.540826 2026] [php:error] [pid 80014] [client 4.197.167.136:0] script '/domains/biehlweb/install.php' not found or unable to stat
[Mon Jan 26 02:38:50.977253 2026] [php:error] [pid 80014] [client 4.197.167.136:0] script '/domains/biehlweb/sto.php' not found or unable to stat
[Mon Jan 26 02:38:51.182073 2026] [php:error] [pid 80014] [client 4.197.167.136:0] script '/domains/biehlweb/x.php' not found or unable to stat
[Mon Jan 26 02:38:51.383671 2026] [php:error] [pid 80014] [client 4.197.167.136:0] script '/domains/biehlweb/test.php' not found or unable to stat
[Mon Jan 26 02:38:51.822071 2026] [php:error] [pid 80014] [client 4.197.167.136:0] script '/domains/biehlweb/n3.php' not found or unable to stat
[Mon Jan 26 02:38:52.226268 2026] [php:error] [pid 80014] [client 4.197.167.136:0] script '/domains/biehlweb/o.php' not found or unable to stat
[Mon Jan 26 02:38:52.605197 2026] [php:error] [pid 80008] [client 20.219.136.84:0] script '/domains/fbardin/wp-sing.php' not found or unable to stat
[Mon Jan 26 02:38:52.660024 2026] [php:error] [pid 80014] [client 4.197.167.136:0] script '/domains/biehlweb/class-t.api.php' not found or unable to stat
[Mon Jan 26 02:38:52.850972 2026] [php:error] [pid 80008] [client 20.219.136.84:0] script '/domains/fbardin/adminfuns.php' not found or unable to stat
[Mon Jan 26 02:38:53.069165 2026] [php:error] [pid 80014] [client 4.197.167.136:0] script '/domains/biehlweb/wp.php' not found or unable to stat
[Mon Jan 26 02:38:53.111907 2026] [php:error] [pid 80008] [client 20.219.136.84:0] script '/domains/fbardin/wp-good.php' not found or unable to stat
[Mon Jan 26 02:38:53.362731 2026] [php:error] [pid 80008] [client 20.219.136.84:0] script '/domains/fbardin/wp-links-opml.php' not found or unable to stat
[Mon Jan 26 02:38:53.616799 2026] [php:error] [pid 80008] [client 20.219.136.84:0] script '/domains/fbardin/elp.php' not found or unable to stat
[Mon Jan 26 02:38:53.681358 2026] [php:error] [pid 80014] [client 4.197.167.136:0] script '/domains/biehlweb/h.php' not found or unable to stat
[Mon Jan 26 02:38:53.862474 2026] [php:error] [pid 80008] [client 20.219.136.84:0] script '/domains/fbardin/wpc.php' not found or unable to stat
[Mon Jan 26 02:38:54.083808 2026] [php:error] [pid 80014] [client 4.197.167.136:0] script '/domains/biehlweb/wrt.php' not found or unable to stat
[Mon Jan 26 02:38:54.716310 2026] [php:error] [pid 80014] [client 4.197.167.136:0] script '/domains/biehlweb/images/c99.php' not found or unable to stat
[Mon Jan 26 02:38:54.919249 2026] [php:error] [pid 80014] [client 4.197.167.136:0] script '/domains/biehlweb/png.php' not found or unable to stat
[Mon Jan 26 02:38:55.324022 2026] [php:error] [pid 80014] [client 4.197.167.136:0] script '/domains/biehlweb/zwso.php' not found or unable to stat
[Mon Jan 26 02:38:56.129486 2026] [php:error] [pid 80014] [client 4.197.167.136:0] script '/domains/biehlweb/ton.php' not found or unable to stat
[Mon Jan 26 02:38:56.332053 2026] [php:error] [pid 80014] [client 4.197.167.136:0] script '/domains/biehlweb/wso.php' not found or unable to stat
[Mon Jan 26 02:38:56.362279 2026] [php:error] [pid 80008] [client 20.219.136.84:0] script '/domains/fbardin/goods.php' not found or unable to stat
[Mon Jan 26 02:38:56.758527 2026] [php:error] [pid 80014] [client 4.197.167.136:0] script '/domains/biehlweb/a2.php' not found or unable to stat
[Mon Jan 26 02:38:56.864897 2026] [php:error] [pid 80008] [client 20.219.136.84:0] script '/domains/fbardin/admin.php' not found or unable to stat
[Mon Jan 26 02:38:56.965218 2026] [php:error] [pid 80014] [client 4.197.167.136:0] script '/domains/biehlweb/shell.php' not found or unable to stat
[Mon Jan 26 02:38:57.120800 2026] [php:error] [pid 80008] [client 20.219.136.84:0] script '/domains/fbardin/ioxi-o.php' not found or unable to stat
[Mon Jan 26 02:38:57.373489 2026] [php:error] [pid 80014] [client 4.197.167.136:0] script '/domains/biehlweb/sxo.php' not found or unable to stat
[Mon Jan 26 02:38:57.376196 2026] [php:error] [pid 80008] [client 20.219.136.84:0] script '/domains/fbardin/about.php' not found or unable to stat
[Mon Jan 26 02:38:57.574525 2026] [php:error] [pid 80014] [client 4.197.167.136:0] script '/domains/biehlweb/admin.php' not found or unable to stat
[Mon Jan 26 02:38:57.624691 2026] [php:error] [pid 80008] [client 20.219.136.84:0] script '/domains/fbardin/file.php' not found or unable to stat
[Mon Jan 26 02:38:57.872027 2026] [php:error] [pid 80008] [client 20.219.136.84:0] script '/domains/fbardin/bolt.php' not found or unable to stat
[Mon Jan 26 02:38:58.136151 2026] [php:error] [pid 80008] [client 20.219.136.84:0] script '/domains/fbardin/term.php' not found or unable to stat
[Mon Jan 26 02:38:58.177015 2026] [php:error] [pid 80014] [client 4.197.167.136:0] script '/domains/biehlweb/mans.php' not found or unable to stat
[Mon Jan 26 02:38:58.377987 2026] [php:error] [pid 80014] [client 4.197.167.136:0] script '/domains/biehlweb/dropdown.php' not found or unable to stat
[Mon Jan 26 02:38:58.381735 2026] [php:error] [pid 80008] [client 20.219.136.84:0] script '/domains/fbardin/0.php' not found or unable to stat
[Mon Jan 26 02:38:58.639801 2026] [php:error] [pid 80008] [client 20.219.136.84:0] script '/domains/fbardin/07.php' not found or unable to stat
[Mon Jan 26 02:38:58.782514 2026] [php:error] [pid 80014] [client 4.197.167.136:0] script '/domains/biehlweb/ze.php' not found or unable to stat
[Mon Jan 26 02:38:58.886602 2026] [php:error] [pid 80008] [client 20.219.136.84:0] script '/domains/fbardin/1.php' not found or unable to stat
[Mon Jan 26 02:38:58.985015 2026] [php:error] [pid 80014] [client 4.197.167.136:0] script '/domains/biehlweb/geck.php' not found or unable to stat
[Mon Jan 26 02:38:59.136598 2026] [php:error] [pid 80008] [client 20.219.136.84:0] script '/domains/fbardin/123.php' not found or unable to stat
[Mon Jan 26 02:38:59.186702 2026] [php:error] [pid 80014] [client 4.197.167.136:0] script '/domains/biehlweb/menu.php' not found or unable to stat
[Mon Jan 26 02:38:59.382272 2026] [php:error] [pid 80008] [client 20.219.136.84:0] script '/domains/fbardin/aa.php' not found or unable to stat
[Mon Jan 26 02:38:59.638940 2026] [php:error] [pid 80008] [client 20.219.136.84:0] script '/domains/fbardin/abcd.php' not found or unable to stat
[Mon Jan 26 02:38:59.800399 2026] [php:error] [pid 80014] [client 4.197.167.136:0] script '/domains/biehlweb/flower.php' not found or unable to stat
[Mon Jan 26 02:38:59.891522 2026] [php:error] [pid 80008] [client 20.219.136.84:0] script '/domains/fbardin/about.php' not found or unable to stat
[Mon Jan 26 02:39:00.002787 2026] [php:error] [pid 80014] [client 4.197.167.136:0] script '/domains/biehlweb/ftp.php' not found or unable to stat
[Mon Jan 26 02:39:00.139828 2026] [php:error] [pid 80008] [client 20.219.136.84:0] script '/domains/fbardin/admin.php' not found or unable to stat
[Mon Jan 26 02:39:00.288954 2026] [php:error] [pid 80014] [client 4.197.167.136:0] script '/domains/biehlweb/mds.php' not found or unable to stat
[Mon Jan 26 02:39:00.393533 2026] [php:error] [pid 80008] [client 20.219.136.84:0] script '/domains/fbardin/adminfuns.php' not found or unable to stat
[Mon Jan 26 02:39:00.490261 2026] [php:error] [pid 80014] [client 4.197.167.136:0] script '/domains/biehlweb/ahax.php' not found or unable to stat
[Mon Jan 26 02:39:00.647049 2026] [php:error] [pid 80008] [client 20.219.136.84:0] script '/domains/fbardin/akc.php' not found or unable to stat
[Mon Jan 26 02:39:00.895254 2026] [php:error] [pid 80014] [client 4.197.167.136:0] script '/domains/biehlweb/cool.php' not found or unable to stat
[Mon Jan 26 02:39:00.902187 2026] [php:error] [pid 80008] [client 20.219.136.84:0] script '/domains/fbardin/akcc.php' not found or unable to stat
[Mon Jan 26 02:39:01.100085 2026] [php:error] [pid 80014] [client 4.197.167.136:0] script '/domains/biehlweb/gm.php' not found or unable to stat
[Mon Jan 26 02:39:01.148178 2026] [php:error] [pid 80008] [client 20.219.136.84:0] script '/domains/fbardin/asasx.php' not found or unable to stat
[Mon Jan 26 02:39:01.311018 2026] [php:error] [pid 80014] [client 4.197.167.136:0] script '/domains/biehlweb/simple.php' not found or unable to stat
[Mon Jan 26 02:39:01.409662 2026] [php:error] [pid 80008] [client 20.219.136.84:0] script '/domains/fbardin/asd.php' not found or unable to stat
[Mon Jan 26 02:39:01.513730 2026] [php:error] [pid 80014] [client 4.197.167.136:0] script '/domains/biehlweb/elp.php' not found or unable to stat
[Mon Jan 26 02:39:01.655933 2026] [php:error] [pid 80008] [client 20.219.136.84:0] script '/domains/fbardin/atomlib.php' not found or unable to stat
[Mon Jan 26 02:39:01.721635 2026] [php:error] [pid 80014] [client 4.197.167.136:0] script '/domains/biehlweb/bolt.php' not found or unable to stat
[Mon Jan 26 02:39:01.906398 2026] [php:error] [pid 80008] [client 20.219.136.84:0] script '/domains/fbardin/autoload_classmap.php' not found or unable to stat
[Mon Jan 26 02:39:02.126794 2026] [php:error] [pid 80014] [client 4.197.167.136:0] script '/domains/biehlweb/inputs.php' not found or unable to stat
[Mon Jan 26 02:39:02.164156 2026] [php:error] [pid 80008] [client 20.219.136.84:0] script '/domains/fbardin/axx.php' not found or unable to stat
[Mon Jan 26 02:39:02.413743 2026] [php:error] [pid 80008] [client 20.219.136.84:0] script '/domains/fbardin/build.php' not found or unable to stat
[Mon Jan 26 02:39:02.549142 2026] [php:error] [pid 80014] [client 4.197.167.136:0] script '/domains/biehlweb/system.php' not found or unable to stat
[Mon Jan 26 02:39:02.674703 2026] [php:error] [pid 80008] [client 20.219.136.84:0] script '/domains/fbardin/buy.php' not found or unable to stat
[Mon Jan 26 02:39:02.924260 2026] [php:error] [pid 80008] [client 20.219.136.84:0] script '/domains/fbardin/checkbox.php' not found or unable to stat
[Mon Jan 26 02:39:03.176131 2026] [php:error] [pid 80008] [client 20.219.136.84:0] script '/domains/fbardin/chosen.php' not found or unable to stat
[Mon Jan 26 02:39:03.355781 2026] [php:error] [pid 80014] [client 4.197.167.136:0] script '/domains/biehlweb/an.php' not found or unable to stat
[Mon Jan 26 02:39:03.432927 2026] [php:error] [pid 80008] [client 20.219.136.84:0] script '/domains/fbardin/classwithtostring.php' not found or unable to stat
[Mon Jan 26 02:39:03.560223 2026] [php:error] [pid 80014] [client 4.197.167.136:0] script '/domains/biehlweb/w.php' not found or unable to stat
[Mon Jan 26 02:39:03.680815 2026] [php:error] [pid 80008] [client 20.219.136.84:0] script '/domains/fbardin/cong.php' not found or unable to stat
[Mon Jan 26 02:39:03.774763 2026] [php:error] [pid 80014] [client 4.197.167.136:0] script '/domains/biehlweb/gmo.php' not found or unable to stat
[Mon Jan 26 02:39:03.936256 2026] [php:error] [pid 80008] [client 20.219.136.84:0] script '/domains/fbardin/css.php' not found or unable to stat
[Mon Jan 26 02:39:03.977235 2026] [php:error] [pid 80014] [client 4.197.167.136:0] script '/domains/biehlweb/gib.php' not found or unable to stat
[Mon Jan 26 02:39:04.178901 2026] [php:error] [pid 80014] [client 4.197.167.136:0] script '/domains/biehlweb/wp-miiss.php.php' not found or unable to stat
[Mon Jan 26 02:39:04.188456 2026] [php:error] [pid 80008] [client 20.219.136.84:0] script '/domains/fbardin/default.php' not found or unable to stat
[Mon Jan 26 02:39:04.435568 2026] [php:error] [pid 80008] [client 20.219.136.84:0] script '/domains/fbardin/dropdown.php' not found or unable to stat
[Mon Jan 26 02:39:04.581660 2026] [php:error] [pid 80014] [client 4.197.167.136:0] script '/domains/biehlweb/moon.php' not found or unable to stat
[Mon Jan 26 02:39:04.687147 2026] [php:error] [pid 80008] [client 20.219.136.84:0] script '/domains/fbardin/ds.php' not found or unable to stat
[Mon Jan 26 02:39:04.796054 2026] [php:error] [pid 80014] [client 4.197.167.136:0] script '/domains/biehlweb/filesss.php' not found or unable to stat
[Mon Jan 26 02:39:04.953136 2026] [php:error] [pid 80008] [client 20.219.136.84:0] script '/domains/fbardin/edit.php' not found or unable to stat
[Mon Jan 26 02:39:05.050743 2026] [php:error] [pid 80014] [client 4.197.167.136:0] script '/domains/biehlweb/hey.php' not found or unable to stat
[Mon Jan 26 02:39:05.202826 2026] [php:error] [pid 80008] [client 20.219.136.84:0] script '/domains/fbardin/f5.php' not found or unable to stat
[Mon Jan 26 02:39:05.458886 2026] [php:error] [pid 80008] [client 20.219.136.84:0] script '/domains/fbardin/file.php' not found or unable to stat
[Mon Jan 26 02:39:05.491544 2026] [php:error] [pid 80014] [client 4.197.167.136:0] script '/domains/biehlweb/1337.php' not found or unable to stat
[Mon Jan 26 02:39:05.693172 2026] [php:error] [pid 80014] [client 4.197.167.136:0] script '/domains/biehlweb/buy.php' not found or unable to stat
[Mon Jan 26 02:39:05.704592 2026] [php:error] [pid 80008] [client 20.219.136.84:0] script '/domains/fbardin/file2.php' not found or unable to stat
[Mon Jan 26 02:39:05.962497 2026] [php:error] [pid 80008] [client 20.219.136.84:0] script '/domains/fbardin/file4.php' not found or unable to stat
[Mon Jan 26 02:39:06.122679 2026] [php:error] [pid 80014] [client 4.197.167.136:0] script '/domains/biehlweb/m.php' not found or unable to stat
[Mon Jan 26 02:39:06.207993 2026] [php:error] [pid 80008] [client 20.219.136.84:0] script '/domains/fbardin/flower.php' not found or unable to stat
[Mon Jan 26 02:39:06.393852 2026] [php:error] [pid 80014] [client 4.197.167.136:0] script '/domains/biehlweb/wp-is.php' not found or unable to stat
[Mon Jan 26 02:39:06.468254 2026] [php:error] [pid 80008] [client 20.219.136.84:0] script '/domains/fbardin/form.php' not found or unable to stat
[Mon Jan 26 02:39:06.594778 2026] [php:error] [pid 80014] [client 4.197.167.136:0] script '/domains/biehlweb/jmfi2.php' not found or unable to stat
[Mon Jan 26 02:39:06.726137 2026] [php:error] [pid 80008] [client 20.219.136.84:0] script '/domains/fbardin/gecko-new.php' not found or unable to stat
[Mon Jan 26 02:39:06.979791 2026] [php:error] [pid 80008] [client 20.219.136.84:0] script '/domains/fbardin/god4m.php' not found or unable to stat
[Mon Jan 26 02:39:07.029080 2026] [php:error] [pid 80014] [client 4.197.167.136:0] script '/domains/biehlweb/bnn_.php' not found or unable to stat
[Mon Jan 26 02:39:07.225645 2026] [php:error] [pid 80008] [client 20.219.136.84:0] script '/domains/fbardin/info.php' not found or unable to stat
[Mon Jan 26 02:39:07.433671 2026] [php:error] [pid 80014] [client 4.197.167.136:0] script '/domains/biehlweb/hzz.php' not found or unable to stat
[Mon Jan 26 02:39:07.481524 2026] [php:error] [pid 80008] [client 20.219.136.84:0] script '/domains/fbardin/kyami.php' not found or unable to stat
[Mon Jan 26 02:39:07.636050 2026] [php:error] [pid 80014] [client 4.197.167.136:0] script '/domains/biehlweb/shell20211028.php' not found or unable to stat
[Mon Jan 26 02:39:07.728216 2026] [php:error] [pid 80008] [client 20.219.136.84:0] script '/domains/fbardin/makeasmtp.php' not found or unable to stat
[Mon Jan 26 02:39:07.837148 2026] [php:error] [pid 80014] [client 4.197.167.136:0] script '/domains/biehlweb/content.php' not found or unable to stat
[Mon Jan 26 02:39:07.988452 2026] [php:error] [pid 80008] [client 20.219.136.84:0] script '/domains/fbardin/mari.php' not found or unable to stat
[Mon Jan 26 02:39:08.234054 2026] [php:error] [pid 80008] [client 20.219.136.84:0] script '/domains/fbardin/moon.php' not found or unable to stat
[Mon Jan 26 02:39:08.263881 2026] [php:error] [pid 80014] [client 4.197.167.136:0] script '/domains/biehlweb/ps.php' not found or unable to stat
[Mon Jan 26 02:39:08.503911 2026] [php:error] [pid 80008] [client 20.219.136.84:0] script '/domains/fbardin/nc4.php' not found or unable to stat
[Mon Jan 26 02:39:08.750659 2026] [php:error] [pid 80008] [client 20.219.136.84:0] script '/domains/fbardin/new.php' not found or unable to stat
[Mon Jan 26 02:39:08.871847 2026] [php:error] [pid 80014] [client 4.197.167.136:0] script '/domains/biehlweb/cache.php' not found or unable to stat
[Mon Jan 26 02:39:08.996274 2026] [php:error] [pid 80008] [client 20.219.136.84:0] script '/domains/fbardin/test1.php' not found or unable to stat
[Mon Jan 26 02:39:09.080652 2026] [php:error] [pid 80014] [client 4.197.167.136:0] script '/domains/biehlweb/ss.php' not found or unable to stat
[Mon Jan 26 02:39:09.252140 2026] [php:error] [pid 80008] [client 20.219.136.84:0] script '/domains/fbardin/wp-activate.php' not found or unable to stat
[Mon Jan 26 02:39:09.283327 2026] [php:error] [pid 80014] [client 4.197.167.136:0] script '/domains/biehlweb/p.php' not found or unable to stat
[Mon Jan 26 02:39:09.509597 2026] [php:error] [pid 80008] [client 20.219.136.84:0] script '/domains/fbardin/wp-admin.php' not found or unable to stat
[Mon Jan 26 02:39:09.760929 2026] [php:error] [pid 80008] [client 20.219.136.84:0] script '/domains/fbardin/wp-good.php' not found or unable to stat
[Mon Jan 26 02:39:10.006465 2026] [php:error] [pid 80021] [client 4.197.167.136:0] script '/domains/biehlweb/user.php' not found or unable to stat
[Mon Jan 26 02:39:10.006749 2026] [php:error] [pid 80008] [client 20.219.136.84:0] script '/domains/fbardin/wp-trackback.php' not found or unable to stat
[Mon Jan 26 02:39:10.252614 2026] [php:error] [pid 80008] [client 20.219.136.84:0] script '/domains/fbardin/xmlrpc.php' not found or unable to stat
[Mon Jan 26 02:39:10.507281 2026] [php:error] [pid 80008] [client 20.219.136.84:0] script '/domains/fbardin/xmrlpc.php' not found or unable to stat
[Mon Jan 26 02:39:10.680454 2026] [php:error] [pid 80021] [client 4.197.167.136:0] script '/domains/biehlweb/wp.php' not found or unable to stat
[Mon Jan 26 02:39:10.878716 2026] [php:error] [pid 80021] [client 4.197.167.136:0] script '/domains/biehlweb/rip.php' not found or unable to stat
[Mon Jan 26 02:39:11.078858 2026] [php:error] [pid 80021] [client 4.197.167.136:0] script '/domains/biehlweb/wp4.php' not found or unable to stat
[Mon Jan 26 02:39:11.278993 2026] [php:error] [pid 80021] [client 4.197.167.136:0] script '/domains/biehlweb/403.php' not found or unable to stat
[Mon Jan 26 02:39:11.690099 2026] [php:error] [pid 80021] [client 4.197.167.136:0] script '/domains/biehlweb/asd67.php' not found or unable to stat
[Mon Jan 26 02:39:12.103854 2026] [php:error] [pid 80021] [client 4.197.167.136:0] script '/domains/biehlweb/oivcl.php' not found or unable to stat
[Mon Jan 26 02:39:12.317093 2026] [php:error] [pid 80021] [client 4.197.167.136:0] script '/domains/biehlweb/about.php' not found or unable to stat
[Mon Jan 26 02:39:12.714552 2026] [php:error] [pid 80021] [client 4.197.167.136:0] script '/domains/biehlweb/v2.php' not found or unable to stat
[Mon Jan 26 02:39:13.531943 2026] [php:error] [pid 80021] [client 4.197.167.136:0] script '/domains/biehlweb/dr.php' not found or unable to stat
[Mon Jan 26 02:39:13.749517 2026] [php:error] [pid 80021] [client 4.197.167.136:0] script '/domains/biehlweb/raw.php' not found or unable to stat
[Mon Jan 26 02:39:14.365912 2026] [php:error] [pid 80021] [client 4.197.167.136:0] script '/domains/biehlweb/ioxi-o2.php' not found or unable to stat
[Mon Jan 26 02:39:14.564479 2026] [php:error] [pid 80021] [client 4.197.167.136:0] script '/domains/biehlweb/dropdown.php' not found or unable to stat
[Mon Jan 26 02:39:14.808178 2026] [php:error] [pid 80021] [client 4.197.167.136:0] script '/domains/biehlweb/dlu.php' not found or unable to stat
[Mon Jan 26 02:39:15.236255 2026] [php:error] [pid 80021] [client 4.197.167.136:0] script '/domains/biehlweb/db.php' not found or unable to stat
[Mon Jan 26 02:39:15.434755 2026] [php:error] [pid 80021] [client 4.197.167.136:0] script '/domains/biehlweb/packed.php' not found or unable to stat
[Mon Jan 26 02:39:15.633500 2026] [php:error] [pid 80021] [client 4.197.167.136:0] script '/domains/biehlweb/wp-configs.php' not found or unable to stat
[Mon Jan 26 02:39:15.832636 2026] [php:error] [pid 80021] [client 4.197.167.136:0] script '/domains/biehlweb/404.php' not found or unable to stat
[Mon Jan 26 02:39:16.032941 2026] [php:error] [pid 80021] [client 4.197.167.136:0] script '/domains/biehlweb/des.php' not found or unable to stat
[Mon Jan 26 02:39:16.431319 2026] [php:error] [pid 80021] [client 4.197.167.136:0] script '/domains/biehlweb/lufix.php' not found or unable to stat
sendmail: bad mail input format: from www (uid 80) (envelope-from [email protected])
sendmail: bad mail input format: from www (uid 80) (envelope-from [email protected])
sendmail: bad mail input format: from www (uid 80) (envelope-from [email protected])
[Mon Jan 26 02:40:04.655066 2026] [core:error] [pid 80010] [client 137.184.152.251:0] AH10244: invalid URI path (/../images/tbilisi-03.jpg), referer: https://quintet.org/
[Mon Jan 26 02:40:06.007094 2026] [core:error] [pid 80030] [client 123.17.105.29:0] AH10244: invalid URI path (/../images/tbilisi-03.jpg), referer: https://quintet.org/
[Mon Jan 26 02:40:49.284559 2026] [php:error] [pid 80040] [client 35.216.189.16:0] script '/domains/system_default/info.php' not found or unable to stat
[Mon Jan 26 02:40:49.684887 2026] [access_compat:error] [pid 80035] [client 35.216.189.16:0] AH01797: client denied by server configuration: /domains/system_default/server-status
[Mon Jan 26 02:41:03.619185 2026] [php:error] [pid 80035] [client 20.219.136.84:0] script '/domains/lover/wp-sing.php' not found or unable to stat
[Mon Jan 26 02:41:03.825203 2026] [php:error] [pid 80035] [client 20.219.136.84:0] script '/domains/lover/adminfuns.php' not found or unable to stat
[Mon Jan 26 02:41:04.035144 2026] [php:error] [pid 80035] [client 20.219.136.84:0] script '/domains/lover/wp-good.php' not found or unable to stat
[Mon Jan 26 02:41:04.239176 2026] [php:error] [pid 80035] [client 20.219.136.84:0] script '/domains/lover/wp-links-opml.php' not found or unable to stat
[Mon Jan 26 02:41:04.449179 2026] [php:error] [pid 80035] [client 20.219.136.84:0] script '/domains/lover/elp.php' not found or unable to stat
[Mon Jan 26 02:41:04.652933 2026] [php:error] [pid 80035] [client 20.219.136.84:0] script '/domains/lover/wpc.php' not found or unable to stat
[Mon Jan 26 02:41:06.741718 2026] [php:error] [pid 80035] [client 20.219.136.84:0] script '/domains/lover/goods.php' not found or unable to stat
[Mon Jan 26 02:41:07.154685 2026] [php:error] [pid 80035] [client 20.219.136.84:0] script '/domains/lover/admin.php' not found or unable to stat
[Mon Jan 26 02:41:07.365054 2026] [php:error] [pid 80035] [client 20.219.136.84:0] script '/domains/lover/ioxi-o.php' not found or unable to stat
[Mon Jan 26 02:41:07.578010 2026] [php:error] [pid 80035] [client 20.219.136.84:0] script '/domains/lover/about.php' not found or unable to stat
[Mon Jan 26 02:41:07.783308 2026] [php:error] [pid 80035] [client 20.219.136.84:0] script '/domains/lover/file.php' not found or unable to stat
[Mon Jan 26 02:41:07.994755 2026] [php:error] [pid 80035] [client 20.219.136.84:0] script '/domains/lover/bolt.php' not found or unable to stat
[Mon Jan 26 02:41:08.198877 2026] [php:error] [pid 80035] [client 20.219.136.84:0] script '/domains/lover/term.php' not found or unable to stat
[Mon Jan 26 02:41:08.402924 2026] [php:error] [pid 80035] [client 20.219.136.84:0] script '/domains/lover/0.php' not found or unable to stat
[Mon Jan 26 02:41:08.607219 2026] [php:error] [pid 80035] [client 20.219.136.84:0] script '/domains/lover/07.php' not found or unable to stat
[Mon Jan 26 02:41:08.816235 2026] [php:error] [pid 80035] [client 20.219.136.84:0] script '/domains/lover/1.php' not found or unable to stat
[Mon Jan 26 02:41:09.020623 2026] [php:error] [pid 80035] [client 20.219.136.84:0] script '/domains/lover/123.php' not found or unable to stat
[Mon Jan 26 02:41:09.225184 2026] [php:error] [pid 80035] [client 20.219.136.84:0] script '/domains/lover/aa.php' not found or unable to stat
[Mon Jan 26 02:41:09.430014 2026] [php:error] [pid 80035] [client 20.219.136.84:0] script '/domains/lover/abcd.php' not found or unable to stat
[Mon Jan 26 02:41:09.637928 2026] [php:error] [pid 80035] [client 20.219.136.84:0] script '/domains/lover/about.php' not found or unable to stat
[Mon Jan 26 02:41:09.845185 2026] [php:error] [pid 80035] [client 20.219.136.84:0] script '/domains/lover/admin.php' not found or unable to stat
[Mon Jan 26 02:41:10.051839 2026] [php:error] [pid 80035] [client 20.219.136.84:0] script '/domains/lover/adminfuns.php' not found or unable to stat
[Mon Jan 26 02:41:10.274325 2026] [php:error] [pid 80035] [client 20.219.136.84:0] script '/domains/lover/akc.php' not found or unable to stat
[Mon Jan 26 02:41:10.483112 2026] [php:error] [pid 80035] [client 20.219.136.84:0] script '/domains/lover/akcc.php' not found or unable to stat
[Mon Jan 26 02:41:10.687392 2026] [php:error] [pid 80035] [client 20.219.136.84:0] script '/domains/lover/asasx.php' not found or unable to stat
[Mon Jan 26 02:41:10.904727 2026] [php:error] [pid 80035] [client 20.219.136.84:0] script '/domains/lover/asd.php' not found or unable to stat
[Mon Jan 26 02:41:11.120078 2026] [php:error] [pid 80035] [client 20.219.136.84:0] script '/domains/lover/atomlib.php' not found or unable to stat
[Mon Jan 26 02:41:11.324588 2026] [php:error] [pid 80035] [client 20.219.136.84:0] script '/domains/lover/autoload_classmap.php' not found or unable to stat
[Mon Jan 26 02:41:11.537875 2026] [php:error] [pid 80035] [client 20.219.136.84:0] script '/domains/lover/axx.php' not found or unable to stat
[Mon Jan 26 02:41:11.755820 2026] [php:error] [pid 80035] [client 20.219.136.84:0] script '/domains/lover/build.php' not found or unable to stat
[Mon Jan 26 02:41:11.960358 2026] [php:error] [pid 80035] [client 20.219.136.84:0] script '/domains/lover/buy.php' not found or unable to stat
[Mon Jan 26 02:41:12.166617 2026] [php:error] [pid 80035] [client 20.219.136.84:0] script '/domains/lover/checkbox.php' not found or unable to stat
[Mon Jan 26 02:41:12.373621 2026] [php:error] [pid 80035] [client 20.219.136.84:0] script '/domains/lover/chosen.php' not found or unable to stat
[Mon Jan 26 02:41:12.577682 2026] [php:error] [pid 80035] [client 20.219.136.84:0] script '/domains/lover/classwithtostring.php' not found or unable to stat
[Mon Jan 26 02:41:12.782597 2026] [php:error] [pid 80035] [client 20.219.136.84:0] script '/domains/lover/cong.php' not found or unable to stat
[Mon Jan 26 02:41:12.988748 2026] [php:error] [pid 80035] [client 20.219.136.84:0] script '/domains/lover/css.php' not found or unable to stat
[Mon Jan 26 02:41:13.194193 2026] [php:error] [pid 80035] [client 20.219.136.84:0] script '/domains/lover/default.php' not found or unable to stat
[Mon Jan 26 02:41:13.403486 2026] [php:error] [pid 80035] [client 20.219.136.84:0] script '/domains/lover/dropdown.php' not found or unable to stat
[Mon Jan 26 02:41:13.624008 2026] [php:error] [pid 80035] [client 20.219.136.84:0] script '/domains/lover/ds.php' not found or unable to stat
[Mon Jan 26 02:41:13.843730 2026] [php:error] [pid 80035] [client 20.219.136.84:0] script '/domains/lover/edit.php' not found or unable to stat
[Mon Jan 26 02:41:14.049691 2026] [php:error] [pid 80035] [client 20.219.136.84:0] script '/domains/lover/f5.php' not found or unable to stat
[Mon Jan 26 02:41:14.253848 2026] [php:error] [pid 80035] [client 20.219.136.84:0] script '/domains/lover/file.php' not found or unable to stat
[Mon Jan 26 02:41:14.459134 2026] [php:error] [pid 80035] [client 20.219.136.84:0] script '/domains/lover/file2.php' not found or unable to stat
[Mon Jan 26 02:41:14.664670 2026] [php:error] [pid 80035] [client 20.219.136.84:0] script '/domains/lover/file4.php' not found or unable to stat
[Mon Jan 26 02:41:14.870149 2026] [php:error] [pid 80035] [client 20.219.136.84:0] script '/domains/lover/flower.php' not found or unable to stat
[Mon Jan 26 02:41:15.077738 2026] [php:error] [pid 80035] [client 20.219.136.84:0] script '/domains/lover/form.php' not found or unable to stat
[Mon Jan 26 02:41:15.298366 2026] [php:error] [pid 80035] [client 20.219.136.84:0] script '/domains/lover/gecko-new.php' not found or unable to stat
[Mon Jan 26 02:41:15.502440 2026] [php:error] [pid 80035] [client 20.219.136.84:0] script '/domains/lover/god4m.php' not found or unable to stat
[Mon Jan 26 02:41:15.706673 2026] [php:error] [pid 80035] [client 20.219.136.84:0] script '/domains/lover/info.php' not found or unable to stat
[Mon Jan 26 02:41:15.911690 2026] [php:error] [pid 80035] [client 20.219.136.84:0] script '/domains/lover/kyami.php' not found or unable to stat
[Mon Jan 26 02:41:16.005160 2026] [php:error] [pid 80030] [client 52.164.187.143:0] script '/domains/hungariantasteweb/rip.php' not found or unable to stat
[Mon Jan 26 02:41:16.075495 2026] [php:error] [pid 80030] [client 52.164.187.143:0] script '/domains/hungariantasteweb/bnn_.php' not found or unable to stat
[Mon Jan 26 02:41:16.122688 2026] [php:error] [pid 80035] [client 20.219.136.84:0] script '/domains/lover/makeasmtp.php' not found or unable to stat
[Mon Jan 26 02:41:16.145926 2026] [php:error] [pid 80030] [client 52.164.187.143:0] script '/domains/hungariantasteweb/35.php' not found or unable to stat
[Mon Jan 26 02:41:16.216370 2026] [php:error] [pid 80030] [client 52.164.187.143:0] script '/domains/hungariantasteweb/sidfile.php' not found or unable to stat
[Mon Jan 26 02:41:16.286904 2026] [php:error] [pid 80030] [client 52.164.187.143:0] script '/domains/hungariantasteweb/rum.php' not found or unable to stat
[Mon Jan 26 02:41:16.338182 2026] [php:error] [pid 80035] [client 20.219.136.84:0] script '/domains/lover/mari.php' not found or unable to stat
[Mon Jan 26 02:41:16.357584 2026] [php:error] [pid 80030] [client 52.164.187.143:0] script '/domains/hungariantasteweb/classwithtostring.php' not found or unable to stat
[Mon Jan 26 02:41:16.428658 2026] [php:error] [pid 80030] [client 52.164.187.143:0] script '/domains/hungariantasteweb/webdb.php' not found or unable to stat
[Mon Jan 26 02:41:16.498742 2026] [php:error] [pid 80030] [client 52.164.187.143:0] script '/domains/hungariantasteweb/php8.php' not found or unable to stat
[Mon Jan 26 02:41:16.542611 2026] [php:error] [pid 80035] [client 20.219.136.84:0] script '/domains/lover/moon.php' not found or unable to stat
[Mon Jan 26 02:41:16.569158 2026] [php:error] [pid 80030] [client 52.164.187.143:0] script '/domains/hungariantasteweb/wp-aoisuki.php' not found or unable to stat
[Mon Jan 26 02:41:16.639715 2026] [php:error] [pid 80030] [client 52.164.187.143:0] script '/domains/hungariantasteweb/naritai.php' not found or unable to stat
[Mon Jan 26 02:41:16.710236 2026] [php:error] [pid 80030] [client 52.164.187.143:0] script '/domains/hungariantasteweb/w2025.php' not found or unable to stat
[Mon Jan 26 02:41:16.753897 2026] [php:error] [pid 80035] [client 20.219.136.84:0] script '/domains/lover/nc4.php' not found or unable to stat
[Mon Jan 26 02:41:16.780707 2026] [php:error] [pid 80030] [client 52.164.187.143:0] script '/domains/hungariantasteweb/app.php' not found or unable to stat
[Mon Jan 26 02:41:16.851287 2026] [php:error] [pid 80030] [client 52.164.187.143:0] script '/domains/hungariantasteweb/lib.php' not found or unable to stat
[Mon Jan 26 02:41:16.922669 2026] [php:error] [pid 80030] [client 52.164.187.143:0] script '/domains/hungariantasteweb/geaitasa.php' not found or unable to stat
[Mon Jan 26 02:41:16.969669 2026] [php:error] [pid 80035] [client 20.219.136.84:0] script '/domains/lover/new.php' not found or unable to stat
[Mon Jan 26 02:41:16.992854 2026] [php:error] [pid 80030] [client 52.164.187.143:0] script '/domains/hungariantasteweb/class-cc.php' not found or unable to stat
[Mon Jan 26 02:41:17.063364 2026] [php:error] [pid 80030] [client 52.164.187.143:0] script '/domains/hungariantasteweb/reze.php' not found or unable to stat
[Mon Jan 26 02:41:17.133690 2026] [php:error] [pid 80030] [client 52.164.187.143:0] script '/domains/hungariantasteweb/11092null.php' not found or unable to stat
[Mon Jan 26 02:41:17.173787 2026] [php:error] [pid 80035] [client 20.219.136.84:0] script '/domains/lover/test1.php' not found or unable to stat
[Mon Jan 26 02:41:17.204117 2026] [php:error] [pid 80030] [client 52.164.187.143:0] script '/domains/hungariantasteweb/ioxi-o2.php' not found or unable to stat
[Mon Jan 26 02:41:17.275091 2026] [php:error] [pid 80030] [client 52.164.187.143:0] script '/domains/hungariantasteweb/166.php' not found or unable to stat
[Mon Jan 26 02:41:17.345302 2026] [php:error] [pid 80030] [client 52.164.187.143:0] script '/domains/hungariantasteweb/by.php' not found or unable to stat
[Mon Jan 26 02:41:17.384133 2026] [php:error] [pid 80035] [client 20.219.136.84:0] script '/domains/lover/wp-activate.php' not found or unable to stat
[Mon Jan 26 02:41:17.415770 2026] [php:error] [pid 80030] [client 52.164.187.143:0] script '/domains/hungariantasteweb/zz8.php' not found or unable to stat
[Mon Jan 26 02:41:17.486702 2026] [php:error] [pid 80030] [client 52.164.187.143:0] script '/domains/hungariantasteweb/s1.php' not found or unable to stat
[Mon Jan 26 02:41:17.557048 2026] [php:error] [pid 80030] [client 52.164.187.143:0] script '/domains/hungariantasteweb/ah21.php' not found or unable to stat
[Mon Jan 26 02:41:17.588334 2026] [php:error] [pid 80035] [client 20.219.136.84:0] script '/domains/lover/wp-admin.php' not found or unable to stat
[Mon Jan 26 02:41:17.627483 2026] [php:error] [pid 80030] [client 52.164.187.143:0] script '/domains/hungariantasteweb/ah22.php' not found or unable to stat
[Mon Jan 26 02:41:17.715537 2026] [php:error] [pid 80030] [client 52.164.187.143:0] script '/domains/hungariantasteweb/ws38.php' not found or unable to stat
[Mon Jan 26 02:41:17.791753 2026] [php:error] [pid 80035] [client 20.219.136.84:0] script '/domains/lover/wp-good.php' not found or unable to stat
[Mon Jan 26 02:41:17.856746 2026] [php:error] [pid 80030] [client 52.164.187.143:0] script '/domains/hungariantasteweb/uploaxa1.php' not found or unable to stat
[Mon Jan 26 02:41:17.927020 2026] [php:error] [pid 80030] [client 52.164.187.143:0] script '/domains/hungariantasteweb/wp-su.php' not found or unable to stat
[Mon Jan 26 02:41:17.995638 2026] [php:error] [pid 80035] [client 20.219.136.84:0] script '/domains/lover/wp-trackback.php' not found or unable to stat
[Mon Jan 26 02:41:17.997766 2026] [php:error] [pid 80030] [client 52.164.187.143:0] script '/domains/hungariantasteweb/rzzaq.php' not found or unable to stat
[Mon Jan 26 02:41:18.068153 2026] [php:error] [pid 80030] [client 52.164.187.143:0] script '/domains/hungariantasteweb/abtpn.php' not found or unable to stat
[Mon Jan 26 02:41:18.138966 2026] [php:error] [pid 80030] [client 52.164.187.143:0] script '/domains/hungariantasteweb/my1.php' not found or unable to stat
[Mon Jan 26 02:41:18.199503 2026] [php:error] [pid 80035] [client 20.219.136.84:0] script '/domains/lover/xmlrpc.php' not found or unable to stat
[Mon Jan 26 02:41:18.228773 2026] [php:error] [pid 80030] [client 52.164.187.143:0] script '/domains/hungariantasteweb/taktak.php' not found or unable to stat
[Mon Jan 26 02:41:18.299257 2026] [php:error] [pid 80030] [client 52.164.187.143:0] script '/domains/hungariantasteweb/sfcl.php' not found or unable to stat
[Mon Jan 26 02:41:18.369855 2026] [php:error] [pid 80030] [client 52.164.187.143:0] script '/domains/hungariantasteweb/worksec.php' not found or unable to stat
[Mon Jan 26 02:41:18.404017 2026] [php:error] [pid 80035] [client 20.219.136.84:0] script '/domains/lover/xmrlpc.php' not found or unable to stat
[Mon Jan 26 02:41:18.440102 2026] [php:error] [pid 80030] [client 52.164.187.143:0] script '/domains/hungariantasteweb/ypukprhr.php' not found or unable to stat
[Mon Jan 26 02:41:18.510862 2026] [php:error] [pid 80030] [client 52.164.187.143:0] script '/domains/hungariantasteweb/tcnyz.php' not found or unable to stat
[Mon Jan 26 02:42:28.281625 2026] [php:error] [pid 80060] [client 213.209.159.187:0] script '/domains/perless2web/xmlrpc.php' not found or unable to stat
[Mon Jan 26 02:42:28.561113 2026] [php:error] [pid 80045] [client 213.209.159.187:0] script '/domains/perless2web/xmlrpc.php' not found or unable to stat
[Mon Jan 26 02:42:28.840377 2026] [php:error] [pid 80044] [client 213.209.159.187:0] script '/domains/perless2web/xmlrpc.php' not found or unable to stat
[Mon Jan 26 02:42:29.120020 2026] [php:error] [pid 80052] [client 213.209.159.187:0] script '/domains/perless2web/xmlrpc.php' not found or unable to stat
[Mon Jan 26 02:42:29.398637 2026] [php:error] [pid 80040] [client 213.209.159.187:0] script '/domains/perless2web/xmlrpc.php' not found or unable to stat
[Mon Jan 26 02:42:29.677644 2026] [php:error] [pid 80060] [client 213.209.159.187:0] script '/domains/perless2web/xmlrpc.php' not found or unable to stat
[Mon Jan 26 02:42:29.957782 2026] [php:error] [pid 80045] [client 213.209.159.187:0] script '/domains/perless2web/wp-login.php' not found or unable to stat
[Mon Jan 26 02:42:30.238368 2026] [php:error] [pid 80044] [client 213.209.159.187:0] script '/domains/perless2web/wp-login.php' not found or unable to stat
[Mon Jan 26 02:43:11.760245 2026] [php:error] [pid 80044] [client 20.24.209.153:0] script '/domains/system_suspended/wp-sing.php' not found or unable to stat
[Mon Jan 26 02:43:11.974455 2026] [php:error] [pid 80044] [client 20.24.209.153:0] script '/domains/system_suspended/adminfuns.php' not found or unable to stat
[Mon Jan 26 02:43:12.197615 2026] [php:error] [pid 80044] [client 20.24.209.153:0] script '/domains/system_suspended/wp-good.php' not found or unable to stat
[Mon Jan 26 02:43:12.425042 2026] [php:error] [pid 80044] [client 20.24.209.153:0] script '/domains/system_suspended/wp-links-opml.php' not found or unable to stat
[Mon Jan 26 02:43:12.639008 2026] [php:error] [pid 80044] [client 20.24.209.153:0] script '/domains/system_suspended/elp.php' not found or unable to stat
[Mon Jan 26 02:43:12.864911 2026] [php:error] [pid 80044] [client 20.24.209.153:0] script '/domains/system_suspended/wpc.php' not found or unable to stat
[Mon Jan 26 02:43:15.075132 2026] [php:error] [pid 80044] [client 20.24.209.153:0] script '/domains/system_suspended/goods.php' not found or unable to stat
[Mon Jan 26 02:43:15.520649 2026] [php:error] [pid 80044] [client 20.24.209.153:0] script '/domains/system_suspended/admin.php' not found or unable to stat
[Mon Jan 26 02:43:15.744137 2026] [php:error] [pid 80044] [client 20.24.209.153:0] script '/domains/system_suspended/ioxi-o.php' not found or unable to stat
[Mon Jan 26 02:43:15.957962 2026] [php:error] [pid 80044] [client 20.24.209.153:0] script '/domains/system_suspended/about.php' not found or unable to stat
[Mon Jan 26 02:43:16.187410 2026] [php:error] [pid 80044] [client 20.24.209.153:0] script '/domains/system_suspended/file.php' not found or unable to stat
[Mon Jan 26 02:43:16.404532 2026] [php:error] [pid 80044] [client 20.24.209.153:0] script '/domains/system_suspended/bolt.php' not found or unable to stat
[Mon Jan 26 02:43:16.632177 2026] [php:error] [pid 80044] [client 20.24.209.153:0] script '/domains/system_suspended/term.php' not found or unable to stat
[Mon Jan 26 02:43:16.848301 2026] [php:error] [pid 80044] [client 20.24.209.153:0] script '/domains/system_suspended/0.php' not found or unable to stat
[Mon Jan 26 02:43:17.062943 2026] [php:error] [pid 80044] [client 20.24.209.153:0] script '/domains/system_suspended/07.php' not found or unable to stat
[Mon Jan 26 02:43:17.286691 2026] [php:error] [pid 80044] [client 20.24.209.153:0] script '/domains/system_suspended/1.php' not found or unable to stat
[Mon Jan 26 02:43:17.511141 2026] [php:error] [pid 80044] [client 20.24.209.153:0] script '/domains/system_suspended/123.php' not found or unable to stat
[Mon Jan 26 02:43:17.725910 2026] [php:error] [pid 80044] [client 20.24.209.153:0] script '/domains/system_suspended/aa.php' not found or unable to stat
[Mon Jan 26 02:43:17.951859 2026] [php:error] [pid 80044] [client 20.24.209.153:0] script '/domains/system_suspended/abcd.php' not found or unable to stat
[Mon Jan 26 02:43:18.175270 2026] [php:error] [pid 80044] [client 20.24.209.153:0] script '/domains/system_suspended/about.php' not found or unable to stat
[Mon Jan 26 02:43:18.390516 2026] [php:error] [pid 80044] [client 20.24.209.153:0] script '/domains/system_suspended/admin.php' not found or unable to stat
[Mon Jan 26 02:43:18.608102 2026] [php:error] [pid 80044] [client 20.24.209.153:0] script '/domains/system_suspended/adminfuns.php' not found or unable to stat
[Mon Jan 26 02:43:18.822223 2026] [php:error] [pid 80044] [client 20.24.209.153:0] script '/domains/system_suspended/akc.php' not found or unable to stat
[Mon Jan 26 02:43:19.038455 2026] [php:error] [pid 80044] [client 20.24.209.153:0] script '/domains/system_suspended/akcc.php' not found or unable to stat
[Mon Jan 26 02:43:19.254599 2026] [php:error] [pid 80044] [client 20.24.209.153:0] script '/domains/system_suspended/asasx.php' not found or unable to stat
[Mon Jan 26 02:43:19.472442 2026] [php:error] [pid 80044] [client 20.24.209.153:0] script '/domains/system_suspended/asd.php' not found or unable to stat
[Mon Jan 26 02:43:19.694264 2026] [php:error] [pid 80044] [client 20.24.209.153:0] script '/domains/system_suspended/atomlib.php' not found or unable to stat
[Mon Jan 26 02:43:19.909676 2026] [php:error] [pid 80044] [client 20.24.209.153:0] script '/domains/system_suspended/autoload_classmap.php' not found or unable to stat
[Mon Jan 26 02:43:20.137882 2026] [php:error] [pid 80044] [client 20.24.209.153:0] script '/domains/system_suspended/axx.php' not found or unable to stat
[Mon Jan 26 02:43:20.351759 2026] [php:error] [pid 80044] [client 20.24.209.153:0] script '/domains/system_suspended/build.php' not found or unable to stat
[Mon Jan 26 02:43:20.570730 2026] [php:error] [pid 80044] [client 20.24.209.153:0] script '/domains/system_suspended/buy.php' not found or unable to stat
[Mon Jan 26 02:43:20.800332 2026] [php:error] [pid 80044] [client 20.24.209.153:0] script '/domains/system_suspended/checkbox.php' not found or unable to stat
[Mon Jan 26 02:43:21.016441 2026] [php:error] [pid 80044] [client 20.24.209.153:0] script '/domains/system_suspended/chosen.php' not found or unable to stat
[Mon Jan 26 02:43:21.236944 2026] [php:error] [pid 80044] [client 20.24.209.153:0] script '/domains/system_suspended/classwithtostring.php' not found or unable to stat
[Mon Jan 26 02:43:21.462653 2026] [php:error] [pid 80044] [client 20.24.209.153:0] script '/domains/system_suspended/cong.php' not found or unable to stat
[Mon Jan 26 02:43:21.687453 2026] [php:error] [pid 80044] [client 20.24.209.153:0] script '/domains/system_suspended/css.php' not found or unable to stat
[Mon Jan 26 02:43:21.902780 2026] [php:error] [pid 80044] [client 20.24.209.153:0] script '/domains/system_suspended/default.php' not found or unable to stat
[Mon Jan 26 02:43:22.131651 2026] [php:error] [pid 80044] [client 20.24.209.153:0] script '/domains/system_suspended/dropdown.php' not found or unable to stat
[Mon Jan 26 02:43:22.348697 2026] [php:error] [pid 80044] [client 20.24.209.153:0] script '/domains/system_suspended/ds.php' not found or unable to stat
[Mon Jan 26 02:43:22.563791 2026] [php:error] [pid 80044] [client 20.24.209.153:0] script '/domains/system_suspended/edit.php' not found or unable to stat
[Mon Jan 26 02:43:22.789249 2026] [php:error] [pid 80044] [client 20.24.209.153:0] script '/domains/system_suspended/f5.php' not found or unable to stat
[Mon Jan 26 02:43:23.011861 2026] [php:error] [pid 80044] [client 20.24.209.153:0] script '/domains/system_suspended/file.php' not found or unable to stat
[Mon Jan 26 02:43:23.237060 2026] [php:error] [pid 80044] [client 20.24.209.153:0] script '/domains/system_suspended/file2.php' not found or unable to stat
[Mon Jan 26 02:43:23.450889 2026] [php:error] [pid 80044] [client 20.24.209.153:0] script '/domains/system_suspended/file4.php' not found or unable to stat
[Mon Jan 26 02:43:23.671039 2026] [php:error] [pid 80044] [client 20.24.209.153:0] script '/domains/system_suspended/flower.php' not found or unable to stat
[Mon Jan 26 02:43:23.900586 2026] [php:error] [pid 80044] [client 20.24.209.153:0] script '/domains/system_suspended/form.php' not found or unable to stat
[Mon Jan 26 02:43:24.120819 2026] [php:error] [pid 80044] [client 20.24.209.153:0] script '/domains/system_suspended/gecko-new.php' not found or unable to stat
[Mon Jan 26 02:43:24.336320 2026] [php:error] [pid 80044] [client 20.24.209.153:0] script '/domains/system_suspended/god4m.php' not found or unable to stat
[Mon Jan 26 02:43:24.562203 2026] [php:error] [pid 80044] [client 20.24.209.153:0] script '/domains/system_suspended/info.php' not found or unable to stat
[Mon Jan 26 02:43:24.782155 2026] [php:error] [pid 80044] [client 20.24.209.153:0] script '/domains/system_suspended/kyami.php' not found or unable to stat
[Mon Jan 26 02:43:24.998973 2026] [php:error] [pid 80044] [client 20.24.209.153:0] script '/domains/system_suspended/makeasmtp.php' not found or unable to stat
[Mon Jan 26 02:43:25.222651 2026] [php:error] [pid 80044] [client 20.24.209.153:0] script '/domains/system_suspended/mari.php' not found or unable to stat
[Mon Jan 26 02:43:25.449609 2026] [php:error] [pid 80044] [client 20.24.209.153:0] script '/domains/system_suspended/moon.php' not found or unable to stat
[Mon Jan 26 02:43:25.671030 2026] [php:error] [pid 80044] [client 20.24.209.153:0] script '/domains/system_suspended/nc4.php' not found or unable to stat
[Mon Jan 26 02:43:25.884842 2026] [php:error] [pid 80044] [client 20.24.209.153:0] script '/domains/system_suspended/new.php' not found or unable to stat
[Mon Jan 26 02:43:26.113241 2026] [php:error] [pid 80044] [client 20.24.209.153:0] script '/domains/system_suspended/test1.php' not found or unable to stat
[Mon Jan 26 02:43:26.329176 2026] [php:error] [pid 80044] [client 20.24.209.153:0] script '/domains/system_suspended/wp-activate.php' not found or unable to stat
[Mon Jan 26 02:43:26.551484 2026] [php:error] [pid 80044] [client 20.24.209.153:0] script '/domains/system_suspended/wp-admin.php' not found or unable to stat
[Mon Jan 26 02:43:26.776144 2026] [php:error] [pid 80044] [client 20.24.209.153:0] script '/domains/system_suspended/wp-good.php' not found or unable to stat
[Mon Jan 26 02:43:26.995375 2026] [php:error] [pid 80044] [client 20.24.209.153:0] script '/domains/system_suspended/wp-trackback.php' not found or unable to stat
[Mon Jan 26 02:43:27.216075 2026] [php:error] [pid 80044] [client 20.24.209.153:0] script '/domains/system_suspended/xmlrpc.php' not found or unable to stat
[Mon Jan 26 02:43:27.437372 2026] [php:error] [pid 80044] [client 20.24.209.153:0] script '/domains/system_suspended/xmrlpc.php' not found or unable to stat
[Mon Jan 26 02:45:58.336366 2026] [php:error] [pid 85720] [client 86.1.70.176:0] script '/domains/proinc/wp-login.php' not found or unable to stat
[Mon Jan 26 02:45:59.678778 2026] [php:error] [pid 85717] [client 85.1.120.211:0] script '/domains/proinc/wp-login.php' not found or unable to stat
[Mon Jan 26 02:46:19.830568 2026] [php:error] [pid 85735] [client 4.194.24.19:0] script '/domains/emsco1/wp-sing.php' not found or unable to stat
[Mon Jan 26 02:46:20.051149 2026] [php:error] [pid 85735] [client 4.194.24.19:0] script '/domains/emsco1/adminfuns.php' not found or unable to stat
[Mon Jan 26 02:46:20.271570 2026] [php:error] [pid 85735] [client 4.194.24.19:0] script '/domains/emsco1/wp-good.php' not found or unable to stat
[Mon Jan 26 02:46:20.508952 2026] [php:error] [pid 85735] [client 4.194.24.19:0] script '/domains/emsco1/wp-links-opml.php' not found or unable to stat
[Mon Jan 26 02:46:20.731388 2026] [php:error] [pid 85735] [client 4.194.24.19:0] script '/domains/emsco1/elp.php' not found or unable to stat
[Mon Jan 26 02:46:20.952528 2026] [php:error] [pid 85735] [client 4.194.24.19:0] script '/domains/emsco1/wpc.php' not found or unable to stat
[Mon Jan 26 02:46:23.171599 2026] [php:error] [pid 85735] [client 4.194.24.19:0] script '/domains/emsco1/goods.php' not found or unable to stat
[Mon Jan 26 02:46:23.612040 2026] [php:error] [pid 85735] [client 4.194.24.19:0] script '/domains/emsco1/admin.php' not found or unable to stat
[Mon Jan 26 02:46:23.836403 2026] [php:error] [pid 85735] [client 4.194.24.19:0] script '/domains/emsco1/ioxi-o.php' not found or unable to stat
[Mon Jan 26 02:46:24.006259 2026] [cgi:error] [pid 85736] [client 172.93.153.70:0] AH01215: stderr from /domains/abtechsci/cgi-bin/CustomerSurvey.cgi: [Mon Jan 26 02:46:24 2026] CustomerSurvey.cgi: CGI::param called in list context from /domains/abtechsci/cgi-bin/CustomerSurvey.cgi line 42, this can lead to vulnerabilities. See the warning in "Fetching the value or values of a single named parameter" at /usr/local/lib/perl5/site_perl/CGI.pm line 416., referer: http://abtechsci.com/customserv.html
[Mon Jan 26 02:46:24.057006 2026] [php:error] [pid 85735] [client 4.194.24.19:0] script '/domains/emsco1/about.php' not found or unable to stat
[Mon Jan 26 02:46:24.277967 2026] [php:error] [pid 85735] [client 4.194.24.19:0] script '/domains/emsco1/file.php' not found or unable to stat
