[Mon Jan 26 00:26:59.322558 2026] [php:error] [pid 56137] [client 45.128.199.172:0] script '/domains/hofficer1/style.php' not found or unable to stat
[Mon Jan 26 00:26:59.455512 2026] [php:error] [pid 56137] [client 45.128.199.172:0] script '/domains/hofficer1/db.php' not found or unable to stat
[Mon Jan 26 00:27:01.245241 2026] [php:error] [pid 56134] [client 45.128.199.154:0] script '/domains/hofficer1/wp-set.php' not found or unable to stat
[Mon Jan 26 00:27:01.374185 2026] [php:error] [pid 56134] [client 45.128.199.154:0] script '/domains/hofficer1/file.php' not found or unable to stat
[Mon Jan 26 00:27:04.348060 2026] [php:error] [pid 56121] [client 45.128.199.164:0] script '/domains/hofficer1/moon.php' not found or unable to stat
[Mon Jan 26 00:27:06.729599 2026] [php:error] [pid 56121] [client 45.128.199.164:0] script '/domains/hofficer1/pages.php' not found or unable to stat
[Mon Jan 26 00:27:07.158535 2026] [php:error] [pid 56121] [client 45.128.199.164:0] script '/domains/hofficer1/bulk.php' not found or unable to stat
[Mon Jan 26 00:27:07.312731 2026] [php:error] [pid 56121] [client 45.128.199.164:0] script '/domains/hofficer1/kk.php' not found or unable to stat
[Mon Jan 26 00:27:08.220551 2026] [php:error] [pid 56121] [client 45.128.199.164:0] script '/domains/hofficer1/wp-logout.php' not found or unable to stat
[Mon Jan 26 00:27:08.772532 2026] [php:error] [pid 56121] [client 45.128.199.164:0] script '/domains/hofficer1/classwithtostring.php' not found or unable to stat
[Mon Jan 26 00:27:08.906902 2026] [php:error] [pid 56121] [client 45.128.199.164:0] script '/domains/hofficer1/wp-setup.php' not found or unable to stat
[Mon Jan 26 00:27:09.455427 2026] [php:error] [pid 56121] [client 45.128.199.164:0] script '/domains/hofficer1/wp-editor.php' not found or unable to stat
[Mon Jan 26 00:27:09.651266 2026] [php:error] [pid 56121] [client 45.128.199.164:0] script '/domains/hofficer1/wp-simple.php' not found or unable to stat
[Mon Jan 26 00:27:10.869069 2026] [php:error] [pid 56121] [client 45.128.199.164:0] script '/domains/hofficer1/hehehehe.php' not found or unable to stat
[Mon Jan 26 00:27:12.803018 2026] [php:error] [pid 56121] [client 45.128.199.164:0] script '/domains/hofficer1/header.php' not found or unable to stat
[Mon Jan 26 00:27:12.941447 2026] [php:error] [pid 56121] [client 45.128.199.164:0] script '/domains/hofficer1/gecko.php' not found or unable to stat
[Mon Jan 26 00:27:14.032623 2026] [php:error] [pid 56121] [client 45.128.199.164:0] script '/domains/hofficer1/bk.php' not found or unable to stat
[Mon Jan 26 00:27:17.513269 2026] [php:error] [pid 56129] [client 45.128.199.242:0] script '/domains/hofficer1/about.php' not found or unable to stat
[Mon Jan 26 00:27:17.664416 2026] [php:error] [pid 56129] [client 45.128.199.242:0] script '/domains/hofficer1/sym.php' not found or unable to stat
[Mon Jan 26 00:27:28.721543 2026] [php:error] [pid 56121] [client 45.128.199.242:0] script '/domains/hofficer1/sk.php' not found or unable to stat
[Mon Jan 26 00:27:30.121145 2026] [php:error] [pid 56132] [client 45.128.199.169:0] script '/domains/hofficer1/images/Marvins.php' not found or unable to stat
[Mon Jan 26 00:27:30.529017 2026] [php:error] [pid 56132] [client 45.128.199.169:0] script '/domains/hofficer1/images/index.php' not found or unable to stat
[Mon Jan 26 00:27:31.925495 2026] [php:error] [pid 56132] [client 45.128.199.169:0] script '/domains/hofficer1/sys.php' not found or unable to stat
[Mon Jan 26 00:27:32.772294 2026] [php:error] [pid 56132] [client 45.128.199.169:0] script '/domains/hofficer1/wp-user.php' not found or unable to stat
[Mon Jan 26 00:27:32.912811 2026] [php:error] [pid 56132] [client 45.128.199.169:0] script '/domains/hofficer1/customize.php' not found or unable to stat
[Mon Jan 26 00:27:34.362502 2026] [php:error] [pid 56134] [client 45.128.199.174:0] script '/domains/hofficer1/fm1.php' not found or unable to stat
[Mon Jan 26 00:27:34.773720 2026] [php:error] [pid 56134] [client 45.128.199.174:0] script '/domains/hofficer1/wp-settings.php' not found or unable to stat
[Mon Jan 26 00:27:35.036887 2026] [php:error] [pid 56134] [client 45.128.199.174:0] script '/domains/hofficer1/wp-file.php' not found or unable to stat
[Mon Jan 26 00:27:35.172706 2026] [php:error] [pid 56134] [client 45.128.199.174:0] script '/domains/hofficer1/wp-content.php' not found or unable to stat
[Mon Jan 26 00:27:35.439567 2026] [php:error] [pid 56134] [client 45.128.199.174:0] script '/domains/hofficer1/log.php' not found or unable to stat
[Mon Jan 26 00:27:36.047915 2026] [php:error] [pid 56134] [client 45.128.199.174:0] script '/domains/hofficer1/ioxi01.php' not found or unable to stat
[Mon Jan 26 00:27:38.722329 2026] [php:error] [pid 56134] [client 45.128.199.174:0] script '/domains/hofficer1/xx.php' not found or unable to stat
[Mon Jan 26 00:27:40.085521 2026] [php:error] [pid 56134] [client 45.128.199.174:0] script '/domains/hofficer1/images.php' not found or unable to stat
[Mon Jan 26 00:27:40.223451 2026] [php:error] [pid 56134] [client 45.128.199.174:0] script '/domains/hofficer1/wp-aespa.php' not found or unable to stat
[Mon Jan 26 00:27:44.298340 2026] [php:error] [pid 56129] [client 45.128.199.242:0] script '/domains/hofficer1/wp-l0gin.php' not found or unable to stat
[Mon Jan 26 00:27:45.696576 2026] [php:error] [pid 56129] [client 45.128.199.242:0] script '/domains/hofficer1/wp-conflg.php' not found or unable to stat
[Mon Jan 26 00:27:46.524511 2026] [php:error] [pid 56129] [client 45.128.199.242:0] script '/domains/hofficer1/images/worksec.php' not found or unable to stat
[Mon Jan 26 00:27:46.649701 2026] [php:error] [pid 56129] [client 45.128.199.242:0] script '/domains/hofficer1/images/rest.php' not found or unable to stat
[Mon Jan 26 00:27:48.368618 2026] [php:error] [pid 56129] [client 45.128.199.168:0] script '/domains/hofficer1/0x.php' not found or unable to stat
[Mon Jan 26 00:27:49.288569 2026] [php:error] [pid 56129] [client 45.128.199.168:0] script '/domains/hofficer1/wpn.php' not found or unable to stat
[Mon Jan 26 00:27:49.420033 2026] [php:error] [pid 56129] [client 45.128.199.168:0] script '/domains/hofficer1/cloud.php' not found or unable to stat
[Mon Jan 26 00:27:49.557627 2026] [php:error] [pid 56129] [client 45.128.199.168:0] script '/domains/hofficer1/upload.php' not found or unable to stat
[Mon Jan 26 00:27:49.676451 2026] [php:error] [pid 56129] [client 45.128.199.168:0] script '/domains/hofficer1/init.php' not found or unable to stat
[Mon Jan 26 00:27:49.952601 2026] [php:error] [pid 56129] [client 45.128.199.168:0] script '/domains/hofficer1/wp-blog.php' not found or unable to stat
[Mon Jan 26 00:27:50.605876 2026] [php:error] [pid 56129] [client 45.128.199.168:0] script '/domains/hofficer1/payout.php' not found or unable to stat
[Mon Jan 26 00:27:51.178464 2026] [php:error] [pid 56129] [client 45.128.199.168:0] script '/domains/hofficer1/lock360.php' not found or unable to stat
[Mon Jan 26 00:27:51.317472 2026] [php:error] [pid 56129] [client 45.128.199.168:0] script '/domains/hofficer1/x.php' not found or unable to stat
[Mon Jan 26 00:27:52.402417 2026] [php:error] [pid 56129] [client 45.128.199.168:0] script '/domains/hofficer1/wp_info.php' not found or unable to stat
[Mon Jan 26 00:27:52.642570 2026] [php:error] [pid 56129] [client 45.128.199.168:0] script '/domains/hofficer1/xml.php' not found or unable to stat
[Mon Jan 26 00:27:52.795459 2026] [php:error] [pid 56129] [client 45.128.199.168:0] script '/domains/hofficer1/by.php' not found or unable to stat
[Mon Jan 26 00:27:54.783963 2026] [php:error] [pid 56129] [client 45.128.199.168:0] script '/domains/hofficer1/default.php' not found or unable to stat
[Mon Jan 26 00:27:54.906648 2026] [php:error] [pid 56129] [client 45.128.199.168:0] script '/domains/hofficer1/fox.php' not found or unable to stat
[Mon Jan 26 00:27:55.030236 2026] [php:error] [pid 56129] [client 45.128.199.168:0] script '/domains/hofficer1/google.php' not found or unable to stat
[Mon Jan 26 00:27:55.364034 2026] [php:error] [pid 56129] [client 45.128.199.168:0] script '/domains/hofficer1/ovatools.php' not found or unable to stat
[Mon Jan 26 00:27:55.487019 2026] [php:error] [pid 56129] [client 45.128.199.168:0] script '/domains/hofficer1/sidwso.php' not found or unable to stat
[Mon Jan 26 00:27:55.610635 2026] [php:error] [pid 56129] [client 45.128.199.168:0] script '/domains/hofficer1/worksec.php' not found or unable to stat
[Mon Jan 26 00:27:56.978584 2026] [php:error] [pid 56129] [client 45.128.199.168:0] script '/domains/hofficer1/Simple.php' not found or unable to stat
[Mon Jan 26 00:27:57.104556 2026] [php:error] [pid 56129] [client 45.128.199.168:0] script '/domains/hofficer1/wp-blog-header.php' not found or unable to stat
[Mon Jan 26 00:27:57.223470 2026] [php:error] [pid 56129] [client 45.128.199.168:0] script '/domains/hofficer1/style2.php' not found or unable to stat
[Mon Jan 26 00:27:57.649355 2026] [php:error] [pid 56129] [client 45.128.199.168:0] script '/domains/hofficer1/wp-scripts.php' not found or unable to stat
[Mon Jan 26 00:27:57.778582 2026] [php:error] [pid 56129] [client 45.128.199.168:0] script '/domains/hofficer1/adminfuns.php' not found or unable to stat
[Mon Jan 26 00:27:57.902969 2026] [php:error] [pid 56129] [client 45.128.199.168:0] script '/domains/hofficer1/cjfuns.php' not found or unable to stat
[Mon Jan 26 00:27:58.168159 2026] [php:error] [pid 56129] [client 45.128.199.168:0] script '/domains/hofficer1/comfunctions.php' not found or unable to stat
[Mon Jan 26 00:27:59.179687 2026] [php:error] [pid 56129] [client 45.128.199.168:0] script '/domains/hofficer1/delpaths.php' not found or unable to stat
[Mon Jan 26 00:27:59.401454 2026] [php:error] [pid 56129] [client 45.128.199.168:0] script '/domains/hofficer1/epinyins.php' not found or unable to stat
[Mon Jan 26 00:27:59.521494 2026] [php:error] [pid 56129] [client 45.128.199.168:0] script '/domains/hofficer1/filefuns.php' not found or unable to stat
[Mon Jan 26 00:27:59.646962 2026] [php:error] [pid 56129] [client 45.128.199.168:0] script '/domains/hofficer1/hinfofuns.php' not found or unable to stat
[Mon Jan 26 00:27:59.776488 2026] [php:error] [pid 56129] [client 45.128.199.168:0] script '/domains/hofficer1/qfunctions.php' not found or unable to stat
[Mon Jan 26 00:27:59.958843 2026] [php:error] [pid 56129] [client 45.128.199.168:0] script '/domains/hofficer1/qinfofuns.php' not found or unable to stat
[Mon Jan 26 00:28:00.091245 2026] [php:error] [pid 56129] [client 45.128.199.168:0] script '/domains/hofficer1/thoms.php' not found or unable to stat
[Mon Jan 26 00:28:00.210564 2026] [php:error] [pid 56129] [client 45.128.199.168:0] script '/domains/hofficer1/postnews.php' not found or unable to stat
[Mon Jan 26 00:28:00.334841 2026] [php:error] [pid 56129] [client 45.128.199.168:0] script '/domains/hofficer1/admin-ajax.php' not found or unable to stat
[Mon Jan 26 00:28:00.456761 2026] [php:error] [pid 56129] [client 45.128.199.168:0] script '/domains/hofficer1/link.php' not found or unable to stat
[Mon Jan 26 00:28:00.582451 2026] [php:error] [pid 56129] [client 45.128.199.168:0] script '/domains/hofficer1/ms-themes.php' not found or unable to stat
[Mon Jan 26 00:28:00.775380 2026] [php:error] [pid 56129] [client 45.128.199.168:0] script '/domains/hofficer1/my-sites.php' not found or unable to stat
[Mon Jan 26 00:28:00.935561 2026] [php:error] [pid 56129] [client 45.128.199.168:0] script '/domains/hofficer1/media.php' not found or unable to stat
[Mon Jan 26 00:28:01.091865 2026] [php:error] [pid 56129] [client 45.128.199.168:0] script '/domains/hofficer1/nav-menus.php' not found or unable to stat
[Mon Jan 26 00:28:01.212483 2026] [php:error] [pid 56129] [client 45.128.199.168:0] script '/domains/hofficer1/menu.php' not found or unable to stat
[Mon Jan 26 00:28:01.333333 2026] [php:error] [pid 56129] [client 45.128.199.168:0] script '/domains/hofficer1/options-head.php' not found or unable to stat
[Mon Jan 26 00:28:01.464702 2026] [php:error] [pid 56129] [client 45.128.199.168:0] script '/domains/hofficer1/revision.php' not found or unable to stat
[Mon Jan 26 00:28:01.599306 2026] [php:error] [pid 56129] [client 45.128.199.168:0] script '/domains/hofficer1/widgets.php' not found or unable to stat
[Mon Jan 26 00:28:01.737756 2026] [php:error] [pid 56129] [client 45.128.199.168:0] script '/domains/hofficer1/term.php' not found or unable to stat
[Mon Jan 26 00:28:01.949098 2026] [php:error] [pid 56129] [client 45.128.199.168:0] script '/domains/hofficer1/system_log.php' not found or unable to stat
[Mon Jan 26 00:28:02.337141 2026] [php:error] [pid 56121] [client 45.128.199.237:0] script '/domains/hofficer1/moded.php' not found or unable to stat
[Mon Jan 26 00:28:03.851876 2026] [php:error] [pid 56121] [client 45.128.199.237:0] script '/domains/hofficer1/upgrade.php' not found or unable to stat
[Mon Jan 26 00:28:03.985232 2026] [php:error] [pid 56121] [client 45.128.199.237:0] script '/domains/hofficer1/gh.php' not found or unable to stat
[Mon Jan 26 00:28:04.143474 2026] [php:error] [pid 56121] [client 45.128.199.237:0] script '/domains/hofficer1/version.php' not found or unable to stat
[Mon Jan 26 00:28:04.276889 2026] [php:error] [pid 56121] [client 45.128.199.237:0] script '/domains/hofficer1/head.php' not found or unable to stat
[Mon Jan 26 00:28:04.491776 2026] [php:error] [pid 56121] [client 45.128.199.237:0] script '/domains/hofficer1/index1.php' not found or unable to stat
[Mon Jan 26 00:28:05.167728 2026] [php:error] [pid 56121] [client 45.128.199.237:0] script '/domains/hofficer1/theme-insqbzk.php' not found or unable to stat
[Mon Jan 26 00:28:05.290510 2026] [php:error] [pid 56121] [client 45.128.199.237:0] script '/domains/hofficer1/good.php' not found or unable to stat
[Mon Jan 26 00:28:05.420856 2026] [php:error] [pid 56121] [client 45.128.199.237:0] script '/domains/hofficer1/main.php' not found or unable to stat
[Mon Jan 26 00:28:06.042647 2026] [php:error] [pid 56121] [client 45.128.199.237:0] script '/domains/hofficer1/wsoyanz.php' not found or unable to stat
[Mon Jan 26 00:28:07.097940 2026] [php:error] [pid 56121] [client 45.128.199.237:0] script '/domains/hofficer1/alfa-rex.php' not found or unable to stat
[Mon Jan 26 00:28:11.406820 2026] [php:error] [pid 56121] [client 45.128.199.237:0] script '/domains/hofficer1/cache-compat.php' not found or unable to stat
[Mon Jan 26 00:28:11.555172 2026] [php:error] [pid 56121] [client 45.128.199.237:0] script '/domains/hofficer1/ajax-actions.php' not found or unable to stat
[Mon Jan 26 00:28:11.902865 2026] [php:error] [pid 56121] [client 45.128.199.237:0] script '/domains/hofficer1/wp-consar.php' not found or unable to stat
[Mon Jan 26 00:28:13.988396 2026] [php:error] [pid 56121] [client 45.128.199.237:0] script '/domains/hofficer1/sx.php' not found or unable to stat
[Mon Jan 26 00:28:15.218549 2026] [php:error] [pid 56121] [client 45.128.199.237:0] script '/domains/hofficer1/images/wp-login.php' not found or unable to stat
[Mon Jan 26 00:28:15.346368 2026] [php:error] [pid 56121] [client 45.128.199.237:0] script '/domains/hofficer1/web.php' not found or unable to stat
[Mon Jan 26 00:28:16.197527 2026] [php:error] [pid 56121] [client 45.128.199.237:0] script '/domains/hofficer1/wp-uploads-config.php' not found or unable to stat
[Mon Jan 26 00:28:19.316948 2026] [php:error] [pid 56142] [client 45.128.199.219:0] script '/domains/hofficer1/upload.php' not found or unable to stat
[Mon Jan 26 00:28:19.579181 2026] [php:error] [pid 56142] [client 45.128.199.219:0] script '/domains/hofficer1/indeex.php' not found or unable to stat
[Mon Jan 26 00:28:19.721634 2026] [php:error] [pid 56142] [client 45.128.199.219:0] script '/domains/hofficer1/dropdown.php' not found or unable to stat
[Mon Jan 26 00:28:20.345049 2026] [php:error] [pid 56142] [client 45.128.199.219:0] script '/domains/hofficer1/bs.php' not found or unable to stat
[Mon Jan 26 00:28:20.623264 2026] [php:error] [pid 56142] [client 45.128.199.219:0] script '/domains/hofficer1/credits.php' not found or unable to stat
[Mon Jan 26 00:28:20.839026 2026] [php:error] [pid 56142] [client 45.128.199.219:0] script '/domains/hofficer1/edit-comments.php' not found or unable to stat
[Mon Jan 26 00:28:20.977964 2026] [php:error] [pid 56142] [client 45.128.199.219:0] script '/domains/hofficer1/checkbox.php' not found or unable to stat
[Mon Jan 26 00:28:21.114669 2026] [php:error] [pid 56142] [client 45.128.199.219:0] script '/domains/hofficer1/export.php' not found or unable to stat
[Mon Jan 26 00:28:21.329803 2026] [php:error] [pid 56142] [client 45.128.199.219:0] script '/domains/hofficer1/input.php' not found or unable to stat
[Mon Jan 26 00:28:21.462139 2026] [php:error] [pid 56142] [client 45.128.199.219:0] script '/domains/hofficer1/load-scripts.php' not found or unable to stat
[Mon Jan 26 00:28:21.601923 2026] [php:error] [pid 56142] [client 45.128.199.219:0] script '/domains/hofficer1/load-styles.php' not found or unable to stat
[Mon Jan 26 00:28:21.744232 2026] [php:error] [pid 56142] [client 45.128.199.219:0] script '/domains/hofficer1/options-discussion.php' not found or unable to stat
[Mon Jan 26 00:28:22.129751 2026] [php:error] [pid 56142] [client 45.128.199.219:0] script '/domains/hofficer1/options-general.php' not found or unable to stat
[Mon Jan 26 00:28:22.261071 2026] [php:error] [pid 56142] [client 45.128.199.219:0] script '/domains/hofficer1/options-permalink.php' not found or unable to stat
[Mon Jan 26 00:28:22.398925 2026] [php:error] [pid 56142] [client 45.128.199.219:0] script '/domains/hofficer1/options-privacy.php' not found or unable to stat
[Mon Jan 26 00:28:22.526321 2026] [php:error] [pid 56142] [client 45.128.199.219:0] script '/domains/hofficer1/options-reading.php' not found or unable to stat
[Mon Jan 26 00:28:22.824658 2026] [php:error] [pid 56142] [client 45.128.199.219:0] script '/domains/hofficer1/options-writing.php' not found or unable to stat
[Mon Jan 26 00:28:22.956483 2026] [php:error] [pid 56142] [client 45.128.199.219:0] script '/domains/hofficer1/post-new.php' not found or unable to stat
[Mon Jan 26 00:28:23.254041 2026] [php:error] [pid 56142] [client 45.128.199.219:0] script '/domains/hofficer1/privacy.php' not found or unable to stat
[Mon Jan 26 00:28:23.382046 2026] [php:error] [pid 56142] [client 45.128.199.219:0] script '/domains/hofficer1/profile.php' not found or unable to stat
[Mon Jan 26 00:28:23.520003 2026] [php:error] [pid 56142] [client 45.128.199.219:0] script '/domains/hofficer1/site-health.php' not found or unable to stat
[Mon Jan 26 00:28:23.648876 2026] [php:error] [pid 56142] [client 45.128.199.219:0] script '/domains/hofficer1/tools.php' not found or unable to stat
[Mon Jan 26 00:28:23.839668 2026] [php:error] [pid 56142] [client 45.128.199.219:0] script '/domains/hofficer1/update-core.php' not found or unable to stat
[Mon Jan 26 00:28:23.973827 2026] [php:error] [pid 56142] [client 45.128.199.219:0] script '/domains/hofficer1/user-edit.php' not found or unable to stat
[Mon Jan 26 00:28:24.102287 2026] [php:error] [pid 56142] [client 45.128.199.219:0] script '/domains/hofficer1/user-new.php' not found or unable to stat
[Mon Jan 26 00:28:24.230883 2026] [php:error] [pid 56142] [client 45.128.199.219:0] script '/domains/hofficer1/wp-cron.php' not found or unable to stat
[Mon Jan 26 00:28:24.361366 2026] [php:error] [pid 56142] [client 45.128.199.219:0] script '/domains/hofficer1/bar.php' not found or unable to stat
[Mon Jan 26 00:28:24.498192 2026] [php:error] [pid 56142] [client 45.128.199.219:0] script '/domains/hofficer1/samll.php' not found or unable to stat
[Mon Jan 26 00:28:24.724697 2026] [php:error] [pid 56142] [client 45.128.199.219:0] script '/domains/hofficer1/webdb.php' not found or unable to stat
[Mon Jan 26 00:28:24.867115 2026] [php:error] [pid 56142] [client 45.128.199.219:0] script '/domains/hofficer1/100.php' not found or unable to stat
[Mon Jan 26 00:28:25.376715 2026] [php:error] [pid 56142] [client 45.128.199.219:0] script '/domains/hofficer1/plugin-install.php' not found or unable to stat
[Mon Jan 26 00:28:25.519503 2026] [php:error] [pid 56142] [client 45.128.199.219:0] script '/domains/hofficer1/km.php' not found or unable to stat
[Mon Jan 26 00:28:25.650510 2026] [php:error] [pid 56142] [client 45.128.199.219:0] script '/domains/hofficer1/LA.php' not found or unable to stat
[Mon Jan 26 00:28:25.926881 2026] [php:error] [pid 56142] [client 45.128.199.219:0] script '/domains/hofficer1/wp-good.php' not found or unable to stat
[Mon Jan 26 00:28:26.086585 2026] [php:error] [pid 56142] [client 45.128.199.219:0] script '/domains/hofficer1/wp-ldd.php' not found or unable to stat
[Mon Jan 26 00:28:26.217822 2026] [php:error] [pid 56142] [client 45.128.199.219:0] script '/domains/hofficer1/sgd.php' not found or unable to stat
[Mon Jan 26 00:28:26.371088 2026] [php:error] [pid 56142] [client 45.128.199.219:0] script '/domains/hofficer1/wzy.php' not found or unable to stat
[Mon Jan 26 00:28:27.780941 2026] [php:error] [pid 56142] [client 45.128.199.219:0] script '/domains/hofficer1/chosen.php' not found or unable to stat
[Mon Jan 26 00:28:28.101244 2026] [php:error] [pid 56142] [client 45.128.199.219:0] script '/domains/hofficer1/wp-signup.php' not found or unable to stat
[Mon Jan 26 00:28:28.923939 2026] [php:error] [pid 56142] [client 45.128.199.219:0] script '/domains/hofficer1/class.php' not found or unable to stat
[Mon Jan 26 00:28:29.205007 2026] [php:error] [pid 56142] [client 45.128.199.219:0] script '/domains/hofficer1/Njima.php' not found or unable to stat
[Mon Jan 26 00:28:30.195358 2026] [php:error] [pid 56142] [client 45.128.199.219:0] script '/domains/hofficer1/FroggBaba.php' not found or unable to stat
[Mon Jan 26 00:28:30.604159 2026] [php:error] [pid 56134] [client 4.194.24.19:0] script '/domains/ceonlinenews/wp-sing.php' not found or unable to stat
[Mon Jan 26 00:28:30.833058 2026] [php:error] [pid 56134] [client 4.194.24.19:0] script '/domains/ceonlinenews/adminfuns.php' not found or unable to stat
[Mon Jan 26 00:28:30.877606 2026] [php:error] [pid 56142] [client 45.128.199.219:0] script '/domains/hofficer1/sts.php' not found or unable to stat
[Mon Jan 26 00:28:31.062337 2026] [php:error] [pid 56134] [client 4.194.24.19:0] script '/domains/ceonlinenews/wp-xml.php' not found or unable to stat
[Mon Jan 26 00:28:31.294378 2026] [php:error] [pid 56134] [client 4.194.24.19:0] script '/domains/ceonlinenews/wp-good.php' not found or unable to stat
[Mon Jan 26 00:28:31.523083 2026] [php:error] [pid 56134] [client 4.194.24.19:0] script '/domains/ceonlinenews/wp-links-opml.php' not found or unable to stat
[Mon Jan 26 00:28:31.753007 2026] [php:error] [pid 56134] [client 4.194.24.19:0] script '/domains/ceonlinenews/elp.php' not found or unable to stat
[Mon Jan 26 00:28:31.997131 2026] [php:error] [pid 56134] [client 4.194.24.19:0] script '/domains/ceonlinenews/wpc.php' not found or unable to stat
[Mon Jan 26 00:28:32.822024 2026] [php:error] [pid 56142] [client 45.128.199.219:0] script '/domains/hofficer1/st.php' not found or unable to stat
[Mon Jan 26 00:28:33.021871 2026] [php:error] [pid 56142] [client 45.128.199.219:0] script '/domains/hofficer1/GA13.php' not found or unable to stat
[Mon Jan 26 00:28:33.978460 2026] [php:error] [pid 56142] [client 45.128.199.219:0] script '/domains/hofficer1/crop.php' not found or unable to stat
[Mon Jan 26 00:28:34.310543 2026] [php:error] [pid 56134] [client 4.194.24.19:0] script '/domains/ceonlinenews/goods.php' not found or unable to stat
[Mon Jan 26 00:28:34.771210 2026] [php:error] [pid 56134] [client 4.194.24.19:0] script '/domains/ceonlinenews/admin.php' not found or unable to stat
[Mon Jan 26 00:28:35.000176 2026] [php:error] [pid 56134] [client 4.194.24.19:0] script '/domains/ceonlinenews/ioxi-o.php' not found or unable to stat
[Mon Jan 26 00:28:35.054976 2026] [php:error] [pid 56142] [client 45.128.199.219:0] script '/domains/hofficer1/gali.php' not found or unable to stat
[Mon Jan 26 00:28:35.230347 2026] [php:error] [pid 56134] [client 4.194.24.19:0] script '/domains/ceonlinenews/about.php' not found or unable to stat
[Mon Jan 26 00:28:35.474377 2026] [php:error] [pid 56134] [client 4.194.24.19:0] script '/domains/ceonlinenews/file.php' not found or unable to stat
[Mon Jan 26 00:28:35.617804 2026] [php:error] [pid 56142] [client 45.128.199.219:0] script '/domains/hofficer1/dir.php' not found or unable to stat
[Mon Jan 26 00:28:35.704029 2026] [php:error] [pid 56134] [client 4.194.24.19:0] script '/domains/ceonlinenews/bolt.php' not found or unable to stat
[Mon Jan 26 00:28:35.755089 2026] [php:error] [pid 56142] [client 45.128.199.219:0] script '/domains/hofficer1/dirs.php' not found or unable to stat
[Mon Jan 26 00:28:35.880972 2026] [php:error] [pid 56142] [client 45.128.199.219:0] script '/domains/hofficer1/abouts.php' not found or unable to stat
[Mon Jan 26 00:28:35.951518 2026] [php:error] [pid 56134] [client 4.194.24.19:0] script '/domains/ceonlinenews/term.php' not found or unable to stat
[Mon Jan 26 00:28:36.007039 2026] [php:error] [pid 56142] [client 45.128.199.219:0] script '/domains/hofficer1/malls.php' not found or unable to stat
[Mon Jan 26 00:28:36.134188 2026] [php:error] [pid 56142] [client 45.128.199.219:0] script '/domains/hofficer1/liefs.php' not found or unable to stat
[Mon Jan 26 00:28:36.180796 2026] [php:error] [pid 56134] [client 4.194.24.19:0] script '/domains/ceonlinenews/0.php' not found or unable to stat
[Mon Jan 26 00:28:36.264384 2026] [php:error] [pid 56142] [client 45.128.199.219:0] script '/domains/hofficer1/uc.php' not found or unable to stat
[Mon Jan 26 00:28:36.403934 2026] [php:error] [pid 56142] [client 45.128.199.219:0] script '/domains/hofficer1/locks.php' not found or unable to stat
[Mon Jan 26 00:28:36.420575 2026] [php:error] [pid 56134] [client 4.194.24.19:0] script '/domains/ceonlinenews/07.php' not found or unable to stat
[Mon Jan 26 00:28:36.538265 2026] [php:error] [pid 56142] [client 45.128.199.219:0] script '/domains/hofficer1/wp-dsdd.php' not found or unable to stat
[Mon Jan 26 00:28:36.649483 2026] [php:error] [pid 56134] [client 4.194.24.19:0] script '/domains/ceonlinenews/1.php' not found or unable to stat
[Mon Jan 26 00:28:36.878652 2026] [php:error] [pid 56134] [client 4.194.24.19:0] script '/domains/ceonlinenews/123.php' not found or unable to stat
[Mon Jan 26 00:28:37.120936 2026] [php:error] [pid 56134] [client 4.194.24.19:0] script '/domains/ceonlinenews/aa.php' not found or unable to stat
[Mon Jan 26 00:28:37.349857 2026] [php:error] [pid 56134] [client 4.194.24.19:0] script '/domains/ceonlinenews/abcd.php' not found or unable to stat
[Mon Jan 26 00:28:37.593402 2026] [php:error] [pid 56134] [client 4.194.24.19:0] script '/domains/ceonlinenews/about.php' not found or unable to stat
[Mon Jan 26 00:28:37.629988 2026] [php:error] [pid 56142] [client 45.128.199.219:0] script '/domains/hofficer1/wp-themes.php' not found or unable to stat
[Mon Jan 26 00:28:37.768574 2026] [php:error] [pid 56142] [client 45.128.199.219:0] script '/domains/hofficer1/wp-uploads.php' not found or unable to stat
[Mon Jan 26 00:28:37.821450 2026] [php:error] [pid 56134] [client 4.194.24.19:0] script '/domains/ceonlinenews/admin.php' not found or unable to stat
[Mon Jan 26 00:28:37.910742 2026] [php:error] [pid 56142] [client 45.128.199.219:0] script '/domains/hofficer1/wp-files.php' not found or unable to stat
[Mon Jan 26 00:28:38.039792 2026] [php:error] [pid 56142] [client 45.128.199.219:0] script '/domains/hofficer1/t.php' not found or unable to stat
[Mon Jan 26 00:28:38.050745 2026] [php:error] [pid 56134] [client 4.194.24.19:0] script '/domains/ceonlinenews/adminfuns.php' not found or unable to stat
[Mon Jan 26 00:28:38.174525 2026] [php:error] [pid 56142] [client 45.128.199.219:0] script '/domains/hofficer1/stindex.php' not found or unable to stat
[Mon Jan 26 00:28:38.281544 2026] [php:error] [pid 56134] [client 4.194.24.19:0] script '/domains/ceonlinenews/akc.php' not found or unable to stat
[Mon Jan 26 00:28:38.307629 2026] [php:error] [pid 56142] [client 45.128.199.219:0] script '/domains/hofficer1/shop.php' not found or unable to stat
[Mon Jan 26 00:28:38.514819 2026] [php:error] [pid 56134] [client 4.194.24.19:0] script '/domains/ceonlinenews/akcc.php' not found or unable to stat
[Mon Jan 26 00:28:38.744416 2026] [php:error] [pid 56134] [client 4.194.24.19:0] script '/domains/ceonlinenews/asasx.php' not found or unable to stat
[Mon Jan 26 00:28:38.981413 2026] [php:error] [pid 56134] [client 4.194.24.19:0] script '/domains/ceonlinenews/asd.php' not found or unable to stat
[Mon Jan 26 00:28:39.209729 2026] [php:error] [pid 56134] [client 4.194.24.19:0] script '/domains/ceonlinenews/atomlib.php' not found or unable to stat
[Mon Jan 26 00:28:39.437881 2026] [php:error] [pid 56134] [client 4.194.24.19:0] script '/domains/ceonlinenews/autoload_classmap.php' not found or unable to stat
[Mon Jan 26 00:28:39.682331 2026] [php:error] [pid 56134] [client 4.194.24.19:0] script '/domains/ceonlinenews/axx.php' not found or unable to stat
[Mon Jan 26 00:28:39.712783 2026] [php:error] [pid 56147] [client 45.128.199.145:0] script '/domains/hofficer1/exit.php' not found or unable to stat
[Mon Jan 26 00:28:39.835095 2026] [php:error] [pid 56147] [client 45.128.199.145:0] script '/domains/hofficer1/install.php' not found or unable to stat
[Mon Jan 26 00:28:39.911190 2026] [php:error] [pid 56134] [client 4.194.24.19:0] script '/domains/ceonlinenews/build.php' not found or unable to stat
[Mon Jan 26 00:28:39.956547 2026] [php:error] [pid 56147] [client 45.128.199.145:0] script '/domains/hofficer1/max.php' not found or unable to stat
[Mon Jan 26 00:28:40.150939 2026] [php:error] [pid 56134] [client 4.194.24.19:0] script '/domains/ceonlinenews/buy.php' not found or unable to stat
[Mon Jan 26 00:28:40.379538 2026] [php:error] [pid 56134] [client 4.194.24.19:0] script '/domains/ceonlinenews/checkbox.php' not found or unable to stat
[Mon Jan 26 00:28:40.585900 2026] [php:error] [pid 56147] [client 45.128.199.145:0] script '/domains/hofficer1/wp-load.php' not found or unable to stat
[Mon Jan 26 00:28:40.608429 2026] [php:error] [pid 56134] [client 4.194.24.19:0] script '/domains/ceonlinenews/chosen.php' not found or unable to stat
[Mon Jan 26 00:28:40.833566 2026] [php:error] [pid 56147] [client 45.128.199.145:0] script '/domains/hofficer1/aa.php' not found or unable to stat
[Mon Jan 26 00:28:40.842457 2026] [php:error] [pid 56134] [client 4.194.24.19:0] script '/domains/ceonlinenews/classwithtostring.php' not found or unable to stat
[Mon Jan 26 00:28:41.071130 2026] [php:error] [pid 56134] [client 4.194.24.19:0] script '/domains/ceonlinenews/cong.php' not found or unable to stat
[Mon Jan 26 00:28:41.198662 2026] [php:error] [pid 56147] [client 45.128.199.145:0] script '/domains/hofficer1/shellv3.php' not found or unable to stat
[Mon Jan 26 00:28:41.299356 2026] [php:error] [pid 56134] [client 4.194.24.19:0] script '/domains/ceonlinenews/css.php' not found or unable to stat
[Mon Jan 26 00:28:41.320956 2026] [php:error] [pid 56147] [client 45.128.199.145:0] script '/domains/hofficer1/sh.php' not found or unable to stat
[Mon Jan 26 00:28:41.527516 2026] [php:error] [pid 56134] [client 4.194.24.19:0] script '/domains/ceonlinenews/default.php' not found or unable to stat
[Mon Jan 26 00:28:41.704810 2026] [php:error] [pid 56147] [client 45.128.199.145:0] script '/domains/hofficer1/function.php' not found or unable to stat
[Mon Jan 26 00:28:41.758855 2026] [php:error] [pid 56134] [client 4.194.24.19:0] script '/domains/ceonlinenews/dropdown.php' not found or unable to stat
[Mon Jan 26 00:28:41.837812 2026] [php:error] [pid 56147] [client 45.128.199.145:0] script '/domains/hofficer1/m.php' not found or unable to stat
[Mon Jan 26 00:28:41.987981 2026] [php:error] [pid 56134] [client 4.194.24.19:0] script '/domains/ceonlinenews/ds.php' not found or unable to stat
[Mon Jan 26 00:28:42.008111 2026] [php:error] [pid 56147] [client 45.128.199.145:0] script '/domains/hofficer1/delete3.php' not found or unable to stat
[Mon Jan 26 00:28:42.218790 2026] [php:error] [pid 56134] [client 4.194.24.19:0] script '/domains/ceonlinenews/edit.php' not found or unable to stat
[Mon Jan 26 00:28:42.372854 2026] [php:error] [pid 56147] [client 45.128.199.145:0] script '/domains/hofficer1/mm.php' not found or unable to stat
[Mon Jan 26 00:28:42.455552 2026] [php:error] [pid 56134] [client 4.194.24.19:0] script '/domains/ceonlinenews/f5.php' not found or unable to stat
[Mon Jan 26 00:28:42.684257 2026] [php:error] [pid 56134] [client 4.194.24.19:0] script '/domains/ceonlinenews/file.php' not found or unable to stat
[Mon Jan 26 00:28:42.907211 2026] [php:error] [pid 56147] [client 45.128.199.145:0] script '/domains/hofficer1/server.php' not found or unable to stat
[Mon Jan 26 00:28:42.912533 2026] [php:error] [pid 56134] [client 4.194.24.19:0] script '/domains/ceonlinenews/file2.php' not found or unable to stat
[Mon Jan 26 00:28:43.142172 2026] [php:error] [pid 56134] [client 4.194.24.19:0] script '/domains/ceonlinenews/file4.php' not found or unable to stat
[Mon Jan 26 00:28:43.212841 2026] [php:error] [pid 56147] [client 45.128.199.145:0] script '/domains/hofficer1/mailer.php' not found or unable to stat
[Mon Jan 26 00:28:43.378995 2026] [php:error] [pid 56134] [client 4.194.24.19:0] script '/domains/ceonlinenews/flower.php' not found or unable to stat
[Mon Jan 26 00:28:43.607776 2026] [php:error] [pid 56134] [client 4.194.24.19:0] script '/domains/ceonlinenews/form.php' not found or unable to stat
[Mon Jan 26 00:28:43.836114 2026] [php:error] [pid 56134] [client 4.194.24.19:0] script '/domains/ceonlinenews/gecko-new.php' not found or unable to stat
[Mon Jan 26 00:28:43.882073 2026] [php:error] [pid 56147] [client 45.128.199.145:0] script '/domains/hofficer1/www.php' not found or unable to stat
[Mon Jan 26 00:28:44.074910 2026] [php:error] [pid 56134] [client 4.194.24.19:0] script '/domains/ceonlinenews/god4m.php' not found or unable to stat
[Mon Jan 26 00:28:44.128106 2026] [php:error] [pid 56147] [client 45.128.199.145:0] script '/domains/hofficer1/cache.php' not found or unable to stat
[Mon Jan 26 00:28:44.304543 2026] [php:error] [pid 56134] [client 4.194.24.19:0] script '/domains/ceonlinenews/info.php' not found or unable to stat
[Mon Jan 26 00:28:44.534022 2026] [php:error] [pid 56134] [client 4.194.24.19:0] script '/domains/ceonlinenews/kyami.php' not found or unable to stat
[Mon Jan 26 00:28:44.762516 2026] [php:error] [pid 56134] [client 4.194.24.19:0] script '/domains/ceonlinenews/makeasmtp.php' not found or unable to stat
[Mon Jan 26 00:28:44.990959 2026] [php:error] [pid 56134] [client 4.194.24.19:0] script '/domains/ceonlinenews/mari.php' not found or unable to stat
[Mon Jan 26 00:28:45.219319 2026] [php:error] [pid 56134] [client 4.194.24.19:0] script '/domains/ceonlinenews/moon.php' not found or unable to stat
[Mon Jan 26 00:28:45.447569 2026] [php:error] [pid 56134] [client 4.194.24.19:0] script '/domains/ceonlinenews/nc4.php' not found or unable to stat
[Mon Jan 26 00:28:45.504758 2026] [php:error] [pid 56147] [client 45.128.199.145:0] script '/domains/hofficer1/wp-header.php' not found or unable to stat
[Mon Jan 26 00:28:45.625445 2026] [php:error] [pid 56147] [client 45.128.199.145:0] script '/domains/hofficer1/shop.php' not found or unable to stat
[Mon Jan 26 00:28:45.681783 2026] [php:error] [pid 56134] [client 4.194.24.19:0] script '/domains/ceonlinenews/new.php' not found or unable to stat
[Mon Jan 26 00:28:45.910108 2026] [php:error] [pid 56134] [client 4.194.24.19:0] script '/domains/ceonlinenews/test1.php' not found or unable to stat
[Mon Jan 26 00:28:46.138022 2026] [php:error] [pid 56134] [client 4.194.24.19:0] script '/domains/ceonlinenews/wp-activate.php' not found or unable to stat
[Mon Jan 26 00:28:46.366319 2026] [php:error] [pid 56134] [client 4.194.24.19:0] script '/domains/ceonlinenews/wp-admin.php' not found or unable to stat
[Mon Jan 26 00:28:46.604321 2026] [php:error] [pid 56134] [client 4.194.24.19:0] script '/domains/ceonlinenews/wp-good.php' not found or unable to stat
[Mon Jan 26 00:28:46.832691 2026] [php:error] [pid 56134] [client 4.194.24.19:0] script '/domains/ceonlinenews/wp-trackback.php' not found or unable to stat
[Mon Jan 26 00:28:47.060883 2026] [php:error] [pid 56134] [client 4.194.24.19:0] script '/domains/ceonlinenews/xmlrpc.php' not found or unable to stat
[Mon Jan 26 00:28:47.292761 2026] [php:error] [pid 56134] [client 4.194.24.19:0] script '/domains/ceonlinenews/xmrlpc.php' not found or unable to stat
[Mon Jan 26 00:28:57.696843 2026] [php:error] [pid 56134] [client 20.24.209.153:0] script '/domains/system_suspended/wp-sing.php' not found or unable to stat
[Mon Jan 26 00:28:57.904629 2026] [php:error] [pid 56134] [client 20.24.209.153:0] script '/domains/system_suspended/adminfuns.php' not found or unable to stat
[Mon Jan 26 00:28:58.112502 2026] [php:error] [pid 56134] [client 20.24.209.153:0] script '/domains/system_suspended/wp-xml.php' not found or unable to stat
[Mon Jan 26 00:28:58.327178 2026] [php:error] [pid 56134] [client 20.24.209.153:0] script '/domains/system_suspended/wp-good.php' not found or unable to stat
[Mon Jan 26 00:28:58.539428 2026] [php:error] [pid 56134] [client 20.24.209.153:0] script '/domains/system_suspended/wp-links-opml.php' not found or unable to stat
[Mon Jan 26 00:28:58.746019 2026] [php:error] [pid 56134] [client 20.24.209.153:0] script '/domains/system_suspended/elp.php' not found or unable to stat
[Mon Jan 26 00:28:58.960564 2026] [php:error] [pid 56134] [client 20.24.209.153:0] script '/domains/system_suspended/wpc.php' not found or unable to stat
[Mon Jan 26 00:29:01.074838 2026] [php:error] [pid 56134] [client 20.24.209.153:0] script '/domains/system_suspended/goods.php' not found or unable to stat
[Mon Jan 26 00:29:01.506593 2026] [php:error] [pid 56134] [client 20.24.209.153:0] script '/domains/system_suspended/admin.php' not found or unable to stat
[Mon Jan 26 00:29:01.727099 2026] [php:error] [pid 56134] [client 20.24.209.153:0] script '/domains/system_suspended/ioxi-o.php' not found or unable to stat
[Mon Jan 26 00:29:01.944797 2026] [php:error] [pid 56134] [client 20.24.209.153:0] script '/domains/system_suspended/about.php' not found or unable to stat
[Mon Jan 26 00:29:02.151028 2026] [php:error] [pid 56134] [client 20.24.209.153:0] script '/domains/system_suspended/file.php' not found or unable to stat
[Mon Jan 26 00:29:02.360200 2026] [php:error] [pid 56134] [client 20.24.209.153:0] script '/domains/system_suspended/bolt.php' not found or unable to stat
[Mon Jan 26 00:29:02.577810 2026] [php:error] [pid 56134] [client 20.24.209.153:0] script '/domains/system_suspended/term.php' not found or unable to stat
[Mon Jan 26 00:29:02.798897 2026] [php:error] [pid 56134] [client 20.24.209.153:0] script '/domains/system_suspended/0.php' not found or unable to stat
[Mon Jan 26 00:29:03.013100 2026] [php:error] [pid 56134] [client 20.24.209.153:0] script '/domains/system_suspended/07.php' not found or unable to stat
[Mon Jan 26 00:29:03.220300 2026] [php:error] [pid 56134] [client 20.24.209.153:0] script '/domains/system_suspended/1.php' not found or unable to stat
[Mon Jan 26 00:29:03.434210 2026] [php:error] [pid 56134] [client 20.24.209.153:0] script '/domains/system_suspended/123.php' not found or unable to stat
[Mon Jan 26 00:29:03.655132 2026] [php:error] [pid 56134] [client 20.24.209.153:0] script '/domains/system_suspended/aa.php' not found or unable to stat
[Mon Jan 26 00:29:03.874264 2026] [php:error] [pid 56134] [client 20.24.209.153:0] script '/domains/system_suspended/abcd.php' not found or unable to stat
[Mon Jan 26 00:29:04.098998 2026] [php:error] [pid 56134] [client 20.24.209.153:0] script '/domains/system_suspended/about.php' not found or unable to stat
[Mon Jan 26 00:29:04.311464 2026] [php:error] [pid 56134] [client 20.24.209.153:0] script '/domains/system_suspended/admin.php' not found or unable to stat
[Mon Jan 26 00:29:04.517025 2026] [php:error] [pid 56134] [client 20.24.209.153:0] script '/domains/system_suspended/adminfuns.php' not found or unable to stat
[Mon Jan 26 00:29:04.722984 2026] [php:error] [pid 56134] [client 20.24.209.153:0] script '/domains/system_suspended/akc.php' not found or unable to stat
[Mon Jan 26 00:29:04.929241 2026] [php:error] [pid 56134] [client 20.24.209.153:0] script '/domains/system_suspended/akcc.php' not found or unable to stat
[Mon Jan 26 00:29:05.138457 2026] [php:error] [pid 56134] [client 20.24.209.153:0] script '/domains/system_suspended/asasx.php' not found or unable to stat
[Mon Jan 26 00:29:05.344405 2026] [php:error] [pid 56134] [client 20.24.209.153:0] script '/domains/system_suspended/asd.php' not found or unable to stat
[Mon Jan 26 00:29:05.557046 2026] [php:error] [pid 56134] [client 20.24.209.153:0] script '/domains/system_suspended/atomlib.php' not found or unable to stat
[Mon Jan 26 00:29:05.779908 2026] [php:error] [pid 56134] [client 20.24.209.153:0] script '/domains/system_suspended/autoload_classmap.php' not found or unable to stat
[Mon Jan 26 00:29:05.991677 2026] [php:error] [pid 56134] [client 20.24.209.153:0] script '/domains/system_suspended/axx.php' not found or unable to stat
[Mon Jan 26 00:29:06.198337 2026] [php:error] [pid 56134] [client 20.24.209.153:0] script '/domains/system_suspended/build.php' not found or unable to stat
[Mon Jan 26 00:29:06.410413 2026] [php:error] [pid 56134] [client 20.24.209.153:0] script '/domains/system_suspended/buy.php' not found or unable to stat
[Mon Jan 26 00:29:06.621961 2026] [php:error] [pid 56134] [client 20.24.209.153:0] script '/domains/system_suspended/checkbox.php' not found or unable to stat
[Mon Jan 26 00:29:06.829126 2026] [php:error] [pid 56134] [client 20.24.209.153:0] script '/domains/system_suspended/chosen.php' not found or unable to stat
[Mon Jan 26 00:29:07.036164 2026] [php:error] [pid 56134] [client 20.24.209.153:0] script '/domains/system_suspended/classwithtostring.php' not found or unable to stat
[Mon Jan 26 00:29:07.259098 2026] [php:error] [pid 56134] [client 20.24.209.153:0] script '/domains/system_suspended/cong.php' not found or unable to stat
[Mon Jan 26 00:29:07.465791 2026] [php:error] [pid 56134] [client 20.24.209.153:0] script '/domains/system_suspended/css.php' not found or unable to stat
[Mon Jan 26 00:29:07.671946 2026] [php:error] [pid 56134] [client 20.24.209.153:0] script '/domains/system_suspended/default.php' not found or unable to stat
[Mon Jan 26 00:29:07.884444 2026] [php:error] [pid 56134] [client 20.24.209.153:0] script '/domains/system_suspended/dropdown.php' not found or unable to stat
[Mon Jan 26 00:29:08.091018 2026] [php:error] [pid 56134] [client 20.24.209.153:0] script '/domains/system_suspended/ds.php' not found or unable to stat
[Mon Jan 26 00:29:08.309391 2026] [php:error] [pid 56134] [client 20.24.209.153:0] script '/domains/system_suspended/edit.php' not found or unable to stat
[Mon Jan 26 00:29:08.515529 2026] [php:error] [pid 56134] [client 20.24.209.153:0] script '/domains/system_suspended/f5.php' not found or unable to stat
[Mon Jan 26 00:29:08.726325 2026] [php:error] [pid 56134] [client 20.24.209.153:0] script '/domains/system_suspended/file.php' not found or unable to stat
[Mon Jan 26 00:29:08.932504 2026] [php:error] [pid 56134] [client 20.24.209.153:0] script '/domains/system_suspended/file2.php' not found or unable to stat
[Mon Jan 26 00:29:09.164423 2026] [php:error] [pid 56134] [client 20.24.209.153:0] script '/domains/system_suspended/file4.php' not found or unable to stat
[Mon Jan 26 00:29:09.374711 2026] [php:error] [pid 56134] [client 20.24.209.153:0] script '/domains/system_suspended/flower.php' not found or unable to stat
[Mon Jan 26 00:29:09.580760 2026] [php:error] [pid 56134] [client 20.24.209.153:0] script '/domains/system_suspended/form.php' not found or unable to stat
[Mon Jan 26 00:29:09.788288 2026] [php:error] [pid 56134] [client 20.24.209.153:0] script '/domains/system_suspended/gecko-new.php' not found or unable to stat
[Mon Jan 26 00:29:10.006510 2026] [php:error] [pid 56134] [client 20.24.209.153:0] script '/domains/system_suspended/god4m.php' not found or unable to stat
[Mon Jan 26 00:29:10.212438 2026] [php:error] [pid 56134] [client 20.24.209.153:0] script '/domains/system_suspended/info.php' not found or unable to stat
[Mon Jan 26 00:29:10.418790 2026] [php:error] [pid 56134] [client 20.24.209.153:0] script '/domains/system_suspended/kyami.php' not found or unable to stat
[Mon Jan 26 00:29:10.641735 2026] [php:error] [pid 56134] [client 20.24.209.153:0] script '/domains/system_suspended/makeasmtp.php' not found or unable to stat
[Mon Jan 26 00:29:10.855324 2026] [php:error] [pid 56134] [client 20.24.209.153:0] script '/domains/system_suspended/mari.php' not found or unable to stat
[Mon Jan 26 00:29:11.061553 2026] [php:error] [pid 56134] [client 20.24.209.153:0] script '/domains/system_suspended/moon.php' not found or unable to stat
[Mon Jan 26 00:29:11.277778 2026] [php:error] [pid 56134] [client 20.24.209.153:0] script '/domains/system_suspended/nc4.php' not found or unable to stat
[Mon Jan 26 00:29:11.502104 2026] [php:error] [pid 56134] [client 20.24.209.153:0] script '/domains/system_suspended/new.php' not found or unable to stat
[Mon Jan 26 00:29:11.713841 2026] [php:error] [pid 56134] [client 20.24.209.153:0] script '/domains/system_suspended/test1.php' not found or unable to stat
[Mon Jan 26 00:29:11.919789 2026] [php:error] [pid 56134] [client 20.24.209.153:0] script '/domains/system_suspended/wp-activate.php' not found or unable to stat
[Mon Jan 26 00:29:12.125704 2026] [php:error] [pid 56134] [client 20.24.209.153:0] script '/domains/system_suspended/wp-admin.php' not found or unable to stat
[Mon Jan 26 00:29:12.331491 2026] [php:error] [pid 56134] [client 20.24.209.153:0] script '/domains/system_suspended/wp-good.php' not found or unable to stat
[Mon Jan 26 00:29:12.540648 2026] [php:error] [pid 56134] [client 20.24.209.153:0] script '/domains/system_suspended/wp-trackback.php' not found or unable to stat
[Mon Jan 26 00:29:12.759065 2026] [php:error] [pid 56134] [client 20.24.209.153:0] script '/domains/system_suspended/xmlrpc.php' not found or unable to stat
[Mon Jan 26 00:29:12.966040 2026] [php:error] [pid 56134] [client 20.24.209.153:0] script '/domains/system_suspended/xmrlpc.php' not found or unable to stat
[Mon Jan 26 00:29:32.491843 2026] [php:error] [pid 56143] [client 65.21.113.199:0] script '/domains/hdickens.enteract/kmnj.php' not found or unable to stat
[Mon Jan 26 00:29:33.691866 2026] [php:error] [pid 56144] [client 65.21.113.199:0] script '/domains/hdickens.enteract/kmnj.php' not found or unable to stat
[Mon Jan 26 00:29:36.933993 2026] [php:error] [pid 56144] [client 65.21.113.199:0] script '/domains/hdickens.enteract/kmnj.php' not found or unable to stat
[Mon Jan 26 00:29:38.844369 2026] [php:error] [pid 56153] [client 65.21.113.199:0] script '/domains/hdickens.enteract/kmnj.php' not found or unable to stat
[Mon Jan 26 00:29:39.132297 2026] [php:error] [pid 56103] [client 91.243.188.34:0] script '/domains/highlandlabs/wp-config.php.bak' not found or unable to stat
[Mon Jan 26 00:29:40.538250 2026] [php:error] [pid 56144] [client 65.21.113.199:0] script '/domains/hdickens.enteract/ugde.php' not found or unable to stat
[Mon Jan 26 00:29:43.523142 2026] [php:error] [pid 56103] [client 91.243.188.34:0] script '/domains/highlandlabs/wp-config.php.old' not found or unable to stat
[Mon Jan 26 00:29:53.616155 2026] [php:error] [pid 56149] [client 91.243.188.34:0] script '/domains/highlandlabs/wp-config.php.save' not found or unable to stat
[Mon Jan 26 00:29:56.567774 2026] [php:error] [pid 56103] [client 141.98.11.227:0] script '/domains/samscars/wp-login.php' not found or unable to stat
[Mon Jan 26 00:29:58.055123 2026] [php:error] [pid 56144] [client 141.98.11.227:0] script '/domains/samscars/wp-login.php' not found or unable to stat
[Mon Jan 26 00:29:58.716636 2026] [php:error] [pid 56159] [client 91.243.188.34:0] script '/domains/highlandlabs/wp-config.php.orig' not found or unable to stat
[Mon Jan 26 00:30:02.231396 2026] [php:error] [pid 56154] [client 141.98.11.227:0] script '/domains/awciii/wp-login.php' not found or unable to stat
[Mon Jan 26 00:30:10.657728 2026] [php:error] [pid 56161] [client 230.122.94.103:0] script '/domains/trodine/wp-login.php' not found or unable to stat
[Mon Jan 26 00:31:00.265822 2026] [php:error] [pid 56173] [client 20.205.115.105:0] script '/domains/fifibear/ol.php' not found or unable to stat
[Mon Jan 26 00:31:00.474670 2026] [php:error] [pid 56173] [client 20.205.115.105:0] script '/domains/fifibear/sikma.php' not found or unable to stat
[Mon Jan 26 00:31:00.683700 2026] [php:error] [pid 56173] [client 20.205.115.105:0] script '/domains/fifibear/rh1.php' not found or unable to stat
[Mon Jan 26 00:31:00.905055 2026] [php:error] [pid 56173] [client 20.205.115.105:0] script '/domains/fifibear/sid3.php' not found or unable to stat
[Mon Jan 26 00:31:01.113778 2026] [php:error] [pid 56173] [client 20.205.115.105:0] script '/domains/fifibear/okxh.php' not found or unable to stat
[Mon Jan 26 00:31:01.322946 2026] [php:error] [pid 56173] [client 20.205.115.105:0] script '/domains/fifibear/krypton.php' not found or unable to stat
[Mon Jan 26 00:31:01.531820 2026] [php:error] [pid 56173] [client 20.205.115.105:0] script '/domains/fifibear/zoo.php' not found or unable to stat
[Mon Jan 26 00:31:01.958214 2026] [php:error] [pid 56173] [client 20.205.115.105:0] script '/domains/fifibear/maul.php' not found or unable to stat
[Mon Jan 26 00:31:02.591751 2026] [php:error] [pid 56173] [client 20.205.115.105:0] script '/domains/fifibear/download.php' not found or unable to stat
