[Mon Jan 26 04:21:19.037533 2026] [php:error] [pid 4187] [client 194.5.82.20:0] script '/domains/pauljbrock/wp-cron.php' not found or unable to stat
[Mon Jan 26 04:21:19.739147 2026] [php:error] [pid 4187] [client 194.5.82.20:0] script '/domains/pauljbrock/jp.php' not found or unable to stat
[Mon Jan 26 04:21:19.960770 2026] [php:error] [pid 4187] [client 194.5.82.20:0] script '/domains/pauljbrock/rcc.php' not found or unable to stat
[Mon Jan 26 04:21:20.426699 2026] [php:error] [pid 4187] [client 194.5.82.20:0] script '/domains/pauljbrock/class.api.php' not found or unable to stat
[Mon Jan 26 04:21:20.652239 2026] [php:error] [pid 4187] [client 194.5.82.20:0] script '/domains/pauljbrock/layout.php' not found or unable to stat
[Mon Jan 26 04:21:21.146464 2026] [php:error] [pid 4187] [client 194.5.82.20:0] script '/domains/pauljbrock/history.php' not found or unable to stat
[Mon Jan 26 04:21:22.087031 2026] [php:error] [pid 4187] [client 194.5.82.20:0] script '/domains/pauljbrock/images/about.php' not found or unable to stat
[Mon Jan 26 04:21:23.249237 2026] [php:error] [pid 4187] [client 194.5.82.20:0] script '/domains/pauljbrock/about.php' not found or unable to stat
[Mon Jan 26 04:21:23.704992 2026] [php:error] [pid 4187] [client 194.5.82.20:0] script '/domains/pauljbrock/cong.php' not found or unable to stat
[Mon Jan 26 04:21:24.894575 2026] [php:error] [pid 4187] [client 194.5.82.20:0] script '/domains/pauljbrock/wp-links.php' not found or unable to stat
[Mon Jan 26 04:21:25.341352 2026] [php:error] [pid 4187] [client 194.5.82.23:0] script '/domains/pauljbrock/makeasmtp.php' not found or unable to stat
[Mon Jan 26 04:21:26.276819 2026] [php:error] [pid 4187] [client 194.5.82.23:0] script '/domains/pauljbrock/login.php' not found or unable to stat
[Mon Jan 26 04:21:28.557845 2026] [php:error] [pid 4187] [client 194.5.82.23:0] script '/domains/pauljbrock/wander.php' not found or unable to stat
[Mon Jan 26 04:21:29.237415 2026] [php:error] [pid 4187] [client 194.5.82.23:0] script '/domains/pauljbrock/wp-config-sample.php' not found or unable to stat
[Mon Jan 26 04:21:31.009020 2026] [php:error] [pid 4187] [client 194.5.82.23:0] script '/domains/pauljbrock/images/autoload_classmap.php' not found or unable to stat
[Mon Jan 26 04:21:31.248665 2026] [php:error] [pid 4187] [client 194.5.82.23:0] script '/domains/pauljbrock/manager.php' not found or unable to stat
[Mon Jan 26 04:21:31.924947 2026] [php:error] [pid 4187] [client 194.5.82.23:0] script '/domains/pauljbrock/users.php' not found or unable to stat
[Mon Jan 26 04:21:32.614498 2026] [php:error] [pid 4187] [client 194.5.82.23:0] script '/domains/pauljbrock/sim.php' not found or unable to stat
[Mon Jan 26 04:21:33.502663 2026] [php:error] [pid 4187] [client 194.5.82.23:0] script '/domains/pauljbrock/function.php' not found or unable to stat
[Mon Jan 26 04:21:37.159896 2026] [php:error] [pid 4187] [client 194.5.82.23:0] script '/domains/pauljbrock/wp-mail.php' not found or unable to stat
[Mon Jan 26 04:21:38.058579 2026] [php:error] [pid 4187] [client 194.5.82.23:0] script '/domains/pauljbrock/admin-post.php' not found or unable to stat
[Mon Jan 26 04:21:38.281805 2026] [php:error] [pid 4187] [client 194.5.82.23:0] script '/domains/pauljbrock/conf_upload.php' not found or unable to stat
[Mon Jan 26 04:21:39.387445 2026] [php:error] [pid 4187] [client 194.5.82.23:0] script '/domains/pauljbrock/wp-configs.php' not found or unable to stat
[Mon Jan 26 04:21:40.597629 2026] [php:error] [pid 4200] [client 194.5.82.165:0] script '/domains/pauljbrock/f35.php' not found or unable to stat
[Mon Jan 26 04:21:41.298013 2026] [php:error] [pid 4200] [client 194.5.82.165:0] script '/domains/pauljbrock/edit.php' not found or unable to stat
[Mon Jan 26 04:21:42.003314 2026] [php:error] [pid 4200] [client 194.5.82.165:0] script '/domains/pauljbrock/files.php' not found or unable to stat
[Mon Jan 26 04:21:42.217755 2026] [php:error] [pid 4200] [client 194.5.82.165:0] script '/domains/pauljbrock/webadmin.php' not found or unable to stat
[Mon Jan 26 04:21:42.897459 2026] [php:error] [pid 4200] [client 194.5.82.165:0] script '/domains/pauljbrock/wsa.php' not found or unable to stat
[Mon Jan 26 04:21:43.123779 2026] [php:error] [pid 4200] [client 194.5.82.165:0] script '/domains/pauljbrock/tinyfilemanager.php' not found or unable to stat
[Mon Jan 26 04:21:44.053855 2026] [php:error] [pid 4200] [client 194.5.82.165:0] script '/domains/pauljbrock/woh.php' not found or unable to stat
[Mon Jan 26 04:21:44.991795 2026] [php:error] [pid 4200] [client 194.5.82.165:0] script '/domains/pauljbrock/bless.php' not found or unable to stat
[Mon Jan 26 04:21:45.207986 2026] [php:error] [pid 4200] [client 194.5.82.165:0] script '/domains/pauljbrock/wp-trackback.php' not found or unable to stat
[Mon Jan 26 04:21:45.432846 2026] [php:error] [pid 4200] [client 194.5.82.165:0] script '/domains/pauljbrock/info.php' not found or unable to stat
[Mon Jan 26 04:21:46.134319 2026] [php:error] [pid 4200] [client 194.5.82.165:0] script '/domains/pauljbrock/buy.php' not found or unable to stat
[Mon Jan 26 04:21:46.588582 2026] [php:error] [pid 4200] [client 194.5.82.165:0] script '/domains/pauljbrock/readme.php' not found or unable to stat
[Mon Jan 26 04:21:46.831243 2026] [php:error] [pid 4200] [client 194.5.82.165:0] script '/domains/pauljbrock/sck.php' not found or unable to stat
[Mon Jan 26 04:21:47.042459 2026] [php:error] [pid 4200] [client 194.5.82.165:0] script '/domains/pauljbrock/fm.php' not found or unable to stat
[Mon Jan 26 04:21:47.480471 2026] [php:error] [pid 4200] [client 194.5.82.165:0] script '/domains/pauljbrock/packed.php' not found or unable to stat
[Mon Jan 26 04:21:47.697197 2026] [php:error] [pid 4200] [client 194.5.82.165:0] script '/domains/pauljbrock/about.php' not found or unable to stat
[Mon Jan 26 04:21:48.845000 2026] [php:error] [pid 4200] [client 194.5.82.165:0] script '/domains/pauljbrock/plugin.php' not found or unable to stat
[Mon Jan 26 04:21:49.788407 2026] [php:error] [pid 4200] [client 194.5.82.165:0] script '/domains/pauljbrock/chosen.php' not found or unable to stat
[Mon Jan 26 04:21:50.005107 2026] [php:error] [pid 4200] [client 194.5.82.165:0] script '/domains/pauljbrock/load.php' not found or unable to stat
[Mon Jan 26 04:21:50.474813 2026] [php:error] [pid 4200] [client 194.5.82.165:0] script '/domains/pauljbrock/edit-tags.php' not found or unable to stat
[Mon Jan 26 04:21:51.169268 2026] [php:error] [pid 4200] [client 194.5.82.165:0] script '/domains/pauljbrock/autoload_classmap.php' not found or unable to stat
[Mon Jan 26 04:21:51.402567 2026] [php:error] [pid 4200] [client 194.5.82.165:0] script '/domains/pauljbrock/lock.php' not found or unable to stat
[Mon Jan 26 04:21:53.036761 2026] [php:error] [pid 4193] [client 194.5.82.29:0] script '/domains/pauljbrock/product.php' not found or unable to stat
[Mon Jan 26 04:21:54.773918 2026] [php:error] [pid 4210] [client 194.5.82.43:0] script '/domains/pauljbrock/base.php' not found or unable to stat
[Mon Jan 26 04:21:55.452976 2026] [php:error] [pid 4210] [client 194.5.82.43:0] script '/domains/pauljbrock/zero.php' not found or unable to stat
[Mon Jan 26 04:21:56.151186 2026] [php:error] [pid 4210] [client 194.5.82.43:0] script '/domains/pauljbrock/style.php' not found or unable to stat
[Mon Jan 26 04:21:56.361667 2026] [php:error] [pid 4210] [client 194.5.82.43:0] script '/domains/pauljbrock/db.php' not found or unable to stat
[Mon Jan 26 04:21:57.488160 2026] [php:error] [pid 4215] [client 194.5.82.39:0] script '/domains/pauljbrock/wp-set.php' not found or unable to stat
[Mon Jan 26 04:21:57.703851 2026] [php:error] [pid 4215] [client 194.5.82.39:0] script '/domains/pauljbrock/file.php' not found or unable to stat
[Mon Jan 26 04:22:01.919109 2026] [php:error] [pid 4187] [client 194.5.82.9:0] script '/domains/pauljbrock/moon.php' not found or unable to stat
[Mon Jan 26 04:22:04.103812 2026] [php:error] [pid 4187] [client 194.5.82.9:0] script '/domains/pauljbrock/pages.php' not found or unable to stat
[Mon Jan 26 04:22:04.325578 2026] [php:error] [pid 4187] [client 194.5.82.9:0] script '/domains/pauljbrock/bulk.php' not found or unable to stat
[Mon Jan 26 04:22:04.559572 2026] [php:error] [pid 4187] [client 194.5.82.9:0] script '/domains/pauljbrock/kk.php' not found or unable to stat
[Mon Jan 26 04:22:05.084326 2026] [php:error] [pid 4187] [client 194.5.82.9:0] script '/domains/pauljbrock/wp-logout.php' not found or unable to stat
[Mon Jan 26 04:22:05.982661 2026] [php:error] [pid 4187] [client 194.5.82.9:0] script '/domains/pauljbrock/classwithtostring.php' not found or unable to stat
[Mon Jan 26 04:22:06.200221 2026] [php:error] [pid 4187] [client 194.5.82.9:0] script '/domains/pauljbrock/wp-setup.php' not found or unable to stat
[Mon Jan 26 04:22:07.013767 2026] [php:error] [pid 4187] [client 194.5.82.9:0] script '/domains/pauljbrock/wp-editor.php' not found or unable to stat
[Mon Jan 26 04:22:07.235629 2026] [php:error] [pid 4187] [client 194.5.82.9:0] script '/domains/pauljbrock/wp-simple.php' not found or unable to stat
[Mon Jan 26 04:22:09.156181 2026] [php:error] [pid 4187] [client 194.5.82.9:0] script '/domains/pauljbrock/hehehehe.php' not found or unable to stat
[Mon Jan 26 04:22:11.746844 2026] [php:error] [pid 4187] [client 194.5.82.9:0] script '/domains/pauljbrock/header.php' not found or unable to stat
[Mon Jan 26 04:22:11.980046 2026] [php:error] [pid 4187] [client 194.5.82.9:0] script '/domains/pauljbrock/gecko.php' not found or unable to stat
[Mon Jan 26 04:22:13.160715 2026] [php:error] [pid 4187] [client 194.5.82.9:0] script '/domains/pauljbrock/bk.php' not found or unable to stat
[Mon Jan 26 04:22:15.642620 2026] [php:error] [pid 4187] [client 194.5.82.53:0] script '/domains/pauljbrock/about.php' not found or unable to stat
[Mon Jan 26 04:22:15.857772 2026] [php:error] [pid 4187] [client 194.5.82.53:0] script '/domains/pauljbrock/sym.php' not found or unable to stat
[Mon Jan 26 04:22:17.531025 2026] [php:error] [pid 4187] [client 194.5.82.53:0] script '/domains/pauljbrock/sk.php' not found or unable to stat
[Mon Jan 26 04:22:19.115487 2026] [php:error] [pid 4196] [client 194.5.82.15:0] script '/domains/pauljbrock/images/Marvins.php' not found or unable to stat
[Mon Jan 26 04:22:19.790740 2026] [php:error] [pid 4196] [client 194.5.82.15:0] script '/domains/pauljbrock/images/index.php' not found or unable to stat
[Mon Jan 26 04:22:21.002114 2026] [php:error] [pid 4196] [client 194.5.82.15:0] script '/domains/pauljbrock/sys.php' not found or unable to stat
[Mon Jan 26 04:22:21.657340 2026] [php:error] [pid 4196] [client 194.5.82.15:0] script '/domains/pauljbrock/wp-user.php' not found or unable to stat
[Mon Jan 26 04:22:21.901662 2026] [php:error] [pid 4196] [client 194.5.82.15:0] script '/domains/pauljbrock/customize.php' not found or unable to stat
[Mon Jan 26 04:23:00.019484 2026] [php:error] [pid 4234] [client 52.164.187.143:0] script '/domains/system_default/rip.php' not found or unable to stat
[Mon Jan 26 04:23:00.092045 2026] [php:error] [pid 4234] [client 52.164.187.143:0] script '/domains/system_default/bnn_.php' not found or unable to stat
[Mon Jan 26 04:23:00.165274 2026] [php:error] [pid 4234] [client 52.164.187.143:0] script '/domains/system_default/35.php' not found or unable to stat
[Mon Jan 26 04:23:00.239612 2026] [php:error] [pid 4234] [client 52.164.187.143:0] script '/domains/system_default/sidfile.php' not found or unable to stat
[Mon Jan 26 04:23:00.312281 2026] [php:error] [pid 4234] [client 52.164.187.143:0] script '/domains/system_default/rum.php' not found or unable to stat
[Mon Jan 26 04:23:00.384984 2026] [php:error] [pid 4234] [client 52.164.187.143:0] script '/domains/system_default/classwithtostring.php' not found or unable to stat
[Mon Jan 26 04:23:00.457548 2026] [php:error] [pid 4234] [client 52.164.187.143:0] script '/domains/system_default/webdb.php' not found or unable to stat
[Mon Jan 26 04:23:00.530445 2026] [php:error] [pid 4234] [client 52.164.187.143:0] script '/domains/system_default/php8.php' not found or unable to stat
[Mon Jan 26 04:23:00.602904 2026] [php:error] [pid 4234] [client 52.164.187.143:0] script '/domains/system_default/wp-aoisuki.php' not found or unable to stat
[Mon Jan 26 04:23:00.675696 2026] [php:error] [pid 4234] [client 52.164.187.143:0] script '/domains/system_default/naritai.php' not found or unable to stat
[Mon Jan 26 04:23:00.748331 2026] [php:error] [pid 4234] [client 52.164.187.143:0] script '/domains/system_default/w2025.php' not found or unable to stat
[Mon Jan 26 04:23:00.821530 2026] [php:error] [pid 4234] [client 52.164.187.143:0] script '/domains/system_default/app.php' not found or unable to stat
[Mon Jan 26 04:23:00.894373 2026] [php:error] [pid 4234] [client 52.164.187.143:0] script '/domains/system_default/lib.php' not found or unable to stat
[Mon Jan 26 04:23:00.967220 2026] [php:error] [pid 4234] [client 52.164.187.143:0] script '/domains/system_default/geaitasa.php' not found or unable to stat
[Mon Jan 26 04:23:01.040400 2026] [php:error] [pid 4234] [client 52.164.187.143:0] script '/domains/system_default/class-cc.php' not found or unable to stat
[Mon Jan 26 04:23:01.132399 2026] [php:error] [pid 4234] [client 52.164.187.143:0] script '/domains/system_default/reze.php' not found or unable to stat
[Mon Jan 26 04:23:01.205725 2026] [php:error] [pid 4234] [client 52.164.187.143:0] script '/domains/system_default/11092null.php' not found or unable to stat
[Mon Jan 26 04:23:01.278490 2026] [php:error] [pid 4234] [client 52.164.187.143:0] script '/domains/system_default/ioxi-o2.php' not found or unable to stat
[Mon Jan 26 04:23:01.350912 2026] [php:error] [pid 4234] [client 52.164.187.143:0] script '/domains/system_default/166.php' not found or unable to stat
[Mon Jan 26 04:23:01.423158 2026] [php:error] [pid 4234] [client 52.164.187.143:0] script '/domains/system_default/by.php' not found or unable to stat
[Mon Jan 26 04:23:01.501494 2026] [php:error] [pid 4234] [client 52.164.187.143:0] script '/domains/system_default/zz8.php' not found or unable to stat
[Mon Jan 26 04:23:01.573766 2026] [php:error] [pid 4234] [client 52.164.187.143:0] script '/domains/system_default/s1.php' not found or unable to stat
[Mon Jan 26 04:23:01.646186 2026] [php:error] [pid 4234] [client 52.164.187.143:0] script '/domains/system_default/ah21.php' not found or unable to stat
[Mon Jan 26 04:23:01.718704 2026] [php:error] [pid 4234] [client 52.164.187.143:0] script '/domains/system_default/ah22.php' not found or unable to stat
[Mon Jan 26 04:23:01.793396 2026] [php:error] [pid 4234] [client 52.164.187.143:0] script '/domains/system_default/ws38.php' not found or unable to stat
[Mon Jan 26 04:23:01.938416 2026] [php:error] [pid 4234] [client 52.164.187.143:0] script '/domains/system_default/uploaxa1.php' not found or unable to stat
[Mon Jan 26 04:23:02.010718 2026] [php:error] [pid 4234] [client 52.164.187.143:0] script '/domains/system_default/wp-su.php' not found or unable to stat
[Mon Jan 26 04:23:02.094945 2026] [php:error] [pid 4234] [client 52.164.187.143:0] script '/domains/system_default/rzzaq.php' not found or unable to stat
[Mon Jan 26 04:23:02.167661 2026] [php:error] [pid 4234] [client 52.164.187.143:0] script '/domains/system_default/abtpn.php' not found or unable to stat
[Mon Jan 26 04:23:02.240266 2026] [php:error] [pid 4234] [client 52.164.187.143:0] script '/domains/system_default/my1.php' not found or unable to stat
[Mon Jan 26 04:23:02.312713 2026] [php:error] [pid 4234] [client 52.164.187.143:0] script '/domains/system_default/taktak.php' not found or unable to stat
[Mon Jan 26 04:23:02.385243 2026] [php:error] [pid 4234] [client 52.164.187.143:0] script '/domains/system_default/sfcl.php' not found or unable to stat
[Mon Jan 26 04:23:02.457950 2026] [php:error] [pid 4234] [client 52.164.187.143:0] script '/domains/system_default/worksec.php' not found or unable to stat
[Mon Jan 26 04:23:02.537178 2026] [php:error] [pid 4234] [client 52.164.187.143:0] script '/domains/system_default/ypukprhr.php' not found or unable to stat
[Mon Jan 26 04:23:02.610950 2026] [php:error] [pid 4234] [client 52.164.187.143:0] script '/domains/system_default/tcnyz.php' not found or unable to stat
[Mon Jan 26 04:24:03.975503 2026] [php:error] [pid 4235] [client 80.94.95.234:0] script '/domains/piltdweb1/wp-login.php' not found or unable to stat
[Mon Jan 26 04:25:36.654486 2026] [php:error] [pid 4253] [client 34.6.228.25:0] script '/domains/hdickens.enteract/kmnj.php' not found or unable to stat
[Mon Jan 26 04:25:53.371631 2026] [php:error] [pid 4233] [client 34.7.197.12:0] script '/domains/hdickens.enteract/kmnj.php' not found or unable to stat
[Mon Jan 26 04:26:25.425026 2026] [php:error] [pid 4260] [client 216.244.66.232:0] script '/domains/hdickens.enteract/kmnj.php' not found or unable to stat
[Mon Jan 26 04:28:21.170700 2026] [core:crit] [pid 4286] (13)Permission denied: [client 216.244.66.241:0] AH00529: /domains/dcarlone/test/web/.htaccess pcfg_openfile: unable to check htaccess file, ensure it is readable and that '/domains/dcarlone/test/web/' is executable
[Mon Jan 26 04:28:33.536374 2026] [core:crit] [pid 4289] (13)Permission denied: [client 216.244.66.241:0] AH00529: /domains/dcarlone/test/web/.htaccess pcfg_openfile: unable to check htaccess file, ensure it is readable and that '/domains/dcarlone/test/web/' is executable
[Mon Jan 26 04:28:57.474769 2026] [php:error] [pid 4284] [client 161.118.193.239:0] script '/domains/micra/wp-login.php' not found or unable to stat
[Mon Jan 26 04:29:07.053890 2026] [php:error] [pid 4287] [client 141.98.11.44:0] script '/domains/emsco1/wp-login.php' not found or unable to stat
[Mon Jan 26 04:29:07.304733 2026] [php:error] [pid 4286] [client 141.98.11.44:0] script '/domains/emsco1/wp-login.php' not found or unable to stat, referer: https://t.co/
[Mon Jan 26 04:30:18.117968 2026] [php:error] [pid 4303] [client 4.194.24.19:0] script '/domains/telacomp/0.php' not found or unable to stat
[Mon Jan 26 04:30:18.342541 2026] [php:error] [pid 4303] [client 4.194.24.19:0] script '/domains/telacomp/1.php' not found or unable to stat
[Mon Jan 26 04:30:18.565420 2026] [php:error] [pid 4303] [client 4.194.24.19:0] script '/domains/telacomp/123.php' not found or unable to stat
[Mon Jan 26 04:30:18.785295 2026] [php:error] [pid 4303] [client 4.194.24.19:0] script '/domains/telacomp/2.php' not found or unable to stat
[Mon Jan 26 04:30:18.963394 2026] [php:error] [pid 4298] [client 20.42.209.0:0] script '/domains/koenig.interport/ol.php' not found or unable to stat
[Mon Jan 26 04:30:19.006169 2026] [php:error] [pid 4303] [client 4.194.24.19:0] script '/domains/telacomp/222.php' not found or unable to stat
[Mon Jan 26 04:30:19.164558 2026] [php:error] [pid 4298] [client 20.42.209.0:0] script '/domains/koenig.interport/sikma.php' not found or unable to stat
[Mon Jan 26 04:30:19.227159 2026] [php:error] [pid 4303] [client 4.194.24.19:0] script '/domains/telacomp/403.php' not found or unable to stat
[Mon Jan 26 04:30:19.400999 2026] [php:error] [pid 4298] [client 20.42.209.0:0] script '/domains/koenig.interport/rh1.php' not found or unable to stat
[Mon Jan 26 04:30:19.450650 2026] [php:error] [pid 4303] [client 4.194.24.19:0] script '/domains/telacomp/404.php' not found or unable to stat
[Mon Jan 26 04:30:19.611427 2026] [php:error] [pid 4298] [client 20.42.209.0:0] script '/domains/koenig.interport/sid3.php' not found or unable to stat
[Mon Jan 26 04:30:19.675125 2026] [php:error] [pid 4303] [client 4.194.24.19:0] script '/domains/telacomp/aa.php' not found or unable to stat
[Mon Jan 26 04:30:19.823364 2026] [php:error] [pid 4298] [client 20.42.209.0:0] script '/domains/koenig.interport/okxh.php' not found or unable to stat
[Mon Jan 26 04:30:19.897276 2026] [php:error] [pid 4303] [client 4.194.24.19:0] script '/domains/telacomp/aaa.php' not found or unable to stat
[Mon Jan 26 04:30:20.026472 2026] [php:error] [pid 4298] [client 20.42.209.0:0] script '/domains/koenig.interport/krypton.php' not found or unable to stat
[Mon Jan 26 04:30:20.117337 2026] [php:error] [pid 4303] [client 4.194.24.19:0] script '/domains/telacomp/abc.php' not found or unable to stat
[Mon Jan 26 04:30:20.228546 2026] [php:error] [pid 4298] [client 20.42.209.0:0] script '/domains/koenig.interport/zoo.php' not found or unable to stat
[Mon Jan 26 04:30:20.337448 2026] [php:error] [pid 4303] [client 4.194.24.19:0] script '/domains/telacomp/abcd.php' not found or unable to stat
[Mon Jan 26 04:30:20.558592 2026] [php:error] [pid 4303] [client 4.194.24.19:0] script '/domains/telacomp/about.php' not found or unable to stat
[Mon Jan 26 04:30:20.642435 2026] [php:error] [pid 4298] [client 20.42.209.0:0] script '/domains/koenig.interport/maul.php' not found or unable to stat
[Mon Jan 26 04:30:20.785374 2026] [php:error] [pid 4303] [client 4.194.24.19:0] script '/domains/telacomp/admin.php' not found or unable to stat
[Mon Jan 26 04:30:21.005859 2026] [php:error] [pid 4303] [client 4.194.24.19:0] script '/domains/telacomp/adminfuns.php' not found or unable to stat
[Mon Jan 26 04:30:21.232045 2026] [php:error] [pid 4303] [client 4.194.24.19:0] script '/domains/telacomp/alfa.php' not found or unable to stat
[Mon Jan 26 04:30:21.254329 2026] [php:error] [pid 4298] [client 20.42.209.0:0] script '/domains/koenig.interport/download.php' not found or unable to stat
[Mon Jan 26 04:30:21.452601 2026] [php:error] [pid 4303] [client 4.194.24.19:0] script '/domains/telacomp/asd.php' not found or unable to stat
[Mon Jan 26 04:30:21.455888 2026] [php:error] [pid 4298] [client 20.42.209.0:0] script '/domains/koenig.interport/varb.php' not found or unable to stat
[Mon Jan 26 04:30:21.674829 2026] [php:error] [pid 4303] [client 4.194.24.19:0] script '/domains/telacomp/atomlib.php' not found or unable to stat
[Mon Jan 26 04:30:21.685278 2026] [php:error] [pid 4308] [client 20.24.209.153:0] script '/domains/pauljbrock/0.php' not found or unable to stat
[Mon Jan 26 04:30:21.893763 2026] [php:error] [pid 4308] [client 20.24.209.153:0] script '/domains/pauljbrock/1.php' not found or unable to stat
[Mon Jan 26 04:30:21.895323 2026] [php:error] [pid 4303] [client 4.194.24.19:0] script '/domains/telacomp/autoload_classmap.php' not found or unable to stat
[Mon Jan 26 04:30:21.949609 2026] [php:error] [pid 4298] [client 20.42.209.0:0] script '/domains/koenig.interport/tt.php' not found or unable to stat
[Mon Jan 26 04:30:22.111527 2026] [php:error] [pid 4308] [client 20.24.209.153:0] script '/domains/pauljbrock/123.php' not found or unable to stat
[Mon Jan 26 04:30:22.115279 2026] [php:error] [pid 4303] [client 4.194.24.19:0] script '/domains/telacomp/bless.php' not found or unable to stat
[Mon Jan 26 04:30:22.150943 2026] [php:error] [pid 4298] [client 20.42.209.0:0] script '/domains/koenig.interport/a5e0a.php' not found or unable to stat
[Mon Jan 26 04:30:22.336019 2026] [php:error] [pid 4308] [client 20.24.209.153:0] script '/domains/pauljbrock/2.php' not found or unable to stat
[Mon Jan 26 04:30:22.338029 2026] [php:error] [pid 4303] [client 4.194.24.19:0] script '/domains/telacomp/bolt.php' not found or unable to stat
[Mon Jan 26 04:30:22.354769 2026] [php:error] [pid 4298] [client 20.42.209.0:0] script '/domains/koenig.interport/abc.php' not found or unable to stat
[Mon Jan 26 04:30:22.547063 2026] [php:error] [pid 4308] [client 20.24.209.153:0] script '/domains/pauljbrock/222.php' not found or unable to stat
[Mon Jan 26 04:30:22.556084 2026] [php:error] [pid 4298] [client 20.42.209.0:0] script '/domains/koenig.interport/55b76.php' not found or unable to stat
[Mon Jan 26 04:30:22.557982 2026] [php:error] [pid 4303] [client 4.194.24.19:0] script '/domains/telacomp/buy.php' not found or unable to stat
[Mon Jan 26 04:30:22.754173 2026] [php:error] [pid 4308] [client 20.24.209.153:0] script '/domains/pauljbrock/403.php' not found or unable to stat
[Mon Jan 26 04:30:22.782680 2026] [php:error] [pid 4303] [client 4.194.24.19:0] script '/domains/telacomp/c.php' not found or unable to stat
[Mon Jan 26 04:30:22.788967 2026] [php:error] [pid 4298] [client 20.42.209.0:0] script '/domains/koenig.interport/rzki.php' not found or unable to stat
[Mon Jan 26 04:30:22.969176 2026] [php:error] [pid 4308] [client 20.24.209.153:0] script '/domains/pauljbrock/404.php' not found or unable to stat
[Mon Jan 26 04:30:23.002559 2026] [php:error] [pid 4303] [client 4.194.24.19:0] script '/domains/telacomp/ca4.php' not found or unable to stat
[Mon Jan 26 04:30:23.159099 2026] [php:error] [pid 4298] [client 20.42.209.0:0] script '/domains/koenig.interport/acxx.php' not found or unable to stat
[Mon Jan 26 04:30:23.188249 2026] [php:error] [pid 4308] [client 20.24.209.153:0] script '/domains/pauljbrock/aa.php' not found or unable to stat
[Mon Jan 26 04:30:23.222871 2026] [php:error] [pid 4303] [client 4.194.24.19:0] script '/domains/telacomp/checkbox.php' not found or unable to stat
[Mon Jan 26 04:30:23.409044 2026] [php:error] [pid 4308] [client 20.24.209.153:0] script '/domains/pauljbrock/aaa.php' not found or unable to stat
[Mon Jan 26 04:30:23.444370 2026] [php:error] [pid 4303] [client 4.194.24.19:0] script '/domains/telacomp/chosen.php' not found or unable to stat
[Mon Jan 26 04:30:23.465974 2026] [php:error] [pid 4298] [client 20.42.209.0:0] script '/domains/koenig.interport/d12.php' not found or unable to stat
[Mon Jan 26 04:30:23.633467 2026] [php:error] [pid 4308] [client 20.24.209.153:0] script '/domains/pauljbrock/abc.php' not found or unable to stat
[Mon Jan 26 04:30:23.665013 2026] [php:error] [pid 4303] [client 4.194.24.19:0] script '/domains/telacomp/class-t.api.php' not found or unable to stat
[Mon Jan 26 04:30:23.667061 2026] [php:error] [pid 4298] [client 20.42.209.0:0] script '/domains/koenig.interport/s.php' not found or unable to stat
[Mon Jan 26 04:30:23.851409 2026] [php:error] [pid 4308] [client 20.24.209.153:0] script '/domains/pauljbrock/abcd.php' not found or unable to stat
[Mon Jan 26 04:30:23.868146 2026] [php:error] [pid 4298] [client 20.42.209.0:0] script '/domains/koenig.interport/error_log.php' not found or unable to stat
[Mon Jan 26 04:30:23.885070 2026] [php:error] [pid 4303] [client 4.194.24.19:0] script '/domains/telacomp/classwithtostring.php' not found or unable to stat
[Mon Jan 26 04:30:24.059519 2026] [php:error] [pid 4308] [client 20.24.209.153:0] script '/domains/pauljbrock/about.php' not found or unable to stat
[Mon Jan 26 04:30:24.106721 2026] [php:error] [pid 4303] [client 4.194.24.19:0] script '/domains/telacomp/config.php' not found or unable to stat
[Mon Jan 26 04:30:24.267255 2026] [php:error] [pid 4308] [client 20.24.209.153:0] script '/domains/pauljbrock/admin.php' not found or unable to stat
[Mon Jan 26 04:30:24.270051 2026] [php:error] [pid 4298] [client 20.42.209.0:0] script '/domains/koenig.interport/dox.php' not found or unable to stat
[Mon Jan 26 04:30:24.330824 2026] [php:error] [pid 4303] [client 4.194.24.19:0] script '/domains/telacomp/cong.php' not found or unable to stat
[Mon Jan 26 04:30:24.471346 2026] [php:error] [pid 4298] [client 20.42.209.0:0] script '/domains/koenig.interport/ahax.php' not found or unable to stat
[Mon Jan 26 04:30:24.476662 2026] [php:error] [pid 4308] [client 20.24.209.153:0] script '/domains/pauljbrock/adminfuns.php' not found or unable to stat
[Mon Jan 26 04:30:24.551460 2026] [php:error] [pid 4303] [client 4.194.24.19:0] script '/domains/telacomp/content.php' not found or unable to stat
[Mon Jan 26 04:30:24.683566 2026] [php:error] [pid 4308] [client 20.24.209.153:0] script '/domains/pauljbrock/alfa.php' not found or unable to stat
[Mon Jan 26 04:30:24.691657 2026] [php:error] [pid 4298] [client 20.42.209.0:0] script '/domains/koenig.interport/lock360.php' not found or unable to stat
[Mon Jan 26 04:30:24.773647 2026] [php:error] [pid 4303] [client 4.194.24.19:0] script '/domains/telacomp/css.php' not found or unable to stat
[Mon Jan 26 04:30:24.892705 2026] [php:error] [pid 4298] [client 20.42.209.0:0] script '/domains/koenig.interport/6kUgr4yGzxN.php' not found or unable to stat
[Mon Jan 26 04:30:24.893166 2026] [php:error] [pid 4308] [client 20.24.209.153:0] script '/domains/pauljbrock/asd.php' not found or unable to stat
[Mon Jan 26 04:30:24.993847 2026] [php:error] [pid 4303] [client 4.194.24.19:0] script '/domains/telacomp/deepseek_d.php' not found or unable to stat
[Mon Jan 26 04:30:25.108919 2026] [php:error] [pid 4298] [client 20.42.209.0:0] script '/domains/koenig.interport/wp.php' not found or unable to stat
[Mon Jan 26 04:30:25.111859 2026] [php:error] [pid 4308] [client 20.24.209.153:0] script '/domains/pauljbrock/atomlib.php' not found or unable to stat
[Mon Jan 26 04:30:25.214056 2026] [php:error] [pid 4303] [client 4.194.24.19:0] script '/domains/telacomp/default.php' not found or unable to stat
[Mon Jan 26 04:30:25.318471 2026] [php:error] [pid 4308] [client 20.24.209.153:0] script '/domains/pauljbrock/autoload_classmap.php' not found or unable to stat
[Mon Jan 26 04:30:25.319251 2026] [php:error] [pid 4298] [client 20.42.209.0:0] script '/domains/koenig.interport/test1.php' not found or unable to stat
[Mon Jan 26 04:30:25.433908 2026] [php:error] [pid 4303] [client 4.194.24.19:0] script '/domains/telacomp/ds.php' not found or unable to stat
[Mon Jan 26 04:30:25.520389 2026] [php:error] [pid 4298] [client 20.42.209.0:0] script '/domains/koenig.interport/clss.php' not found or unable to stat
[Mon Jan 26 04:30:25.530756 2026] [php:error] [pid 4308] [client 20.24.209.153:0] script '/domains/pauljbrock/bless.php' not found or unable to stat
[Mon Jan 26 04:30:25.655283 2026] [php:error] [pid 4303] [client 4.194.24.19:0] script '/domains/telacomp/edit.php' not found or unable to stat
[Mon Jan 26 04:30:25.722156 2026] [php:error] [pid 4298] [client 20.42.209.0:0] script '/domains/koenig.interport/44.php' not found or unable to stat
[Mon Jan 26 04:30:25.744982 2026] [php:error] [pid 4308] [client 20.24.209.153:0] script '/domains/pauljbrock/bolt.php' not found or unable to stat
[Mon Jan 26 04:30:25.875526 2026] [php:error] [pid 4303] [client 4.194.24.19:0] script '/domains/telacomp/elp.php' not found or unable to stat
[Mon Jan 26 04:30:25.922990 2026] [php:error] [pid 4298] [client 20.42.209.0:0] script '/domains/koenig.interport/ii5file.php' not found or unable to stat
[Mon Jan 26 04:30:25.963910 2026] [php:error] [pid 4308] [client 20.24.209.153:0] script '/domains/pauljbrock/buy.php' not found or unable to stat
[Mon Jan 26 04:30:26.095382 2026] [php:error] [pid 4303] [client 4.194.24.19:0] script '/domains/telacomp/favicon.php' not found or unable to stat
[Mon Jan 26 04:30:26.124104 2026] [php:error] [pid 4298] [client 20.42.209.0:0] script '/domains/koenig.interport/ss.php' not found or unable to stat
[Mon Jan 26 04:30:26.170698 2026] [php:error] [pid 4308] [client 20.24.209.153:0] script '/domains/pauljbrock/c.php' not found or unable to stat
[Mon Jan 26 04:30:26.317003 2026] [php:error] [pid 4303] [client 4.194.24.19:0] script '/domains/telacomp/file.php' not found or unable to stat
[Mon Jan 26 04:30:26.340483 2026] [php:error] [pid 4298] [client 20.42.209.0:0] script '/domains/koenig.interport/re.php' not found or unable to stat
[Mon Jan 26 04:30:26.377980 2026] [php:error] [pid 4308] [client 20.24.209.153:0] script '/domains/pauljbrock/ca4.php' not found or unable to stat
[Mon Jan 26 04:30:26.537158 2026] [php:error] [pid 4303] [client 4.194.24.19:0] script '/domains/telacomp/file2.php' not found or unable to stat
[Mon Jan 26 04:30:26.541316 2026] [php:error] [pid 4298] [client 20.42.209.0:0] script '/domains/koenig.interport/xsas.php' not found or unable to stat
[Mon Jan 26 04:30:26.596629 2026] [php:error] [pid 4308] [client 20.24.209.153:0] script '/domains/pauljbrock/checkbox.php' not found or unable to stat
[Mon Jan 26 04:30:26.744141 2026] [php:error] [pid 4298] [client 20.42.209.0:0] script '/domains/koenig.interport/asus.php' not found or unable to stat
[Mon Jan 26 04:30:26.758938 2026] [php:error] [pid 4303] [client 4.194.24.19:0] script '/domains/telacomp/file5.php' not found or unable to stat
[Mon Jan 26 04:30:26.803432 2026] [php:error] [pid 4308] [client 20.24.209.153:0] script '/domains/pauljbrock/chosen.php' not found or unable to stat
[Mon Jan 26 04:30:26.950774 2026] [php:error] [pid 4298] [client 20.42.209.0:0] script '/domains/koenig.interport/wp-good.php' not found or unable to stat
[Mon Jan 26 04:30:26.978727 2026] [php:error] [pid 4303] [client 4.194.24.19:0] script '/domains/telacomp/file56.php' not found or unable to stat
[Mon Jan 26 04:30:27.010591 2026] [php:error] [pid 4308] [client 20.24.209.153:0] script '/domains/pauljbrock/class-t.api.php' not found or unable to stat
[Mon Jan 26 04:30:27.194204 2026] [php:error] [pid 4298] [client 20.42.209.0:0] script '/domains/koenig.interport/0x.php' not found or unable to stat
[Mon Jan 26 04:30:27.199928 2026] [php:error] [pid 4303] [client 4.194.24.19:0] script '/domains/telacomp/flower.php' not found or unable to stat
[Mon Jan 26 04:30:27.230632 2026] [php:error] [pid 4308] [client 20.24.209.153:0] script '/domains/pauljbrock/classwithtostring.php' not found or unable to stat
[Mon Jan 26 04:30:27.395690 2026] [php:error] [pid 4298] [client 20.42.209.0:0] script '/domains/koenig.interport/domains.php' not found or unable to stat
[Mon Jan 26 04:30:27.422596 2026] [php:error] [pid 4303] [client 4.194.24.19:0] script '/domains/telacomp/form.php' not found or unable to stat
[Mon Jan 26 04:30:27.441608 2026] [php:error] [pid 4308] [client 20.24.209.153:0] script '/domains/pauljbrock/config.php' not found or unable to stat
[Mon Jan 26 04:30:27.599523 2026] [php:error] [pid 4298] [client 20.42.209.0:0] script '/domains/koenig.interport/wp-goods.php' not found or unable to stat
[Mon Jan 26 04:30:27.645520 2026] [php:error] [pid 4303] [client 4.194.24.19:0] script '/domains/telacomp/function.php' not found or unable to stat
[Mon Jan 26 04:30:27.648254 2026] [php:error] [pid 4308] [client 20.24.209.153:0] script '/domains/pauljbrock/cong.php' not found or unable to stat
[Mon Jan 26 04:30:27.801602 2026] [php:error] [pid 4298] [client 20.42.209.0:0] script '/domains/koenig.interport/144.php' not found or unable to stat
[Mon Jan 26 04:30:27.858780 2026] [php:error] [pid 4308] [client 20.24.209.153:0] script '/domains/pauljbrock/content.php' not found or unable to stat
[Mon Jan 26 04:30:27.865492 2026] [php:error] [pid 4303] [client 4.194.24.19:0] script '/domains/telacomp/functions.php' not found or unable to stat
[Mon Jan 26 04:30:28.030272 2026] [php:error] [pid 4298] [client 20.42.209.0:0] script '/domains/koenig.interport/akcc.php' not found or unable to stat
[Mon Jan 26 04:30:28.065585 2026] [php:error] [pid 4308] [client 20.24.209.153:0] script '/domains/pauljbrock/css.php' not found or unable to stat
[Mon Jan 26 04:30:28.086465 2026] [php:error] [pid 4303] [client 4.194.24.19:0] script '/domains/telacomp/gecko-litespeed.php' not found or unable to stat
[Mon Jan 26 04:30:28.231248 2026] [php:error] [pid 4298] [client 20.42.209.0:0] script '/domains/koenig.interport/vanda.php' not found or unable to stat
[Mon Jan 26 04:30:28.272450 2026] [php:error] [pid 4308] [client 20.24.209.153:0] script '/domains/pauljbrock/deepseek_d.php' not found or unable to stat
[Mon Jan 26 04:30:28.308125 2026] [php:error] [pid 4303] [client 4.194.24.19:0] script '/domains/telacomp/goods.php' not found or unable to stat
[Mon Jan 26 04:30:28.432764 2026] [php:error] [pid 4298] [client 20.42.209.0:0] script '/domains/koenig.interport/lib.php' not found or unable to stat
[Mon Jan 26 04:30:28.480145 2026] [php:error] [pid 4308] [client 20.24.209.153:0] script '/domains/pauljbrock/default.php' not found or unable to stat
[Mon Jan 26 04:30:28.531309 2026] [php:error] [pid 4303] [client 4.194.24.19:0] script '/domains/telacomp/index.php' not found or unable to stat
[Mon Jan 26 04:30:28.633949 2026] [php:error] [pid 4298] [client 20.42.209.0:0] script '/domains/koenig.interport/zc-104.php' not found or unable to stat
[Mon Jan 26 04:30:28.694265 2026] [php:error] [pid 4308] [client 20.24.209.153:0] script '/domains/pauljbrock/ds.php' not found or unable to stat
[Mon Jan 26 04:30:28.751463 2026] [php:error] [pid 4303] [client 4.194.24.19:0] script '/domains/telacomp/info.php' not found or unable to stat
[Mon Jan 26 04:30:28.904510 2026] [php:error] [pid 4308] [client 20.24.209.153:0] script '/domains/pauljbrock/edit.php' not found or unable to stat
[Mon Jan 26 04:30:28.940340 2026] [php:error] [pid 4298] [client 20.42.209.0:0] script '/domains/koenig.interport/zc-729.php' not found or unable to stat
[Mon Jan 26 04:30:28.971506 2026] [php:error] [pid 4303] [client 4.194.24.19:0] script '/domains/telacomp/inputs.php' not found or unable to stat
[Mon Jan 26 04:30:29.111799 2026] [php:error] [pid 4308] [client 20.24.209.153:0] script '/domains/pauljbrock/elp.php' not found or unable to stat
[Mon Jan 26 04:30:29.142666 2026] [php:error] [pid 4298] [client 20.42.209.0:0] script '/domains/koenig.interport/bo.php' not found or unable to stat
[Mon Jan 26 04:30:29.191333 2026] [php:error] [pid 4303] [client 4.194.24.19:0] script '/domains/telacomp/ioxi-o.php' not found or unable to stat
[Mon Jan 26 04:30:29.327325 2026] [php:error] [pid 4308] [client 20.24.209.153:0] script '/domains/pauljbrock/favicon.php' not found or unable to stat
[Mon Jan 26 04:30:29.411129 2026] [php:error] [pid 4303] [client 4.194.24.19:0] script '/domains/telacomp/lock360.php' not found or unable to stat
[Mon Jan 26 04:30:29.496683 2026] [php:error] [pid 4298] [client 20.42.209.0:0] script '/domains/koenig.interport/x.php' not found or unable to stat
[Mon Jan 26 04:30:29.546246 2026] [php:error] [pid 4308] [client 20.24.209.153:0] script '/domains/pauljbrock/file.php' not found or unable to stat
[Mon Jan 26 04:30:29.631163 2026] [php:error] [pid 4303] [client 4.194.24.19:0] script '/domains/telacomp/log.php' not found or unable to stat
[Mon Jan 26 04:30:29.697702 2026] [php:error] [pid 4298] [client 20.42.209.0:0] script '/domains/koenig.interport/adminfuns.php' not found or unable to stat
[Mon Jan 26 04:30:29.753632 2026] [php:error] [pid 4308] [client 20.24.209.153:0] script '/domains/pauljbrock/file2.php' not found or unable to stat
[Mon Jan 26 04:30:29.850938 2026] [php:error] [pid 4303] [client 4.194.24.19:0] script '/domains/telacomp/man.php' not found or unable to stat
[Mon Jan 26 04:30:29.961191 2026] [php:error] [pid 4308] [client 20.24.209.153:0] script '/domains/pauljbrock/file5.php' not found or unable to stat
[Mon Jan 26 04:30:30.071290 2026] [php:error] [pid 4303] [client 4.194.24.19:0] script '/domains/telacomp/mari.php' not found or unable to stat
[Mon Jan 26 04:30:30.179089 2026] [php:error] [pid 4308] [client 20.24.209.153:0] script '/domains/pauljbrock/file56.php' not found or unable to stat
[Mon Jan 26 04:30:30.222723 2026] [php:error] [pid 4298] [client 20.42.209.0:0] script '/domains/koenig.interport/56c53.php' not found or unable to stat
[Mon Jan 26 04:30:30.294002 2026] [php:error] [pid 4303] [client 4.194.24.19:0] script '/domains/telacomp/new.php' not found or unable to stat
[Mon Jan 26 04:30:30.396675 2026] [php:error] [pid 4308] [client 20.24.209.153:0] script '/domains/pauljbrock/flower.php' not found or unable to stat
[Mon Jan 26 04:30:30.443248 2026] [php:error] [pid 4298] [client 20.42.209.0:0] script '/domains/koenig.interport/FII.php' not found or unable to stat
[Mon Jan 26 04:30:30.521033 2026] [php:error] [pid 4303] [client 4.194.24.19:0] script '/domains/telacomp/shell.php' not found or unable to stat
[Mon Jan 26 04:30:30.608773 2026] [php:error] [pid 4308] [client 20.24.209.153:0] script '/domains/pauljbrock/form.php' not found or unable to stat
[Mon Jan 26 04:30:30.644452 2026] [php:error] [pid 4298] [client 20.42.209.0:0] script '/domains/koenig.interport/wp-ac.php' not found or unable to stat
[Mon Jan 26 04:30:30.740934 2026] [php:error] [pid 4303] [client 4.194.24.19:0] script '/domains/telacomp/simple.php' not found or unable to stat
[Mon Jan 26 04:30:30.815656 2026] [php:error] [pid 4308] [client 20.24.209.153:0] script '/domains/pauljbrock/function.php' not found or unable to stat
[Mon Jan 26 04:30:30.866713 2026] [php:error] [pid 4298] [client 20.42.209.0:0] script '/domains/koenig.interport/atex1.php' not found or unable to stat
[Mon Jan 26 04:30:30.967593 2026] [php:error] [pid 4303] [client 4.194.24.19:0] script '/domains/telacomp/system.php' not found or unable to stat
[Mon Jan 26 04:30:31.027634 2026] [php:error] [pid 4308] [client 20.24.209.153:0] script '/domains/pauljbrock/functions.php' not found or unable to stat
[Mon Jan 26 04:30:31.070600 2026] [php:error] [pid 4298] [client 20.42.209.0:0] script '/domains/koenig.interport/blox.php' not found or unable to stat
[Mon Jan 26 04:30:31.189818 2026] [php:error] [pid 4303] [client 4.194.24.19:0] script '/domains/telacomp/term.php' not found or unable to stat
[Mon Jan 26 04:30:31.235826 2026] [php:error] [pid 4308] [client 20.24.209.153:0] script '/domains/pauljbrock/gecko-litespeed.php' not found or unable to stat
[Mon Jan 26 04:30:31.296463 2026] [php:error] [pid 4298] [client 20.42.209.0:0] script '/domains/koenig.interport/wp-64wscx6shd.php' not found or unable to stat
[Mon Jan 26 04:30:31.409889 2026] [php:error] [pid 4303] [client 4.194.24.19:0] script '/domains/telacomp/test1.php' not found or unable to stat
[Mon Jan 26 04:30:31.442719 2026] [php:error] [pid 4308] [client 20.24.209.153:0] script '/domains/pauljbrock/goods.php' not found or unable to stat
[Mon Jan 26 04:30:31.498168 2026] [php:error] [pid 4298] [client 20.42.209.0:0] script '/domains/koenig.interport/gecko.php' not found or unable to stat
[Mon Jan 26 04:30:31.630160 2026] [php:error] [pid 4303] [client 4.194.24.19:0] script '/domains/telacomp/wp-admin.php' not found or unable to stat
[Mon Jan 26 04:30:31.649067 2026] [php:error] [pid 4308] [client 20.24.209.153:0] script '/domains/pauljbrock/index.php' not found or unable to stat
[Mon Jan 26 04:30:31.699198 2026] [php:error] [pid 4298] [client 20.42.209.0:0] script '/domains/koenig.interport/sxx.php' not found or unable to stat
[Mon Jan 26 04:30:31.850024 2026] [php:error] [pid 4303] [client 4.194.24.19:0] script '/domains/telacomp/wp-content.php' not found or unable to stat
[Mon Jan 26 04:30:31.855787 2026] [php:error] [pid 4308] [client 20.24.209.153:0] script '/domains/pauljbrock/info.php' not found or unable to stat
[Mon Jan 26 04:30:31.900146 2026] [php:error] [pid 4298] [client 20.42.209.0:0] script '/domains/koenig.interport/mode.php' not found or unable to stat
[Mon Jan 26 04:30:32.068067 2026] [php:error] [pid 4308] [client 20.24.209.153:0] script '/domains/pauljbrock/inputs.php' not found or unable to stat
[Mon Jan 26 04:30:32.070333 2026] [php:error] [pid 4303] [client 4.194.24.19:0] script '/domains/telacomp/wp-good.php' not found or unable to stat
[Mon Jan 26 04:30:32.102360 2026] [php:error] [pid 4298] [client 20.42.209.0:0] script '/domains/koenig.interport/z60.php' not found or unable to stat
[Mon Jan 26 04:30:32.283206 2026] [php:error] [pid 4308] [client 20.24.209.153:0] script '/domains/pauljbrock/ioxi-o.php' not found or unable to stat
[Mon Jan 26 04:30:32.290375 2026] [php:error] [pid 4303] [client 4.194.24.19:0] script '/domains/telacomp/wp-links-opml.php' not found or unable to stat
[Mon Jan 26 04:30:32.311055 2026] [php:error] [pid 4298] [client 20.42.209.0:0] script '/domains/koenig.interport/hehe.php' not found or unable to stat
[Mon Jan 26 04:30:32.490060 2026] [php:error] [pid 4308] [client 20.24.209.153:0] script '/domains/pauljbrock/lock360.php' not found or unable to stat
[Mon Jan 26 04:30:32.517093 2026] [php:error] [pid 4303] [client 4.194.24.19:0] script '/domains/telacomp/wp-login.php' not found or unable to stat
[Mon Jan 26 04:30:32.525195 2026] [php:error] [pid 4298] [client 20.42.209.0:0] script '/domains/koenig.interport/asd.php' not found or unable to stat
[Mon Jan 26 04:30:32.697474 2026] [php:error] [pid 4308] [client 20.24.209.153:0] script '/domains/pauljbrock/log.php' not found or unable to stat
[Mon Jan 26 04:30:32.738257 2026] [php:error] [pid 4298] [client 20.42.209.0:0] script '/domains/koenig.interport/5b9ac.php' not found or unable to stat
[Mon Jan 26 04:30:32.738350 2026] [php:error] [pid 4303] [client 4.194.24.19:0] script '/domains/telacomp/wp-sing.php' not found or unable to stat
[Mon Jan 26 04:30:32.904290 2026] [php:error] [pid 4308] [client 20.24.209.153:0] script '/domains/pauljbrock/man.php' not found or unable to stat
[Mon Jan 26 04:30:32.958616 2026] [php:error] [pid 4303] [client 4.194.24.19:0] script '/domains/telacomp/wpc.php' not found or unable to stat
[Mon Jan 26 04:30:32.963124 2026] [php:error] [pid 4298] [client 20.42.209.0:0] script '/domains/koenig.interport/k.php' not found or unable to stat
[Mon Jan 26 04:30:33.116986 2026] [php:error] [pid 4308] [client 20.24.209.153:0] script '/domains/pauljbrock/mari.php' not found or unable to stat
[Mon Jan 26 04:30:33.164007 2026] [php:error] [pid 4298] [client 20.42.209.0:0] script '/domains/koenig.interport/edit.php' not found or unable to stat
[Mon Jan 26 04:30:33.178603 2026] [php:error] [pid 4303] [client 4.194.24.19:0] script '/domains/telacomp/xmlrpc.php' not found or unable to stat
[Mon Jan 26 04:30:33.333757 2026] [php:error] [pid 4308] [client 20.24.209.153:0] script '/domains/pauljbrock/new.php' not found or unable to stat
[Mon Jan 26 04:30:33.364993 2026] [php:error] [pid 4298] [client 20.42.209.0:0] script '/domains/koenig.interport/t.php' not found or unable to stat
[Mon Jan 26 04:30:33.398649 2026] [php:error] [pid 4303] [client 4.194.24.19:0] script '/domains/telacomp/xmrlpc.php' not found or unable to stat
[Mon Jan 26 04:30:33.557945 2026] [php:error] [pid 4308] [client 20.24.209.153:0] script '/domains/pauljbrock/shell.php' not found or unable to stat
[Mon Jan 26 04:30:33.595220 2026] [php:error] [pid 4298] [client 20.42.209.0:0] script '/domains/koenig.interport/lm15.php' not found or unable to stat
[Mon Jan 26 04:30:33.778004 2026] [php:error] [pid 4308] [client 20.24.209.153:0] script '/domains/pauljbrock/simple.php' not found or unable to stat
[Mon Jan 26 04:30:33.796207 2026] [php:error] [pid 4298] [client 20.42.209.0:0] script '/domains/koenig.interport/6kDPjgFTmvS.php' not found or unable to stat
[Mon Jan 26 04:30:33.997770 2026] [php:error] [pid 4298] [client 20.42.209.0:0] script '/domains/koenig.interport/222.php' not found or unable to stat
[Mon Jan 26 04:30:34.000743 2026] [php:error] [pid 4308] [client 20.24.209.153:0] script '/domains/pauljbrock/system.php' not found or unable to stat
[Mon Jan 26 04:30:34.218237 2026] [php:error] [pid 4308] [client 20.24.209.153:0] script '/domains/pauljbrock/term.php' not found or unable to stat
[Mon Jan 26 04:30:34.424987 2026] [php:error] [pid 4308] [client 20.24.209.153:0] script '/domains/pauljbrock/test1.php' not found or unable to stat
[Mon Jan 26 04:30:34.633582 2026] [php:error] [pid 4308] [client 20.24.209.153:0] script '/domains/pauljbrock/wp-admin.php' not found or unable to stat
[Mon Jan 26 04:30:34.857026 2026] [php:error] [pid 4308] [client 20.24.209.153:0] script '/domains/pauljbrock/wp-content.php' not found or unable to stat
[Mon Jan 26 04:30:35.067382 2026] [php:error] [pid 4308] [client 20.24.209.153:0] script '/domains/pauljbrock/wp-good.php' not found or unable to stat
[Mon Jan 26 04:30:35.276044 2026] [php:error] [pid 4308] [client 20.24.209.153:0] script '/domains/pauljbrock/wp-links-opml.php' not found or unable to stat
[Mon Jan 26 04:30:35.490235 2026] [php:error] [pid 4308] [client 20.24.209.153:0] script '/domains/pauljbrock/wp-login.php' not found or unable to stat
[Mon Jan 26 04:30:35.700003 2026] [php:error] [pid 4308] [client 20.24.209.153:0] script '/domains/pauljbrock/wp-sing.php' not found or unable to stat
[Mon Jan 26 04:30:35.751405 2026] [php:error] [pid 4298] [client 20.42.209.0:0] script '/domains/koenig.interport/admin836.php' not found or unable to stat
[Mon Jan 26 04:30:35.907694 2026] [php:error] [pid 4308] [client 20.24.209.153:0] script '/domains/pauljbrock/wpc.php' not found or unable to stat
[Mon Jan 26 04:30:35.952690 2026] [php:error] [pid 4298] [client 20.42.209.0:0] script '/domains/koenig.interport/sx.php' not found or unable to stat
[Mon Jan 26 04:30:36.114238 2026] [php:error] [pid 4308] [client 20.24.209.153:0] script '/domains/pauljbrock/xmlrpc.php' not found or unable to stat
[Mon Jan 26 04:30:36.154003 2026] [php:error] [pid 4298] [client 20.42.209.0:0] script '/domains/koenig.interport/lufix.php' not found or unable to stat
[Mon Jan 26 04:30:36.320959 2026] [php:error] [pid 4308] [client 20.24.209.153:0] script '/domains/pauljbrock/xmrlpc.php' not found or unable to stat
[Mon Jan 26 04:32:15.940171 2026] [php:error] [pid 4321] [client 103.87.54.225:0] script '/domains/hpveweb/xmlrpc.php' not found or unable to stat
[Mon Jan 26 04:33:05.540077 2026] [php:error] [pid 4319] [client 20.70.170.217:0] script '/domains/msintl/0.php' not found or unable to stat
[Mon Jan 26 04:33:05.740545 2026] [php:error] [pid 4319] [client 20.70.170.217:0] script '/domains/msintl/1.php' not found or unable to stat
[Mon Jan 26 04:33:05.944679 2026] [php:error] [pid 4319] [client 20.70.170.217:0] script '/domains/msintl/123.php' not found or unable to stat
[Mon Jan 26 04:33:06.152124 2026] [php:error] [pid 4319] [client 20.70.170.217:0] script '/domains/msintl/2.php' not found or unable to stat
[Mon Jan 26 04:33:06.360433 2026] [php:error] [pid 4319] [client 20.70.170.217:0] script '/domains/msintl/222.php' not found or unable to stat
[Mon Jan 26 04:33:06.561086 2026] [php:error] [pid 4319] [client 20.70.170.217:0] script '/domains/msintl/403.php' not found or unable to stat
[Mon Jan 26 04:33:06.772947 2026] [php:error] [pid 4319] [client 20.70.170.217:0] script '/domains/msintl/404.php' not found or unable to stat
