[Mon Jan 26 00:49:45.804772 2026] [php:error] [pid 62035] [client 20.42.209.0:0] script '/domains/magicjim/yr.PHP' not found or unable to stat
[Mon Jan 26 00:49:46.046275 2026] [php:error] [pid 62035] [client 20.42.209.0:0] script '/domains/magicjim/Mks3.PhP' not found or unable to stat
[Mon Jan 26 00:49:46.252644 2026] [php:error] [pid 62035] [client 20.42.209.0:0] script '/domains/magicjim/222.php' not found or unable to stat
[Mon Jan 26 00:49:46.464739 2026] [php:error] [pid 62035] [client 20.42.209.0:0] script '/domains/magicjim/ty226.php' not found or unable to stat
[Mon Jan 26 00:49:46.692774 2026] [php:error] [pid 62035] [client 20.42.209.0:0] script '/domains/magicjim/webadmin.php' not found or unable to stat
[Mon Jan 26 00:49:46.902806 2026] [php:error] [pid 62035] [client 20.42.209.0:0] script '/domains/magicjim/pn.php' not found or unable to stat
[Mon Jan 26 00:49:47.120323 2026] [php:error] [pid 62035] [client 20.42.209.0:0] script '/domains/magicjim/classwithtostring.php' not found or unable to stat
[Mon Jan 26 00:49:47.326930 2026] [php:error] [pid 62035] [client 20.42.209.0:0] script '/domains/magicjim/img.php' not found or unable to stat
[Mon Jan 26 00:49:47.531603 2026] [php:error] [pid 62035] [client 20.42.209.0:0] script '/domains/magicjim/ioxi-o.php' not found or unable to stat
[Mon Jan 26 00:49:47.735500 2026] [php:error] [pid 62035] [client 20.42.209.0:0] script '/domains/magicjim/hans.php' not found or unable to stat
[Mon Jan 26 00:49:48.149552 2026] [php:error] [pid 62035] [client 20.42.209.0:0] script '/domains/magicjim/wp-ana.php' not found or unable to stat
[Mon Jan 26 00:49:48.357567 2026] [php:error] [pid 62035] [client 20.42.209.0:0] script '/domains/magicjim/info.php' not found or unable to stat
[Mon Jan 26 00:49:48.562771 2026] [php:error] [pid 62035] [client 20.42.209.0:0] script '/domains/magicjim/tx1.php' not found or unable to stat
[Mon Jan 26 00:49:48.766513 2026] [php:error] [pid 62035] [client 20.42.209.0:0] script '/domains/magicjim/lv.php' not found or unable to stat
[Mon Jan 26 00:49:48.970892 2026] [php:error] [pid 62035] [client 20.42.209.0:0] script '/domains/magicjim/ccou.php' not found or unable to stat
[Mon Jan 26 00:49:49.175169 2026] [php:error] [pid 62035] [client 20.42.209.0:0] script '/domains/magicjim/wsd.php' not found or unable to stat
[Mon Jan 26 00:49:49.379137 2026] [php:error] [pid 62035] [client 20.42.209.0:0] script '/domains/magicjim/yvxhx.php' not found or unable to stat
[Mon Jan 26 00:49:49.583791 2026] [php:error] [pid 62035] [client 20.42.209.0:0] script '/domains/magicjim/wp-good.php' not found or unable to stat
[Mon Jan 26 00:49:49.787617 2026] [php:error] [pid 62035] [client 20.42.209.0:0] script '/domains/magicjim/qing2.php' not found or unable to stat
[Mon Jan 26 00:49:49.991523 2026] [php:error] [pid 62035] [client 20.42.209.0:0] script '/domains/magicjim/doo.php' not found or unable to stat
[Mon Jan 26 00:49:50.195704 2026] [php:error] [pid 62035] [client 20.42.209.0:0] script '/domains/magicjim/moon.php' not found or unable to stat
[Mon Jan 26 00:49:50.400190 2026] [php:error] [pid 62035] [client 20.42.209.0:0] script '/domains/magicjim/buy.php' not found or unable to stat
[Mon Jan 26 00:49:50.523388 2026] [php:error] [pid 62037] [client 4.217.180.34:0] script '/domains/peterbmiller/ol.php' not found or unable to stat
[Mon Jan 26 00:49:50.604769 2026] [php:error] [pid 62035] [client 20.42.209.0:0] script '/domains/magicjim/9v6.php' not found or unable to stat
[Mon Jan 26 00:49:50.704065 2026] [php:error] [pid 62037] [client 4.217.180.34:0] script '/domains/peterbmiller/sikma.php' not found or unable to stat
[Mon Jan 26 00:49:50.810241 2026] [php:error] [pid 62035] [client 20.42.209.0:0] script '/domains/magicjim/dbc.php' not found or unable to stat
[Mon Jan 26 00:49:50.884569 2026] [php:error] [pid 62037] [client 4.217.180.34:0] script '/domains/peterbmiller/rh1.php' not found or unable to stat
[Mon Jan 26 00:49:51.019155 2026] [php:error] [pid 62035] [client 20.42.209.0:0] script '/domains/magicjim/log.php' not found or unable to stat
[Mon Jan 26 00:49:51.065549 2026] [php:error] [pid 62037] [client 4.217.180.34:0] script '/domains/peterbmiller/sid3.php' not found or unable to stat
[Mon Jan 26 00:49:51.223241 2026] [php:error] [pid 62035] [client 20.42.209.0:0] script '/domains/magicjim/1.php' not found or unable to stat
[Mon Jan 26 00:49:51.246078 2026] [php:error] [pid 62037] [client 4.217.180.34:0] script '/domains/peterbmiller/okxh.php' not found or unable to stat
[Mon Jan 26 00:49:51.426965 2026] [php:error] [pid 62037] [client 4.217.180.34:0] script '/domains/peterbmiller/krypton.php' not found or unable to stat
[Mon Jan 26 00:49:51.427571 2026] [php:error] [pid 62035] [client 20.42.209.0:0] script '/domains/magicjim/ws36.php' not found or unable to stat
[Mon Jan 26 00:49:51.608326 2026] [php:error] [pid 62037] [client 4.217.180.34:0] script '/domains/peterbmiller/zoo.php' not found or unable to stat
[Mon Jan 26 00:49:51.631396 2026] [php:error] [pid 62035] [client 20.42.209.0:0] script '/domains/magicjim/file.php' not found or unable to stat
[Mon Jan 26 00:49:51.835323 2026] [php:error] [pid 62035] [client 20.42.209.0:0] script '/domains/magicjim/rh.php' not found or unable to stat
[Mon Jan 26 00:49:51.969889 2026] [php:error] [pid 62037] [client 4.217.180.34:0] script '/domains/peterbmiller/maul.php' not found or unable to stat
[Mon Jan 26 00:49:52.039877 2026] [php:error] [pid 62035] [client 20.42.209.0:0] script '/domains/magicjim/ova.php' not found or unable to stat
[Mon Jan 26 00:49:52.246774 2026] [php:error] [pid 62035] [client 20.42.209.0:0] script '/domains/magicjim/siteheads.php' not found or unable to stat
[Mon Jan 26 00:49:52.450516 2026] [php:error] [pid 62035] [client 20.42.209.0:0] script '/domains/magicjim/wp-links.php' not found or unable to stat
[Mon Jan 26 00:49:52.511427 2026] [php:error] [pid 62037] [client 4.217.180.34:0] script '/domains/peterbmiller/download.php' not found or unable to stat
[Mon Jan 26 00:49:52.655824 2026] [php:error] [pid 62035] [client 20.42.209.0:0] script '/domains/magicjim/zer.php' not found or unable to stat
[Mon Jan 26 00:49:52.693044 2026] [php:error] [pid 62037] [client 4.217.180.34:0] script '/domains/peterbmiller/varb.php' not found or unable to stat
[Mon Jan 26 00:49:52.860123 2026] [php:error] [pid 62035] [client 20.42.209.0:0] script '/domains/magicjim/sid3.php' not found or unable to stat
[Mon Jan 26 00:49:53.054418 2026] [php:error] [pid 62037] [client 4.217.180.34:0] script '/domains/peterbmiller/tt.php' not found or unable to stat
[Mon Jan 26 00:49:53.078868 2026] [php:error] [pid 62035] [client 20.42.209.0:0] script '/domains/magicjim/tinyfilemanager.php' not found or unable to stat
[Mon Jan 26 00:49:53.237845 2026] [php:error] [pid 62037] [client 4.217.180.34:0] script '/domains/peterbmiller/a5e0a.php' not found or unable to stat
[Mon Jan 26 00:49:53.282590 2026] [php:error] [pid 62035] [client 20.42.209.0:0] script '/domains/magicjim/galex.php' not found or unable to stat
[Mon Jan 26 00:49:53.418225 2026] [php:error] [pid 62037] [client 4.217.180.34:0] script '/domains/peterbmiller/abc.php' not found or unable to stat
[Mon Jan 26 00:49:53.486537 2026] [php:error] [pid 62035] [client 20.42.209.0:0] script '/domains/magicjim/abcd.php' not found or unable to stat
[Mon Jan 26 00:49:53.598996 2026] [php:error] [pid 62037] [client 4.217.180.34:0] script '/domains/peterbmiller/55b76.php' not found or unable to stat
[Mon Jan 26 00:49:53.692264 2026] [php:error] [pid 62035] [client 20.42.209.0:0] script '/domains/magicjim/ant.php' not found or unable to stat
[Mon Jan 26 00:49:53.779826 2026] [php:error] [pid 62037] [client 4.217.180.34:0] script '/domains/peterbmiller/rzki.php' not found or unable to stat
[Mon Jan 26 00:49:53.896369 2026] [php:error] [pid 62035] [client 20.42.209.0:0] script '/domains/magicjim/O-Simple.php' not found or unable to stat
[Mon Jan 26 00:49:53.960807 2026] [php:error] [pid 62037] [client 4.217.180.34:0] script '/domains/peterbmiller/acxx.php' not found or unable to stat
[Mon Jan 26 00:49:54.101247 2026] [php:error] [pid 62035] [client 20.42.209.0:0] script '/domains/magicjim/0o0.php' not found or unable to stat
[Mon Jan 26 00:49:54.141652 2026] [php:error] [pid 62037] [client 4.217.180.34:0] script '/domains/peterbmiller/d12.php' not found or unable to stat
[Mon Jan 26 00:49:54.305386 2026] [php:error] [pid 62035] [client 20.42.209.0:0] script '/domains/magicjim/gtc.php' not found or unable to stat
[Mon Jan 26 00:49:54.322811 2026] [php:error] [pid 62037] [client 4.217.180.34:0] script '/domains/peterbmiller/s.php' not found or unable to stat
[Mon Jan 26 00:49:54.503850 2026] [php:error] [pid 62037] [client 4.217.180.34:0] script '/domains/peterbmiller/error_log.php' not found or unable to stat
[Mon Jan 26 00:49:54.509296 2026] [php:error] [pid 62035] [client 20.42.209.0:0] script '/domains/magicjim/content.php' not found or unable to stat
[Mon Jan 26 00:49:54.720695 2026] [php:error] [pid 62035] [client 20.42.209.0:0] script '/domains/magicjim/support.php' not found or unable to stat
[Mon Jan 26 00:49:54.876666 2026] [php:error] [pid 62037] [client 4.217.180.34:0] script '/domains/peterbmiller/dox.php' not found or unable to stat
[Mon Jan 26 00:49:54.924790 2026] [php:error] [pid 62035] [client 20.42.209.0:0] script '/domains/magicjim/styles.php' not found or unable to stat
[Mon Jan 26 00:49:55.057427 2026] [php:error] [pid 62037] [client 4.217.180.34:0] script '/domains/peterbmiller/ahax.php' not found or unable to stat
[Mon Jan 26 00:49:55.211682 2026] [php:error] [pid 62035] [client 20.42.209.0:0] script '/domains/magicjim/403.php' not found or unable to stat
[Mon Jan 26 00:49:55.237817 2026] [php:error] [pid 62037] [client 4.217.180.34:0] script '/domains/peterbmiller/lock360.php' not found or unable to stat
[Mon Jan 26 00:49:55.427401 2026] [php:error] [pid 62037] [client 4.217.180.34:0] script '/domains/peterbmiller/6kUgr4yGzxN.php' not found or unable to stat
[Mon Jan 26 00:49:55.608247 2026] [php:error] [pid 62037] [client 4.217.180.34:0] script '/domains/peterbmiller/wp.php' not found or unable to stat
[Mon Jan 26 00:49:55.619854 2026] [php:error] [pid 62035] [client 20.42.209.0:0] script '/domains/magicjim/class.api.php' not found or unable to stat
[Mon Jan 26 00:49:55.789466 2026] [php:error] [pid 62037] [client 4.217.180.34:0] script '/domains/peterbmiller/test1.php' not found or unable to stat
[Mon Jan 26 00:49:55.825457 2026] [php:error] [pid 62035] [client 20.42.209.0:0] script '/domains/magicjim/az.php' not found or unable to stat
[Mon Jan 26 00:49:55.970861 2026] [php:error] [pid 62037] [client 4.217.180.34:0] script '/domains/peterbmiller/clss.php' not found or unable to stat
[Mon Jan 26 00:49:56.030201 2026] [php:error] [pid 62035] [client 20.42.209.0:0] script '/domains/magicjim/155.php' not found or unable to stat
[Mon Jan 26 00:49:56.153163 2026] [php:error] [pid 62037] [client 4.217.180.34:0] script '/domains/peterbmiller/44.php' not found or unable to stat
[Mon Jan 26 00:49:56.234256 2026] [php:error] [pid 62035] [client 20.42.209.0:0] script '/domains/magicjim/oo.php' not found or unable to stat
[Mon Jan 26 00:49:56.333923 2026] [php:error] [pid 62037] [client 4.217.180.34:0] script '/domains/peterbmiller/ii5file.php' not found or unable to stat
[Mon Jan 26 00:49:56.439135 2026] [php:error] [pid 62035] [client 20.42.209.0:0] script '/domains/magicjim/vx.php' not found or unable to stat
[Mon Jan 26 00:49:56.514836 2026] [php:error] [pid 62037] [client 4.217.180.34:0] script '/domains/peterbmiller/ss.php' not found or unable to stat
[Mon Jan 26 00:49:56.643560 2026] [php:error] [pid 62035] [client 20.42.209.0:0] script '/domains/magicjim/geck.php' not found or unable to stat
[Mon Jan 26 00:49:56.695403 2026] [php:error] [pid 62037] [client 4.217.180.34:0] script '/domains/peterbmiller/re.php' not found or unable to stat
[Mon Jan 26 00:49:56.848103 2026] [php:error] [pid 62035] [client 20.42.209.0:0] script '/domains/magicjim/to.php' not found or unable to stat
[Mon Jan 26 00:49:56.875756 2026] [php:error] [pid 62037] [client 4.217.180.34:0] script '/domains/peterbmiller/xsas.php' not found or unable to stat
[Mon Jan 26 00:49:57.054754 2026] [php:error] [pid 62035] [client 20.42.209.0:0] script '/domains/magicjim/horeg.php' not found or unable to stat
[Mon Jan 26 00:49:57.057319 2026] [php:error] [pid 62037] [client 4.217.180.34:0] script '/domains/peterbmiller/asus.php' not found or unable to stat
[Mon Jan 26 00:49:57.238594 2026] [php:error] [pid 62037] [client 4.217.180.34:0] script '/domains/peterbmiller/wp-good.php' not found or unable to stat
[Mon Jan 26 00:49:57.264487 2026] [php:error] [pid 62035] [client 20.42.209.0:0] script '/domains/magicjim/wen.php' not found or unable to stat
[Mon Jan 26 00:49:57.419029 2026] [php:error] [pid 62037] [client 4.217.180.34:0] script '/domains/peterbmiller/0x.php' not found or unable to stat
[Mon Jan 26 00:49:57.468738 2026] [php:error] [pid 62035] [client 20.42.209.0:0] script '/domains/magicjim/menu.php' not found or unable to stat
[Mon Jan 26 00:49:57.599525 2026] [php:error] [pid 62037] [client 4.217.180.34:0] script '/domains/peterbmiller/domains.php' not found or unable to stat
[Mon Jan 26 00:49:57.673041 2026] [php:error] [pid 62035] [client 20.42.209.0:0] script '/domains/magicjim/sfudq.php' not found or unable to stat
[Mon Jan 26 00:49:57.780088 2026] [php:error] [pid 62037] [client 4.217.180.34:0] script '/domains/peterbmiller/wp-goods.php' not found or unable to stat
[Mon Jan 26 00:49:57.876858 2026] [php:error] [pid 62035] [client 20.42.209.0:0] script '/domains/magicjim/file2.php' not found or unable to stat
[Mon Jan 26 00:49:57.960923 2026] [php:error] [pid 62037] [client 4.217.180.34:0] script '/domains/peterbmiller/144.php' not found or unable to stat
[Mon Jan 26 00:49:58.081306 2026] [php:error] [pid 62035] [client 20.42.209.0:0] script '/domains/magicjim/wp-22.php' not found or unable to stat
[Mon Jan 26 00:49:58.141266 2026] [php:error] [pid 62037] [client 4.217.180.34:0] script '/domains/peterbmiller/akcc.php' not found or unable to stat
[Mon Jan 26 00:49:58.288908 2026] [php:error] [pid 62035] [client 20.42.209.0:0] script '/domains/magicjim/asx.php' not found or unable to stat
[Mon Jan 26 00:49:58.321834 2026] [php:error] [pid 62037] [client 4.217.180.34:0] script '/domains/peterbmiller/vanda.php' not found or unable to stat
[Mon Jan 26 00:49:58.493078 2026] [php:error] [pid 62035] [client 20.42.209.0:0] script '/domains/magicjim/xa.php' not found or unable to stat
[Mon Jan 26 00:49:58.502713 2026] [php:error] [pid 62037] [client 4.217.180.34:0] script '/domains/peterbmiller/lib.php' not found or unable to stat
[Mon Jan 26 00:49:58.683999 2026] [php:error] [pid 62037] [client 4.217.180.34:0] script '/domains/peterbmiller/zc-104.php' not found or unable to stat
[Mon Jan 26 00:49:58.700484 2026] [php:error] [pid 62035] [client 20.42.209.0:0] script '/domains/magicjim/dox.php' not found or unable to stat
[Mon Jan 26 00:49:58.868371 2026] [php:error] [pid 62037] [client 4.217.180.34:0] script '/domains/peterbmiller/zc-729.php' not found or unable to stat
[Mon Jan 26 00:49:58.905633 2026] [php:error] [pid 62035] [client 20.42.209.0:0] script '/domains/magicjim/size.php' not found or unable to stat
[Mon Jan 26 00:49:59.049041 2026] [php:error] [pid 62037] [client 4.217.180.34:0] script '/domains/peterbmiller/bo.php' not found or unable to stat
[Mon Jan 26 00:49:59.111707 2026] [php:error] [pid 62035] [client 20.42.209.0:0] script '/domains/magicjim/ng.php' not found or unable to stat
[Mon Jan 26 00:49:59.229680 2026] [php:error] [pid 62037] [client 4.217.180.34:0] script '/domains/peterbmiller/x.php' not found or unable to stat
[Mon Jan 26 00:49:59.315493 2026] [php:error] [pid 62035] [client 20.42.209.0:0] script '/domains/magicjim/a2.php' not found or unable to stat
[Mon Jan 26 00:49:59.410519 2026] [php:error] [pid 62037] [client 4.217.180.34:0] script '/domains/peterbmiller/adminfuns.php' not found or unable to stat
[Mon Jan 26 00:49:59.519808 2026] [php:error] [pid 62035] [client 20.42.209.0:0] script '/domains/magicjim/page.php' not found or unable to stat
[Mon Jan 26 00:49:59.591633 2026] [php:error] [pid 62037] [client 4.217.180.34:0] script '/domains/peterbmiller/56c53.php' not found or unable to stat
[Mon Jan 26 00:49:59.735944 2026] [php:error] [pid 62035] [client 20.42.209.0:0] script '/domains/magicjim/z60.php' not found or unable to stat
[Mon Jan 26 00:49:59.772762 2026] [php:error] [pid 62037] [client 4.217.180.34:0] script '/domains/peterbmiller/FII.php' not found or unable to stat
[Mon Jan 26 00:49:59.943110 2026] [php:error] [pid 62035] [client 20.42.209.0:0] script '/domains/magicjim/sf.php' not found or unable to stat
[Mon Jan 26 00:49:59.954079 2026] [php:error] [pid 62037] [client 4.217.180.34:0] script '/domains/peterbmiller/wp-ac.php' not found or unable to stat
[Mon Jan 26 00:50:00.135371 2026] [php:error] [pid 62037] [client 4.217.180.34:0] script '/domains/peterbmiller/atex1.php' not found or unable to stat
[Mon Jan 26 00:50:00.146742 2026] [php:error] [pid 62035] [client 20.42.209.0:0] script '/domains/magicjim/qual.php' not found or unable to stat
[Mon Jan 26 00:50:00.316289 2026] [php:error] [pid 62037] [client 4.217.180.34:0] script '/domains/peterbmiller/blox.php' not found or unable to stat
[Mon Jan 26 00:50:00.362640 2026] [php:error] [pid 62035] [client 20.42.209.0:0] script '/domains/magicjim/12.php' not found or unable to stat
[Mon Jan 26 00:50:00.497695 2026] [php:error] [pid 62037] [client 4.217.180.34:0] script '/domains/peterbmiller/wp-64wscx6shd.php' not found or unable to stat
[Mon Jan 26 00:50:00.566498 2026] [php:error] [pid 62035] [client 20.42.209.0:0] script '/domains/magicjim/s.php' not found or unable to stat
[Mon Jan 26 00:50:00.687750 2026] [php:error] [pid 62037] [client 4.217.180.34:0] script '/domains/peterbmiller/gecko.php' not found or unable to stat
[Mon Jan 26 00:50:00.770871 2026] [php:error] [pid 62035] [client 20.42.209.0:0] script '/domains/magicjim/cong.php' not found or unable to stat
[Mon Jan 26 00:50:00.868206 2026] [php:error] [pid 62037] [client 4.217.180.34:0] script '/domains/peterbmiller/sxx.php' not found or unable to stat
[Mon Jan 26 00:50:00.979775 2026] [php:error] [pid 62035] [client 20.42.209.0:0] script '/domains/magicjim/simple.php' not found or unable to stat
[Mon Jan 26 00:50:01.048995 2026] [php:error] [pid 62037] [client 4.217.180.34:0] script '/domains/peterbmiller/mode.php' not found or unable to stat
[Mon Jan 26 00:50:01.183910 2026] [php:error] [pid 62035] [client 20.42.209.0:0] script '/domains/magicjim/11.php' not found or unable to stat
[Mon Jan 26 00:50:01.232020 2026] [php:error] [pid 62037] [client 4.217.180.34:0] script '/domains/peterbmiller/z60.php' not found or unable to stat
[Mon Jan 26 00:50:01.413047 2026] [php:error] [pid 62037] [client 4.217.180.34:0] script '/domains/peterbmiller/hehe.php' not found or unable to stat
[Mon Jan 26 00:50:01.593525 2026] [php:error] [pid 62037] [client 4.217.180.34:0] script '/domains/peterbmiller/asd.php' not found or unable to stat
[Mon Jan 26 00:50:01.774141 2026] [php:error] [pid 62037] [client 4.217.180.34:0] script '/domains/peterbmiller/5b9ac.php' not found or unable to stat
[Mon Jan 26 00:50:01.796439 2026] [php:error] [pid 62035] [client 20.42.209.0:0] script '/domains/magicjim/upl.php' not found or unable to stat
[Mon Jan 26 00:50:01.956448 2026] [php:error] [pid 62037] [client 4.217.180.34:0] script '/domains/peterbmiller/k.php' not found or unable to stat
[Mon Jan 26 00:50:02.000629 2026] [php:error] [pid 62035] [client 20.42.209.0:0] script '/domains/magicjim/past.php' not found or unable to stat
[Mon Jan 26 00:50:02.138175 2026] [php:error] [pid 62037] [client 4.217.180.34:0] script '/domains/peterbmiller/edit.php' not found or unable to stat
[Mon Jan 26 00:50:02.204547 2026] [php:error] [pid 62035] [client 20.42.209.0:0] script '/domains/magicjim/revision.php' not found or unable to stat
[Mon Jan 26 00:50:02.319883 2026] [php:error] [pid 62037] [client 4.217.180.34:0] script '/domains/peterbmiller/t.php' not found or unable to stat
[Mon Jan 26 00:50:02.500767 2026] [php:error] [pid 62037] [client 4.217.180.34:0] script '/domains/peterbmiller/lm15.php' not found or unable to stat
[Mon Jan 26 00:50:02.612569 2026] [php:error] [pid 62035] [client 20.42.209.0:0] script '/domains/magicjim/test1.php' not found or unable to stat
[Mon Jan 26 00:50:02.684214 2026] [php:error] [pid 62037] [client 4.217.180.34:0] script '/domains/peterbmiller/6kDPjgFTmvS.php' not found or unable to stat
[Mon Jan 26 00:50:02.816302 2026] [php:error] [pid 62035] [client 20.42.209.0:0] script '/domains/magicjim/massby2.php' not found or unable to stat
[Mon Jan 26 00:50:02.864650 2026] [php:error] [pid 62037] [client 4.217.180.34:0] script '/domains/peterbmiller/222.php' not found or unable to stat
[Mon Jan 26 00:50:03.021369 2026] [php:error] [pid 62035] [client 20.42.209.0:0] script '/domains/magicjim/doc.php' not found or unable to stat
[Mon Jan 26 00:50:03.045316 2026] [php:error] [pid 62037] [client 4.217.180.34:0] script '/domains/peterbmiller/admin836.php' not found or unable to stat
[Mon Jan 26 00:50:03.225299 2026] [php:error] [pid 62035] [client 20.42.209.0:0] script '/domains/magicjim/abc.php' not found or unable to stat
[Mon Jan 26 00:50:03.226901 2026] [php:error] [pid 62037] [client 4.217.180.34:0] script '/domains/peterbmiller/sx.php' not found or unable to stat
[Mon Jan 26 00:50:03.407841 2026] [php:error] [pid 62037] [client 4.217.180.34:0] script '/domains/peterbmiller/lufix.php' not found or unable to stat
[Mon Jan 26 00:50:03.429774 2026] [php:error] [pid 62035] [client 20.42.209.0:0] script '/domains/magicjim/m.php' not found or unable to stat
[Mon Jan 26 00:50:04.051261 2026] [php:error] [pid 62038] [client 20.42.209.0:0] script '/domains/magicjim/error.php' not found or unable to stat
[Mon Jan 26 00:50:04.269291 2026] [php:error] [pid 62038] [client 20.42.209.0:0] script '/domains/magicjim/ma.php' not found or unable to stat
[Mon Jan 26 00:50:04.480871 2026] [php:error] [pid 62038] [client 20.42.209.0:0] script '/domains/magicjim/mh.php' not found or unable to stat
[Mon Jan 26 00:50:04.682784 2026] [php:error] [pid 62038] [client 20.42.209.0:0] script '/domains/magicjim/dropdown.php' not found or unable to stat
[Mon Jan 26 00:50:04.884731 2026] [php:error] [pid 62038] [client 20.42.209.0:0] script '/domains/magicjim/wp-configs.php' not found or unable to stat
[Mon Jan 26 00:50:05.087368 2026] [php:error] [pid 62038] [client 20.42.209.0:0] script '/domains/magicjim/item.php' not found or unable to stat
[Mon Jan 26 00:50:05.295423 2026] [php:error] [pid 62038] [client 20.42.209.0:0] script '/domains/magicjim/ws46.php' not found or unable to stat
[Mon Jan 26 00:50:05.514462 2026] [php:error] [pid 62038] [client 20.42.209.0:0] script '/domains/magicjim/mini.php' not found or unable to stat
[Mon Jan 26 00:50:05.717200 2026] [php:error] [pid 62038] [client 20.42.209.0:0] script '/domains/magicjim/gecko.php' not found or unable to stat
[Mon Jan 26 00:50:05.927069 2026] [php:error] [pid 62038] [client 20.42.209.0:0] script '/domains/magicjim/x.php' not found or unable to stat
[Mon Jan 26 00:50:06.140332 2026] [php:error] [pid 62038] [client 20.42.209.0:0] script '/domains/magicjim/lala.php' not found or unable to stat
[Mon Jan 26 00:50:06.804038 2026] [php:error] [pid 62032] [client 87.121.84.125:0] script '/domains/piltdweb1/wp-content.php' not found or unable to stat
[Mon Jan 26 00:51:16.231804 2026] [php:error] [pid 62043] [client 167.71.52.39:0] script '/domains/hdickens.enteract/wp-login.php' not found or unable to stat
[Mon Jan 26 00:51:34.228737 2026] [php:error] [pid 62043] [client 113.52.133.204:0] script '/domains/wsmith.enteract/tempp3.php' not found or unable to stat
[Mon Jan 26 00:54:13.603257 2026] [php:error] [pid 62053] [client 145.239.10.137:0] script '/domains/nlyfoods/dddd.php' not found or unable to stat, referer: http://nealeyfoods.com/dddd.php
[Mon Jan 26 00:54:27.550850 2026] [php:error] [pid 62065] [client 207.154.227.19:0] script '/domains/ltemple/wp-login.php' not found or unable to stat
[Mon Jan 26 00:54:54.636393 2026] [php:error] [pid 62077] [client 39.106.67.230:0] script '/domains/smartny/indexback8.php' not found or unable to stat
[Mon Jan 26 00:55:00.768120 2026] [php:error] [pid 62066] [client 89.187.162.178:0] script '/domains/awciii/wp-login.php' not found or unable to stat
[Mon Jan 26 00:55:09.584746 2026] [php:error] [pid 62053] [client 181.215.65.183:0] script '/domains/ltemple/simple.php' not found or unable to stat
[Mon Jan 26 00:55:09.647423 2026] [php:error] [pid 62053] [client 181.215.65.183:0] script '/domains/ltemple/inputs.php' not found or unable to stat
[Mon Jan 26 00:55:09.727762 2026] [php:error] [pid 62053] [client 181.215.65.183:0] script '/domains/ltemple/autoload_classmap.php' not found or unable to stat
[Mon Jan 26 00:55:09.815459 2026] [php:error] [pid 62053] [client 181.215.65.183:0] script '/domains/ltemple/file2.php' not found or unable to stat
[Mon Jan 26 00:55:09.904920 2026] [php:error] [pid 62053] [client 181.215.65.183:0] script '/domains/ltemple/file.php' not found or unable to stat
[Mon Jan 26 00:55:09.998765 2026] [php:error] [pid 62053] [client 181.215.65.183:0] script '/domains/ltemple/chosen.php' not found or unable to stat
[Mon Jan 26 00:55:10.047375 2026] [php:error] [pid 62053] [client 181.215.65.183:0] script '/domains/ltemple/item.php' not found or unable to stat
[Mon Jan 26 00:55:10.194339 2026] [php:error] [pid 62053] [client 181.215.65.183:0] script '/domains/ltemple/zwso.php' not found or unable to stat
[Mon Jan 26 00:55:10.233063 2026] [php:error] [pid 62053] [client 181.215.65.183:0] script '/domains/ltemple/wp-conflg.php' not found or unable to stat
[Mon Jan 26 00:55:10.665165 2026] [php:error] [pid 62053] [client 181.215.65.183:0] script '/domains/ltemple/cong.php' not found or unable to stat
[Mon Jan 26 00:55:10.757599 2026] [php:error] [pid 62053] [client 181.215.65.183:0] script '/domains/ltemple/dropdown.php' not found or unable to stat
[Mon Jan 26 00:55:10.922769 2026] [php:error] [pid 62053] [client 181.215.65.183:0] script '/domains/ltemple/repeater.php' not found or unable to stat
[Mon Jan 26 00:55:10.964646 2026] [php:error] [pid 62053] [client 181.215.65.183:0] script '/domains/ltemple/wp-2019.php' not found or unable to stat
[Mon Jan 26 00:55:11.003110 2026] [php:error] [pid 62053] [client 181.215.65.183:0] script '/domains/ltemple/atomlib.php' not found or unable to stat
[Mon Jan 26 00:55:11.041294 2026] [php:error] [pid 62053] [client 181.215.65.183:0] script '/domains/ltemple/css.php' not found or unable to stat
[Mon Jan 26 00:55:11.075748 2026] [php:error] [pid 62053] [client 181.215.65.183:0] script '/domains/ltemple/log.php' not found or unable to stat
[Mon Jan 26 00:55:11.116455 2026] [php:error] [pid 62053] [client 181.215.65.183:0] script '/domains/ltemple/mail.php' not found or unable to stat
[Mon Jan 26 00:55:11.160185 2026] [php:error] [pid 62053] [client 181.215.65.183:0] script '/domains/ltemple/lufix.php' not found or unable to stat
[Mon Jan 26 00:55:11.202916 2026] [php:error] [pid 62053] [client 181.215.65.183:0] script '/domains/ltemple/doc.php' not found or unable to stat
[Mon Jan 26 00:55:11.243336 2026] [php:error] [pid 62053] [client 181.215.65.183:0] script '/domains/ltemple/bak.php' not found or unable to stat
[Mon Jan 26 00:55:11.302507 2026] [php:error] [pid 62053] [client 181.215.65.183:0] script '/domains/ltemple/content.php' not found or unable to stat
[Mon Jan 26 00:55:11.350984 2026] [php:error] [pid 62053] [client 181.215.65.183:0] script '/domains/ltemple/upfile.php' not found or unable to stat
[Mon Jan 26 00:55:11.390485 2026] [php:error] [pid 62053] [client 181.215.65.183:0] script '/domains/ltemple/wp.php' not found or unable to stat
[Mon Jan 26 00:55:11.419140 2026] [php:error] [pid 62053] [client 181.215.65.183:0] script '/domains/ltemple/bypass.php' not found or unable to stat
[Mon Jan 26 00:55:11.452042 2026] [php:error] [pid 62053] [client 181.215.65.183:0] script '/domains/ltemple/wp-activate.php' not found or unable to stat
[Mon Jan 26 00:55:11.494516 2026] [php:error] [pid 62053] [client 181.215.65.183:0] script '/domains/ltemple/updates.php' not found or unable to stat
[Mon Jan 26 00:55:11.540874 2026] [php:error] [pid 62053] [client 181.215.65.183:0] script '/domains/ltemple/radio.php' not found or unable to stat
[Mon Jan 26 00:55:11.587052 2026] [php:error] [pid 62053] [client 181.215.65.183:0] script '/domains/ltemple/plugins.php' not found or unable to stat
[Mon Jan 26 00:55:11.631586 2026] [php:error] [pid 62053] [client 181.215.65.183:0] script '/domains/ltemple/xmrlpc.php' not found or unable to stat
[Mon Jan 26 00:55:11.661376 2026] [php:error] [pid 62053] [client 181.215.65.183:0] script '/domains/ltemple/ae.php' not found or unable to stat
[Mon Jan 26 00:55:11.701772 2026] [php:error] [pid 62053] [client 181.215.65.183:0] script '/domains/ltemple/moon.php' not found or unable to stat
[Mon Jan 26 00:55:11.750744 2026] [php:error] [pid 62053] [client 181.215.65.183:0] script '/domains/ltemple/blog.php' not found or unable to stat
[Mon Jan 26 00:55:12.071239 2026] [php:error] [pid 62053] [client 181.215.65.183:0] script '/domains/ltemple/themes.php' not found or unable to stat
[Mon Jan 26 00:55:12.109289 2026] [php:error] [pid 62053] [client 181.215.65.183:0] script '/domains/ltemple/ini.php' not found or unable to stat
[Mon Jan 26 00:55:12.145824 2026] [php:error] [pid 62053] [client 181.215.65.183:0] script '/domains/ltemple/as.php' not found or unable to stat
[Mon Jan 26 00:55:12.186782 2026] [php:error] [pid 62053] [client 181.215.65.183:0] script '/domains/ltemple/shell.php' not found or unable to stat
[Mon Jan 26 00:55:12.230027 2026] [php:error] [pid 62053] [client 181.215.65.183:0] script '/domains/ltemple/ws.php' not found or unable to stat
[Mon Jan 26 00:55:12.278011 2026] [php:error] [pid 62053] [client 181.215.65.183:0] script '/domains/ltemple/makeasmtp.php' not found or unable to stat
[Mon Jan 26 00:55:12.323918 2026] [php:error] [pid 62053] [client 181.215.65.183:0] script '/domains/ltemple/wp-sigunq.php' not found or unable to stat
[Mon Jan 26 00:55:12.366033 2026] [php:error] [pid 62053] [client 181.215.65.183:0] script '/domains/ltemple/wso112233.php' not found or unable to stat
[Mon Jan 26 00:55:12.477119 2026] [php:error] [pid 62053] [client 181.215.65.183:0] script '/domains/ltemple/wp-atom.php' not found or unable to stat
[Mon Jan 26 00:55:12.519242 2026] [php:error] [pid 62053] [client 181.215.65.183:0] script '/domains/ltemple/alfanew.php' not found or unable to stat
[Mon Jan 26 00:55:12.552621 2026] [php:error] [pid 62053] [client 181.215.65.183:0] script '/domains/ltemple/fw.php' not found or unable to stat
[Mon Jan 26 00:55:12.581952 2026] [php:error] [pid 62053] [client 181.215.65.183:0] script '/domains/ltemple/install.php' not found or unable to stat
[Mon Jan 26 00:55:12.613892 2026] [php:error] [pid 62053] [client 181.215.65.183:0] script '/domains/ltemple/wp-login.php' not found or unable to stat
[Mon Jan 26 00:55:12.700184 2026] [php:error] [pid 62053] [client 181.215.65.183:0] script '/domains/ltemple/XxX.php' not found or unable to stat
[Mon Jan 26 00:55:12.796802 2026] [php:error] [pid 62053] [client 181.215.65.183:0] script '/domains/ltemple/Marvins.php' not found or unable to stat
[Mon Jan 26 00:55:12.882375 2026] [php:error] [pid 62053] [client 181.215.65.183:0] script '/domains/ltemple/olux.php' not found or unable to stat
[Mon Jan 26 00:55:12.933629 2026] [php:error] [pid 62053] [client 181.215.65.183:0] script '/domains/ltemple/wso.php' not found or unable to stat
[Mon Jan 26 00:55:13.028784 2026] [php:error] [pid 62053] [client 181.215.65.183:0] script '/domains/ltemple/uploader.php' not found or unable to stat
[Mon Jan 26 00:55:13.066436 2026] [php:error] [pid 62053] [client 181.215.65.183:0] script '/domains/ltemple/1337.php' not found or unable to stat
[Mon Jan 26 00:55:13.113463 2026] [php:error] [pid 62053] [client 181.215.65.183:0] script '/domains/ltemple/user.php' not found or unable to stat
[Mon Jan 26 00:55:13.138236 2026] [php:error] [pid 62053] [client 181.215.65.183:0] script '/domains/ltemple/wp-info.php' not found or unable to stat
[Mon Jan 26 00:55:13.174159 2026] [php:error] [pid 62053] [client 181.215.65.183:0] script '/domains/ltemple/wxo.php' not found or unable to stat
[Mon Jan 26 00:55:13.199203 2026] [php:error] [pid 62053] [client 181.215.65.183:0] script '/domains/ltemple/amigo.php' not found or unable to stat
[Mon Jan 26 00:55:13.240112 2026] [php:error] [pid 62053] [client 181.215.65.183:0] script '/domains/ltemple/yoi.php' not found or unable to stat
[Mon Jan 26 00:55:13.390521 2026] [php:error] [pid 62053] [client 181.215.65.183:0] script '/domains/ltemple/wp-contentt.php' not found or unable to stat
[Mon Jan 26 00:55:13.440079 2026] [php:error] [pid 62053] [client 181.215.65.183:0] script '/domains/ltemple/we1y8.php' not found or unable to stat
[Mon Jan 26 00:55:13.640128 2026] [php:error] [pid 62053] [client 181.215.65.183:0] script '/domains/ltemple/hehe.php' not found or unable to stat
[Mon Jan 26 00:55:13.675742 2026] [php:error] [pid 62053] [client 181.215.65.183:0] script '/domains/ltemple/post-data.php' not found or unable to stat
[Mon Jan 26 00:55:13.697963 2026] [php:error] [pid 62053] [client 181.215.65.183:0] script '/domains/ltemple/w0.php' not found or unable to stat
[Mon Jan 26 00:55:13.737878 2026] [php:error] [pid 62053] [client 181.215.65.183:0] script '/domains/ltemple/old-index.php' not found or unable to stat
[Mon Jan 26 00:55:13.793848 2026] [php:error] [pid 62053] [client 181.215.65.183:0] script '/domains/ltemple/wsanon.php' not found or unable to stat
[Mon Jan 26 00:55:13.928360 2026] [php:error] [pid 62053] [client 181.215.65.183:0] script '/domains/ltemple/indo.php' not found or unable to stat
[Mon Jan 26 00:55:13.972948 2026] [php:error] [pid 62053] [client 181.215.65.183:0] script '/domains/ltemple/beence.php' not found or unable to stat
[Mon Jan 26 00:55:14.014532 2026] [php:error] [pid 62053] [client 181.215.65.183:0] script '/domains/ltemple/indosec.php' not found or unable to stat
[Mon Jan 26 00:55:14.058993 2026] [php:error] [pid 62053] [client 181.215.65.183:0] script '/domains/ltemple/archives.php' not found or unable to stat
[Mon Jan 26 00:55:14.115672 2026] [php:error] [pid 62053] [client 181.215.65.183:0] script '/domains/ltemple/po8sa.php' not found or unable to stat
[Mon Jan 26 00:55:14.165123 2026] [php:error] [pid 62053] [client 181.215.65.183:0] script '/domains/ltemple/thesmartestx.php' not found or unable to stat
[Mon Jan 26 00:55:14.210569 2026] [php:error] [pid 62053] [client 181.215.65.183:0] script '/domains/ltemple/zcanp.php' not found or unable to stat
[Mon Jan 26 00:55:14.334211 2026] [php:error] [pid 62092] [client 104.234.32.222:0] script '/domains/ltemple/pvt.php' not found or unable to stat
[Mon Jan 26 00:55:14.381292 2026] [php:error] [pid 62092] [client 104.234.32.222:0] script '/domains/ltemple/shell20211028.php' not found or unable to stat
[Mon Jan 26 00:55:14.484360 2026] [php:error] [pid 62092] [client 104.234.32.222:0] script '/domains/ltemple/crypted.php' not found or unable to stat
[Mon Jan 26 00:55:14.527306 2026] [php:error] [pid 62092] [client 104.234.32.222:0] script '/domains/ltemple/h0110w4y.php' not found or unable to stat
[Mon Jan 26 00:55:14.570928 2026] [php:error] [pid 62092] [client 104.234.32.222:0] script '/domains/ltemple/vesiw.php' not found or unable to stat
[Mon Jan 26 00:55:14.612913 2026] [php:error] [pid 62092] [client 104.234.32.222:0] script '/domains/ltemple/w.php' not found or unable to stat
[Mon Jan 26 00:55:14.655749 2026] [php:error] [pid 62092] [client 104.234.32.222:0] script '/domains/ltemple/wp-db.php' not found or unable to stat
[Mon Jan 26 00:55:14.863257 2026] [php:error] [pid 62092] [client 104.234.32.222:0] script '/domains/ltemple/lx.php' not found or unable to stat
[Mon Jan 26 00:55:14.898520 2026] [php:error] [pid 62092] [client 104.234.32.222:0] script '/domains/ltemple/tonant.php' not found or unable to stat
[Mon Jan 26 00:55:14.944228 2026] [php:error] [pid 62092] [client 104.234.32.222:0] script '/domains/ltemple/f0x.php' not found or unable to stat
[Mon Jan 26 00:55:14.995076 2026] [php:error] [pid 62092] [client 104.234.32.222:0] script '/domains/ltemple/config.bak.php' not found or unable to stat
[Mon Jan 26 00:55:15.041336 2026] [php:error] [pid 62092] [client 104.234.32.222:0] script '/domains/ltemple/bypass403.php' not found or unable to stat
[Mon Jan 26 00:55:15.083153 2026] [php:error] [pid 62092] [client 104.234.32.222:0] script '/domains/ltemple/adminer.php' not found or unable to stat
[Mon Jan 26 00:55:15.132375 2026] [php:error] [pid 62092] [client 104.234.32.222:0] script '/domains/ltemple/allahnaber.php' not found or unable to stat
[Mon Jan 26 00:55:15.186370 2026] [php:error] [pid 62092] [client 104.234.32.222:0] script '/domains/ltemple/AK-74.php' not found or unable to stat
[Mon Jan 26 00:55:15.231048 2026] [php:error] [pid 62092] [client 104.234.32.222:0] script '/domains/ltemple/alfa3.php' not found or unable to stat
[Mon Jan 26 00:55:15.297538 2026] [php:error] [pid 62092] [client 104.234.32.222:0] script '/domains/ltemple/alfaindex.php' not found or unable to stat
[Mon Jan 26 00:55:15.343940 2026] [php:error] [pid 62092] [client 104.234.32.222:0] script '/domains/ltemple/alfa.php' not found or unable to stat
[Mon Jan 26 00:55:15.386892 2026] [php:error] [pid 62092] [client 104.234.32.222:0] script '/domains/ltemple/c99.php' not found or unable to stat
[Mon Jan 26 00:55:15.506619 2026] [php:error] [pid 62092] [client 104.234.32.222:0] script '/domains/ltemple/cmd.php' not found or unable to stat
[Mon Jan 26 00:55:15.547577 2026] [php:error] [pid 62092] [client 104.234.32.222:0] script '/domains/ltemple/cw.php' not found or unable to stat
[Mon Jan 26 00:55:15.581338 2026] [php:error] [pid 62092] [client 104.234.32.222:0] script '/domains/ltemple/date.php' not found or unable to stat
[Mon Jan 26 00:55:15.622491 2026] [php:error] [pid 62092] [client 104.234.32.222:0] script '/domains/ltemple/haxor.php' not found or unable to stat
[Mon Jan 26 00:55:15.661440 2026] [php:error] [pid 62092] [client 104.234.32.222:0] script '/domains/ltemple/icomsium.php' not found or unable to stat
[Mon Jan 26 00:55:15.715384 2026] [php:error] [pid 62092] [client 104.234.32.222:0] script '/domains/ltemple/ico.php' not found or unable to stat
[Mon Jan 26 00:55:15.786588 2026] [php:error] [pid 62092] [client 104.234.32.222:0] script '/domains/ltemple/leaf.php' not found or unable to stat
[Mon Jan 26 00:55:15.850443 2026] [php:error] [pid 62092] [client 104.234.32.222:0] script '/domains/ltemple/marijuana.php' not found or unable to stat
[Mon Jan 26 00:55:15.902351 2026] [php:error] [pid 62092] [client 104.234.32.222:0] script '/domains/ltemple/mass.php' not found or unable to stat
[Mon Jan 26 00:55:15.944609 2026] [php:error] [pid 62092] [client 104.234.32.222:0] script '/domains/ltemple/mini.php' not found or unable to stat
[Mon Jan 26 00:55:15.988220 2026] [php:error] [pid 62092] [client 104.234.32.222:0] script '/domains/ltemple/priv8.php' not found or unable to stat
[Mon Jan 26 00:55:16.021621 2026] [php:error] [pid 62092] [client 104.234.32.222:0] script '/domains/ltemple/pws.php' not found or unable to stat
[Mon Jan 26 00:55:16.062562 2026] [php:error] [pid 62092] [client 104.234.32.222:0] script '/domains/ltemple/r57.php' not found or unable to stat
[Mon Jan 26 00:55:16.098051 2026] [php:error] [pid 62092] [client 104.234.32.222:0] script '/domains/ltemple/robots.php' not found or unable to stat
[Mon Jan 26 00:55:16.138334 2026] [php:error] [pid 62092] [client 104.234.32.222:0] script '/domains/ltemple/snd.php' not found or unable to stat
[Mon Jan 26 00:55:16.189794 2026] [php:error] [pid 62092] [client 104.234.32.222:0] script '/domains/ltemple/wp-class.php' not found or unable to stat
[Mon Jan 26 00:55:16.245309 2026] [php:error] [pid 62092] [client 104.234.32.222:0] script '/domains/ltemple/new-index.php' not found or unable to stat
[Mon Jan 26 00:55:17.413955 2026] [php:error] [pid 62092] [client 104.234.32.222:0] script '/domains/ltemple/class-wp-widget-archives.php' not found or unable to stat
[Mon Jan 26 00:55:17.869614 2026] [php:error] [pid 62092] [client 104.234.32.222:0] script '/domains/ltemple/xleet-shell.php' not found or unable to stat
[Mon Jan 26 00:55:17.927292 2026] [php:error] [pid 62092] [client 104.234.32.222:0] script '/domains/ltemple/xleet.php' not found or unable to stat
[Mon Jan 26 00:55:17.991148 2026] [php:error] [pid 62092] [client 104.234.32.222:0] script '/domains/ltemple/xleetshell.php' not found or unable to stat
[Mon Jan 26 00:55:18.152814 2026] [php:error] [pid 62092] [client 104.234.32.222:0] script '/domains/ltemple/xlt.php' not found or unable to stat
[Mon Jan 26 00:55:18.504128 2026] [php:error] [pid 62092] [client 104.234.32.222:0] script '/domains/ltemple/wp-apxupx.php' not found or unable to stat
[Mon Jan 26 00:55:18.561568 2026] [php:error] [pid 62092] [client 104.234.32.222:0] script '/domains/ltemple/nf_tracking.php' not found or unable to stat
[Mon Jan 26 00:55:18.618502 2026] [php:error] [pid 62092] [client 104.234.32.222:0] script '/domains/ltemple/class.api.php' not found or unable to stat
[Mon Jan 26 00:55:18.678600 2026] [php:error] [pid 62092] [client 104.234.32.222:0] script '/domains/ltemple/xl2023.php' not found or unable to stat
[Mon Jan 26 00:55:18.735678 2026] [php:error] [pid 62092] [client 104.234.32.222:0] script '/domains/ltemple/wp-head.php' not found or unable to stat
[Mon Jan 26 00:55:18.786566 2026] [php:error] [pid 62092] [client 104.234.32.222:0] script '/domains/ltemple/wp-pano.php' not found or unable to stat
[Mon Jan 26 00:55:18.959033 2026] [php:error] [pid 62092] [client 104.234.32.222:0] script '/domains/ltemple/xmlrpc.php' not found or unable to stat
[Mon Jan 26 00:55:19.018010 2026] [php:error] [pid 62092] [client 104.234.32.222:0] script '/domains/ltemple/wp-admin.php' not found or unable to stat
[Mon Jan 26 00:55:19.263874 2026] [php:error] [pid 62092] [client 104.234.32.222:0] script '/domains/ltemple/WSOEnigma.php' not found or unable to stat
[Mon Jan 26 00:55:19.509756 2026] [php:error] [pid 62092] [client 104.234.32.222:0] script '/domains/ltemple/mah.php' not found or unable to stat
[Mon Jan 26 00:55:19.702012 2026] [php:error] [pid 62072] [client 104.234.32.233:0] script '/domains/ltemple/test.php' not found or unable to stat
[Mon Jan 26 00:55:19.787338 2026] [php:error] [pid 62072] [client 104.234.32.233:0] script '/domains/ltemple/gebase.php' not found or unable to stat
[Mon Jan 26 00:55:19.839885 2026] [php:error] [pid 62072] [client 104.234.32.233:0] script '/domains/ltemple/defaults.php' not found or unable to stat
[Mon Jan 26 00:55:19.895774 2026] [php:error] [pid 62072] [client 104.234.32.233:0] script '/domains/ltemple/asasx.php' not found or unable to stat
[Mon Jan 26 00:55:20.164283 2026] [php:error] [pid 62072] [client 104.234.32.233:0] script '/domains/ltemple/contact.php' not found or unable to stat
[Mon Jan 26 00:55:20.209984 2026] [php:error] [pid 62072] [client 104.234.32.233:0] script '/domains/ltemple/classwithtostring.php' not found or unable to stat
[Mon Jan 26 00:55:20.242414 2026] [php:error] [pid 62072] [client 104.234.32.233:0] script '/domains/ltemple/mah.php' not found or unable to stat
[Mon Jan 26 00:55:20.291452 2026] [php:error] [pid 62072] [client 104.234.32.233:0] script '/domains/ltemple/wp-add.php' not found or unable to stat
[Mon Jan 26 00:55:20.515700 2026] [php:error] [pid 62072] [client 104.234.32.233:0] script '/domains/ltemple/403.php' not found or unable to stat
[Mon Jan 26 00:55:20.872851 2026] [php:error] [pid 62072] [client 104.234.32.233:0] script '/domains/ltemple/text.php' not found or unable to stat
[Mon Jan 26 00:55:20.902325 2026] [php:error] [pid 62072] [client 104.234.32.233:0] script '/domains/ltemple/xc.php' not found or unable to stat
[Mon Jan 26 00:55:21.371484 2026] [php:error] [pid 62072] [client 104.234.32.233:0] script '/domains/ltemple/go.php' not found or unable to stat
[Mon Jan 26 00:55:21.499579 2026] [php:error] [pid 62072] [client 104.234.32.233:0] script '/domains/ltemple/byp.php' not found or unable to stat
[Mon Jan 26 00:55:21.840101 2026] [php:error] [pid 62072] [client 104.234.32.233:0] script '/domains/ltemple/click.php' not found or unable to stat
[Mon Jan 26 00:55:22.024817 2026] [php:error] [pid 62072] [client 104.234.32.233:0] script '/domains/ltemple/baxa1.php' not found or unable to stat
[Mon Jan 26 00:55:22.107839 2026] [php:error] [pid 62072] [client 104.234.32.233:0] script '/domains/ltemple/in.php' not found or unable to stat
[Mon Jan 26 00:55:22.177159 2026] [php:error] [pid 62072] [client 104.234.32.233:0] script '/domains/ltemple/geju.php' not found or unable to stat
[Mon Jan 26 00:55:22.480887 2026] [php:error] [pid 62072] [client 104.234.32.233:0] script '/domains/ltemple/wp-signup.php' not found or unable to stat
[Mon Jan 26 00:55:22.517158 2026] [php:error] [pid 62072] [client 104.234.32.233:0] script '/domains/ltemple/elp.php' not found or unable to stat
[Mon Jan 26 00:55:22.652662 2026] [php:error] [pid 62072] [client 104.234.32.233:0] script '/domains/ltemple/chosen-667.php' not found or unable to stat
[Mon Jan 26 00:55:22.705433 2026] [php:error] [pid 62072] [client 104.234.32.233:0] script '/domains/ltemple/network.php' not found or unable to stat
[Mon Jan 26 00:55:22.885782 2026] [php:error] [pid 62087] [client 181.215.65.185:0] script '/domains/ltemple/wp-mail.php' not found or unable to stat
[Mon Jan 26 00:55:22.973571 2026] [php:error] [pid 62087] [client 181.215.65.185:0] script '/domains/ltemple/yanz.php' not found or unable to stat
[Mon Jan 26 00:55:23.993961 2026] [php:error] [pid 62095] [client 104.234.32.221:0] script '/domains/ltemple/tiny.php' not found or unable to stat
[Mon Jan 26 00:55:24.045163 2026] [php:error] [pid 62095] [client 104.234.32.221:0] script '/domains/ltemple/edit.php' not found or unable to stat
[Mon Jan 26 00:55:24.083738 2026] [php:error] [pid 62095] [client 104.234.32.221:0] script '/domains/ltemple/first.php' not found or unable to stat
[Mon Jan 26 00:55:24.528015 2026] [php:error] [pid 62095] [client 104.234.32.221:0] script '/domains/ltemple/bs1.php' not found or unable to stat
[Mon Jan 26 00:55:24.956326 2026] [php:error] [pid 62095] [client 104.234.32.221:0] script '/domains/ltemple/cron.php' not found or unable to stat
[Mon Jan 26 00:55:25.051552 2026] [php:error] [pid 62095] [client 104.234.32.221:0] script '/domains/ltemple/db.php' not found or unable to stat
[Mon Jan 26 00:55:25.102636 2026] [php:error] [pid 62095] [client 104.234.32.221:0] script '/domains/ltemple/fm.php' not found or unable to stat
[Mon Jan 26 00:55:25.266654 2026] [php:error] [pid 62095] [client 104.234.32.221:0] script '/domains/ltemple/a.php' not found or unable to stat
[Mon Jan 26 00:55:25.416684 2026] [php:error] [pid 62095] [client 104.234.32.221:0] script '/domains/ltemple/chosen.php' not found or unable to stat
[Mon Jan 26 00:55:25.524980 2026] [php:error] [pid 62095] [client 104.234.32.221:0] script '/domains/ltemple/back.php' not found or unable to stat
[Mon Jan 26 00:55:25.842495 2026] [php:error] [pid 62095] [client 104.234.32.221:0] script '/domains/ltemple/new.php' not found or unable to stat
[Mon Jan 26 00:55:26.111033 2026] [php:error] [pid 62095] [client 104.234.32.221:0] script '/domains/ltemple/phpfm3.php' not found or unable to stat
[Mon Jan 26 00:55:26.366709 2026] [php:error] [pid 62095] [client 104.234.32.221:0] script '/domains/ltemple/post.php' not found or unable to stat
[Mon Jan 26 00:55:26.825509 2026] [php:error] [pid 62095] [client 104.234.32.221:0] script '/domains/ltemple/randkeyword.php' not found or unable to stat
[Mon Jan 26 00:55:26.973502 2026] [php:error] [pid 62095] [client 104.234.32.221:0] script '/domains/ltemple/xxx.php' not found or unable to stat
[Mon Jan 26 00:55:27.156260 2026] [php:error] [pid 62095] [client 104.234.32.221:0] script '/domains/ltemple/lv.php' not found or unable to stat
[Mon Jan 26 00:55:27.202261 2026] [php:error] [pid 62095] [client 104.234.32.221:0] script '/domains/ltemple/zip.php' not found or unable to stat
[Mon Jan 26 00:55:27.777460 2026] [php:error] [pid 62095] [client 104.234.32.221:0] script '/domains/ltemple/wp-cron.php' not found or unable to stat
[Mon Jan 26 00:55:27.917122 2026] [php:error] [pid 62095] [client 104.234.32.221:0] script '/domains/ltemple/jp.php' not found or unable to stat
[Mon Jan 26 00:55:27.974857 2026] [php:error] [pid 62095] [client 104.234.32.221:0] script '/domains/ltemple/rcc.php' not found or unable to stat
[Mon Jan 26 00:55:28.094559 2026] [php:error] [pid 62095] [client 104.234.32.221:0] script '/domains/ltemple/class.api.php' not found or unable to stat
[Mon Jan 26 00:55:28.139046 2026] [php:error] [pid 62095] [client 104.234.32.221:0] script '/domains/ltemple/layout.php' not found or unable to stat
[Mon Jan 26 00:55:28.241490 2026] [php:error] [pid 62095] [client 104.234.32.221:0] script '/domains/ltemple/history.php' not found or unable to stat
[Mon Jan 26 00:55:28.469738 2026] [php:error] [pid 62095] [client 104.234.32.221:0] script '/domains/ltemple/images/about.php' not found or unable to stat
[Mon Jan 26 00:55:28.678495 2026] [php:error] [pid 62095] [client 104.234.32.221:0] script '/domains/ltemple/about.php' not found or unable to stat
[Mon Jan 26 00:55:28.783739 2026] [php:error] [pid 62095] [client 104.234.32.221:0] script '/domains/ltemple/cong.php' not found or unable to stat
[Mon Jan 26 00:55:29.002770 2026] [php:error] [pid 62095] [client 104.234.32.221:0] script '/domains/ltemple/wp-links.php' not found or unable to stat
