[Mon Jan 26 01:20:59.994247 2026] [php:error] [pid 67977] [client 185.177.72.38:0] script '/domains/markrose/p.php' not found or unable to stat
[Mon Jan 26 01:21:00.098579 2026] [php:error] [pid 67964] [client 185.177.72.38:0] script '/domains/markrose/p.php' not found or unable to stat
[Mon Jan 26 01:21:01.000092 2026] [php:error] [pid 67977] [client 185.177.72.38:0] script '/domains/markrose/php.php' not found or unable to stat
[Mon Jan 26 01:21:01.083574 2026] [php:error] [pid 67977] [client 185.177.72.38:0] script '/domains/markrose/php1.php' not found or unable to stat
[Mon Jan 26 01:21:01.135944 2026] [php:error] [pid 67964] [client 185.177.72.38:0] script '/domains/markrose/php.php' not found or unable to stat
[Mon Jan 26 01:21:01.222239 2026] [php:error] [pid 67964] [client 185.177.72.38:0] script '/domains/markrose/php1.php' not found or unable to stat
[Mon Jan 26 01:21:01.251066 2026] [php:error] [pid 67977] [client 185.177.72.38:0] script '/domains/markrose/php_info.php' not found or unable to stat
[Mon Jan 26 01:21:01.394910 2026] [php:error] [pid 67964] [client 185.177.72.38:0] script '/domains/markrose/php_info.php' not found or unable to stat
[Mon Jan 26 01:21:01.920047 2026] [php:error] [pid 67977] [client 185.177.72.38:0] script '/domains/markrose/phpinfo1.php' not found or unable to stat
[Mon Jan 26 01:21:02.003645 2026] [php:error] [pid 67977] [client 185.177.72.38:0] script '/domains/markrose/phpinfo2.php' not found or unable to stat
[Mon Jan 26 01:21:02.085641 2026] [php:error] [pid 67964] [client 185.177.72.38:0] script '/domains/markrose/phpinfo1.php' not found or unable to stat
[Mon Jan 26 01:21:02.087396 2026] [php:error] [pid 67977] [client 185.177.72.38:0] script '/domains/markrose/phpinfo3.php' not found or unable to stat
[Mon Jan 26 01:21:02.171335 2026] [php:error] [pid 67977] [client 185.177.72.38:0] script '/domains/markrose/phpinfo4.php' not found or unable to stat
[Mon Jan 26 01:21:02.171769 2026] [php:error] [pid 67964] [client 185.177.72.38:0] script '/domains/markrose/phpinfo2.php' not found or unable to stat
[Mon Jan 26 01:21:02.255330 2026] [php:error] [pid 67977] [client 185.177.72.38:0] script '/domains/markrose/phpinfodev.php' not found or unable to stat
[Mon Jan 26 01:21:02.258733 2026] [php:error] [pid 67964] [client 185.177.72.38:0] script '/domains/markrose/phpinfo3.php' not found or unable to stat
[Mon Jan 26 01:21:02.339119 2026] [php:error] [pid 67977] [client 185.177.72.38:0] script '/domains/markrose/phpinfos.php' not found or unable to stat
[Mon Jan 26 01:21:02.345344 2026] [php:error] [pid 67964] [client 185.177.72.38:0] script '/domains/markrose/phpinfo4.php' not found or unable to stat
[Mon Jan 26 01:21:02.431842 2026] [php:error] [pid 67964] [client 185.177.72.38:0] script '/domains/markrose/phpinfodev.php' not found or unable to stat
[Mon Jan 26 01:21:02.518938 2026] [php:error] [pid 67964] [client 185.177.72.38:0] script '/domains/markrose/phpinfos.php' not found or unable to stat
[Mon Jan 26 01:21:02.674414 2026] [php:error] [pid 67977] [client 185.177.72.38:0] script '/domains/markrose/phpsysinfo.php' not found or unable to stat
[Mon Jan 26 01:21:02.864604 2026] [php:error] [pid 67964] [client 185.177.72.38:0] script '/domains/markrose/phpsysinfo.php' not found or unable to stat
[Mon Jan 26 01:21:03.008058 2026] [php:error] [pid 67977] [client 185.177.72.38:0] script '/domains/markrose/phptest.php' not found or unable to stat
[Mon Jan 26 01:21:03.091727 2026] [php:error] [pid 67977] [client 185.177.72.38:0] script '/domains/markrose/phpversion.php' not found or unable to stat
[Mon Jan 26 01:21:03.209420 2026] [php:error] [pid 67964] [client 185.177.72.38:0] script '/domains/markrose/phptest.php' not found or unable to stat
[Mon Jan 26 01:21:03.295676 2026] [php:error] [pid 67964] [client 185.177.72.38:0] script '/domains/markrose/phpversion.php' not found or unable to stat
[Mon Jan 26 01:21:05.767935 2026] [php:error] [pid 67967] [client 185.177.72.38:0] script '/domains/markrose/q.php' not found or unable to stat
[Mon Jan 26 01:21:05.860811 2026] [php:error] [pid 67967] [client 185.177.72.38:0] script '/domains/markrose/qq.php' not found or unable to stat
[Mon Jan 26 01:21:05.968160 2026] [php:error] [pid 67958] [client 185.177.72.38:0] script '/domains/markrose/q.php' not found or unable to stat
[Mon Jan 26 01:21:05.989735 2026] [php:error] [pid 67955] [client 185.177.72.56:0] script '/domains/awciii/i.php' not found or unable to stat
[Mon Jan 26 01:21:06.054171 2026] [php:error] [pid 67958] [client 185.177.72.38:0] script '/domains/markrose/qq.php' not found or unable to stat
[Mon Jan 26 01:21:06.730870 2026] [php:error] [pid 67955] [client 185.177.72.56:0] script '/domains/awciii/in.php' not found or unable to stat
[Mon Jan 26 01:21:06.824430 2026] [php:error] [pid 67955] [client 185.177.72.56:0] script '/domains/awciii/inc.config.php' not found or unable to stat
[Mon Jan 26 01:21:07.102023 2026] [php:error] [pid 67955] [client 185.177.72.56:0] script '/domains/awciii/index.php' not found or unable to stat
[Mon Jan 26 01:21:07.287165 2026] [php:error] [pid 67955] [client 185.177.72.56:0] script '/domains/awciii/index1.php' not found or unable to stat
[Mon Jan 26 01:21:07.459843 2026] [php:error] [pid 67964] [client 185.177.72.56:0] script '/domains/awciii/inf.php' not found or unable to stat
[Mon Jan 26 01:21:07.547889 2026] [php:error] [pid 67964] [client 185.177.72.56:0] script '/domains/awciii/info1.php' not found or unable to stat
[Mon Jan 26 01:21:07.636000 2026] [php:error] [pid 67964] [client 185.177.72.56:0] script '/domains/awciii/info2.php' not found or unable to stat
[Mon Jan 26 01:21:07.713005 2026] [php:error] [pid 67967] [client 185.177.72.38:0] script '/domains/markrose/rest.php' not found or unable to stat
[Mon Jan 26 01:21:07.724248 2026] [php:error] [pid 67964] [client 185.177.72.56:0] script '/domains/awciii/info3.php' not found or unable to stat
[Mon Jan 26 01:21:07.779545 2026] [php:error] [pid 67958] [client 185.177.72.38:0] script '/domains/markrose/rest.php' not found or unable to stat
[Mon Jan 26 01:21:07.812261 2026] [php:error] [pid 67964] [client 185.177.72.56:0] script '/domains/awciii/info4.php' not found or unable to stat
[Mon Jan 26 01:21:07.900599 2026] [php:error] [pid 67964] [client 185.177.72.56:0] script '/domains/awciii/infophp.php' not found or unable to stat
[Mon Jan 26 01:21:07.988689 2026] [php:error] [pid 67964] [client 185.177.72.56:0] script '/domains/awciii/infos.php' not found or unable to stat
[Mon Jan 26 01:21:08.076996 2026] [php:error] [pid 67964] [client 185.177.72.56:0] script '/domains/awciii/ini.php' not found or unable to stat
[Mon Jan 26 01:21:08.608033 2026] [php:error] [pid 67964] [client 185.177.72.56:0] script '/domains/awciii/isadmin.php' not found or unable to stat
[Mon Jan 26 01:21:08.961195 2026] [php:error] [pid 67964] [client 185.177.72.56:0] script '/domains/awciii/jo.php' not found or unable to stat
[Mon Jan 26 01:21:10.457644 2026] [access_compat:error] [pid 67958] [client 185.177.72.38:0] AH01797: client denied by server configuration: /domains/markrose/server-status
[Mon Jan 26 01:21:10.549922 2026] [php:error] [pid 67964] [client 185.177.72.56:0] script '/domains/awciii/l.php' not found or unable to stat
[Mon Jan 26 01:21:10.582149 2026] [access_compat:error] [pid 67967] [client 185.177.72.38:0] AH01797: client denied by server configuration: /domains/markrose/server-status
[Mon Jan 26 01:21:12.226549 2026] [php:error] [pid 67964] [client 185.177.72.56:0] script '/domains/awciii/lindex.php' not found or unable to stat
[Mon Jan 26 01:21:12.314848 2026] [php:error] [pid 67964] [client 185.177.72.56:0] script '/domains/awciii/linusadmin-phpinfo.php' not found or unable to stat
[Mon Jan 26 01:21:13.287326 2026] [core:crit] [pid 67964] (13)Permission denied: [client 185.177.72.56:0] AH00529: /domains/awciii/logs/.htaccess pcfg_openfile: unable to check htaccess file, ensure it is readable and that '/domains/awciii/logs/' is executable
[Mon Jan 26 01:21:13.375672 2026] [core:crit] [pid 67964] (13)Permission denied: [client 185.177.72.56:0] AH00529: /domains/awciii/logs/.htaccess pcfg_openfile: unable to check htaccess file, ensure it is readable and that '/domains/awciii/logs/' is executable
[Mon Jan 26 01:21:13.463930 2026] [core:crit] [pid 67964] (13)Permission denied: [client 185.177.72.56:0] AH00529: /domains/awciii/logs/.htaccess pcfg_openfile: unable to check htaccess file, ensure it is readable and that '/domains/awciii/logs/' is executable
[Mon Jan 26 01:21:13.552218 2026] [core:crit] [pid 67964] (13)Permission denied: [client 185.177.72.56:0] AH00529: /domains/awciii/logs/.htaccess pcfg_openfile: unable to check htaccess file, ensure it is readable and that '/domains/awciii/logs/' is executable
[Mon Jan 26 01:21:13.640624 2026] [core:crit] [pid 67964] (13)Permission denied: [client 185.177.72.56:0] AH00529: /domains/awciii/logs/.htaccess pcfg_openfile: unable to check htaccess file, ensure it is readable and that '/domains/awciii/logs/' is executable
[Mon Jan 26 01:21:15.142564 2026] [php:error] [pid 67964] [client 185.177.72.56:0] script '/domains/awciii/main.php' not found or unable to stat
[Mon Jan 26 01:21:16.089077 2026] [php:error] [pid 67980] [client 185.177.72.13:0] script '/domains/hand-hammerweb/dev.php' not found or unable to stat
[Mon Jan 26 01:21:16.371487 2026] [php:error] [pid 67980] [client 185.177.72.13:0] script '/domains/hand-hammerweb/developer.php' not found or unable to stat
[Mon Jan 26 01:21:16.742939 2026] [php:error] [pid 67980] [client 185.177.72.13:0] script '/domains/hand-hammerweb/devs.php' not found or unable to stat
[Mon Jan 26 01:21:17.841777 2026] [php:error] [pid 67965] [client 185.177.72.56:0] script '/domains/awciii/new.php' not found or unable to stat
[Mon Jan 26 01:21:18.934785 2026] [php:error] [pid 67965] [client 185.177.72.56:0] script '/domains/awciii/o.php' not found or unable to stat
[Mon Jan 26 01:21:19.025837 2026] [php:error] [pid 67965] [client 185.177.72.56:0] script '/domains/awciii/ocp.php' not found or unable to stat
[Mon Jan 26 01:21:19.116962 2026] [php:error] [pid 67965] [client 185.177.72.56:0] script '/domains/awciii/of.php' not found or unable to stat
[Mon Jan 26 01:21:19.365764 2026] [php:error] [pid 67978] [client 185.177.72.38:0] script '/domains/markrose/temp.php' not found or unable to stat
[Mon Jan 26 01:21:19.389315 2026] [php:error] [pid 67965] [client 185.177.72.56:0] script '/domains/awciii/old_phpinfo.php' not found or unable to stat
[Mon Jan 26 01:21:19.759085 2026] [php:error] [pid 67967] [client 185.177.72.13:0] script '/domains/awciii/i.php' not found or unable to stat
[Mon Jan 26 01:21:20.183342 2026] [php:error] [pid 67958] [client 185.177.72.38:0] script '/domains/markrose/temp.php' not found or unable to stat
[Mon Jan 26 01:21:20.207712 2026] [php:error] [pid 67965] [client 185.177.72.56:0] script '/domains/awciii/p.php' not found or unable to stat
[Mon Jan 26 01:21:20.497598 2026] [php:error] [pid 67967] [client 185.177.72.13:0] script '/domains/awciii/in.php' not found or unable to stat
[Mon Jan 26 01:21:20.589967 2026] [php:error] [pid 67967] [client 185.177.72.13:0] script '/domains/awciii/inc.config.php' not found or unable to stat
[Mon Jan 26 01:21:20.866813 2026] [php:error] [pid 67967] [client 185.177.72.13:0] script '/domains/awciii/index.php' not found or unable to stat
[Mon Jan 26 01:21:21.051303 2026] [php:error] [pid 67967] [client 185.177.72.13:0] script '/domains/awciii/index1.php' not found or unable to stat
[Mon Jan 26 01:21:21.143596 2026] [php:error] [pid 67967] [client 185.177.72.13:0] script '/domains/awciii/inf.php' not found or unable to stat
[Mon Jan 26 01:21:21.235953 2026] [php:error] [pid 67967] [client 185.177.72.13:0] script '/domains/awciii/info1.php' not found or unable to stat
[Mon Jan 26 01:21:21.301186 2026] [php:error] [pid 67965] [client 185.177.72.56:0] script '/domains/awciii/php.php' not found or unable to stat
[Mon Jan 26 01:21:21.328375 2026] [php:error] [pid 67967] [client 185.177.72.13:0] script '/domains/awciii/info2.php' not found or unable to stat
[Mon Jan 26 01:21:21.391939 2026] [php:error] [pid 67965] [client 185.177.72.56:0] script '/domains/awciii/php1.php' not found or unable to stat
[Mon Jan 26 01:21:21.420842 2026] [php:error] [pid 67967] [client 185.177.72.13:0] script '/domains/awciii/info3.php' not found or unable to stat
[Mon Jan 26 01:21:21.513154 2026] [php:error] [pid 67967] [client 185.177.72.13:0] script '/domains/awciii/info4.php' not found or unable to stat
[Mon Jan 26 01:21:21.573978 2026] [php:error] [pid 67965] [client 185.177.72.56:0] script '/domains/awciii/php_info.php' not found or unable to stat
[Mon Jan 26 01:21:21.605469 2026] [php:error] [pid 67967] [client 185.177.72.13:0] script '/domains/awciii/infophp.php' not found or unable to stat
[Mon Jan 26 01:21:21.627399 2026] [php:error] [pid 67978] [client 185.177.72.38:0] script '/domains/markrose/test0.php' not found or unable to stat
[Mon Jan 26 01:21:21.697657 2026] [php:error] [pid 67967] [client 185.177.72.13:0] script '/domains/awciii/infos.php' not found or unable to stat
[Mon Jan 26 01:21:21.789918 2026] [php:error] [pid 67967] [client 185.177.72.13:0] script '/domains/awciii/ini.php' not found or unable to stat
[Mon Jan 26 01:21:21.796041 2026] [php:error] [pid 67978] [client 185.177.72.38:0] script '/domains/markrose/test1.php' not found or unable to stat
[Mon Jan 26 01:21:21.879849 2026] [php:error] [pid 67978] [client 185.177.72.38:0] script '/domains/markrose/test123.php' not found or unable to stat
[Mon Jan 26 01:21:21.963553 2026] [php:error] [pid 67978] [client 185.177.72.38:0] script '/domains/markrose/test2.php' not found or unable to stat
[Mon Jan 26 01:21:22.047333 2026] [php:error] [pid 67978] [client 185.177.72.38:0] script '/domains/markrose/test3.php' not found or unable to stat
[Mon Jan 26 01:21:22.131146 2026] [php:error] [pid 67978] [client 185.177.72.38:0] script '/domains/markrose/test4.php' not found or unable to stat
[Mon Jan 26 01:21:22.214878 2026] [php:error] [pid 67978] [client 185.177.72.38:0] script '/domains/markrose/test5.php' not found or unable to stat
[Mon Jan 26 01:21:22.298755 2026] [php:error] [pid 67978] [client 185.177.72.38:0] script '/domains/markrose/test6.php' not found or unable to stat
[Mon Jan 26 01:21:22.302855 2026] [php:error] [pid 67965] [client 185.177.72.56:0] script '/domains/awciii/phpinfo1.php' not found or unable to stat
[Mon Jan 26 01:21:22.343727 2026] [php:error] [pid 67967] [client 185.177.72.13:0] script '/domains/awciii/isadmin.php' not found or unable to stat
[Mon Jan 26 01:21:22.382563 2026] [php:error] [pid 67978] [client 185.177.72.38:0] script '/domains/markrose/test7.php' not found or unable to stat
[Mon Jan 26 01:21:22.393915 2026] [php:error] [pid 67965] [client 185.177.72.56:0] script '/domains/awciii/phpinfo2.php' not found or unable to stat
[Mon Jan 26 01:21:22.466140 2026] [php:error] [pid 67978] [client 185.177.72.38:0] script '/domains/markrose/test8.php' not found or unable to stat
[Mon Jan 26 01:21:22.484701 2026] [php:error] [pid 67965] [client 185.177.72.56:0] script '/domains/awciii/phpinfo3.php' not found or unable to stat
[Mon Jan 26 01:21:22.549834 2026] [php:error] [pid 67978] [client 185.177.72.38:0] script '/domains/markrose/test9.php' not found or unable to stat
[Mon Jan 26 01:21:22.575493 2026] [php:error] [pid 67965] [client 185.177.72.56:0] script '/domains/awciii/phpinfo4.php' not found or unable to stat
[Mon Jan 26 01:21:22.630847 2026] [php:error] [pid 67958] [client 185.177.72.38:0] script '/domains/markrose/test0.php' not found or unable to stat
[Mon Jan 26 01:21:22.666203 2026] [php:error] [pid 67965] [client 185.177.72.56:0] script '/domains/awciii/phpinfodev.php' not found or unable to stat
[Mon Jan 26 01:21:22.712561 2026] [php:error] [pid 67967] [client 185.177.72.13:0] script '/domains/awciii/jo.php' not found or unable to stat
[Mon Jan 26 01:21:22.731721 2026] [php:error] [pid 67989] [client 185.177.72.38:0] script '/domains/markrose/test_info.php' not found or unable to stat
[Mon Jan 26 01:21:22.756931 2026] [php:error] [pid 67965] [client 185.177.72.56:0] script '/domains/awciii/phpinfos.php' not found or unable to stat
[Mon Jan 26 01:21:22.811920 2026] [php:error] [pid 67958] [client 185.177.72.38:0] script '/domains/markrose/test1.php' not found or unable to stat
[Mon Jan 26 01:21:22.824365 2026] [php:error] [pid 67989] [client 185.177.72.38:0] script '/domains/markrose/test_info1.php' not found or unable to stat
[Mon Jan 26 01:21:22.902800 2026] [php:error] [pid 67958] [client 185.177.72.38:0] script '/domains/markrose/test123.php' not found or unable to stat
[Mon Jan 26 01:21:22.916928 2026] [php:error] [pid 67989] [client 185.177.72.38:0] script '/domains/markrose/test_info2.php' not found or unable to stat
[Mon Jan 26 01:21:22.993382 2026] [php:error] [pid 67958] [client 185.177.72.38:0] script '/domains/markrose/test2.php' not found or unable to stat
[Mon Jan 26 01:21:23.009390 2026] [php:error] [pid 67989] [client 185.177.72.38:0] script '/domains/markrose/test_info3.php' not found or unable to stat
[Mon Jan 26 01:21:23.083936 2026] [php:error] [pid 67958] [client 185.177.72.38:0] script '/domains/markrose/test3.php' not found or unable to stat
[Mon Jan 26 01:21:23.102030 2026] [php:error] [pid 67989] [client 185.177.72.38:0] script '/domains/markrose/test_info4.php' not found or unable to stat
[Mon Jan 26 01:21:23.120804 2026] [php:error] [pid 67965] [client 185.177.72.56:0] script '/domains/awciii/phpsysinfo.php' not found or unable to stat
[Mon Jan 26 01:21:23.174778 2026] [php:error] [pid 67958] [client 185.177.72.38:0] script '/domains/markrose/test4.php' not found or unable to stat
[Mon Jan 26 01:21:23.194727 2026] [php:error] [pid 67989] [client 185.177.72.38:0] script '/domains/markrose/test_info5.php' not found or unable to stat
[Mon Jan 26 01:21:23.265487 2026] [php:error] [pid 67958] [client 185.177.72.38:0] script '/domains/markrose/test5.php' not found or unable to stat
[Mon Jan 26 01:21:23.287362 2026] [php:error] [pid 67989] [client 185.177.72.38:0] script '/domains/markrose/test_phpinfo.php' not found or unable to stat
[Mon Jan 26 01:21:23.356139 2026] [php:error] [pid 67958] [client 185.177.72.38:0] script '/domains/markrose/test6.php' not found or unable to stat
[Mon Jan 26 01:21:23.380037 2026] [php:error] [pid 67989] [client 185.177.72.38:0] script '/domains/markrose/test_phpinfo1.php' not found or unable to stat
[Mon Jan 26 01:21:23.446773 2026] [php:error] [pid 67958] [client 185.177.72.38:0] script '/domains/markrose/test7.php' not found or unable to stat
[Mon Jan 26 01:21:23.472601 2026] [php:error] [pid 67989] [client 185.177.72.38:0] script '/domains/markrose/test_phpinfo2.php' not found or unable to stat
[Mon Jan 26 01:21:23.484595 2026] [php:error] [pid 67965] [client 185.177.72.56:0] script '/domains/awciii/phptest.php' not found or unable to stat
[Mon Jan 26 01:21:23.538374 2026] [php:error] [pid 67958] [client 185.177.72.38:0] script '/domains/markrose/test8.php' not found or unable to stat
[Mon Jan 26 01:21:23.565256 2026] [php:error] [pid 67989] [client 185.177.72.38:0] script '/domains/markrose/test_phpinfo3.php' not found or unable to stat
[Mon Jan 26 01:21:23.576431 2026] [php:error] [pid 67965] [client 185.177.72.56:0] script '/domains/awciii/phpversion.php' not found or unable to stat
[Mon Jan 26 01:21:23.629368 2026] [php:error] [pid 67958] [client 185.177.72.38:0] script '/domains/markrose/test9.php' not found or unable to stat
[Mon Jan 26 01:21:23.657823 2026] [php:error] [pid 67989] [client 185.177.72.38:0] script '/domains/markrose/test_phpinfo4.php' not found or unable to stat
[Mon Jan 26 01:21:23.750624 2026] [php:error] [pid 67989] [client 185.177.72.38:0] script '/domains/markrose/test_phpinfo5.php' not found or unable to stat
[Mon Jan 26 01:21:23.811059 2026] [php:error] [pid 67987] [client 185.177.72.38:0] script '/domains/markrose/test_info.php' not found or unable to stat
[Mon Jan 26 01:21:23.843691 2026] [php:error] [pid 67989] [client 185.177.72.38:0] script '/domains/markrose/tester.php' not found or unable to stat
[Mon Jan 26 01:21:23.903249 2026] [php:error] [pid 67987] [client 185.177.72.38:0] script '/domains/markrose/test_info1.php' not found or unable to stat
[Mon Jan 26 01:21:23.995679 2026] [php:error] [pid 67987] [client 185.177.72.38:0] script '/domains/markrose/test_info2.php' not found or unable to stat
[Mon Jan 26 01:21:24.028726 2026] [php:error] [pid 67989] [client 185.177.72.38:0] script '/domains/markrose/testing.php' not found or unable to stat
[Mon Jan 26 01:21:24.087949 2026] [php:error] [pid 67987] [client 185.177.72.38:0] script '/domains/markrose/test_info3.php' not found or unable to stat
[Mon Jan 26 01:21:24.180423 2026] [php:error] [pid 67987] [client 185.177.72.38:0] script '/domains/markrose/test_info4.php' not found or unable to stat
[Mon Jan 26 01:21:24.272661 2026] [php:error] [pid 67987] [client 185.177.72.38:0] script '/domains/markrose/test_info5.php' not found or unable to stat
[Mon Jan 26 01:21:24.365062 2026] [php:error] [pid 67987] [client 185.177.72.38:0] script '/domains/markrose/test_phpinfo.php' not found or unable to stat
[Mon Jan 26 01:21:24.373104 2026] [php:error] [pid 67967] [client 185.177.72.13:0] script '/domains/awciii/l.php' not found or unable to stat
[Mon Jan 26 01:21:24.457345 2026] [php:error] [pid 67987] [client 185.177.72.38:0] script '/domains/markrose/test_phpinfo1.php' not found or unable to stat
[Mon Jan 26 01:21:24.549721 2026] [php:error] [pid 67987] [client 185.177.72.38:0] script '/domains/markrose/test_phpinfo2.php' not found or unable to stat
[Mon Jan 26 01:21:24.642028 2026] [php:error] [pid 67987] [client 185.177.72.38:0] script '/domains/markrose/test_phpinfo3.php' not found or unable to stat
[Mon Jan 26 01:21:24.734213 2026] [php:error] [pid 67987] [client 185.177.72.38:0] script '/domains/markrose/test_phpinfo4.php' not found or unable to stat
[Mon Jan 26 01:21:24.826541 2026] [php:error] [pid 67987] [client 185.177.72.38:0] script '/domains/markrose/test_phpinfo5.php' not found or unable to stat
[Mon Jan 26 01:21:24.918893 2026] [php:error] [pid 67987] [client 185.177.72.38:0] script '/domains/markrose/tester.php' not found or unable to stat
[Mon Jan 26 01:21:25.103522 2026] [php:error] [pid 67987] [client 185.177.72.38:0] script '/domains/markrose/testing.php' not found or unable to stat
[Mon Jan 26 01:21:26.062544 2026] [php:error] [pid 67989] [client 185.177.72.38:0] script '/domains/markrose/time.php' not found or unable to stat
[Mon Jan 26 01:21:26.200263 2026] [php:error] [pid 67958] [client 185.177.72.13:0] script '/domains/awciii/lindex.php' not found or unable to stat
[Mon Jan 26 01:21:26.290966 2026] [php:error] [pid 67958] [client 185.177.72.13:0] script '/domains/awciii/linusadmin-phpinfo.php' not found or unable to stat
[Mon Jan 26 01:21:26.329091 2026] [php:error] [pid 67955] [client 185.177.72.56:0] script '/domains/awciii/q.php' not found or unable to stat
[Mon Jan 26 01:21:26.412964 2026] [php:error] [pid 67955] [client 185.177.72.56:0] script '/domains/awciii/qq.php' not found or unable to stat
[Mon Jan 26 01:21:26.432596 2026] [php:error] [pid 67989] [client 185.177.72.38:0] script '/domains/markrose/token.php' not found or unable to stat
[Mon Jan 26 01:21:26.896169 2026] [php:error] [pid 67989] [client 185.177.72.38:0] script '/domains/markrose/tz.php' not found or unable to stat
[Mon Jan 26 01:21:26.989001 2026] [php:error] [pid 67989] [client 185.177.72.38:0] script '/domains/markrose/u.php' not found or unable to stat
[Mon Jan 26 01:21:27.133182 2026] [php:error] [pid 67987] [client 185.177.72.38:0] script '/domains/markrose/time.php' not found or unable to stat
[Mon Jan 26 01:21:27.289468 2026] [core:crit] [pid 67958] (13)Permission denied: [client 185.177.72.13:0] AH00529: /domains/awciii/logs/.htaccess pcfg_openfile: unable to check htaccess file, ensure it is readable and that '/domains/awciii/logs/' is executable
[Mon Jan 26 01:21:27.380615 2026] [core:crit] [pid 67958] (13)Permission denied: [client 185.177.72.13:0] AH00529: /domains/awciii/logs/.htaccess pcfg_openfile: unable to check htaccess file, ensure it is readable and that '/domains/awciii/logs/' is executable
[Mon Jan 26 01:21:27.451831 2026] [php:error] [pid 67989] [client 185.177.72.38:0] script '/domains/markrose/up.php' not found or unable to stat
[Mon Jan 26 01:21:27.471546 2026] [core:crit] [pid 67958] (13)Permission denied: [client 185.177.72.13:0] AH00529: /domains/awciii/logs/.htaccess pcfg_openfile: unable to check htaccess file, ensure it is readable and that '/domains/awciii/logs/' is executable
[Mon Jan 26 01:21:27.503110 2026] [php:error] [pid 67987] [client 185.177.72.38:0] script '/domains/markrose/token.php' not found or unable to stat
[Mon Jan 26 01:21:27.562646 2026] [core:crit] [pid 67958] (13)Permission denied: [client 185.177.72.13:0] AH00529: /domains/awciii/logs/.htaccess pcfg_openfile: unable to check htaccess file, ensure it is readable and that '/domains/awciii/logs/' is executable
[Mon Jan 26 01:21:27.653727 2026] [core:crit] [pid 67958] (13)Permission denied: [client 185.177.72.13:0] AH00529: /domains/awciii/logs/.htaccess pcfg_openfile: unable to check htaccess file, ensure it is readable and that '/domains/awciii/logs/' is executable
[Mon Jan 26 01:21:27.964925 2026] [php:error] [pid 67987] [client 185.177.72.38:0] script '/domains/markrose/tz.php' not found or unable to stat
[Mon Jan 26 01:21:28.057112 2026] [php:error] [pid 67987] [client 185.177.72.38:0] script '/domains/markrose/u.php' not found or unable to stat
[Mon Jan 26 01:21:28.086225 2026] [php:error] [pid 67955] [client 185.177.72.56:0] script '/domains/awciii/rest.php' not found or unable to stat
[Mon Jan 26 01:21:28.518442 2026] [php:error] [pid 67987] [client 185.177.72.38:0] script '/domains/markrose/up.php' not found or unable to stat
[Mon Jan 26 01:21:29.195431 2026] [php:error] [pid 67958] [client 185.177.72.13:0] script '/domains/awciii/main.php' not found or unable to stat
[Mon Jan 26 01:21:29.581039 2026] [php:error] [pid 67983] [client 185.177.72.13:0] script '/domains/hand-hammerweb/i.php' not found or unable to stat
[Mon Jan 26 01:21:29.909928 2026] [php:error] [pid 67964] [client 185.177.72.13:0] script '/domains/hand-hammerweb/i.php' not found or unable to stat
[Mon Jan 26 01:21:29.952344 2026] [php:error] [pid 67989] [client 185.177.72.38:0] script '/domains/markrose/w.php' not found or unable to stat
[Mon Jan 26 01:21:30.230346 2026] [php:error] [pid 67989] [client 185.177.72.38:0] script '/domains/markrose/web.php' not found or unable to stat
[Mon Jan 26 01:21:30.285989 2026] [php:error] [pid 67983] [client 185.177.72.13:0] script '/domains/hand-hammerweb/in.php' not found or unable to stat
[Mon Jan 26 01:21:30.374065 2026] [php:error] [pid 67983] [client 185.177.72.13:0] script '/domains/hand-hammerweb/inc.config.php' not found or unable to stat
[Mon Jan 26 01:21:30.613831 2026] [php:error] [pid 67964] [client 185.177.72.13:0] script '/domains/hand-hammerweb/in.php' not found or unable to stat
[Mon Jan 26 01:21:30.638227 2026] [php:error] [pid 67983] [client 185.177.72.13:0] script '/domains/hand-hammerweb/index.php' not found or unable to stat
[Mon Jan 26 01:21:30.682906 2026] [access_compat:error] [pid 67955] [client 185.177.72.56:0] AH01797: client denied by server configuration: /domains/awciii/server-status
[Mon Jan 26 01:21:30.701716 2026] [php:error] [pid 67964] [client 185.177.72.13:0] script '/domains/hand-hammerweb/inc.config.php' not found or unable to stat
[Mon Jan 26 01:21:30.814605 2026] [php:error] [pid 67983] [client 185.177.72.13:0] script '/domains/hand-hammerweb/index1.php' not found or unable to stat
[Mon Jan 26 01:21:30.902646 2026] [php:error] [pid 67983] [client 185.177.72.13:0] script '/domains/hand-hammerweb/inf.php' not found or unable to stat
[Mon Jan 26 01:21:30.966101 2026] [php:error] [pid 67964] [client 185.177.72.13:0] script '/domains/hand-hammerweb/index.php' not found or unable to stat
[Mon Jan 26 01:21:30.990762 2026] [php:error] [pid 67983] [client 185.177.72.13:0] script '/domains/hand-hammerweb/info1.php' not found or unable to stat
[Mon Jan 26 01:21:31.010575 2026] [php:error] [pid 67987] [client 185.177.72.38:0] script '/domains/markrose/w.php' not found or unable to stat
[Mon Jan 26 01:21:31.078805 2026] [php:error] [pid 67983] [client 185.177.72.13:0] script '/domains/hand-hammerweb/info2.php' not found or unable to stat
[Mon Jan 26 01:21:31.142083 2026] [php:error] [pid 67964] [client 185.177.72.13:0] script '/domains/hand-hammerweb/index1.php' not found or unable to stat
[Mon Jan 26 01:21:31.166888 2026] [php:error] [pid 67983] [client 185.177.72.13:0] script '/domains/hand-hammerweb/info3.php' not found or unable to stat
[Mon Jan 26 01:21:31.230089 2026] [php:error] [pid 67964] [client 185.177.72.13:0] script '/domains/hand-hammerweb/inf.php' not found or unable to stat
[Mon Jan 26 01:21:31.255012 2026] [php:error] [pid 67983] [client 185.177.72.13:0] script '/domains/hand-hammerweb/info4.php' not found or unable to stat
[Mon Jan 26 01:21:31.287633 2026] [php:error] [pid 67987] [client 185.177.72.38:0] script '/domains/markrose/web.php' not found or unable to stat
[Mon Jan 26 01:21:31.318205 2026] [php:error] [pid 67964] [client 185.177.72.13:0] script '/domains/hand-hammerweb/info1.php' not found or unable to stat
[Mon Jan 26 01:21:31.343078 2026] [php:error] [pid 67983] [client 185.177.72.13:0] script '/domains/hand-hammerweb/infophp.php' not found or unable to stat
[Mon Jan 26 01:21:31.406003 2026] [php:error] [pid 67964] [client 185.177.72.13:0] script '/domains/hand-hammerweb/info2.php' not found or unable to stat
[Mon Jan 26 01:21:31.431222 2026] [php:error] [pid 67983] [client 185.177.72.13:0] script '/domains/hand-hammerweb/infos.php' not found or unable to stat
[Mon Jan 26 01:21:31.493986 2026] [php:error] [pid 67964] [client 185.177.72.13:0] script '/domains/hand-hammerweb/info3.php' not found or unable to stat
[Mon Jan 26 01:21:31.519434 2026] [php:error] [pid 67983] [client 185.177.72.13:0] script '/domains/hand-hammerweb/ini.php' not found or unable to stat
[Mon Jan 26 01:21:31.581844 2026] [php:error] [pid 67964] [client 185.177.72.13:0] script '/domains/hand-hammerweb/info4.php' not found or unable to stat
[Mon Jan 26 01:21:31.669775 2026] [php:error] [pid 67964] [client 185.177.72.13:0] script '/domains/hand-hammerweb/infophp.php' not found or unable to stat
[Mon Jan 26 01:21:31.757589 2026] [php:error] [pid 67964] [client 185.177.72.13:0] script '/domains/hand-hammerweb/infos.php' not found or unable to stat
[Mon Jan 26 01:21:31.825695 2026] [php:error] [pid 67958] [client 185.177.72.13:0] script '/domains/awciii/new.php' not found or unable to stat
[Mon Jan 26 01:21:31.845781 2026] [php:error] [pid 67964] [client 185.177.72.13:0] script '/domains/hand-hammerweb/ini.php' not found or unable to stat
[Mon Jan 26 01:21:32.048938 2026] [php:error] [pid 67983] [client 185.177.72.13:0] script '/domains/hand-hammerweb/isadmin.php' not found or unable to stat
[Mon Jan 26 01:21:32.356772 2026] [php:error] [pid 67978] [client 185.177.72.38:0] script '/domains/markrose/wp-login.php' not found or unable to stat
[Mon Jan 26 01:21:32.373571 2026] [php:error] [pid 67964] [client 185.177.72.13:0] script '/domains/hand-hammerweb/isadmin.php' not found or unable to stat
[Mon Jan 26 01:21:32.401389 2026] [php:error] [pid 67983] [client 185.177.72.13:0] script '/domains/hand-hammerweb/jo.php' not found or unable to stat
[Mon Jan 26 01:21:32.538647 2026] [php:error] [pid 67978] [client 185.177.72.38:0] script '/domains/markrose/wp.php' not found or unable to stat
[Mon Jan 26 01:21:32.725415 2026] [php:error] [pid 67964] [client 185.177.72.13:0] script '/domains/hand-hammerweb/jo.php' not found or unable to stat
[Mon Jan 26 01:21:32.902547 2026] [php:error] [pid 67978] [client 185.177.72.38:0] script '/domains/markrose/x.php' not found or unable to stat
[Mon Jan 26 01:21:32.913946 2026] [php:error] [pid 67958] [client 185.177.72.13:0] script '/domains/awciii/o.php' not found or unable to stat
[Mon Jan 26 01:21:33.004608 2026] [php:error] [pid 67958] [client 185.177.72.13:0] script '/domains/awciii/ocp.php' not found or unable to stat
[Mon Jan 26 01:21:33.095156 2026] [php:error] [pid 67958] [client 185.177.72.13:0] script '/domains/awciii/of.php' not found or unable to stat
[Mon Jan 26 01:21:33.366797 2026] [php:error] [pid 67958] [client 185.177.72.13:0] script '/domains/awciii/old_phpinfo.php' not found or unable to stat
[Mon Jan 26 01:21:33.385533 2026] [php:error] [pid 67967] [client 185.177.72.38:0] script '/domains/markrose/wp-login.php' not found or unable to stat
[Mon Jan 26 01:21:33.557476 2026] [php:error] [pid 67967] [client 185.177.72.38:0] script '/domains/markrose/wp.php' not found or unable to stat
[Mon Jan 26 01:21:33.902248 2026] [php:error] [pid 67967] [client 185.177.72.38:0] script '/domains/markrose/x.php' not found or unable to stat
[Mon Jan 26 01:21:33.986826 2026] [php:error] [pid 67983] [client 185.177.72.13:0] script '/domains/hand-hammerweb/l.php' not found or unable to stat
[Mon Jan 26 01:21:34.182330 2026] [php:error] [pid 67958] [client 185.177.72.13:0] script '/domains/awciii/p.php' not found or unable to stat
[Mon Jan 26 01:21:34.412302 2026] [php:error] [pid 67985] [client 185.177.72.13:0] script '/domains/hand-hammerweb/l.php' not found or unable to stat
[Mon Jan 26 01:21:35.348230 2026] [php:error] [pid 67986] [client 185.177.72.13:0] script '/domains/awciii/php.php' not found or unable to stat
[Mon Jan 26 01:21:35.438195 2026] [php:error] [pid 67986] [client 185.177.72.13:0] script '/domains/awciii/php1.php' not found or unable to stat
[Mon Jan 26 01:21:35.617512 2026] [php:error] [pid 67986] [client 185.177.72.13:0] script '/domains/awciii/php_info.php' not found or unable to stat
[Mon Jan 26 01:21:35.773353 2026] [php:error] [pid 67958] [client 185.177.72.13:0] script '/domains/hand-hammerweb/lindex.php' not found or unable to stat
[Mon Jan 26 01:21:35.867562 2026] [php:error] [pid 67958] [client 185.177.72.13:0] script '/domains/hand-hammerweb/linusadmin-phpinfo.php' not found or unable to stat
[Mon Jan 26 01:21:36.168238 2026] [php:error] [pid 67985] [client 185.177.72.13:0] script '/domains/hand-hammerweb/lindex.php' not found or unable to stat
[Mon Jan 26 01:21:36.260406 2026] [php:error] [pid 67985] [client 185.177.72.13:0] script '/domains/hand-hammerweb/linusadmin-phpinfo.php' not found or unable to stat
[Mon Jan 26 01:21:36.334574 2026] [php:error] [pid 67986] [client 185.177.72.13:0] script '/domains/awciii/phpinfo1.php' not found or unable to stat
[Mon Jan 26 01:21:36.424434 2026] [php:error] [pid 67986] [client 185.177.72.13:0] script '/domains/awciii/phpinfo2.php' not found or unable to stat
[Mon Jan 26 01:21:36.514087 2026] [php:error] [pid 67986] [client 185.177.72.13:0] script '/domains/awciii/phpinfo3.php' not found or unable to stat
[Mon Jan 26 01:21:36.603748 2026] [php:error] [pid 67986] [client 185.177.72.13:0] script '/domains/awciii/phpinfo4.php' not found or unable to stat
[Mon Jan 26 01:21:36.693260 2026] [php:error] [pid 67986] [client 185.177.72.13:0] script '/domains/awciii/phpinfodev.php' not found or unable to stat
[Mon Jan 26 01:21:36.782798 2026] [php:error] [pid 67986] [client 185.177.72.13:0] script '/domains/awciii/phpinfos.php' not found or unable to stat
[Mon Jan 26 01:21:37.141156 2026] [php:error] [pid 67986] [client 185.177.72.13:0] script '/domains/awciii/phpsysinfo.php' not found or unable to stat
[Mon Jan 26 01:21:37.499330 2026] [php:error] [pid 67986] [client 185.177.72.13:0] script '/domains/awciii/phptest.php' not found or unable to stat
[Mon Jan 26 01:21:37.588989 2026] [php:error] [pid 67986] [client 185.177.72.13:0] script '/domains/awciii/phpversion.php' not found or unable to stat
[Mon Jan 26 01:21:38.523075 2026] [php:error] [pid 67978] [client 185.177.72.38:0] script '/domains/markrose/wp-config.php.orig' not found or unable to stat
[Mon Jan 26 01:21:38.922261 2026] [php:error] [pid 67958] [client 185.177.72.13:0] script '/domains/hand-hammerweb/main.php' not found or unable to stat
[Mon Jan 26 01:21:39.219646 2026] [php:error] [pid 67985] [client 185.177.72.13:0] script '/domains/hand-hammerweb/main.php' not found or unable to stat
[Mon Jan 26 01:21:39.244197 2026] [php:error] [pid 67967] [client 185.177.72.38:0] script '/domains/markrose/wp-config.php.orig' not found or unable to stat
[Mon Jan 26 01:21:39.361328 2026] [php:error] [pid 67981] [client 185.177.72.56:0] script '/domains/awciii/temp.php' not found or unable to stat
[Mon Jan 26 01:21:40.290244 2026] [php:error] [pid 67986] [client 185.177.72.13:0] script '/domains/awciii/q.php' not found or unable to stat
[Mon Jan 26 01:21:40.380506 2026] [php:error] [pid 67986] [client 185.177.72.13:0] script '/domains/awciii/qq.php' not found or unable to stat
[Mon Jan 26 01:21:41.575124 2026] [php:error] [pid 67981] [client 185.177.72.56:0] script '/domains/awciii/test0.php' not found or unable to stat
[Mon Jan 26 01:21:41.659710 2026] [php:error] [pid 67958] [client 185.177.72.13:0] script '/domains/hand-hammerweb/new.php' not found or unable to stat
[Mon Jan 26 01:21:41.739732 2026] [php:error] [pid 67981] [client 185.177.72.56:0] script '/domains/awciii/test1.php' not found or unable to stat
[Mon Jan 26 01:21:41.823062 2026] [php:error] [pid 67981] [client 185.177.72.56:0] script '/domains/awciii/test123.php' not found or unable to stat
[Mon Jan 26 01:21:41.898500 2026] [php:error] [pid 67985] [client 185.177.72.13:0] script '/domains/hand-hammerweb/new.php' not found or unable to stat
[Mon Jan 26 01:21:41.905172 2026] [php:error] [pid 67981] [client 185.177.72.56:0] script '/domains/awciii/test2.php' not found or unable to stat
[Mon Jan 26 01:21:41.987348 2026] [php:error] [pid 67981] [client 185.177.72.56:0] script '/domains/awciii/test3.php' not found or unable to stat
[Mon Jan 26 01:21:42.069422 2026] [php:error] [pid 67981] [client 185.177.72.56:0] script '/domains/awciii/test4.php' not found or unable to stat
[Mon Jan 26 01:21:42.151523 2026] [php:error] [pid 67981] [client 185.177.72.56:0] script '/domains/awciii/test5.php' not found or unable to stat
[Mon Jan 26 01:21:42.176865 2026] [php:error] [pid 67986] [client 185.177.72.13:0] script '/domains/awciii/rest.php' not found or unable to stat
[Mon Jan 26 01:21:42.233487 2026] [php:error] [pid 67981] [client 185.177.72.56:0] script '/domains/awciii/test6.php' not found or unable to stat
[Mon Jan 26 01:21:42.315572 2026] [php:error] [pid 67981] [client 185.177.72.56:0] script '/domains/awciii/test7.php' not found or unable to stat
[Mon Jan 26 01:21:42.398025 2026] [php:error] [pid 67981] [client 185.177.72.56:0] script '/domains/awciii/test8.php' not found or unable to stat
[Mon Jan 26 01:21:42.480242 2026] [php:error] [pid 67981] [client 185.177.72.56:0] script '/domains/awciii/test9.php' not found or unable to stat
[Mon Jan 26 01:21:42.665218 2026] [php:error] [pid 67989] [client 185.177.72.56:0] script '/domains/awciii/test_info.php' not found or unable to stat
[Mon Jan 26 01:21:42.759595 2026] [php:error] [pid 67989] [client 185.177.72.56:0] script '/domains/awciii/test_info1.php' not found or unable to stat
[Mon Jan 26 01:21:42.791417 2026] [php:error] [pid 67958] [client 185.177.72.13:0] script '/domains/hand-hammerweb/o.php' not found or unable to stat
[Mon Jan 26 01:21:42.853859 2026] [php:error] [pid 67989] [client 185.177.72.56:0] script '/domains/awciii/test_info2.php' not found or unable to stat
[Mon Jan 26 01:21:42.885512 2026] [php:error] [pid 67958] [client 185.177.72.13:0] script '/domains/hand-hammerweb/ocp.php' not found or unable to stat
[Mon Jan 26 01:21:42.949088 2026] [php:error] [pid 67989] [client 185.177.72.56:0] script '/domains/awciii/test_info3.php' not found or unable to stat
[Mon Jan 26 01:21:42.979915 2026] [php:error] [pid 67958] [client 185.177.72.13:0] script '/domains/hand-hammerweb/of.php' not found or unable to stat
[Mon Jan 26 01:21:43.008513 2026] [php:error] [pid 67985] [client 185.177.72.13:0] script '/domains/hand-hammerweb/o.php' not found or unable to stat
[Mon Jan 26 01:21:43.043340 2026] [php:error] [pid 67989] [client 185.177.72.56:0] script '/domains/awciii/test_info4.php' not found or unable to stat
[Mon Jan 26 01:21:43.100740 2026] [php:error] [pid 67985] [client 185.177.72.13:0] script '/domains/hand-hammerweb/ocp.php' not found or unable to stat
[Mon Jan 26 01:21:43.137578 2026] [php:error] [pid 67989] [client 185.177.72.56:0] script '/domains/awciii/test_info5.php' not found or unable to stat
[Mon Jan 26 01:21:43.193092 2026] [php:error] [pid 67985] [client 185.177.72.13:0] script '/domains/hand-hammerweb/of.php' not found or unable to stat
[Mon Jan 26 01:21:43.231847 2026] [php:error] [pid 67989] [client 185.177.72.56:0] script '/domains/awciii/test_phpinfo.php' not found or unable to stat
[Mon Jan 26 01:21:43.262233 2026] [php:error] [pid 67958] [client 185.177.72.13:0] script '/domains/hand-hammerweb/old_phpinfo.php' not found or unable to stat
[Mon Jan 26 01:21:43.326145 2026] [php:error] [pid 67989] [client 185.177.72.56:0] script '/domains/awciii/test_phpinfo1.php' not found or unable to stat
[Mon Jan 26 01:21:43.420317 2026] [php:error] [pid 67989] [client 185.177.72.56:0] script '/domains/awciii/test_phpinfo2.php' not found or unable to stat
[Mon Jan 26 01:21:43.469807 2026] [php:error] [pid 67985] [client 185.177.72.13:0] script '/domains/hand-hammerweb/old_phpinfo.php' not found or unable to stat
[Mon Jan 26 01:21:43.514410 2026] [php:error] [pid 67989] [client 185.177.72.56:0] script '/domains/awciii/test_phpinfo3.php' not found or unable to stat
[Mon Jan 26 01:21:43.608494 2026] [php:error] [pid 67989] [client 185.177.72.56:0] script '/domains/awciii/test_phpinfo4.php' not found or unable to stat
[Mon Jan 26 01:21:43.702768 2026] [php:error] [pid 67989] [client 185.177.72.56:0] script '/domains/awciii/test_phpinfo5.php' not found or unable to stat
[Mon Jan 26 01:21:43.797106 2026] [php:error] [pid 67989] [client 185.177.72.56:0] script '/domains/awciii/tester.php' not found or unable to stat
[Mon Jan 26 01:21:43.831591 2026] [php:error] [pid 67964] [client 185.177.72.38:0] script '/domains/markrose/phpinfo-server.php' not found or unable to stat
[Mon Jan 26 01:21:43.985641 2026] [php:error] [pid 67989] [client 185.177.72.56:0] script '/domains/awciii/testing.php' not found or unable to stat
[Mon Jan 26 01:21:44.110227 2026] [php:error] [pid 67958] [client 185.177.72.13:0] script '/domains/hand-hammerweb/p.php' not found or unable to stat
[Mon Jan 26 01:21:44.165859 2026] [php:error] [pid 67964] [client 185.177.72.38:0] script '/domains/markrose/phpinfo_details.php' not found or unable to stat
[Mon Jan 26 01:21:44.333338 2026] [php:error] [pid 67964] [client 185.177.72.38:0] script '/domains/markrose/phpinfomolten.php' not found or unable to stat
[Mon Jan 26 01:21:44.377271 2026] [php:error] [pid 67967] [client 185.177.72.13:0] script '/domains/hand-hammerweb/p.php' not found or unable to stat
[Mon Jan 26 01:21:44.549451 2026] [php:error] [pid 67987] [client 185.177.72.38:0] script '/domains/markrose/phpinfo-server.php' not found or unable to stat
[Mon Jan 26 01:21:44.643048 2026] [php:error] [pid 67978] [client 170.205.31.103:0] script '/domains/cccweb/wp-confiq.php' not found or unable to stat
[Mon Jan 26 01:21:44.906757 2026] [php:error] [pid 67987] [client 185.177.72.38:0] script '/domains/markrose/phpinfo_details.php' not found or unable to stat
[Mon Jan 26 01:21:45.082193 2026] [php:error] [pid 67987] [client 185.177.72.38:0] script '/domains/markrose/phpinfomolten.php' not found or unable to stat
[Mon Jan 26 01:21:45.093377 2026] [access_compat:error] [pid 67965] [client 185.177.72.13:0] AH01797: client denied by server configuration: /domains/awciii/server-status
[Mon Jan 26 01:21:45.300376 2026] [php:error] [pid 67986] [client 185.177.72.13:0] script '/domains/hand-hammerweb/php.php' not found or unable to stat
[Mon Jan 26 01:21:45.382049 2026] [php:error] [pid 67986] [client 185.177.72.13:0] script '/domains/hand-hammerweb/php1.php' not found or unable to stat
[Mon Jan 26 01:21:45.464407 2026] [php:error] [pid 67967] [client 185.177.72.13:0] script '/domains/hand-hammerweb/php.php' not found or unable to stat
[Mon Jan 26 01:21:45.545937 2026] [php:error] [pid 67986] [client 185.177.72.13:0] script '/domains/hand-hammerweb/php_info.php' not found or unable to stat
[Mon Jan 26 01:21:45.555390 2026] [php:error] [pid 67967] [client 185.177.72.13:0] script '/domains/hand-hammerweb/php1.php' not found or unable to stat
[Mon Jan 26 01:21:45.736797 2026] [php:error] [pid 67967] [client 185.177.72.13:0] script '/domains/hand-hammerweb/php_info.php' not found or unable to stat
[Mon Jan 26 01:21:46.058340 2026] [php:error] [pid 67989] [client 185.177.72.56:0] script '/domains/awciii/time.php' not found or unable to stat
[Mon Jan 26 01:21:46.201137 2026] [php:error] [pid 67986] [client 185.177.72.13:0] script '/domains/hand-hammerweb/phpinfo1.php' not found or unable to stat
[Mon Jan 26 01:21:46.282909 2026] [php:error] [pid 67986] [client 185.177.72.13:0] script '/domains/hand-hammerweb/phpinfo2.php' not found or unable to stat
[Mon Jan 26 01:21:46.364742 2026] [php:error] [pid 67986] [client 185.177.72.13:0] script '/domains/hand-hammerweb/phpinfo3.php' not found or unable to stat
[Mon Jan 26 01:21:46.435030 2026] [php:error] [pid 67989] [client 185.177.72.56:0] script '/domains/awciii/token.php' not found or unable to stat
[Mon Jan 26 01:21:46.446671 2026] [php:error] [pid 67986] [client 185.177.72.13:0] script '/domains/hand-hammerweb/phpinfo4.php' not found or unable to stat
[Mon Jan 26 01:21:46.461370 2026] [php:error] [pid 67967] [client 185.177.72.13:0] script '/domains/hand-hammerweb/phpinfo1.php' not found or unable to stat
[Mon Jan 26 01:21:46.528598 2026] [php:error] [pid 67986] [client 185.177.72.13:0] script '/domains/hand-hammerweb/phpinfodev.php' not found or unable to stat
[Mon Jan 26 01:21:46.551814 2026] [php:error] [pid 67967] [client 185.177.72.13:0] script '/domains/hand-hammerweb/phpinfo2.php' not found or unable to stat
[Mon Jan 26 01:21:46.610399 2026] [php:error] [pid 67986] [client 185.177.72.13:0] script '/domains/hand-hammerweb/phpinfos.php' not found or unable to stat
[Mon Jan 26 01:21:46.642373 2026] [php:error] [pid 67967] [client 185.177.72.13:0] script '/domains/hand-hammerweb/phpinfo3.php' not found or unable to stat
[Mon Jan 26 01:21:46.732847 2026] [php:error] [pid 67967] [client 185.177.72.13:0] script '/domains/hand-hammerweb/phpinfo4.php' not found or unable to stat
[Mon Jan 26 01:21:46.823394 2026] [php:error] [pid 67967] [client 185.177.72.13:0] script '/domains/hand-hammerweb/phpinfodev.php' not found or unable to stat
[Mon Jan 26 01:21:46.905970 2026] [php:error] [pid 67989] [client 185.177.72.56:0] script '/domains/awciii/tz.php' not found or unable to stat
[Mon Jan 26 01:21:46.913892 2026] [php:error] [pid 67967] [client 185.177.72.13:0] script '/domains/hand-hammerweb/phpinfos.php' not found or unable to stat
[Mon Jan 26 01:21:46.937927 2026] [php:error] [pid 67986] [client 185.177.72.13:0] script '/domains/hand-hammerweb/phpsysinfo.php' not found or unable to stat
[Mon Jan 26 01:21:47.000069 2026] [php:error] [pid 67989] [client 185.177.72.56:0] script '/domains/awciii/u.php' not found or unable to stat
[Mon Jan 26 01:21:47.265860 2026] [php:error] [pid 67986] [client 185.177.72.13:0] script '/domains/hand-hammerweb/phptest.php' not found or unable to stat
[Mon Jan 26 01:21:47.276053 2026] [php:error] [pid 67967] [client 185.177.72.13:0] script '/domains/hand-hammerweb/phpsysinfo.php' not found or unable to stat
[Mon Jan 26 01:21:47.344067 2026] [php:error] [pid 67964] [client 185.177.72.38:0] script '/domains/markrose/wp-config-sample.php.bak' not found or unable to stat
[Mon Jan 26 01:21:47.347620 2026] [php:error] [pid 67986] [client 185.177.72.13:0] script '/domains/hand-hammerweb/phpversion.php' not found or unable to stat
[Mon Jan 26 01:21:47.428619 2026] [php:error] [pid 67964] [client 185.177.72.38:0] script '/domains/markrose/wp-config.php.bak1' not found or unable to stat
[Mon Jan 26 01:21:47.471847 2026] [php:error] [pid 67989] [client 185.177.72.56:0] script '/domains/awciii/up.php' not found or unable to stat
[Mon Jan 26 01:21:47.601285 2026] [php:error] [pid 67964] [client 185.177.72.38:0] script '/domains/markrose/config.inc.php.bak' not found or unable to stat
[Mon Jan 26 01:21:47.638558 2026] [php:error] [pid 67967] [client 185.177.72.13:0] script '/domains/hand-hammerweb/phptest.php' not found or unable to stat
[Mon Jan 26 01:21:47.686857 2026] [php:error] [pid 67964] [client 185.177.72.38:0] script '/domains/markrose/connect.php.bak' not found or unable to stat
[Mon Jan 26 01:21:47.730436 2026] [php:error] [pid 67967] [client 185.177.72.13:0] script '/domains/hand-hammerweb/phpversion.php' not found or unable to stat
[Mon Jan 26 01:21:47.770314 2026] [php:error] [pid 67964] [client 185.177.72.38:0] script '/domains/markrose/connection.php.bak' not found or unable to stat
[Mon Jan 26 01:21:47.853816 2026] [php:error] [pid 67964] [client 185.177.72.38:0] script '/domains/markrose/conn.php.bak' not found or unable to stat
[Mon Jan 26 01:21:48.254374 2026] [php:error] [pid 67987] [client 185.177.72.38:0] script '/domains/markrose/wp-config-sample.php.bak' not found or unable to stat
[Mon Jan 26 01:21:48.342124 2026] [php:error] [pid 67987] [client 185.177.72.38:0] script '/domains/markrose/wp-config.php.bak1' not found or unable to stat
[Mon Jan 26 01:21:48.519040 2026] [php:error] [pid 67987] [client 185.177.72.38:0] script '/domains/markrose/config.inc.php.bak' not found or unable to stat
