[Mon Jan 26 03:32:06.067879 2026] [php:error] [pid 92252] [client 181.215.65.180:0] script '/domains/antiqueweb1/alfa.php' not found or unable to stat
[Mon Jan 26 03:32:06.103180 2026] [php:error] [pid 92252] [client 181.215.65.180:0] script '/domains/antiqueweb1/c99.php' not found or unable to stat
[Mon Jan 26 03:32:06.119723 2026] [php:error] [pid 92209] [client 45.130.202.40:0] script '/domains/lover/fw.php' not found or unable to stat
[Mon Jan 26 03:32:06.160104 2026] [php:error] [pid 92252] [client 181.215.65.180:0] script '/domains/antiqueweb1/cmd.php' not found or unable to stat
[Mon Jan 26 03:32:06.199565 2026] [php:error] [pid 92252] [client 181.215.65.180:0] script '/domains/antiqueweb1/cw.php' not found or unable to stat
[Mon Jan 26 03:32:06.231084 2026] [php:error] [pid 92252] [client 181.215.65.180:0] script '/domains/antiqueweb1/date.php' not found or unable to stat
[Mon Jan 26 03:32:06.245476 2026] [php:error] [pid 92209] [client 45.130.202.40:0] script '/domains/lover/install.php' not found or unable to stat
[Mon Jan 26 03:32:06.254810 2026] [php:error] [pid 92252] [client 181.215.65.180:0] script '/domains/antiqueweb1/haxor.php' not found or unable to stat
[Mon Jan 26 03:32:06.288168 2026] [php:error] [pid 92252] [client 181.215.65.180:0] script '/domains/antiqueweb1/icomsium.php' not found or unable to stat
[Mon Jan 26 03:32:06.321702 2026] [php:error] [pid 92252] [client 181.215.65.180:0] script '/domains/antiqueweb1/ico.php' not found or unable to stat
[Mon Jan 26 03:32:06.370511 2026] [php:error] [pid 92252] [client 181.215.65.180:0] script '/domains/antiqueweb1/leaf.php' not found or unable to stat
[Mon Jan 26 03:32:06.391051 2026] [php:error] [pid 92209] [client 45.130.202.40:0] script '/domains/lover/wp-login.php' not found or unable to stat
[Mon Jan 26 03:32:06.412163 2026] [php:error] [pid 92252] [client 181.215.65.180:0] script '/domains/antiqueweb1/marijuana.php' not found or unable to stat
[Mon Jan 26 03:32:06.456665 2026] [php:error] [pid 92252] [client 181.215.65.180:0] script '/domains/antiqueweb1/mass.php' not found or unable to stat
[Mon Jan 26 03:32:06.504361 2026] [php:error] [pid 92252] [client 181.215.65.180:0] script '/domains/antiqueweb1/mini.php' not found or unable to stat
[Mon Jan 26 03:32:06.545193 2026] [php:error] [pid 92252] [client 181.215.65.180:0] script '/domains/antiqueweb1/priv8.php' not found or unable to stat
[Mon Jan 26 03:32:06.585542 2026] [php:error] [pid 92252] [client 181.215.65.180:0] script '/domains/antiqueweb1/pws.php' not found or unable to stat
[Mon Jan 26 03:32:06.613707 2026] [php:error] [pid 92252] [client 181.215.65.180:0] script '/domains/antiqueweb1/r57.php' not found or unable to stat
[Mon Jan 26 03:32:06.622096 2026] [php:error] [pid 92209] [client 45.130.202.40:0] script '/domains/lover/XxX.php' not found or unable to stat
[Mon Jan 26 03:32:06.639716 2026] [php:error] [pid 92252] [client 181.215.65.180:0] script '/domains/antiqueweb1/robots.php' not found or unable to stat
[Mon Jan 26 03:32:06.659695 2026] [php:error] [pid 92252] [client 181.215.65.180:0] script '/domains/antiqueweb1/snd.php' not found or unable to stat
[Mon Jan 26 03:32:06.691114 2026] [php:error] [pid 92252] [client 181.215.65.180:0] script '/domains/antiqueweb1/wp-class.php' not found or unable to stat
[Mon Jan 26 03:32:06.728047 2026] [php:error] [pid 92252] [client 181.215.65.180:0] script '/domains/antiqueweb1/new-index.php' not found or unable to stat
[Mon Jan 26 03:32:06.745482 2026] [php:error] [pid 92209] [client 45.130.202.40:0] script '/domains/lover/Marvins.php' not found or unable to stat
[Mon Jan 26 03:32:06.985178 2026] [php:error] [pid 92209] [client 45.130.202.40:0] script '/domains/lover/olux.php' not found or unable to stat
[Mon Jan 26 03:32:07.098155 2026] [php:error] [pid 92209] [client 45.130.202.40:0] script '/domains/lover/wso.php' not found or unable to stat
[Mon Jan 26 03:32:07.335534 2026] [php:error] [pid 92209] [client 45.130.202.40:0] script '/domains/lover/uploader.php' not found or unable to stat
[Mon Jan 26 03:32:07.368395 2026] [php:error] [pid 92252] [client 181.215.65.180:0] script '/domains/antiqueweb1/class-wp-widget-archives.php' not found or unable to stat
[Mon Jan 26 03:32:07.470522 2026] [php:error] [pid 92209] [client 45.130.202.40:0] script '/domains/lover/1337.php' not found or unable to stat
[Mon Jan 26 03:32:07.722388 2026] [php:error] [pid 92252] [client 181.215.65.180:0] script '/domains/antiqueweb1/xleet-shell.php' not found or unable to stat
[Mon Jan 26 03:32:07.746784 2026] [php:error] [pid 92252] [client 181.215.65.180:0] script '/domains/antiqueweb1/xleet.php' not found or unable to stat
[Mon Jan 26 03:32:07.772324 2026] [php:error] [pid 92252] [client 181.215.65.180:0] script '/domains/antiqueweb1/xleetshell.php' not found or unable to stat
[Mon Jan 26 03:32:07.818563 2026] [php:error] [pid 92209] [client 45.130.202.40:0] script '/domains/lover/user.php' not found or unable to stat
[Mon Jan 26 03:32:07.855056 2026] [php:error] [pid 92252] [client 181.215.65.180:0] script '/domains/antiqueweb1/xlt.php' not found or unable to stat
[Mon Jan 26 03:32:07.956562 2026] [php:error] [pid 92209] [client 45.130.202.40:0] script '/domains/lover/wp-info.php' not found or unable to stat
[Mon Jan 26 03:32:08.065696 2026] [php:error] [pid 92209] [client 45.130.202.40:0] script '/domains/lover/wxo.php' not found or unable to stat
[Mon Jan 26 03:32:08.065761 2026] [php:error] [pid 92252] [client 181.215.65.180:0] script '/domains/antiqueweb1/wp-apxupx.php' not found or unable to stat
[Mon Jan 26 03:32:08.085950 2026] [php:error] [pid 92252] [client 181.215.65.180:0] script '/domains/antiqueweb1/nf_tracking.php' not found or unable to stat
[Mon Jan 26 03:32:08.106838 2026] [php:error] [pid 92252] [client 181.215.65.180:0] script '/domains/antiqueweb1/class.api.php' not found or unable to stat
[Mon Jan 26 03:32:08.129609 2026] [php:error] [pid 92252] [client 181.215.65.180:0] script '/domains/antiqueweb1/xl2023.php' not found or unable to stat
[Mon Jan 26 03:32:08.149932 2026] [php:error] [pid 92252] [client 181.215.65.180:0] script '/domains/antiqueweb1/wp-head.php' not found or unable to stat
[Mon Jan 26 03:32:08.177496 2026] [php:error] [pid 92252] [client 181.215.65.180:0] script '/domains/antiqueweb1/wp-pano.php' not found or unable to stat
[Mon Jan 26 03:32:08.178636 2026] [php:error] [pid 92209] [client 45.130.202.40:0] script '/domains/lover/amigo.php' not found or unable to stat
[Mon Jan 26 03:32:08.283520 2026] [php:error] [pid 92252] [client 181.215.65.180:0] script '/domains/antiqueweb1/xmlrpc.php' not found or unable to stat
[Mon Jan 26 03:32:08.331130 2026] [php:error] [pid 92209] [client 45.130.202.40:0] script '/domains/lover/yoi.php' not found or unable to stat
[Mon Jan 26 03:32:08.333657 2026] [php:error] [pid 92252] [client 181.215.65.180:0] script '/domains/antiqueweb1/wp-admin.php' not found or unable to stat
[Mon Jan 26 03:32:08.461542 2026] [php:error] [pid 92252] [client 181.215.65.180:0] script '/domains/antiqueweb1/WSOEnigma.php' not found or unable to stat
[Mon Jan 26 03:32:08.630880 2026] [php:error] [pid 92252] [client 181.215.65.180:0] script '/domains/antiqueweb1/mah.php' not found or unable to stat
[Mon Jan 26 03:32:08.677274 2026] [php:error] [pid 92209] [client 45.130.202.40:0] script '/domains/lover/wp-contentt.php' not found or unable to stat
[Mon Jan 26 03:32:08.746459 2026] [php:error] [pid 92271] [client 104.234.32.217:0] script '/domains/antiqueweb1/test.php' not found or unable to stat
[Mon Jan 26 03:32:08.793442 2026] [php:error] [pid 92209] [client 45.130.202.40:0] script '/domains/lover/we1y8.php' not found or unable to stat
[Mon Jan 26 03:32:08.841074 2026] [php:error] [pid 92271] [client 104.234.32.217:0] script '/domains/antiqueweb1/gebase.php' not found or unable to stat
[Mon Jan 26 03:32:08.882837 2026] [php:error] [pid 92271] [client 104.234.32.217:0] script '/domains/antiqueweb1/defaults.php' not found or unable to stat
[Mon Jan 26 03:32:08.907018 2026] [php:error] [pid 92271] [client 104.234.32.217:0] script '/domains/antiqueweb1/asasx.php' not found or unable to stat
[Mon Jan 26 03:32:09.095902 2026] [php:error] [pid 92271] [client 104.234.32.217:0] script '/domains/antiqueweb1/contact.php' not found or unable to stat
[Mon Jan 26 03:32:09.167176 2026] [php:error] [pid 92271] [client 104.234.32.217:0] script '/domains/antiqueweb1/classwithtostring.php' not found or unable to stat
[Mon Jan 26 03:32:09.232036 2026] [php:error] [pid 92271] [client 104.234.32.217:0] script '/domains/antiqueweb1/mah.php' not found or unable to stat
[Mon Jan 26 03:32:09.280637 2026] [php:error] [pid 92271] [client 104.234.32.217:0] script '/domains/antiqueweb1/wp-add.php' not found or unable to stat
[Mon Jan 26 03:32:09.432158 2026] [php:error] [pid 92271] [client 104.234.32.217:0] script '/domains/antiqueweb1/403.php' not found or unable to stat
[Mon Jan 26 03:32:09.610126 2026] [php:error] [pid 92209] [client 45.130.202.40:0] script '/domains/lover/hehe.php' not found or unable to stat
[Mon Jan 26 03:32:09.755015 2026] [php:error] [pid 92271] [client 104.234.32.217:0] script '/domains/antiqueweb1/text.php' not found or unable to stat
[Mon Jan 26 03:32:09.773176 2026] [php:error] [pid 92209] [client 45.130.202.40:0] script '/domains/lover/post-data.php' not found or unable to stat
[Mon Jan 26 03:32:09.790497 2026] [php:error] [pid 92271] [client 104.234.32.217:0] script '/domains/antiqueweb1/xc.php' not found or unable to stat
[Mon Jan 26 03:32:09.926532 2026] [php:error] [pid 92271] [client 104.234.32.217:0] script '/domains/antiqueweb1/cgi-bin/xmrlpc.php' not found or unable to stat
[Mon Jan 26 03:32:10.058915 2026] [php:error] [pid 92271] [client 104.234.32.217:0] script '/domains/antiqueweb1/go.php' not found or unable to stat
[Mon Jan 26 03:32:10.102706 2026] [php:error] [pid 92209] [client 45.130.202.40:0] script '/domains/lover/w0.php' not found or unable to stat
[Mon Jan 26 03:32:10.125985 2026] [php:error] [pid 92271] [client 104.234.32.217:0] script '/domains/antiqueweb1/byp.php' not found or unable to stat
[Mon Jan 26 03:32:10.245879 2026] [php:error] [pid 92209] [client 45.130.202.40:0] script '/domains/lover/old-index.php' not found or unable to stat
[Mon Jan 26 03:32:10.361436 2026] [php:error] [pid 92209] [client 45.130.202.40:0] script '/domains/lover/wsanon.php' not found or unable to stat
[Mon Jan 26 03:32:10.380040 2026] [php:error] [pid 92271] [client 104.234.32.217:0] script '/domains/antiqueweb1/click.php' not found or unable to stat
[Mon Jan 26 03:32:10.539303 2026] [php:error] [pid 92271] [client 104.234.32.217:0] script '/domains/antiqueweb1/baxa1.php' not found or unable to stat
[Mon Jan 26 03:32:10.596631 2026] [php:error] [pid 92271] [client 104.234.32.217:0] script '/domains/antiqueweb1/in.php' not found or unable to stat
[Mon Jan 26 03:32:10.631091 2026] [php:error] [pid 92271] [client 104.234.32.217:0] script '/domains/antiqueweb1/geju.php' not found or unable to stat
[Mon Jan 26 03:32:10.692082 2026] [php:error] [pid 92209] [client 45.130.202.40:0] script '/domains/lover/indo.php' not found or unable to stat
[Mon Jan 26 03:32:10.708205 2026] [php:error] [pid 92271] [client 104.234.32.217:0] script '/domains/antiqueweb1/wp-signup.php' not found or unable to stat
[Mon Jan 26 03:32:10.756321 2026] [php:error] [pid 92271] [client 104.234.32.217:0] script '/domains/antiqueweb1/elp.php' not found or unable to stat
[Mon Jan 26 03:32:10.881410 2026] [php:error] [pid 92271] [client 104.234.32.217:0] script '/domains/antiqueweb1/chosen-667.php' not found or unable to stat
[Mon Jan 26 03:32:10.903375 2026] [php:error] [pid 92209] [client 45.130.202.40:0] script '/domains/lover/beence.php' not found or unable to stat
[Mon Jan 26 03:32:10.905780 2026] [php:error] [pid 92271] [client 104.234.32.217:0] script '/domains/antiqueweb1/network.php' not found or unable to stat
[Mon Jan 26 03:32:11.022960 2026] [php:error] [pid 92209] [client 45.130.202.40:0] script '/domains/lover/indosec.php' not found or unable to stat
[Mon Jan 26 03:32:11.023360 2026] [php:error] [pid 92252] [client 104.234.32.211:0] script '/domains/antiqueweb1/wp-mail.php' not found or unable to stat
[Mon Jan 26 03:32:11.099874 2026] [php:error] [pid 92252] [client 104.234.32.211:0] script '/domains/antiqueweb1/yanz.php' not found or unable to stat
[Mon Jan 26 03:32:11.153821 2026] [php:error] [pid 92209] [client 45.130.202.40:0] script '/domains/lover/archives.php' not found or unable to stat
[Mon Jan 26 03:32:11.272235 2026] [php:error] [pid 92209] [client 45.130.202.40:0] script '/domains/lover/po8sa.php' not found or unable to stat
[Mon Jan 26 03:32:11.379347 2026] [php:error] [pid 92209] [client 45.130.202.40:0] script '/domains/lover/thesmartestx.php' not found or unable to stat
[Mon Jan 26 03:32:11.495940 2026] [php:error] [pid 92209] [client 45.130.202.40:0] script '/domains/lover/zcanp.php' not found or unable to stat
[Mon Jan 26 03:32:11.747643 2026] [php:error] [pid 92274] [client 104.234.32.204:0] script '/domains/antiqueweb1/tiny.php' not found or unable to stat
[Mon Jan 26 03:32:11.774729 2026] [php:error] [pid 92274] [client 104.234.32.204:0] script '/domains/antiqueweb1/edit.php' not found or unable to stat
[Mon Jan 26 03:32:11.805241 2026] [php:error] [pid 92274] [client 104.234.32.204:0] script '/domains/antiqueweb1/first.php' not found or unable to stat
[Mon Jan 26 03:32:11.836965 2026] [php:error] [pid 92283] [client 45.130.202.3:0] script '/domains/lover/pvt.php' not found or unable to stat
[Mon Jan 26 03:32:11.971685 2026] [php:error] [pid 92283] [client 45.130.202.3:0] script '/domains/lover/shell20211028.php' not found or unable to stat
[Mon Jan 26 03:32:12.038205 2026] [php:error] [pid 92274] [client 104.234.32.204:0] script '/domains/antiqueweb1/bs1.php' not found or unable to stat
[Mon Jan 26 03:32:12.181533 2026] [php:error] [pid 92274] [client 104.234.32.204:0] script '/domains/antiqueweb1/cron.php' not found or unable to stat
[Mon Jan 26 03:32:12.199227 2026] [php:error] [pid 92283] [client 45.130.202.3:0] script '/domains/lover/crypted.php' not found or unable to stat
[Mon Jan 26 03:32:12.260242 2026] [php:error] [pid 92274] [client 104.234.32.204:0] script '/domains/antiqueweb1/db.php' not found or unable to stat
[Mon Jan 26 03:32:12.300687 2026] [php:error] [pid 92274] [client 104.234.32.204:0] script '/domains/antiqueweb1/fm.php' not found or unable to stat
[Mon Jan 26 03:32:12.341472 2026] [php:error] [pid 92283] [client 45.130.202.3:0] script '/domains/lover/h0110w4y.php' not found or unable to stat
[Mon Jan 26 03:32:12.427511 2026] [php:error] [pid 92274] [client 104.234.32.204:0] script '/domains/antiqueweb1/a.php' not found or unable to stat
[Mon Jan 26 03:32:12.442932 2026] [php:error] [pid 92283] [client 45.130.202.3:0] script '/domains/lover/vesiw.php' not found or unable to stat
[Mon Jan 26 03:32:12.536992 2026] [php:error] [pid 92274] [client 104.234.32.204:0] script '/domains/antiqueweb1/chosen.php' not found or unable to stat
[Mon Jan 26 03:32:12.545739 2026] [php:error] [pid 92283] [client 45.130.202.3:0] script '/domains/lover/w.php' not found or unable to stat
[Mon Jan 26 03:32:12.621554 2026] [php:error] [pid 92274] [client 104.234.32.204:0] script '/domains/antiqueweb1/back.php' not found or unable to stat
[Mon Jan 26 03:32:12.661872 2026] [php:error] [pid 92283] [client 45.130.202.3:0] script '/domains/lover/wp-db.php' not found or unable to stat
[Mon Jan 26 03:32:12.814117 2026] [php:error] [pid 92274] [client 104.234.32.204:0] script '/domains/antiqueweb1/new.php' not found or unable to stat
[Mon Jan 26 03:32:12.990629 2026] [php:error] [pid 92274] [client 104.234.32.204:0] script '/domains/antiqueweb1/phpfm3.php' not found or unable to stat
[Mon Jan 26 03:32:13.169781 2026] [php:error] [pid 92283] [client 45.130.202.3:0] script '/domains/lover/lx.php' not found or unable to stat
[Mon Jan 26 03:32:13.170550 2026] [php:error] [pid 92274] [client 104.234.32.204:0] script '/domains/antiqueweb1/post.php' not found or unable to stat
[Mon Jan 26 03:32:13.283545 2026] [php:error] [pid 92283] [client 45.130.202.3:0] script '/domains/lover/tonant.php' not found or unable to stat
[Mon Jan 26 03:32:13.385976 2026] [php:error] [pid 92283] [client 45.130.202.3:0] script '/domains/lover/f0x.php' not found or unable to stat
[Mon Jan 26 03:32:13.467533 2026] [php:error] [pid 92274] [client 104.234.32.204:0] script '/domains/antiqueweb1/randkeyword.php' not found or unable to stat
[Mon Jan 26 03:32:13.492974 2026] [php:error] [pid 92283] [client 45.130.202.3:0] script '/domains/lover/config.bak.php' not found or unable to stat
[Mon Jan 26 03:32:13.547002 2026] [php:error] [pid 92274] [client 104.234.32.204:0] script '/domains/antiqueweb1/xxx.php' not found or unable to stat
[Mon Jan 26 03:32:13.603037 2026] [php:error] [pid 92283] [client 45.130.202.3:0] script '/domains/lover/bypass403.php' not found or unable to stat
[Mon Jan 26 03:32:13.615760 2026] [php:error] [pid 92274] [client 104.234.32.204:0] script '/domains/antiqueweb1/lv.php' not found or unable to stat
[Mon Jan 26 03:32:13.653817 2026] [php:error] [pid 92274] [client 104.234.32.204:0] script '/domains/antiqueweb1/zip.php' not found or unable to stat
[Mon Jan 26 03:32:13.716081 2026] [php:error] [pid 92283] [client 45.130.202.3:0] script '/domains/lover/adminer.php' not found or unable to stat
[Mon Jan 26 03:32:13.826971 2026] [php:error] [pid 92283] [client 45.130.202.3:0] script '/domains/lover/allahnaber.php' not found or unable to stat
[Mon Jan 26 03:32:13.939213 2026] [php:error] [pid 92283] [client 45.130.202.3:0] script '/domains/lover/AK-74.php' not found or unable to stat
[Mon Jan 26 03:32:14.045128 2026] [php:error] [pid 92283] [client 45.130.202.3:0] script '/domains/lover/alfa3.php' not found or unable to stat
[Mon Jan 26 03:32:14.179798 2026] [php:error] [pid 92283] [client 45.130.202.3:0] script '/domains/lover/alfaindex.php' not found or unable to stat
[Mon Jan 26 03:32:14.286037 2026] [php:error] [pid 92274] [client 104.234.32.204:0] script '/domains/antiqueweb1/wp-cron.php' not found or unable to stat
[Mon Jan 26 03:32:14.313888 2026] [php:error] [pid 92283] [client 45.130.202.3:0] script '/domains/lover/alfa.php' not found or unable to stat
[Mon Jan 26 03:32:14.398565 2026] [php:error] [pid 92274] [client 104.234.32.204:0] script '/domains/antiqueweb1/cgi-bin/about.php' not found or unable to stat
[Mon Jan 26 03:32:14.426270 2026] [php:error] [pid 92283] [client 45.130.202.3:0] script '/domains/lover/c99.php' not found or unable to stat
[Mon Jan 26 03:32:14.492999 2026] [php:error] [pid 92274] [client 104.234.32.204:0] script '/domains/antiqueweb1/jp.php' not found or unable to stat
[Mon Jan 26 03:32:14.550454 2026] [php:error] [pid 92283] [client 45.130.202.3:0] script '/domains/lover/cmd.php' not found or unable to stat
[Mon Jan 26 03:32:14.590726 2026] [php:error] [pid 92274] [client 104.234.32.204:0] script '/domains/antiqueweb1/rcc.php' not found or unable to stat
[Mon Jan 26 03:32:14.673535 2026] [php:error] [pid 92283] [client 45.130.202.3:0] script '/domains/lover/cw.php' not found or unable to stat
[Mon Jan 26 03:32:14.681036 2026] [php:error] [pid 92274] [client 104.234.32.204:0] script '/domains/antiqueweb1/class.api.php' not found or unable to stat
[Mon Jan 26 03:32:14.718505 2026] [php:error] [pid 92274] [client 104.234.32.204:0] script '/domains/antiqueweb1/layout.php' not found or unable to stat
[Mon Jan 26 03:32:14.785638 2026] [php:error] [pid 92283] [client 45.130.202.3:0] script '/domains/lover/date.php' not found or unable to stat
[Mon Jan 26 03:32:14.790328 2026] [php:error] [pid 92274] [client 104.234.32.204:0] script '/domains/antiqueweb1/history.php' not found or unable to stat
[Mon Jan 26 03:32:14.909004 2026] [php:error] [pid 92283] [client 45.130.202.3:0] script '/domains/lover/haxor.php' not found or unable to stat
[Mon Jan 26 03:32:14.944563 2026] [php:error] [pid 92274] [client 104.234.32.204:0] script '/domains/antiqueweb1/images/about.php' not found or unable to stat
[Mon Jan 26 03:32:15.029293 2026] [php:error] [pid 92283] [client 45.130.202.3:0] script '/domains/lover/icomsium.php' not found or unable to stat
[Mon Jan 26 03:32:15.135036 2026] [php:error] [pid 92283] [client 45.130.202.3:0] script '/domains/lover/ico.php' not found or unable to stat
[Mon Jan 26 03:32:15.177013 2026] [php:error] [pid 92274] [client 104.234.32.204:0] script '/domains/antiqueweb1/about.php' not found or unable to stat
[Mon Jan 26 03:32:15.245695 2026] [php:error] [pid 92283] [client 45.130.202.3:0] script '/domains/lover/leaf.php' not found or unable to stat
[Mon Jan 26 03:32:15.246442 2026] [php:error] [pid 92274] [client 104.234.32.204:0] script '/domains/antiqueweb1/cong.php' not found or unable to stat
[Mon Jan 26 03:32:15.271791 2026] [php:error] [pid 92274] [client 104.234.32.204:0] script '/domains/antiqueweb1/cgi-bin/wp-login.php' not found or unable to stat
[Mon Jan 26 03:32:15.351008 2026] [php:error] [pid 92283] [client 45.130.202.3:0] script '/domains/lover/marijuana.php' not found or unable to stat
[Mon Jan 26 03:32:15.394196 2026] [php:error] [pid 92274] [client 104.234.32.204:0] script '/domains/antiqueweb1/wp-links.php' not found or unable to stat
[Mon Jan 26 03:32:15.468517 2026] [php:error] [pid 92283] [client 45.130.202.3:0] script '/domains/lover/mass.php' not found or unable to stat
[Mon Jan 26 03:32:15.503729 2026] [php:error] [pid 92252] [client 104.234.32.229:0] script '/domains/antiqueweb1/makeasmtp.php' not found or unable to stat
[Mon Jan 26 03:32:15.675625 2026] [php:error] [pid 92252] [client 104.234.32.229:0] script '/domains/antiqueweb1/login.php' not found or unable to stat
[Mon Jan 26 03:32:15.873347 2026] [php:error] [pid 92283] [client 45.130.202.3:0] script '/domains/lover/mini.php' not found or unable to stat
[Mon Jan 26 03:32:16.011164 2026] [php:error] [pid 92283] [client 45.130.202.3:0] script '/domains/lover/priv8.php' not found or unable to stat
[Mon Jan 26 03:32:16.022105 2026] [php:error] [pid 92252] [client 104.234.32.229:0] script '/domains/antiqueweb1/wander.php' not found or unable to stat
[Mon Jan 26 03:32:16.111605 2026] [php:error] [pid 92252] [client 104.234.32.229:0] script '/domains/antiqueweb1/wp-config-sample.php' not found or unable to stat
[Mon Jan 26 03:32:16.166518 2026] [php:error] [pid 92283] [client 45.130.202.3:0] script '/domains/lover/pws.php' not found or unable to stat
[Mon Jan 26 03:32:16.248936 2026] [php:error] [pid 92252] [client 104.234.32.229:0] script '/domains/antiqueweb1/images/autoload_classmap.php' not found or unable to stat
[Mon Jan 26 03:32:16.276159 2026] [php:error] [pid 92283] [client 45.130.202.3:0] script '/domains/lover/r57.php' not found or unable to stat
[Mon Jan 26 03:32:16.280572 2026] [php:error] [pid 92252] [client 104.234.32.229:0] script '/domains/antiqueweb1/manager.php' not found or unable to stat
[Mon Jan 26 03:32:16.391760 2026] [php:error] [pid 92283] [client 45.130.202.3:0] script '/domains/lover/robots.php' not found or unable to stat
[Mon Jan 26 03:32:16.404448 2026] [php:error] [pid 92252] [client 104.234.32.229:0] script '/domains/antiqueweb1/users.php' not found or unable to stat
[Mon Jan 26 03:32:16.497768 2026] [php:error] [pid 92283] [client 45.130.202.3:0] script '/domains/lover/snd.php' not found or unable to stat
[Mon Jan 26 03:32:16.604017 2026] [php:error] [pid 92252] [client 104.234.32.229:0] script '/domains/antiqueweb1/sim.php' not found or unable to stat
[Mon Jan 26 03:32:16.615591 2026] [php:error] [pid 92283] [client 45.130.202.3:0] script '/domains/lover/wp-class.php' not found or unable to stat
[Mon Jan 26 03:32:16.723700 2026] [php:error] [pid 92283] [client 45.130.202.3:0] script '/domains/lover/new-index.php' not found or unable to stat
[Mon Jan 26 03:32:16.797962 2026] [php:error] [pid 92252] [client 104.234.32.229:0] script '/domains/antiqueweb1/function.php' not found or unable to stat
[Mon Jan 26 03:32:17.292737 2026] [php:error] [pid 92252] [client 104.234.32.229:0] script '/domains/antiqueweb1/wp-mail.php' not found or unable to stat
[Mon Jan 26 03:32:17.419254 2026] [php:error] [pid 92252] [client 104.234.32.229:0] script '/domains/antiqueweb1/admin-post.php' not found or unable to stat
[Mon Jan 26 03:32:17.450041 2026] [php:error] [pid 92252] [client 104.234.32.229:0] script '/domains/antiqueweb1/conf_upload.php' not found or unable to stat
[Mon Jan 26 03:32:17.620963 2026] [php:error] [pid 92252] [client 104.234.32.229:0] script '/domains/antiqueweb1/wp-configs.php' not found or unable to stat
[Mon Jan 26 03:32:17.775762 2026] [php:error] [pid 92209] [client 181.215.65.188:0] script '/domains/antiqueweb1/cgi-bin/file.php' not found or unable to stat
[Mon Jan 26 03:32:17.804683 2026] [php:error] [pid 92209] [client 181.215.65.188:0] script '/domains/antiqueweb1/f35.php' not found or unable to stat
[Mon Jan 26 03:32:17.891638 2026] [php:error] [pid 92209] [client 181.215.65.188:0] script '/domains/antiqueweb1/edit.php' not found or unable to stat
[Mon Jan 26 03:32:18.030352 2026] [php:error] [pid 92209] [client 181.215.65.188:0] script '/domains/antiqueweb1/files.php' not found or unable to stat
[Mon Jan 26 03:32:18.049082 2026] [php:error] [pid 92209] [client 181.215.65.188:0] script '/domains/antiqueweb1/webadmin.php' not found or unable to stat
[Mon Jan 26 03:32:18.117420 2026] [php:error] [pid 92209] [client 181.215.65.188:0] script '/domains/antiqueweb1/wsa.php' not found or unable to stat
[Mon Jan 26 03:32:18.162310 2026] [php:error] [pid 92209] [client 181.215.65.188:0] script '/domains/antiqueweb1/tinyfilemanager.php' not found or unable to stat
[Mon Jan 26 03:32:18.290188 2026] [php:error] [pid 92209] [client 181.215.65.188:0] script '/domains/antiqueweb1/cgi-bin/index.php' not found or unable to stat
[Mon Jan 26 03:32:18.347033 2026] [php:error] [pid 92209] [client 181.215.65.188:0] script '/domains/antiqueweb1/woh.php' not found or unable to stat
[Mon Jan 26 03:32:18.431978 2026] [php:error] [pid 92209] [client 181.215.65.188:0] script '/domains/antiqueweb1/bless.php' not found or unable to stat
[Mon Jan 26 03:32:18.462396 2026] [php:error] [pid 92209] [client 181.215.65.188:0] script '/domains/antiqueweb1/wp-trackback.php' not found or unable to stat
[Mon Jan 26 03:32:18.513123 2026] [php:error] [pid 92209] [client 181.215.65.188:0] script '/domains/antiqueweb1/info.php' not found or unable to stat
[Mon Jan 26 03:32:18.646443 2026] [php:error] [pid 92209] [client 181.215.65.188:0] script '/domains/antiqueweb1/buy.php' not found or unable to stat
[Mon Jan 26 03:32:18.703983 2026] [php:error] [pid 92209] [client 181.215.65.188:0] script '/domains/antiqueweb1/readme.php' not found or unable to stat
[Mon Jan 26 03:32:18.726801 2026] [php:error] [pid 92209] [client 181.215.65.188:0] script '/domains/antiqueweb1/sck.php' not found or unable to stat
[Mon Jan 26 03:32:18.764626 2026] [php:error] [pid 92209] [client 181.215.65.188:0] script '/domains/antiqueweb1/fm.php' not found or unable to stat
[Mon Jan 26 03:32:18.843883 2026] [php:error] [pid 92209] [client 181.215.65.188:0] script '/domains/antiqueweb1/packed.php' not found or unable to stat
[Mon Jan 26 03:32:18.891936 2026] [php:error] [pid 92209] [client 181.215.65.188:0] script '/domains/antiqueweb1/about.php' not found or unable to stat
[Mon Jan 26 03:32:18.989436 2026] [php:error] [pid 92209] [client 181.215.65.188:0] script '/domains/antiqueweb1/plugin.php' not found or unable to stat
[Mon Jan 26 03:32:19.110277 2026] [php:error] [pid 92209] [client 181.215.65.188:0] script '/domains/antiqueweb1/chosen.php' not found or unable to stat
[Mon Jan 26 03:32:19.147537 2026] [php:error] [pid 92209] [client 181.215.65.188:0] script '/domains/antiqueweb1/load.php' not found or unable to stat
[Mon Jan 26 03:32:19.197439 2026] [php:error] [pid 92209] [client 181.215.65.188:0] script '/domains/antiqueweb1/edit-tags.php' not found or unable to stat
[Mon Jan 26 03:32:19.294900 2026] [php:error] [pid 92283] [client 45.130.202.3:0] script '/domains/lover/class-wp-widget-archives.php' not found or unable to stat
[Mon Jan 26 03:32:19.299430 2026] [php:error] [pid 92209] [client 181.215.65.188:0] script '/domains/antiqueweb1/autoload_classmap.php' not found or unable to stat
[Mon Jan 26 03:32:19.330558 2026] [php:error] [pid 92209] [client 181.215.65.188:0] script '/domains/antiqueweb1/lock.php' not found or unable to stat
[Mon Jan 26 03:32:19.517268 2026] [php:error] [pid 92274] [client 181.215.65.178:0] script '/domains/antiqueweb1/product.php' not found or unable to stat
[Mon Jan 26 03:32:19.682308 2026] [php:error] [pid 92280] [client 104.234.32.226:0] script '/domains/antiqueweb1/base.php' not found or unable to stat
[Mon Jan 26 03:32:19.770671 2026] [php:error] [pid 92280] [client 104.234.32.226:0] script '/domains/antiqueweb1/zero.php' not found or unable to stat
[Mon Jan 26 03:32:19.887048 2026] [php:error] [pid 92280] [client 104.234.32.226:0] script '/domains/antiqueweb1/style.php' not found or unable to stat
[Mon Jan 26 03:32:19.917694 2026] [php:error] [pid 92280] [client 104.234.32.226:0] script '/domains/antiqueweb1/db.php' not found or unable to stat
[Mon Jan 26 03:32:20.101773 2026] [php:error] [pid 92282] [client 104.234.32.229:0] script '/domains/antiqueweb1/wp-set.php' not found or unable to stat
[Mon Jan 26 03:32:20.131924 2026] [php:error] [pid 92282] [client 104.234.32.229:0] script '/domains/antiqueweb1/file.php' not found or unable to stat
[Mon Jan 26 03:32:20.460178 2026] [php:error] [pid 92283] [client 45.130.202.3:0] script '/domains/lover/xleet-shell.php' not found or unable to stat
[Mon Jan 26 03:32:20.575755 2026] [php:error] [pid 92283] [client 45.130.202.3:0] script '/domains/lover/xleet.php' not found or unable to stat
[Mon Jan 26 03:32:20.703319 2026] [php:error] [pid 92283] [client 45.130.202.3:0] script '/domains/lover/xleetshell.php' not found or unable to stat
[Mon Jan 26 03:32:20.719662 2026] [php:error] [pid 92252] [client 104.234.32.219:0] script '/domains/antiqueweb1/moon.php' not found or unable to stat
[Mon Jan 26 03:32:20.968241 2026] [php:error] [pid 92252] [client 104.234.32.219:0] script '/domains/antiqueweb1/pages.php' not found or unable to stat
[Mon Jan 26 03:32:21.009343 2026] [php:error] [pid 92252] [client 104.234.32.219:0] script '/domains/antiqueweb1/bulk.php' not found or unable to stat
[Mon Jan 26 03:32:21.029257 2026] [php:error] [pid 92283] [client 45.130.202.3:0] script '/domains/lover/xlt.php' not found or unable to stat
[Mon Jan 26 03:32:21.072693 2026] [php:error] [pid 92252] [client 104.234.32.219:0] script '/domains/antiqueweb1/kk.php' not found or unable to stat
[Mon Jan 26 03:32:21.164589 2026] [php:error] [pid 92252] [client 104.234.32.219:0] script '/domains/antiqueweb1/wp-logout.php' not found or unable to stat
[Mon Jan 26 03:32:21.333589 2026] [php:error] [pid 92252] [client 104.234.32.219:0] script '/domains/antiqueweb1/classwithtostring.php' not found or unable to stat
[Mon Jan 26 03:32:21.368302 2026] [php:error] [pid 92252] [client 104.234.32.219:0] script '/domains/antiqueweb1/wp-setup.php' not found or unable to stat
[Mon Jan 26 03:32:21.458653 2026] [php:error] [pid 92252] [client 104.234.32.219:0] script '/domains/antiqueweb1/wp-editor.php' not found or unable to stat
[Mon Jan 26 03:32:21.482958 2026] [php:error] [pid 92252] [client 104.234.32.219:0] script '/domains/antiqueweb1/wp-simple.php' not found or unable to stat
[Mon Jan 26 03:32:21.706476 2026] [php:error] [pid 92283] [client 45.130.202.3:0] script '/domains/lover/wp-apxupx.php' not found or unable to stat
[Mon Jan 26 03:32:21.818395 2026] [php:error] [pid 92283] [client 45.130.202.3:0] script '/domains/lover/nf_tracking.php' not found or unable to stat
[Mon Jan 26 03:32:21.842389 2026] [php:error] [pid 92252] [client 104.234.32.219:0] script '/domains/antiqueweb1/hehehehe.php' not found or unable to stat
[Mon Jan 26 03:32:22.027002 2026] [php:error] [pid 92283] [client 45.130.202.3:0] script '/domains/lover/class.api.php' not found or unable to stat
[Mon Jan 26 03:32:22.152771 2026] [php:error] [pid 92283] [client 45.130.202.3:0] script '/domains/lover/xl2023.php' not found or unable to stat
[Mon Jan 26 03:32:22.155987 2026] [php:error] [pid 92252] [client 104.234.32.219:0] script '/domains/antiqueweb1/header.php' not found or unable to stat
[Mon Jan 26 03:32:22.188814 2026] [php:error] [pid 92252] [client 104.234.32.219:0] script '/domains/antiqueweb1/gecko.php' not found or unable to stat
[Mon Jan 26 03:32:22.261881 2026] [php:error] [pid 92283] [client 45.130.202.3:0] script '/domains/lover/wp-head.php' not found or unable to stat
[Mon Jan 26 03:32:22.334668 2026] [php:error] [pid 92252] [client 104.234.32.219:0] script '/domains/antiqueweb1/bk.php' not found or unable to stat
[Mon Jan 26 03:32:22.365933 2026] [php:error] [pid 92283] [client 45.130.202.3:0] script '/domains/lover/wp-pano.php' not found or unable to stat
[Mon Jan 26 03:32:22.696067 2026] [php:error] [pid 92283] [client 45.130.202.3:0] script '/domains/lover/xmlrpc.php' not found or unable to stat
[Mon Jan 26 03:32:22.817518 2026] [php:error] [pid 92283] [client 45.130.202.3:0] script '/domains/lover/wp-admin.php' not found or unable to stat
[Mon Jan 26 03:32:23.259277 2026] [php:error] [pid 92283] [client 45.130.202.3:0] script '/domains/lover/WSOEnigma.php' not found or unable to stat
[Mon Jan 26 03:32:23.704477 2026] [php:error] [pid 92271] [client 104.234.32.221:0] script '/domains/antiqueweb1/about.php' not found or unable to stat
[Mon Jan 26 03:32:23.740901 2026] [php:error] [pid 92271] [client 104.234.32.221:0] script '/domains/antiqueweb1/sym.php' not found or unable to stat
[Mon Jan 26 03:32:23.830372 2026] [php:error] [pid 92283] [client 45.130.202.3:0] script '/domains/lover/mah.php' not found or unable to stat
[Mon Jan 26 03:32:23.975713 2026] [php:error] [pid 92271] [client 104.234.32.221:0] script '/domains/antiqueweb1/sk.php' not found or unable to stat
[Mon Jan 26 03:32:24.160798 2026] [php:error] [pid 92252] [client 181.215.65.180:0] script '/domains/antiqueweb1/images/Marvins.php' not found or unable to stat
[Mon Jan 26 03:32:24.165648 2026] [php:error] [pid 92274] [client 45.130.202.25:0] script '/domains/lover/test.php' not found or unable to stat
[Mon Jan 26 03:32:24.236644 2026] [php:error] [pid 92252] [client 181.215.65.180:0] script '/domains/antiqueweb1/images/index.php' not found or unable to stat
[Mon Jan 26 03:32:24.385207 2026] [php:error] [pid 92274] [client 45.130.202.25:0] script '/domains/lover/gebase.php' not found or unable to stat
[Mon Jan 26 03:32:24.446839 2026] [php:error] [pid 92252] [client 181.215.65.180:0] script '/domains/antiqueweb1/sys.php' not found or unable to stat
[Mon Jan 26 03:32:24.548701 2026] [php:error] [pid 92252] [client 181.215.65.180:0] script '/domains/antiqueweb1/wp-user.php' not found or unable to stat
[Mon Jan 26 03:32:24.567687 2026] [php:error] [pid 92274] [client 45.130.202.25:0] script '/domains/lover/defaults.php' not found or unable to stat
[Mon Jan 26 03:32:24.594543 2026] [php:error] [pid 92252] [client 181.215.65.180:0] script '/domains/antiqueweb1/customize.php' not found or unable to stat
[Mon Jan 26 03:32:24.668982 2026] [php:error] [pid 92274] [client 45.130.202.25:0] script '/domains/lover/asasx.php' not found or unable to stat
[Mon Jan 26 03:32:25.163160 2026] [php:error] [pid 92274] [client 45.130.202.25:0] script '/domains/lover/contact.php' not found or unable to stat
[Mon Jan 26 03:32:25.266052 2026] [php:error] [pid 92274] [client 45.130.202.25:0] script '/domains/lover/classwithtostring.php' not found or unable to stat
[Mon Jan 26 03:32:25.368626 2026] [php:error] [pid 92274] [client 45.130.202.25:0] script '/domains/lover/mah.php' not found or unable to stat
[Mon Jan 26 03:32:25.483517 2026] [php:error] [pid 92274] [client 45.130.202.25:0] script '/domains/lover/wp-add.php' not found or unable to stat
[Mon Jan 26 03:32:25.813163 2026] [php:error] [pid 92282] [client 104.234.32.219:0] script '/domains/antiqueweb1/fm1.php' not found or unable to stat
[Mon Jan 26 03:32:25.934080 2026] [php:error] [pid 92282] [client 104.234.32.219:0] script '/domains/antiqueweb1/wp-settings.php' not found or unable to stat
[Mon Jan 26 03:32:25.965539 2026] [php:error] [pid 92274] [client 45.130.202.25:0] script '/domains/lover/403.php' not found or unable to stat
[Mon Jan 26 03:32:26.012025 2026] [php:error] [pid 92282] [client 104.234.32.219:0] script '/domains/antiqueweb1/wp-file.php' not found or unable to stat
[Mon Jan 26 03:32:26.042792 2026] [php:error] [pid 92282] [client 104.234.32.219:0] script '/domains/antiqueweb1/wp-content.php' not found or unable to stat
[Mon Jan 26 03:32:26.105478 2026] [php:error] [pid 92282] [client 104.234.32.219:0] script '/domains/antiqueweb1/log.php' not found or unable to stat
[Mon Jan 26 03:32:26.178874 2026] [php:error] [pid 92282] [client 104.234.32.219:0] script '/domains/antiqueweb1/ioxi01.php' not found or unable to stat
[Mon Jan 26 03:32:26.625254 2026] [php:error] [pid 92274] [client 45.130.202.25:0] script '/domains/lover/text.php' not found or unable to stat
[Mon Jan 26 03:32:26.655903 2026] [php:error] [pid 92282] [client 104.234.32.219:0] script '/domains/antiqueweb1/xx.php' not found or unable to stat
[Mon Jan 26 03:32:26.725948 2026] [php:error] [pid 92274] [client 45.130.202.25:0] script '/domains/lover/xc.php' not found or unable to stat
[Mon Jan 26 03:32:26.730820 2026] [php:error] [pid 92282] [client 104.234.32.219:0] script '/domains/antiqueweb1/cgi-bin/cyohbodf.php' not found or unable to stat
[Mon Jan 26 03:32:27.025594 2026] [php:error] [pid 92282] [client 104.234.32.219:0] script '/domains/antiqueweb1/images.php' not found or unable to stat
[Mon Jan 26 03:32:27.054858 2026] [php:error] [pid 92282] [client 104.234.32.219:0] script '/domains/antiqueweb1/wp-aespa.php' not found or unable to stat
[Mon Jan 26 03:32:27.121865 2026] [php:error] [pid 92282] [client 104.234.32.219:0] script '/domains/antiqueweb1/cgi-bin/install.php' not found or unable to stat
[Mon Jan 26 03:32:27.599653 2026] [php:error] [pid 92274] [client 45.130.202.25:0] script '/domains/lover/go.php' not found or unable to stat
[Mon Jan 26 03:32:27.861614 2026] [php:error] [pid 92274] [client 45.130.202.25:0] script '/domains/lover/byp.php' not found or unable to stat
[Mon Jan 26 03:32:28.660993 2026] [php:error] [pid 92252] [client 104.234.32.222:0] script '/domains/antiqueweb1/wp-l0gin.php' not found or unable to stat
[Mon Jan 26 03:32:28.865409 2026] [php:error] [pid 92274] [client 45.130.202.25:0] script '/domains/lover/click.php' not found or unable to stat
[Mon Jan 26 03:32:28.930476 2026] [php:error] [pid 92252] [client 104.234.32.222:0] script '/domains/antiqueweb1/wp-conflg.php' not found or unable to stat
[Mon Jan 26 03:32:29.128052 2026] [php:error] [pid 92252] [client 104.234.32.222:0] script '/domains/antiqueweb1/images/worksec.php' not found or unable to stat
[Mon Jan 26 03:32:29.180869 2026] [php:error] [pid 92252] [client 104.234.32.222:0] script '/domains/antiqueweb1/images/rest.php' not found or unable to stat
[Mon Jan 26 03:32:29.298275 2026] [php:error] [pid 92274] [client 45.130.202.25:0] script '/domains/lover/baxa1.php' not found or unable to stat
[Mon Jan 26 03:32:29.515019 2026] [php:error] [pid 92274] [client 45.130.202.25:0] script '/domains/lover/in.php' not found or unable to stat
[Mon Jan 26 03:32:29.634461 2026] [php:error] [pid 92274] [client 45.130.202.25:0] script '/domains/lover/geju.php' not found or unable to stat
[Mon Jan 26 03:32:29.849106 2026] [php:error] [pid 92274] [client 45.130.202.25:0] script '/domains/lover/wp-signup.php' not found or unable to stat
[Mon Jan 26 03:32:29.949916 2026] [php:error] [pid 92274] [client 45.130.202.25:0] script '/domains/lover/elp.php' not found or unable to stat
[Mon Jan 26 03:32:30.312192 2026] [php:error] [pid 92274] [client 45.130.202.25:0] script '/domains/lover/chosen-667.php' not found or unable to stat
[Mon Jan 26 03:32:30.427107 2026] [php:error] [pid 92274] [client 45.130.202.25:0] script '/domains/lover/network.php' not found or unable to stat
[Mon Jan 26 03:32:30.806082 2026] [php:error] [pid 92271] [client 45.130.202.35:0] script '/domains/lover/wp-mail.php' not found or unable to stat
[Mon Jan 26 03:32:31.301704 2026] [php:error] [pid 92271] [client 45.130.202.35:0] script '/domains/lover/yanz.php' not found or unable to stat
[Mon Jan 26 03:32:31.632414 2026] [php:error] [pid 92252] [client 104.234.32.233:0] script '/domains/antiqueweb1/0x.php' not found or unable to stat
[Mon Jan 26 03:32:31.788587 2026] [php:error] [pid 92252] [client 104.234.32.233:0] script '/domains/antiqueweb1/wpn.php' not found or unable to stat
[Mon Jan 26 03:32:31.834629 2026] [php:error] [pid 92252] [client 104.234.32.233:0] script '/domains/antiqueweb1/cloud.php' not found or unable to stat
[Mon Jan 26 03:32:31.873914 2026] [php:error] [pid 92252] [client 104.234.32.233:0] script '/domains/antiqueweb1/upload.php' not found or unable to stat
[Mon Jan 26 03:32:31.913634 2026] [php:error] [pid 92252] [client 104.234.32.233:0] script '/domains/antiqueweb1/init.php' not found or unable to stat
[Mon Jan 26 03:32:32.001084 2026] [php:error] [pid 92252] [client 104.234.32.233:0] script '/domains/antiqueweb1/wp-blog.php' not found or unable to stat
[Mon Jan 26 03:32:32.214040 2026] [php:error] [pid 92252] [client 104.234.32.233:0] script '/domains/antiqueweb1/payout.php' not found or unable to stat
[Mon Jan 26 03:32:32.252318 2026] [php:error] [pid 92252] [client 104.234.32.233:0] script '/domains/antiqueweb1/lock360.php' not found or unable to stat
[Mon Jan 26 03:32:32.288644 2026] [php:error] [pid 92252] [client 104.234.32.233:0] script '/domains/antiqueweb1/x.php' not found or unable to stat
[Mon Jan 26 03:32:32.335355 2026] [php:error] [pid 92252] [client 104.234.32.233:0] script '/domains/antiqueweb1/wp_info.php' not found or unable to stat
[Mon Jan 26 03:32:32.404631 2026] [php:error] [pid 92252] [client 104.234.32.233:0] script '/domains/antiqueweb1/xml.php' not found or unable to stat
[Mon Jan 26 03:32:32.444011 2026] [php:error] [pid 92252] [client 104.234.32.233:0] script '/domains/antiqueweb1/by.php' not found or unable to stat
[Mon Jan 26 03:32:32.949460 2026] [php:error] [pid 92252] [client 104.234.32.233:0] script '/domains/antiqueweb1/default.php' not found or unable to stat
[Mon Jan 26 03:32:32.990584 2026] [php:error] [pid 92252] [client 104.234.32.233:0] script '/domains/antiqueweb1/fox.php' not found or unable to stat
[Mon Jan 26 03:32:33.050590 2026] [php:error] [pid 92252] [client 104.234.32.233:0] script '/domains/antiqueweb1/google.php' not found or unable to stat
[Mon Jan 26 03:32:33.131202 2026] [php:error] [pid 92252] [client 104.234.32.233:0] script '/domains/antiqueweb1/ovatools.php' not found or unable to stat
[Mon Jan 26 03:32:33.168359 2026] [php:error] [pid 92252] [client 104.234.32.233:0] script '/domains/antiqueweb1/sidwso.php' not found or unable to stat
[Mon Jan 26 03:32:33.186630 2026] [php:error] [pid 92280] [client 45.130.202.29:0] script '/domains/lover/tiny.php' not found or unable to stat
[Mon Jan 26 03:32:33.211391 2026] [php:error] [pid 92252] [client 104.234.32.233:0] script '/domains/antiqueweb1/worksec.php' not found or unable to stat
[Mon Jan 26 03:32:33.296091 2026] [php:error] [pid 92280] [client 45.130.202.29:0] script '/domains/lover/edit.php' not found or unable to stat
[Mon Jan 26 03:32:33.417257 2026] [php:error] [pid 92280] [client 45.130.202.29:0] script '/domains/lover/first.php' not found or unable to stat
[Mon Jan 26 03:32:33.527400 2026] [php:error] [pid 92252] [client 104.234.32.233:0] script '/domains/antiqueweb1/Simple.php' not found or unable to stat
[Mon Jan 26 03:32:33.584461 2026] [php:error] [pid 92252] [client 104.234.32.233:0] script '/domains/antiqueweb1/wp-blog-header.php' not found or unable to stat
[Mon Jan 26 03:32:33.626973 2026] [php:error] [pid 92252] [client 104.234.32.233:0] script '/domains/antiqueweb1/style2.php' not found or unable to stat
[Mon Jan 26 03:32:33.662382 2026] [php:error] [pid 92252] [client 104.234.32.233:0] script '/domains/antiqueweb1/wp-scripts.php' not found or unable to stat
[Mon Jan 26 03:32:33.701039 2026] [php:error] [pid 92252] [client 104.234.32.233:0] script '/domains/antiqueweb1/adminfuns.php' not found or unable to stat
[Mon Jan 26 03:32:33.737864 2026] [php:error] [pid 92252] [client 104.234.32.233:0] script '/domains/antiqueweb1/cjfuns.php' not found or unable to stat
[Mon Jan 26 03:32:33.777895 2026] [php:error] [pid 92252] [client 104.234.32.233:0] script '/domains/antiqueweb1/comfunctions.php' not found or unable to stat
[Mon Jan 26 03:32:33.840849 2026] [php:error] [pid 92252] [client 104.234.32.233:0] script '/domains/antiqueweb1/delpaths.php' not found or unable to stat
[Mon Jan 26 03:32:33.890396 2026] [php:error] [pid 92252] [client 104.234.32.233:0] script '/domains/antiqueweb1/epinyins.php' not found or unable to stat
[Mon Jan 26 03:32:33.925515 2026] [php:error] [pid 92252] [client 104.234.32.233:0] script '/domains/antiqueweb1/filefuns.php' not found or unable to stat
[Mon Jan 26 03:32:33.962396 2026] [php:error] [pid 92252] [client 104.234.32.233:0] script '/domains/antiqueweb1/hinfofuns.php' not found or unable to stat
[Mon Jan 26 03:32:34.007352 2026] [php:error] [pid 92252] [client 104.234.32.233:0] script '/domains/antiqueweb1/qfunctions.php' not found or unable to stat
[Mon Jan 26 03:32:34.278367 2026] [php:error] [pid 92252] [client 104.234.32.233:0] script '/domains/antiqueweb1/qinfofuns.php' not found or unable to stat
[Mon Jan 26 03:32:34.305498 2026] [php:error] [pid 92252] [client 104.234.32.233:0] script '/domains/antiqueweb1/thoms.php' not found or unable to stat
[Mon Jan 26 03:32:34.327084 2026] [php:error] [pid 92280] [client 45.130.202.29:0] script '/domains/lover/bs1.php' not found or unable to stat
[Mon Jan 26 03:32:34.329648 2026] [php:error] [pid 92252] [client 104.234.32.233:0] script '/domains/antiqueweb1/postnews.php' not found or unable to stat
[Mon Jan 26 03:32:34.376880 2026] [php:error] [pid 92252] [client 104.234.32.233:0] script '/domains/antiqueweb1/admin-ajax.php' not found or unable to stat
[Mon Jan 26 03:32:34.417794 2026] [php:error] [pid 92252] [client 104.234.32.233:0] script '/domains/antiqueweb1/link.php' not found or unable to stat
[Mon Jan 26 03:32:34.446659 2026] [php:error] [pid 92252] [client 104.234.32.233:0] script '/domains/antiqueweb1/ms-themes.php' not found or unable to stat
[Mon Jan 26 03:32:34.476373 2026] [php:error] [pid 92252] [client 104.234.32.233:0] script '/domains/antiqueweb1/my-sites.php' not found or unable to stat
[Mon Jan 26 03:32:34.511440 2026] [php:error] [pid 92252] [client 104.234.32.233:0] script '/domains/antiqueweb1/media.php' not found or unable to stat
[Mon Jan 26 03:32:34.544912 2026] [php:error] [pid 92252] [client 104.234.32.233:0] script '/domains/antiqueweb1/nav-menus.php' not found or unable to stat
[Mon Jan 26 03:32:34.571032 2026] [php:error] [pid 92252] [client 104.234.32.233:0] script '/domains/antiqueweb1/menu.php' not found or unable to stat
[Mon Jan 26 03:32:34.595200 2026] [php:error] [pid 92252] [client 104.234.32.233:0] script '/domains/antiqueweb1/options-head.php' not found or unable to stat
[Mon Jan 26 03:32:34.633172 2026] [php:error] [pid 92252] [client 104.234.32.233:0] script '/domains/antiqueweb1/revision.php' not found or unable to stat
[Mon Jan 26 03:32:34.677783 2026] [php:error] [pid 92252] [client 104.234.32.233:0] script '/domains/antiqueweb1/widgets.php' not found or unable to stat
[Mon Jan 26 03:32:34.708419 2026] [php:error] [pid 92252] [client 104.234.32.233:0] script '/domains/antiqueweb1/term.php' not found or unable to stat
[Mon Jan 26 03:32:34.745892 2026] [php:error] [pid 92252] [client 104.234.32.233:0] script '/domains/antiqueweb1/system_log.php' not found or unable to stat
[Mon Jan 26 03:32:34.762482 2026] [php:error] [pid 92280] [client 45.130.202.29:0] script '/domains/lover/cron.php' not found or unable to stat
[Mon Jan 26 03:32:34.839139 2026] [php:error] [pid 92283] [client 104.234.32.208:0] script '/domains/antiqueweb1/moded.php' not found or unable to stat
[Mon Jan 26 03:32:34.977070 2026] [php:error] [pid 92283] [client 104.234.32.208:0] script '/domains/antiqueweb1/upgrade.php' not found or unable to stat
[Mon Jan 26 03:32:35.001922 2026] [php:error] [pid 92280] [client 45.130.202.29:0] script '/domains/lover/db.php' not found or unable to stat
[Mon Jan 26 03:32:35.011241 2026] [php:error] [pid 92283] [client 104.234.32.208:0] script '/domains/antiqueweb1/gh.php' not found or unable to stat
[Mon Jan 26 03:32:35.037381 2026] [php:error] [pid 92283] [client 104.234.32.208:0] script '/domains/antiqueweb1/version.php' not found or unable to stat
[Mon Jan 26 03:32:35.067560 2026] [php:error] [pid 92283] [client 104.234.32.208:0] script '/domains/antiqueweb1/head.php' not found or unable to stat
[Mon Jan 26 03:32:35.100958 2026] [php:error] [pid 92283] [client 104.234.32.208:0] script '/domains/antiqueweb1/index1.php' not found or unable to stat
[Mon Jan 26 03:32:35.108208 2026] [php:error] [pid 92280] [client 45.130.202.29:0] script '/domains/lover/fm.php' not found or unable to stat
[Mon Jan 26 03:32:35.135977 2026] [php:error] [pid 92283] [client 104.234.32.208:0] script '/domains/antiqueweb1/theme-insqbzk.php' not found or unable to stat
[Mon Jan 26 03:32:35.195931 2026] [php:error] [pid 92283] [client 104.234.32.208:0] script '/domains/antiqueweb1/good.php' not found or unable to stat
[Mon Jan 26 03:32:35.243028 2026] [php:error] [pid 92283] [client 104.234.32.208:0] script '/domains/antiqueweb1/main.php' not found or unable to stat
[Mon Jan 26 03:32:35.316669 2026] [php:error] [pid 92283] [client 104.234.32.208:0] script '/domains/antiqueweb1/wsoyanz.php' not found or unable to stat
