[Mon Jan 26 04:10:34.254488 2026] [php:error] [pid 98312] [client 52.164.187.143:0] script '/domains/system_default/ah21.php' not found or unable to stat
[Mon Jan 26 04:10:34.327771 2026] [php:error] [pid 98312] [client 52.164.187.143:0] script '/domains/system_default/ah22.php' not found or unable to stat
[Mon Jan 26 04:10:34.400897 2026] [php:error] [pid 98312] [client 52.164.187.143:0] script '/domains/system_default/ws38.php' not found or unable to stat
[Mon Jan 26 04:10:34.547621 2026] [php:error] [pid 98312] [client 52.164.187.143:0] script '/domains/system_default/uploaxa1.php' not found or unable to stat
[Mon Jan 26 04:10:34.621003 2026] [php:error] [pid 98312] [client 52.164.187.143:0] script '/domains/system_default/wp-su.php' not found or unable to stat
[Mon Jan 26 04:10:34.694091 2026] [php:error] [pid 98312] [client 52.164.187.143:0] script '/domains/system_default/rzzaq.php' not found or unable to stat
[Mon Jan 26 04:10:34.767449 2026] [php:error] [pid 98312] [client 52.164.187.143:0] script '/domains/system_default/abtpn.php' not found or unable to stat
[Mon Jan 26 04:10:34.840294 2026] [php:error] [pid 98312] [client 52.164.187.143:0] script '/domains/system_default/my1.php' not found or unable to stat
[Mon Jan 26 04:10:34.913286 2026] [php:error] [pid 98312] [client 52.164.187.143:0] script '/domains/system_default/taktak.php' not found or unable to stat
[Mon Jan 26 04:10:34.986779 2026] [php:error] [pid 98312] [client 52.164.187.143:0] script '/domains/system_default/sfcl.php' not found or unable to stat
[Mon Jan 26 04:10:35.060259 2026] [php:error] [pid 98312] [client 52.164.187.143:0] script '/domains/system_default/worksec.php' not found or unable to stat
[Mon Jan 26 04:10:35.133461 2026] [php:error] [pid 98312] [client 52.164.187.143:0] script '/domains/system_default/ypukprhr.php' not found or unable to stat
[Mon Jan 26 04:10:35.206612 2026] [php:error] [pid 98312] [client 52.164.187.143:0] script '/domains/system_default/tcnyz.php' not found or unable to stat
[Mon Jan 26 04:11:48.948072 2026] [php:error] [pid 98368] [client 20.210.232.80:0] script '/domains/sjsachs/.alf.php' not found or unable to stat
[Mon Jan 26 04:11:49.142224 2026] [core:crit] [pid 98367] (13)Permission denied: [client 144.76.32.120:0] AH00529: /domains/performancepartsinc/graphics/psd/.htaccess pcfg_openfile: unable to check htaccess file, ensure it is readable and that '/domains/performancepartsinc/graphics/psd/' is executable
[Mon Jan 26 04:11:49.267608 2026] [php:error] [pid 98368] [client 20.210.232.80:0] script '/domains/sjsachs/0x.php' not found or unable to stat
[Mon Jan 26 04:11:49.431804 2026] [php:error] [pid 98368] [client 20.210.232.80:0] script '/domains/sjsachs/1.php' not found or unable to stat
[Mon Jan 26 04:11:49.590525 2026] [php:error] [pid 98368] [client 20.210.232.80:0] script '/domains/sjsachs/13.php' not found or unable to stat
[Mon Jan 26 04:11:49.748895 2026] [php:error] [pid 98368] [client 20.210.232.80:0] script '/domains/sjsachs/222.php' not found or unable to stat
[Mon Jan 26 04:11:49.907410 2026] [php:error] [pid 98368] [client 20.210.232.80:0] script '/domains/sjsachs/403.php' not found or unable to stat
[Mon Jan 26 04:11:50.065690 2026] [php:error] [pid 98368] [client 20.210.232.80:0] script '/domains/sjsachs/404.php' not found or unable to stat
[Mon Jan 26 04:11:50.223962 2026] [php:error] [pid 98368] [client 20.210.232.80:0] script '/domains/sjsachs/9.php' not found or unable to stat
[Mon Jan 26 04:11:50.382859 2026] [php:error] [pid 98368] [client 20.210.232.80:0] script '/domains/sjsachs/aa.php' not found or unable to stat
[Mon Jan 26 04:11:50.541229 2026] [php:error] [pid 98368] [client 20.210.232.80:0] script '/domains/sjsachs/abcd.php' not found or unable to stat
[Mon Jan 26 04:11:50.699848 2026] [php:error] [pid 98368] [client 20.210.232.80:0] script '/domains/sjsachs/admin.php' not found or unable to stat
[Mon Jan 26 04:11:51.018653 2026] [php:error] [pid 98368] [client 20.210.232.80:0] script '/domains/sjsachs/adminfuns.php' not found or unable to stat
[Mon Jan 26 04:11:51.177025 2026] [php:error] [pid 98368] [client 20.210.232.80:0] script '/domains/sjsachs/ahax.php' not found or unable to stat
[Mon Jan 26 04:11:51.336519 2026] [php:error] [pid 98368] [client 20.210.232.80:0] script '/domains/sjsachs/akc.php' not found or unable to stat
[Mon Jan 26 04:11:51.495284 2026] [php:error] [pid 98368] [client 20.210.232.80:0] script '/domains/sjsachs/akcc.php' not found or unable to stat
[Mon Jan 26 04:11:51.653851 2026] [php:error] [pid 98368] [client 20.210.232.80:0] script '/domains/sjsachs/alf.php' not found or unable to stat
[Mon Jan 26 04:11:51.970557 2026] [php:error] [pid 98368] [client 20.210.232.80:0] script '/domains/sjsachs/file.php' not found or unable to stat
[Mon Jan 26 04:11:52.129037 2026] [php:error] [pid 98368] [client 20.210.232.80:0] script '/domains/sjsachs/ioxi-o.php' not found or unable to stat
[Mon Jan 26 04:11:52.287423 2026] [php:error] [pid 98368] [client 20.210.232.80:0] script '/domains/sjsachs/inputs.php' not found or unable to stat
[Mon Jan 26 04:11:52.445758 2026] [php:error] [pid 98368] [client 20.210.232.80:0] script '/domains/sjsachs/bless.php' not found or unable to stat
[Mon Jan 26 04:11:52.762668 2026] [php:error] [pid 98368] [client 20.210.232.80:0] script '/domains/sjsachs/classwithtostring.php' not found or unable to stat
[Mon Jan 26 04:11:52.922053 2026] [php:error] [pid 98368] [client 20.210.232.80:0] script '/domains/sjsachs/edit.php' not found or unable to stat
[Mon Jan 26 04:11:53.150614 2026] [php:error] [pid 98378] [client 45.148.10.247:0] script '/domains/nsmd2/phpinfo.php' not found or unable to stat
[Mon Jan 26 04:11:53.396729 2026] [php:error] [pid 98368] [client 20.210.232.80:0] script '/domains/sjsachs/class.php' not found or unable to stat
[Mon Jan 26 04:11:53.554904 2026] [php:error] [pid 98368] [client 20.210.232.80:0] script '/domains/sjsachs/wp.php' not found or unable to stat
[Mon Jan 26 04:11:53.713199 2026] [php:error] [pid 98368] [client 20.210.232.80:0] script '/domains/sjsachs/s.php' not found or unable to stat
[Mon Jan 26 04:11:54.029131 2026] [php:error] [pid 98368] [client 20.210.232.80:0] script '/domains/sjsachs/php.php' not found or unable to stat
[Mon Jan 26 04:11:54.346339 2026] [php:error] [pid 98368] [client 20.210.232.80:0] script '/domains/sjsachs/wp-conflg.php' not found or unable to stat
[Mon Jan 26 04:11:54.504809 2026] [php:error] [pid 98368] [client 20.210.232.80:0] script '/domains/sjsachs/server.php' not found or unable to stat
[Mon Jan 26 04:11:54.663762 2026] [php:error] [pid 98368] [client 20.210.232.80:0] script '/domains/sjsachs/asasx.php' not found or unable to stat
[Mon Jan 26 04:11:54.980812 2026] [php:error] [pid 98368] [client 20.210.232.80:0] script '/domains/sjsachs/bolt.php' not found or unable to stat
[Mon Jan 26 04:11:55.123643 2026] [php:error] [pid 98406] [client 45.148.10.247:0] script '/domains/nsmd2/_phpinfo.php' not found or unable to stat
[Mon Jan 26 04:11:55.456513 2026] [php:error] [pid 98368] [client 20.210.232.80:0] script '/domains/sjsachs/buy.php' not found or unable to stat
[Mon Jan 26 04:11:55.774027 2026] [php:error] [pid 98368] [client 20.210.232.80:0] script '/domains/sjsachs/fx.php' not found or unable to stat
[Mon Jan 26 04:12:04.440835 2026] [php:error] [pid 98397] [client 45.148.10.247:0] script '/domains/nsmd2/wp-config.php.bak' not found or unable to stat
[Mon Jan 26 04:12:04.528080 2026] [php:error] [pid 98397] [client 45.148.10.247:0] script '/domains/nsmd2/info.php' not found or unable to stat
[Mon Jan 26 04:12:06.018577 2026] [php:error] [pid 98402] [client 45.148.10.247:0] script '/domains/nsmd2/server_info.php' not found or unable to stat
[Mon Jan 26 04:12:06.102404 2026] [php:error] [pid 98402] [client 45.148.10.247:0] script '/domains/nsmd2/app_dev.php' not found or unable to stat
[Mon Jan 26 04:12:06.186689 2026] [php:error] [pid 98402] [client 45.148.10.247:0] script '/domains/nsmd2/test.php' not found or unable to stat
[Mon Jan 26 04:12:06.270437 2026] [access_compat:error] [pid 98402] [client 45.148.10.247:0] AH01797: client denied by server configuration: /domains/nsmd2/server-info
[Mon Jan 26 04:12:06.354191 2026] [php:error] [pid 98402] [client 45.148.10.247:0] script '/domains/nsmd2/server-info.php' not found or unable to stat
[Mon Jan 26 04:14:45.159945 2026] [php:error] [pid 4109] [client 20.219.136.84:0] script '/domains/hungariantasteweb/adminfuns.php' not found or unable to stat
[Mon Jan 26 04:14:45.375135 2026] [php:error] [pid 4109] [client 20.219.136.84:0] script '/domains/hungariantasteweb/about.php' not found or unable to stat
[Mon Jan 26 04:14:45.591327 2026] [php:error] [pid 4109] [client 20.219.136.84:0] script '/domains/hungariantasteweb/NewFile.php' not found or unable to stat
[Mon Jan 26 04:14:45.812305 2026] [php:error] [pid 4109] [client 20.219.136.84:0] script '/domains/hungariantasteweb/ahax.php' not found or unable to stat
[Mon Jan 26 04:14:46.031887 2026] [php:error] [pid 4109] [client 20.219.136.84:0] script '/domains/hungariantasteweb/file.php' not found or unable to stat
[Mon Jan 26 04:14:46.253671 2026] [php:error] [pid 4109] [client 20.219.136.84:0] script '/domains/hungariantasteweb/file4.php' not found or unable to stat
[Mon Jan 26 04:14:46.476085 2026] [php:error] [pid 4109] [client 20.219.136.84:0] script '/domains/hungariantasteweb/goods.php' not found or unable to stat
[Mon Jan 26 04:14:46.698089 2026] [php:error] [pid 4109] [client 20.219.136.84:0] script '/domains/hungariantasteweb/ioxi-o.php' not found or unable to stat
[Mon Jan 26 04:14:47.136341 2026] [php:error] [pid 4109] [client 20.219.136.84:0] script '/domains/hungariantasteweb/wp-error.php' not found or unable to stat
[Mon Jan 26 04:14:47.351080 2026] [php:error] [pid 4109] [client 20.219.136.84:0] script '/domains/hungariantasteweb/xmlrpc.php' not found or unable to stat
[Mon Jan 26 04:14:50.428443 2026] [php:error] [pid 4109] [client 20.219.136.84:0] script '/domains/hungariantasteweb/wp-cron.php' not found or unable to stat
[Mon Jan 26 04:14:55.905072 2026] [php:error] [pid 4109] [client 20.219.136.84:0] script '/domains/hungariantasteweb/wp-login.php' not found or unable to stat
[Mon Jan 26 04:14:56.120058 2026] [php:error] [pid 4109] [client 20.219.136.84:0] script '/domains/hungariantasteweb/wp-mail.php' not found or unable to stat
[Mon Jan 26 04:14:56.341820 2026] [php:error] [pid 4109] [client 20.219.136.84:0] script '/domains/hungariantasteweb/wp-setup.php' not found or unable to stat
[Mon Jan 26 04:14:56.572276 2026] [php:error] [pid 4109] [client 20.219.136.84:0] script '/domains/hungariantasteweb/ws.php' not found or unable to stat
[Mon Jan 26 04:14:56.790551 2026] [php:error] [pid 4109] [client 20.219.136.84:0] script '/domains/hungariantasteweb/wsa.php' not found or unable to stat
[Mon Jan 26 04:14:57.008425 2026] [php:error] [pid 4109] [client 20.219.136.84:0] script '/domains/hungariantasteweb/xleet.php' not found or unable to stat
[Mon Jan 26 04:14:57.231856 2026] [php:error] [pid 4109] [client 20.219.136.84:0] script '/domains/hungariantasteweb/xmrlpc.php' not found or unable to stat
[Mon Jan 26 04:14:57.446615 2026] [php:error] [pid 4109] [client 20.219.136.84:0] script '/domains/hungariantasteweb/zwso.php' not found or unable to stat
[Mon Jan 26 04:16:24.041871 2026] [php:error] [pid 4110] [client 52.231.65.207:0] script '/domains/nostrada/adminfuns.php' not found or unable to stat
[Mon Jan 26 04:16:24.238787 2026] [php:error] [pid 4110] [client 52.231.65.207:0] script '/domains/nostrada/about.php' not found or unable to stat
[Mon Jan 26 04:16:24.420787 2026] [php:error] [pid 4110] [client 52.231.65.207:0] script '/domains/nostrada/NewFile.php' not found or unable to stat
[Mon Jan 26 04:16:24.602588 2026] [php:error] [pid 4110] [client 52.231.65.207:0] script '/domains/nostrada/ahax.php' not found or unable to stat
[Mon Jan 26 04:16:24.786666 2026] [php:error] [pid 4110] [client 52.231.65.207:0] script '/domains/nostrada/file.php' not found or unable to stat
[Mon Jan 26 04:16:24.980484 2026] [php:error] [pid 4110] [client 52.231.65.207:0] script '/domains/nostrada/file4.php' not found or unable to stat
[Mon Jan 26 04:16:25.169382 2026] [php:error] [pid 4110] [client 52.231.65.207:0] script '/domains/nostrada/goods.php' not found or unable to stat
[Mon Jan 26 04:16:25.354542 2026] [php:error] [pid 4110] [client 52.231.65.207:0] script '/domains/nostrada/ioxi-o.php' not found or unable to stat
[Mon Jan 26 04:16:25.733440 2026] [php:error] [pid 4110] [client 52.231.65.207:0] script '/domains/nostrada/wp-error.php' not found or unable to stat
[Mon Jan 26 04:16:25.919480 2026] [php:error] [pid 4110] [client 52.231.65.207:0] script '/domains/nostrada/xmlrpc.php' not found or unable to stat
[Mon Jan 26 04:16:28.536222 2026] [php:error] [pid 4110] [client 52.231.65.207:0] script '/domains/nostrada/wp-cron.php' not found or unable to stat
[Mon Jan 26 04:16:33.213634 2026] [php:error] [pid 4110] [client 52.231.65.207:0] script '/domains/nostrada/wp-login.php' not found or unable to stat
[Mon Jan 26 04:16:33.395720 2026] [php:error] [pid 4110] [client 52.231.65.207:0] script '/domains/nostrada/wp-mail.php' not found or unable to stat
[Mon Jan 26 04:16:33.582429 2026] [php:error] [pid 4110] [client 52.231.65.207:0] script '/domains/nostrada/wp-setup.php' not found or unable to stat
[Mon Jan 26 04:16:33.773661 2026] [php:error] [pid 4110] [client 52.231.65.207:0] script '/domains/nostrada/ws.php' not found or unable to stat
[Mon Jan 26 04:16:33.957019 2026] [php:error] [pid 4110] [client 52.231.65.207:0] script '/domains/nostrada/wsa.php' not found or unable to stat
[Mon Jan 26 04:16:34.149005 2026] [php:error] [pid 4110] [client 52.231.65.207:0] script '/domains/nostrada/xleet.php' not found or unable to stat
[Mon Jan 26 04:16:34.331847 2026] [php:error] [pid 4110] [client 52.231.65.207:0] script '/domains/nostrada/xmrlpc.php' not found or unable to stat
[Mon Jan 26 04:16:34.525843 2026] [php:error] [pid 4110] [client 52.231.65.207:0] script '/domains/nostrada/zwso.php' not found or unable to stat
[Mon Jan 26 04:19:47.510248 2026] [php:error] [pid 4174] [client 108.85.246.77:0] script '/domains/fryer/index.php' not found or unable to stat
[Mon Jan 26 04:19:47.546879 2026] [php:error] [pid 4174] [client 108.85.246.77:0] script '/domains/fryer/index.php' not found or unable to stat
[Mon Jan 26 04:19:47.586068 2026] [php:error] [pid 4174] [client 108.85.246.77:0] script '/domains/fryer/index.php' not found or unable to stat
[Mon Jan 26 04:19:47.621873 2026] [php:error] [pid 4174] [client 108.85.246.77:0] script '/domains/fryer/index.php' not found or unable to stat
[Mon Jan 26 04:19:54.895132 2026] [php:error] [pid 4171] [client 194.5.82.9:0] script '/domains/pauljbrock/simple.php' not found or unable to stat
[Mon Jan 26 04:19:55.208552 2026] [php:error] [pid 4176] [client 20.42.209.0:0] script '/domains/samscars/ol.php' not found or unable to stat
[Mon Jan 26 04:19:55.331761 2026] [php:error] [pid 4171] [client 194.5.82.9:0] script '/domains/pauljbrock/inputs.php' not found or unable to stat
[Mon Jan 26 04:19:55.411128 2026] [php:error] [pid 4176] [client 20.42.209.0:0] script '/domains/samscars/sikma.php' not found or unable to stat
[Mon Jan 26 04:19:55.614720 2026] [php:error] [pid 4176] [client 20.42.209.0:0] script '/domains/samscars/rh1.php' not found or unable to stat
[Mon Jan 26 04:19:55.765375 2026] [php:error] [pid 4171] [client 194.5.82.9:0] script '/domains/pauljbrock/autoload_classmap.php' not found or unable to stat
[Mon Jan 26 04:19:55.816496 2026] [php:error] [pid 4176] [client 20.42.209.0:0] script '/domains/samscars/sid3.php' not found or unable to stat
[Mon Jan 26 04:19:56.018462 2026] [php:error] [pid 4176] [client 20.42.209.0:0] script '/domains/samscars/okxh.php' not found or unable to stat
[Mon Jan 26 04:19:56.221800 2026] [php:error] [pid 4176] [client 20.42.209.0:0] script '/domains/samscars/krypton.php' not found or unable to stat
[Mon Jan 26 04:19:56.350570 2026] [php:error] [pid 4171] [client 194.5.82.9:0] script '/domains/pauljbrock/file2.php' not found or unable to stat
[Mon Jan 26 04:19:56.423568 2026] [php:error] [pid 4176] [client 20.42.209.0:0] script '/domains/samscars/zoo.php' not found or unable to stat
[Mon Jan 26 04:19:56.790275 2026] [php:error] [pid 4171] [client 194.5.82.9:0] script '/domains/pauljbrock/file.php' not found or unable to stat
[Mon Jan 26 04:19:56.831026 2026] [php:error] [pid 4176] [client 20.42.209.0:0] script '/domains/samscars/maul.php' not found or unable to stat
[Mon Jan 26 04:19:57.019084 2026] [php:error] [pid 4171] [client 194.5.82.9:0] script '/domains/pauljbrock/chosen.php' not found or unable to stat
[Mon Jan 26 04:19:57.439379 2026] [php:error] [pid 4176] [client 20.42.209.0:0] script '/domains/samscars/download.php' not found or unable to stat
[Mon Jan 26 04:19:57.593211 2026] [php:error] [pid 4171] [client 194.5.82.9:0] script '/domains/pauljbrock/item.php' not found or unable to stat
[Mon Jan 26 04:19:57.642059 2026] [php:error] [pid 4176] [client 20.42.209.0:0] script '/domains/samscars/varb.php' not found or unable to stat
[Mon Jan 26 04:19:58.049542 2026] [php:error] [pid 4176] [client 20.42.209.0:0] script '/domains/samscars/tt.php' not found or unable to stat
[Mon Jan 26 04:19:58.252796 2026] [php:error] [pid 4176] [client 20.42.209.0:0] script '/domains/samscars/a5e0a.php' not found or unable to stat
[Mon Jan 26 04:19:58.292022 2026] [php:error] [pid 4171] [client 194.5.82.9:0] script '/domains/pauljbrock/zwso.php' not found or unable to stat
[Mon Jan 26 04:19:58.458561 2026] [php:error] [pid 4176] [client 20.42.209.0:0] script '/domains/samscars/abc.php' not found or unable to stat
[Mon Jan 26 04:19:58.505936 2026] [php:error] [pid 4171] [client 194.5.82.9:0] script '/domains/pauljbrock/wp-conflg.php' not found or unable to stat
[Mon Jan 26 04:19:58.660382 2026] [php:error] [pid 4176] [client 20.42.209.0:0] script '/domains/samscars/55b76.php' not found or unable to stat
[Mon Jan 26 04:19:58.863431 2026] [php:error] [pid 4176] [client 20.42.209.0:0] script '/domains/samscars/rzki.php' not found or unable to stat
[Mon Jan 26 04:19:59.065136 2026] [php:error] [pid 4176] [client 20.42.209.0:0] script '/domains/samscars/acxx.php' not found or unable to stat
[Mon Jan 26 04:19:59.266841 2026] [php:error] [pid 4176] [client 20.42.209.0:0] script '/domains/samscars/d12.php' not found or unable to stat
[Mon Jan 26 04:19:59.473915 2026] [php:error] [pid 4176] [client 20.42.209.0:0] script '/domains/samscars/s.php' not found or unable to stat
[Mon Jan 26 04:19:59.675216 2026] [php:error] [pid 4176] [client 20.42.209.0:0] script '/domains/samscars/error_log.php' not found or unable to stat
[Mon Jan 26 04:20:00.078600 2026] [php:error] [pid 4176] [client 20.42.209.0:0] script '/domains/samscars/dox.php' not found or unable to stat
[Mon Jan 26 04:20:00.281509 2026] [php:error] [pid 4176] [client 20.42.209.0:0] script '/domains/samscars/ahax.php' not found or unable to stat
[Mon Jan 26 04:20:00.483238 2026] [php:error] [pid 4176] [client 20.42.209.0:0] script '/domains/samscars/lock360.php' not found or unable to stat
[Mon Jan 26 04:20:00.685133 2026] [php:error] [pid 4176] [client 20.42.209.0:0] script '/domains/samscars/6kUgr4yGzxN.php' not found or unable to stat
[Mon Jan 26 04:20:00.888414 2026] [php:error] [pid 4176] [client 20.42.209.0:0] script '/domains/samscars/wp.php' not found or unable to stat
[Mon Jan 26 04:20:00.967534 2026] [php:error] [pid 4171] [client 194.5.82.9:0] script '/domains/pauljbrock/cong.php' not found or unable to stat
[Mon Jan 26 04:20:01.090099 2026] [php:error] [pid 4176] [client 20.42.209.0:0] script '/domains/samscars/test1.php' not found or unable to stat
[Mon Jan 26 04:20:01.291865 2026] [php:error] [pid 4176] [client 20.42.209.0:0] script '/domains/samscars/clss.php' not found or unable to stat
[Mon Jan 26 04:20:01.493759 2026] [php:error] [pid 4176] [client 20.42.209.0:0] script '/domains/samscars/44.php' not found or unable to stat
[Mon Jan 26 04:20:01.698105 2026] [php:error] [pid 4176] [client 20.42.209.0:0] script '/domains/samscars/ii5file.php' not found or unable to stat
[Mon Jan 26 04:20:01.900669 2026] [php:error] [pid 4176] [client 20.42.209.0:0] script '/domains/samscars/ss.php' not found or unable to stat
[Mon Jan 26 04:20:01.953753 2026] [php:error] [pid 4171] [client 194.5.82.9:0] script '/domains/pauljbrock/dropdown.php' not found or unable to stat
[Mon Jan 26 04:20:02.106369 2026] [php:error] [pid 4176] [client 20.42.209.0:0] script '/domains/samscars/re.php' not found or unable to stat
[Mon Jan 26 04:20:02.308365 2026] [php:error] [pid 4176] [client 20.42.209.0:0] script '/domains/samscars/xsas.php' not found or unable to stat
[Mon Jan 26 04:20:02.512042 2026] [php:error] [pid 4176] [client 20.42.209.0:0] script '/domains/samscars/asus.php' not found or unable to stat
[Mon Jan 26 04:20:02.713673 2026] [php:error] [pid 4176] [client 20.42.209.0:0] script '/domains/samscars/wp-good.php' not found or unable to stat
[Mon Jan 26 04:20:02.923791 2026] [php:error] [pid 4176] [client 20.42.209.0:0] script '/domains/samscars/0x.php' not found or unable to stat
[Mon Jan 26 04:20:03.056698 2026] [php:error] [pid 4171] [client 194.5.82.9:0] script '/domains/pauljbrock/repeater.php' not found or unable to stat
[Mon Jan 26 04:20:03.134491 2026] [php:error] [pid 4176] [client 20.42.209.0:0] script '/domains/samscars/domains.php' not found or unable to stat
[Mon Jan 26 04:20:03.266745 2026] [php:error] [pid 4171] [client 194.5.82.9:0] script '/domains/pauljbrock/wp-2019.php' not found or unable to stat
[Mon Jan 26 04:20:03.337322 2026] [php:error] [pid 4176] [client 20.42.209.0:0] script '/domains/samscars/wp-goods.php' not found or unable to stat
[Mon Jan 26 04:20:03.539039 2026] [php:error] [pid 4176] [client 20.42.209.0:0] script '/domains/samscars/144.php' not found or unable to stat
[Mon Jan 26 04:20:03.624800 2026] [php:error] [pid 4171] [client 194.5.82.9:0] script '/domains/pauljbrock/atomlib.php' not found or unable to stat
[Mon Jan 26 04:20:03.742107 2026] [php:error] [pid 4176] [client 20.42.209.0:0] script '/domains/samscars/akcc.php' not found or unable to stat
[Mon Jan 26 04:20:03.863866 2026] [php:error] [pid 4171] [client 194.5.82.9:0] script '/domains/pauljbrock/css.php' not found or unable to stat
[Mon Jan 26 04:20:03.943793 2026] [php:error] [pid 4176] [client 20.42.209.0:0] script '/domains/samscars/vanda.php' not found or unable to stat
[Mon Jan 26 04:20:04.148889 2026] [php:error] [pid 4176] [client 20.42.209.0:0] script '/domains/samscars/lib.php' not found or unable to stat
[Mon Jan 26 04:20:04.179730 2026] [php:error] [pid 4171] [client 194.5.82.9:0] script '/domains/pauljbrock/log.php' not found or unable to stat
[Mon Jan 26 04:20:04.350481 2026] [php:error] [pid 4176] [client 20.42.209.0:0] script '/domains/samscars/zc-104.php' not found or unable to stat
[Mon Jan 26 04:20:04.393289 2026] [php:error] [pid 4171] [client 194.5.82.9:0] script '/domains/pauljbrock/mail.php' not found or unable to stat
[Mon Jan 26 04:20:04.552448 2026] [php:error] [pid 4176] [client 20.42.209.0:0] script '/domains/samscars/zc-729.php' not found or unable to stat
[Mon Jan 26 04:20:04.626361 2026] [php:error] [pid 4171] [client 194.5.82.9:0] script '/domains/pauljbrock/lufix.php' not found or unable to stat
[Mon Jan 26 04:20:04.754910 2026] [php:error] [pid 4176] [client 20.42.209.0:0] script '/domains/samscars/bo.php' not found or unable to stat
[Mon Jan 26 04:20:04.857195 2026] [php:error] [pid 4171] [client 194.5.82.9:0] script '/domains/pauljbrock/doc.php' not found or unable to stat
[Mon Jan 26 04:20:04.956716 2026] [php:error] [pid 4176] [client 20.42.209.0:0] script '/domains/samscars/x.php' not found or unable to stat
[Mon Jan 26 04:20:05.158530 2026] [php:error] [pid 4176] [client 20.42.209.0:0] script '/domains/samscars/adminfuns.php' not found or unable to stat
[Mon Jan 26 04:20:05.301601 2026] [php:error] [pid 4171] [client 194.5.82.9:0] script '/domains/pauljbrock/bak.php' not found or unable to stat
[Mon Jan 26 04:20:05.360263 2026] [php:error] [pid 4176] [client 20.42.209.0:0] script '/domains/samscars/56c53.php' not found or unable to stat
[Mon Jan 26 04:20:05.527372 2026] [php:error] [pid 4171] [client 194.5.82.9:0] script '/domains/pauljbrock/content.php' not found or unable to stat
[Mon Jan 26 04:20:05.561953 2026] [php:error] [pid 4176] [client 20.42.209.0:0] script '/domains/samscars/FII.php' not found or unable to stat
[Mon Jan 26 04:20:05.761461 2026] [php:error] [pid 4171] [client 194.5.82.9:0] script '/domains/pauljbrock/upfile.php' not found or unable to stat
[Mon Jan 26 04:20:05.763508 2026] [php:error] [pid 4176] [client 20.42.209.0:0] script '/domains/samscars/wp-ac.php' not found or unable to stat
[Mon Jan 26 04:20:05.967235 2026] [php:error] [pid 4176] [client 20.42.209.0:0] script '/domains/samscars/atex1.php' not found or unable to stat
[Mon Jan 26 04:20:05.979536 2026] [php:error] [pid 4171] [client 194.5.82.9:0] script '/domains/pauljbrock/wp.php' not found or unable to stat
[Mon Jan 26 04:20:06.169626 2026] [php:error] [pid 4176] [client 20.42.209.0:0] script '/domains/samscars/blox.php' not found or unable to stat
[Mon Jan 26 04:20:06.213696 2026] [php:error] [pid 4171] [client 194.5.82.9:0] script '/domains/pauljbrock/bypass.php' not found or unable to stat
[Mon Jan 26 04:20:06.372360 2026] [php:error] [pid 4176] [client 20.42.209.0:0] script '/domains/samscars/wp-64wscx6shd.php' not found or unable to stat
[Mon Jan 26 04:20:06.451040 2026] [php:error] [pid 4171] [client 194.5.82.9:0] script '/domains/pauljbrock/wp-activate.php' not found or unable to stat
[Mon Jan 26 04:20:06.577274 2026] [php:error] [pid 4176] [client 20.42.209.0:0] script '/domains/samscars/gecko.php' not found or unable to stat
[Mon Jan 26 04:20:06.695154 2026] [php:error] [pid 4171] [client 194.5.82.9:0] script '/domains/pauljbrock/updates.php' not found or unable to stat
[Mon Jan 26 04:20:06.779277 2026] [php:error] [pid 4176] [client 20.42.209.0:0] script '/domains/samscars/sxx.php' not found or unable to stat
[Mon Jan 26 04:20:06.922255 2026] [php:error] [pid 4171] [client 194.5.82.9:0] script '/domains/pauljbrock/radio.php' not found or unable to stat
[Mon Jan 26 04:20:06.982221 2026] [php:error] [pid 4176] [client 20.42.209.0:0] script '/domains/samscars/mode.php' not found or unable to stat
[Mon Jan 26 04:20:07.153055 2026] [php:error] [pid 4171] [client 194.5.82.9:0] script '/domains/pauljbrock/plugins.php' not found or unable to stat
[Mon Jan 26 04:20:07.184361 2026] [php:error] [pid 4176] [client 20.42.209.0:0] script '/domains/samscars/z60.php' not found or unable to stat
[Mon Jan 26 04:20:07.373012 2026] [php:error] [pid 4171] [client 194.5.82.9:0] script '/domains/pauljbrock/xmrlpc.php' not found or unable to stat
[Mon Jan 26 04:20:07.387406 2026] [php:error] [pid 4176] [client 20.42.209.0:0] script '/domains/samscars/hehe.php' not found or unable to stat
[Mon Jan 26 04:20:07.589198 2026] [php:error] [pid 4176] [client 20.42.209.0:0] script '/domains/samscars/asd.php' not found or unable to stat
[Mon Jan 26 04:20:07.603841 2026] [php:error] [pid 4171] [client 194.5.82.9:0] script '/domains/pauljbrock/ae.php' not found or unable to stat
[Mon Jan 26 04:20:07.791578 2026] [php:error] [pid 4176] [client 20.42.209.0:0] script '/domains/samscars/5b9ac.php' not found or unable to stat
[Mon Jan 26 04:20:07.815184 2026] [php:error] [pid 4171] [client 194.5.82.9:0] script '/domains/pauljbrock/moon.php' not found or unable to stat
[Mon Jan 26 04:20:07.993143 2026] [php:error] [pid 4176] [client 20.42.209.0:0] script '/domains/samscars/k.php' not found or unable to stat
[Mon Jan 26 04:20:08.107094 2026] [php:error] [pid 4171] [client 194.5.82.9:0] script '/domains/pauljbrock/blog.php' not found or unable to stat
[Mon Jan 26 04:20:08.196297 2026] [php:error] [pid 4176] [client 20.42.209.0:0] script '/domains/samscars/edit.php' not found or unable to stat
[Mon Jan 26 04:20:08.342250 2026] [php:error] [pid 4171] [client 194.5.82.9:0] script '/domains/pauljbrock/themes.php' not found or unable to stat
[Mon Jan 26 04:20:08.397910 2026] [php:error] [pid 4176] [client 20.42.209.0:0] script '/domains/samscars/t.php' not found or unable to stat
[Mon Jan 26 04:20:08.565843 2026] [php:error] [pid 4171] [client 194.5.82.9:0] script '/domains/pauljbrock/ini.php' not found or unable to stat
[Mon Jan 26 04:20:08.600249 2026] [php:error] [pid 4176] [client 20.42.209.0:0] script '/domains/samscars/lm15.php' not found or unable to stat
[Mon Jan 26 04:20:08.787643 2026] [php:error] [pid 4171] [client 194.5.82.9:0] script '/domains/pauljbrock/as.php' not found or unable to stat
[Mon Jan 26 04:20:08.802026 2026] [php:error] [pid 4176] [client 20.42.209.0:0] script '/domains/samscars/6kDPjgFTmvS.php' not found or unable to stat
[Mon Jan 26 04:20:09.004007 2026] [php:error] [pid 4176] [client 20.42.209.0:0] script '/domains/samscars/222.php' not found or unable to stat
[Mon Jan 26 04:20:09.008710 2026] [php:error] [pid 4171] [client 194.5.82.9:0] script '/domains/pauljbrock/shell.php' not found or unable to stat
[Mon Jan 26 04:20:09.207640 2026] [php:error] [pid 4176] [client 20.42.209.0:0] script '/domains/samscars/admin836.php' not found or unable to stat
[Mon Jan 26 04:20:09.247833 2026] [php:error] [pid 4171] [client 194.5.82.9:0] script '/domains/pauljbrock/ws.php' not found or unable to stat
[Mon Jan 26 04:20:09.410403 2026] [php:error] [pid 4176] [client 20.42.209.0:0] script '/domains/samscars/sx.php' not found or unable to stat
[Mon Jan 26 04:20:09.466994 2026] [php:error] [pid 4171] [client 194.5.82.9:0] script '/domains/pauljbrock/makeasmtp.php' not found or unable to stat
[Mon Jan 26 04:20:09.612858 2026] [php:error] [pid 4176] [client 20.42.209.0:0] script '/domains/samscars/lufix.php' not found or unable to stat
[Mon Jan 26 04:20:09.709750 2026] [php:error] [pid 4171] [client 194.5.82.9:0] script '/domains/pauljbrock/wp-sigunq.php' not found or unable to stat
[Mon Jan 26 04:20:09.923899 2026] [php:error] [pid 4171] [client 194.5.82.9:0] script '/domains/pauljbrock/wso112233.php' not found or unable to stat
[Mon Jan 26 04:20:10.165118 2026] [php:error] [pid 4171] [client 194.5.82.9:0] script '/domains/pauljbrock/wp-atom.php' not found or unable to stat
[Mon Jan 26 04:20:10.400972 2026] [php:error] [pid 4171] [client 194.5.82.9:0] script '/domains/pauljbrock/alfanew.php' not found or unable to stat
[Mon Jan 26 04:20:10.622943 2026] [php:error] [pid 4171] [client 194.5.82.9:0] script '/domains/pauljbrock/fw.php' not found or unable to stat
[Mon Jan 26 04:20:10.836585 2026] [php:error] [pid 4171] [client 194.5.82.9:0] script '/domains/pauljbrock/install.php' not found or unable to stat
[Mon Jan 26 04:20:11.155115 2026] [php:error] [pid 4171] [client 194.5.82.9:0] script '/domains/pauljbrock/wp-login.php' not found or unable to stat
[Mon Jan 26 04:20:11.628839 2026] [php:error] [pid 4171] [client 194.5.82.9:0] script '/domains/pauljbrock/XxX.php' not found or unable to stat
[Mon Jan 26 04:20:11.856003 2026] [php:error] [pid 4171] [client 194.5.82.9:0] script '/domains/pauljbrock/Marvins.php' not found or unable to stat
[Mon Jan 26 04:20:12.295052 2026] [php:error] [pid 4171] [client 194.5.82.9:0] script '/domains/pauljbrock/olux.php' not found or unable to stat
[Mon Jan 26 04:20:12.539651 2026] [php:error] [pid 4171] [client 194.5.82.9:0] script '/domains/pauljbrock/wso.php' not found or unable to stat
[Mon Jan 26 04:20:12.981329 2026] [php:error] [pid 4171] [client 194.5.82.9:0] script '/domains/pauljbrock/uploader.php' not found or unable to stat
[Mon Jan 26 04:20:13.212929 2026] [php:error] [pid 4171] [client 194.5.82.9:0] script '/domains/pauljbrock/1337.php' not found or unable to stat
[Mon Jan 26 04:20:13.447030 2026] [php:error] [pid 4171] [client 194.5.82.9:0] script '/domains/pauljbrock/user.php' not found or unable to stat
[Mon Jan 26 04:20:13.677807 2026] [php:error] [pid 4171] [client 194.5.82.9:0] script '/domains/pauljbrock/wp-info.php' not found or unable to stat
[Mon Jan 26 04:20:13.906340 2026] [php:error] [pid 4171] [client 194.5.82.9:0] script '/domains/pauljbrock/wxo.php' not found or unable to stat
[Mon Jan 26 04:20:14.119540 2026] [php:error] [pid 4171] [client 194.5.82.9:0] script '/domains/pauljbrock/amigo.php' not found or unable to stat
[Mon Jan 26 04:20:14.389323 2026] [php:error] [pid 4171] [client 194.5.82.9:0] script '/domains/pauljbrock/yoi.php' not found or unable to stat
[Mon Jan 26 04:20:15.316288 2026] [php:error] [pid 4171] [client 194.5.82.9:0] script '/domains/pauljbrock/wp-contentt.php' not found or unable to stat
[Mon Jan 26 04:20:15.549186 2026] [php:error] [pid 4171] [client 194.5.82.9:0] script '/domains/pauljbrock/we1y8.php' not found or unable to stat
[Mon Jan 26 04:20:16.666099 2026] [php:error] [pid 4171] [client 194.5.82.9:0] script '/domains/pauljbrock/hehe.php' not found or unable to stat
[Mon Jan 26 04:20:16.897773 2026] [php:error] [pid 4171] [client 194.5.82.9:0] script '/domains/pauljbrock/post-data.php' not found or unable to stat
[Mon Jan 26 04:20:17.111020 2026] [php:error] [pid 4171] [client 194.5.82.9:0] script '/domains/pauljbrock/w0.php' not found or unable to stat
[Mon Jan 26 04:20:17.326258 2026] [php:error] [pid 4171] [client 194.5.82.9:0] script '/domains/pauljbrock/old-index.php' not found or unable to stat
[Mon Jan 26 04:20:17.534303 2026] [php:error] [pid 4171] [client 194.5.82.9:0] script '/domains/pauljbrock/wsanon.php' not found or unable to stat
[Mon Jan 26 04:20:18.208956 2026] [php:error] [pid 4171] [client 194.5.82.9:0] script '/domains/pauljbrock/indo.php' not found or unable to stat
[Mon Jan 26 04:20:18.438373 2026] [php:error] [pid 4171] [client 194.5.82.9:0] script '/domains/pauljbrock/beence.php' not found or unable to stat
[Mon Jan 26 04:20:18.684535 2026] [php:error] [pid 4171] [client 194.5.82.9:0] script '/domains/pauljbrock/indosec.php' not found or unable to stat
[Mon Jan 26 04:20:18.903121 2026] [php:error] [pid 4171] [client 194.5.82.9:0] script '/domains/pauljbrock/archives.php' not found or unable to stat
[Mon Jan 26 04:20:19.124419 2026] [php:error] [pid 4171] [client 194.5.82.9:0] script '/domains/pauljbrock/po8sa.php' not found or unable to stat
[Mon Jan 26 04:20:19.339173 2026] [php:error] [pid 4171] [client 194.5.82.9:0] script '/domains/pauljbrock/thesmartestx.php' not found or unable to stat
[Mon Jan 26 04:20:19.573436 2026] [php:error] [pid 4171] [client 194.5.82.9:0] script '/domains/pauljbrock/zcanp.php' not found or unable to stat
[Mon Jan 26 04:20:20.225119 2026] [php:error] [pid 4186] [client 194.5.82.17:0] script '/domains/pauljbrock/pvt.php' not found or unable to stat
[Mon Jan 26 04:20:20.450411 2026] [php:error] [pid 4186] [client 194.5.82.17:0] script '/domains/pauljbrock/shell20211028.php' not found or unable to stat
[Mon Jan 26 04:20:20.908030 2026] [php:error] [pid 4186] [client 194.5.82.17:0] script '/domains/pauljbrock/crypted.php' not found or unable to stat
[Mon Jan 26 04:20:21.129964 2026] [php:error] [pid 4186] [client 194.5.82.17:0] script '/domains/pauljbrock/h0110w4y.php' not found or unable to stat
[Mon Jan 26 04:20:21.345234 2026] [php:error] [pid 4186] [client 194.5.82.17:0] script '/domains/pauljbrock/vesiw.php' not found or unable to stat
[Mon Jan 26 04:20:21.585917 2026] [php:error] [pid 4186] [client 194.5.82.17:0] script '/domains/pauljbrock/w.php' not found or unable to stat
[Mon Jan 26 04:20:21.799671 2026] [php:error] [pid 4186] [client 194.5.82.17:0] script '/domains/pauljbrock/wp-db.php' not found or unable to stat
[Mon Jan 26 04:20:22.774331 2026] [php:error] [pid 4186] [client 194.5.82.17:0] script '/domains/pauljbrock/lx.php' not found or unable to stat
[Mon Jan 26 04:20:22.991481 2026] [php:error] [pid 4186] [client 194.5.82.17:0] script '/domains/pauljbrock/tonant.php' not found or unable to stat
[Mon Jan 26 04:20:23.225272 2026] [php:error] [pid 4186] [client 194.5.82.17:0] script '/domains/pauljbrock/f0x.php' not found or unable to stat
[Mon Jan 26 04:20:23.458347 2026] [php:error] [pid 4186] [client 194.5.82.17:0] script '/domains/pauljbrock/config.bak.php' not found or unable to stat
[Mon Jan 26 04:20:23.679092 2026] [php:error] [pid 4186] [client 194.5.82.17:0] script '/domains/pauljbrock/bypass403.php' not found or unable to stat
[Mon Jan 26 04:20:23.902892 2026] [php:error] [pid 4186] [client 194.5.82.17:0] script '/domains/pauljbrock/adminer.php' not found or unable to stat
[Mon Jan 26 04:20:24.109943 2026] [php:error] [pid 4186] [client 194.5.82.17:0] script '/domains/pauljbrock/allahnaber.php' not found or unable to stat
[Mon Jan 26 04:20:24.350602 2026] [php:error] [pid 4186] [client 194.5.82.17:0] script '/domains/pauljbrock/AK-74.php' not found or unable to stat
[Mon Jan 26 04:20:24.568566 2026] [php:error] [pid 4186] [client 194.5.82.17:0] script '/domains/pauljbrock/alfa3.php' not found or unable to stat
[Mon Jan 26 04:20:24.784973 2026] [php:error] [pid 4186] [client 194.5.82.17:0] script '/domains/pauljbrock/alfaindex.php' not found or unable to stat
[Mon Jan 26 04:20:25.003290 2026] [php:error] [pid 4186] [client 194.5.82.17:0] script '/domains/pauljbrock/alfa.php' not found or unable to stat
[Mon Jan 26 04:20:25.225425 2026] [php:error] [pid 4186] [client 194.5.82.17:0] script '/domains/pauljbrock/c99.php' not found or unable to stat
[Mon Jan 26 04:20:25.439515 2026] [php:error] [pid 4186] [client 194.5.82.17:0] script '/domains/pauljbrock/cmd.php' not found or unable to stat
[Mon Jan 26 04:20:25.666405 2026] [php:error] [pid 4186] [client 194.5.82.17:0] script '/domains/pauljbrock/cw.php' not found or unable to stat
[Mon Jan 26 04:20:25.897134 2026] [php:error] [pid 4186] [client 194.5.82.17:0] script '/domains/pauljbrock/date.php' not found or unable to stat
[Mon Jan 26 04:20:26.131913 2026] [php:error] [pid 4186] [client 194.5.82.17:0] script '/domains/pauljbrock/haxor.php' not found or unable to stat
[Mon Jan 26 04:20:26.368097 2026] [php:error] [pid 4186] [client 194.5.82.17:0] script '/domains/pauljbrock/icomsium.php' not found or unable to stat
[Mon Jan 26 04:20:26.591881 2026] [php:error] [pid 4186] [client 194.5.82.17:0] script '/domains/pauljbrock/ico.php' not found or unable to stat
[Mon Jan 26 04:20:26.816347 2026] [php:error] [pid 4186] [client 194.5.82.17:0] script '/domains/pauljbrock/leaf.php' not found or unable to stat
[Mon Jan 26 04:20:27.030654 2026] [php:error] [pid 4186] [client 194.5.82.17:0] script '/domains/pauljbrock/marijuana.php' not found or unable to stat
[Mon Jan 26 04:20:27.368050 2026] [php:error] [pid 4186] [client 194.5.82.17:0] script '/domains/pauljbrock/mass.php' not found or unable to stat
[Mon Jan 26 04:20:27.607750 2026] [php:error] [pid 4186] [client 194.5.82.17:0] script '/domains/pauljbrock/mini.php' not found or unable to stat
[Mon Jan 26 04:20:27.829017 2026] [php:error] [pid 4186] [client 194.5.82.17:0] script '/domains/pauljbrock/priv8.php' not found or unable to stat
[Mon Jan 26 04:20:28.056852 2026] [php:error] [pid 4186] [client 194.5.82.17:0] script '/domains/pauljbrock/pws.php' not found or unable to stat
[Mon Jan 26 04:20:28.290787 2026] [php:error] [pid 4186] [client 194.5.82.17:0] script '/domains/pauljbrock/r57.php' not found or unable to stat
[Mon Jan 26 04:20:28.523495 2026] [php:error] [pid 4186] [client 194.5.82.17:0] script '/domains/pauljbrock/robots.php' not found or unable to stat
[Mon Jan 26 04:20:28.973176 2026] [php:error] [pid 4186] [client 194.5.82.17:0] script '/domains/pauljbrock/snd.php' not found or unable to stat
[Mon Jan 26 04:20:29.188851 2026] [php:error] [pid 4186] [client 194.5.82.17:0] script '/domains/pauljbrock/wp-class.php' not found or unable to stat
[Mon Jan 26 04:20:29.419171 2026] [php:error] [pid 4186] [client 194.5.82.17:0] script '/domains/pauljbrock/new-index.php' not found or unable to stat
[Mon Jan 26 04:20:34.895109 2026] [php:error] [pid 4186] [client 194.5.82.17:0] script '/domains/pauljbrock/class-wp-widget-archives.php' not found or unable to stat
[Mon Jan 26 04:20:36.907772 2026] [php:error] [pid 4186] [client 194.5.82.17:0] script '/domains/pauljbrock/xleet-shell.php' not found or unable to stat
[Mon Jan 26 04:20:37.136987 2026] [php:error] [pid 4186] [client 194.5.82.17:0] script '/domains/pauljbrock/xleet.php' not found or unable to stat
[Mon Jan 26 04:20:37.357578 2026] [php:error] [pid 4186] [client 194.5.82.17:0] script '/domains/pauljbrock/xleetshell.php' not found or unable to stat
[Mon Jan 26 04:20:38.099362 2026] [php:error] [pid 4186] [client 194.5.82.17:0] script '/domains/pauljbrock/xlt.php' not found or unable to stat
[Mon Jan 26 04:20:39.497210 2026] [php:error] [pid 4186] [client 194.5.82.17:0] script '/domains/pauljbrock/wp-apxupx.php' not found or unable to stat
[Mon Jan 26 04:20:39.737138 2026] [php:error] [pid 4186] [client 194.5.82.17:0] script '/domains/pauljbrock/nf_tracking.php' not found or unable to stat
[Mon Jan 26 04:20:39.985174 2026] [php:error] [pid 4186] [client 194.5.82.17:0] script '/domains/pauljbrock/class.api.php' not found or unable to stat
[Mon Jan 26 04:20:40.200736 2026] [php:error] [pid 4186] [client 194.5.82.17:0] script '/domains/pauljbrock/xl2023.php' not found or unable to stat
[Mon Jan 26 04:20:40.659003 2026] [php:error] [pid 4186] [client 194.5.82.17:0] script '/domains/pauljbrock/wp-head.php' not found or unable to stat
[Mon Jan 26 04:20:40.884792 2026] [php:error] [pid 4186] [client 194.5.82.17:0] script '/domains/pauljbrock/wp-pano.php' not found or unable to stat
[Mon Jan 26 04:20:41.574044 2026] [php:error] [pid 4186] [client 194.5.82.17:0] script '/domains/pauljbrock/xmlrpc.php' not found or unable to stat
[Mon Jan 26 04:20:41.830029 2026] [php:error] [pid 4186] [client 194.5.82.17:0] script '/domains/pauljbrock/wp-admin.php' not found or unable to stat
[Mon Jan 26 04:20:43.056092 2026] [php:error] [pid 4186] [client 194.5.82.17:0] script '/domains/pauljbrock/WSOEnigma.php' not found or unable to stat
[Mon Jan 26 04:20:44.218340 2026] [php:error] [pid 4186] [client 194.5.82.17:0] script '/domains/pauljbrock/mah.php' not found or unable to stat
[Mon Jan 26 04:20:44.933369 2026] [php:error] [pid 4183] [client 194.5.82.10:0] script '/domains/pauljbrock/test.php' not found or unable to stat
[Mon Jan 26 04:20:45.372891 2026] [php:error] [pid 4183] [client 194.5.82.10:0] script '/domains/pauljbrock/gebase.php' not found or unable to stat
[Mon Jan 26 04:20:45.615613 2026] [php:error] [pid 4183] [client 194.5.82.10:0] script '/domains/pauljbrock/defaults.php' not found or unable to stat
[Mon Jan 26 04:20:45.828058 2026] [php:error] [pid 4183] [client 194.5.82.10:0] script '/domains/pauljbrock/asasx.php' not found or unable to stat
[Mon Jan 26 04:20:46.706465 2026] [php:error] [pid 4183] [client 194.5.82.10:0] script '/domains/pauljbrock/contact.php' not found or unable to stat
[Mon Jan 26 04:20:46.936026 2026] [php:error] [pid 4183] [client 194.5.82.10:0] script '/domains/pauljbrock/classwithtostring.php' not found or unable to stat
[Mon Jan 26 04:20:47.153653 2026] [php:error] [pid 4183] [client 194.5.82.10:0] script '/domains/pauljbrock/mah.php' not found or unable to stat
[Mon Jan 26 04:20:47.376476 2026] [php:error] [pid 4183] [client 194.5.82.10:0] script '/domains/pauljbrock/wp-add.php' not found or unable to stat
[Mon Jan 26 04:20:48.448858 2026] [php:error] [pid 4183] [client 194.5.82.10:0] script '/domains/pauljbrock/403.php' not found or unable to stat
[Mon Jan 26 04:20:50.014055 2026] [php:error] [pid 4183] [client 194.5.82.10:0] script '/domains/pauljbrock/text.php' not found or unable to stat
[Mon Jan 26 04:20:50.247051 2026] [php:error] [pid 4183] [client 194.5.82.10:0] script '/domains/pauljbrock/xc.php' not found or unable to stat
[Mon Jan 26 04:20:52.103245 2026] [php:error] [pid 4183] [client 194.5.82.10:0] script '/domains/pauljbrock/go.php' not found or unable to stat
[Mon Jan 26 04:20:52.573846 2026] [php:error] [pid 4183] [client 194.5.82.10:0] script '/domains/pauljbrock/byp.php' not found or unable to stat
[Mon Jan 26 04:20:54.262921 2026] [php:error] [pid 4183] [client 194.5.82.10:0] script '/domains/pauljbrock/click.php' not found or unable to stat
[Mon Jan 26 04:20:55.393511 2026] [php:error] [pid 4183] [client 194.5.82.10:0] script '/domains/pauljbrock/baxa1.php' not found or unable to stat
[Mon Jan 26 04:20:55.835792 2026] [php:error] [pid 4183] [client 194.5.82.10:0] script '/domains/pauljbrock/in.php' not found or unable to stat
[Mon Jan 26 04:20:56.063835 2026] [php:error] [pid 4183] [client 194.5.82.10:0] script '/domains/pauljbrock/geju.php' not found or unable to stat
[Mon Jan 26 04:20:56.530988 2026] [php:error] [pid 4183] [client 194.5.82.10:0] script '/domains/pauljbrock/wp-signup.php' not found or unable to stat
[Mon Jan 26 04:20:56.759379 2026] [php:error] [pid 4183] [client 194.5.82.10:0] script '/domains/pauljbrock/elp.php' not found or unable to stat
[Mon Jan 26 04:20:57.526264 2026] [php:error] [pid 4183] [client 194.5.82.10:0] script '/domains/pauljbrock/chosen-667.php' not found or unable to stat
[Mon Jan 26 04:20:57.762268 2026] [php:error] [pid 4183] [client 194.5.82.10:0] script '/domains/pauljbrock/network.php' not found or unable to stat
[Mon Jan 26 04:20:58.450439 2026] [php:error] [pid 4193] [client 194.5.82.28:0] script '/domains/pauljbrock/wp-mail.php' not found or unable to stat
[Mon Jan 26 04:20:58.937665 2026] [php:error] [pid 4193] [client 194.5.82.28:0] script '/domains/pauljbrock/yanz.php' not found or unable to stat
[Mon Jan 26 04:21:02.364553 2026] [php:error] [pid 4187] [client 194.5.82.20:0] script '/domains/pauljbrock/tiny.php' not found or unable to stat
[Mon Jan 26 04:21:02.574780 2026] [php:error] [pid 4187] [client 194.5.82.20:0] script '/domains/pauljbrock/edit.php' not found or unable to stat
[Mon Jan 26 04:21:02.809919 2026] [php:error] [pid 4187] [client 194.5.82.20:0] script '/domains/pauljbrock/first.php' not found or unable to stat
[Mon Jan 26 04:21:04.594943 2026] [php:error] [pid 4187] [client 194.5.82.20:0] script '/domains/pauljbrock/bs1.php' not found or unable to stat
[Mon Jan 26 04:21:05.717677 2026] [php:error] [pid 4187] [client 194.5.82.20:0] script '/domains/pauljbrock/cron.php' not found or unable to stat
[Mon Jan 26 04:21:06.170512 2026] [php:error] [pid 4187] [client 194.5.82.20:0] script '/domains/pauljbrock/db.php' not found or unable to stat
[Mon Jan 26 04:21:06.279193 2026] [php:error] [pid 4192] [client 20.24.209.153:0] script '/domains/homesbyaudrey1/wp-blog.php' not found or unable to stat
[Mon Jan 26 04:21:06.416962 2026] [php:error] [pid 4187] [client 194.5.82.20:0] script '/domains/pauljbrock/fm.php' not found or unable to stat
[Mon Jan 26 04:21:06.503898 2026] [php:error] [pid 4192] [client 20.24.209.153:0] script '/domains/homesbyaudrey1/o.php' not found or unable to stat
[Mon Jan 26 04:21:06.722025 2026] [php:error] [pid 4192] [client 20.24.209.153:0] script '/domains/homesbyaudrey1/adminfuns.php' not found or unable to stat
[Mon Jan 26 04:21:06.938577 2026] [php:error] [pid 4192] [client 20.24.209.153:0] script '/domains/homesbyaudrey1/phpmailer.lang-sv.php' not found or unable to stat
[Mon Jan 26 04:21:07.368140 2026] [php:error] [pid 4187] [client 194.5.82.20:0] script '/domains/pauljbrock/a.php' not found or unable to stat
[Mon Jan 26 04:21:08.107955 2026] [php:error] [pid 4187] [client 194.5.82.20:0] script '/domains/pauljbrock/chosen.php' not found or unable to stat
[Mon Jan 26 04:21:08.592521 2026] [php:error] [pid 4187] [client 194.5.82.20:0] script '/domains/pauljbrock/back.php' not found or unable to stat
[Mon Jan 26 04:21:09.751012 2026] [php:error] [pid 4192] [client 20.24.209.153:0] script '/domains/homesbyaudrey1/wp-signin.php' not found or unable to stat
[Mon Jan 26 04:21:09.974427 2026] [php:error] [pid 4192] [client 20.24.209.153:0] script '/domains/homesbyaudrey1/xmrlpc.php' not found or unable to stat
[Mon Jan 26 04:21:10.192461 2026] [php:error] [pid 4192] [client 20.24.209.153:0] script '/domains/homesbyaudrey1/wp-xml.php' not found or unable to stat
[Mon Jan 26 04:21:10.218352 2026] [php:error] [pid 4187] [client 194.5.82.20:0] script '/domains/pauljbrock/new.php' not found or unable to stat
[Mon Jan 26 04:21:10.617099 2026] [php:error] [pid 4192] [client 20.24.209.153:0] script '/domains/homesbyaudrey1/radio.php' not found or unable to stat
[Mon Jan 26 04:21:10.830279 2026] [php:error] [pid 4192] [client 20.24.209.153:0] script '/domains/homesbyaudrey1/schallfuns.php' not found or unable to stat
[Mon Jan 26 04:21:11.145967 2026] [php:error] [pid 4187] [client 194.5.82.20:0] script '/domains/pauljbrock/phpfm3.php' not found or unable to stat
[Mon Jan 26 04:21:11.254029 2026] [php:error] [pid 4192] [client 20.24.209.153:0] script '/domains/homesbyaudrey1/test1.php' not found or unable to stat
[Mon Jan 26 04:21:11.908913 2026] [php:error] [pid 4192] [client 20.24.209.153:0] script '/domains/homesbyaudrey1/w.php' not found or unable to stat
[Mon Jan 26 04:21:12.048010 2026] [php:error] [pid 4187] [client 194.5.82.20:0] script '/domains/pauljbrock/post.php' not found or unable to stat
[Mon Jan 26 04:21:14.175300 2026] [php:error] [pid 4187] [client 194.5.82.20:0] script '/domains/pauljbrock/randkeyword.php' not found or unable to stat
[Mon Jan 26 04:21:14.850994 2026] [php:error] [pid 4187] [client 194.5.82.20:0] script '/domains/pauljbrock/xxx.php' not found or unable to stat
[Mon Jan 26 04:21:15.192862 2026] [php:error] [pid 4192] [client 20.24.209.153:0] script '/domains/homesbyaudrey1/wp-api.php' not found or unable to stat
[Mon Jan 26 04:21:15.354068 2026] [php:error] [pid 4187] [client 194.5.82.20:0] script '/domains/pauljbrock/lv.php' not found or unable to stat
[Mon Jan 26 04:21:15.584478 2026] [php:error] [pid 4187] [client 194.5.82.20:0] script '/domains/pauljbrock/zip.php' not found or unable to stat
