[Mon Jan 26 01:19:49.991261 2026] [php:error] [pid 67968] [client 185.177.72.13:0] script '/domains/hand-hammerweb/pageinfo.php' not found or unable to stat
[Mon Jan 26 01:19:50.019955 2026] [php:error] [pid 67955] [client 20.205.115.105:0] script '/domains/fdcarter/0x.php' not found or unable to stat
[Mon Jan 26 01:19:50.036510 2026] [php:error] [pid 67958] [client 185.177.72.13:0] script '/domains/hand-hammerweb/siteinfo.php' not found or unable to stat
[Mon Jan 26 01:19:50.083560 2026] [php:error] [pid 67968] [client 185.177.72.13:0] script '/domains/hand-hammerweb/info.php.back' not found or unable to stat
[Mon Jan 26 01:19:50.121688 2026] [php:error] [pid 67958] [client 185.177.72.13:0] script '/domains/hand-hammerweb/info.php.1' not found or unable to stat
[Mon Jan 26 01:19:50.225253 2026] [php:error] [pid 67955] [client 20.205.115.105:0] script '/domains/fdcarter/domains.php' not found or unable to stat
[Mon Jan 26 01:19:50.268385 2026] [php:error] [pid 67968] [client 185.177.72.13:0] script '/domains/hand-hammerweb/release_info.php' not found or unable to stat
[Mon Jan 26 01:19:50.292435 2026] [php:error] [pid 67958] [client 185.177.72.13:0] script '/domains/hand-hammerweb/pageinfo.php' not found or unable to stat
[Mon Jan 26 01:19:50.377539 2026] [php:error] [pid 67958] [client 185.177.72.13:0] script '/domains/hand-hammerweb/info.php.back' not found or unable to stat
[Mon Jan 26 01:19:50.430794 2026] [php:error] [pid 67955] [client 20.205.115.105:0] script '/domains/fdcarter/wp-goods.php' not found or unable to stat
[Mon Jan 26 01:19:50.546261 2026] [php:error] [pid 67968] [client 185.177.72.13:0] script '/domains/hand-hammerweb/info.php' not found or unable to stat
[Mon Jan 26 01:19:50.547750 2026] [php:error] [pid 67958] [client 185.177.72.13:0] script '/domains/hand-hammerweb/release_info.php' not found or unable to stat
[Mon Jan 26 01:19:50.591597 2026] [php:error] [pid 67956] [client 185.177.72.38:0] script '/domains/markrose/.env.sample.php' not found or unable to stat
[Mon Jan 26 01:19:50.639535 2026] [php:error] [pid 67955] [client 20.205.115.105:0] script '/domains/fdcarter/144.php' not found or unable to stat
[Mon Jan 26 01:19:50.683580 2026] [php:error] [pid 67965] [client 185.177.72.38:0] script '/domains/markrose/.env.sample.php' not found or unable to stat
[Mon Jan 26 01:19:50.802939 2026] [php:error] [pid 67958] [client 185.177.72.13:0] script '/domains/hand-hammerweb/info.php' not found or unable to stat
[Mon Jan 26 01:19:50.824780 2026] [php:error] [pid 67968] [client 185.177.72.13:0] script '/domains/hand-hammerweb/info.php.save.1' not found or unable to stat
[Mon Jan 26 01:19:50.849512 2026] [php:error] [pid 67955] [client 20.205.115.105:0] script '/domains/fdcarter/akcc.php' not found or unable to stat
[Mon Jan 26 01:19:51.011448 2026] [php:error] [pid 67968] [client 185.177.72.13:0] script '/domains/hand-hammerweb/_info.php' not found or unable to stat
[Mon Jan 26 01:19:51.054905 2026] [php:error] [pid 67955] [client 20.205.115.105:0] script '/domains/fdcarter/vanda.php' not found or unable to stat
[Mon Jan 26 01:19:51.058720 2026] [php:error] [pid 67958] [client 185.177.72.13:0] script '/domains/hand-hammerweb/info.php.save.1' not found or unable to stat
[Mon Jan 26 01:19:51.104822 2026] [php:error] [pid 67968] [client 185.177.72.13:0] script '/domains/hand-hammerweb/admin_phpinfo.php' not found or unable to stat
[Mon Jan 26 01:19:51.136350 2026] [php:error] [pid 67956] [client 185.177.72.38:0] script '/domains/markrose/env.php' not found or unable to stat
[Mon Jan 26 01:19:51.198404 2026] [php:error] [pid 67968] [client 185.177.72.13:0] script '/domains/hand-hammerweb/dbinfo.php' not found or unable to stat
[Mon Jan 26 01:19:51.229070 2026] [php:error] [pid 67958] [client 185.177.72.13:0] script '/domains/hand-hammerweb/_info.php' not found or unable to stat
[Mon Jan 26 01:19:51.237179 2026] [php:error] [pid 67965] [client 185.177.72.38:0] script '/domains/markrose/env.php' not found or unable to stat
[Mon Jan 26 01:19:51.260385 2026] [php:error] [pid 67955] [client 20.205.115.105:0] script '/domains/fdcarter/lib.php' not found or unable to stat
[Mon Jan 26 01:19:51.291498 2026] [php:error] [pid 67968] [client 185.177.72.13:0] script '/domains/hand-hammerweb/admin_info.php' not found or unable to stat
[Mon Jan 26 01:19:51.314155 2026] [php:error] [pid 67958] [client 185.177.72.13:0] script '/domains/hand-hammerweb/admin_phpinfo.php' not found or unable to stat
[Mon Jan 26 01:19:51.399233 2026] [php:error] [pid 67958] [client 185.177.72.13:0] script '/domains/hand-hammerweb/dbinfo.php' not found or unable to stat
[Mon Jan 26 01:19:51.466354 2026] [php:error] [pid 67955] [client 20.205.115.105:0] script '/domains/fdcarter/zc-104.php' not found or unable to stat
[Mon Jan 26 01:19:51.476382 2026] [php:error] [pid 67968] [client 185.177.72.13:0] script '/domains/hand-hammerweb/config.php' not found or unable to stat
[Mon Jan 26 01:19:51.484473 2026] [php:error] [pid 67958] [client 185.177.72.13:0] script '/domains/hand-hammerweb/admin_info.php' not found or unable to stat
[Mon Jan 26 01:19:51.568958 2026] [php:error] [pid 67968] [client 185.177.72.13:0] script '/domains/hand-hammerweb/phpinfo.php' not found or unable to stat
[Mon Jan 26 01:19:51.655066 2026] [php:error] [pid 67958] [client 185.177.72.13:0] script '/domains/hand-hammerweb/config.php' not found or unable to stat
[Mon Jan 26 01:19:51.662028 2026] [php:error] [pid 67968] [client 185.177.72.13:0] script '/domains/hand-hammerweb/phpinfo.php.bak' not found or unable to stat
[Mon Jan 26 01:19:51.684456 2026] [php:error] [pid 67955] [client 20.205.115.105:0] script '/domains/fdcarter/zc-729.php' not found or unable to stat
[Mon Jan 26 01:19:51.740290 2026] [php:error] [pid 67958] [client 185.177.72.13:0] script '/domains/hand-hammerweb/phpinfo.php' not found or unable to stat
[Mon Jan 26 01:19:51.825390 2026] [php:error] [pid 67958] [client 185.177.72.13:0] script '/domains/hand-hammerweb/phpinfo.php.bak' not found or unable to stat
[Mon Jan 26 01:19:51.846937 2026] [php:error] [pid 67968] [client 185.177.72.13:0] script '/domains/hand-hammerweb/pinfo.php' not found or unable to stat
[Mon Jan 26 01:19:51.909858 2026] [php:error] [pid 67955] [client 20.205.115.105:0] script '/domains/fdcarter/bo.php' not found or unable to stat
[Mon Jan 26 01:19:51.995977 2026] [php:error] [pid 67958] [client 185.177.72.13:0] script '/domains/hand-hammerweb/pinfo.php' not found or unable to stat
[Mon Jan 26 01:19:52.117078 2026] [php:error] [pid 67955] [client 20.205.115.105:0] script '/domains/fdcarter/x.php' not found or unable to stat
[Mon Jan 26 01:19:52.144527 2026] [php:error] [pid 67967] [client 185.177.72.13:0] script '/domains/awciii/settings.php' not found or unable to stat
[Mon Jan 26 01:19:52.322740 2026] [php:error] [pid 67955] [client 20.205.115.105:0] script '/domains/fdcarter/adminfuns.php' not found or unable to stat
[Mon Jan 26 01:19:52.528933 2026] [php:error] [pid 67955] [client 20.205.115.105:0] script '/domains/fdcarter/56c53.php' not found or unable to stat
[Mon Jan 26 01:19:52.734307 2026] [php:error] [pid 67955] [client 20.205.115.105:0] script '/domains/fdcarter/FII.php' not found or unable to stat
[Mon Jan 26 01:19:52.940609 2026] [php:error] [pid 67955] [client 20.205.115.105:0] script '/domains/fdcarter/wp-ac.php' not found or unable to stat
[Mon Jan 26 01:19:53.147874 2026] [php:error] [pid 67955] [client 20.205.115.105:0] script '/domains/fdcarter/atex1.php' not found or unable to stat
[Mon Jan 26 01:19:53.353330 2026] [php:error] [pid 67955] [client 20.205.115.105:0] script '/domains/fdcarter/blox.php' not found or unable to stat
[Mon Jan 26 01:19:53.558829 2026] [php:error] [pid 67955] [client 20.205.115.105:0] script '/domains/fdcarter/wp-64wscx6shd.php' not found or unable to stat
[Mon Jan 26 01:19:53.765881 2026] [php:error] [pid 67955] [client 20.205.115.105:0] script '/domains/fdcarter/gecko.php' not found or unable to stat
[Mon Jan 26 01:19:53.894286 2026] [php:error] [pid 67964] [client 185.177.72.38:0] script '/domains/markrose/wp-config.php' not found or unable to stat
[Mon Jan 26 01:19:53.901901 2026] [php:error] [pid 67969] [client 185.177.72.38:0] script '/domains/markrose/wp-config.php' not found or unable to stat
[Mon Jan 26 01:19:53.987000 2026] [php:error] [pid 67964] [client 185.177.72.38:0] script '/domains/markrose/configuration.php' not found or unable to stat
[Mon Jan 26 01:19:53.989872 2026] [php:error] [pid 67969] [client 185.177.72.38:0] script '/domains/markrose/configuration.php' not found or unable to stat
[Mon Jan 26 01:19:53.993266 2026] [php:error] [pid 67955] [client 20.205.115.105:0] script '/domains/fdcarter/sxx.php' not found or unable to stat
[Mon Jan 26 01:19:54.043914 2026] [php:error] [pid 67958] [client 185.177.72.13:0] script '/domains/hand-hammerweb/.env.php' not found or unable to stat
[Mon Jan 26 01:19:54.066568 2026] [php:error] [pid 67968] [client 185.177.72.13:0] script '/domains/hand-hammerweb/.env.php' not found or unable to stat
[Mon Jan 26 01:19:54.199641 2026] [php:error] [pid 67955] [client 20.205.115.105:0] script '/domains/fdcarter/mode.php' not found or unable to stat
[Mon Jan 26 01:19:54.405144 2026] [php:error] [pid 67955] [client 20.205.115.105:0] script '/domains/fdcarter/z60.php' not found or unable to stat
[Mon Jan 26 01:19:54.660438 2026] [php:error] [pid 67955] [client 20.205.115.105:0] script '/domains/fdcarter/hehe.php' not found or unable to stat
[Mon Jan 26 01:19:54.867343 2026] [php:error] [pid 67955] [client 20.205.115.105:0] script '/domains/fdcarter/asd.php' not found or unable to stat
[Mon Jan 26 01:19:55.073273 2026] [php:error] [pid 67955] [client 20.205.115.105:0] script '/domains/fdcarter/5b9ac.php' not found or unable to stat
[Mon Jan 26 01:19:55.278628 2026] [php:error] [pid 67955] [client 20.205.115.105:0] script '/domains/fdcarter/k.php' not found or unable to stat
[Mon Jan 26 01:19:55.485583 2026] [php:error] [pid 67955] [client 20.205.115.105:0] script '/domains/fdcarter/edit.php' not found or unable to stat
[Mon Jan 26 01:19:55.534376 2026] [php:error] [pid 67967] [client 185.177.72.13:0] script '/domains/awciii/_phpinfo.php' not found or unable to stat
[Mon Jan 26 01:19:55.691622 2026] [php:error] [pid 67955] [client 20.205.115.105:0] script '/domains/fdcarter/t.php' not found or unable to stat
[Mon Jan 26 01:19:55.897004 2026] [php:error] [pid 67955] [client 20.205.115.105:0] script '/domains/fdcarter/lm15.php' not found or unable to stat
[Mon Jan 26 01:19:56.013408 2026] [php:error] [pid 67969] [client 185.177.72.38:0] script '/domains/markrose/settings.php' not found or unable to stat
[Mon Jan 26 01:19:56.102339 2026] [php:error] [pid 67955] [client 20.205.115.105:0] script '/domains/fdcarter/6kDPjgFTmvS.php' not found or unable to stat
[Mon Jan 26 01:19:56.109862 2026] [php:error] [pid 67964] [client 185.177.72.38:0] script '/domains/markrose/settings.php' not found or unable to stat
[Mon Jan 26 01:19:56.307854 2026] [php:error] [pid 67955] [client 20.205.115.105:0] script '/domains/fdcarter/222.php' not found or unable to stat
[Mon Jan 26 01:19:56.513657 2026] [php:error] [pid 67955] [client 20.205.115.105:0] script '/domains/fdcarter/admin836.php' not found or unable to stat
[Mon Jan 26 01:19:56.816025 2026] [php:error] [pid 67955] [client 20.205.115.105:0] script '/domains/fdcarter/sx.php' not found or unable to stat
[Mon Jan 26 01:19:57.022497 2026] [php:error] [pid 67955] [client 20.205.115.105:0] script '/domains/fdcarter/lufix.php' not found or unable to stat
[Mon Jan 26 01:19:57.124735 2026] [php:error] [pid 67958] [client 185.177.72.13:0] script '/domains/hand-hammerweb/.env.sample.php' not found or unable to stat
[Mon Jan 26 01:19:57.389638 2026] [php:error] [pid 67968] [client 185.177.72.13:0] script '/domains/hand-hammerweb/.env.sample.php' not found or unable to stat
[Mon Jan 26 01:19:57.637482 2026] [php:error] [pid 67958] [client 185.177.72.13:0] script '/domains/hand-hammerweb/env.php' not found or unable to stat
[Mon Jan 26 01:19:57.943222 2026] [php:error] [pid 67968] [client 185.177.72.13:0] script '/domains/hand-hammerweb/env.php' not found or unable to stat
[Mon Jan 26 01:19:58.821353 2026] [php:error] [pid 67965] [client 185.177.72.13:0] script '/domains/awciii/config.php.bak' not found or unable to stat
[Mon Jan 26 01:19:58.997091 2026] [access_compat:error] [pid 67965] [client 185.177.72.13:0] AH01797: client denied by server configuration: /domains/awciii/server-info
[Mon Jan 26 01:19:59.173067 2026] [php:error] [pid 67965] [client 185.177.72.13:0] script '/domains/awciii/config.php.save' not found or unable to stat
[Mon Jan 26 01:19:59.179924 2026] [php:error] [pid 67969] [client 185.177.72.38:0] script '/domains/markrose/_phpinfo.php' not found or unable to stat
[Mon Jan 26 01:19:59.260928 2026] [php:error] [pid 67965] [client 185.177.72.13:0] script '/domains/awciii/pi.php' not found or unable to stat
[Mon Jan 26 01:19:59.348814 2026] [php:error] [pid 67965] [client 185.177.72.13:0] script '/domains/awciii/wp-config.php.bak' not found or unable to stat
[Mon Jan 26 01:19:59.436106 2026] [php:error] [pid 67964] [client 185.177.72.38:0] script '/domains/markrose/_phpinfo.php' not found or unable to stat
[Mon Jan 26 01:19:59.437066 2026] [php:error] [pid 67965] [client 185.177.72.13:0] script '/domains/awciii/test.php' not found or unable to stat
[Mon Jan 26 01:19:59.525248 2026] [php:error] [pid 67965] [client 185.177.72.13:0] script '/domains/awciii/wp-config.php.backup' not found or unable to stat
[Mon Jan 26 01:20:00.358834 2026] [php:error] [pid 67956] [client 185.177.72.13:0] script '/domains/hand-hammerweb/wp-config.php' not found or unable to stat
[Mon Jan 26 01:20:00.451363 2026] [php:error] [pid 67956] [client 185.177.72.13:0] script '/domains/hand-hammerweb/configuration.php' not found or unable to stat
[Mon Jan 26 01:20:00.468932 2026] [php:error] [pid 67967] [client 185.177.72.13:0] script '/domains/hand-hammerweb/wp-config.php' not found or unable to stat
[Mon Jan 26 01:20:00.550656 2026] [php:error] [pid 67967] [client 185.177.72.13:0] script '/domains/hand-hammerweb/configuration.php' not found or unable to stat
[Mon Jan 26 01:20:02.420998 2026] [php:error] [pid 67966] [client 185.177.72.38:0] script '/domains/markrose/config.php.bak' not found or unable to stat
[Mon Jan 26 01:20:02.433936 2026] [php:error] [pid 67967] [client 185.177.72.13:0] script '/domains/hand-hammerweb/settings.php' not found or unable to stat
[Mon Jan 26 01:20:02.578467 2026] [php:error] [pid 67956] [client 185.177.72.13:0] script '/domains/hand-hammerweb/settings.php' not found or unable to stat
[Mon Jan 26 01:20:02.606189 2026] [access_compat:error] [pid 67966] [client 185.177.72.38:0] AH01797: client denied by server configuration: /domains/markrose/server-info
[Mon Jan 26 01:20:02.617010 2026] [php:error] [pid 67958] [client 185.177.72.38:0] script '/domains/markrose/config.php.bak' not found or unable to stat
[Mon Jan 26 01:20:02.784008 2026] [access_compat:error] [pid 67958] [client 185.177.72.38:0] AH01797: client denied by server configuration: /domains/markrose/server-info
[Mon Jan 26 01:20:02.791392 2026] [php:error] [pid 67966] [client 185.177.72.38:0] script '/domains/markrose/config.php.save' not found or unable to stat
[Mon Jan 26 01:20:02.883836 2026] [php:error] [pid 67966] [client 185.177.72.38:0] script '/domains/markrose/pi.php' not found or unable to stat
[Mon Jan 26 01:20:02.950813 2026] [php:error] [pid 67958] [client 185.177.72.38:0] script '/domains/markrose/config.php.save' not found or unable to stat
[Mon Jan 26 01:20:02.976184 2026] [php:error] [pid 67966] [client 185.177.72.38:0] script '/domains/markrose/wp-config.php.bak' not found or unable to stat
[Mon Jan 26 01:20:03.034210 2026] [php:error] [pid 67958] [client 185.177.72.38:0] script '/domains/markrose/pi.php' not found or unable to stat
[Mon Jan 26 01:20:03.068543 2026] [php:error] [pid 67966] [client 185.177.72.38:0] script '/domains/markrose/test.php' not found or unable to stat
[Mon Jan 26 01:20:03.117598 2026] [php:error] [pid 67958] [client 185.177.72.38:0] script '/domains/markrose/wp-config.php.bak' not found or unable to stat
[Mon Jan 26 01:20:03.160968 2026] [php:error] [pid 67966] [client 185.177.72.38:0] script '/domains/markrose/wp-config.php.backup' not found or unable to stat
[Mon Jan 26 01:20:03.200853 2026] [php:error] [pid 67958] [client 185.177.72.38:0] script '/domains/markrose/test.php' not found or unable to stat
[Mon Jan 26 01:20:03.284202 2026] [php:error] [pid 67958] [client 185.177.72.38:0] script '/domains/markrose/wp-config.php.backup' not found or unable to stat
[Mon Jan 26 01:20:03.582538 2026] [authz_core:error] [pid 67965] [client 185.177.72.13:0] AH01630: client denied by server configuration: /domains/awciii/.htaccess
[Mon Jan 26 01:20:03.652317 2026] [php:error] [pid 67969] [client 185.177.72.56:0] script '/domains/awciii/info.php.bak' not found or unable to stat
[Mon Jan 26 01:20:03.737725 2026] [php:error] [pid 67969] [client 185.177.72.56:0] script '/domains/awciii/php-info.php' not found or unable to stat
[Mon Jan 26 01:20:03.822913 2026] [php:error] [pid 67969] [client 185.177.72.56:0] script '/domains/awciii/newinfo.php' not found or unable to stat
[Mon Jan 26 01:20:03.908012 2026] [php:error] [pid 67969] [client 185.177.72.56:0] script '/domains/awciii/siteinfo.php' not found or unable to stat
[Mon Jan 26 01:20:03.993366 2026] [php:error] [pid 67969] [client 185.177.72.56:0] script '/domains/awciii/info.php.1' not found or unable to stat
[Mon Jan 26 01:20:04.163506 2026] [php:error] [pid 67969] [client 185.177.72.56:0] script '/domains/awciii/pageinfo.php' not found or unable to stat
[Mon Jan 26 01:20:04.249290 2026] [php:error] [pid 67969] [client 185.177.72.56:0] script '/domains/awciii/info.php.back' not found or unable to stat
[Mon Jan 26 01:20:04.419676 2026] [php:error] [pid 67969] [client 185.177.72.56:0] script '/domains/awciii/release_info.php' not found or unable to stat
[Mon Jan 26 01:20:04.675061 2026] [php:error] [pid 67969] [client 185.177.72.56:0] script '/domains/awciii/info.php' not found or unable to stat
[Mon Jan 26 01:20:04.930521 2026] [php:error] [pid 67969] [client 185.177.72.56:0] script '/domains/awciii/info.php.save.1' not found or unable to stat
[Mon Jan 26 01:20:05.100915 2026] [php:error] [pid 67969] [client 185.177.72.56:0] script '/domains/awciii/_info.php' not found or unable to stat
[Mon Jan 26 01:20:05.186022 2026] [php:error] [pid 67969] [client 185.177.72.56:0] script '/domains/awciii/admin_phpinfo.php' not found or unable to stat
[Mon Jan 26 01:20:05.271133 2026] [php:error] [pid 67969] [client 185.177.72.56:0] script '/domains/awciii/dbinfo.php' not found or unable to stat
[Mon Jan 26 01:20:05.356435 2026] [php:error] [pid 67969] [client 185.177.72.56:0] script '/domains/awciii/admin_info.php' not found or unable to stat
[Mon Jan 26 01:20:05.387737 2026] [php:error] [pid 67967] [client 185.177.72.13:0] script '/domains/hand-hammerweb/_phpinfo.php' not found or unable to stat
[Mon Jan 26 01:20:05.526814 2026] [php:error] [pid 67969] [client 185.177.72.56:0] script '/domains/awciii/config.php' not found or unable to stat
[Mon Jan 26 01:20:05.612035 2026] [php:error] [pid 67969] [client 185.177.72.56:0] script '/domains/awciii/phpinfo.php' not found or unable to stat
[Mon Jan 26 01:20:05.697532 2026] [php:error] [pid 67969] [client 185.177.72.56:0] script '/domains/awciii/phpinfo.php.bak' not found or unable to stat
[Mon Jan 26 01:20:05.783598 2026] [php:error] [pid 67965] [client 185.177.72.13:0] script '/domains/awciii/123.php' not found or unable to stat
[Mon Jan 26 01:20:05.867932 2026] [php:error] [pid 67969] [client 185.177.72.56:0] script '/domains/awciii/pinfo.php' not found or unable to stat
[Mon Jan 26 01:20:05.902846 2026] [php:error] [pid 67956] [client 185.177.72.13:0] script '/domains/hand-hammerweb/_phpinfo.php' not found or unable to stat
[Mon Jan 26 01:20:07.128143 2026] [authz_core:error] [pid 67958] [client 185.177.72.38:0] AH01630: client denied by server configuration: /domains/markrose/.htaccess
[Mon Jan 26 01:20:07.409014 2026] [authz_core:error] [pid 67966] [client 185.177.72.38:0] AH01630: client denied by server configuration: /domains/markrose/.htaccess
[Mon Jan 26 01:20:07.909692 2026] [php:error] [pid 67969] [client 185.177.72.56:0] script '/domains/awciii/.env.php' not found or unable to stat
[Mon Jan 26 01:20:08.335166 2026] [php:error] [pid 67964] [client 185.177.72.13:0] script '/domains/hand-hammerweb/config.php.bak' not found or unable to stat
[Mon Jan 26 01:20:08.438312 2026] [php:error] [pid 67955] [client 185.177.72.13:0] script '/domains/awciii/a.php' not found or unable to stat
[Mon Jan 26 01:20:08.498955 2026] [access_compat:error] [pid 67964] [client 185.177.72.13:0] AH01797: client denied by server configuration: /domains/hand-hammerweb/server-info
[Mon Jan 26 01:20:08.663107 2026] [php:error] [pid 67964] [client 185.177.72.13:0] script '/domains/hand-hammerweb/config.php.save' not found or unable to stat
[Mon Jan 26 01:20:08.745122 2026] [php:error] [pid 67964] [client 185.177.72.13:0] script '/domains/hand-hammerweb/pi.php' not found or unable to stat
[Mon Jan 26 01:20:08.827136 2026] [php:error] [pid 67964] [client 185.177.72.13:0] script '/domains/hand-hammerweb/wp-config.php.bak' not found or unable to stat
[Mon Jan 26 01:20:08.909009 2026] [php:error] [pid 67964] [client 185.177.72.13:0] script '/domains/hand-hammerweb/test.php' not found or unable to stat
[Mon Jan 26 01:20:08.990900 2026] [php:error] [pid 67964] [client 185.177.72.13:0] script '/domains/hand-hammerweb/wp-config.php.backup' not found or unable to stat
[Mon Jan 26 01:20:09.217152 2026] [php:error] [pid 67958] [client 185.177.72.38:0] script '/domains/markrose/123.php' not found or unable to stat
[Mon Jan 26 01:20:09.228648 2026] [php:error] [pid 67965] [client 185.177.72.13:0] script '/domains/hand-hammerweb/config.php.bak' not found or unable to stat
[Mon Jan 26 01:20:09.272392 2026] [php:error] [pid 67955] [client 185.177.72.13:0] script '/domains/awciii/admin.php' not found or unable to stat
[Mon Jan 26 01:20:09.413082 2026] [access_compat:error] [pid 67965] [client 185.177.72.13:0] AH01797: client denied by server configuration: /domains/hand-hammerweb/server-info
[Mon Jan 26 01:20:09.597731 2026] [php:error] [pid 67965] [client 185.177.72.13:0] script '/domains/hand-hammerweb/config.php.save' not found or unable to stat
[Mon Jan 26 01:20:09.646105 2026] [php:error] [pid 67955] [client 185.177.72.13:0] script '/domains/awciii/adminer.php' not found or unable to stat
[Mon Jan 26 01:20:09.689989 2026] [php:error] [pid 67965] [client 185.177.72.13:0] script '/domains/hand-hammerweb/pi.php' not found or unable to stat
[Mon Jan 26 01:20:09.716813 2026] [php:error] [pid 67966] [client 185.177.72.38:0] script '/domains/markrose/123.php' not found or unable to stat
[Mon Jan 26 01:20:09.782285 2026] [php:error] [pid 67965] [client 185.177.72.13:0] script '/domains/hand-hammerweb/wp-config.php.bak' not found or unable to stat
[Mon Jan 26 01:20:09.874739 2026] [php:error] [pid 67965] [client 185.177.72.13:0] script '/domains/hand-hammerweb/test.php' not found or unable to stat
[Mon Jan 26 01:20:09.967133 2026] [php:error] [pid 67965] [client 185.177.72.13:0] script '/domains/hand-hammerweb/wp-config.php.backup' not found or unable to stat
[Mon Jan 26 01:20:10.294298 2026] [php:error] [pid 67955] [client 185.177.72.13:0] script '/domains/awciii/apache.php' not found or unable to stat
[Mon Jan 26 01:20:10.664539 2026] [php:error] [pid 67955] [client 185.177.72.13:0] script '/domains/awciii/apache2.php' not found or unable to stat
[Mon Jan 26 01:20:10.757057 2026] [php:error] [pid 67955] [client 185.177.72.13:0] script '/domains/awciii/apc.php' not found or unable to stat
[Mon Jan 26 01:20:10.979544 2026] [php:error] [pid 67969] [client 185.177.72.56:0] script '/domains/awciii/.env.sample.php' not found or unable to stat
[Mon Jan 26 01:20:11.490182 2026] [php:error] [pid 67969] [client 185.177.72.56:0] script '/domains/awciii/env.php' not found or unable to stat
[Mon Jan 26 01:20:11.875111 2026] [php:error] [pid 67967] [client 185.177.72.38:0] script '/domains/markrose/a.php' not found or unable to stat
[Mon Jan 26 01:20:12.555632 2026] [php:error] [pid 67956] [client 185.177.72.38:0] script '/domains/markrose/a.php' not found or unable to stat
[Mon Jan 26 01:20:12.654532 2026] [php:error] [pid 67967] [client 185.177.72.38:0] script '/domains/markrose/admin.php' not found or unable to stat
[Mon Jan 26 01:20:12.763241 2026] [authz_core:error] [pid 67964] [client 185.177.72.13:0] AH01630: client denied by server configuration: /domains/hand-hammerweb/.htaccess
[Mon Jan 26 01:20:12.999816 2026] [php:error] [pid 67967] [client 185.177.72.38:0] script '/domains/markrose/adminer.php' not found or unable to stat
[Mon Jan 26 01:20:13.346231 2026] [php:error] [pid 67956] [client 185.177.72.38:0] script '/domains/markrose/admin.php' not found or unable to stat
[Mon Jan 26 01:20:13.604697 2026] [php:error] [pid 67967] [client 185.177.72.38:0] script '/domains/markrose/apache.php' not found or unable to stat
[Mon Jan 26 01:20:13.697342 2026] [php:error] [pid 67956] [client 185.177.72.38:0] script '/domains/markrose/adminer.php' not found or unable to stat
[Mon Jan 26 01:20:13.950095 2026] [php:error] [pid 67967] [client 185.177.72.38:0] script '/domains/markrose/apache2.php' not found or unable to stat
[Mon Jan 26 01:20:14.036610 2026] [php:error] [pid 67967] [client 185.177.72.38:0] script '/domains/markrose/apc.php' not found or unable to stat
[Mon Jan 26 01:20:14.208098 2026] [php:error] [pid 67946] [client 185.177.72.56:0] script '/domains/awciii/wp-config.php' not found or unable to stat
[Mon Jan 26 01:20:14.218238 2026] [authz_core:error] [pid 67965] [client 185.177.72.13:0] AH01630: client denied by server configuration: /domains/hand-hammerweb/.htaccess
[Mon Jan 26 01:20:14.300549 2026] [php:error] [pid 67946] [client 185.177.72.56:0] script '/domains/awciii/configuration.php' not found or unable to stat
[Mon Jan 26 01:20:14.312318 2026] [php:error] [pid 67956] [client 185.177.72.38:0] script '/domains/markrose/apache.php' not found or unable to stat
[Mon Jan 26 01:20:14.644181 2026] [php:error] [pid 67955] [client 185.177.72.13:0] script '/domains/awciii/asdf.php' not found or unable to stat
[Mon Jan 26 01:20:14.665102 2026] [php:error] [pid 67956] [client 185.177.72.38:0] script '/domains/markrose/apache2.php' not found or unable to stat
[Mon Jan 26 01:20:14.753228 2026] [php:error] [pid 67956] [client 185.177.72.38:0] script '/domains/markrose/apc.php' not found or unable to stat
[Mon Jan 26 01:20:14.813996 2026] [php:error] [pid 67964] [client 185.177.72.13:0] script '/domains/hand-hammerweb/123.php' not found or unable to stat
[Mon Jan 26 01:20:16.425891 2026] [php:error] [pid 67946] [client 185.177.72.56:0] script '/domains/awciii/settings.php' not found or unable to stat
[Mon Jan 26 01:20:16.530170 2026] [php:error] [pid 67965] [client 185.177.72.13:0] script '/domains/hand-hammerweb/123.php' not found or unable to stat
[Mon Jan 26 01:20:17.379596 2026] [php:error] [pid 67958] [client 185.177.72.13:0] script '/domains/hand-hammerweb/a.php' not found or unable to stat
[Mon Jan 26 01:20:17.665666 2026] [php:error] [pid 67967] [client 185.177.72.38:0] script '/domains/markrose/asdf.php' not found or unable to stat
[Mon Jan 26 01:20:18.230007 2026] [php:error] [pid 67958] [client 185.177.72.13:0] script '/domains/hand-hammerweb/admin.php' not found or unable to stat
[Mon Jan 26 01:20:18.448260 2026] [php:error] [pid 67956] [client 185.177.72.38:0] script '/domains/markrose/asdf.php' not found or unable to stat
[Mon Jan 26 01:20:18.606555 2026] [php:error] [pid 67958] [client 185.177.72.13:0] script '/domains/hand-hammerweb/adminer.php' not found or unable to stat
[Mon Jan 26 01:20:18.979944 2026] [php:error] [pid 67955] [client 185.177.72.13:0] script '/domains/hand-hammerweb/a.php' not found or unable to stat
[Mon Jan 26 01:20:19.176325 2026] [php:error] [pid 67966] [client 185.177.72.13:0] script '/domains/awciii/build.php' not found or unable to stat
[Mon Jan 26 01:20:19.265471 2026] [php:error] [pid 67958] [client 185.177.72.13:0] script '/domains/hand-hammerweb/apache.php' not found or unable to stat
[Mon Jan 26 01:20:19.641848 2026] [php:error] [pid 67958] [client 185.177.72.13:0] script '/domains/hand-hammerweb/apache2.php' not found or unable to stat
[Mon Jan 26 01:20:19.736030 2026] [php:error] [pid 67958] [client 185.177.72.13:0] script '/domains/hand-hammerweb/apc.php' not found or unable to stat
[Mon Jan 26 01:20:19.755822 2026] [php:error] [pid 67955] [client 185.177.72.13:0] script '/domains/hand-hammerweb/admin.php' not found or unable to stat
[Mon Jan 26 01:20:19.758336 2026] [php:error] [pid 67946] [client 185.177.72.56:0] script '/domains/awciii/_phpinfo.php' not found or unable to stat
[Mon Jan 26 01:20:19.914739 2026] [php:error] [pid 67966] [client 185.177.72.13:0] script '/domains/awciii/cache.php' not found or unable to stat
[Mon Jan 26 01:20:20.101401 2026] [php:error] [pid 67955] [client 185.177.72.13:0] script '/domains/hand-hammerweb/adminer.php' not found or unable to stat
[Mon Jan 26 01:20:20.201779 2026] [cgi:error] [pid 67966] [client 185.177.72.13:0] AH02811: stderr from /domains/awciii/cgi-bin/.env: script not found or unable to stat
[Mon Jan 26 01:20:20.294507 2026] [cgi:error] [pid 67966] [client 185.177.72.13:0] AH02811: stderr from /domains/awciii/cgi-bin/pass.txt: script not found or unable to stat
[Mon Jan 26 01:20:20.704629 2026] [php:error] [pid 67955] [client 185.177.72.13:0] script '/domains/hand-hammerweb/apache.php' not found or unable to stat
[Mon Jan 26 01:20:21.049194 2026] [php:error] [pid 67955] [client 185.177.72.13:0] script '/domains/hand-hammerweb/apache2.php' not found or unable to stat
[Mon Jan 26 01:20:21.135358 2026] [php:error] [pid 67955] [client 185.177.72.13:0] script '/domains/hand-hammerweb/apc.php' not found or unable to stat
[Mon Jan 26 01:20:22.118891 2026] [php:error] [pid 67974] [client 185.177.72.38:0] script '/domains/markrose/build.php' not found or unable to stat
[Mon Jan 26 01:20:22.811716 2026] [php:error] [pid 67967] [client 185.177.72.38:0] script '/domains/markrose/build.php' not found or unable to stat
[Mon Jan 26 01:20:22.857814 2026] [php:error] [pid 67974] [client 185.177.72.38:0] script '/domains/markrose/cache.php' not found or unable to stat
[Mon Jan 26 01:20:23.081226 2026] [php:error] [pid 67956] [client 185.177.72.56:0] script '/domains/awciii/config.php.bak' not found or unable to stat
[Mon Jan 26 01:20:23.265976 2026] [access_compat:error] [pid 67956] [client 185.177.72.56:0] AH01797: client denied by server configuration: /domains/awciii/server-info
[Mon Jan 26 01:20:23.450806 2026] [php:error] [pid 67956] [client 185.177.72.56:0] script '/domains/awciii/config.php.save' not found or unable to stat
[Mon Jan 26 01:20:23.528966 2026] [php:error] [pid 67967] [client 185.177.72.38:0] script '/domains/markrose/cache.php' not found or unable to stat
[Mon Jan 26 01:20:23.543322 2026] [php:error] [pid 67956] [client 185.177.72.56:0] script '/domains/awciii/pi.php' not found or unable to stat
[Mon Jan 26 01:20:23.635704 2026] [php:error] [pid 67956] [client 185.177.72.56:0] script '/domains/awciii/wp-config.php.bak' not found or unable to stat
[Mon Jan 26 01:20:23.694249 2026] [php:error] [pid 67958] [client 185.177.72.13:0] script '/domains/hand-hammerweb/asdf.php' not found or unable to stat
[Mon Jan 26 01:20:23.727877 2026] [php:error] [pid 67956] [client 185.177.72.56:0] script '/domains/awciii/test.php' not found or unable to stat
[Mon Jan 26 01:20:23.820206 2026] [php:error] [pid 67956] [client 185.177.72.56:0] script '/domains/awciii/wp-config.php.backup' not found or unable to stat
[Mon Jan 26 01:20:24.758228 2026] [php:error] [pid 67955] [client 185.177.72.13:0] script '/domains/hand-hammerweb/asdf.php' not found or unable to stat
[Mon Jan 26 01:20:26.817398 2026] [php:error] [pid 67969] [client 185.177.72.13:0] script '/domains/awciii/db.php' not found or unable to stat
[Mon Jan 26 01:20:27.329341 2026] [php:error] [pid 67969] [client 185.177.72.13:0] script '/domains/awciii/debug.php' not found or unable to stat
[Mon Jan 26 01:20:27.932312 2026] [php:error] [pid 67946] [client 185.177.72.13:0] script '/domains/hand-hammerweb/build.php' not found or unable to stat
[Mon Jan 26 01:20:28.011833 2026] [php:error] [pid 67969] [client 185.177.72.13:0] script '/domains/awciii/dep.php' not found or unable to stat
[Mon Jan 26 01:20:28.068496 2026] [authz_core:error] [pid 67956] [client 185.177.72.56:0] AH01630: client denied by server configuration: /domains/awciii/.htaccess
[Mon Jan 26 01:20:28.097076 2026] [php:error] [pid 67969] [client 185.177.72.13:0] script '/domains/awciii/deploy.php' not found or unable to stat
[Mon Jan 26 01:20:28.523693 2026] [php:error] [pid 67969] [client 185.177.72.13:0] script '/domains/awciii/dev.php' not found or unable to stat
[Mon Jan 26 01:20:28.600264 2026] [php:error] [pid 67946] [client 185.177.72.13:0] script '/domains/hand-hammerweb/cache.php' not found or unable to stat
[Mon Jan 26 01:20:28.779163 2026] [php:error] [pid 67969] [client 185.177.72.13:0] script '/domains/awciii/developer.php' not found or unable to stat
[Mon Jan 26 01:20:29.120447 2026] [php:error] [pid 67969] [client 185.177.72.13:0] script '/domains/awciii/devs.php' not found or unable to stat
[Mon Jan 26 01:20:29.199478 2026] [php:error] [pid 67964] [client 185.177.72.13:0] script '/domains/hand-hammerweb/build.php' not found or unable to stat
[Mon Jan 26 01:20:29.886665 2026] [php:error] [pid 67955] [client 185.177.72.38:0] script '/domains/markrose/db.php' not found or unable to stat
[Mon Jan 26 01:20:29.940208 2026] [php:error] [pid 67964] [client 185.177.72.13:0] script '/domains/hand-hammerweb/cache.php' not found or unable to stat
[Mon Jan 26 01:20:30.355050 2026] [php:error] [pid 67974] [client 185.177.72.38:0] script '/domains/markrose/db.php' not found or unable to stat
[Mon Jan 26 01:20:30.377990 2026] [php:error] [pid 67956] [client 185.177.72.56:0] script '/domains/awciii/123.php' not found or unable to stat
[Mon Jan 26 01:20:30.444019 2026] [php:error] [pid 67955] [client 185.177.72.38:0] script '/domains/markrose/debug.php' not found or unable to stat
[Mon Jan 26 01:20:30.899131 2026] [php:error] [pid 67974] [client 185.177.72.38:0] script '/domains/markrose/debug.php' not found or unable to stat
[Mon Jan 26 01:20:31.188093 2026] [php:error] [pid 67955] [client 185.177.72.38:0] script '/domains/markrose/dep.php' not found or unable to stat
[Mon Jan 26 01:20:31.280585 2026] [php:error] [pid 67955] [client 185.177.72.38:0] script '/domains/markrose/deploy.php' not found or unable to stat
[Mon Jan 26 01:20:31.626133 2026] [php:error] [pid 67974] [client 185.177.72.38:0] script '/domains/markrose/dep.php' not found or unable to stat
[Mon Jan 26 01:20:31.716733 2026] [php:error] [pid 67974] [client 185.177.72.38:0] script '/domains/markrose/deploy.php' not found or unable to stat
[Mon Jan 26 01:20:31.743487 2026] [php:error] [pid 67955] [client 185.177.72.38:0] script '/domains/markrose/dev.php' not found or unable to stat
[Mon Jan 26 01:20:32.020864 2026] [php:error] [pid 67955] [client 185.177.72.38:0] script '/domains/markrose/developer.php' not found or unable to stat
[Mon Jan 26 01:20:32.169330 2026] [php:error] [pid 67974] [client 185.177.72.38:0] script '/domains/markrose/dev.php' not found or unable to stat
[Mon Jan 26 01:20:32.391625 2026] [php:error] [pid 67955] [client 185.177.72.38:0] script '/domains/markrose/devs.php' not found or unable to stat
[Mon Jan 26 01:20:32.441460 2026] [php:error] [pid 67974] [client 185.177.72.38:0] script '/domains/markrose/developer.php' not found or unable to stat
[Mon Jan 26 01:20:32.804146 2026] [php:error] [pid 67974] [client 185.177.72.38:0] script '/domains/markrose/devs.php' not found or unable to stat
[Mon Jan 26 01:20:32.923945 2026] [php:error] [pid 67966] [client 185.177.72.56:0] script '/domains/awciii/a.php' not found or unable to stat
[Mon Jan 26 01:20:33.703946 2026] [php:error] [pid 67966] [client 185.177.72.56:0] script '/domains/awciii/admin.php' not found or unable to stat
[Mon Jan 26 01:20:34.050521 2026] [php:error] [pid 67966] [client 185.177.72.56:0] script '/domains/awciii/adminer.php' not found or unable to stat
[Mon Jan 26 01:20:34.654225 2026] [php:error] [pid 67966] [client 185.177.72.56:0] script '/domains/awciii/apache.php' not found or unable to stat
[Mon Jan 26 01:20:34.999191 2026] [php:error] [pid 67966] [client 185.177.72.56:0] script '/domains/awciii/apache2.php' not found or unable to stat
[Mon Jan 26 01:20:35.085352 2026] [php:error] [pid 67966] [client 185.177.72.56:0] script '/domains/awciii/apc.php' not found or unable to stat
[Mon Jan 26 01:20:35.118357 2026] [php:error] [pid 67965] [client 185.177.72.13:0] script '/domains/hand-hammerweb/db.php' not found or unable to stat
[Mon Jan 26 01:20:35.673993 2026] [php:error] [pid 67965] [client 185.177.72.13:0] script '/domains/hand-hammerweb/debug.php' not found or unable to stat
[Mon Jan 26 01:20:36.414861 2026] [php:error] [pid 67965] [client 185.177.72.13:0] script '/domains/hand-hammerweb/dep.php' not found or unable to stat
[Mon Jan 26 01:20:36.507575 2026] [php:error] [pid 67965] [client 185.177.72.13:0] script '/domains/hand-hammerweb/deploy.php' not found or unable to stat
[Mon Jan 26 01:20:36.857985 2026] [php:error] [pid 67970] [client 185.177.72.13:0] script '/domains/hand-hammerweb/db.php' not found or unable to stat
[Mon Jan 26 01:20:36.970676 2026] [php:error] [pid 67965] [client 185.177.72.13:0] script '/domains/hand-hammerweb/dev.php' not found or unable to stat
[Mon Jan 26 01:20:37.248179 2026] [php:error] [pid 67965] [client 185.177.72.13:0] script '/domains/hand-hammerweb/developer.php' not found or unable to stat
[Mon Jan 26 01:20:37.376435 2026] [php:error] [pid 67970] [client 185.177.72.13:0] script '/domains/hand-hammerweb/debug.php' not found or unable to stat
[Mon Jan 26 01:20:37.618448 2026] [php:error] [pid 67965] [client 185.177.72.13:0] script '/domains/hand-hammerweb/devs.php' not found or unable to stat
[Mon Jan 26 01:20:38.066298 2026] [php:error] [pid 67970] [client 185.177.72.13:0] script '/domains/hand-hammerweb/dep.php' not found or unable to stat
[Mon Jan 26 01:20:38.152504 2026] [php:error] [pid 67970] [client 185.177.72.13:0] script '/domains/hand-hammerweb/deploy.php' not found or unable to stat
[Mon Jan 26 01:20:38.714162 2026] [php:error] [pid 67966] [client 185.177.72.56:0] script '/domains/awciii/asdf.php' not found or unable to stat
[Mon Jan 26 01:20:43.011422 2026] [php:error] [pid 67974] [client 185.177.72.56:0] script '/domains/awciii/build.php' not found or unable to stat
[Mon Jan 26 01:20:43.715026 2026] [php:error] [pid 67974] [client 185.177.72.56:0] script '/domains/awciii/cache.php' not found or unable to stat
[Mon Jan 26 01:20:43.979654 2026] [cgi:error] [pid 67974] [client 185.177.72.56:0] AH02811: stderr from /domains/awciii/cgi-bin/.env: script not found or unable to stat
[Mon Jan 26 01:20:44.067765 2026] [cgi:error] [pid 67974] [client 185.177.72.56:0] AH02811: stderr from /domains/awciii/cgi-bin/pass.txt: script not found or unable to stat
[Mon Jan 26 01:20:45.660020 2026] [php:error] [pid 67946] [client 185.177.72.38:0] script '/domains/markrose/i.php' not found or unable to stat
[Mon Jan 26 01:20:45.705188 2026] [php:error] [pid 67969] [client 185.177.72.38:0] script '/domains/markrose/i.php' not found or unable to stat
[Mon Jan 26 01:20:46.386198 2026] [php:error] [pid 67946] [client 185.177.72.38:0] script '/domains/markrose/in.php' not found or unable to stat
[Mon Jan 26 01:20:46.407541 2026] [php:error] [pid 67969] [client 185.177.72.38:0] script '/domains/markrose/in.php' not found or unable to stat
[Mon Jan 26 01:20:46.477132 2026] [php:error] [pid 67946] [client 185.177.72.38:0] script '/domains/markrose/inc.config.php' not found or unable to stat
[Mon Jan 26 01:20:46.495354 2026] [php:error] [pid 67969] [client 185.177.72.38:0] script '/domains/markrose/inc.config.php' not found or unable to stat
[Mon Jan 26 01:20:46.933660 2026] [php:error] [pid 67946] [client 185.177.72.38:0] script '/domains/markrose/index1.php' not found or unable to stat
[Mon Jan 26 01:20:46.936315 2026] [php:error] [pid 67969] [client 185.177.72.38:0] script '/domains/markrose/index1.php' not found or unable to stat
[Mon Jan 26 01:20:47.115103 2026] [php:error] [pid 67964] [client 185.177.72.38:0] script '/domains/markrose/inf.php' not found or unable to stat
[Mon Jan 26 01:20:47.121491 2026] [php:error] [pid 67955] [client 185.177.72.38:0] script '/domains/markrose/inf.php' not found or unable to stat
[Mon Jan 26 01:20:47.207959 2026] [php:error] [pid 67964] [client 185.177.72.38:0] script '/domains/markrose/info1.php' not found or unable to stat
[Mon Jan 26 01:20:47.213868 2026] [php:error] [pid 67955] [client 185.177.72.38:0] script '/domains/markrose/info1.php' not found or unable to stat
[Mon Jan 26 01:20:47.300764 2026] [php:error] [pid 67964] [client 185.177.72.38:0] script '/domains/markrose/info2.php' not found or unable to stat
[Mon Jan 26 01:20:47.306069 2026] [php:error] [pid 67955] [client 185.177.72.38:0] script '/domains/markrose/info2.php' not found or unable to stat
[Mon Jan 26 01:20:47.393220 2026] [php:error] [pid 67964] [client 185.177.72.38:0] script '/domains/markrose/info3.php' not found or unable to stat
[Mon Jan 26 01:20:47.398284 2026] [php:error] [pid 67955] [client 185.177.72.38:0] script '/domains/markrose/info3.php' not found or unable to stat
[Mon Jan 26 01:20:47.486230 2026] [php:error] [pid 67964] [client 185.177.72.38:0] script '/domains/markrose/info4.php' not found or unable to stat
[Mon Jan 26 01:20:47.490645 2026] [php:error] [pid 67955] [client 185.177.72.38:0] script '/domains/markrose/info4.php' not found or unable to stat
[Mon Jan 26 01:20:47.579014 2026] [php:error] [pid 67964] [client 185.177.72.38:0] script '/domains/markrose/infophp.php' not found or unable to stat
[Mon Jan 26 01:20:47.582801 2026] [php:error] [pid 67955] [client 185.177.72.38:0] script '/domains/markrose/infophp.php' not found or unable to stat
[Mon Jan 26 01:20:47.671457 2026] [php:error] [pid 67964] [client 185.177.72.38:0] script '/domains/markrose/infos.php' not found or unable to stat
[Mon Jan 26 01:20:47.674899 2026] [php:error] [pid 67955] [client 185.177.72.38:0] script '/domains/markrose/infos.php' not found or unable to stat
[Mon Jan 26 01:20:47.764393 2026] [php:error] [pid 67964] [client 185.177.72.38:0] script '/domains/markrose/ini.php' not found or unable to stat
[Mon Jan 26 01:20:47.767311 2026] [php:error] [pid 67955] [client 185.177.72.38:0] script '/domains/markrose/ini.php' not found or unable to stat
[Mon Jan 26 01:20:48.321436 2026] [php:error] [pid 67964] [client 185.177.72.38:0] script '/domains/markrose/isadmin.php' not found or unable to stat
[Mon Jan 26 01:20:48.321473 2026] [php:error] [pid 67955] [client 185.177.72.38:0] script '/domains/markrose/isadmin.php' not found or unable to stat
[Mon Jan 26 01:20:48.691910 2026] [php:error] [pid 67964] [client 185.177.72.38:0] script '/domains/markrose/jo.php' not found or unable to stat
[Mon Jan 26 01:20:48.691917 2026] [php:error] [pid 67955] [client 185.177.72.38:0] script '/domains/markrose/jo.php' not found or unable to stat
[Mon Jan 26 01:20:50.359905 2026] [php:error] [pid 67955] [client 185.177.72.38:0] script '/domains/markrose/l.php' not found or unable to stat
[Mon Jan 26 01:20:50.359929 2026] [php:error] [pid 67964] [client 185.177.72.38:0] script '/domains/markrose/l.php' not found or unable to stat
[Mon Jan 26 01:20:50.416404 2026] [php:error] [pid 67967] [client 185.177.72.56:0] script '/domains/awciii/db.php' not found or unable to stat
[Mon Jan 26 01:20:50.946799 2026] [php:error] [pid 67967] [client 185.177.72.56:0] script '/domains/awciii/debug.php' not found or unable to stat
[Mon Jan 26 01:20:51.653695 2026] [php:error] [pid 67967] [client 185.177.72.56:0] script '/domains/awciii/dep.php' not found or unable to stat
[Mon Jan 26 01:20:51.741930 2026] [php:error] [pid 67967] [client 185.177.72.56:0] script '/domains/awciii/deploy.php' not found or unable to stat
[Mon Jan 26 01:20:52.120279 2026] [php:error] [pid 67955] [client 185.177.72.38:0] script '/domains/markrose/lindex.php' not found or unable to stat
[Mon Jan 26 01:20:52.120279 2026] [php:error] [pid 67964] [client 185.177.72.38:0] script '/domains/markrose/lindex.php' not found or unable to stat
[Mon Jan 26 01:20:52.185825 2026] [php:error] [pid 67967] [client 185.177.72.56:0] script '/domains/awciii/dev.php' not found or unable to stat
[Mon Jan 26 01:20:52.212993 2026] [php:error] [pid 67964] [client 185.177.72.38:0] script '/domains/markrose/linusadmin-phpinfo.php' not found or unable to stat
[Mon Jan 26 01:20:52.213104 2026] [php:error] [pid 67955] [client 185.177.72.38:0] script '/domains/markrose/linusadmin-phpinfo.php' not found or unable to stat
[Mon Jan 26 01:20:52.451026 2026] [php:error] [pid 67967] [client 185.177.72.56:0] script '/domains/awciii/developer.php' not found or unable to stat
[Mon Jan 26 01:20:52.805232 2026] [php:error] [pid 67967] [client 185.177.72.56:0] script '/domains/awciii/devs.php' not found or unable to stat
[Mon Jan 26 01:20:53.233418 2026] [core:crit] [pid 67964] (13)Permission denied: [client 185.177.72.38:0] AH00529: /domains/markrose/logs/.htaccess pcfg_openfile: unable to check htaccess file, ensure it is readable and that '/domains/markrose/logs/' is executable
[Mon Jan 26 01:20:53.233645 2026] [core:crit] [pid 67955] (13)Permission denied: [client 185.177.72.38:0] AH00529: /domains/markrose/logs/.htaccess pcfg_openfile: unable to check htaccess file, ensure it is readable and that '/domains/markrose/logs/' is executable
[Mon Jan 26 01:20:53.326523 2026] [core:crit] [pid 67955] (13)Permission denied: [client 185.177.72.38:0] AH00529: /domains/markrose/logs/.htaccess pcfg_openfile: unable to check htaccess file, ensure it is readable and that '/domains/markrose/logs/' is executable
[Mon Jan 26 01:20:53.326570 2026] [core:crit] [pid 67964] (13)Permission denied: [client 185.177.72.38:0] AH00529: /domains/markrose/logs/.htaccess pcfg_openfile: unable to check htaccess file, ensure it is readable and that '/domains/markrose/logs/' is executable
[Mon Jan 26 01:20:53.419474 2026] [core:crit] [pid 67964] (13)Permission denied: [client 185.177.72.38:0] AH00529: /domains/markrose/logs/.htaccess pcfg_openfile: unable to check htaccess file, ensure it is readable and that '/domains/markrose/logs/' is executable
[Mon Jan 26 01:20:53.419492 2026] [core:crit] [pid 67955] (13)Permission denied: [client 185.177.72.38:0] AH00529: /domains/markrose/logs/.htaccess pcfg_openfile: unable to check htaccess file, ensure it is readable and that '/domains/markrose/logs/' is executable
[Mon Jan 26 01:20:53.512311 2026] [core:crit] [pid 67964] (13)Permission denied: [client 185.177.72.38:0] AH00529: /domains/markrose/logs/.htaccess pcfg_openfile: unable to check htaccess file, ensure it is readable and that '/domains/markrose/logs/' is executable
[Mon Jan 26 01:20:53.512312 2026] [core:crit] [pid 67955] (13)Permission denied: [client 185.177.72.38:0] AH00529: /domains/markrose/logs/.htaccess pcfg_openfile: unable to check htaccess file, ensure it is readable and that '/domains/markrose/logs/' is executable
[Mon Jan 26 01:20:53.606481 2026] [core:crit] [pid 67955] (13)Permission denied: [client 185.177.72.38:0] AH00529: /domains/markrose/logs/.htaccess pcfg_openfile: unable to check htaccess file, ensure it is readable and that '/domains/markrose/logs/' is executable
[Mon Jan 26 01:20:53.606771 2026] [core:crit] [pid 67964] (13)Permission denied: [client 185.177.72.38:0] AH00529: /domains/markrose/logs/.htaccess pcfg_openfile: unable to check htaccess file, ensure it is readable and that '/domains/markrose/logs/' is executable
[Mon Jan 26 01:20:55.183158 2026] [php:error] [pid 67955] [client 185.177.72.38:0] script '/domains/markrose/main.php' not found or unable to stat
[Mon Jan 26 01:20:55.183158 2026] [php:error] [pid 67964] [client 185.177.72.38:0] script '/domains/markrose/main.php' not found or unable to stat
[Mon Jan 26 01:20:57.812378 2026] [php:error] [pid 67977] [client 185.177.72.38:0] script '/domains/markrose/new.php' not found or unable to stat
[Mon Jan 26 01:20:57.853749 2026] [php:error] [pid 67964] [client 185.177.72.38:0] script '/domains/markrose/new.php' not found or unable to stat
[Mon Jan 26 01:20:58.821482 2026] [php:error] [pid 67977] [client 185.177.72.38:0] script '/domains/markrose/o.php' not found or unable to stat
[Mon Jan 26 01:20:58.889094 2026] [php:error] [pid 67964] [client 185.177.72.38:0] script '/domains/markrose/o.php' not found or unable to stat
[Mon Jan 26 01:20:58.905216 2026] [php:error] [pid 67977] [client 185.177.72.38:0] script '/domains/markrose/ocp.php' not found or unable to stat
[Mon Jan 26 01:20:58.975222 2026] [php:error] [pid 67964] [client 185.177.72.38:0] script '/domains/markrose/ocp.php' not found or unable to stat
[Mon Jan 26 01:20:58.989283 2026] [php:error] [pid 67977] [client 185.177.72.38:0] script '/domains/markrose/of.php' not found or unable to stat
[Mon Jan 26 01:20:59.061327 2026] [php:error] [pid 67964] [client 185.177.72.38:0] script '/domains/markrose/of.php' not found or unable to stat
[Mon Jan 26 01:20:59.239957 2026] [php:error] [pid 67977] [client 185.177.72.38:0] script '/domains/markrose/old_phpinfo.php' not found or unable to stat
[Mon Jan 26 01:20:59.320008 2026] [php:error] [pid 67964] [client 185.177.72.38:0] script '/domains/markrose/old_phpinfo.php' not found or unable to stat
