[Mon Jan 26 01:21:48.606847 2026] [php:error] [pid 67987] [client 185.177.72.38:0] script '/domains/markrose/connect.php.bak' not found or unable to stat
[Mon Jan 26 01:21:48.695243 2026] [php:error] [pid 67987] [client 185.177.72.38:0] script '/domains/markrose/connection.php.bak' not found or unable to stat
[Mon Jan 26 01:21:48.783382 2026] [php:error] [pid 67987] [client 185.177.72.38:0] script '/domains/markrose/conn.php.bak' not found or unable to stat
[Mon Jan 26 01:21:49.819025 2026] [php:error] [pid 67986] [client 185.177.72.13:0] script '/domains/hand-hammerweb/q.php' not found or unable to stat
[Mon Jan 26 01:21:49.901093 2026] [php:error] [pid 67986] [client 185.177.72.13:0] script '/domains/hand-hammerweb/qq.php' not found or unable to stat
[Mon Jan 26 01:21:50.017312 2026] [php:error] [pid 67989] [client 185.177.72.56:0] script '/domains/awciii/w.php' not found or unable to stat
[Mon Jan 26 01:21:50.300504 2026] [php:error] [pid 67989] [client 185.177.72.56:0] script '/domains/awciii/web.php' not found or unable to stat
[Mon Jan 26 01:21:50.451154 2026] [php:error] [pid 67967] [client 185.177.72.13:0] script '/domains/hand-hammerweb/q.php' not found or unable to stat
[Mon Jan 26 01:21:50.469629 2026] [php:error] [pid 67983] [client 185.177.72.38:0] script '/domains/markrose/config.php.old' not found or unable to stat
[Mon Jan 26 01:21:50.541821 2026] [php:error] [pid 67967] [client 185.177.72.13:0] script '/domains/hand-hammerweb/qq.php' not found or unable to stat
[Mon Jan 26 01:21:50.555898 2026] [php:error] [pid 67983] [client 185.177.72.38:0] script '/domains/markrose/config.inc.php' not found or unable to stat
[Mon Jan 26 01:21:51.463127 2026] [php:error] [pid 67991] [client 185.177.72.38:0] script '/domains/markrose/config.php.old' not found or unable to stat
[Mon Jan 26 01:21:51.506424 2026] [php:error] [pid 67983] [client 185.177.72.38:0] script '/domains/markrose/settings.php.bak' not found or unable to stat
[Mon Jan 26 01:21:51.539121 2026] [php:error] [pid 67986] [client 185.177.72.13:0] script '/domains/hand-hammerweb/rest.php' not found or unable to stat
[Mon Jan 26 01:21:51.544616 2026] [php:error] [pid 67991] [client 185.177.72.38:0] script '/domains/markrose/config.inc.php' not found or unable to stat
[Mon Jan 26 01:21:51.592946 2026] [php:error] [pid 67983] [client 185.177.72.38:0] script '/domains/markrose/settings.php.old' not found or unable to stat
[Mon Jan 26 01:21:51.679635 2026] [php:error] [pid 67983] [client 185.177.72.38:0] script '/domains/markrose/settings.php.save' not found or unable to stat
[Mon Jan 26 01:21:52.355824 2026] [php:error] [pid 67967] [client 185.177.72.13:0] script '/domains/hand-hammerweb/rest.php' not found or unable to stat
[Mon Jan 26 01:21:52.441932 2026] [php:error] [pid 67991] [client 185.177.72.38:0] script '/domains/markrose/settings.php.bak' not found or unable to stat
[Mon Jan 26 01:21:52.444726 2026] [php:error] [pid 67990] [client 185.177.72.56:0] script '/domains/awciii/wp-login.php' not found or unable to stat
[Mon Jan 26 01:21:52.523577 2026] [php:error] [pid 67991] [client 185.177.72.38:0] script '/domains/markrose/settings.php.old' not found or unable to stat
[Mon Jan 26 01:21:52.605137 2026] [php:error] [pid 67991] [client 185.177.72.38:0] script '/domains/markrose/settings.php.save' not found or unable to stat
[Mon Jan 26 01:21:52.621824 2026] [php:error] [pid 67990] [client 185.177.72.56:0] script '/domains/awciii/wp.php' not found or unable to stat
[Mon Jan 26 01:21:52.974894 2026] [php:error] [pid 67990] [client 185.177.72.56:0] script '/domains/awciii/x.php' not found or unable to stat
[Mon Jan 26 01:21:53.753683 2026] [php:error] [pid 67983] [client 185.177.72.38:0] script '/domains/markrose/configuration.php.bak' not found or unable to stat
[Mon Jan 26 01:21:54.229104 2026] [access_compat:error] [pid 67989] [client 185.177.72.13:0] AH01797: client denied by server configuration: /domains/hand-hammerweb/server-status
[Mon Jan 26 01:21:54.360368 2026] [access_compat:error] [pid 67983] [client 185.177.72.38:0] AH01797: client denied by server configuration: /domains/markrose/server-status
[Mon Jan 26 01:21:54.447058 2026] [php:error] [pid 67983] [client 185.177.72.38:0] script '/domains/markrose/server-info.php' not found or unable to stat
[Mon Jan 26 01:21:54.533414 2026] [php:error] [pid 67983] [client 185.177.72.38:0] script '/domains/markrose/app_dev.php' not found or unable to stat
[Mon Jan 26 01:21:54.565397 2026] [php:error] [pid 67991] [client 185.177.72.38:0] script '/domains/markrose/configuration.php.bak' not found or unable to stat
[Mon Jan 26 01:21:54.763843 2026] [php:error] [pid 67978] [client 185.177.72.13:0] script '/domains/awciii/temp.php' not found or unable to stat
[Mon Jan 26 01:21:55.137699 2026] [access_compat:error] [pid 67991] [client 185.177.72.38:0] AH01797: client denied by server configuration: /domains/markrose/server-status
[Mon Jan 26 01:21:55.219338 2026] [php:error] [pid 67991] [client 185.177.72.38:0] script '/domains/markrose/server-info.php' not found or unable to stat
[Mon Jan 26 01:21:55.301070 2026] [php:error] [pid 67991] [client 185.177.72.38:0] script '/domains/markrose/app_dev.php' not found or unable to stat
[Mon Jan 26 01:21:55.304943 2026] [access_compat:error] [pid 67987] [client 185.177.72.13:0] AH01797: client denied by server configuration: /domains/hand-hammerweb/server-status
[Mon Jan 26 01:21:56.086978 2026] [php:error] [pid 67983] [client 185.177.72.38:0] script '/domains/markrose/xdebug.php' not found or unable to stat
[Mon Jan 26 01:21:56.174021 2026] [php:error] [pid 67983] [client 185.177.72.38:0] script '/domains/markrose/xdebug_info.php' not found or unable to stat
[Mon Jan 26 01:21:56.769883 2026] [php:error] [pid 67991] [client 185.177.72.38:0] script '/domains/markrose/xdebug.php' not found or unable to stat
[Mon Jan 26 01:21:56.781677 2026] [php:error] [pid 67983] [client 185.177.72.38:0] script '/domains/markrose/test_socket.php' not found or unable to stat
[Mon Jan 26 01:21:56.851440 2026] [php:error] [pid 67991] [client 185.177.72.38:0] script '/domains/markrose/xdebug_info.php' not found or unable to stat
[Mon Jan 26 01:21:56.868838 2026] [php:error] [pid 67983] [client 185.177.72.38:0] script '/domains/markrose/testdb.php' not found or unable to stat
[Mon Jan 26 01:21:57.210232 2026] [php:error] [pid 67978] [client 185.177.72.13:0] script '/domains/awciii/test0.php' not found or unable to stat
[Mon Jan 26 01:21:57.215857 2026] [php:error] [pid 67983] [client 185.177.72.38:0] script '/domains/markrose/adminer-4.2.5-mysql-en.php' not found or unable to stat
[Mon Jan 26 01:21:57.302381 2026] [php:error] [pid 67983] [client 185.177.72.38:0] script '/domains/markrose/phpmyadmin.php' not found or unable to stat
[Mon Jan 26 01:21:57.391498 2026] [php:error] [pid 67978] [client 185.177.72.13:0] script '/domains/awciii/test1.php' not found or unable to stat
[Mon Jan 26 01:21:57.423960 2026] [php:error] [pid 67991] [client 185.177.72.38:0] script '/domains/markrose/test_socket.php' not found or unable to stat
[Mon Jan 26 01:21:57.481995 2026] [php:error] [pid 67978] [client 185.177.72.13:0] script '/domains/awciii/test123.php' not found or unable to stat
[Mon Jan 26 01:21:57.505607 2026] [php:error] [pid 67991] [client 185.177.72.38:0] script '/domains/markrose/testdb.php' not found or unable to stat
[Mon Jan 26 01:21:57.561076 2026] [php:error] [pid 67983] [client 185.177.72.38:0] script '/domains/markrose/sql.php' not found or unable to stat
[Mon Jan 26 01:21:57.573343 2026] [php:error] [pid 67978] [client 185.177.72.13:0] script '/domains/awciii/test2.php' not found or unable to stat
[Mon Jan 26 01:21:57.647497 2026] [php:error] [pid 67983] [client 185.177.72.38:0] script '/domains/markrose/sqladmin.php' not found or unable to stat
[Mon Jan 26 01:21:57.663871 2026] [php:error] [pid 67978] [client 185.177.72.13:0] script '/domains/awciii/test3.php' not found or unable to stat
[Mon Jan 26 01:21:57.733827 2026] [php:error] [pid 67983] [client 185.177.72.38:0] script '/domains/markrose/dbadmin.php' not found or unable to stat
[Mon Jan 26 01:21:57.754402 2026] [php:error] [pid 67978] [client 185.177.72.13:0] script '/domains/awciii/test4.php' not found or unable to stat
[Mon Jan 26 01:21:57.820260 2026] [php:error] [pid 67983] [client 185.177.72.38:0] script '/domains/markrose/phpminiadmin.php' not found or unable to stat
[Mon Jan 26 01:21:57.832063 2026] [php:error] [pid 67991] [client 185.177.72.38:0] script '/domains/markrose/adminer-4.2.5-mysql-en.php' not found or unable to stat
[Mon Jan 26 01:21:57.845002 2026] [php:error] [pid 67978] [client 185.177.72.13:0] script '/domains/awciii/test5.php' not found or unable to stat
[Mon Jan 26 01:21:57.906528 2026] [php:error] [pid 67983] [client 185.177.72.38:0] script '/domains/markrose/mysqladmin.php' not found or unable to stat
[Mon Jan 26 01:21:57.913793 2026] [php:error] [pid 67991] [client 185.177.72.38:0] script '/domains/markrose/phpmyadmin.php' not found or unable to stat
[Mon Jan 26 01:21:57.936567 2026] [php:error] [pid 67978] [client 185.177.72.13:0] script '/domains/awciii/test6.php' not found or unable to stat
[Mon Jan 26 01:21:58.027255 2026] [php:error] [pid 67978] [client 185.177.72.13:0] script '/domains/awciii/test7.php' not found or unable to stat
[Mon Jan 26 01:21:58.117904 2026] [php:error] [pid 67978] [client 185.177.72.13:0] script '/domains/awciii/test8.php' not found or unable to stat
[Mon Jan 26 01:21:58.158475 2026] [php:error] [pid 67991] [client 185.177.72.38:0] script '/domains/markrose/sql.php' not found or unable to stat
[Mon Jan 26 01:21:58.208480 2026] [php:error] [pid 67978] [client 185.177.72.13:0] script '/domains/awciii/test9.php' not found or unable to stat
[Mon Jan 26 01:21:58.240024 2026] [php:error] [pid 67991] [client 185.177.72.38:0] script '/domains/markrose/sqladmin.php' not found or unable to stat
[Mon Jan 26 01:21:58.298994 2026] [php:error] [pid 67978] [client 185.177.72.13:0] script '/domains/awciii/test_info.php' not found or unable to stat
[Mon Jan 26 01:21:58.321855 2026] [php:error] [pid 67991] [client 185.177.72.38:0] script '/domains/markrose/dbadmin.php' not found or unable to stat
[Mon Jan 26 01:21:58.389535 2026] [php:error] [pid 67978] [client 185.177.72.13:0] script '/domains/awciii/test_info1.php' not found or unable to stat
[Mon Jan 26 01:21:58.403489 2026] [php:error] [pid 67991] [client 185.177.72.38:0] script '/domains/markrose/phpminiadmin.php' not found or unable to stat
[Mon Jan 26 01:21:58.433986 2026] [php:error] [pid 67990] [client 185.177.72.56:0] script '/domains/awciii/wp-config.php.orig' not found or unable to stat
[Mon Jan 26 01:21:58.480132 2026] [php:error] [pid 67978] [client 185.177.72.13:0] script '/domains/awciii/test_info2.php' not found or unable to stat
[Mon Jan 26 01:21:58.485215 2026] [php:error] [pid 67991] [client 185.177.72.38:0] script '/domains/markrose/mysqladmin.php' not found or unable to stat
[Mon Jan 26 01:21:58.570706 2026] [php:error] [pid 67978] [client 185.177.72.13:0] script '/domains/awciii/test_info3.php' not found or unable to stat
[Mon Jan 26 01:21:58.661237 2026] [php:error] [pid 67978] [client 185.177.72.13:0] script '/domains/awciii/test_info4.php' not found or unable to stat
[Mon Jan 26 01:21:58.751926 2026] [php:error] [pid 67978] [client 185.177.72.13:0] script '/domains/awciii/test_info5.php' not found or unable to stat
[Mon Jan 26 01:21:58.842640 2026] [php:error] [pid 67978] [client 185.177.72.13:0] script '/domains/awciii/test_phpinfo.php' not found or unable to stat
[Mon Jan 26 01:21:58.933125 2026] [php:error] [pid 67978] [client 185.177.72.13:0] script '/domains/awciii/test_phpinfo1.php' not found or unable to stat
[Mon Jan 26 01:21:59.023784 2026] [php:error] [pid 67978] [client 185.177.72.13:0] script '/domains/awciii/test_phpinfo2.php' not found or unable to stat
[Mon Jan 26 01:21:59.114409 2026] [php:error] [pid 67978] [client 185.177.72.13:0] script '/domains/awciii/test_phpinfo3.php' not found or unable to stat
[Mon Jan 26 01:21:59.204932 2026] [php:error] [pid 67978] [client 185.177.72.13:0] script '/domains/awciii/test_phpinfo4.php' not found or unable to stat
[Mon Jan 26 01:21:59.295732 2026] [php:error] [pid 67978] [client 185.177.72.13:0] script '/domains/awciii/test_phpinfo5.php' not found or unable to stat
[Mon Jan 26 01:21:59.386297 2026] [php:error] [pid 67978] [client 185.177.72.13:0] script '/domains/awciii/tester.php' not found or unable to stat
[Mon Jan 26 01:21:59.567186 2026] [php:error] [pid 67978] [client 185.177.72.13:0] script '/domains/awciii/testing.php' not found or unable to stat
[Mon Jan 26 01:21:59.725970 2026] [php:error] [pid 67985] [client 185.177.72.38:0] script '/domains/markrose/wp-config-sample.php' not found or unable to stat
[Mon Jan 26 01:22:00.157469 2026] [php:error] [pid 67964] [client 185.177.72.38:0] script '/domains/markrose/wp-config-sample.php' not found or unable to stat
[Mon Jan 26 01:22:00.387986 2026] [authz_core:error] [pid 67985] [client 185.177.72.38:0] AH01630: client denied by server configuration: /domains/markrose/.htpasswd
[Mon Jan 26 01:22:00.753370 2026] [authz_core:error] [pid 67964] [client 185.177.72.38:0] AH01630: client denied by server configuration: /domains/markrose/.htpasswd
[Mon Jan 26 01:22:01.562436 2026] [php:error] [pid 67978] [client 185.177.72.13:0] script '/domains/awciii/time.php' not found or unable to stat
[Mon Jan 26 01:22:01.925211 2026] [php:error] [pid 67978] [client 185.177.72.13:0] script '/domains/awciii/token.php' not found or unable to stat
[Mon Jan 26 01:22:02.510781 2026] [php:error] [pid 68001] [client 185.177.72.13:0] script '/domains/awciii/tz.php' not found or unable to stat
[Mon Jan 26 01:22:02.604880 2026] [php:error] [pid 68001] [client 185.177.72.13:0] script '/domains/awciii/u.php' not found or unable to stat
[Mon Jan 26 01:22:03.074939 2026] [php:error] [pid 68001] [client 185.177.72.13:0] script '/domains/awciii/up.php' not found or unable to stat
[Mon Jan 26 01:22:03.458432 2026] [php:error] [pid 67958] [client 103.69.15.139:0] script '/domains/pauljbrock/xmlrpc.php' not found or unable to stat
[Mon Jan 26 01:22:03.588424 2026] [php:error] [pid 67989] [client 185.177.72.13:0] script '/domains/hand-hammerweb/temp.php' not found or unable to stat
[Mon Jan 26 01:22:04.055756 2026] [php:error] [pid 67999] [client 185.177.72.56:0] script '/domains/awciii/phpinfo-server.php' not found or unable to stat
[Mon Jan 26 01:22:04.328842 2026] [php:error] [pid 67964] [client 185.177.72.38:0] script '/domains/markrose/install.php' not found or unable to stat
[Mon Jan 26 01:22:04.346906 2026] [php:error] [pid 67985] [client 185.177.72.38:0] script '/domains/markrose/install.php' not found or unable to stat
[Mon Jan 26 01:22:04.408486 2026] [php:error] [pid 67999] [client 185.177.72.56:0] script '/domains/awciii/phpinfo_details.php' not found or unable to stat
[Mon Jan 26 01:22:04.414071 2026] [php:error] [pid 67964] [client 185.177.72.38:0] script '/domains/markrose/setup.php' not found or unable to stat
[Mon Jan 26 01:22:04.441160 2026] [php:error] [pid 67985] [client 185.177.72.38:0] script '/domains/markrose/setup.php' not found or unable to stat
[Mon Jan 26 01:22:04.499382 2026] [php:error] [pid 67964] [client 185.177.72.38:0] script '/domains/markrose/setup-config.php' not found or unable to stat
[Mon Jan 26 01:22:04.535307 2026] [php:error] [pid 67985] [client 185.177.72.38:0] script '/domains/markrose/setup-config.php' not found or unable to stat
[Mon Jan 26 01:22:04.584663 2026] [php:error] [pid 67999] [client 185.177.72.56:0] script '/domains/awciii/phpinfomolten.php' not found or unable to stat
[Mon Jan 26 01:22:04.669891 2026] [php:error] [pid 67964] [client 185.177.72.38:0] script '/domains/markrose/app_dev.php' not found or unable to stat
[Mon Jan 26 01:22:04.723467 2026] [php:error] [pid 67985] [client 185.177.72.38:0] script '/domains/markrose/app_dev.php' not found or unable to stat
[Mon Jan 26 01:22:04.755280 2026] [php:error] [pid 67964] [client 185.177.72.38:0] script '/domains/markrose/config_dev.php' not found or unable to stat
[Mon Jan 26 01:22:04.817788 2026] [php:error] [pid 67985] [client 185.177.72.38:0] script '/domains/markrose/config_dev.php' not found or unable to stat
[Mon Jan 26 01:22:04.840790 2026] [php:error] [pid 67964] [client 185.177.72.38:0] script '/domains/markrose/index-dev.php' not found or unable to stat
[Mon Jan 26 01:22:04.912027 2026] [php:error] [pid 67985] [client 185.177.72.38:0] script '/domains/markrose/index-dev.php' not found or unable to stat
[Mon Jan 26 01:22:04.926089 2026] [php:error] [pid 67964] [client 185.177.72.38:0] script '/domains/markrose/index-test.php' not found or unable to stat
[Mon Jan 26 01:22:05.006196 2026] [php:error] [pid 67985] [client 185.177.72.38:0] script '/domains/markrose/index-test.php' not found or unable to stat
[Mon Jan 26 01:22:05.052365 2026] [php:error] [pid 68000] [client 185.177.72.13:0] script '/domains/hand-hammerweb/temp.php' not found or unable to stat
[Mon Jan 26 01:22:05.267196 2026] [php:error] [pid 67964] [client 185.177.72.38:0] script '/domains/markrose/maintenance.php' not found or unable to stat
[Mon Jan 26 01:22:05.382626 2026] [php:error] [pid 67985] [client 185.177.72.38:0] script '/domains/markrose/maintenance.php' not found or unable to stat
[Mon Jan 26 01:22:05.612451 2026] [php:error] [pid 68001] [client 185.177.72.13:0] script '/domains/awciii/w.php' not found or unable to stat
[Mon Jan 26 01:22:05.843065 2026] [php:error] [pid 67989] [client 185.177.72.13:0] script '/domains/hand-hammerweb/test0.php' not found or unable to stat
[Mon Jan 26 01:22:05.894400 2026] [php:error] [pid 68001] [client 185.177.72.13:0] script '/domains/awciii/web.php' not found or unable to stat
[Mon Jan 26 01:22:05.949523 2026] [php:error] [pid 67964] [client 185.177.72.38:0] script '/domains/markrose/upgrade.php' not found or unable to stat
[Mon Jan 26 01:22:06.010216 2026] [php:error] [pid 67989] [client 185.177.72.13:0] script '/domains/hand-hammerweb/test1.php' not found or unable to stat
[Mon Jan 26 01:22:06.094131 2026] [php:error] [pid 67989] [client 185.177.72.13:0] script '/domains/hand-hammerweb/test123.php' not found or unable to stat
[Mon Jan 26 01:22:06.120054 2026] [php:error] [pid 67964] [client 185.177.72.38:0] script '/domains/markrose/upgrader.php' not found or unable to stat
[Mon Jan 26 01:22:06.135857 2026] [php:error] [pid 67985] [client 185.177.72.38:0] script '/domains/markrose/upgrade.php' not found or unable to stat
[Mon Jan 26 01:22:06.177935 2026] [php:error] [pid 67989] [client 185.177.72.13:0] script '/domains/hand-hammerweb/test2.php' not found or unable to stat
[Mon Jan 26 01:22:06.205296 2026] [php:error] [pid 67964] [client 185.177.72.38:0] script '/domains/markrose/migrate.php' not found or unable to stat
[Mon Jan 26 01:22:06.261508 2026] [php:error] [pid 67989] [client 185.177.72.13:0] script '/domains/hand-hammerweb/test3.php' not found or unable to stat
[Mon Jan 26 01:22:06.290600 2026] [php:error] [pid 67964] [client 185.177.72.38:0] script '/domains/markrose/migration.php' not found or unable to stat
[Mon Jan 26 01:22:06.323832 2026] [php:error] [pid 67985] [client 185.177.72.38:0] script '/domains/markrose/upgrader.php' not found or unable to stat
[Mon Jan 26 01:22:06.345226 2026] [php:error] [pid 67989] [client 185.177.72.13:0] script '/domains/hand-hammerweb/test4.php' not found or unable to stat
[Mon Jan 26 01:22:06.376050 2026] [php:error] [pid 67964] [client 185.177.72.38:0] script '/domains/markrose/console.php' not found or unable to stat
[Mon Jan 26 01:22:06.417993 2026] [php:error] [pid 67985] [client 185.177.72.38:0] script '/domains/markrose/migrate.php' not found or unable to stat
[Mon Jan 26 01:22:06.428778 2026] [php:error] [pid 67989] [client 185.177.72.13:0] script '/domains/hand-hammerweb/test5.php' not found or unable to stat
[Mon Jan 26 01:22:06.512008 2026] [php:error] [pid 67985] [client 185.177.72.38:0] script '/domains/markrose/migration.php' not found or unable to stat
[Mon Jan 26 01:22:06.512431 2026] [php:error] [pid 67989] [client 185.177.72.13:0] script '/domains/hand-hammerweb/test6.php' not found or unable to stat
[Mon Jan 26 01:22:06.596483 2026] [php:error] [pid 67989] [client 185.177.72.13:0] script '/domains/hand-hammerweb/test7.php' not found or unable to stat
[Mon Jan 26 01:22:06.606087 2026] [php:error] [pid 67985] [client 185.177.72.38:0] script '/domains/markrose/console.php' not found or unable to stat
[Mon Jan 26 01:22:06.680097 2026] [php:error] [pid 67989] [client 185.177.72.13:0] script '/domains/hand-hammerweb/test8.php' not found or unable to stat
[Mon Jan 26 01:22:06.763741 2026] [php:error] [pid 67989] [client 185.177.72.13:0] script '/domains/hand-hammerweb/test9.php' not found or unable to stat
[Mon Jan 26 01:22:06.847251 2026] [php:error] [pid 67989] [client 185.177.72.13:0] script '/domains/hand-hammerweb/test_info.php' not found or unable to stat
[Mon Jan 26 01:22:06.930926 2026] [php:error] [pid 67989] [client 185.177.72.13:0] script '/domains/hand-hammerweb/test_info1.php' not found or unable to stat
[Mon Jan 26 01:22:07.014471 2026] [php:error] [pid 67989] [client 185.177.72.13:0] script '/domains/hand-hammerweb/test_info2.php' not found or unable to stat
[Mon Jan 26 01:22:07.098073 2026] [php:error] [pid 67989] [client 185.177.72.13:0] script '/domains/hand-hammerweb/test_info3.php' not found or unable to stat
[Mon Jan 26 01:22:07.181647 2026] [php:error] [pid 67989] [client 185.177.72.13:0] script '/domains/hand-hammerweb/test_info4.php' not found or unable to stat
[Mon Jan 26 01:22:07.265601 2026] [php:error] [pid 67989] [client 185.177.72.13:0] script '/domains/hand-hammerweb/test_info5.php' not found or unable to stat
[Mon Jan 26 01:22:07.349351 2026] [php:error] [pid 67989] [client 185.177.72.13:0] script '/domains/hand-hammerweb/test_phpinfo.php' not found or unable to stat
[Mon Jan 26 01:22:07.432839 2026] [php:error] [pid 67989] [client 185.177.72.13:0] script '/domains/hand-hammerweb/test_phpinfo1.php' not found or unable to stat
[Mon Jan 26 01:22:07.500895 2026] [php:error] [pid 68000] [client 185.177.72.13:0] script '/domains/hand-hammerweb/test0.php' not found or unable to stat
[Mon Jan 26 01:22:07.516751 2026] [php:error] [pid 67989] [client 185.177.72.13:0] script '/domains/hand-hammerweb/test_phpinfo2.php' not found or unable to stat
[Mon Jan 26 01:22:07.600380 2026] [php:error] [pid 67989] [client 185.177.72.13:0] script '/domains/hand-hammerweb/test_phpinfo3.php' not found or unable to stat
[Mon Jan 26 01:22:07.682126 2026] [php:error] [pid 68000] [client 185.177.72.13:0] script '/domains/hand-hammerweb/test1.php' not found or unable to stat
[Mon Jan 26 01:22:07.683933 2026] [php:error] [pid 67989] [client 185.177.72.13:0] script '/domains/hand-hammerweb/test_phpinfo4.php' not found or unable to stat
[Mon Jan 26 01:22:07.750328 2026] [php:error] [pid 67999] [client 185.177.72.56:0] script '/domains/awciii/wp-config-sample.php.bak' not found or unable to stat
[Mon Jan 26 01:22:07.767471 2026] [php:error] [pid 67989] [client 185.177.72.13:0] script '/domains/hand-hammerweb/test_phpinfo5.php' not found or unable to stat
[Mon Jan 26 01:22:07.772830 2026] [php:error] [pid 68000] [client 185.177.72.13:0] script '/domains/hand-hammerweb/test123.php' not found or unable to stat
[Mon Jan 26 01:22:07.838478 2026] [php:error] [pid 67999] [client 185.177.72.56:0] script '/domains/awciii/wp-config.php.bak1' not found or unable to stat
[Mon Jan 26 01:22:07.851510 2026] [php:error] [pid 67989] [client 185.177.72.13:0] script '/domains/hand-hammerweb/tester.php' not found or unable to stat
[Mon Jan 26 01:22:07.863380 2026] [php:error] [pid 68000] [client 185.177.72.13:0] script '/domains/hand-hammerweb/test2.php' not found or unable to stat
[Mon Jan 26 01:22:07.954095 2026] [php:error] [pid 68000] [client 185.177.72.13:0] script '/domains/hand-hammerweb/test3.php' not found or unable to stat
[Mon Jan 26 01:22:07.964990 2026] [php:error] [pid 68001] [client 185.177.72.13:0] script '/domains/awciii/wp-login.php' not found or unable to stat
[Mon Jan 26 01:22:08.014739 2026] [php:error] [pid 67999] [client 185.177.72.56:0] script '/domains/awciii/config.inc.php.bak' not found or unable to stat
[Mon Jan 26 01:22:08.018670 2026] [php:error] [pid 67989] [client 185.177.72.13:0] script '/domains/hand-hammerweb/testing.php' not found or unable to stat
[Mon Jan 26 01:22:08.044982 2026] [php:error] [pid 68000] [client 185.177.72.13:0] script '/domains/hand-hammerweb/test4.php' not found or unable to stat
[Mon Jan 26 01:22:08.102955 2026] [php:error] [pid 67999] [client 185.177.72.56:0] script '/domains/awciii/connect.php.bak' not found or unable to stat
[Mon Jan 26 01:22:08.135505 2026] [php:error] [pid 68000] [client 185.177.72.13:0] script '/domains/hand-hammerweb/test5.php' not found or unable to stat
[Mon Jan 26 01:22:08.153146 2026] [php:error] [pid 68001] [client 185.177.72.13:0] script '/domains/awciii/wp.php' not found or unable to stat
[Mon Jan 26 01:22:08.165630 2026] [php:error] [pid 68003] [client 185.177.72.38:0] script '/domains/markrose/example-config.php' not found or unable to stat
[Mon Jan 26 01:22:08.191117 2026] [php:error] [pid 67999] [client 185.177.72.56:0] script '/domains/awciii/connection.php.bak' not found or unable to stat
[Mon Jan 26 01:22:08.226034 2026] [php:error] [pid 68000] [client 185.177.72.13:0] script '/domains/hand-hammerweb/test6.php' not found or unable to stat
[Mon Jan 26 01:22:08.251183 2026] [php:error] [pid 68003] [client 185.177.72.38:0] script '/domains/markrose/sample-config.php' not found or unable to stat
[Mon Jan 26 01:22:08.279139 2026] [php:error] [pid 67999] [client 185.177.72.56:0] script '/domains/awciii/conn.php.bak' not found or unable to stat
[Mon Jan 26 01:22:08.316637 2026] [php:error] [pid 68000] [client 185.177.72.13:0] script '/domains/hand-hammerweb/test7.php' not found or unable to stat
[Mon Jan 26 01:22:08.407360 2026] [php:error] [pid 68000] [client 185.177.72.13:0] script '/domains/hand-hammerweb/test8.php' not found or unable to stat
[Mon Jan 26 01:22:08.497946 2026] [php:error] [pid 68000] [client 185.177.72.13:0] script '/domains/hand-hammerweb/test9.php' not found or unable to stat
[Mon Jan 26 01:22:08.528982 2026] [php:error] [pid 68001] [client 185.177.72.13:0] script '/domains/awciii/x.php' not found or unable to stat
[Mon Jan 26 01:22:08.575665 2026] [php:error] [pid 68004] [client 185.177.72.38:0] script '/domains/markrose/example-config.php' not found or unable to stat
[Mon Jan 26 01:22:08.588763 2026] [php:error] [pid 68000] [client 185.177.72.13:0] script '/domains/hand-hammerweb/test_info.php' not found or unable to stat
[Mon Jan 26 01:22:08.668087 2026] [php:error] [pid 68004] [client 185.177.72.38:0] script '/domains/markrose/sample-config.php' not found or unable to stat
[Mon Jan 26 01:22:08.679335 2026] [php:error] [pid 68000] [client 185.177.72.13:0] script '/domains/hand-hammerweb/test_info1.php' not found or unable to stat
[Mon Jan 26 01:22:08.769887 2026] [php:error] [pid 68000] [client 185.177.72.13:0] script '/domains/hand-hammerweb/test_info2.php' not found or unable to stat
[Mon Jan 26 01:22:08.862837 2026] [php:error] [pid 68000] [client 185.177.72.13:0] script '/domains/hand-hammerweb/test_info3.php' not found or unable to stat
[Mon Jan 26 01:22:08.953488 2026] [php:error] [pid 68000] [client 185.177.72.13:0] script '/domains/hand-hammerweb/test_info4.php' not found or unable to stat
[Mon Jan 26 01:22:09.044127 2026] [php:error] [pid 68000] [client 185.177.72.13:0] script '/domains/hand-hammerweb/test_info5.php' not found or unable to stat
[Mon Jan 26 01:22:09.134980 2026] [php:error] [pid 68000] [client 185.177.72.13:0] script '/domains/hand-hammerweb/test_phpinfo.php' not found or unable to stat
[Mon Jan 26 01:22:09.225654 2026] [php:error] [pid 68000] [client 185.177.72.13:0] script '/domains/hand-hammerweb/test_phpinfo1.php' not found or unable to stat
[Mon Jan 26 01:22:09.316366 2026] [php:error] [pid 68000] [client 185.177.72.13:0] script '/domains/hand-hammerweb/test_phpinfo2.php' not found or unable to stat
[Mon Jan 26 01:22:09.407227 2026] [php:error] [pid 68000] [client 185.177.72.13:0] script '/domains/hand-hammerweb/test_phpinfo3.php' not found or unable to stat
[Mon Jan 26 01:22:09.498072 2026] [php:error] [pid 68000] [client 185.177.72.13:0] script '/domains/hand-hammerweb/test_phpinfo4.php' not found or unable to stat
[Mon Jan 26 01:22:09.588954 2026] [php:error] [pid 68000] [client 185.177.72.13:0] script '/domains/hand-hammerweb/test_phpinfo5.php' not found or unable to stat
[Mon Jan 26 01:22:09.679968 2026] [php:error] [pid 68000] [client 185.177.72.13:0] script '/domains/hand-hammerweb/tester.php' not found or unable to stat
[Mon Jan 26 01:22:09.858937 2026] [php:error] [pid 67989] [client 185.177.72.13:0] script '/domains/hand-hammerweb/time.php' not found or unable to stat
[Mon Jan 26 01:22:09.861420 2026] [php:error] [pid 68000] [client 185.177.72.13:0] script '/domains/hand-hammerweb/testing.php' not found or unable to stat
[Mon Jan 26 01:22:10.193312 2026] [php:error] [pid 67989] [client 185.177.72.13:0] script '/domains/hand-hammerweb/token.php' not found or unable to stat
[Mon Jan 26 01:22:10.612279 2026] [php:error] [pid 67989] [client 185.177.72.13:0] script '/domains/hand-hammerweb/tz.php' not found or unable to stat
[Mon Jan 26 01:22:10.695900 2026] [php:error] [pid 67989] [client 185.177.72.13:0] script '/domains/hand-hammerweb/u.php' not found or unable to stat
[Mon Jan 26 01:22:11.008005 2026] [php:error] [pid 67964] [client 185.177.72.56:0] script '/domains/awciii/config.php.old' not found or unable to stat
[Mon Jan 26 01:22:11.096287 2026] [php:error] [pid 67964] [client 185.177.72.56:0] script '/domains/awciii/config.inc.php' not found or unable to stat
[Mon Jan 26 01:22:11.114120 2026] [php:error] [pid 67989] [client 185.177.72.13:0] script '/domains/hand-hammerweb/up.php' not found or unable to stat
[Mon Jan 26 01:22:11.951357 2026] [php:error] [pid 68005] [client 185.177.72.13:0] script '/domains/hand-hammerweb/time.php' not found or unable to stat
[Mon Jan 26 01:22:12.066606 2026] [php:error] [pid 67964] [client 185.177.72.56:0] script '/domains/awciii/settings.php.bak' not found or unable to stat
[Mon Jan 26 01:22:12.154999 2026] [php:error] [pid 67964] [client 185.177.72.56:0] script '/domains/awciii/settings.php.old' not found or unable to stat
[Mon Jan 26 01:22:12.243122 2026] [php:error] [pid 67964] [client 185.177.72.56:0] script '/domains/awciii/settings.php.save' not found or unable to stat
[Mon Jan 26 01:22:12.321434 2026] [php:error] [pid 68005] [client 185.177.72.13:0] script '/domains/hand-hammerweb/token.php' not found or unable to stat
[Mon Jan 26 01:22:12.783286 2026] [php:error] [pid 68005] [client 185.177.72.13:0] script '/domains/hand-hammerweb/tz.php' not found or unable to stat
[Mon Jan 26 01:22:12.875585 2026] [php:error] [pid 68005] [client 185.177.72.13:0] script '/domains/hand-hammerweb/u.php' not found or unable to stat
[Mon Jan 26 01:22:13.336887 2026] [php:error] [pid 68005] [client 185.177.72.13:0] script '/domains/hand-hammerweb/up.php' not found or unable to stat
[Mon Jan 26 01:22:13.578109 2026] [php:error] [pid 68003] [client 185.177.72.13:0] script '/domains/hand-hammerweb/w.php' not found or unable to stat
[Mon Jan 26 01:22:13.842259 2026] [php:error] [pid 68003] [client 185.177.72.13:0] script '/domains/hand-hammerweb/web.php' not found or unable to stat
[Mon Jan 26 01:22:14.360345 2026] [php:error] [pid 67964] [client 185.177.72.56:0] script '/domains/awciii/configuration.php.bak' not found or unable to stat
[Mon Jan 26 01:22:14.455627 2026] [php:error] [pid 67991] [client 185.177.72.13:0] script '/domains/awciii/wp-config.php.orig' not found or unable to stat
[Mon Jan 26 01:22:14.978115 2026] [access_compat:error] [pid 67964] [client 185.177.72.56:0] AH01797: client denied by server configuration: /domains/awciii/server-status
[Mon Jan 26 01:22:15.066474 2026] [php:error] [pid 67964] [client 185.177.72.56:0] script '/domains/awciii/server-info.php' not found or unable to stat
[Mon Jan 26 01:22:15.154969 2026] [php:error] [pid 67964] [client 185.177.72.56:0] script '/domains/awciii/app_dev.php' not found or unable to stat
[Mon Jan 26 01:22:15.782336 2026] [php:error] [pid 68003] [client 185.177.72.13:0] script '/domains/hand-hammerweb/wp-login.php' not found or unable to stat
[Mon Jan 26 01:22:15.836522 2026] [php:error] [pid 68005] [client 185.177.72.13:0] script '/domains/hand-hammerweb/w.php' not found or unable to stat
[Mon Jan 26 01:22:15.959413 2026] [php:error] [pid 68003] [client 185.177.72.13:0] script '/domains/hand-hammerweb/wp.php' not found or unable to stat
[Mon Jan 26 01:22:16.114886 2026] [php:error] [pid 68005] [client 185.177.72.13:0] script '/domains/hand-hammerweb/web.php' not found or unable to stat
[Mon Jan 26 01:22:16.313628 2026] [php:error] [pid 68003] [client 185.177.72.13:0] script '/domains/hand-hammerweb/x.php' not found or unable to stat
[Mon Jan 26 01:22:16.740404 2026] [php:error] [pid 67964] [client 185.177.72.56:0] script '/domains/awciii/xdebug.php' not found or unable to stat
[Mon Jan 26 01:22:16.828705 2026] [php:error] [pid 67964] [client 185.177.72.56:0] script '/domains/awciii/xdebug_info.php' not found or unable to stat
[Mon Jan 26 01:22:17.446362 2026] [php:error] [pid 67964] [client 185.177.72.56:0] script '/domains/awciii/test_socket.php' not found or unable to stat
[Mon Jan 26 01:22:17.534559 2026] [php:error] [pid 67964] [client 185.177.72.56:0] script '/domains/awciii/testdb.php' not found or unable to stat
[Mon Jan 26 01:22:17.887219 2026] [php:error] [pid 67964] [client 185.177.72.56:0] script '/domains/awciii/adminer-4.2.5-mysql-en.php' not found or unable to stat
[Mon Jan 26 01:22:17.975405 2026] [php:error] [pid 67964] [client 185.177.72.56:0] script '/domains/awciii/phpmyadmin.php' not found or unable to stat
[Mon Jan 26 01:22:18.152321 2026] [php:error] [pid 68005] [client 185.177.72.13:0] script '/domains/hand-hammerweb/wp-login.php' not found or unable to stat
[Mon Jan 26 01:22:18.240481 2026] [php:error] [pid 67964] [client 185.177.72.56:0] script '/domains/awciii/sql.php' not found or unable to stat
[Mon Jan 26 01:22:18.328592 2026] [php:error] [pid 67964] [client 185.177.72.56:0] script '/domains/awciii/sqladmin.php' not found or unable to stat
[Mon Jan 26 01:22:18.338149 2026] [php:error] [pid 68005] [client 185.177.72.13:0] script '/domains/hand-hammerweb/wp.php' not found or unable to stat
[Mon Jan 26 01:22:18.416744 2026] [php:error] [pid 67964] [client 185.177.72.56:0] script '/domains/awciii/dbadmin.php' not found or unable to stat
[Mon Jan 26 01:22:18.504893 2026] [php:error] [pid 67964] [client 185.177.72.56:0] script '/domains/awciii/phpminiadmin.php' not found or unable to stat
[Mon Jan 26 01:22:18.593184 2026] [php:error] [pid 67964] [client 185.177.72.56:0] script '/domains/awciii/mysqladmin.php' not found or unable to stat
[Mon Jan 26 01:22:18.707301 2026] [php:error] [pid 68005] [client 185.177.72.13:0] script '/domains/hand-hammerweb/x.php' not found or unable to stat
[Mon Jan 26 01:22:20.101838 2026] [php:error] [pid 67991] [client 185.177.72.13:0] script '/domains/awciii/phpinfo-server.php' not found or unable to stat
[Mon Jan 26 01:22:20.333728 2026] [php:error] [pid 68001] [client 185.177.72.56:0] script '/domains/awciii/wp-config-sample.php' not found or unable to stat
[Mon Jan 26 01:22:20.477814 2026] [php:error] [pid 67991] [client 185.177.72.13:0] script '/domains/awciii/phpinfo_details.php' not found or unable to stat
[Mon Jan 26 01:22:20.665663 2026] [php:error] [pid 67991] [client 185.177.72.13:0] script '/domains/awciii/phpinfomolten.php' not found or unable to stat
[Mon Jan 26 01:22:20.938111 2026] [authz_core:error] [pid 68001] [client 185.177.72.56:0] AH01630: client denied by server configuration: /domains/awciii/.htpasswd
[Mon Jan 26 01:22:21.829933 2026] [php:error] [pid 67983] [client 185.177.72.13:0] script '/domains/hand-hammerweb/wp-config.php.orig' not found or unable to stat
[Mon Jan 26 01:22:24.099104 2026] [php:error] [pid 68000] [client 185.177.72.13:0] script '/domains/awciii/wp-config-sample.php.bak' not found or unable to stat
[Mon Jan 26 01:22:24.191500 2026] [php:error] [pid 68000] [client 185.177.72.13:0] script '/domains/awciii/wp-config.php.bak1' not found or unable to stat
[Mon Jan 26 01:22:24.376329 2026] [php:error] [pid 68000] [client 185.177.72.13:0] script '/domains/awciii/config.inc.php.bak' not found or unable to stat
[Mon Jan 26 01:22:24.464821 2026] [php:error] [pid 67999] [client 185.177.72.13:0] script '/domains/hand-hammerweb/wp-config.php.orig' not found or unable to stat
[Mon Jan 26 01:22:24.468589 2026] [php:error] [pid 68000] [client 185.177.72.13:0] script '/domains/awciii/connect.php.bak' not found or unable to stat
[Mon Jan 26 01:22:24.560863 2026] [php:error] [pid 68000] [client 185.177.72.13:0] script '/domains/awciii/connection.php.bak' not found or unable to stat
[Mon Jan 26 01:22:24.570596 2026] [php:error] [pid 68001] [client 185.177.72.56:0] script '/domains/awciii/install.php' not found or unable to stat
[Mon Jan 26 01:22:24.653171 2026] [php:error] [pid 68000] [client 185.177.72.13:0] script '/domains/awciii/conn.php.bak' not found or unable to stat
[Mon Jan 26 01:22:24.656848 2026] [php:error] [pid 68001] [client 185.177.72.56:0] script '/domains/awciii/setup.php' not found or unable to stat
[Mon Jan 26 01:22:24.743166 2026] [php:error] [pid 68001] [client 185.177.72.56:0] script '/domains/awciii/setup-config.php' not found or unable to stat
[Mon Jan 26 01:22:24.915758 2026] [php:error] [pid 68001] [client 185.177.72.56:0] script '/domains/awciii/app_dev.php' not found or unable to stat
[Mon Jan 26 01:22:25.002198 2026] [php:error] [pid 68001] [client 185.177.72.56:0] script '/domains/awciii/config_dev.php' not found or unable to stat
[Mon Jan 26 01:22:25.088501 2026] [php:error] [pid 68001] [client 185.177.72.56:0] script '/domains/awciii/index-dev.php' not found or unable to stat
[Mon Jan 26 01:22:25.175071 2026] [php:error] [pid 68001] [client 185.177.72.56:0] script '/domains/awciii/index-test.php' not found or unable to stat
[Mon Jan 26 01:22:25.520296 2026] [php:error] [pid 68001] [client 185.177.72.56:0] script '/domains/awciii/maintenance.php' not found or unable to stat
[Mon Jan 26 01:22:26.212485 2026] [php:error] [pid 68001] [client 185.177.72.56:0] script '/domains/awciii/upgrade.php' not found or unable to stat
[Mon Jan 26 01:22:26.385131 2026] [php:error] [pid 68001] [client 185.177.72.56:0] script '/domains/awciii/upgrader.php' not found or unable to stat
[Mon Jan 26 01:22:26.471749 2026] [php:error] [pid 68001] [client 185.177.72.56:0] script '/domains/awciii/migrate.php' not found or unable to stat
[Mon Jan 26 01:22:26.559059 2026] [php:error] [pid 68001] [client 185.177.72.56:0] script '/domains/awciii/migration.php' not found or unable to stat
[Mon Jan 26 01:22:26.645553 2026] [php:error] [pid 68001] [client 185.177.72.56:0] script '/domains/awciii/console.php' not found or unable to stat
[Mon Jan 26 01:22:27.010464 2026] [php:error] [pid 67983] [client 185.177.72.13:0] script '/domains/hand-hammerweb/phpinfo-server.php' not found or unable to stat
[Mon Jan 26 01:22:27.357939 2026] [php:error] [pid 67983] [client 185.177.72.13:0] script '/domains/hand-hammerweb/phpinfo_details.php' not found or unable to stat
[Mon Jan 26 01:22:27.423452 2026] [php:error] [pid 68000] [client 185.177.72.13:0] script '/domains/awciii/config.php.old' not found or unable to stat
[Mon Jan 26 01:22:27.515648 2026] [php:error] [pid 68000] [client 185.177.72.13:0] script '/domains/awciii/config.inc.php' not found or unable to stat
[Mon Jan 26 01:22:27.532006 2026] [php:error] [pid 67983] [client 185.177.72.13:0] script '/domains/hand-hammerweb/phpinfomolten.php' not found or unable to stat
[Mon Jan 26 01:22:28.481815 2026] [php:error] [pid 68003] [client 185.177.72.56:0] script '/domains/awciii/example-config.php' not found or unable to stat
[Mon Jan 26 01:22:28.530647 2026] [php:error] [pid 68000] [client 185.177.72.13:0] script '/domains/awciii/settings.php.bak' not found or unable to stat
[Mon Jan 26 01:22:28.574058 2026] [php:error] [pid 68003] [client 185.177.72.56:0] script '/domains/awciii/sample-config.php' not found or unable to stat
[Mon Jan 26 01:22:28.622942 2026] [php:error] [pid 68000] [client 185.177.72.13:0] script '/domains/awciii/settings.php.old' not found or unable to stat
[Mon Jan 26 01:22:28.715238 2026] [php:error] [pid 68000] [client 185.177.72.13:0] script '/domains/awciii/settings.php.save' not found or unable to stat
[Mon Jan 26 01:22:29.910846 2026] [php:error] [pid 67999] [client 185.177.72.13:0] script '/domains/hand-hammerweb/phpinfo-server.php' not found or unable to stat
[Mon Jan 26 01:22:30.273534 2026] [php:error] [pid 67999] [client 185.177.72.13:0] script '/domains/hand-hammerweb/phpinfo_details.php' not found or unable to stat
[Mon Jan 26 01:22:30.547829 2026] [php:error] [pid 67983] [client 185.177.72.13:0] script '/domains/hand-hammerweb/phpinfomolten.php' not found or unable to stat
[Mon Jan 26 01:22:30.761238 2026] [php:error] [pid 68002] [client 185.177.72.13:0] script '/domains/hand-hammerweb/wp-config-sample.php.bak' not found or unable to stat
[Mon Jan 26 01:22:30.849445 2026] [php:error] [pid 68002] [client 185.177.72.13:0] script '/domains/hand-hammerweb/wp-config.php.bak1' not found or unable to stat
[Mon Jan 26 01:22:30.932297 2026] [php:error] [pid 68000] [client 185.177.72.13:0] script '/domains/awciii/configuration.php.bak' not found or unable to stat
[Mon Jan 26 01:22:31.025695 2026] [php:error] [pid 68002] [client 185.177.72.13:0] script '/domains/hand-hammerweb/config.inc.php.bak' not found or unable to stat
[Mon Jan 26 01:22:31.113666 2026] [php:error] [pid 68002] [client 185.177.72.13:0] script '/domains/hand-hammerweb/connect.php.bak' not found or unable to stat
[Mon Jan 26 01:22:31.201749 2026] [php:error] [pid 68002] [client 185.177.72.13:0] script '/domains/hand-hammerweb/connection.php.bak' not found or unable to stat
[Mon Jan 26 01:22:31.289897 2026] [php:error] [pid 68002] [client 185.177.72.13:0] script '/domains/hand-hammerweb/conn.php.bak' not found or unable to stat
[Mon Jan 26 01:22:31.622723 2026] [access_compat:error] [pid 67999] [client 185.177.72.13:0] AH01797: client denied by server configuration: /domains/awciii/server-status
[Mon Jan 26 01:22:31.708818 2026] [php:error] [pid 67999] [client 185.177.72.13:0] script '/domains/awciii/server-info.php' not found or unable to stat
[Mon Jan 26 01:22:31.794907 2026] [php:error] [pid 67999] [client 185.177.72.13:0] script '/domains/awciii/app_dev.php' not found or unable to stat
[Mon Jan 26 01:22:33.348609 2026] [php:error] [pid 67999] [client 185.177.72.13:0] script '/domains/awciii/xdebug.php' not found or unable to stat
[Mon Jan 26 01:22:33.434766 2026] [php:error] [pid 67999] [client 185.177.72.13:0] script '/domains/awciii/xdebug_info.php' not found or unable to stat
[Mon Jan 26 01:22:33.877830 2026] [php:error] [pid 67983] [client 185.177.72.13:0] script '/domains/hand-hammerweb/wp-config-sample.php.bak' not found or unable to stat
[Mon Jan 26 01:22:33.939641 2026] [php:error] [pid 68002] [client 185.177.72.13:0] script '/domains/hand-hammerweb/config.php.old' not found or unable to stat
[Mon Jan 26 01:22:33.970955 2026] [php:error] [pid 67983] [client 185.177.72.13:0] script '/domains/hand-hammerweb/wp-config.php.bak1' not found or unable to stat
[Mon Jan 26 01:22:34.028197 2026] [php:error] [pid 68002] [client 185.177.72.13:0] script '/domains/hand-hammerweb/config.inc.php' not found or unable to stat
[Mon Jan 26 01:22:34.037864 2026] [php:error] [pid 67999] [client 185.177.72.13:0] script '/domains/awciii/test_socket.php' not found or unable to stat
[Mon Jan 26 01:22:34.124020 2026] [php:error] [pid 67999] [client 185.177.72.13:0] script '/domains/awciii/testdb.php' not found or unable to stat
[Mon Jan 26 01:22:34.155600 2026] [php:error] [pid 67983] [client 185.177.72.13:0] script '/domains/hand-hammerweb/config.inc.php.bak' not found or unable to stat
[Mon Jan 26 01:22:34.248068 2026] [php:error] [pid 67983] [client 185.177.72.13:0] script '/domains/hand-hammerweb/connect.php.bak' not found or unable to stat
[Mon Jan 26 01:22:34.340435 2026] [php:error] [pid 67983] [client 185.177.72.13:0] script '/domains/hand-hammerweb/connection.php.bak' not found or unable to stat
[Mon Jan 26 01:22:34.432758 2026] [php:error] [pid 67983] [client 185.177.72.13:0] script '/domains/hand-hammerweb/conn.php.bak' not found or unable to stat
[Mon Jan 26 01:22:34.468554 2026] [php:error] [pid 67999] [client 185.177.72.13:0] script '/domains/awciii/adminer-4.2.5-mysql-en.php' not found or unable to stat
[Mon Jan 26 01:22:34.554812 2026] [php:error] [pid 67999] [client 185.177.72.13:0] script '/domains/awciii/phpmyadmin.php' not found or unable to stat
[Mon Jan 26 01:22:34.813147 2026] [php:error] [pid 67999] [client 185.177.72.13:0] script '/domains/awciii/sql.php' not found or unable to stat
[Mon Jan 26 01:22:34.899296 2026] [php:error] [pid 67999] [client 185.177.72.13:0] script '/domains/awciii/sqladmin.php' not found or unable to stat
[Mon Jan 26 01:22:34.985827 2026] [php:error] [pid 67999] [client 185.177.72.13:0] script '/domains/awciii/dbadmin.php' not found or unable to stat
[Mon Jan 26 01:22:34.996773 2026] [php:error] [pid 68002] [client 185.177.72.13:0] script '/domains/hand-hammerweb/settings.php.bak' not found or unable to stat
[Mon Jan 26 01:22:35.073022 2026] [php:error] [pid 67999] [client 185.177.72.13:0] script '/domains/awciii/phpminiadmin.php' not found or unable to stat
[Mon Jan 26 01:22:35.084632 2026] [php:error] [pid 68002] [client 185.177.72.13:0] script '/domains/hand-hammerweb/settings.php.old' not found or unable to stat
[Mon Jan 26 01:22:35.159789 2026] [php:error] [pid 67999] [client 185.177.72.13:0] script '/domains/awciii/mysqladmin.php' not found or unable to stat
[Mon Jan 26 01:22:35.172630 2026] [php:error] [pid 68002] [client 185.177.72.13:0] script '/domains/hand-hammerweb/settings.php.save' not found or unable to stat
[Mon Jan 26 01:22:36.802020 2026] [php:error] [pid 67999] [client 185.177.72.13:0] script '/domains/awciii/wp-config-sample.php' not found or unable to stat
[Mon Jan 26 01:22:37.204583 2026] [php:error] [pid 67983] [client 185.177.72.13:0] script '/domains/hand-hammerweb/config.php.old' not found or unable to stat
[Mon Jan 26 01:22:37.293885 2026] [php:error] [pid 68002] [client 185.177.72.13:0] script '/domains/hand-hammerweb/configuration.php.bak' not found or unable to stat
[Mon Jan 26 01:22:37.297150 2026] [php:error] [pid 67983] [client 185.177.72.13:0] script '/domains/hand-hammerweb/config.inc.php' not found or unable to stat
[Mon Jan 26 01:22:37.405694 2026] [authz_core:error] [pid 67999] [client 185.177.72.13:0] AH01630: client denied by server configuration: /domains/awciii/.htpasswd
[Mon Jan 26 01:22:37.546792 2026] [php:error] [pid 68010] [client 45.148.10.247:0] script '/domains/ebon/phpinfo.php' not found or unable to stat
[Mon Jan 26 01:22:37.911702 2026] [access_compat:error] [pid 68002] [client 185.177.72.13:0] AH01797: client denied by server configuration: /domains/hand-hammerweb/server-status
[Mon Jan 26 01:22:38.076346 2026] [php:error] [pid 68012] [client 185.177.72.13:0] script '/domains/hand-hammerweb/server-info.php' not found or unable to stat
[Mon Jan 26 01:22:38.158567 2026] [php:error] [pid 68012] [client 185.177.72.13:0] script '/domains/hand-hammerweb/app_dev.php' not found or unable to stat
[Mon Jan 26 01:22:38.313992 2026] [php:error] [pid 67983] [client 185.177.72.13:0] script '/domains/hand-hammerweb/settings.php.bak' not found or unable to stat
[Mon Jan 26 01:22:38.406332 2026] [php:error] [pid 67983] [client 185.177.72.13:0] script '/domains/hand-hammerweb/settings.php.old' not found or unable to stat
[Mon Jan 26 01:22:38.498710 2026] [php:error] [pid 67983] [client 185.177.72.13:0] script '/domains/hand-hammerweb/settings.php.save' not found or unable to stat
[Mon Jan 26 01:22:39.632264 2026] [php:error] [pid 68012] [client 185.177.72.13:0] script '/domains/hand-hammerweb/xdebug.php' not found or unable to stat
[Mon Jan 26 01:22:39.715308 2026] [php:error] [pid 68012] [client 185.177.72.13:0] script '/domains/hand-hammerweb/xdebug_info.php' not found or unable to stat
[Mon Jan 26 01:22:40.288434 2026] [php:error] [pid 68012] [client 185.177.72.13:0] script '/domains/hand-hammerweb/test_socket.php' not found or unable to stat
[Mon Jan 26 01:22:40.370494 2026] [php:error] [pid 68012] [client 185.177.72.13:0] script '/domains/hand-hammerweb/testdb.php' not found or unable to stat
[Mon Jan 26 01:22:40.726293 2026] [php:error] [pid 68016] [client 185.177.72.13:0] script '/domains/hand-hammerweb/configuration.php.bak' not found or unable to stat
[Mon Jan 26 01:22:40.726844 2026] [php:error] [pid 68012] [client 185.177.72.13:0] script '/domains/hand-hammerweb/adminer-4.2.5-mysql-en.php' not found or unable to stat
[Mon Jan 26 01:22:40.809049 2026] [php:error] [pid 68012] [client 185.177.72.13:0] script '/domains/hand-hammerweb/phpmyadmin.php' not found or unable to stat
[Mon Jan 26 01:22:41.047082 2026] [php:error] [pid 67983] [client 45.148.10.247:0] script '/domains/ebon/_phpinfo.php' not found or unable to stat
[Mon Jan 26 01:22:41.054938 2026] [php:error] [pid 68012] [client 185.177.72.13:0] script '/domains/hand-hammerweb/sql.php' not found or unable to stat
[Mon Jan 26 01:22:41.136861 2026] [php:error] [pid 68012] [client 185.177.72.13:0] script '/domains/hand-hammerweb/sqladmin.php' not found or unable to stat
[Mon Jan 26 01:22:41.199272 2026] [php:error] [pid 68000] [client 185.177.72.13:0] script '/domains/awciii/install.php' not found or unable to stat
