[Mon Jan 26 01:22:41.219006 2026] [php:error] [pid 68012] [client 185.177.72.13:0] script '/domains/hand-hammerweb/dbadmin.php' not found or unable to stat
[Mon Jan 26 01:22:41.290047 2026] [php:error] [pid 68000] [client 185.177.72.13:0] script '/domains/awciii/setup.php' not found or unable to stat
[Mon Jan 26 01:22:41.299312 2026] [access_compat:error] [pid 68016] [client 185.177.72.13:0] AH01797: client denied by server configuration: /domains/hand-hammerweb/server-status
[Mon Jan 26 01:22:41.301369 2026] [php:error] [pid 68012] [client 185.177.72.13:0] script '/domains/hand-hammerweb/phpminiadmin.php' not found or unable to stat
[Mon Jan 26 01:22:41.380811 2026] [php:error] [pid 68000] [client 185.177.72.13:0] script '/domains/awciii/setup-config.php' not found or unable to stat
[Mon Jan 26 01:22:41.381196 2026] [php:error] [pid 68016] [client 185.177.72.13:0] script '/domains/hand-hammerweb/server-info.php' not found or unable to stat
[Mon Jan 26 01:22:41.383261 2026] [php:error] [pid 68012] [client 185.177.72.13:0] script '/domains/hand-hammerweb/mysqladmin.php' not found or unable to stat
[Mon Jan 26 01:22:41.463069 2026] [php:error] [pid 68016] [client 185.177.72.13:0] script '/domains/hand-hammerweb/app_dev.php' not found or unable to stat
[Mon Jan 26 01:22:41.562539 2026] [php:error] [pid 68000] [client 185.177.72.13:0] script '/domains/awciii/app_dev.php' not found or unable to stat
[Mon Jan 26 01:22:41.653416 2026] [php:error] [pid 68000] [client 185.177.72.13:0] script '/domains/awciii/config_dev.php' not found or unable to stat
[Mon Jan 26 01:22:41.744395 2026] [php:error] [pid 68000] [client 185.177.72.13:0] script '/domains/awciii/index-dev.php' not found or unable to stat
[Mon Jan 26 01:22:41.835152 2026] [php:error] [pid 68000] [client 185.177.72.13:0] script '/domains/awciii/index-test.php' not found or unable to stat
[Mon Jan 26 01:22:42.198163 2026] [php:error] [pid 68000] [client 185.177.72.13:0] script '/domains/awciii/maintenance.php' not found or unable to stat
[Mon Jan 26 01:22:42.924386 2026] [php:error] [pid 68000] [client 185.177.72.13:0] script '/domains/awciii/upgrade.php' not found or unable to stat
[Mon Jan 26 01:22:42.935036 2026] [php:error] [pid 68016] [client 185.177.72.13:0] script '/domains/hand-hammerweb/xdebug.php' not found or unable to stat
[Mon Jan 26 01:22:42.940970 2026] [php:error] [pid 68012] [client 185.177.72.13:0] script '/domains/hand-hammerweb/wp-config-sample.php' not found or unable to stat
[Mon Jan 26 01:22:43.017527 2026] [php:error] [pid 68016] [client 185.177.72.13:0] script '/domains/hand-hammerweb/xdebug_info.php' not found or unable to stat
[Mon Jan 26 01:22:43.106229 2026] [php:error] [pid 68000] [client 185.177.72.13:0] script '/domains/awciii/upgrader.php' not found or unable to stat
[Mon Jan 26 01:22:43.196997 2026] [php:error] [pid 68000] [client 185.177.72.13:0] script '/domains/awciii/migrate.php' not found or unable to stat
[Mon Jan 26 01:22:43.287713 2026] [php:error] [pid 68000] [client 185.177.72.13:0] script '/domains/awciii/migration.php' not found or unable to stat
[Mon Jan 26 01:22:43.378441 2026] [php:error] [pid 68000] [client 185.177.72.13:0] script '/domains/awciii/console.php' not found or unable to stat
[Mon Jan 26 01:22:43.514920 2026] [authz_core:error] [pid 68012] [client 185.177.72.13:0] AH01630: client denied by server configuration: /domains/hand-hammerweb/.htpasswd
[Mon Jan 26 01:22:43.590104 2026] [php:error] [pid 68016] [client 185.177.72.13:0] script '/domains/hand-hammerweb/test_socket.php' not found or unable to stat
[Mon Jan 26 01:22:43.671881 2026] [php:error] [pid 68016] [client 185.177.72.13:0] script '/domains/hand-hammerweb/testdb.php' not found or unable to stat
[Mon Jan 26 01:22:43.998692 2026] [php:error] [pid 68016] [client 185.177.72.13:0] script '/domains/hand-hammerweb/adminer-4.2.5-mysql-en.php' not found or unable to stat
[Mon Jan 26 01:22:44.080435 2026] [php:error] [pid 68016] [client 185.177.72.13:0] script '/domains/hand-hammerweb/phpmyadmin.php' not found or unable to stat
[Mon Jan 26 01:22:44.325563 2026] [php:error] [pid 68016] [client 185.177.72.13:0] script '/domains/hand-hammerweb/sql.php' not found or unable to stat
[Mon Jan 26 01:22:44.407344 2026] [php:error] [pid 68016] [client 185.177.72.13:0] script '/domains/hand-hammerweb/sqladmin.php' not found or unable to stat
[Mon Jan 26 01:22:44.489016 2026] [php:error] [pid 68016] [client 185.177.72.13:0] script '/domains/hand-hammerweb/dbadmin.php' not found or unable to stat
[Mon Jan 26 01:22:44.570857 2026] [php:error] [pid 68016] [client 185.177.72.13:0] script '/domains/hand-hammerweb/phpminiadmin.php' not found or unable to stat
[Mon Jan 26 01:22:44.652650 2026] [php:error] [pid 68016] [client 185.177.72.13:0] script '/domains/hand-hammerweb/mysqladmin.php' not found or unable to stat
[Mon Jan 26 01:22:45.196746 2026] [php:error] [pid 68000] [client 185.177.72.13:0] script '/domains/awciii/example-config.php' not found or unable to stat
[Mon Jan 26 01:22:45.287461 2026] [php:error] [pid 68000] [client 185.177.72.13:0] script '/domains/awciii/sample-config.php' not found or unable to stat
[Mon Jan 26 01:22:46.206174 2026] [php:error] [pid 68016] [client 185.177.72.13:0] script '/domains/hand-hammerweb/wp-config-sample.php' not found or unable to stat
[Mon Jan 26 01:22:46.780322 2026] [authz_core:error] [pid 68016] [client 185.177.72.13:0] AH01630: client denied by server configuration: /domains/hand-hammerweb/.htpasswd
[Mon Jan 26 01:22:47.093364 2026] [php:error] [pid 68011] [client 185.177.72.13:0] script '/domains/hand-hammerweb/install.php' not found or unable to stat
[Mon Jan 26 01:22:47.181760 2026] [php:error] [pid 68011] [client 185.177.72.13:0] script '/domains/hand-hammerweb/setup.php' not found or unable to stat
[Mon Jan 26 01:22:47.270025 2026] [php:error] [pid 68011] [client 185.177.72.13:0] script '/domains/hand-hammerweb/setup-config.php' not found or unable to stat
[Mon Jan 26 01:22:47.446027 2026] [php:error] [pid 68011] [client 185.177.72.13:0] script '/domains/hand-hammerweb/app_dev.php' not found or unable to stat
[Mon Jan 26 01:22:47.534412 2026] [php:error] [pid 68011] [client 185.177.72.13:0] script '/domains/hand-hammerweb/config_dev.php' not found or unable to stat
[Mon Jan 26 01:22:47.622586 2026] [php:error] [pid 68011] [client 185.177.72.13:0] script '/domains/hand-hammerweb/index-dev.php' not found or unable to stat
[Mon Jan 26 01:22:47.710710 2026] [php:error] [pid 68011] [client 185.177.72.13:0] script '/domains/hand-hammerweb/index-test.php' not found or unable to stat
[Mon Jan 26 01:22:48.063032 2026] [php:error] [pid 68011] [client 185.177.72.13:0] script '/domains/hand-hammerweb/maintenance.php' not found or unable to stat
[Mon Jan 26 01:22:48.768917 2026] [php:error] [pid 68011] [client 185.177.72.13:0] script '/domains/hand-hammerweb/upgrade.php' not found or unable to stat
[Mon Jan 26 01:22:48.945819 2026] [php:error] [pid 68011] [client 185.177.72.13:0] script '/domains/hand-hammerweb/upgrader.php' not found or unable to stat
[Mon Jan 26 01:22:48.964513 2026] [php:error] [pid 68005] [client 45.148.10.247:0] script '/domains/ebon/wp-config.php.bak' not found or unable to stat
[Mon Jan 26 01:22:49.034211 2026] [php:error] [pid 68011] [client 185.177.72.13:0] script '/domains/hand-hammerweb/migrate.php' not found or unable to stat
[Mon Jan 26 01:22:49.048997 2026] [php:error] [pid 68005] [client 45.148.10.247:0] script '/domains/ebon/info.php' not found or unable to stat
[Mon Jan 26 01:22:49.122583 2026] [php:error] [pid 68011] [client 185.177.72.13:0] script '/domains/hand-hammerweb/migration.php' not found or unable to stat
[Mon Jan 26 01:22:49.210759 2026] [php:error] [pid 68011] [client 185.177.72.13:0] script '/domains/hand-hammerweb/console.php' not found or unable to stat
[Mon Jan 26 01:22:50.277383 2026] [php:error] [pid 67999] [client 45.148.10.247:0] script '/domains/ebon/server_info.php' not found or unable to stat
[Mon Jan 26 01:22:50.371820 2026] [php:error] [pid 67999] [client 45.148.10.247:0] script '/domains/ebon/app_dev.php' not found or unable to stat
[Mon Jan 26 01:22:50.550084 2026] [access_compat:error] [pid 67999] [client 45.148.10.247:0] AH01797: client denied by server configuration: /domains/ebon/server-info
[Mon Jan 26 01:22:50.583301 2026] [php:error] [pid 68000] [client 185.177.72.13:0] script '/domains/hand-hammerweb/install.php' not found or unable to stat
[Mon Jan 26 01:22:50.644053 2026] [php:error] [pid 67999] [client 45.148.10.247:0] script '/domains/ebon/server-info.php' not found or unable to stat
[Mon Jan 26 01:22:50.675890 2026] [php:error] [pid 68000] [client 185.177.72.13:0] script '/domains/hand-hammerweb/setup.php' not found or unable to stat
[Mon Jan 26 01:22:50.768254 2026] [php:error] [pid 68000] [client 185.177.72.13:0] script '/domains/hand-hammerweb/setup-config.php' not found or unable to stat
[Mon Jan 26 01:22:50.953066 2026] [php:error] [pid 68000] [client 185.177.72.13:0] script '/domains/hand-hammerweb/app_dev.php' not found or unable to stat
[Mon Jan 26 01:22:50.978361 2026] [php:error] [pid 68011] [client 185.177.72.13:0] script '/domains/hand-hammerweb/example-config.php' not found or unable to stat
[Mon Jan 26 01:22:51.045440 2026] [php:error] [pid 68000] [client 185.177.72.13:0] script '/domains/hand-hammerweb/config_dev.php' not found or unable to stat
[Mon Jan 26 01:22:51.066314 2026] [php:error] [pid 68011] [client 185.177.72.13:0] script '/domains/hand-hammerweb/sample-config.php' not found or unable to stat
[Mon Jan 26 01:22:51.138948 2026] [php:error] [pid 68000] [client 185.177.72.13:0] script '/domains/hand-hammerweb/index-dev.php' not found or unable to stat
[Mon Jan 26 01:22:51.231540 2026] [php:error] [pid 68000] [client 185.177.72.13:0] script '/domains/hand-hammerweb/index-test.php' not found or unable to stat
[Mon Jan 26 01:22:51.601050 2026] [php:error] [pid 68000] [client 185.177.72.13:0] script '/domains/hand-hammerweb/maintenance.php' not found or unable to stat
[Mon Jan 26 01:22:52.340327 2026] [php:error] [pid 68000] [client 185.177.72.13:0] script '/domains/hand-hammerweb/upgrade.php' not found or unable to stat
[Mon Jan 26 01:22:52.525616 2026] [php:error] [pid 68000] [client 185.177.72.13:0] script '/domains/hand-hammerweb/upgrader.php' not found or unable to stat
[Mon Jan 26 01:22:52.618096 2026] [php:error] [pid 68000] [client 185.177.72.13:0] script '/domains/hand-hammerweb/migrate.php' not found or unable to stat
[Mon Jan 26 01:22:52.710609 2026] [php:error] [pid 68000] [client 185.177.72.13:0] script '/domains/hand-hammerweb/migration.php' not found or unable to stat
[Mon Jan 26 01:22:52.803150 2026] [php:error] [pid 68000] [client 185.177.72.13:0] script '/domains/hand-hammerweb/console.php' not found or unable to stat
[Mon Jan 26 01:22:54.030359 2026] [core:crit] [pid 68011] (13)Permission denied: [client 114.119.152.33:0] AH00529: /domains/performancepartsinc/graphics/psd/.htaccess pcfg_openfile: unable to check htaccess file, ensure it is readable and that '/domains/performancepartsinc/graphics/psd/' is executable, referer: http://www.performancepartsinc.com/graphics/psd/q.php?%2Fcasual-sex-near-me-tlaxcoapan%2F
[Mon Jan 26 01:22:54.654425 2026] [php:error] [pid 68000] [client 185.177.72.13:0] script '/domains/hand-hammerweb/example-config.php' not found or unable to stat
[Mon Jan 26 01:22:54.746938 2026] [php:error] [pid 68000] [client 185.177.72.13:0] script '/domains/hand-hammerweb/sample-config.php' not found or unable to stat
[Mon Jan 26 01:24:11.075522 2026] [php:error] [pid 68027] [client 179.49.194.199:0] script '/domains/markrose/olux.php' not found or unable to stat
[Mon Jan 26 01:24:12.000821 2026] [php:error] [pid 68008] [client 179.49.194.199:0] script '/domains/markrose/indoxploit.php' not found or unable to stat
[Mon Jan 26 01:24:12.354135 2026] [php:error] [pid 68026] [client 179.49.194.199:0] script '/domains/markrose/indoxploit.php' not found or unable to stat
[Mon Jan 26 01:24:12.686455 2026] [php:error] [pid 68027] [client 179.49.194.199:0] script '/domains/markrose/wso.php' not found or unable to stat
[Mon Jan 26 01:24:16.990960 2026] [php:error] [pid 68026] [client 179.49.194.199:0] script '/domains/markrose/up.php' not found or unable to stat
[Mon Jan 26 01:24:17.252056 2026] [php:error] [pid 68029] [client 179.49.194.199:0] script '/domains/markrose/upload.php' not found or unable to stat
[Mon Jan 26 01:24:17.521877 2026] [php:error] [pid 68028] [client 179.49.194.199:0] script '/domains/markrose/shell.php' not found or unable to stat
[Mon Jan 26 01:25:15.450516 2026] [php:error] [pid 68029] [client 195.178.110.132:0] script '/domains/fifibear/wp-config.php' not found or unable to stat
[Mon Jan 26 01:25:15.535504 2026] [php:error] [pid 68029] [client 195.178.110.132:0] script '/domains/fifibear/wp-config.php.old' not found or unable to stat
[Mon Jan 26 01:25:15.619739 2026] [php:error] [pid 68029] [client 195.178.110.132:0] script '/domains/fifibear/config.php' not found or unable to stat
[Mon Jan 26 01:25:15.704385 2026] [php:error] [pid 68029] [client 195.178.110.132:0] script '/domains/fifibear/config.php.bak' not found or unable to stat
[Mon Jan 26 01:26:18.554038 2026] [php:error] [pid 68029] [client 141.98.11.44:0] script '/domains/highlandlabs/wp-login.php' not found or unable to stat, referer: https://www.google.com/
[Mon Jan 26 01:26:18.766543 2026] [php:error] [pid 68040] [client 141.98.11.44:0] script '/domains/highlandlabs/wp-login.php' not found or unable to stat
[Mon Jan 26 01:26:26.764309 2026] [php:error] [pid 68043] [client 103.160.26.234:0] script '/domains/fairlane1/xmlrpc.php' not found or unable to stat
[Mon Jan 26 01:27:41.969756 2026] [php:error] [pid 68049] [client 20.89.56.154:0] script '/domains/msintl/rrr.php' not found or unable to stat
[Mon Jan 26 01:27:42.145320 2026] [php:error] [pid 68049] [client 20.89.56.154:0] script '/domains/msintl/as.php' not found or unable to stat
[Mon Jan 26 01:27:42.307286 2026] [php:error] [pid 68049] [client 20.89.56.154:0] script '/domains/msintl/bless.php' not found or unable to stat
[Mon Jan 26 01:27:42.469206 2026] [php:error] [pid 68049] [client 20.89.56.154:0] script '/domains/msintl/style.php' not found or unable to stat
[Mon Jan 26 01:27:42.631303 2026] [php:error] [pid 68049] [client 20.89.56.154:0] script '/domains/msintl/cwclass.php' not found or unable to stat
[Mon Jan 26 01:27:42.792913 2026] [php:error] [pid 68049] [client 20.89.56.154:0] script '/domains/msintl/goods.php' not found or unable to stat
[Mon Jan 26 01:27:42.954827 2026] [php:error] [pid 68049] [client 20.89.56.154:0] script '/domains/msintl/0x.php' not found or unable to stat
[Mon Jan 26 01:27:43.278404 2026] [php:error] [pid 68049] [client 20.89.56.154:0] script '/domains/msintl/404.php' not found or unable to stat
[Mon Jan 26 01:27:43.440146 2026] [php:error] [pid 68049] [client 20.89.56.154:0] script '/domains/msintl/goomaogm.php' not found or unable to stat
[Mon Jan 26 01:27:43.601658 2026] [php:error] [pid 68049] [client 20.89.56.154:0] script '/domains/msintl/Dede.php' not found or unable to stat
[Mon Jan 26 01:27:43.764524 2026] [php:error] [pid 68049] [client 20.89.56.154:0] script '/domains/msintl/dichku.php' not found or unable to stat
[Mon Jan 26 01:27:43.925895 2026] [php:error] [pid 68049] [client 20.89.56.154:0] script '/domains/msintl/h2a2ck.php' not found or unable to stat
[Mon Jan 26 01:27:44.087535 2026] [php:error] [pid 68049] [client 20.89.56.154:0] script '/domains/msintl/yr.PHP' not found or unable to stat
[Mon Jan 26 01:27:44.249308 2026] [php:error] [pid 68049] [client 20.89.56.154:0] script '/domains/msintl/Mks3.PhP' not found or unable to stat
[Mon Jan 26 01:27:44.410786 2026] [php:error] [pid 68049] [client 20.89.56.154:0] script '/domains/msintl/222.php' not found or unable to stat
[Mon Jan 26 01:27:44.572682 2026] [php:error] [pid 68049] [client 20.89.56.154:0] script '/domains/msintl/ty226.php' not found or unable to stat
[Mon Jan 26 01:27:44.735773 2026] [php:error] [pid 68049] [client 20.89.56.154:0] script '/domains/msintl/webadmin.php' not found or unable to stat
[Mon Jan 26 01:27:44.898307 2026] [php:error] [pid 68049] [client 20.89.56.154:0] script '/domains/msintl/pn.php' not found or unable to stat
[Mon Jan 26 01:27:45.060202 2026] [php:error] [pid 68049] [client 20.89.56.154:0] script '/domains/msintl/classwithtostring.php' not found or unable to stat
[Mon Jan 26 01:27:45.221616 2026] [php:error] [pid 68049] [client 20.89.56.154:0] script '/domains/msintl/img.php' not found or unable to stat
[Mon Jan 26 01:27:45.383217 2026] [php:error] [pid 68049] [client 20.89.56.154:0] script '/domains/msintl/ioxi-o.php' not found or unable to stat
[Mon Jan 26 01:27:45.544842 2026] [php:error] [pid 68049] [client 20.89.56.154:0] script '/domains/msintl/hans.php' not found or unable to stat
[Mon Jan 26 01:27:45.868205 2026] [php:error] [pid 68049] [client 20.89.56.154:0] script '/domains/msintl/wp-ana.php' not found or unable to stat
[Mon Jan 26 01:27:46.029844 2026] [php:error] [pid 68049] [client 20.89.56.154:0] script '/domains/msintl/info.php' not found or unable to stat
[Mon Jan 26 01:27:46.192074 2026] [php:error] [pid 68049] [client 20.89.56.154:0] script '/domains/msintl/tx1.php' not found or unable to stat
[Mon Jan 26 01:27:46.353978 2026] [php:error] [pid 68049] [client 20.89.56.154:0] script '/domains/msintl/lv.php' not found or unable to stat
[Mon Jan 26 01:27:46.515848 2026] [php:error] [pid 68049] [client 20.89.56.154:0] script '/domains/msintl/ccou.php' not found or unable to stat
[Mon Jan 26 01:27:46.677436 2026] [php:error] [pid 68049] [client 20.89.56.154:0] script '/domains/msintl/wsd.php' not found or unable to stat
[Mon Jan 26 01:27:46.839823 2026] [php:error] [pid 68049] [client 20.89.56.154:0] script '/domains/msintl/yvxhx.php' not found or unable to stat
[Mon Jan 26 01:27:47.006138 2026] [php:error] [pid 68049] [client 20.89.56.154:0] script '/domains/msintl/wp-good.php' not found or unable to stat
[Mon Jan 26 01:27:47.167610 2026] [php:error] [pid 68049] [client 20.89.56.154:0] script '/domains/msintl/qing2.php' not found or unable to stat
[Mon Jan 26 01:27:47.329378 2026] [php:error] [pid 68049] [client 20.89.56.154:0] script '/domains/msintl/doo.php' not found or unable to stat
[Mon Jan 26 01:27:47.491457 2026] [php:error] [pid 68049] [client 20.89.56.154:0] script '/domains/msintl/moon.php' not found or unable to stat
[Mon Jan 26 01:27:47.658758 2026] [php:error] [pid 68049] [client 20.89.56.154:0] script '/domains/msintl/buy.php' not found or unable to stat
[Mon Jan 26 01:27:47.820456 2026] [php:error] [pid 68049] [client 20.89.56.154:0] script '/domains/msintl/9v6.php' not found or unable to stat
[Mon Jan 26 01:27:47.872282 2026] [php:error] [pid 68042] [client 4.190.195.218:0] script '/domains/fairlane1/wp-sing.php' not found or unable to stat
[Mon Jan 26 01:27:47.985045 2026] [php:error] [pid 68049] [client 20.89.56.154:0] script '/domains/msintl/dbc.php' not found or unable to stat
[Mon Jan 26 01:27:48.043316 2026] [php:error] [pid 68042] [client 4.190.195.218:0] script '/domains/fairlane1/adminfuns.php' not found or unable to stat
[Mon Jan 26 01:27:48.146788 2026] [php:error] [pid 68049] [client 20.89.56.154:0] script '/domains/msintl/log.php' not found or unable to stat
[Mon Jan 26 01:27:48.209966 2026] [php:error] [pid 68042] [client 4.190.195.218:0] script '/domains/fairlane1/wp-xml.php' not found or unable to stat
[Mon Jan 26 01:27:48.309178 2026] [php:error] [pid 68049] [client 20.89.56.154:0] script '/domains/msintl/1.php' not found or unable to stat
[Mon Jan 26 01:27:48.377654 2026] [php:error] [pid 68042] [client 4.190.195.218:0] script '/domains/fairlane1/wp-good.php' not found or unable to stat
[Mon Jan 26 01:27:48.470943 2026] [php:error] [pid 68049] [client 20.89.56.154:0] script '/domains/msintl/ws36.php' not found or unable to stat
[Mon Jan 26 01:27:48.543794 2026] [php:error] [pid 68042] [client 4.190.195.218:0] script '/domains/fairlane1/wp-links-opml.php' not found or unable to stat
[Mon Jan 26 01:27:48.632901 2026] [php:error] [pid 68049] [client 20.89.56.154:0] script '/domains/msintl/file.php' not found or unable to stat
[Mon Jan 26 01:27:48.722761 2026] [php:error] [pid 68042] [client 4.190.195.218:0] script '/domains/fairlane1/elp.php' not found or unable to stat
[Mon Jan 26 01:27:48.794514 2026] [php:error] [pid 68049] [client 20.89.56.154:0] script '/domains/msintl/rh.php' not found or unable to stat
[Mon Jan 26 01:27:48.889989 2026] [php:error] [pid 68042] [client 4.190.195.218:0] script '/domains/fairlane1/wpc.php' not found or unable to stat
[Mon Jan 26 01:27:48.955998 2026] [php:error] [pid 68049] [client 20.89.56.154:0] script '/domains/msintl/ova.php' not found or unable to stat
[Mon Jan 26 01:27:49.117680 2026] [php:error] [pid 68049] [client 20.89.56.154:0] script '/domains/msintl/siteheads.php' not found or unable to stat
[Mon Jan 26 01:27:49.279639 2026] [php:error] [pid 68049] [client 20.89.56.154:0] script '/domains/msintl/wp-links.php' not found or unable to stat
[Mon Jan 26 01:27:49.441518 2026] [php:error] [pid 68049] [client 20.89.56.154:0] script '/domains/msintl/zer.php' not found or unable to stat
[Mon Jan 26 01:27:49.603754 2026] [php:error] [pid 68049] [client 20.89.56.154:0] script '/domains/msintl/sid3.php' not found or unable to stat
[Mon Jan 26 01:27:49.765526 2026] [php:error] [pid 68049] [client 20.89.56.154:0] script '/domains/msintl/tinyfilemanager.php' not found or unable to stat
[Mon Jan 26 01:27:49.927137 2026] [php:error] [pid 68049] [client 20.89.56.154:0] script '/domains/msintl/galex.php' not found or unable to stat
[Mon Jan 26 01:27:50.088374 2026] [php:error] [pid 68049] [client 20.89.56.154:0] script '/domains/msintl/abcd.php' not found or unable to stat
[Mon Jan 26 01:27:50.250064 2026] [php:error] [pid 68049] [client 20.89.56.154:0] script '/domains/msintl/ant.php' not found or unable to stat
[Mon Jan 26 01:27:50.411569 2026] [php:error] [pid 68049] [client 20.89.56.154:0] script '/domains/msintl/O-Simple.php' not found or unable to stat
[Mon Jan 26 01:27:50.574571 2026] [php:error] [pid 68049] [client 20.89.56.154:0] script '/domains/msintl/0o0.php' not found or unable to stat
[Mon Jan 26 01:27:50.596754 2026] [php:error] [pid 68042] [client 4.190.195.218:0] script '/domains/fairlane1/goods.php' not found or unable to stat
[Mon Jan 26 01:27:50.736669 2026] [php:error] [pid 68049] [client 20.89.56.154:0] script '/domains/msintl/gtc.php' not found or unable to stat
[Mon Jan 26 01:27:50.898839 2026] [php:error] [pid 68049] [client 20.89.56.154:0] script '/domains/msintl/content.php' not found or unable to stat
[Mon Jan 26 01:27:50.939427 2026] [php:error] [pid 68042] [client 4.190.195.218:0] script '/domains/fairlane1/admin.php' not found or unable to stat
[Mon Jan 26 01:27:51.069235 2026] [php:error] [pid 68049] [client 20.89.56.154:0] script '/domains/msintl/support.php' not found or unable to stat
[Mon Jan 26 01:27:51.106450 2026] [php:error] [pid 68042] [client 4.190.195.218:0] script '/domains/fairlane1/ioxi-o.php' not found or unable to stat
[Mon Jan 26 01:27:51.239357 2026] [php:error] [pid 68049] [client 20.89.56.154:0] script '/domains/msintl/styles.php' not found or unable to stat
[Mon Jan 26 01:27:51.275187 2026] [php:error] [pid 68042] [client 4.190.195.218:0] script '/domains/fairlane1/about.php' not found or unable to stat
[Mon Jan 26 01:27:51.401079 2026] [php:error] [pid 68049] [client 20.89.56.154:0] script '/domains/msintl/403.php' not found or unable to stat
[Mon Jan 26 01:27:51.441804 2026] [php:error] [pid 68042] [client 4.190.195.218:0] script '/domains/fairlane1/file.php' not found or unable to stat
[Mon Jan 26 01:27:51.609223 2026] [php:error] [pid 68042] [client 4.190.195.218:0] script '/domains/fairlane1/bolt.php' not found or unable to stat
[Mon Jan 26 01:27:51.727265 2026] [php:error] [pid 68049] [client 20.89.56.154:0] script '/domains/msintl/class.api.php' not found or unable to stat
[Mon Jan 26 01:27:51.791627 2026] [php:error] [pid 68042] [client 4.190.195.218:0] script '/domains/fairlane1/term.php' not found or unable to stat
[Mon Jan 26 01:27:51.889028 2026] [php:error] [pid 68049] [client 20.89.56.154:0] script '/domains/msintl/az.php' not found or unable to stat
[Mon Jan 26 01:27:51.957584 2026] [php:error] [pid 68042] [client 4.190.195.218:0] script '/domains/fairlane1/0.php' not found or unable to stat
[Mon Jan 26 01:27:52.050906 2026] [php:error] [pid 68049] [client 20.89.56.154:0] script '/domains/msintl/155.php' not found or unable to stat
[Mon Jan 26 01:27:52.134744 2026] [php:error] [pid 68042] [client 4.190.195.218:0] script '/domains/fairlane1/07.php' not found or unable to stat
[Mon Jan 26 01:27:52.213072 2026] [php:error] [pid 68049] [client 20.89.56.154:0] script '/domains/msintl/oo.php' not found or unable to stat
[Mon Jan 26 01:27:52.301012 2026] [php:error] [pid 68042] [client 4.190.195.218:0] script '/domains/fairlane1/1.php' not found or unable to stat
[Mon Jan 26 01:27:52.375170 2026] [php:error] [pid 68049] [client 20.89.56.154:0] script '/domains/msintl/vx.php' not found or unable to stat
[Mon Jan 26 01:27:52.467333 2026] [php:error] [pid 68042] [client 4.190.195.218:0] script '/domains/fairlane1/123.php' not found or unable to stat
[Mon Jan 26 01:27:52.537043 2026] [php:error] [pid 68049] [client 20.89.56.154:0] script '/domains/msintl/geck.php' not found or unable to stat
[Mon Jan 26 01:27:52.635702 2026] [php:error] [pid 68042] [client 4.190.195.218:0] script '/domains/fairlane1/aa.php' not found or unable to stat
[Mon Jan 26 01:27:52.698993 2026] [php:error] [pid 68049] [client 20.89.56.154:0] script '/domains/msintl/to.php' not found or unable to stat
[Mon Jan 26 01:27:52.801865 2026] [php:error] [pid 68042] [client 4.190.195.218:0] script '/domains/fairlane1/abcd.php' not found or unable to stat
[Mon Jan 26 01:27:52.861470 2026] [php:error] [pid 68049] [client 20.89.56.154:0] script '/domains/msintl/horeg.php' not found or unable to stat
[Mon Jan 26 01:27:52.968048 2026] [php:error] [pid 68042] [client 4.190.195.218:0] script '/domains/fairlane1/about.php' not found or unable to stat
[Mon Jan 26 01:27:53.023373 2026] [php:error] [pid 68049] [client 20.89.56.154:0] script '/domains/msintl/wen.php' not found or unable to stat
[Mon Jan 26 01:27:53.145975 2026] [php:error] [pid 68042] [client 4.190.195.218:0] script '/domains/fairlane1/admin.php' not found or unable to stat
[Mon Jan 26 01:27:53.185802 2026] [php:error] [pid 68049] [client 20.89.56.154:0] script '/domains/msintl/menu.php' not found or unable to stat
[Mon Jan 26 01:27:53.312121 2026] [php:error] [pid 68042] [client 4.190.195.218:0] script '/domains/fairlane1/adminfuns.php' not found or unable to stat
[Mon Jan 26 01:27:53.347130 2026] [php:error] [pid 68049] [client 20.89.56.154:0] script '/domains/msintl/sfudq.php' not found or unable to stat
[Mon Jan 26 01:27:53.478824 2026] [php:error] [pid 68042] [client 4.190.195.218:0] script '/domains/fairlane1/akc.php' not found or unable to stat
[Mon Jan 26 01:27:53.508703 2026] [php:error] [pid 68049] [client 20.89.56.154:0] script '/domains/msintl/file2.php' not found or unable to stat
[Mon Jan 26 01:27:53.650432 2026] [php:error] [pid 68042] [client 4.190.195.218:0] script '/domains/fairlane1/akcc.php' not found or unable to stat
[Mon Jan 26 01:27:53.670054 2026] [php:error] [pid 68049] [client 20.89.56.154:0] script '/domains/msintl/wp-22.php' not found or unable to stat
[Mon Jan 26 01:27:53.816356 2026] [php:error] [pid 68042] [client 4.190.195.218:0] script '/domains/fairlane1/asasx.php' not found or unable to stat
[Mon Jan 26 01:27:53.831324 2026] [php:error] [pid 68049] [client 20.89.56.154:0] script '/domains/msintl/asx.php' not found or unable to stat
[Mon Jan 26 01:27:53.982776 2026] [php:error] [pid 68042] [client 4.190.195.218:0] script '/domains/fairlane1/asd.php' not found or unable to stat
[Mon Jan 26 01:27:53.992817 2026] [php:error] [pid 68049] [client 20.89.56.154:0] script '/domains/msintl/xa.php' not found or unable to stat
[Mon Jan 26 01:27:54.154307 2026] [php:error] [pid 68049] [client 20.89.56.154:0] script '/domains/msintl/dox.php' not found or unable to stat
[Mon Jan 26 01:27:54.158188 2026] [php:error] [pid 68042] [client 4.190.195.218:0] script '/domains/fairlane1/atomlib.php' not found or unable to stat
[Mon Jan 26 01:27:54.316236 2026] [php:error] [pid 68049] [client 20.89.56.154:0] script '/domains/msintl/size.php' not found or unable to stat
[Mon Jan 26 01:27:54.325598 2026] [php:error] [pid 68042] [client 4.190.195.218:0] script '/domains/fairlane1/autoload_classmap.php' not found or unable to stat
[Mon Jan 26 01:27:54.480411 2026] [php:error] [pid 68049] [client 20.89.56.154:0] script '/domains/msintl/ng.php' not found or unable to stat
[Mon Jan 26 01:27:54.491603 2026] [php:error] [pid 68042] [client 4.190.195.218:0] script '/domains/fairlane1/axx.php' not found or unable to stat
[Mon Jan 26 01:27:54.642702 2026] [php:error] [pid 68049] [client 20.89.56.154:0] script '/domains/msintl/a2.php' not found or unable to stat
[Mon Jan 26 01:27:54.667973 2026] [php:error] [pid 68042] [client 4.190.195.218:0] script '/domains/fairlane1/build.php' not found or unable to stat
[Mon Jan 26 01:27:54.805869 2026] [php:error] [pid 68049] [client 20.89.56.154:0] script '/domains/msintl/page.php' not found or unable to stat
[Mon Jan 26 01:27:54.834487 2026] [php:error] [pid 68042] [client 4.190.195.218:0] script '/domains/fairlane1/buy.php' not found or unable to stat
[Mon Jan 26 01:27:54.967565 2026] [php:error] [pid 68049] [client 20.89.56.154:0] script '/domains/msintl/z60.php' not found or unable to stat
[Mon Jan 26 01:27:55.007847 2026] [php:error] [pid 68042] [client 4.190.195.218:0] script '/domains/fairlane1/checkbox.php' not found or unable to stat
[Mon Jan 26 01:27:55.129163 2026] [php:error] [pid 68049] [client 20.89.56.154:0] script '/domains/msintl/sf.php' not found or unable to stat
[Mon Jan 26 01:27:55.176530 2026] [php:error] [pid 68042] [client 4.190.195.218:0] script '/domains/fairlane1/chosen.php' not found or unable to stat
[Mon Jan 26 01:27:55.290792 2026] [php:error] [pid 68049] [client 20.89.56.154:0] script '/domains/msintl/qual.php' not found or unable to stat
[Mon Jan 26 01:27:55.343768 2026] [php:error] [pid 68042] [client 4.190.195.218:0] script '/domains/fairlane1/classwithtostring.php' not found or unable to stat
[Mon Jan 26 01:27:55.459604 2026] [php:error] [pid 68049] [client 20.89.56.154:0] script '/domains/msintl/12.php' not found or unable to stat
[Mon Jan 26 01:27:55.514073 2026] [php:error] [pid 68042] [client 4.190.195.218:0] script '/domains/fairlane1/cong.php' not found or unable to stat
[Mon Jan 26 01:27:55.624065 2026] [php:error] [pid 68049] [client 20.89.56.154:0] script '/domains/msintl/s.php' not found or unable to stat
[Mon Jan 26 01:27:55.680814 2026] [php:error] [pid 68042] [client 4.190.195.218:0] script '/domains/fairlane1/css.php' not found or unable to stat
[Mon Jan 26 01:27:55.789400 2026] [php:error] [pid 68049] [client 20.89.56.154:0] script '/domains/msintl/cong.php' not found or unable to stat
[Mon Jan 26 01:27:55.848051 2026] [php:error] [pid 68042] [client 4.190.195.218:0] script '/domains/fairlane1/default.php' not found or unable to stat
[Mon Jan 26 01:27:55.951754 2026] [php:error] [pid 68049] [client 20.89.56.154:0] script '/domains/msintl/simple.php' not found or unable to stat
[Mon Jan 26 01:27:56.024228 2026] [php:error] [pid 68042] [client 4.190.195.218:0] script '/domains/fairlane1/dropdown.php' not found or unable to stat
[Mon Jan 26 01:27:56.114035 2026] [php:error] [pid 68049] [client 20.89.56.154:0] script '/domains/msintl/11.php' not found or unable to stat
[Mon Jan 26 01:27:56.190371 2026] [php:error] [pid 68042] [client 4.190.195.218:0] script '/domains/fairlane1/ds.php' not found or unable to stat
[Mon Jan 26 01:27:56.357010 2026] [php:error] [pid 68042] [client 4.190.195.218:0] script '/domains/fairlane1/edit.php' not found or unable to stat
[Mon Jan 26 01:27:56.526385 2026] [php:error] [pid 68042] [client 4.190.195.218:0] script '/domains/fairlane1/f5.php' not found or unable to stat
[Mon Jan 26 01:27:56.599293 2026] [php:error] [pid 68049] [client 20.89.56.154:0] script '/domains/msintl/upl.php' not found or unable to stat
[Mon Jan 26 01:27:56.693570 2026] [php:error] [pid 68042] [client 4.190.195.218:0] script '/domains/fairlane1/file.php' not found or unable to stat
[Mon Jan 26 01:27:56.760866 2026] [php:error] [pid 68049] [client 20.89.56.154:0] script '/domains/msintl/past.php' not found or unable to stat
[Mon Jan 26 01:27:56.860003 2026] [php:error] [pid 68042] [client 4.190.195.218:0] script '/domains/fairlane1/file2.php' not found or unable to stat
[Mon Jan 26 01:27:56.923556 2026] [php:error] [pid 68049] [client 20.89.56.154:0] script '/domains/msintl/revision.php' not found or unable to stat
[Mon Jan 26 01:27:57.035528 2026] [php:error] [pid 68042] [client 4.190.195.218:0] script '/domains/fairlane1/file4.php' not found or unable to stat
[Mon Jan 26 01:27:57.201464 2026] [php:error] [pid 68042] [client 4.190.195.218:0] script '/domains/fairlane1/flower.php' not found or unable to stat
[Mon Jan 26 01:27:57.247820 2026] [php:error] [pid 68049] [client 20.89.56.154:0] script '/domains/msintl/test1.php' not found or unable to stat
[Mon Jan 26 01:27:57.367778 2026] [php:error] [pid 68042] [client 4.190.195.218:0] script '/domains/fairlane1/form.php' not found or unable to stat
[Mon Jan 26 01:27:57.409754 2026] [php:error] [pid 68049] [client 20.89.56.154:0] script '/domains/msintl/massby2.php' not found or unable to stat
[Mon Jan 26 01:27:57.536781 2026] [php:error] [pid 68042] [client 4.190.195.218:0] script '/domains/fairlane1/gecko-new.php' not found or unable to stat
[Mon Jan 26 01:27:57.571552 2026] [php:error] [pid 68049] [client 20.89.56.154:0] script '/domains/msintl/doc.php' not found or unable to stat
[Mon Jan 26 01:27:57.703420 2026] [php:error] [pid 68042] [client 4.190.195.218:0] script '/domains/fairlane1/god4m.php' not found or unable to stat
[Mon Jan 26 01:27:57.733432 2026] [php:error] [pid 68049] [client 20.89.56.154:0] script '/domains/msintl/abc.php' not found or unable to stat
[Mon Jan 26 01:27:57.870997 2026] [php:error] [pid 68042] [client 4.190.195.218:0] script '/domains/fairlane1/info.php' not found or unable to stat
[Mon Jan 26 01:27:57.895871 2026] [php:error] [pid 68049] [client 20.89.56.154:0] script '/domains/msintl/m.php' not found or unable to stat
[Mon Jan 26 01:27:58.048258 2026] [php:error] [pid 68042] [client 4.190.195.218:0] script '/domains/fairlane1/kyami.php' not found or unable to stat
[Mon Jan 26 01:27:58.214481 2026] [php:error] [pid 68042] [client 4.190.195.218:0] script '/domains/fairlane1/makeasmtp.php' not found or unable to stat
[Mon Jan 26 01:27:58.375553 2026] [php:error] [pid 68008] [client 20.89.56.154:0] script '/domains/msintl/error.php' not found or unable to stat
[Mon Jan 26 01:27:58.381362 2026] [php:error] [pid 68042] [client 4.190.195.218:0] script '/domains/fairlane1/mari.php' not found or unable to stat
[Mon Jan 26 01:27:58.537089 2026] [php:error] [pid 68008] [client 20.89.56.154:0] script '/domains/msintl/ma.php' not found or unable to stat
[Mon Jan 26 01:27:58.554982 2026] [php:error] [pid 68042] [client 4.190.195.218:0] script '/domains/fairlane1/moon.php' not found or unable to stat
[Mon Jan 26 01:27:58.695741 2026] [php:error] [pid 68008] [client 20.89.56.154:0] script '/domains/msintl/mh.php' not found or unable to stat
[Mon Jan 26 01:27:58.722313 2026] [php:error] [pid 68042] [client 4.190.195.218:0] script '/domains/fairlane1/nc4.php' not found or unable to stat
[Mon Jan 26 01:27:58.853746 2026] [php:error] [pid 68008] [client 20.89.56.154:0] script '/domains/msintl/dropdown.php' not found or unable to stat
[Mon Jan 26 01:27:58.905452 2026] [php:error] [pid 68042] [client 4.190.195.218:0] script '/domains/fairlane1/new.php' not found or unable to stat
[Mon Jan 26 01:27:59.011542 2026] [php:error] [pid 68008] [client 20.89.56.154:0] script '/domains/msintl/wp-configs.php' not found or unable to stat
[Mon Jan 26 01:27:59.071780 2026] [php:error] [pid 68042] [client 4.190.195.218:0] script '/domains/fairlane1/test1.php' not found or unable to stat
[Mon Jan 26 01:27:59.169320 2026] [php:error] [pid 68008] [client 20.89.56.154:0] script '/domains/msintl/item.php' not found or unable to stat
[Mon Jan 26 01:27:59.245015 2026] [php:error] [pid 68042] [client 4.190.195.218:0] script '/domains/fairlane1/wp-activate.php' not found or unable to stat
[Mon Jan 26 01:27:59.328368 2026] [php:error] [pid 68008] [client 20.89.56.154:0] script '/domains/msintl/ws46.php' not found or unable to stat
[Mon Jan 26 01:27:59.413387 2026] [php:error] [pid 68042] [client 4.190.195.218:0] script '/domains/fairlane1/wp-admin.php' not found or unable to stat
[Mon Jan 26 01:27:59.487988 2026] [php:error] [pid 68008] [client 20.89.56.154:0] script '/domains/msintl/mini.php' not found or unable to stat
[Mon Jan 26 01:27:59.579772 2026] [php:error] [pid 68042] [client 4.190.195.218:0] script '/domains/fairlane1/wp-good.php' not found or unable to stat
[Mon Jan 26 01:27:59.646091 2026] [php:error] [pid 68008] [client 20.89.56.154:0] script '/domains/msintl/gecko.php' not found or unable to stat
[Mon Jan 26 01:27:59.756499 2026] [php:error] [pid 68042] [client 4.190.195.218:0] script '/domains/fairlane1/wp-trackback.php' not found or unable to stat
[Mon Jan 26 01:27:59.804127 2026] [php:error] [pid 68008] [client 20.89.56.154:0] script '/domains/msintl/x.php' not found or unable to stat
[Mon Jan 26 01:27:59.922917 2026] [php:error] [pid 68042] [client 4.190.195.218:0] script '/domains/fairlane1/xmlrpc.php' not found or unable to stat
[Mon Jan 26 01:27:59.964898 2026] [php:error] [pid 68008] [client 20.89.56.154:0] script '/domains/msintl/lala.php' not found or unable to stat
[Mon Jan 26 01:28:00.107320 2026] [php:error] [pid 68042] [client 4.190.195.218:0] script '/domains/fairlane1/xmrlpc.php' not found or unable to stat
[Mon Jan 26 01:28:34.249413 2026] [php:error] [pid 68031] [client 197.193.5.222:0] script '/domains/familyplayhouse2/xmlrpc.php' not found or unable to stat
[Mon Jan 26 01:28:55.103818 2026] [php:error] [pid 68060] [client 116.58.75.150:0] script '/domains/familyplayhouse2/xmlrpc.php' not found or unable to stat
[Mon Jan 26 01:30:20.814829 2026] [php:error] [pid 68082] [client 4.217.180.34:0] script '/domains/tmandel/ol.php' not found or unable to stat
[Mon Jan 26 01:30:20.993716 2026] [php:error] [pid 68082] [client 4.217.180.34:0] script '/domains/tmandel/sikma.php' not found or unable to stat
[Mon Jan 26 01:30:21.172289 2026] [php:error] [pid 68082] [client 4.217.180.34:0] script '/domains/tmandel/rh1.php' not found or unable to stat
[Mon Jan 26 01:30:21.350539 2026] [php:error] [pid 68082] [client 4.217.180.34:0] script '/domains/tmandel/sid3.php' not found or unable to stat
[Mon Jan 26 01:30:21.531864 2026] [php:error] [pid 68082] [client 4.217.180.34:0] script '/domains/tmandel/okxh.php' not found or unable to stat
[Mon Jan 26 01:30:21.713967 2026] [php:error] [pid 68082] [client 4.217.180.34:0] script '/domains/tmandel/krypton.php' not found or unable to stat
[Mon Jan 26 01:30:21.907431 2026] [php:error] [pid 68082] [client 4.217.180.34:0] script '/domains/tmandel/zoo.php' not found or unable to stat
[Mon Jan 26 01:30:22.265067 2026] [php:error] [pid 68082] [client 4.217.180.34:0] script '/domains/tmandel/maul.php' not found or unable to stat
[Mon Jan 26 01:30:23.104971 2026] [php:error] [pid 68082] [client 4.217.180.34:0] script '/domains/tmandel/download.php' not found or unable to stat
[Mon Jan 26 01:30:23.285593 2026] [php:error] [pid 68082] [client 4.217.180.34:0] script '/domains/tmandel/varb.php' not found or unable to stat
[Mon Jan 26 01:30:23.642786 2026] [php:error] [pid 68082] [client 4.217.180.34:0] script '/domains/tmandel/tt.php' not found or unable to stat
[Mon Jan 26 01:30:23.821260 2026] [php:error] [pid 68082] [client 4.217.180.34:0] script '/domains/tmandel/a5e0a.php' not found or unable to stat
[Mon Jan 26 01:30:24.000522 2026] [php:error] [pid 68082] [client 4.217.180.34:0] script '/domains/tmandel/abc.php' not found or unable to stat
[Mon Jan 26 01:30:24.178948 2026] [php:error] [pid 68082] [client 4.217.180.34:0] script '/domains/tmandel/55b76.php' not found or unable to stat
[Mon Jan 26 01:30:24.357445 2026] [php:error] [pid 68082] [client 4.217.180.34:0] script '/domains/tmandel/rzki.php' not found or unable to stat
[Mon Jan 26 01:30:24.540616 2026] [php:error] [pid 68082] [client 4.217.180.34:0] script '/domains/tmandel/acxx.php' not found or unable to stat
[Mon Jan 26 01:30:24.719194 2026] [php:error] [pid 68082] [client 4.217.180.34:0] script '/domains/tmandel/d12.php' not found or unable to stat
[Mon Jan 26 01:30:24.897668 2026] [php:error] [pid 68082] [client 4.217.180.34:0] script '/domains/tmandel/s.php' not found or unable to stat
[Mon Jan 26 01:30:25.076372 2026] [php:error] [pid 68082] [client 4.217.180.34:0] script '/domains/tmandel/error_log.php' not found or unable to stat
[Mon Jan 26 01:30:25.601840 2026] [php:error] [pid 68082] [client 4.217.180.34:0] script '/domains/tmandel/dox.php' not found or unable to stat
[Mon Jan 26 01:30:25.846258 2026] [php:error] [pid 68082] [client 4.217.180.34:0] script '/domains/tmandel/ahax.php' not found or unable to stat
[Mon Jan 26 01:30:26.024901 2026] [php:error] [pid 68082] [client 4.217.180.34:0] script '/domains/tmandel/lock360.php' not found or unable to stat
[Mon Jan 26 01:30:26.203424 2026] [php:error] [pid 68082] [client 4.217.180.34:0] script '/domains/tmandel/6kUgr4yGzxN.php' not found or unable to stat
[Mon Jan 26 01:30:26.388487 2026] [php:error] [pid 68082] [client 4.217.180.34:0] script '/domains/tmandel/wp.php' not found or unable to stat
[Mon Jan 26 01:30:26.567007 2026] [php:error] [pid 68082] [client 4.217.180.34:0] script '/domains/tmandel/test1.php' not found or unable to stat
[Mon Jan 26 01:30:26.749651 2026] [php:error] [pid 68082] [client 4.217.180.34:0] script '/domains/tmandel/clss.php' not found or unable to stat
[Mon Jan 26 01:30:26.928019 2026] [php:error] [pid 68082] [client 4.217.180.34:0] script '/domains/tmandel/44.php' not found or unable to stat
[Mon Jan 26 01:30:27.106518 2026] [php:error] [pid 68082] [client 4.217.180.34:0] script '/domains/tmandel/ii5file.php' not found or unable to stat
[Mon Jan 26 01:30:27.285374 2026] [php:error] [pid 68082] [client 4.217.180.34:0] script '/domains/tmandel/ss.php' not found or unable to stat
[Mon Jan 26 01:30:27.503939 2026] [php:error] [pid 68082] [client 4.217.180.34:0] script '/domains/tmandel/re.php' not found or unable to stat
[Mon Jan 26 01:30:27.688590 2026] [php:error] [pid 68082] [client 4.217.180.34:0] script '/domains/tmandel/xsas.php' not found or unable to stat
[Mon Jan 26 01:30:27.866986 2026] [php:error] [pid 68082] [client 4.217.180.34:0] script '/domains/tmandel/asus.php' not found or unable to stat
[Mon Jan 26 01:30:28.045534 2026] [php:error] [pid 68082] [client 4.217.180.34:0] script '/domains/tmandel/wp-good.php' not found or unable to stat
[Mon Jan 26 01:30:28.224214 2026] [php:error] [pid 68082] [client 4.217.180.34:0] script '/domains/tmandel/0x.php' not found or unable to stat
[Mon Jan 26 01:30:28.402622 2026] [php:error] [pid 68082] [client 4.217.180.34:0] script '/domains/tmandel/domains.php' not found or unable to stat
[Mon Jan 26 01:30:28.580836 2026] [php:error] [pid 68082] [client 4.217.180.34:0] script '/domains/tmandel/wp-goods.php' not found or unable to stat
[Mon Jan 26 01:30:28.758962 2026] [php:error] [pid 68082] [client 4.217.180.34:0] script '/domains/tmandel/144.php' not found or unable to stat
[Mon Jan 26 01:30:28.970302 2026] [php:error] [pid 68082] [client 4.217.180.34:0] script '/domains/tmandel/akcc.php' not found or unable to stat
[Mon Jan 26 01:30:29.150576 2026] [php:error] [pid 68082] [client 4.217.180.34:0] script '/domains/tmandel/vanda.php' not found or unable to stat
[Mon Jan 26 01:30:29.330771 2026] [php:error] [pid 68082] [client 4.217.180.34:0] script '/domains/tmandel/lib.php' not found or unable to stat
[Mon Jan 26 01:30:29.509441 2026] [php:error] [pid 68082] [client 4.217.180.34:0] script '/domains/tmandel/zc-104.php' not found or unable to stat
[Mon Jan 26 01:30:29.688927 2026] [php:error] [pid 68082] [client 4.217.180.34:0] script '/domains/tmandel/zc-729.php' not found or unable to stat
[Mon Jan 26 01:30:29.946049 2026] [php:error] [pid 68082] [client 4.217.180.34:0] script '/domains/tmandel/bo.php' not found or unable to stat
[Mon Jan 26 01:30:30.124289 2026] [php:error] [pid 68082] [client 4.217.180.34:0] script '/domains/tmandel/x.php' not found or unable to stat
[Mon Jan 26 01:30:30.302924 2026] [php:error] [pid 68082] [client 4.217.180.34:0] script '/domains/tmandel/adminfuns.php' not found or unable to stat
[Mon Jan 26 01:30:30.481445 2026] [php:error] [pid 68082] [client 4.217.180.34:0] script '/domains/tmandel/56c53.php' not found or unable to stat
[Mon Jan 26 01:30:30.662595 2026] [php:error] [pid 68082] [client 4.217.180.34:0] script '/domains/tmandel/FII.php' not found or unable to stat
[Mon Jan 26 01:30:30.841229 2026] [php:error] [pid 68082] [client 4.217.180.34:0] script '/domains/tmandel/wp-ac.php' not found or unable to stat
[Mon Jan 26 01:30:31.025081 2026] [php:error] [pid 68082] [client 4.217.180.34:0] script '/domains/tmandel/atex1.php' not found or unable to stat
[Mon Jan 26 01:30:31.218785 2026] [php:error] [pid 68082] [client 4.217.180.34:0] script '/domains/tmandel/blox.php' not found or unable to stat
[Mon Jan 26 01:30:31.397249 2026] [php:error] [pid 68082] [client 4.217.180.34:0] script '/domains/tmandel/wp-64wscx6shd.php' not found or unable to stat
[Mon Jan 26 01:30:31.577673 2026] [php:error] [pid 68082] [client 4.217.180.34:0] script '/domains/tmandel/gecko.php' not found or unable to stat
[Mon Jan 26 01:30:31.756280 2026] [php:error] [pid 68082] [client 4.217.180.34:0] script '/domains/tmandel/sxx.php' not found or unable to stat
[Mon Jan 26 01:30:31.946472 2026] [php:error] [pid 68082] [client 4.217.180.34:0] script '/domains/tmandel/mode.php' not found or unable to stat
[Mon Jan 26 01:30:32.135651 2026] [php:error] [pid 68082] [client 4.217.180.34:0] script '/domains/tmandel/z60.php' not found or unable to stat
[Mon Jan 26 01:30:32.335156 2026] [php:error] [pid 68082] [client 4.217.180.34:0] script '/domains/tmandel/hehe.php' not found or unable to stat
[Mon Jan 26 01:30:32.516454 2026] [php:error] [pid 68082] [client 4.217.180.34:0] script '/domains/tmandel/asd.php' not found or unable to stat
[Mon Jan 26 01:30:32.699045 2026] [php:error] [pid 68082] [client 4.217.180.34:0] script '/domains/tmandel/5b9ac.php' not found or unable to stat
[Mon Jan 26 01:30:32.877946 2026] [php:error] [pid 68082] [client 4.217.180.34:0] script '/domains/tmandel/k.php' not found or unable to stat
[Mon Jan 26 01:30:33.068621 2026] [php:error] [pid 68082] [client 4.217.180.34:0] script '/domains/tmandel/edit.php' not found or unable to stat
[Mon Jan 26 01:30:33.397522 2026] [php:error] [pid 68082] [client 4.217.180.34:0] script '/domains/tmandel/t.php' not found or unable to stat
[Mon Jan 26 01:30:33.576102 2026] [php:error] [pid 68082] [client 4.217.180.34:0] script '/domains/tmandel/lm15.php' not found or unable to stat
[Mon Jan 26 01:30:33.754468 2026] [php:error] [pid 68082] [client 4.217.180.34:0] script '/domains/tmandel/6kDPjgFTmvS.php' not found or unable to stat
[Mon Jan 26 01:30:33.933061 2026] [php:error] [pid 68082] [client 4.217.180.34:0] script '/domains/tmandel/222.php' not found or unable to stat
[Mon Jan 26 01:30:34.147123 2026] [php:error] [pid 68082] [client 4.217.180.34:0] script '/domains/tmandel/admin836.php' not found or unable to stat
[Mon Jan 26 01:30:34.325804 2026] [php:error] [pid 68082] [client 4.217.180.34:0] script '/domains/tmandel/sx.php' not found or unable to stat
[Mon Jan 26 01:30:34.504123 2026] [php:error] [pid 68082] [client 4.217.180.34:0] script '/domains/tmandel/lufix.php' not found or unable to stat
[Mon Jan 26 01:30:56.086486 2026] [php:error] [pid 68082] [client 203.144.76.188:0] script '/domains/system_default/index.php' not found or unable to stat
[Mon Jan 26 01:32:41.357619 2026] [php:error] [pid 68104] [client 4.194.24.19:0] script '/domains/mschmid/wp-sing.php' not found or unable to stat
[Mon Jan 26 01:32:41.583655 2026] [php:error] [pid 68104] [client 4.194.24.19:0] script '/domains/mschmid/adminfuns.php' not found or unable to stat
[Mon Jan 26 01:32:41.828345 2026] [php:error] [pid 68104] [client 4.194.24.19:0] script '/domains/mschmid/wp-xml.php' not found or unable to stat
[Mon Jan 26 01:32:42.054229 2026] [php:error] [pid 68104] [client 4.194.24.19:0] script '/domains/mschmid/wp-good.php' not found or unable to stat
[Mon Jan 26 01:32:42.280422 2026] [php:error] [pid 68104] [client 4.194.24.19:0] script '/domains/mschmid/wp-links-opml.php' not found or unable to stat
[Mon Jan 26 01:32:42.520029 2026] [php:error] [pid 68104] [client 4.194.24.19:0] script '/domains/mschmid/elp.php' not found or unable to stat
[Mon Jan 26 01:32:42.746423 2026] [php:error] [pid 68104] [client 4.194.24.19:0] script '/domains/mschmid/wpc.php' not found or unable to stat
[Mon Jan 26 01:32:44.442270 2026] [php:error] [pid 68113] [client 161.97.175.65:0] script '/domains/wsmith.enteract/wp-login.php' not found or unable to stat, referer: https://etc.com/wp-login.php
[Mon Jan 26 01:32:44.628311 2026] [php:error] [pid 68113] [client 161.97.175.65:0] script '/domains/wsmith.enteract/wp-login.php' not found or unable to stat, referer: https://etc.com/wp-login.php
[Mon Jan 26 01:32:44.813814 2026] [php:error] [pid 68113] [client 161.97.175.65:0] script '/domains/wsmith.enteract/wp-login.php' not found or unable to stat, referer: https://etc.com/wp-login.php
