[Mon Jan 26 05:25:46.011440 2026] [php:error] [pid 16278] [client 37.140.254.55:0] script '/domains/peterbmiller/geju.php' not found or unable to stat
[Mon Jan 26 05:25:46.629358 2026] [php:error] [pid 16263] [client 34.139.42.3:0] script '/domains/ecernstelectric/xmlrpc.php' not found or unable to stat
[Mon Jan 26 05:25:48.197007 2026] [php:error] [pid 16278] [client 37.140.254.55:0] script '/domains/peterbmiller/wp-signup.php' not found or unable to stat
[Mon Jan 26 05:25:48.857773 2026] [php:error] [pid 16276] [client 37.140.254.7:0] script '/domains/peterbmiller/elp.php' not found or unable to stat
[Mon Jan 26 05:25:50.220566 2026] [php:error] [pid 16276] [client 37.140.254.7:0] script '/domains/peterbmiller/chosen-667.php' not found or unable to stat
[Mon Jan 26 05:25:50.785846 2026] [php:error] [pid 16276] [client 37.140.254.7:0] script '/domains/peterbmiller/network.php' not found or unable to stat
[Mon Jan 26 05:25:54.097169 2026] [php:error] [pid 16282] [client 37.140.254.37:0] script '/domains/peterbmiller/wp-mail.php' not found or unable to stat
[Mon Jan 26 05:25:54.751568 2026] [php:error] [pid 16282] [client 37.140.254.37:0] script '/domains/peterbmiller/yanz.php' not found or unable to stat
[Mon Jan 26 05:25:55.103247 2026] [php:error] [pid 16276] [client 40.69.27.251:0] script '/domains/nsmd2/aa2.php' not found or unable to stat
[Mon Jan 26 05:25:55.178205 2026] [php:error] [pid 16276] [client 40.69.27.251:0] script '/domains/nsmd2/l10n.php' not found or unable to stat
[Mon Jan 26 05:25:55.252782 2026] [php:error] [pid 16276] [client 40.69.27.251:0] script '/domains/nsmd2/reze.php' not found or unable to stat
[Mon Jan 26 05:25:55.327088 2026] [php:error] [pid 16276] [client 40.69.27.251:0] script '/domains/nsmd2/xx1xx.php' not found or unable to stat
[Mon Jan 26 05:25:55.401324 2026] [php:error] [pid 16276] [client 40.69.27.251:0] script '/domains/nsmd2/\xc2\xae5.php' not found or unable to stat
[Mon Jan 26 05:25:55.476389 2026] [php:error] [pid 16276] [client 40.69.27.251:0] script '/domains/nsmd2/ph33w.php' not found or unable to stat
[Mon Jan 26 05:25:55.567541 2026] [php:error] [pid 16276] [client 40.69.27.251:0] script '/domains/nsmd2/E4.php' not found or unable to stat
[Mon Jan 26 05:25:55.642160 2026] [php:error] [pid 16276] [client 40.69.27.251:0] script '/domains/nsmd2/styll.php' not found or unable to stat
[Mon Jan 26 05:25:55.716845 2026] [php:error] [pid 16276] [client 40.69.27.251:0] script '/domains/nsmd2/it.php' not found or unable to stat
[Mon Jan 26 05:25:55.791344 2026] [php:error] [pid 16276] [client 40.69.27.251:0] script '/domains/nsmd2/wwx.php' not found or unable to stat
[Mon Jan 26 05:25:55.888812 2026] [php:error] [pid 16276] [client 40.69.27.251:0] script '/domains/nsmd2/x7.php' not found or unable to stat
[Mon Jan 26 05:25:55.966421 2026] [php:error] [pid 16276] [client 40.69.27.251:0] script '/domains/nsmd2/409.php' not found or unable to stat
[Mon Jan 26 05:25:56.040945 2026] [php:error] [pid 16276] [client 40.69.27.251:0] script '/domains/nsmd2/cq.php' not found or unable to stat
[Mon Jan 26 05:25:56.123336 2026] [php:error] [pid 16276] [client 40.69.27.251:0] script '/domains/nsmd2/z9v.php' not found or unable to stat
[Mon Jan 26 05:25:56.199558 2026] [php:error] [pid 16276] [client 40.69.27.251:0] script '/domains/nsmd2/thebe.php' not found or unable to stat
[Mon Jan 26 05:25:56.274066 2026] [php:error] [pid 16276] [client 40.69.27.251:0] script '/domains/nsmd2/pom.php' not found or unable to stat
[Mon Jan 26 05:25:56.348923 2026] [php:error] [pid 16276] [client 40.69.27.251:0] script '/domains/nsmd2/1234.php' not found or unable to stat
[Mon Jan 26 05:25:56.423498 2026] [php:error] [pid 16276] [client 40.69.27.251:0] script '/domains/nsmd2/ccs.php' not found or unable to stat
[Mon Jan 26 05:25:56.579466 2026] [php:error] [pid 16276] [client 40.69.27.251:0] script '/domains/nsmd2/xvde.php' not found or unable to stat
[Mon Jan 26 05:25:56.734856 2026] [php:error] [pid 16276] [client 40.69.27.251:0] script '/domains/nsmd2/f355.php' not found or unable to stat
[Mon Jan 26 05:25:56.820973 2026] [php:error] [pid 16276] [client 40.69.27.251:0] script '/domains/nsmd2/bgymj.php' not found or unable to stat
[Mon Jan 26 05:25:56.917253 2026] [php:error] [pid 16276] [client 40.69.27.251:0] script '/domains/nsmd2/wp-mt.php' not found or unable to stat
[Mon Jan 26 05:25:56.991775 2026] [php:error] [pid 16276] [client 40.69.27.251:0] script '/domains/nsmd2/lala.php' not found or unable to stat
[Mon Jan 26 05:25:57.066556 2026] [php:error] [pid 16276] [client 40.69.27.251:0] script '/domains/nsmd2/3r.php' not found or unable to stat
[Mon Jan 26 05:25:57.141902 2026] [php:error] [pid 16276] [client 40.69.27.251:0] script '/domains/nsmd2/8xyz.php' not found or unable to stat
[Mon Jan 26 05:25:57.216553 2026] [php:error] [pid 16276] [client 40.69.27.251:0] script '/domains/nsmd2/la.php' not found or unable to stat
[Mon Jan 26 05:25:57.291081 2026] [php:error] [pid 16276] [client 40.69.27.251:0] script '/domains/nsmd2/ioxi.php' not found or unable to stat
[Mon Jan 26 05:25:57.365794 2026] [php:error] [pid 16276] [client 40.69.27.251:0] script '/domains/nsmd2/xpwer1.php' not found or unable to stat
[Mon Jan 26 05:25:57.452055 2026] [php:error] [pid 16276] [client 40.69.27.251:0] script '/domains/nsmd2/about.php' not found or unable to stat
[Mon Jan 26 05:25:57.602947 2026] [php:error] [pid 16276] [client 40.69.27.251:0] script '/domains/nsmd2/la.php' not found or unable to stat
[Mon Jan 26 05:25:57.753595 2026] [php:error] [pid 16276] [client 40.69.27.251:0] script '/domains/nsmd2/admin.php' not found or unable to stat
[Mon Jan 26 05:25:57.979288 2026] [php:error] [pid 16276] [client 40.69.27.251:0] script '/domains/nsmd2/info.php' not found or unable to stat
[Mon Jan 26 05:25:58.053427 2026] [php:error] [pid 16276] [client 40.69.27.251:0] script '/domains/nsmd2/about.php' not found or unable to stat
[Mon Jan 26 05:25:58.204022 2026] [php:error] [pid 16276] [client 40.69.27.251:0] script '/domains/nsmd2/ss1.php' not found or unable to stat
[Mon Jan 26 05:25:58.352777 2026] [php:error] [pid 16276] [client 40.69.27.251:0] script '/domains/nsmd2/goods.php' not found or unable to stat
[Mon Jan 26 05:25:58.472960 2026] [php:error] [pid 16276] [client 40.69.27.251:0] script '/domains/nsmd2/222.php' not found or unable to stat
[Mon Jan 26 05:25:58.560939 2026] [php:error] [pid 16276] [client 40.69.27.251:0] script '/domains/nsmd2/abcd.php' not found or unable to stat
[Mon Jan 26 05:25:58.709944 2026] [php:error] [pid 16276] [client 40.69.27.251:0] script '/domains/nsmd2/adminfuns.php' not found or unable to stat
[Mon Jan 26 05:25:58.784317 2026] [php:error] [pid 16276] [client 40.69.27.251:0] script '/domains/nsmd2/ioxi-o.php' not found or unable to stat
[Mon Jan 26 05:25:58.934402 2026] [php:error] [pid 16276] [client 40.69.27.251:0] script '/domains/nsmd2/goat.php' not found or unable to stat
[Mon Jan 26 05:25:59.083992 2026] [php:error] [pid 16276] [client 40.69.27.251:0] script '/domains/nsmd2/xx.php' not found or unable to stat
[Mon Jan 26 05:25:59.343350 2026] [php:error] [pid 16276] [client 40.69.27.251:0] script '/domains/nsmd2/f5.php' not found or unable to stat
[Mon Jan 26 05:25:59.419901 2026] [php:error] [pid 16276] [client 40.69.27.251:0] script '/domains/nsmd2/doc.php' not found or unable to stat
[Mon Jan 26 05:25:59.494300 2026] [php:error] [pid 16276] [client 40.69.27.251:0] script '/domains/nsmd2/xtride.php' not found or unable to stat
[Mon Jan 26 05:25:59.568612 2026] [php:error] [pid 16276] [client 40.69.27.251:0] script '/domains/nsmd2/flower.php' not found or unable to stat
[Mon Jan 26 05:25:59.643295 2026] [php:error] [pid 16276] [client 40.69.27.251:0] script '/domains/nsmd2/flower2.php' not found or unable to stat
[Mon Jan 26 05:25:59.744150 2026] [php:error] [pid 16276] [client 40.69.27.251:0] script '/domains/nsmd2/f6.php' not found or unable to stat
[Mon Jan 26 05:25:59.819682 2026] [php:error] [pid 16276] [client 40.69.27.251:0] script '/domains/nsmd2/edit.php' not found or unable to stat
[Mon Jan 26 05:25:59.894506 2026] [php:error] [pid 16276] [client 40.69.27.251:0] script '/domains/nsmd2/aa.php' not found or unable to stat
[Mon Jan 26 05:25:59.930258 2026] [php:error] [pid 16284] [client 37.140.254.14:0] script '/domains/peterbmiller/tiny.php' not found or unable to stat
[Mon Jan 26 05:25:59.968889 2026] [php:error] [pid 16276] [client 40.69.27.251:0] script '/domains/nsmd2/ext.php' not found or unable to stat
[Mon Jan 26 05:26:00.261706 2026] [php:error] [pid 16276] [client 40.69.27.251:0] script '/domains/nsmd2/av.php' not found or unable to stat
[Mon Jan 26 05:26:00.410508 2026] [php:error] [pid 16276] [client 40.69.27.251:0] script '/domains/nsmd2/wsd.php' not found or unable to stat
[Mon Jan 26 05:26:00.570146 2026] [php:error] [pid 16276] [client 40.69.27.251:0] script '/domains/nsmd2/classwithtostring.php' not found or unable to stat
[Mon Jan 26 05:26:00.718975 2026] [php:error] [pid 16276] [client 40.69.27.251:0] script '/domains/nsmd2/css.php' not found or unable to stat
[Mon Jan 26 05:26:00.793384 2026] [php:error] [pid 16276] [client 40.69.27.251:0] script '/domains/nsmd2/alfa.php' not found or unable to stat
[Mon Jan 26 05:26:00.825720 2026] [php:error] [pid 16284] [client 37.140.254.14:0] script '/domains/peterbmiller/edit.php' not found or unable to stat
[Mon Jan 26 05:26:00.900056 2026] [php:error] [pid 16276] [client 40.69.27.251:0] script '/domains/nsmd2/wen.php' not found or unable to stat
[Mon Jan 26 05:26:00.976276 2026] [php:error] [pid 16276] [client 40.69.27.251:0] script '/domains/nsmd2/x.php' not found or unable to stat
[Mon Jan 26 05:26:01.054924 2026] [php:error] [pid 16276] [client 40.69.27.251:0] script '/domains/nsmd2/xxxx.php' not found or unable to stat
[Mon Jan 26 05:26:01.129803 2026] [php:error] [pid 16276] [client 40.69.27.251:0] script '/domains/nsmd2/class.php' not found or unable to stat
[Mon Jan 26 05:26:01.279326 2026] [php:error] [pid 16276] [client 40.69.27.251:0] script '/domains/nsmd2/gec.php' not found or unable to stat
[Mon Jan 26 05:26:01.280657 2026] [php:error] [pid 16284] [client 37.140.254.14:0] script '/domains/peterbmiller/first.php' not found or unable to stat
[Mon Jan 26 05:26:01.353674 2026] [php:error] [pid 16276] [client 40.69.27.251:0] script '/domains/nsmd2/f35.php' not found or unable to stat
[Mon Jan 26 05:26:01.503035 2026] [php:error] [pid 16276] [client 40.69.27.251:0] script '/domains/nsmd2/pp.php' not found or unable to stat
[Mon Jan 26 05:26:01.732076 2026] [php:error] [pid 16276] [client 40.69.27.251:0] script '/domains/nsmd2/lock360.php' not found or unable to stat
[Mon Jan 26 05:26:01.871782 2026] [php:error] [pid 16276] [client 40.69.27.251:0] script '/domains/nsmd2/as.php' not found or unable to stat
[Mon Jan 26 05:26:01.946256 2026] [php:error] [pid 16276] [client 40.69.27.251:0] script '/domains/nsmd2/class-t.api.php' not found or unable to stat
[Mon Jan 26 05:26:02.020620 2026] [php:error] [pid 16276] [client 40.69.27.251:0] script '/domains/nsmd2/bipas.php' not found or unable to stat
[Mon Jan 26 05:26:02.095402 2026] [php:error] [pid 16276] [client 40.69.27.251:0] script '/domains/nsmd2/shoyo.php' not found or unable to stat
[Mon Jan 26 05:26:02.169680 2026] [php:error] [pid 16276] [client 40.69.27.251:0] script '/domains/nsmd2/admin.php' not found or unable to stat
[Mon Jan 26 05:26:02.281436 2026] [php:error] [pid 16276] [client 40.69.27.251:0] script '/domains/nsmd2/ar.php' not found or unable to stat
[Mon Jan 26 05:26:02.370666 2026] [php:error] [pid 16276] [client 40.69.27.251:0] script '/domains/nsmd2/blurbs18.php' not found or unable to stat
[Mon Jan 26 05:26:02.446578 2026] [php:error] [pid 16276] [client 40.69.27.251:0] script '/domains/nsmd2/radio.php' not found or unable to stat
[Mon Jan 26 05:26:02.526508 2026] [php:error] [pid 16276] [client 40.69.27.251:0] script '/domains/nsmd2/wp-good.php' not found or unable to stat
[Mon Jan 26 05:26:02.602407 2026] [php:error] [pid 16276] [client 40.69.27.251:0] script '/domains/nsmd2/bless14.php' not found or unable to stat
[Mon Jan 26 05:26:02.677207 2026] [php:error] [pid 16276] [client 40.69.27.251:0] script '/domains/nsmd2/ol.php' not found or unable to stat
[Mon Jan 26 05:26:03.323498 2026] [php:error] [pid 16263] [client 40.69.27.251:0] script '/domains/nsmd2/init.php' not found or unable to stat
[Mon Jan 26 05:26:03.471942 2026] [php:error] [pid 16263] [client 40.69.27.251:0] script '/domains/nsmd2/filesss.php' not found or unable to stat
[Mon Jan 26 05:26:03.567059 2026] [php:error] [pid 16263] [client 40.69.27.251:0] script '/domains/nsmd2/k.php' not found or unable to stat
[Mon Jan 26 05:26:03.641383 2026] [php:error] [pid 16263] [client 40.69.27.251:0] script '/domains/nsmd2/bless.php' not found or unable to stat
[Mon Jan 26 05:26:03.750698 2026] [php:error] [pid 16263] [client 40.69.27.251:0] script '/domains/nsmd2/X7x.php' not found or unable to stat
[Mon Jan 26 05:26:03.856194 2026] [php:error] [pid 16263] [client 40.69.27.251:0] script '/domains/nsmd2/class20.php' not found or unable to stat
[Mon Jan 26 05:26:03.930079 2026] [php:error] [pid 16263] [client 40.69.27.251:0] script '/domains/nsmd2/lock360.php' not found or unable to stat
[Mon Jan 26 05:26:04.081652 2026] [php:error] [pid 16263] [client 40.69.27.251:0] script '/domains/nsmd2/themes.php' not found or unable to stat
[Mon Jan 26 05:26:04.164016 2026] [php:error] [pid 16263] [client 40.69.27.251:0] script '/domains/nsmd2/gifclass4.php' not found or unable to stat
[Mon Jan 26 05:26:04.238507 2026] [php:error] [pid 16263] [client 40.69.27.251:0] script '/domains/nsmd2/wag.php' not found or unable to stat
[Mon Jan 26 05:26:04.315042 2026] [php:error] [pid 16263] [client 40.69.27.251:0] script '/domains/nsmd2/xvent.php' not found or unable to stat
[Mon Jan 26 05:26:04.392460 2026] [php:error] [pid 16263] [client 40.69.27.251:0] script '/domains/nsmd2/wp-aaa.php' not found or unable to stat
[Mon Jan 26 05:26:04.474251 2026] [php:error] [pid 16263] [client 40.69.27.251:0] script '/domains/nsmd2/jmfi2.php' not found or unable to stat
[Mon Jan 26 05:26:04.622047 2026] [php:error] [pid 16263] [client 40.69.27.251:0] script '/domains/nsmd2/class19.php' not found or unable to stat
[Mon Jan 26 05:26:04.696051 2026] [php:error] [pid 16263] [client 40.69.27.251:0] script '/domains/nsmd2/166.php' not found or unable to stat
[Mon Jan 26 05:26:04.788949 2026] [php:error] [pid 16263] [client 40.69.27.251:0] script '/domains/nsmd2/bypass.php' not found or unable to stat
[Mon Jan 26 05:26:04.863280 2026] [php:error] [pid 16263] [client 40.69.27.251:0] script '/domains/nsmd2/plss3.php' not found or unable to stat
[Mon Jan 26 05:26:04.938225 2026] [php:error] [pid 16263] [client 40.69.27.251:0] script '/domains/nsmd2/we.php' not found or unable to stat
[Mon Jan 26 05:26:05.019716 2026] [php:error] [pid 16263] [client 40.69.27.251:0] script '/domains/nsmd2/t.php' not found or unable to stat
[Mon Jan 26 05:26:05.095540 2026] [php:error] [pid 16263] [client 40.69.27.251:0] script '/domains/nsmd2/bp.php' not found or unable to stat
[Mon Jan 26 05:26:05.253467 2026] [php:error] [pid 16263] [client 40.69.27.251:0] script '/domains/nsmd2/geck.php' not found or unable to stat
[Mon Jan 26 05:26:05.373521 2026] [php:error] [pid 16263] [client 40.69.27.251:0] script '/domains/nsmd2/wpc.php' not found or unable to stat
[Mon Jan 26 05:26:05.456633 2026] [php:error] [pid 16263] [client 40.69.27.251:0] script '/domains/nsmd2/wp-update.php' not found or unable to stat
[Mon Jan 26 05:26:05.531090 2026] [php:error] [pid 16263] [client 40.69.27.251:0] script '/domains/nsmd2/a.php' not found or unable to stat
[Mon Jan 26 05:26:05.605276 2026] [php:error] [pid 16263] [client 40.69.27.251:0] script '/domains/nsmd2/admins.php' not found or unable to stat
[Mon Jan 26 05:26:05.679696 2026] [php:error] [pid 16263] [client 40.69.27.251:0] script '/domains/nsmd2/wp-configs.php' not found or unable to stat
[Mon Jan 26 05:26:05.754207 2026] [php:error] [pid 16263] [client 40.69.27.251:0] script '/domains/nsmd2/temp.php' not found or unable to stat
[Mon Jan 26 05:26:05.828290 2026] [php:error] [pid 16263] [client 40.69.27.251:0] script '/domains/nsmd2/wp.php' not found or unable to stat
[Mon Jan 26 05:26:05.904132 2026] [php:error] [pid 16263] [client 40.69.27.251:0] script '/domains/nsmd2/main.php' not found or unable to stat
[Mon Jan 26 05:26:05.978266 2026] [php:error] [pid 16263] [client 40.69.27.251:0] script '/domains/nsmd2/a1.php' not found or unable to stat
[Mon Jan 26 05:26:06.052472 2026] [php:error] [pid 16263] [client 40.69.27.251:0] script '/domains/nsmd2/class.1.php' not found or unable to stat
[Mon Jan 26 05:26:06.126921 2026] [php:error] [pid 16263] [client 40.69.27.251:0] script '/domains/nsmd2/lala.php' not found or unable to stat
[Mon Jan 26 05:26:06.201588 2026] [php:error] [pid 16263] [client 40.69.27.251:0] script '/domains/nsmd2/tox.php' not found or unable to stat
[Mon Jan 26 05:26:06.277818 2026] [php:error] [pid 16263] [client 40.69.27.251:0] script '/domains/nsmd2/gg.php' not found or unable to stat
[Mon Jan 26 05:26:06.370304 2026] [php:error] [pid 16263] [client 40.69.27.251:0] script '/domains/nsmd2/aaa.php' not found or unable to stat
[Mon Jan 26 05:26:06.447722 2026] [php:error] [pid 16263] [client 40.69.27.251:0] script '/domains/nsmd2/a2.php' not found or unable to stat
[Mon Jan 26 05:26:06.723063 2026] [php:error] [pid 16263] [client 40.69.27.251:0] script '/domains/nsmd2/ee.php' not found or unable to stat
[Mon Jan 26 05:26:06.760397 2026] [php:error] [pid 16284] [client 37.140.254.14:0] script '/domains/peterbmiller/bs1.php' not found or unable to stat
[Mon Jan 26 05:26:07.027573 2026] [php:error] [pid 16263] [client 40.69.27.251:0] script '/domains/nsmd2/to.php' not found or unable to stat
[Mon Jan 26 05:26:07.134936 2026] [php:error] [pid 16263] [client 40.69.27.251:0] script '/domains/nsmd2/class-admin.php' not found or unable to stat
[Mon Jan 26 05:26:07.211604 2026] [php:error] [pid 16263] [client 40.69.27.251:0] script '/domains/nsmd2/nyan.php' not found or unable to stat
[Mon Jan 26 05:26:10.382011 2026] [php:error] [pid 16284] [client 37.140.254.14:0] script '/domains/peterbmiller/cron.php' not found or unable to stat
[Mon Jan 26 05:26:10.940971 2026] [php:error] [pid 16284] [client 37.140.254.14:0] script '/domains/peterbmiller/db.php' not found or unable to stat
[Mon Jan 26 05:26:11.242873 2026] [php:error] [pid 16284] [client 37.140.254.14:0] script '/domains/peterbmiller/fm.php' not found or unable to stat
[Mon Jan 26 05:26:12.842389 2026] [php:error] [pid 16284] [client 37.140.254.14:0] script '/domains/peterbmiller/a.php' not found or unable to stat
[Mon Jan 26 05:26:15.067752 2026] [php:error] [pid 16284] [client 37.140.254.14:0] script '/domains/peterbmiller/chosen.php' not found or unable to stat
[Mon Jan 26 05:26:17.735275 2026] [php:error] [pid 16284] [client 37.140.254.14:0] script '/domains/peterbmiller/back.php' not found or unable to stat
[Mon Jan 26 05:26:19.865299 2026] [php:error] [pid 16284] [client 37.140.254.14:0] script '/domains/peterbmiller/new.php' not found or unable to stat
[Mon Jan 26 05:26:21.882427 2026] [php:error] [pid 16284] [client 37.140.254.14:0] script '/domains/peterbmiller/phpfm3.php' not found or unable to stat
[Mon Jan 26 05:26:23.780371 2026] [php:error] [pid 16284] [client 37.140.254.14:0] script '/domains/peterbmiller/post.php' not found or unable to stat
[Mon Jan 26 05:26:28.665087 2026] [php:error] [pid 16284] [client 37.140.254.14:0] script '/domains/peterbmiller/randkeyword.php' not found or unable to stat
[Mon Jan 26 05:26:30.478969 2026] [php:error] [pid 16284] [client 37.140.254.14:0] script '/domains/peterbmiller/xxx.php' not found or unable to stat
[Mon Jan 26 05:26:32.035667 2026] [php:error] [pid 16284] [client 37.140.254.14:0] script '/domains/peterbmiller/lv.php' not found or unable to stat
[Mon Jan 26 05:26:32.268921 2026] [php:error] [pid 16284] [client 37.140.254.14:0] script '/domains/peterbmiller/zip.php' not found or unable to stat
[Mon Jan 26 05:26:39.261364 2026] [php:error] [pid 16284] [client 37.140.254.14:0] script '/domains/peterbmiller/wp-cron.php' not found or unable to stat
[Mon Jan 26 05:26:40.344865 2026] [php:error] [pid 16284] [client 37.140.254.14:0] script '/domains/peterbmiller/jp.php' not found or unable to stat
[Mon Jan 26 05:26:40.581842 2026] [php:error] [pid 16284] [client 37.140.254.14:0] script '/domains/peterbmiller/rcc.php' not found or unable to stat
[Mon Jan 26 05:26:41.814619 2026] [php:error] [pid 16284] [client 37.140.254.14:0] script '/domains/peterbmiller/class.api.php' not found or unable to stat
[Mon Jan 26 05:26:42.056812 2026] [php:error] [pid 16284] [client 37.140.254.14:0] script '/domains/peterbmiller/layout.php' not found or unable to stat
[Mon Jan 26 05:26:42.872291 2026] [php:error] [pid 16284] [client 37.140.254.14:0] script '/domains/peterbmiller/history.php' not found or unable to stat
[Mon Jan 26 05:26:43.066467 2026] [php:error] [pid 16288] [client 45.130.202.6:0] script '/domains/system_default/simple.php' not found or unable to stat
[Mon Jan 26 05:26:43.343726 2026] [php:error] [pid 16288] [client 45.130.202.6:0] script '/domains/system_default/inputs.php' not found or unable to stat
[Mon Jan 26 05:26:43.621433 2026] [php:error] [pid 16288] [client 45.130.202.6:0] script '/domains/system_default/autoload_classmap.php' not found or unable to stat
[Mon Jan 26 05:26:43.960265 2026] [php:error] [pid 16288] [client 45.130.202.6:0] script '/domains/system_default/file2.php' not found or unable to stat
[Mon Jan 26 05:26:44.224563 2026] [php:error] [pid 16288] [client 45.130.202.6:0] script '/domains/system_default/file.php' not found or unable to stat
[Mon Jan 26 05:26:44.369033 2026] [php:error] [pid 16288] [client 45.130.202.6:0] script '/domains/system_default/chosen.php' not found or unable to stat
[Mon Jan 26 05:26:44.514886 2026] [php:error] [pid 16288] [client 45.130.202.6:0] script '/domains/system_default/item.php' not found or unable to stat
[Mon Jan 26 05:26:45.015673 2026] [php:error] [pid 16288] [client 45.130.202.6:0] script '/domains/system_default/zwso.php' not found or unable to stat
[Mon Jan 26 05:26:45.148869 2026] [php:error] [pid 16288] [client 45.130.202.6:0] script '/domains/system_default/wp-conflg.php' not found or unable to stat
[Mon Jan 26 05:26:45.818864 2026] [php:error] [pid 16284] [client 37.140.254.14:0] script '/domains/peterbmiller/images/about.php' not found or unable to stat
[Mon Jan 26 05:26:47.006375 2026] [php:error] [pid 16288] [client 45.130.202.6:0] script '/domains/system_default/cong.php' not found or unable to stat
[Mon Jan 26 05:26:47.410794 2026] [php:error] [pid 16288] [client 45.130.202.6:0] script '/domains/system_default/dropdown.php' not found or unable to stat
[Mon Jan 26 05:26:48.000236 2026] [php:error] [pid 16288] [client 45.130.202.6:0] script '/domains/system_default/repeater.php' not found or unable to stat
[Mon Jan 26 05:26:48.144102 2026] [php:error] [pid 16288] [client 45.130.202.6:0] script '/domains/system_default/wp-2019.php' not found or unable to stat
[Mon Jan 26 05:26:48.277861 2026] [php:error] [pid 16288] [client 45.130.202.6:0] script '/domains/system_default/atomlib.php' not found or unable to stat
[Mon Jan 26 05:26:48.403414 2026] [php:error] [pid 16288] [client 45.130.202.6:0] script '/domains/system_default/css.php' not found or unable to stat
[Mon Jan 26 05:26:48.694123 2026] [php:error] [pid 16288] [client 45.130.202.6:0] script '/domains/system_default/log.php' not found or unable to stat
[Mon Jan 26 05:26:48.882228 2026] [php:error] [pid 16288] [client 45.130.202.6:0] script '/domains/system_default/mail.php' not found or unable to stat
[Mon Jan 26 05:26:49.044272 2026] [php:error] [pid 16288] [client 45.130.202.6:0] script '/domains/system_default/lufix.php' not found or unable to stat
[Mon Jan 26 05:26:49.173859 2026] [php:error] [pid 16288] [client 45.130.202.6:0] script '/domains/system_default/doc.php' not found or unable to stat
[Mon Jan 26 05:26:49.324522 2026] [php:error] [pid 16288] [client 45.130.202.6:0] script '/domains/system_default/bak.php' not found or unable to stat
[Mon Jan 26 05:26:49.349398 2026] [php:error] [pid 16284] [client 37.140.254.14:0] script '/domains/peterbmiller/about.php' not found or unable to stat
[Mon Jan 26 05:26:49.487097 2026] [php:error] [pid 16288] [client 45.130.202.6:0] script '/domains/system_default/content.php' not found or unable to stat
[Mon Jan 26 05:26:49.991864 2026] [php:error] [pid 16284] [client 37.140.254.14:0] script '/domains/peterbmiller/cong.php' not found or unable to stat
[Mon Jan 26 05:26:49.992567 2026] [php:error] [pid 16288] [client 45.130.202.6:0] script '/domains/system_default/upfile.php' not found or unable to stat
[Mon Jan 26 05:26:50.415788 2026] [php:error] [pid 16288] [client 45.130.202.6:0] script '/domains/system_default/wp.php' not found or unable to stat
[Mon Jan 26 05:26:50.601901 2026] [php:error] [pid 16288] [client 45.130.202.6:0] script '/domains/system_default/bypass.php' not found or unable to stat
[Mon Jan 26 05:26:51.092066 2026] [php:error] [pid 16288] [client 45.130.202.6:0] script '/domains/system_default/wp-activate.php' not found or unable to stat
[Mon Jan 26 05:26:51.227400 2026] [php:error] [pid 16288] [client 45.130.202.6:0] script '/domains/system_default/updates.php' not found or unable to stat
[Mon Jan 26 05:26:51.652950 2026] [php:error] [pid 16288] [client 45.130.202.6:0] script '/domains/system_default/radio.php' not found or unable to stat
[Mon Jan 26 05:26:52.344310 2026] [php:error] [pid 16284] [client 37.140.254.14:0] script '/domains/peterbmiller/wp-links.php' not found or unable to stat
[Mon Jan 26 05:26:52.369089 2026] [php:error] [pid 16288] [client 45.130.202.6:0] script '/domains/system_default/plugins.php' not found or unable to stat
[Mon Jan 26 05:26:52.498415 2026] [php:error] [pid 16288] [client 45.130.202.6:0] script '/domains/system_default/xmrlpc.php' not found or unable to stat
[Mon Jan 26 05:26:52.632887 2026] [php:error] [pid 16288] [client 45.130.202.6:0] script '/domains/system_default/ae.php' not found or unable to stat
[Mon Jan 26 05:26:52.770552 2026] [php:error] [pid 16288] [client 45.130.202.6:0] script '/domains/system_default/moon.php' not found or unable to stat
[Mon Jan 26 05:26:52.918660 2026] [php:error] [pid 16288] [client 45.130.202.6:0] script '/domains/system_default/blog.php' not found or unable to stat
[Mon Jan 26 05:26:53.232869 2026] [php:error] [pid 16288] [client 45.130.202.6:0] script '/domains/system_default/themes.php' not found or unable to stat
[Mon Jan 26 05:26:53.363745 2026] [php:error] [pid 16288] [client 45.130.202.6:0] script '/domains/system_default/ini.php' not found or unable to stat
[Mon Jan 26 05:26:53.493635 2026] [php:error] [pid 16288] [client 45.130.202.6:0] script '/domains/system_default/as.php' not found or unable to stat
[Mon Jan 26 05:26:53.647036 2026] [php:error] [pid 16288] [client 45.130.202.6:0] script '/domains/system_default/shell.php' not found or unable to stat
[Mon Jan 26 05:26:53.785240 2026] [php:error] [pid 16288] [client 45.130.202.6:0] script '/domains/system_default/ws.php' not found or unable to stat
[Mon Jan 26 05:26:53.926712 2026] [php:error] [pid 16288] [client 45.130.202.6:0] script '/domains/system_default/makeasmtp.php' not found or unable to stat
[Mon Jan 26 05:26:54.062391 2026] [php:error] [pid 16288] [client 45.130.202.6:0] script '/domains/system_default/wp-sigunq.php' not found or unable to stat
[Mon Jan 26 05:26:54.247934 2026] [php:error] [pid 16288] [client 45.130.202.6:0] script '/domains/system_default/wso112233.php' not found or unable to stat
[Mon Jan 26 05:26:54.412018 2026] [php:error] [pid 16288] [client 45.130.202.6:0] script '/domains/system_default/wp-atom.php' not found or unable to stat
[Mon Jan 26 05:26:54.823667 2026] [php:error] [pid 16292] [client 37.140.254.33:0] script '/domains/peterbmiller/makeasmtp.php' not found or unable to stat
[Mon Jan 26 05:26:54.849348 2026] [php:error] [pid 16288] [client 45.130.202.6:0] script '/domains/system_default/alfanew.php' not found or unable to stat
[Mon Jan 26 05:26:54.986652 2026] [php:error] [pid 16288] [client 45.130.202.6:0] script '/domains/system_default/fw.php' not found or unable to stat
[Mon Jan 26 05:26:55.117859 2026] [php:error] [pid 16288] [client 45.130.202.6:0] script '/domains/system_default/install.php' not found or unable to stat
[Mon Jan 26 05:26:55.246755 2026] [php:error] [pid 16288] [client 45.130.202.6:0] script '/domains/system_default/wp-login.php' not found or unable to stat
[Mon Jan 26 05:26:55.516699 2026] [php:error] [pid 16288] [client 45.130.202.6:0] script '/domains/system_default/XxX.php' not found or unable to stat
[Mon Jan 26 05:26:55.806161 2026] [php:error] [pid 16288] [client 45.130.202.6:0] script '/domains/system_default/Marvins.php' not found or unable to stat
[Mon Jan 26 05:26:56.265390 2026] [php:error] [pid 16288] [client 45.130.202.6:0] script '/domains/system_default/olux.php' not found or unable to stat
[Mon Jan 26 05:26:56.401024 2026] [php:error] [pid 16288] [client 45.130.202.6:0] script '/domains/system_default/wso.php' not found or unable to stat
[Mon Jan 26 05:26:56.993023 2026] [php:error] [pid 16288] [client 45.130.202.6:0] script '/domains/system_default/uploader.php' not found or unable to stat
[Mon Jan 26 05:26:57.021857 2026] [php:error] [pid 16292] [client 37.140.254.33:0] script '/domains/peterbmiller/login.php' not found or unable to stat
[Mon Jan 26 05:26:57.427525 2026] [php:error] [pid 16288] [client 45.130.202.6:0] script '/domains/system_default/1337.php' not found or unable to stat
[Mon Jan 26 05:26:57.611197 2026] [php:error] [pid 16288] [client 45.130.202.6:0] script '/domains/system_default/user.php' not found or unable to stat
[Mon Jan 26 05:26:58.030472 2026] [php:error] [pid 16288] [client 45.130.202.6:0] script '/domains/system_default/wp-info.php' not found or unable to stat
[Mon Jan 26 05:26:58.167971 2026] [php:error] [pid 16288] [client 45.130.202.6:0] script '/domains/system_default/wxo.php' not found or unable to stat
[Mon Jan 26 05:26:58.633644 2026] [php:error] [pid 16288] [client 45.130.202.6:0] script '/domains/system_default/amigo.php' not found or unable to stat
[Mon Jan 26 05:26:58.776649 2026] [php:error] [pid 16288] [client 45.130.202.6:0] script '/domains/system_default/yoi.php' not found or unable to stat
[Mon Jan 26 05:26:59.160663 2026] [php:error] [pid 16288] [client 45.130.202.6:0] script '/domains/system_default/wp-contentt.php' not found or unable to stat
[Mon Jan 26 05:26:59.701659 2026] [php:error] [pid 16288] [client 45.130.202.6:0] script '/domains/system_default/we1y8.php' not found or unable to stat
[Mon Jan 26 05:27:00.385281 2026] [php:error] [pid 16288] [client 45.130.202.6:0] script '/domains/system_default/hehe.php' not found or unable to stat
[Mon Jan 26 05:27:00.525383 2026] [php:error] [pid 16288] [client 45.130.202.6:0] script '/domains/system_default/post-data.php' not found or unable to stat
[Mon Jan 26 05:27:00.791886 2026] [php:error] [pid 16288] [client 45.130.202.6:0] script '/domains/system_default/w0.php' not found or unable to stat
[Mon Jan 26 05:27:00.939789 2026] [php:error] [pid 16292] [client 37.140.254.33:0] script '/domains/peterbmiller/wander.php' not found or unable to stat
[Mon Jan 26 05:27:00.959735 2026] [php:error] [pid 16288] [client 45.130.202.6:0] script '/domains/system_default/old-index.php' not found or unable to stat
[Mon Jan 26 05:27:01.103173 2026] [php:error] [pid 16288] [client 45.130.202.6:0] script '/domains/system_default/wsanon.php' not found or unable to stat
[Mon Jan 26 05:27:01.861881 2026] [php:error] [pid 16288] [client 45.130.202.6:0] script '/domains/system_default/indo.php' not found or unable to stat
[Mon Jan 26 05:27:02.385332 2026] [php:error] [pid 16288] [client 45.130.202.6:0] script '/domains/system_default/beence.php' not found or unable to stat
[Mon Jan 26 05:27:02.521040 2026] [php:error] [pid 16288] [client 45.130.202.6:0] script '/domains/system_default/indosec.php' not found or unable to stat
[Mon Jan 26 05:27:02.739232 2026] [php:error] [pid 16288] [client 45.130.202.6:0] script '/domains/system_default/archives.php' not found or unable to stat
[Mon Jan 26 05:27:02.871849 2026] [php:error] [pid 16288] [client 45.130.202.6:0] script '/domains/system_default/po8sa.php' not found or unable to stat
[Mon Jan 26 05:27:03.008979 2026] [php:error] [pid 16288] [client 45.130.202.6:0] script '/domains/system_default/thesmartestx.php' not found or unable to stat
[Mon Jan 26 05:27:03.161116 2026] [php:error] [pid 16288] [client 45.130.202.6:0] script '/domains/system_default/zcanp.php' not found or unable to stat
[Mon Jan 26 05:27:03.585483 2026] [php:error] [pid 16294] [client 45.130.202.39:0] script '/domains/system_default/pvt.php' not found or unable to stat
[Mon Jan 26 05:27:03.718598 2026] [php:error] [pid 16294] [client 45.130.202.39:0] script '/domains/system_default/shell20211028.php' not found or unable to stat
[Mon Jan 26 05:27:04.213278 2026] [php:error] [pid 16294] [client 45.130.202.39:0] script '/domains/system_default/crypted.php' not found or unable to stat
[Mon Jan 26 05:27:04.387466 2026] [php:error] [pid 16294] [client 45.130.202.39:0] script '/domains/system_default/h0110w4y.php' not found or unable to stat
[Mon Jan 26 05:27:04.933246 2026] [php:error] [pid 16294] [client 45.130.202.39:0] script '/domains/system_default/vesiw.php' not found or unable to stat
[Mon Jan 26 05:27:05.060872 2026] [php:error] [pid 16294] [client 45.130.202.39:0] script '/domains/system_default/w.php' not found or unable to stat
[Mon Jan 26 05:27:05.196296 2026] [php:error] [pid 16294] [client 45.130.202.39:0] script '/domains/system_default/wp-db.php' not found or unable to stat
[Mon Jan 26 05:27:05.255667 2026] [php:error] [pid 16292] [client 37.140.254.33:0] script '/domains/peterbmiller/wp-config-sample.php' not found or unable to stat
[Mon Jan 26 05:27:05.889776 2026] [php:error] [pid 16294] [client 45.130.202.39:0] script '/domains/system_default/lx.php' not found or unable to stat
[Mon Jan 26 05:27:06.070462 2026] [php:error] [pid 16294] [client 45.130.202.39:0] script '/domains/system_default/tonant.php' not found or unable to stat
[Mon Jan 26 05:27:06.633286 2026] [php:error] [pid 16294] [client 45.130.202.39:0] script '/domains/system_default/f0x.php' not found or unable to stat
[Mon Jan 26 05:27:06.776403 2026] [php:error] [pid 16292] [client 37.140.254.33:0] script '/domains/peterbmiller/images/autoload_classmap.php' not found or unable to stat
[Mon Jan 26 05:27:07.043308 2026] [php:error] [pid 16294] [client 45.130.202.39:0] script '/domains/system_default/config.bak.php' not found or unable to stat
[Mon Jan 26 05:27:07.065436 2026] [php:error] [pid 16292] [client 37.140.254.33:0] script '/domains/peterbmiller/manager.php' not found or unable to stat
[Mon Jan 26 05:27:07.174941 2026] [php:error] [pid 16294] [client 45.130.202.39:0] script '/domains/system_default/bypass403.php' not found or unable to stat
[Mon Jan 26 05:27:07.307839 2026] [php:error] [pid 16294] [client 45.130.202.39:0] script '/domains/system_default/adminer.php' not found or unable to stat
[Mon Jan 26 05:27:07.436692 2026] [php:error] [pid 16294] [client 45.130.202.39:0] script '/domains/system_default/allahnaber.php' not found or unable to stat
[Mon Jan 26 05:27:07.644745 2026] [php:error] [pid 16294] [client 45.130.202.39:0] script '/domains/system_default/AK-74.php' not found or unable to stat
[Mon Jan 26 05:27:07.774916 2026] [php:error] [pid 16294] [client 45.130.202.39:0] script '/domains/system_default/alfa3.php' not found or unable to stat
[Mon Jan 26 05:27:07.902135 2026] [php:error] [pid 16294] [client 45.130.202.39:0] script '/domains/system_default/alfaindex.php' not found or unable to stat
[Mon Jan 26 05:27:08.037538 2026] [php:error] [pid 16294] [client 45.130.202.39:0] script '/domains/system_default/alfa.php' not found or unable to stat
[Mon Jan 26 05:27:08.100050 2026] [php:error] [pid 16292] [client 37.140.254.33:0] script '/domains/peterbmiller/users.php' not found or unable to stat
[Mon Jan 26 05:27:08.173772 2026] [php:error] [pid 16294] [client 45.130.202.39:0] script '/domains/system_default/c99.php' not found or unable to stat
[Mon Jan 26 05:27:08.333601 2026] [php:error] [pid 16294] [client 45.130.202.39:0] script '/domains/system_default/cmd.php' not found or unable to stat
[Mon Jan 26 05:27:08.547066 2026] [php:error] [pid 16294] [client 45.130.202.39:0] script '/domains/system_default/cw.php' not found or unable to stat
[Mon Jan 26 05:27:09.079636 2026] [php:error] [pid 16294] [client 45.130.202.39:0] script '/domains/system_default/date.php' not found or unable to stat
[Mon Jan 26 05:27:09.251444 2026] [php:error] [pid 16294] [client 45.130.202.39:0] script '/domains/system_default/haxor.php' not found or unable to stat
[Mon Jan 26 05:27:09.395552 2026] [php:error] [pid 16294] [client 45.130.202.39:0] script '/domains/system_default/icomsium.php' not found or unable to stat
[Mon Jan 26 05:27:09.532091 2026] [php:error] [pid 16294] [client 45.130.202.39:0] script '/domains/system_default/ico.php' not found or unable to stat
[Mon Jan 26 05:27:09.668478 2026] [php:error] [pid 16294] [client 45.130.202.39:0] script '/domains/system_default/leaf.php' not found or unable to stat
[Mon Jan 26 05:27:09.760801 2026] [php:error] [pid 16292] [client 37.140.254.33:0] script '/domains/peterbmiller/sim.php' not found or unable to stat
[Mon Jan 26 05:27:09.811269 2026] [php:error] [pid 16294] [client 45.130.202.39:0] script '/domains/system_default/marijuana.php' not found or unable to stat
[Mon Jan 26 05:27:09.931328 2026] [php:error] [pid 16294] [client 45.130.202.39:0] script '/domains/system_default/mass.php' not found or unable to stat
[Mon Jan 26 05:27:10.059456 2026] [php:error] [pid 16294] [client 45.130.202.39:0] script '/domains/system_default/mini.php' not found or unable to stat
[Mon Jan 26 05:27:10.190978 2026] [php:error] [pid 16294] [client 45.130.202.39:0] script '/domains/system_default/priv8.php' not found or unable to stat
[Mon Jan 26 05:27:10.325470 2026] [php:error] [pid 16294] [client 45.130.202.39:0] script '/domains/system_default/pws.php' not found or unable to stat
[Mon Jan 26 05:27:10.458671 2026] [php:error] [pid 16294] [client 45.130.202.39:0] script '/domains/system_default/r57.php' not found or unable to stat
[Mon Jan 26 05:27:10.953026 2026] [php:error] [pid 16294] [client 45.130.202.39:0] script '/domains/system_default/robots.php' not found or unable to stat
[Mon Jan 26 05:27:11.079867 2026] [php:error] [pid 16292] [client 37.140.254.33:0] script '/domains/peterbmiller/function.php' not found or unable to stat
[Mon Jan 26 05:27:11.222896 2026] [php:error] [pid 16294] [client 45.130.202.39:0] script '/domains/system_default/snd.php' not found or unable to stat
[Mon Jan 26 05:27:11.365253 2026] [php:error] [pid 16294] [client 45.130.202.39:0] script '/domains/system_default/wp-class.php' not found or unable to stat
[Mon Jan 26 05:27:12.340980 2026] [php:error] [pid 16294] [client 45.130.202.39:0] script '/domains/system_default/new-index.php' not found or unable to stat
[Mon Jan 26 05:27:16.630519 2026] [php:error] [pid 16294] [client 45.130.202.39:0] script '/domains/system_default/class-wp-widget-archives.php' not found or unable to stat
[Mon Jan 26 05:27:18.990361 2026] [php:error] [pid 16294] [client 45.130.202.39:0] script '/domains/system_default/xleet-shell.php' not found or unable to stat
[Mon Jan 26 05:27:19.131761 2026] [php:error] [pid 16294] [client 45.130.202.39:0] script '/domains/system_default/xleet.php' not found or unable to stat
[Mon Jan 26 05:27:19.258627 2026] [php:error] [pid 16294] [client 45.130.202.39:0] script '/domains/system_default/xleetshell.php' not found or unable to stat
[Mon Jan 26 05:27:19.695726 2026] [php:error] [pid 16292] [client 37.140.254.33:0] script '/domains/peterbmiller/wp-mail.php' not found or unable to stat
[Mon Jan 26 05:27:19.699085 2026] [php:error] [pid 16294] [client 45.130.202.39:0] script '/domains/system_default/xlt.php' not found or unable to stat
[Mon Jan 26 05:27:20.575360 2026] [php:error] [pid 16294] [client 45.130.202.39:0] script '/domains/system_default/wp-apxupx.php' not found or unable to stat
[Mon Jan 26 05:27:20.716093 2026] [php:error] [pid 16294] [client 45.130.202.39:0] script '/domains/system_default/nf_tracking.php' not found or unable to stat
[Mon Jan 26 05:27:20.855099 2026] [php:error] [pid 16294] [client 45.130.202.39:0] script '/domains/system_default/class.api.php' not found or unable to stat
[Mon Jan 26 05:27:20.994323 2026] [php:error] [pid 16294] [client 45.130.202.39:0] script '/domains/system_default/xl2023.php' not found or unable to stat
[Mon Jan 26 05:27:21.125602 2026] [php:error] [pid 16294] [client 45.130.202.39:0] script '/domains/system_default/wp-head.php' not found or unable to stat
[Mon Jan 26 05:27:21.273858 2026] [php:error] [pid 16294] [client 45.130.202.39:0] script '/domains/system_default/wp-pano.php' not found or unable to stat
[Mon Jan 26 05:27:21.327895 2026] [php:error] [pid 16292] [client 37.140.254.33:0] script '/domains/peterbmiller/admin-post.php' not found or unable to stat
[Mon Jan 26 05:27:21.595712 2026] [php:error] [pid 16292] [client 37.140.254.33:0] script '/domains/peterbmiller/conf_upload.php' not found or unable to stat
[Mon Jan 26 05:27:22.050030 2026] [php:error] [pid 16294] [client 45.130.202.39:0] script '/domains/system_default/xmlrpc.php' not found or unable to stat
[Mon Jan 26 05:27:22.242450 2026] [php:error] [pid 16294] [client 45.130.202.39:0] script '/domains/system_default/wp-admin.php' not found or unable to stat
[Mon Jan 26 05:27:22.949671 2026] [php:error] [pid 16294] [client 45.130.202.39:0] script '/domains/system_default/WSOEnigma.php' not found or unable to stat
[Mon Jan 26 05:27:23.769504 2026] [php:error] [pid 16294] [client 45.130.202.39:0] script '/domains/system_default/mah.php' not found or unable to stat
[Mon Jan 26 05:27:24.158039 2026] [php:error] [pid 16293] [client 45.130.202.40:0] script '/domains/system_default/test.php' not found or unable to stat
[Mon Jan 26 05:27:24.453583 2026] [php:error] [pid 16293] [client 45.130.202.40:0] script '/domains/system_default/gebase.php' not found or unable to stat
[Mon Jan 26 05:27:24.587964 2026] [php:error] [pid 16293] [client 45.130.202.40:0] script '/domains/system_default/defaults.php' not found or unable to stat
[Mon Jan 26 05:27:24.697274 2026] [php:error] [pid 16292] [client 37.140.254.33:0] script '/domains/peterbmiller/wp-configs.php' not found or unable to stat
[Mon Jan 26 05:27:24.726276 2026] [php:error] [pid 16293] [client 45.130.202.40:0] script '/domains/system_default/asasx.php' not found or unable to stat
[Mon Jan 26 05:27:25.283622 2026] [php:error] [pid 16293] [client 45.130.202.40:0] script '/domains/system_default/contact.php' not found or unable to stat
[Mon Jan 26 05:27:25.422729 2026] [php:error] [pid 16293] [client 45.130.202.40:0] script '/domains/system_default/classwithtostring.php' not found or unable to stat
[Mon Jan 26 05:27:25.552206 2026] [php:error] [pid 16293] [client 45.130.202.40:0] script '/domains/system_default/mah.php' not found or unable to stat
[Mon Jan 26 05:27:25.934380 2026] [php:error] [pid 16293] [client 45.130.202.40:0] script '/domains/system_default/wp-add.php' not found or unable to stat
[Mon Jan 26 05:27:26.690800 2026] [php:error] [pid 16293] [client 45.130.202.40:0] script '/domains/system_default/403.php' not found or unable to stat
[Mon Jan 26 05:27:27.556805 2026] [php:error] [pid 16293] [client 45.130.202.40:0] script '/domains/system_default/text.php' not found or unable to stat
[Mon Jan 26 05:27:27.686639 2026] [php:error] [pid 16293] [client 45.130.202.40:0] script '/domains/system_default/xc.php' not found or unable to stat
[Mon Jan 26 05:27:28.342445 2026] [php:error] [pid 16295] [client 37.140.254.31:0] script '/domains/peterbmiller/f35.php' not found or unable to stat
[Mon Jan 26 05:27:29.194689 2026] [php:error] [pid 16293] [client 45.130.202.40:0] script '/domains/system_default/go.php' not found or unable to stat
[Mon Jan 26 05:27:29.725480 2026] [php:error] [pid 16293] [client 45.130.202.40:0] script '/domains/system_default/byp.php' not found or unable to stat
[Mon Jan 26 05:27:29.821536 2026] [php:error] [pid 16295] [client 37.140.254.31:0] script '/domains/peterbmiller/edit.php' not found or unable to stat
[Mon Jan 26 05:27:30.827809 2026] [php:error] [pid 16293] [client 45.130.202.40:0] script '/domains/system_default/click.php' not found or unable to stat
[Mon Jan 26 05:27:31.367306 2026] [php:error] [pid 16293] [client 45.130.202.40:0] script '/domains/system_default/baxa1.php' not found or unable to stat
[Mon Jan 26 05:27:31.633294 2026] [php:error] [pid 16293] [client 45.130.202.40:0] script '/domains/system_default/in.php' not found or unable to stat
[Mon Jan 26 05:27:31.764326 2026] [php:error] [pid 16293] [client 45.130.202.40:0] script '/domains/system_default/geju.php' not found or unable to stat
[Mon Jan 26 05:27:31.850514 2026] [php:error] [pid 16295] [client 37.140.254.31:0] script '/domains/peterbmiller/files.php' not found or unable to stat
[Mon Jan 26 05:27:32.088146 2026] [php:error] [pid 16293] [client 45.130.202.40:0] script '/domains/system_default/wp-signup.php' not found or unable to stat
[Mon Jan 26 05:27:32.131209 2026] [php:error] [pid 16295] [client 37.140.254.31:0] script '/domains/peterbmiller/webadmin.php' not found or unable to stat
[Mon Jan 26 05:27:32.193257 2026] [php:error] [pid 16293] [client 45.130.202.40:0] script '/domains/system_default/elp.php' not found or unable to stat
[Mon Jan 26 05:27:32.623343 2026] [php:error] [pid 16293] [client 45.130.202.40:0] script '/domains/system_default/chosen-667.php' not found or unable to stat
[Mon Jan 26 05:27:32.761189 2026] [php:error] [pid 16293] [client 45.130.202.40:0] script '/domains/system_default/network.php' not found or unable to stat
[Mon Jan 26 05:27:33.594788 2026] [php:error] [pid 16292] [client 45.130.202.24:0] script '/domains/system_default/wp-mail.php' not found or unable to stat
[Mon Jan 26 05:27:33.910469 2026] [php:error] [pid 16292] [client 45.130.202.24:0] script '/domains/system_default/yanz.php' not found or unable to stat
[Mon Jan 26 05:27:33.926102 2026] [php:error] [pid 16295] [client 37.140.254.31:0] script '/domains/peterbmiller/wsa.php' not found or unable to stat
[Mon Jan 26 05:27:34.240085 2026] [php:error] [pid 16295] [client 37.140.254.31:0] script '/domains/peterbmiller/tinyfilemanager.php' not found or unable to stat
[Mon Jan 26 05:27:36.136444 2026] [php:error] [pid 16294] [client 45.130.202.27:0] script '/domains/system_default/tiny.php' not found or unable to stat
[Mon Jan 26 05:27:36.725510 2026] [php:error] [pid 16294] [client 45.130.202.27:0] script '/domains/system_default/edit.php' not found or unable to stat
[Mon Jan 26 05:27:37.121880 2026] [php:error] [pid 16294] [client 45.130.202.27:0] script '/domains/system_default/first.php' not found or unable to stat
[Mon Jan 26 05:27:38.724099 2026] [php:error] [pid 16294] [client 45.130.202.27:0] script '/domains/system_default/bs1.php' not found or unable to stat
[Mon Jan 26 05:27:39.271097 2026] [php:error] [pid 16294] [client 45.130.202.27:0] script '/domains/system_default/cron.php' not found or unable to stat
[Mon Jan 26 05:27:39.743452 2026] [php:error] [pid 16294] [client 45.130.202.27:0] script '/domains/system_default/db.php' not found or unable to stat
[Mon Jan 26 05:27:39.850498 2026] [php:error] [pid 16295] [client 37.140.254.31:0] script '/domains/peterbmiller/woh.php' not found or unable to stat
[Mon Jan 26 05:27:39.914499 2026] [php:error] [pid 16294] [client 45.130.202.27:0] script '/domains/system_default/fm.php' not found or unable to stat
[Mon Jan 26 05:27:41.079304 2026] [php:error] [pid 16295] [client 37.140.254.31:0] script '/domains/peterbmiller/bless.php' not found or unable to stat
[Mon Jan 26 05:27:41.435404 2026] [php:error] [pid 16294] [client 45.130.202.27:0] script '/domains/system_default/chosen.php' not found or unable to stat
[Mon Jan 26 05:27:41.962754 2026] [php:error] [pid 16294] [client 45.130.202.27:0] script '/domains/system_default/back.php' not found or unable to stat
[Mon Jan 26 05:27:43.255618 2026] [php:error] [pid 16294] [client 45.130.202.27:0] script '/domains/system_default/new.php' not found or unable to stat
[Mon Jan 26 05:27:43.855141 2026] [php:error] [pid 16294] [client 45.130.202.27:0] script '/domains/system_default/phpfm3.php' not found or unable to stat
[Mon Jan 26 05:27:44.448499 2026] [php:error] [pid 16294] [client 45.130.202.27:0] script '/domains/system_default/post.php' not found or unable to stat
[Mon Jan 26 05:27:46.482618 2026] [php:error] [pid 16294] [client 45.130.202.27:0] script '/domains/system_default/randkeyword.php' not found or unable to stat
[Mon Jan 26 05:27:46.884200 2026] [php:error] [pid 16294] [client 45.130.202.27:0] script '/domains/system_default/xxx.php' not found or unable to stat
[Mon Jan 26 05:27:47.331300 2026] [php:error] [pid 16294] [client 45.130.202.27:0] script '/domains/system_default/lv.php' not found or unable to stat
[Mon Jan 26 05:27:47.451256 2026] [php:error] [pid 16294] [client 45.130.202.27:0] script '/domains/system_default/zip.php' not found or unable to stat
[Mon Jan 26 05:27:47.755486 2026] [php:error] [pid 16308] [client 37.140.254.31:0] script '/domains/peterbmiller/wp-trackback.php' not found or unable to stat
[Mon Jan 26 05:27:49.837947 2026] [php:error] [pid 16294] [client 45.130.202.27:0] script '/domains/system_default/wp-cron.php' not found or unable to stat
