[Mon Jan 26 03:23:54.571895 2026] [php:error] [pid 92183] [client 13.74.146.113:0] script '/domains/thuebner/e.php' not found or unable to stat
[Mon Jan 26 03:23:54.644593 2026] [php:error] [pid 92183] [client 13.74.146.113:0] script '/domains/thuebner/data.php' not found or unable to stat
[Mon Jan 26 03:23:54.717847 2026] [php:error] [pid 92183] [client 13.74.146.113:0] script '/domains/thuebner/abcd.php' not found or unable to stat
[Mon Jan 26 03:23:54.790595 2026] [php:error] [pid 92183] [client 13.74.146.113:0] script '/domains/thuebner/z.php' not found or unable to stat
[Mon Jan 26 03:23:54.862994 2026] [php:error] [pid 92183] [client 13.74.146.113:0] script '/domains/thuebner/css.php' not found or unable to stat
[Mon Jan 26 03:23:54.935635 2026] [php:error] [pid 92183] [client 13.74.146.113:0] script '/domains/thuebner/image.php' not found or unable to stat
[Mon Jan 26 03:23:55.010763 2026] [php:error] [pid 92183] [client 13.74.146.113:0] script '/domains/thuebner/file22.php' not found or unable to stat
[Mon Jan 26 03:23:55.083048 2026] [php:error] [pid 92183] [client 13.74.146.113:0] script '/domains/thuebner/check.php' not found or unable to stat
[Mon Jan 26 03:23:55.155453 2026] [php:error] [pid 92183] [client 13.74.146.113:0] script '/domains/thuebner/wp-header-json.php' not found or unable to stat
[Mon Jan 26 03:23:55.227733 2026] [php:error] [pid 92183] [client 13.74.146.113:0] script '/domains/thuebner/fm.php' not found or unable to stat
[Mon Jan 26 03:23:55.300413 2026] [php:error] [pid 92183] [client 13.74.146.113:0] script '/domains/thuebner/1.php' not found or unable to stat
[Mon Jan 26 03:23:55.373135 2026] [php:error] [pid 92183] [client 13.74.146.113:0] script '/domains/thuebner/ws.php' not found or unable to stat
[Mon Jan 26 03:23:55.445819 2026] [php:error] [pid 92183] [client 13.74.146.113:0] script '/domains/thuebner/xxxx.php' not found or unable to stat
[Mon Jan 26 03:23:55.518205 2026] [php:error] [pid 92183] [client 13.74.146.113:0] script '/domains/thuebner/wp-configs.php' not found or unable to stat
[Mon Jan 26 03:23:55.590615 2026] [php:error] [pid 92183] [client 13.74.146.113:0] script '/domains/thuebner/xmlrpc.php' not found or unable to stat
[Mon Jan 26 03:23:55.663122 2026] [php:error] [pid 92183] [client 13.74.146.113:0] script '/domains/thuebner/file56.php' not found or unable to stat
[Mon Jan 26 03:23:55.737271 2026] [php:error] [pid 92183] [client 13.74.146.113:0] script '/domains/thuebner/990.php' not found or unable to stat
[Mon Jan 26 03:23:55.810748 2026] [php:error] [pid 92183] [client 13.74.146.113:0] script '/domains/thuebner/error.php' not found or unable to stat
[Mon Jan 26 03:25:17.517271 2026] [php:error] [pid 92171] [client 65.21.7.189:0] script '/domains/ecernstelectric/index.php' not found or unable to stat
[Mon Jan 26 03:25:17.641763 2026] [php:error] [pid 92171] [client 65.21.7.189:0] script '/domains/ecernstelectric/index.php' not found or unable to stat
[Mon Jan 26 03:25:17.766464 2026] [php:error] [pid 92171] [client 65.21.7.189:0] script '/domains/ecernstelectric/index.php' not found or unable to stat
[Mon Jan 26 03:25:17.893776 2026] [php:error] [pid 92171] [client 65.21.7.189:0] script '/domains/ecernstelectric/index.php' not found or unable to stat
[Mon Jan 26 03:25:36.085640 2026] [php:error] [pid 92171] [client 34.90.174.223:0] script '/domains/hdickens.enteract/kmnj.php' not found or unable to stat
[Mon Jan 26 03:26:00.076520 2026] [php:error] [pid 92209] [client 44.213.198.255:0] script '/domains/rnachum/index.php' not found or unable to stat
[Mon Jan 26 03:26:00.080025 2026] [php:error] [pid 92209] [client 44.213.198.255:0] script '/domains/rnachum/index.php' not found or unable to stat
[Mon Jan 26 03:26:00.083826 2026] [php:error] [pid 92209] [client 44.213.198.255:0] script '/domains/rnachum/index.php' not found or unable to stat
[Mon Jan 26 03:26:00.087607 2026] [php:error] [pid 92209] [client 44.213.198.255:0] script '/domains/rnachum/index.php' not found or unable to stat
[Mon Jan 26 03:26:15.711210 2026] [php:error] [pid 92181] [client 34.90.255.22:0] script '/domains/hdickens.enteract/kmnj.php' not found or unable to stat
[Mon Jan 26 03:27:04.113814 2026] [php:error] [pid 92209] [client 4.194.24.19:0] script '/domains/system_default/wp-sing.php' not found or unable to stat
[Mon Jan 26 03:27:04.344785 2026] [php:error] [pid 92209] [client 4.194.24.19:0] script '/domains/system_default/adminfuns.php' not found or unable to stat
[Mon Jan 26 03:27:04.566139 2026] [php:error] [pid 92209] [client 4.194.24.19:0] script '/domains/system_default/wp-good.php' not found or unable to stat
[Mon Jan 26 03:27:04.789774 2026] [php:error] [pid 92209] [client 4.194.24.19:0] script '/domains/system_default/wp-links-opml.php' not found or unable to stat
[Mon Jan 26 03:27:05.015620 2026] [php:error] [pid 92209] [client 4.194.24.19:0] script '/domains/system_default/elp.php' not found or unable to stat
[Mon Jan 26 03:27:05.236819 2026] [php:error] [pid 92209] [client 4.194.24.19:0] script '/domains/system_default/wpc.php' not found or unable to stat
[Mon Jan 26 03:27:07.476289 2026] [php:error] [pid 92209] [client 4.194.24.19:0] script '/domains/system_default/goods.php' not found or unable to stat
[Mon Jan 26 03:27:07.927568 2026] [php:error] [pid 92209] [client 4.194.24.19:0] script '/domains/system_default/admin.php' not found or unable to stat
[Mon Jan 26 03:27:08.148894 2026] [php:error] [pid 92209] [client 4.194.24.19:0] script '/domains/system_default/ioxi-o.php' not found or unable to stat
[Mon Jan 26 03:27:08.369902 2026] [php:error] [pid 92209] [client 4.194.24.19:0] script '/domains/system_default/about.php' not found or unable to stat
[Mon Jan 26 03:27:08.591397 2026] [php:error] [pid 92209] [client 4.194.24.19:0] script '/domains/system_default/file.php' not found or unable to stat
[Mon Jan 26 03:27:08.813328 2026] [php:error] [pid 92209] [client 4.194.24.19:0] script '/domains/system_default/bolt.php' not found or unable to stat
[Mon Jan 26 03:27:09.034917 2026] [php:error] [pid 92209] [client 4.194.24.19:0] script '/domains/system_default/term.php' not found or unable to stat
[Mon Jan 26 03:27:09.256410 2026] [php:error] [pid 92209] [client 4.194.24.19:0] script '/domains/system_default/0.php' not found or unable to stat
[Mon Jan 26 03:27:09.478288 2026] [php:error] [pid 92209] [client 4.194.24.19:0] script '/domains/system_default/07.php' not found or unable to stat
[Mon Jan 26 03:27:09.699620 2026] [php:error] [pid 92209] [client 4.194.24.19:0] script '/domains/system_default/1.php' not found or unable to stat
[Mon Jan 26 03:27:09.921094 2026] [php:error] [pid 92209] [client 4.194.24.19:0] script '/domains/system_default/123.php' not found or unable to stat
[Mon Jan 26 03:27:10.143742 2026] [php:error] [pid 92209] [client 4.194.24.19:0] script '/domains/system_default/aa.php' not found or unable to stat
[Mon Jan 26 03:27:10.365004 2026] [php:error] [pid 92209] [client 4.194.24.19:0] script '/domains/system_default/abcd.php' not found or unable to stat
[Mon Jan 26 03:27:10.586235 2026] [php:error] [pid 92209] [client 4.194.24.19:0] script '/domains/system_default/about.php' not found or unable to stat
[Mon Jan 26 03:27:10.807666 2026] [php:error] [pid 92209] [client 4.194.24.19:0] script '/domains/system_default/admin.php' not found or unable to stat
[Mon Jan 26 03:27:11.028865 2026] [php:error] [pid 92209] [client 4.194.24.19:0] script '/domains/system_default/adminfuns.php' not found or unable to stat
[Mon Jan 26 03:27:11.250169 2026] [php:error] [pid 92209] [client 4.194.24.19:0] script '/domains/system_default/akc.php' not found or unable to stat
[Mon Jan 26 03:27:11.472106 2026] [php:error] [pid 92209] [client 4.194.24.19:0] script '/domains/system_default/akcc.php' not found or unable to stat
[Mon Jan 26 03:27:11.694322 2026] [php:error] [pid 92209] [client 4.194.24.19:0] script '/domains/system_default/asasx.php' not found or unable to stat
[Mon Jan 26 03:27:11.932016 2026] [php:error] [pid 92209] [client 4.194.24.19:0] script '/domains/system_default/asd.php' not found or unable to stat
[Mon Jan 26 03:27:12.153730 2026] [php:error] [pid 92209] [client 4.194.24.19:0] script '/domains/system_default/atomlib.php' not found or unable to stat
[Mon Jan 26 03:27:12.376254 2026] [php:error] [pid 92209] [client 4.194.24.19:0] script '/domains/system_default/autoload_classmap.php' not found or unable to stat
[Mon Jan 26 03:27:12.611407 2026] [php:error] [pid 92209] [client 4.194.24.19:0] script '/domains/system_default/axx.php' not found or unable to stat
[Mon Jan 26 03:27:12.833106 2026] [php:error] [pid 92209] [client 4.194.24.19:0] script '/domains/system_default/build.php' not found or unable to stat
[Mon Jan 26 03:27:13.054331 2026] [php:error] [pid 92209] [client 4.194.24.19:0] script '/domains/system_default/buy.php' not found or unable to stat
[Mon Jan 26 03:27:13.277086 2026] [php:error] [pid 92209] [client 4.194.24.19:0] script '/domains/system_default/checkbox.php' not found or unable to stat
[Mon Jan 26 03:27:13.499294 2026] [php:error] [pid 92209] [client 4.194.24.19:0] script '/domains/system_default/chosen.php' not found or unable to stat
[Mon Jan 26 03:27:13.720554 2026] [php:error] [pid 92209] [client 4.194.24.19:0] script '/domains/system_default/classwithtostring.php' not found or unable to stat
[Mon Jan 26 03:27:13.942392 2026] [php:error] [pid 92209] [client 4.194.24.19:0] script '/domains/system_default/cong.php' not found or unable to stat
[Mon Jan 26 03:27:14.165480 2026] [php:error] [pid 92209] [client 4.194.24.19:0] script '/domains/system_default/css.php' not found or unable to stat
[Mon Jan 26 03:27:14.388688 2026] [php:error] [pid 92209] [client 4.194.24.19:0] script '/domains/system_default/default.php' not found or unable to stat
[Mon Jan 26 03:27:14.611156 2026] [php:error] [pid 92209] [client 4.194.24.19:0] script '/domains/system_default/dropdown.php' not found or unable to stat
[Mon Jan 26 03:27:14.832863 2026] [php:error] [pid 92209] [client 4.194.24.19:0] script '/domains/system_default/ds.php' not found or unable to stat
[Mon Jan 26 03:27:15.054034 2026] [php:error] [pid 92209] [client 4.194.24.19:0] script '/domains/system_default/edit.php' not found or unable to stat
[Mon Jan 26 03:27:15.275801 2026] [php:error] [pid 92209] [client 4.194.24.19:0] script '/domains/system_default/f5.php' not found or unable to stat
[Mon Jan 26 03:27:15.497286 2026] [php:error] [pid 92209] [client 4.194.24.19:0] script '/domains/system_default/file.php' not found or unable to stat
[Mon Jan 26 03:27:15.718735 2026] [php:error] [pid 92209] [client 4.194.24.19:0] script '/domains/system_default/file2.php' not found or unable to stat
[Mon Jan 26 03:27:15.940068 2026] [php:error] [pid 92209] [client 4.194.24.19:0] script '/domains/system_default/file4.php' not found or unable to stat
[Mon Jan 26 03:27:16.161758 2026] [php:error] [pid 92209] [client 4.194.24.19:0] script '/domains/system_default/flower.php' not found or unable to stat
[Mon Jan 26 03:27:16.384039 2026] [php:error] [pid 92209] [client 4.194.24.19:0] script '/domains/system_default/form.php' not found or unable to stat
[Mon Jan 26 03:27:16.605257 2026] [php:error] [pid 92209] [client 4.194.24.19:0] script '/domains/system_default/gecko-new.php' not found or unable to stat
[Mon Jan 26 03:27:16.827334 2026] [php:error] [pid 92209] [client 4.194.24.19:0] script '/domains/system_default/god4m.php' not found or unable to stat
[Mon Jan 26 03:27:17.049883 2026] [php:error] [pid 92209] [client 4.194.24.19:0] script '/domains/system_default/info.php' not found or unable to stat
[Mon Jan 26 03:27:17.271178 2026] [php:error] [pid 92209] [client 4.194.24.19:0] script '/domains/system_default/kyami.php' not found or unable to stat
[Mon Jan 26 03:27:17.493705 2026] [php:error] [pid 92209] [client 4.194.24.19:0] script '/domains/system_default/makeasmtp.php' not found or unable to stat
[Mon Jan 26 03:27:17.714890 2026] [php:error] [pid 92209] [client 4.194.24.19:0] script '/domains/system_default/mari.php' not found or unable to stat
[Mon Jan 26 03:27:17.936481 2026] [php:error] [pid 92209] [client 4.194.24.19:0] script '/domains/system_default/moon.php' not found or unable to stat
[Mon Jan 26 03:27:18.157779 2026] [php:error] [pid 92209] [client 4.194.24.19:0] script '/domains/system_default/nc4.php' not found or unable to stat
[Mon Jan 26 03:27:18.378963 2026] [php:error] [pid 92209] [client 4.194.24.19:0] script '/domains/system_default/new.php' not found or unable to stat
[Mon Jan 26 03:27:18.600863 2026] [php:error] [pid 92209] [client 4.194.24.19:0] script '/domains/system_default/test1.php' not found or unable to stat
[Mon Jan 26 03:27:18.822107 2026] [php:error] [pid 92209] [client 4.194.24.19:0] script '/domains/system_default/wp-activate.php' not found or unable to stat
[Mon Jan 26 03:27:19.044048 2026] [php:error] [pid 92209] [client 4.194.24.19:0] script '/domains/system_default/wp-admin.php' not found or unable to stat
[Mon Jan 26 03:27:19.265116 2026] [php:error] [pid 92209] [client 4.194.24.19:0] script '/domains/system_default/wp-good.php' not found or unable to stat
[Mon Jan 26 03:27:19.486512 2026] [php:error] [pid 92209] [client 4.194.24.19:0] script '/domains/system_default/wp-trackback.php' not found or unable to stat
[Mon Jan 26 03:27:19.707683 2026] [php:error] [pid 92209] [client 4.194.24.19:0] script '/domains/system_default/xmlrpc.php' not found or unable to stat
[Mon Jan 26 03:27:19.928932 2026] [php:error] [pid 92209] [client 4.194.24.19:0] script '/domains/system_default/xmrlpc.php' not found or unable to stat
[Mon Jan 26 03:27:27.571053 2026] [php:error] [pid 92225] [client 34.13.172.11:0] script '/domains/hdickens.enteract/kmnj.php' not found or unable to stat
[Mon Jan 26 03:28:39.937709 2026] [php:error] [pid 92217] [client 157.119.93.22:0] script '/domains/vangoghagainweb/fun.php' not found or unable to stat
[Mon Jan 26 03:28:45.556611 2026] [php:error] [pid 92216] [client 4.227.58.38:0] script '/domains/egmaweb/index.php' not found or unable to stat
[Mon Jan 26 03:28:45.656592 2026] [php:error] [pid 92216] [client 4.227.58.38:0] script '/domains/egmaweb/index.php' not found or unable to stat
[Mon Jan 26 03:28:45.755676 2026] [php:error] [pid 92216] [client 4.227.58.38:0] script '/domains/egmaweb/index.php' not found or unable to stat
[Mon Jan 26 03:28:45.859330 2026] [php:error] [pid 92216] [client 4.227.58.38:0] script '/domains/egmaweb/index.php' not found or unable to stat
[Mon Jan 26 03:29:08.206872 2026] [php:error] [pid 92228] [client 4.194.217.214:0] script '/domains/system_default/ol.php' not found or unable to stat
[Mon Jan 26 03:29:08.426379 2026] [php:error] [pid 92228] [client 4.194.217.214:0] script '/domains/system_default/sikma.php' not found or unable to stat
[Mon Jan 26 03:29:08.645728 2026] [php:error] [pid 92228] [client 4.194.217.214:0] script '/domains/system_default/rh1.php' not found or unable to stat
[Mon Jan 26 03:29:08.864979 2026] [php:error] [pid 92228] [client 4.194.217.214:0] script '/domains/system_default/sid3.php' not found or unable to stat
[Mon Jan 26 03:29:09.085551 2026] [php:error] [pid 92228] [client 4.194.217.214:0] script '/domains/system_default/okxh.php' not found or unable to stat
[Mon Jan 26 03:29:09.305393 2026] [php:error] [pid 92228] [client 4.194.217.214:0] script '/domains/system_default/krypton.php' not found or unable to stat
[Mon Jan 26 03:29:09.524648 2026] [php:error] [pid 92228] [client 4.194.217.214:0] script '/domains/system_default/zoo.php' not found or unable to stat
[Mon Jan 26 03:29:09.970385 2026] [php:error] [pid 92228] [client 4.194.217.214:0] script '/domains/system_default/maul.php' not found or unable to stat
[Mon Jan 26 03:29:10.634074 2026] [php:error] [pid 92228] [client 4.194.217.214:0] script '/domains/system_default/download.php' not found or unable to stat
[Mon Jan 26 03:29:10.869251 2026] [php:error] [pid 92228] [client 4.194.217.214:0] script '/domains/system_default/varb.php' not found or unable to stat
[Mon Jan 26 03:29:11.366616 2026] [php:error] [pid 92228] [client 4.194.217.214:0] script '/domains/system_default/tt.php' not found or unable to stat
[Mon Jan 26 03:29:11.602309 2026] [php:error] [pid 92228] [client 4.194.217.214:0] script '/domains/system_default/a5e0a.php' not found or unable to stat
[Mon Jan 26 03:29:11.832945 2026] [php:error] [pid 92228] [client 4.194.217.214:0] script '/domains/system_default/abc.php' not found or unable to stat
[Mon Jan 26 03:29:12.051583 2026] [php:error] [pid 92228] [client 4.194.217.214:0] script '/domains/system_default/55b76.php' not found or unable to stat
[Mon Jan 26 03:29:12.270357 2026] [php:error] [pid 92228] [client 4.194.217.214:0] script '/domains/system_default/rzki.php' not found or unable to stat
[Mon Jan 26 03:29:12.489499 2026] [php:error] [pid 92228] [client 4.194.217.214:0] script '/domains/system_default/acxx.php' not found or unable to stat
[Mon Jan 26 03:29:12.708517 2026] [php:error] [pid 92228] [client 4.194.217.214:0] script '/domains/system_default/d12.php' not found or unable to stat
[Mon Jan 26 03:29:12.927287 2026] [php:error] [pid 92228] [client 4.194.217.214:0] script '/domains/system_default/s.php' not found or unable to stat
[Mon Jan 26 03:29:13.146401 2026] [php:error] [pid 92228] [client 4.194.217.214:0] script '/domains/system_default/error_log.php' not found or unable to stat
[Mon Jan 26 03:29:13.607094 2026] [php:error] [pid 92228] [client 4.194.217.214:0] script '/domains/system_default/dox.php' not found or unable to stat
[Mon Jan 26 03:29:13.826013 2026] [php:error] [pid 92228] [client 4.194.217.214:0] script '/domains/system_default/ahax.php' not found or unable to stat
[Mon Jan 26 03:29:14.045333 2026] [php:error] [pid 92228] [client 4.194.217.214:0] script '/domains/system_default/lock360.php' not found or unable to stat
[Mon Jan 26 03:29:14.264585 2026] [php:error] [pid 92228] [client 4.194.217.214:0] script '/domains/system_default/6kUgr4yGzxN.php' not found or unable to stat
[Mon Jan 26 03:29:14.496598 2026] [php:error] [pid 92228] [client 4.194.217.214:0] script '/domains/system_default/wp.php' not found or unable to stat
[Mon Jan 26 03:29:14.715504 2026] [php:error] [pid 92228] [client 4.194.217.214:0] script '/domains/system_default/test1.php' not found or unable to stat
[Mon Jan 26 03:29:14.935039 2026] [php:error] [pid 92228] [client 4.194.217.214:0] script '/domains/system_default/clss.php' not found or unable to stat
[Mon Jan 26 03:29:15.154327 2026] [php:error] [pid 92228] [client 4.194.217.214:0] script '/domains/system_default/44.php' not found or unable to stat
[Mon Jan 26 03:29:15.374005 2026] [php:error] [pid 92228] [client 4.194.217.214:0] script '/domains/system_default/ii5file.php' not found or unable to stat
[Mon Jan 26 03:29:15.611549 2026] [php:error] [pid 92228] [client 4.194.217.214:0] script '/domains/system_default/ss.php' not found or unable to stat
[Mon Jan 26 03:29:15.830114 2026] [php:error] [pid 92228] [client 4.194.217.214:0] script '/domains/system_default/re.php' not found or unable to stat
[Mon Jan 26 03:29:16.048827 2026] [php:error] [pid 92228] [client 4.194.217.214:0] script '/domains/system_default/xsas.php' not found or unable to stat
[Mon Jan 26 03:29:16.267618 2026] [php:error] [pid 92228] [client 4.194.217.214:0] script '/domains/system_default/asus.php' not found or unable to stat
[Mon Jan 26 03:29:16.486514 2026] [php:error] [pid 92228] [client 4.194.217.214:0] script '/domains/system_default/wp-good.php' not found or unable to stat
[Mon Jan 26 03:29:16.705638 2026] [php:error] [pid 92228] [client 4.194.217.214:0] script '/domains/system_default/0x.php' not found or unable to stat
[Mon Jan 26 03:29:16.924728 2026] [php:error] [pid 92228] [client 4.194.217.214:0] script '/domains/system_default/domains.php' not found or unable to stat
[Mon Jan 26 03:29:17.163668 2026] [php:error] [pid 92228] [client 4.194.217.214:0] script '/domains/system_default/wp-goods.php' not found or unable to stat
[Mon Jan 26 03:29:17.383102 2026] [php:error] [pid 92228] [client 4.194.217.214:0] script '/domains/system_default/144.php' not found or unable to stat
[Mon Jan 26 03:29:17.602311 2026] [php:error] [pid 92228] [client 4.194.217.214:0] script '/domains/system_default/akcc.php' not found or unable to stat
[Mon Jan 26 03:29:17.821392 2026] [php:error] [pid 92228] [client 4.194.217.214:0] script '/domains/system_default/vanda.php' not found or unable to stat
[Mon Jan 26 03:29:18.060960 2026] [php:error] [pid 92228] [client 4.194.217.214:0] script '/domains/system_default/lib.php' not found or unable to stat
[Mon Jan 26 03:29:18.280056 2026] [php:error] [pid 92228] [client 4.194.217.214:0] script '/domains/system_default/zc-104.php' not found or unable to stat
[Mon Jan 26 03:29:18.500795 2026] [php:error] [pid 92228] [client 4.194.217.214:0] script '/domains/system_default/zc-729.php' not found or unable to stat
[Mon Jan 26 03:29:18.720366 2026] [php:error] [pid 92228] [client 4.194.217.214:0] script '/domains/system_default/bo.php' not found or unable to stat
[Mon Jan 26 03:29:18.967319 2026] [php:error] [pid 92228] [client 4.194.217.214:0] script '/domains/system_default/x.php' not found or unable to stat
[Mon Jan 26 03:29:19.186577 2026] [php:error] [pid 92228] [client 4.194.217.214:0] script '/domains/system_default/adminfuns.php' not found or unable to stat
[Mon Jan 26 03:29:19.471490 2026] [php:error] [pid 92228] [client 4.194.217.214:0] script '/domains/system_default/56c53.php' not found or unable to stat
[Mon Jan 26 03:29:19.691385 2026] [php:error] [pid 92228] [client 4.194.217.214:0] script '/domains/system_default/FII.php' not found or unable to stat
[Mon Jan 26 03:29:19.914110 2026] [php:error] [pid 92228] [client 4.194.217.214:0] script '/domains/system_default/wp-ac.php' not found or unable to stat
[Mon Jan 26 03:29:20.134924 2026] [php:error] [pid 92228] [client 4.194.217.214:0] script '/domains/system_default/atex1.php' not found or unable to stat
[Mon Jan 26 03:29:20.354248 2026] [php:error] [pid 92228] [client 4.194.217.214:0] script '/domains/system_default/blox.php' not found or unable to stat
[Mon Jan 26 03:29:20.578230 2026] [php:error] [pid 92228] [client 4.194.217.214:0] script '/domains/system_default/wp-64wscx6shd.php' not found or unable to stat
[Mon Jan 26 03:29:20.800971 2026] [php:error] [pid 92228] [client 4.194.217.214:0] script '/domains/system_default/gecko.php' not found or unable to stat
[Mon Jan 26 03:29:21.024058 2026] [php:error] [pid 92228] [client 4.194.217.214:0] script '/domains/system_default/sxx.php' not found or unable to stat
[Mon Jan 26 03:29:21.254983 2026] [php:error] [pid 92228] [client 4.194.217.214:0] script '/domains/system_default/mode.php' not found or unable to stat
[Mon Jan 26 03:29:21.473819 2026] [php:error] [pid 92228] [client 4.194.217.214:0] script '/domains/system_default/z60.php' not found or unable to stat
[Mon Jan 26 03:29:21.693290 2026] [php:error] [pid 92228] [client 4.194.217.214:0] script '/domains/system_default/hehe.php' not found or unable to stat
[Mon Jan 26 03:29:21.912230 2026] [php:error] [pid 92228] [client 4.194.217.214:0] script '/domains/system_default/asd.php' not found or unable to stat
[Mon Jan 26 03:29:22.130813 2026] [php:error] [pid 92228] [client 4.194.217.214:0] script '/domains/system_default/5b9ac.php' not found or unable to stat
[Mon Jan 26 03:29:22.458185 2026] [php:error] [pid 92228] [client 4.194.217.214:0] script '/domains/system_default/k.php' not found or unable to stat
[Mon Jan 26 03:29:22.677536 2026] [php:error] [pid 92228] [client 4.194.217.214:0] script '/domains/system_default/edit.php' not found or unable to stat
[Mon Jan 26 03:29:22.910236 2026] [php:error] [pid 92228] [client 4.194.217.214:0] script '/domains/system_default/t.php' not found or unable to stat
[Mon Jan 26 03:29:23.130749 2026] [php:error] [pid 92228] [client 4.194.217.214:0] script '/domains/system_default/lm15.php' not found or unable to stat
[Mon Jan 26 03:29:23.349712 2026] [php:error] [pid 92228] [client 4.194.217.214:0] script '/domains/system_default/6kDPjgFTmvS.php' not found or unable to stat
[Mon Jan 26 03:29:23.568369 2026] [php:error] [pid 92228] [client 4.194.217.214:0] script '/domains/system_default/222.php' not found or unable to stat
[Mon Jan 26 03:29:23.787341 2026] [php:error] [pid 92228] [client 4.194.217.214:0] script '/domains/system_default/admin836.php' not found or unable to stat
[Mon Jan 26 03:29:24.008041 2026] [php:error] [pid 92228] [client 4.194.217.214:0] script '/domains/system_default/sx.php' not found or unable to stat
[Mon Jan 26 03:29:24.227195 2026] [php:error] [pid 92228] [client 4.194.217.214:0] script '/domains/system_default/lufix.php' not found or unable to stat
[Mon Jan 26 03:29:38.797793 2026] [php:error] [pid 92239] [client 20.24.209.153:0] script '/domains/machinadynamica/wp-blog.php' not found or unable to stat
[Mon Jan 26 03:29:39.011273 2026] [php:error] [pid 92239] [client 20.24.209.153:0] script '/domains/machinadynamica/o.php' not found or unable to stat
[Mon Jan 26 03:29:39.225097 2026] [php:error] [pid 92239] [client 20.24.209.153:0] script '/domains/machinadynamica/adminfuns.php' not found or unable to stat
[Mon Jan 26 03:29:39.442251 2026] [php:error] [pid 92239] [client 20.24.209.153:0] script '/domains/machinadynamica/phpmailer.lang-sv.php' not found or unable to stat
[Mon Jan 26 03:29:42.273477 2026] [php:error] [pid 92239] [client 20.24.209.153:0] script '/domains/machinadynamica/wp-signin.php' not found or unable to stat
[Mon Jan 26 03:29:42.490274 2026] [php:error] [pid 92239] [client 20.24.209.153:0] script '/domains/machinadynamica/xmrlpc.php' not found or unable to stat
[Mon Jan 26 03:29:42.702742 2026] [php:error] [pid 92239] [client 20.24.209.153:0] script '/domains/machinadynamica/wp-xml.php' not found or unable to stat
[Mon Jan 26 03:29:43.127220 2026] [php:error] [pid 92239] [client 20.24.209.153:0] script '/domains/machinadynamica/radio.php' not found or unable to stat
[Mon Jan 26 03:29:43.339696 2026] [php:error] [pid 92239] [client 20.24.209.153:0] script '/domains/machinadynamica/schallfuns.php' not found or unable to stat
[Mon Jan 26 03:29:43.778199 2026] [php:error] [pid 92239] [client 20.24.209.153:0] script '/domains/machinadynamica/test1.php' not found or unable to stat
[Mon Jan 26 03:29:44.416998 2026] [php:error] [pid 92239] [client 20.24.209.153:0] script '/domains/machinadynamica/w.php' not found or unable to stat
[Mon Jan 26 03:29:47.666534 2026] [php:error] [pid 92239] [client 20.24.209.153:0] script '/domains/machinadynamica/wp-api.php' not found or unable to stat
[Mon Jan 26 03:29:49.200972 2026] [php:error] [pid 92240] [client 13.229.91.176:0] script '/domains/wsmith.enteract/wp-config.php.bak' not found or unable to stat
[Mon Jan 26 03:29:49.442265 2026] [php:error] [pid 92240] [client 13.229.91.176:0] script '/domains/wsmith.enteract/wp-config.php.save' not found or unable to stat
[Mon Jan 26 03:29:49.688487 2026] [php:error] [pid 92240] [client 13.229.91.176:0] script '/domains/wsmith.enteract/wp-config.php.swp' not found or unable to stat
[Mon Jan 26 03:29:50.415442 2026] [php:error] [pid 92240] [client 13.229.91.176:0] script '/domains/wsmith.enteract/configuration.php.bak' not found or unable to stat
[Mon Jan 26 03:29:50.900093 2026] [php:error] [pid 92240] [client 13.229.91.176:0] script '/domains/wsmith.enteract/configuration.php.old' not found or unable to stat
[Mon Jan 26 03:30:37.582908 2026] [php:error] [pid 92244] [client 20.219.136.84:0] script '/domains/system_cancel/.alf.php' not found or unable to stat
[Mon Jan 26 03:30:39.550278 2026] [php:error] [pid 92244] [client 20.219.136.84:0] script '/domains/system_cancel/aa.php' not found or unable to stat
[Mon Jan 26 03:30:39.761540 2026] [php:error] [pid 92244] [client 20.219.136.84:0] script '/domains/system_cancel/abcd.php' not found or unable to stat
[Mon Jan 26 03:30:39.972681 2026] [php:error] [pid 92244] [client 20.219.136.84:0] script '/domains/system_cancel/admin.php' not found or unable to stat
[Mon Jan 26 03:30:40.398150 2026] [php:error] [pid 92244] [client 20.219.136.84:0] script '/domains/system_cancel/adminfuns.php' not found or unable to stat
[Mon Jan 26 03:30:40.610060 2026] [php:error] [pid 92244] [client 20.219.136.84:0] script '/domains/system_cancel/ahax.php' not found or unable to stat
[Mon Jan 26 03:30:40.824048 2026] [php:error] [pid 92244] [client 20.219.136.84:0] script '/domains/system_cancel/akc.php' not found or unable to stat
[Mon Jan 26 03:30:41.041931 2026] [php:error] [pid 92244] [client 20.219.136.84:0] script '/domains/system_cancel/akcc.php' not found or unable to stat
[Mon Jan 26 03:30:41.263811 2026] [php:error] [pid 92244] [client 20.219.136.84:0] script '/domains/system_cancel/alf.php' not found or unable to stat
[Mon Jan 26 03:30:41.914822 2026] [php:error] [pid 92244] [client 20.219.136.84:0] script '/domains/system_cancel/ioxi-o.php' not found or unable to stat
[Mon Jan 26 03:30:42.126194 2026] [php:error] [pid 92244] [client 20.219.136.84:0] script '/domains/system_cancel/inputs.php' not found or unable to stat
[Mon Jan 26 03:30:42.782434 2026] [php:error] [pid 92244] [client 20.219.136.84:0] script '/domains/system_cancel/classwithtostring.php' not found or unable to stat
[Mon Jan 26 03:30:42.999809 2026] [php:error] [pid 92244] [client 20.219.136.84:0] script '/domains/system_cancel/edit.php' not found or unable to stat
[Mon Jan 26 03:30:43.639647 2026] [php:error] [pid 92244] [client 20.219.136.84:0] script '/domains/system_cancel/class.php' not found or unable to stat
[Mon Jan 26 03:30:45.376575 2026] [php:error] [pid 92244] [client 20.219.136.84:0] script '/domains/system_cancel/asasx.php' not found or unable to stat
[Mon Jan 26 03:31:26.656164 2026] [php:error] [pid 92209] [client 34.32.178.12:0] script '/domains/hdickens.enteract/kmnj.php' not found or unable to stat
[Mon Jan 26 03:31:57.184968 2026] [php:error] [pid 92209] [client 45.130.202.40:0] script '/domains/lover/simple.php' not found or unable to stat
[Mon Jan 26 03:31:57.431746 2026] [php:error] [pid 92209] [client 45.130.202.40:0] script '/domains/lover/inputs.php' not found or unable to stat
[Mon Jan 26 03:31:57.647711 2026] [php:error] [pid 92209] [client 45.130.202.40:0] script '/domains/lover/autoload_classmap.php' not found or unable to stat
[Mon Jan 26 03:31:57.650618 2026] [php:error] [pid 92281] [client 78.153.140.195:0] script '/domains/system_default/app_dev.php' not found or unable to stat
[Mon Jan 26 03:31:57.882878 2026] [php:error] [pid 92209] [client 45.130.202.40:0] script '/domains/lover/file2.php' not found or unable to stat
[Mon Jan 26 03:31:58.098278 2026] [php:error] [pid 92209] [client 45.130.202.40:0] script '/domains/lover/file.php' not found or unable to stat
[Mon Jan 26 03:31:58.202968 2026] [php:error] [pid 92209] [client 45.130.202.40:0] script '/domains/lover/chosen.php' not found or unable to stat
[Mon Jan 26 03:31:58.309124 2026] [php:error] [pid 92209] [client 45.130.202.40:0] script '/domains/lover/item.php' not found or unable to stat
[Mon Jan 26 03:31:58.642026 2026] [php:error] [pid 92209] [client 45.130.202.40:0] script '/domains/lover/zwso.php' not found or unable to stat
[Mon Jan 26 03:31:58.763903 2026] [php:error] [pid 92209] [client 45.130.202.40:0] script '/domains/lover/wp-conflg.php' not found or unable to stat
[Mon Jan 26 03:31:59.908317 2026] [php:error] [pid 92209] [client 45.130.202.40:0] script '/domains/lover/cong.php' not found or unable to stat
[Mon Jan 26 03:32:00.254355 2026] [php:error] [pid 92209] [client 45.130.202.40:0] script '/domains/lover/dropdown.php' not found or unable to stat
[Mon Jan 26 03:32:00.907131 2026] [php:error] [pid 92274] [client 78.153.140.195:0] script '/domains/system_default/phpinfo.php' not found or unable to stat
[Mon Jan 26 03:32:01.260167 2026] [php:error] [pid 92271] [client 104.234.32.206:0] script '/domains/antiqueweb1/simple.php' not found or unable to stat
[Mon Jan 26 03:32:01.312654 2026] [php:error] [pid 92271] [client 104.234.32.206:0] script '/domains/antiqueweb1/inputs.php' not found or unable to stat
[Mon Jan 26 03:32:01.377930 2026] [php:error] [pid 92271] [client 104.234.32.206:0] script '/domains/antiqueweb1/autoload_classmap.php' not found or unable to stat
[Mon Jan 26 03:32:01.458813 2026] [php:error] [pid 92271] [client 104.234.32.206:0] script '/domains/antiqueweb1/file2.php' not found or unable to stat
[Mon Jan 26 03:32:01.539429 2026] [php:error] [pid 92271] [client 104.234.32.206:0] script '/domains/antiqueweb1/file.php' not found or unable to stat
[Mon Jan 26 03:32:01.589261 2026] [php:error] [pid 92209] [client 45.130.202.40:0] script '/domains/lover/repeater.php' not found or unable to stat
[Mon Jan 26 03:32:01.592309 2026] [php:error] [pid 92271] [client 104.234.32.206:0] script '/domains/antiqueweb1/chosen.php' not found or unable to stat
[Mon Jan 26 03:32:01.692853 2026] [php:error] [pid 92209] [client 45.130.202.40:0] script '/domains/lover/wp-2019.php' not found or unable to stat
[Mon Jan 26 03:32:01.804300 2026] [php:error] [pid 92209] [client 45.130.202.40:0] script '/domains/lover/atomlib.php' not found or unable to stat
[Mon Jan 26 03:32:01.864129 2026] [php:error] [pid 92271] [client 104.234.32.206:0] script '/domains/antiqueweb1/item.php' not found or unable to stat
[Mon Jan 26 03:32:01.996586 2026] [php:error] [pid 92271] [client 104.234.32.206:0] script '/domains/antiqueweb1/zwso.php' not found or unable to stat
[Mon Jan 26 03:32:02.041069 2026] [php:error] [pid 92271] [client 104.234.32.206:0] script '/domains/antiqueweb1/wp-conflg.php' not found or unable to stat
[Mon Jan 26 03:32:02.207622 2026] [php:error] [pid 92209] [client 45.130.202.40:0] script '/domains/lover/css.php' not found or unable to stat
[Mon Jan 26 03:32:02.434025 2026] [php:error] [pid 92271] [client 104.234.32.206:0] script '/domains/antiqueweb1/cong.php' not found or unable to stat
[Mon Jan 26 03:32:02.553483 2026] [php:error] [pid 92271] [client 104.234.32.206:0] script '/domains/antiqueweb1/dropdown.php' not found or unable to stat
[Mon Jan 26 03:32:02.638868 2026] [php:error] [pid 92209] [client 45.130.202.40:0] script '/domains/lover/log.php' not found or unable to stat
[Mon Jan 26 03:32:02.674516 2026] [php:error] [pid 92271] [client 104.234.32.206:0] script '/domains/antiqueweb1/repeater.php' not found or unable to stat
[Mon Jan 26 03:32:02.714024 2026] [php:error] [pid 92271] [client 104.234.32.206:0] script '/domains/antiqueweb1/wp-2019.php' not found or unable to stat
[Mon Jan 26 03:32:02.754382 2026] [php:error] [pid 92271] [client 104.234.32.206:0] script '/domains/antiqueweb1/atomlib.php' not found or unable to stat
[Mon Jan 26 03:32:02.756595 2026] [php:error] [pid 92209] [client 45.130.202.40:0] script '/domains/lover/mail.php' not found or unable to stat
[Mon Jan 26 03:32:02.796998 2026] [php:error] [pid 92271] [client 104.234.32.206:0] script '/domains/antiqueweb1/css.php' not found or unable to stat
[Mon Jan 26 03:32:02.836808 2026] [php:error] [pid 92271] [client 104.234.32.206:0] script '/domains/antiqueweb1/log.php' not found or unable to stat
[Mon Jan 26 03:32:02.863714 2026] [php:error] [pid 92209] [client 45.130.202.40:0] script '/domains/lover/lufix.php' not found or unable to stat
[Mon Jan 26 03:32:02.876256 2026] [php:error] [pid 92271] [client 104.234.32.206:0] script '/domains/antiqueweb1/mail.php' not found or unable to stat
[Mon Jan 26 03:32:02.918010 2026] [php:error] [pid 92271] [client 104.234.32.206:0] script '/domains/antiqueweb1/lufix.php' not found or unable to stat
[Mon Jan 26 03:32:02.949745 2026] [php:error] [pid 92271] [client 104.234.32.206:0] script '/domains/antiqueweb1/doc.php' not found or unable to stat
[Mon Jan 26 03:32:02.977701 2026] [php:error] [pid 92271] [client 104.234.32.206:0] script '/domains/antiqueweb1/bak.php' not found or unable to stat
[Mon Jan 26 03:32:03.009947 2026] [php:error] [pid 92271] [client 104.234.32.206:0] script '/domains/antiqueweb1/content.php' not found or unable to stat
[Mon Jan 26 03:32:03.064035 2026] [php:error] [pid 92271] [client 104.234.32.206:0] script '/domains/antiqueweb1/upfile.php' not found or unable to stat
[Mon Jan 26 03:32:03.105922 2026] [php:error] [pid 92271] [client 104.234.32.206:0] script '/domains/antiqueweb1/wp.php' not found or unable to stat
[Mon Jan 26 03:32:03.135999 2026] [php:error] [pid 92271] [client 104.234.32.206:0] script '/domains/antiqueweb1/bypass.php' not found or unable to stat
[Mon Jan 26 03:32:03.163441 2026] [php:error] [pid 92271] [client 104.234.32.206:0] script '/domains/antiqueweb1/wp-activate.php' not found or unable to stat
[Mon Jan 26 03:32:03.213664 2026] [php:error] [pid 92271] [client 104.234.32.206:0] script '/domains/antiqueweb1/updates.php' not found or unable to stat
[Mon Jan 26 03:32:03.257467 2026] [php:error] [pid 92271] [client 104.234.32.206:0] script '/domains/antiqueweb1/radio.php' not found or unable to stat
[Mon Jan 26 03:32:03.279221 2026] [php:error] [pid 92209] [client 45.130.202.40:0] script '/domains/lover/doc.php' not found or unable to stat
[Mon Jan 26 03:32:03.292467 2026] [php:error] [pid 92271] [client 104.234.32.206:0] script '/domains/antiqueweb1/plugins.php' not found or unable to stat
[Mon Jan 26 03:32:03.338556 2026] [php:error] [pid 92271] [client 104.234.32.206:0] script '/domains/antiqueweb1/xmrlpc.php' not found or unable to stat
[Mon Jan 26 03:32:03.380621 2026] [php:error] [pid 92271] [client 104.234.32.206:0] script '/domains/antiqueweb1/ae.php' not found or unable to stat
[Mon Jan 26 03:32:03.412304 2026] [php:error] [pid 92271] [client 104.234.32.206:0] script '/domains/antiqueweb1/moon.php' not found or unable to stat
[Mon Jan 26 03:32:03.414153 2026] [php:error] [pid 92209] [client 45.130.202.40:0] script '/domains/lover/bak.php' not found or unable to stat
[Mon Jan 26 03:32:03.448504 2026] [php:error] [pid 92271] [client 104.234.32.206:0] script '/domains/antiqueweb1/blog.php' not found or unable to stat
[Mon Jan 26 03:32:03.477788 2026] [php:error] [pid 92271] [client 104.234.32.206:0] script '/domains/antiqueweb1/themes.php' not found or unable to stat
[Mon Jan 26 03:32:03.511187 2026] [php:error] [pid 92271] [client 104.234.32.206:0] script '/domains/antiqueweb1/ini.php' not found or unable to stat
[Mon Jan 26 03:32:03.534403 2026] [php:error] [pid 92209] [client 45.130.202.40:0] script '/domains/lover/content.php' not found or unable to stat
[Mon Jan 26 03:32:03.537520 2026] [php:error] [pid 92271] [client 104.234.32.206:0] script '/domains/antiqueweb1/as.php' not found or unable to stat
[Mon Jan 26 03:32:03.574059 2026] [php:error] [pid 92271] [client 104.234.32.206:0] script '/domains/antiqueweb1/shell.php' not found or unable to stat
[Mon Jan 26 03:32:03.609546 2026] [php:error] [pid 92271] [client 104.234.32.206:0] script '/domains/antiqueweb1/ws.php' not found or unable to stat
[Mon Jan 26 03:32:03.640629 2026] [php:error] [pid 92209] [client 45.130.202.40:0] script '/domains/lover/upfile.php' not found or unable to stat
[Mon Jan 26 03:32:03.644584 2026] [php:error] [pid 92271] [client 104.234.32.206:0] script '/domains/antiqueweb1/makeasmtp.php' not found or unable to stat
[Mon Jan 26 03:32:03.684131 2026] [php:error] [pid 92271] [client 104.234.32.206:0] script '/domains/antiqueweb1/wp-sigunq.php' not found or unable to stat
[Mon Jan 26 03:32:03.719485 2026] [php:error] [pid 92271] [client 104.234.32.206:0] script '/domains/antiqueweb1/wso112233.php' not found or unable to stat
[Mon Jan 26 03:32:03.759201 2026] [php:error] [pid 92209] [client 45.130.202.40:0] script '/domains/lover/wp.php' not found or unable to stat
[Mon Jan 26 03:32:03.761586 2026] [php:error] [pid 92271] [client 104.234.32.206:0] script '/domains/antiqueweb1/wp-atom.php' not found or unable to stat
[Mon Jan 26 03:32:03.790519 2026] [php:error] [pid 92271] [client 104.234.32.206:0] script '/domains/antiqueweb1/alfanew.php' not found or unable to stat
[Mon Jan 26 03:32:03.821732 2026] [php:error] [pid 92271] [client 104.234.32.206:0] script '/domains/antiqueweb1/fw.php' not found or unable to stat
[Mon Jan 26 03:32:03.863982 2026] [php:error] [pid 92271] [client 104.234.32.206:0] script '/domains/antiqueweb1/install.php' not found or unable to stat
[Mon Jan 26 03:32:03.875189 2026] [php:error] [pid 92209] [client 45.130.202.40:0] script '/domains/lover/bypass.php' not found or unable to stat
[Mon Jan 26 03:32:03.905841 2026] [php:error] [pid 92271] [client 104.234.32.206:0] script '/domains/antiqueweb1/wp-login.php' not found or unable to stat
[Mon Jan 26 03:32:03.972956 2026] [php:error] [pid 92271] [client 104.234.32.206:0] script '/domains/antiqueweb1/XxX.php' not found or unable to stat
[Mon Jan 26 03:32:03.982206 2026] [php:error] [pid 92209] [client 45.130.202.40:0] script '/domains/lover/wp-activate.php' not found or unable to stat
[Mon Jan 26 03:32:04.003781 2026] [php:error] [pid 92271] [client 104.234.32.206:0] script '/domains/antiqueweb1/Marvins.php' not found or unable to stat
[Mon Jan 26 03:32:04.067714 2026] [php:error] [pid 92271] [client 104.234.32.206:0] script '/domains/antiqueweb1/olux.php' not found or unable to stat
[Mon Jan 26 03:32:04.091942 2026] [php:error] [pid 92209] [client 45.130.202.40:0] script '/domains/lover/updates.php' not found or unable to stat
[Mon Jan 26 03:32:04.116119 2026] [php:error] [pid 92271] [client 104.234.32.206:0] script '/domains/antiqueweb1/wso.php' not found or unable to stat
[Mon Jan 26 03:32:04.203114 2026] [php:error] [pid 92209] [client 45.130.202.40:0] script '/domains/lover/radio.php' not found or unable to stat
[Mon Jan 26 03:32:04.222574 2026] [php:error] [pid 92271] [client 104.234.32.206:0] script '/domains/antiqueweb1/uploader.php' not found or unable to stat
[Mon Jan 26 03:32:04.281017 2026] [php:error] [pid 92271] [client 104.234.32.206:0] script '/domains/antiqueweb1/1337.php' not found or unable to stat
[Mon Jan 26 03:32:04.312158 2026] [php:error] [pid 92271] [client 104.234.32.206:0] script '/domains/antiqueweb1/user.php' not found or unable to stat
[Mon Jan 26 03:32:04.323486 2026] [php:error] [pid 92209] [client 45.130.202.40:0] script '/domains/lover/plugins.php' not found or unable to stat
[Mon Jan 26 03:32:04.338324 2026] [php:error] [pid 92271] [client 104.234.32.206:0] script '/domains/antiqueweb1/wp-info.php' not found or unable to stat
[Mon Jan 26 03:32:04.369537 2026] [php:error] [pid 92271] [client 104.234.32.206:0] script '/domains/antiqueweb1/wxo.php' not found or unable to stat
[Mon Jan 26 03:32:04.433207 2026] [php:error] [pid 92271] [client 104.234.32.206:0] script '/domains/antiqueweb1/amigo.php' not found or unable to stat
[Mon Jan 26 03:32:04.442003 2026] [php:error] [pid 92209] [client 45.130.202.40:0] script '/domains/lover/xmrlpc.php' not found or unable to stat
[Mon Jan 26 03:32:04.474973 2026] [php:error] [pid 92271] [client 104.234.32.206:0] script '/domains/antiqueweb1/yoi.php' not found or unable to stat
[Mon Jan 26 03:32:04.576184 2026] [php:error] [pid 92209] [client 45.130.202.40:0] script '/domains/lover/ae.php' not found or unable to stat
[Mon Jan 26 03:32:04.591879 2026] [php:error] [pid 92271] [client 104.234.32.206:0] script '/domains/antiqueweb1/wp-contentt.php' not found or unable to stat
[Mon Jan 26 03:32:04.664534 2026] [php:error] [pid 92271] [client 104.234.32.206:0] script '/domains/antiqueweb1/we1y8.php' not found or unable to stat
[Mon Jan 26 03:32:04.681209 2026] [php:error] [pid 92209] [client 45.130.202.40:0] script '/domains/lover/moon.php' not found or unable to stat
[Mon Jan 26 03:32:04.800842 2026] [php:error] [pid 92209] [client 45.130.202.40:0] script '/domains/lover/blog.php' not found or unable to stat
[Mon Jan 26 03:32:04.869680 2026] [php:error] [pid 92271] [client 104.234.32.206:0] script '/domains/antiqueweb1/hehe.php' not found or unable to stat
[Mon Jan 26 03:32:04.913613 2026] [php:error] [pid 92271] [client 104.234.32.206:0] script '/domains/antiqueweb1/post-data.php' not found or unable to stat
[Mon Jan 26 03:32:04.921791 2026] [php:error] [pid 92209] [client 45.130.202.40:0] script '/domains/lover/themes.php' not found or unable to stat
[Mon Jan 26 03:32:04.962991 2026] [php:error] [pid 92271] [client 104.234.32.206:0] script '/domains/antiqueweb1/w0.php' not found or unable to stat
[Mon Jan 26 03:32:04.986414 2026] [php:error] [pid 92271] [client 104.234.32.206:0] script '/domains/antiqueweb1/old-index.php' not found or unable to stat
[Mon Jan 26 03:32:05.012415 2026] [php:error] [pid 92271] [client 104.234.32.206:0] script '/domains/antiqueweb1/wsanon.php' not found or unable to stat
[Mon Jan 26 03:32:05.038096 2026] [php:error] [pid 92209] [client 45.130.202.40:0] script '/domains/lover/ini.php' not found or unable to stat
[Mon Jan 26 03:32:05.095095 2026] [php:error] [pid 92271] [client 104.234.32.206:0] script '/domains/antiqueweb1/indo.php' not found or unable to stat
[Mon Jan 26 03:32:05.124404 2026] [php:error] [pid 92271] [client 104.234.32.206:0] script '/domains/antiqueweb1/beence.php' not found or unable to stat
[Mon Jan 26 03:32:05.165250 2026] [php:error] [pid 92209] [client 45.130.202.40:0] script '/domains/lover/as.php' not found or unable to stat
[Mon Jan 26 03:32:05.165395 2026] [php:error] [pid 92271] [client 104.234.32.206:0] script '/domains/antiqueweb1/indosec.php' not found or unable to stat
[Mon Jan 26 03:32:05.205008 2026] [php:error] [pid 92271] [client 104.234.32.206:0] script '/domains/antiqueweb1/archives.php' not found or unable to stat
[Mon Jan 26 03:32:05.231574 2026] [php:error] [pid 92271] [client 104.234.32.206:0] script '/domains/antiqueweb1/po8sa.php' not found or unable to stat
[Mon Jan 26 03:32:05.259019 2026] [php:error] [pid 92271] [client 104.234.32.206:0] script '/domains/antiqueweb1/thesmartestx.php' not found or unable to stat
[Mon Jan 26 03:32:05.281633 2026] [php:error] [pid 92271] [client 104.234.32.206:0] script '/domains/antiqueweb1/zcanp.php' not found or unable to stat
[Mon Jan 26 03:32:05.298878 2026] [php:error] [pid 92209] [client 45.130.202.40:0] script '/domains/lover/shell.php' not found or unable to stat
[Mon Jan 26 03:32:05.374541 2026] [php:error] [pid 92252] [client 181.215.65.180:0] script '/domains/antiqueweb1/pvt.php' not found or unable to stat
[Mon Jan 26 03:32:05.403379 2026] [php:error] [pid 92252] [client 181.215.65.180:0] script '/domains/antiqueweb1/shell20211028.php' not found or unable to stat
[Mon Jan 26 03:32:05.418182 2026] [php:error] [pid 92209] [client 45.130.202.40:0] script '/domains/lover/ws.php' not found or unable to stat
[Mon Jan 26 03:32:05.444489 2026] [php:error] [pid 92252] [client 181.215.65.180:0] script '/domains/antiqueweb1/cgi-bin/wp-2019.php' not found or unable to stat
[Mon Jan 26 03:32:05.480220 2026] [php:error] [pid 92252] [client 181.215.65.180:0] script '/domains/antiqueweb1/crypted.php' not found or unable to stat
[Mon Jan 26 03:32:05.512937 2026] [php:error] [pid 92252] [client 181.215.65.180:0] script '/domains/antiqueweb1/h0110w4y.php' not found or unable to stat
[Mon Jan 26 03:32:05.531879 2026] [php:error] [pid 92209] [client 45.130.202.40:0] script '/domains/lover/makeasmtp.php' not found or unable to stat
[Mon Jan 26 03:32:05.556889 2026] [php:error] [pid 92252] [client 181.215.65.180:0] script '/domains/antiqueweb1/vesiw.php' not found or unable to stat
[Mon Jan 26 03:32:05.639013 2026] [php:error] [pid 92252] [client 181.215.65.180:0] script '/domains/antiqueweb1/w.php' not found or unable to stat
[Mon Jan 26 03:32:05.659886 2026] [php:error] [pid 92252] [client 181.215.65.180:0] script '/domains/antiqueweb1/wp-db.php' not found or unable to stat
[Mon Jan 26 03:32:05.660018 2026] [php:error] [pid 92209] [client 45.130.202.40:0] script '/domains/lover/wp-sigunq.php' not found or unable to stat
[Mon Jan 26 03:32:05.773809 2026] [php:error] [pid 92209] [client 45.130.202.40:0] script '/domains/lover/wso112233.php' not found or unable to stat
[Mon Jan 26 03:32:05.776823 2026] [php:error] [pid 92252] [client 181.215.65.180:0] script '/domains/antiqueweb1/lx.php' not found or unable to stat
[Mon Jan 26 03:32:05.799468 2026] [php:error] [pid 92252] [client 181.215.65.180:0] script '/domains/antiqueweb1/tonant.php' not found or unable to stat
[Mon Jan 26 03:32:05.818922 2026] [php:error] [pid 92252] [client 181.215.65.180:0] script '/domains/antiqueweb1/f0x.php' not found or unable to stat
[Mon Jan 26 03:32:05.842678 2026] [php:error] [pid 92252] [client 181.215.65.180:0] script '/domains/antiqueweb1/config.bak.php' not found or unable to stat
[Mon Jan 26 03:32:05.878167 2026] [php:error] [pid 92252] [client 181.215.65.180:0] script '/domains/antiqueweb1/bypass403.php' not found or unable to stat
[Mon Jan 26 03:32:05.888732 2026] [php:error] [pid 92209] [client 45.130.202.40:0] script '/domains/lover/wp-atom.php' not found or unable to stat
[Mon Jan 26 03:32:05.911957 2026] [php:error] [pid 92252] [client 181.215.65.180:0] script '/domains/antiqueweb1/adminer.php' not found or unable to stat
[Mon Jan 26 03:32:05.940561 2026] [php:error] [pid 92252] [client 181.215.65.180:0] script '/domains/antiqueweb1/allahnaber.php' not found or unable to stat
[Mon Jan 26 03:32:05.967854 2026] [php:error] [pid 92252] [client 181.215.65.180:0] script '/domains/antiqueweb1/AK-74.php' not found or unable to stat
[Mon Jan 26 03:32:05.999852 2026] [php:error] [pid 92209] [client 45.130.202.40:0] script '/domains/lover/alfanew.php' not found or unable to stat
[Mon Jan 26 03:32:06.005169 2026] [php:error] [pid 92252] [client 181.215.65.180:0] script '/domains/antiqueweb1/alfa3.php' not found or unable to stat
[Mon Jan 26 03:32:06.028400 2026] [php:error] [pid 92252] [client 181.215.65.180:0] script '/domains/antiqueweb1/alfaindex.php' not found or unable to stat
