[Mon Jan 26 01:15:22.962670 2026] [php:error] [pid 67931] [client 20.70.170.217:0] script '/domains/thuebner/wpc.php' not found or unable to stat
[Mon Jan 26 01:15:25.017441 2026] [php:error] [pid 67931] [client 20.70.170.217:0] script '/domains/thuebner/goods.php' not found or unable to stat
[Mon Jan 26 01:15:25.425769 2026] [php:error] [pid 67931] [client 20.70.170.217:0] script '/domains/thuebner/admin.php' not found or unable to stat
[Mon Jan 26 01:15:25.631556 2026] [php:error] [pid 67931] [client 20.70.170.217:0] script '/domains/thuebner/ioxi-o.php' not found or unable to stat
[Mon Jan 26 01:15:25.834853 2026] [php:error] [pid 67931] [client 20.70.170.217:0] script '/domains/thuebner/about.php' not found or unable to stat
[Mon Jan 26 01:15:26.045742 2026] [php:error] [pid 67931] [client 20.70.170.217:0] script '/domains/thuebner/file.php' not found or unable to stat
[Mon Jan 26 01:15:26.251099 2026] [php:error] [pid 67931] [client 20.70.170.217:0] script '/domains/thuebner/bolt.php' not found or unable to stat
[Mon Jan 26 01:15:26.464285 2026] [php:error] [pid 67931] [client 20.70.170.217:0] script '/domains/thuebner/term.php' not found or unable to stat
[Mon Jan 26 01:15:26.685144 2026] [php:error] [pid 67931] [client 20.70.170.217:0] script '/domains/thuebner/0.php' not found or unable to stat
[Mon Jan 26 01:15:26.894571 2026] [php:error] [pid 67931] [client 20.70.170.217:0] script '/domains/thuebner/07.php' not found or unable to stat
[Mon Jan 26 01:15:27.098550 2026] [php:error] [pid 67931] [client 20.70.170.217:0] script '/domains/thuebner/1.php' not found or unable to stat
[Mon Jan 26 01:15:27.304082 2026] [php:error] [pid 67931] [client 20.70.170.217:0] script '/domains/thuebner/123.php' not found or unable to stat
[Mon Jan 26 01:15:27.512521 2026] [php:error] [pid 67931] [client 20.70.170.217:0] script '/domains/thuebner/aa.php' not found or unable to stat
[Mon Jan 26 01:15:27.722389 2026] [php:error] [pid 67931] [client 20.70.170.217:0] script '/domains/thuebner/abcd.php' not found or unable to stat
[Mon Jan 26 01:15:27.925238 2026] [php:error] [pid 67931] [client 20.70.170.217:0] script '/domains/thuebner/about.php' not found or unable to stat
[Mon Jan 26 01:15:28.131638 2026] [php:error] [pid 67931] [client 20.70.170.217:0] script '/domains/thuebner/admin.php' not found or unable to stat
[Mon Jan 26 01:15:28.334637 2026] [php:error] [pid 67931] [client 20.70.170.217:0] script '/domains/thuebner/adminfuns.php' not found or unable to stat
[Mon Jan 26 01:15:28.547451 2026] [php:error] [pid 67931] [client 20.70.170.217:0] script '/domains/thuebner/akc.php' not found or unable to stat
[Mon Jan 26 01:15:28.750449 2026] [php:error] [pid 67931] [client 20.70.170.217:0] script '/domains/thuebner/akcc.php' not found or unable to stat
[Mon Jan 26 01:15:28.956608 2026] [php:error] [pid 67931] [client 20.70.170.217:0] script '/domains/thuebner/asasx.php' not found or unable to stat
[Mon Jan 26 01:15:29.159461 2026] [php:error] [pid 67931] [client 20.70.170.217:0] script '/domains/thuebner/asd.php' not found or unable to stat
[Mon Jan 26 01:15:29.362531 2026] [php:error] [pid 67931] [client 20.70.170.217:0] script '/domains/thuebner/atomlib.php' not found or unable to stat
[Mon Jan 26 01:15:29.565745 2026] [php:error] [pid 67931] [client 20.70.170.217:0] script '/domains/thuebner/autoload_classmap.php' not found or unable to stat
[Mon Jan 26 01:15:29.782675 2026] [php:error] [pid 67931] [client 20.70.170.217:0] script '/domains/thuebner/axx.php' not found or unable to stat
[Mon Jan 26 01:15:29.987849 2026] [php:error] [pid 67931] [client 20.70.170.217:0] script '/domains/thuebner/build.php' not found or unable to stat
[Mon Jan 26 01:15:30.192521 2026] [php:error] [pid 67931] [client 20.70.170.217:0] script '/domains/thuebner/buy.php' not found or unable to stat
[Mon Jan 26 01:15:30.395663 2026] [php:error] [pid 67931] [client 20.70.170.217:0] script '/domains/thuebner/checkbox.php' not found or unable to stat
[Mon Jan 26 01:15:30.598763 2026] [php:error] [pid 67931] [client 20.70.170.217:0] script '/domains/thuebner/chosen.php' not found or unable to stat
[Mon Jan 26 01:15:30.802998 2026] [php:error] [pid 67931] [client 20.70.170.217:0] script '/domains/thuebner/classwithtostring.php' not found or unable to stat
[Mon Jan 26 01:15:31.017691 2026] [php:error] [pid 67931] [client 20.70.170.217:0] script '/domains/thuebner/cong.php' not found or unable to stat
[Mon Jan 26 01:15:31.236909 2026] [php:error] [pid 67931] [client 20.70.170.217:0] script '/domains/thuebner/css.php' not found or unable to stat
[Mon Jan 26 01:15:31.448549 2026] [php:error] [pid 67931] [client 20.70.170.217:0] script '/domains/thuebner/default.php' not found or unable to stat
[Mon Jan 26 01:15:31.653307 2026] [php:error] [pid 67931] [client 20.70.170.217:0] script '/domains/thuebner/dropdown.php' not found or unable to stat
[Mon Jan 26 01:15:31.872305 2026] [php:error] [pid 67931] [client 20.70.170.217:0] script '/domains/thuebner/ds.php' not found or unable to stat
[Mon Jan 26 01:15:32.091655 2026] [php:error] [pid 67931] [client 20.70.170.217:0] script '/domains/thuebner/edit.php' not found or unable to stat
[Mon Jan 26 01:15:32.316268 2026] [php:error] [pid 67931] [client 20.70.170.217:0] script '/domains/thuebner/f5.php' not found or unable to stat
[Mon Jan 26 01:15:32.520070 2026] [php:error] [pid 67931] [client 20.70.170.217:0] script '/domains/thuebner/file.php' not found or unable to stat
[Mon Jan 26 01:15:32.723325 2026] [php:error] [pid 67931] [client 20.70.170.217:0] script '/domains/thuebner/file2.php' not found or unable to stat
[Mon Jan 26 01:15:32.934910 2026] [php:error] [pid 67931] [client 20.70.170.217:0] script '/domains/thuebner/file4.php' not found or unable to stat
[Mon Jan 26 01:15:33.138811 2026] [php:error] [pid 67931] [client 20.70.170.217:0] script '/domains/thuebner/flower.php' not found or unable to stat
[Mon Jan 26 01:15:33.364564 2026] [php:error] [pid 67931] [client 20.70.170.217:0] script '/domains/thuebner/form.php' not found or unable to stat
[Mon Jan 26 01:15:33.580215 2026] [php:error] [pid 67931] [client 20.70.170.217:0] script '/domains/thuebner/gecko-new.php' not found or unable to stat
[Mon Jan 26 01:15:33.792014 2026] [php:error] [pid 67931] [client 20.70.170.217:0] script '/domains/thuebner/god4m.php' not found or unable to stat
[Mon Jan 26 01:15:33.996939 2026] [php:error] [pid 67931] [client 20.70.170.217:0] script '/domains/thuebner/info.php' not found or unable to stat
[Mon Jan 26 01:15:34.208692 2026] [php:error] [pid 67931] [client 20.70.170.217:0] script '/domains/thuebner/kyami.php' not found or unable to stat
[Mon Jan 26 01:15:34.411877 2026] [php:error] [pid 67931] [client 20.70.170.217:0] script '/domains/thuebner/makeasmtp.php' not found or unable to stat
[Mon Jan 26 01:15:34.615219 2026] [php:error] [pid 67931] [client 20.70.170.217:0] script '/domains/thuebner/mari.php' not found or unable to stat
[Mon Jan 26 01:15:34.818433 2026] [php:error] [pid 67931] [client 20.70.170.217:0] script '/domains/thuebner/moon.php' not found or unable to stat
[Mon Jan 26 01:15:35.033030 2026] [php:error] [pid 67931] [client 20.70.170.217:0] script '/domains/thuebner/nc4.php' not found or unable to stat
[Mon Jan 26 01:15:35.251759 2026] [php:error] [pid 67931] [client 20.70.170.217:0] script '/domains/thuebner/new.php' not found or unable to stat
[Mon Jan 26 01:15:35.455804 2026] [php:error] [pid 67931] [client 20.70.170.217:0] script '/domains/thuebner/test1.php' not found or unable to stat
[Mon Jan 26 01:15:35.661324 2026] [php:error] [pid 67931] [client 20.70.170.217:0] script '/domains/thuebner/wp-activate.php' not found or unable to stat
[Mon Jan 26 01:15:35.864237 2026] [php:error] [pid 67931] [client 20.70.170.217:0] script '/domains/thuebner/wp-admin.php' not found or unable to stat
[Mon Jan 26 01:15:36.075033 2026] [php:error] [pid 67931] [client 20.70.170.217:0] script '/domains/thuebner/wp-good.php' not found or unable to stat
[Mon Jan 26 01:15:36.290658 2026] [php:error] [pid 67931] [client 20.70.170.217:0] script '/domains/thuebner/wp-trackback.php' not found or unable to stat
[Mon Jan 26 01:15:36.493802 2026] [php:error] [pid 67931] [client 20.70.170.217:0] script '/domains/thuebner/xmlrpc.php' not found or unable to stat
[Mon Jan 26 01:15:36.700416 2026] [php:error] [pid 67931] [client 20.70.170.217:0] script '/domains/thuebner/xmrlpc.php' not found or unable to stat
[Mon Jan 26 01:17:00.450885 2026] [php:error] [pid 67942] [client 4.194.217.214:0] script '/domains/system_default/rrr.php' not found or unable to stat
[Mon Jan 26 01:17:00.681395 2026] [php:error] [pid 67942] [client 4.194.217.214:0] script '/domains/system_default/as.php' not found or unable to stat
[Mon Jan 26 01:17:00.901111 2026] [php:error] [pid 67942] [client 4.194.217.214:0] script '/domains/system_default/bless.php' not found or unable to stat
[Mon Jan 26 01:17:01.123252 2026] [php:error] [pid 67942] [client 4.194.217.214:0] script '/domains/system_default/style.php' not found or unable to stat
[Mon Jan 26 01:17:01.343549 2026] [php:error] [pid 67942] [client 4.194.217.214:0] script '/domains/system_default/cwclass.php' not found or unable to stat
[Mon Jan 26 01:17:01.563282 2026] [php:error] [pid 67942] [client 4.194.217.214:0] script '/domains/system_default/goods.php' not found or unable to stat
[Mon Jan 26 01:17:01.785332 2026] [php:error] [pid 67942] [client 4.194.217.214:0] script '/domains/system_default/0x.php' not found or unable to stat
[Mon Jan 26 01:17:02.225870 2026] [php:error] [pid 67942] [client 4.194.217.214:0] script '/domains/system_default/404.php' not found or unable to stat
[Mon Jan 26 01:17:02.446690 2026] [php:error] [pid 67942] [client 4.194.217.214:0] script '/domains/system_default/goomaogm.php' not found or unable to stat
[Mon Jan 26 01:17:02.666382 2026] [php:error] [pid 67942] [client 4.194.217.214:0] script '/domains/system_default/Dede.php' not found or unable to stat
[Mon Jan 26 01:17:02.955695 2026] [php:error] [pid 67942] [client 4.194.217.214:0] script '/domains/system_default/dichku.php' not found or unable to stat
[Mon Jan 26 01:17:03.176528 2026] [php:error] [pid 67942] [client 4.194.217.214:0] script '/domains/system_default/h2a2ck.php' not found or unable to stat
[Mon Jan 26 01:17:03.396371 2026] [php:error] [pid 67942] [client 4.194.217.214:0] script '/domains/system_default/yr.PHP' not found or unable to stat
[Mon Jan 26 01:17:03.615637 2026] [php:error] [pid 67942] [client 4.194.217.214:0] script '/domains/system_default/Mks3.PhP' not found or unable to stat
[Mon Jan 26 01:17:03.837782 2026] [php:error] [pid 67942] [client 4.194.217.214:0] script '/domains/system_default/222.php' not found or unable to stat
[Mon Jan 26 01:17:04.057742 2026] [php:error] [pid 67942] [client 4.194.217.214:0] script '/domains/system_default/ty226.php' not found or unable to stat
[Mon Jan 26 01:17:04.282940 2026] [php:error] [pid 67942] [client 4.194.217.214:0] script '/domains/system_default/webadmin.php' not found or unable to stat
[Mon Jan 26 01:17:04.552888 2026] [php:error] [pid 67942] [client 4.194.217.214:0] script '/domains/system_default/pn.php' not found or unable to stat
[Mon Jan 26 01:17:04.843267 2026] [php:error] [pid 67942] [client 4.194.217.214:0] script '/domains/system_default/classwithtostring.php' not found or unable to stat
[Mon Jan 26 01:17:05.106683 2026] [php:error] [pid 67942] [client 4.194.217.214:0] script '/domains/system_default/img.php' not found or unable to stat
[Mon Jan 26 01:17:05.349854 2026] [php:error] [pid 67942] [client 4.194.217.214:0] script '/domains/system_default/ioxi-o.php' not found or unable to stat
[Mon Jan 26 01:17:05.587994 2026] [php:error] [pid 67942] [client 4.194.217.214:0] script '/domains/system_default/hans.php' not found or unable to stat
[Mon Jan 26 01:17:06.038281 2026] [php:error] [pid 67942] [client 4.194.217.214:0] script '/domains/system_default/wp-ana.php' not found or unable to stat
[Mon Jan 26 01:17:06.257986 2026] [php:error] [pid 67942] [client 4.194.217.214:0] script '/domains/system_default/info.php' not found or unable to stat
[Mon Jan 26 01:17:06.482425 2026] [php:error] [pid 67942] [client 4.194.217.214:0] script '/domains/system_default/tx1.php' not found or unable to stat
[Mon Jan 26 01:17:06.702277 2026] [php:error] [pid 67942] [client 4.194.217.214:0] script '/domains/system_default/lv.php' not found or unable to stat
[Mon Jan 26 01:17:06.921546 2026] [php:error] [pid 67942] [client 4.194.217.214:0] script '/domains/system_default/ccou.php' not found or unable to stat
[Mon Jan 26 01:17:07.142814 2026] [php:error] [pid 67942] [client 4.194.217.214:0] script '/domains/system_default/wsd.php' not found or unable to stat
[Mon Jan 26 01:17:07.365849 2026] [php:error] [pid 67942] [client 4.194.217.214:0] script '/domains/system_default/yvxhx.php' not found or unable to stat
[Mon Jan 26 01:17:07.594143 2026] [php:error] [pid 67942] [client 4.194.217.214:0] script '/domains/system_default/wp-good.php' not found or unable to stat
[Mon Jan 26 01:17:07.814442 2026] [php:error] [pid 67942] [client 4.194.217.214:0] script '/domains/system_default/qing2.php' not found or unable to stat
[Mon Jan 26 01:17:08.037526 2026] [php:error] [pid 67942] [client 4.194.217.214:0] script '/domains/system_default/doo.php' not found or unable to stat
[Mon Jan 26 01:17:08.256792 2026] [php:error] [pid 67942] [client 4.194.217.214:0] script '/domains/system_default/moon.php' not found or unable to stat
[Mon Jan 26 01:17:08.476153 2026] [php:error] [pid 67942] [client 4.194.217.214:0] script '/domains/system_default/buy.php' not found or unable to stat
[Mon Jan 26 01:17:08.695549 2026] [php:error] [pid 67942] [client 4.194.217.214:0] script '/domains/system_default/9v6.php' not found or unable to stat
[Mon Jan 26 01:17:08.915421 2026] [php:error] [pid 67942] [client 4.194.217.214:0] script '/domains/system_default/dbc.php' not found or unable to stat
[Mon Jan 26 01:17:09.141895 2026] [php:error] [pid 67942] [client 4.194.217.214:0] script '/domains/system_default/log.php' not found or unable to stat
[Mon Jan 26 01:17:09.376076 2026] [php:error] [pid 67942] [client 4.194.217.214:0] script '/domains/system_default/1.php' not found or unable to stat
[Mon Jan 26 01:17:09.596950 2026] [php:error] [pid 67942] [client 4.194.217.214:0] script '/domains/system_default/ws36.php' not found or unable to stat
[Mon Jan 26 01:17:09.816112 2026] [php:error] [pid 67942] [client 4.194.217.214:0] script '/domains/system_default/file.php' not found or unable to stat
[Mon Jan 26 01:17:10.035254 2026] [php:error] [pid 67942] [client 4.194.217.214:0] script '/domains/system_default/rh.php' not found or unable to stat
[Mon Jan 26 01:17:10.254493 2026] [php:error] [pid 67942] [client 4.194.217.214:0] script '/domains/system_default/ova.php' not found or unable to stat
[Mon Jan 26 01:17:10.483916 2026] [php:error] [pid 67942] [client 4.194.217.214:0] script '/domains/system_default/siteheads.php' not found or unable to stat
[Mon Jan 26 01:17:10.703505 2026] [php:error] [pid 67942] [client 4.194.217.214:0] script '/domains/system_default/wp-links.php' not found or unable to stat
[Mon Jan 26 01:17:10.934658 2026] [php:error] [pid 67942] [client 4.194.217.214:0] script '/domains/system_default/zer.php' not found or unable to stat
[Mon Jan 26 01:17:11.161788 2026] [php:error] [pid 67942] [client 4.194.217.214:0] script '/domains/system_default/sid3.php' not found or unable to stat
[Mon Jan 26 01:17:11.380987 2026] [php:error] [pid 67942] [client 4.194.217.214:0] script '/domains/system_default/tinyfilemanager.php' not found or unable to stat
[Mon Jan 26 01:17:11.600283 2026] [php:error] [pid 67942] [client 4.194.217.214:0] script '/domains/system_default/galex.php' not found or unable to stat
[Mon Jan 26 01:17:11.819761 2026] [php:error] [pid 67942] [client 4.194.217.214:0] script '/domains/system_default/abcd.php' not found or unable to stat
[Mon Jan 26 01:17:12.039572 2026] [php:error] [pid 67942] [client 4.194.217.214:0] script '/domains/system_default/ant.php' not found or unable to stat
[Mon Jan 26 01:17:12.267443 2026] [php:error] [pid 67942] [client 4.194.217.214:0] script '/domains/system_default/O-Simple.php' not found or unable to stat
[Mon Jan 26 01:17:12.487484 2026] [php:error] [pid 67942] [client 4.194.217.214:0] script '/domains/system_default/0o0.php' not found or unable to stat
[Mon Jan 26 01:17:12.707150 2026] [php:error] [pid 67942] [client 4.194.217.214:0] script '/domains/system_default/gtc.php' not found or unable to stat
[Mon Jan 26 01:17:12.933859 2026] [php:error] [pid 67942] [client 4.194.217.214:0] script '/domains/system_default/content.php' not found or unable to stat
[Mon Jan 26 01:17:13.164888 2026] [php:error] [pid 67942] [client 4.194.217.214:0] script '/domains/system_default/support.php' not found or unable to stat
[Mon Jan 26 01:17:13.384096 2026] [php:error] [pid 67942] [client 4.194.217.214:0] script '/domains/system_default/styles.php' not found or unable to stat
[Mon Jan 26 01:17:13.603752 2026] [php:error] [pid 67942] [client 4.194.217.214:0] script '/domains/system_default/403.php' not found or unable to stat
[Mon Jan 26 01:17:14.047485 2026] [php:error] [pid 67942] [client 4.194.217.214:0] script '/domains/system_default/class.api.php' not found or unable to stat
[Mon Jan 26 01:17:14.266798 2026] [php:error] [pid 67942] [client 4.194.217.214:0] script '/domains/system_default/az.php' not found or unable to stat
[Mon Jan 26 01:17:14.486009 2026] [php:error] [pid 67942] [client 4.194.217.214:0] script '/domains/system_default/155.php' not found or unable to stat
[Mon Jan 26 01:17:14.706054 2026] [php:error] [pid 67942] [client 4.194.217.214:0] script '/domains/system_default/oo.php' not found or unable to stat
[Mon Jan 26 01:17:14.926411 2026] [php:error] [pid 67942] [client 4.194.217.214:0] script '/domains/system_default/vx.php' not found or unable to stat
[Mon Jan 26 01:17:15.145652 2026] [php:error] [pid 67942] [client 4.194.217.214:0] script '/domains/system_default/geck.php' not found or unable to stat
[Mon Jan 26 01:17:15.365114 2026] [php:error] [pid 67942] [client 4.194.217.214:0] script '/domains/system_default/to.php' not found or unable to stat
[Mon Jan 26 01:17:15.584514 2026] [php:error] [pid 67942] [client 4.194.217.214:0] script '/domains/system_default/horeg.php' not found or unable to stat
[Mon Jan 26 01:17:15.803926 2026] [php:error] [pid 67942] [client 4.194.217.214:0] script '/domains/system_default/wen.php' not found or unable to stat
[Mon Jan 26 01:17:16.023246 2026] [php:error] [pid 67942] [client 4.194.217.214:0] script '/domains/system_default/menu.php' not found or unable to stat
[Mon Jan 26 01:17:16.242522 2026] [php:error] [pid 67942] [client 4.194.217.214:0] script '/domains/system_default/sfudq.php' not found or unable to stat
[Mon Jan 26 01:17:16.462285 2026] [php:error] [pid 67942] [client 4.194.217.214:0] script '/domains/system_default/file2.php' not found or unable to stat
[Mon Jan 26 01:17:16.686729 2026] [php:error] [pid 67942] [client 4.194.217.214:0] script '/domains/system_default/wp-22.php' not found or unable to stat
[Mon Jan 26 01:17:16.906118 2026] [php:error] [pid 67942] [client 4.194.217.214:0] script '/domains/system_default/asx.php' not found or unable to stat
[Mon Jan 26 01:17:17.125847 2026] [php:error] [pid 67942] [client 4.194.217.214:0] script '/domains/system_default/xa.php' not found or unable to stat
[Mon Jan 26 01:17:17.348450 2026] [php:error] [pid 67942] [client 4.194.217.214:0] script '/domains/system_default/dox.php' not found or unable to stat
[Mon Jan 26 01:17:17.569603 2026] [php:error] [pid 67942] [client 4.194.217.214:0] script '/domains/system_default/size.php' not found or unable to stat
[Mon Jan 26 01:17:17.803317 2026] [php:error] [pid 67942] [client 4.194.217.214:0] script '/domains/system_default/ng.php' not found or unable to stat
[Mon Jan 26 01:17:18.022977 2026] [php:error] [pid 67942] [client 4.194.217.214:0] script '/domains/system_default/a2.php' not found or unable to stat
[Mon Jan 26 01:17:18.242194 2026] [php:error] [pid 67942] [client 4.194.217.214:0] script '/domains/system_default/page.php' not found or unable to stat
[Mon Jan 26 01:17:18.461399 2026] [php:error] [pid 67942] [client 4.194.217.214:0] script '/domains/system_default/z60.php' not found or unable to stat
[Mon Jan 26 01:17:18.680435 2026] [php:error] [pid 67942] [client 4.194.217.214:0] script '/domains/system_default/sf.php' not found or unable to stat
[Mon Jan 26 01:17:18.907271 2026] [php:error] [pid 67942] [client 4.194.217.214:0] script '/domains/system_default/qual.php' not found or unable to stat
[Mon Jan 26 01:17:19.126597 2026] [php:error] [pid 67942] [client 4.194.217.214:0] script '/domains/system_default/12.php' not found or unable to stat
[Mon Jan 26 01:17:19.346025 2026] [php:error] [pid 67942] [client 4.194.217.214:0] script '/domains/system_default/s.php' not found or unable to stat
[Mon Jan 26 01:17:19.565283 2026] [php:error] [pid 67942] [client 4.194.217.214:0] script '/domains/system_default/cong.php' not found or unable to stat
[Mon Jan 26 01:17:19.785190 2026] [php:error] [pid 67942] [client 4.194.217.214:0] script '/domains/system_default/simple.php' not found or unable to stat
[Mon Jan 26 01:17:20.004298 2026] [php:error] [pid 67942] [client 4.194.217.214:0] script '/domains/system_default/11.php' not found or unable to stat
[Mon Jan 26 01:17:20.666989 2026] [php:error] [pid 67942] [client 4.194.217.214:0] script '/domains/system_default/upl.php' not found or unable to stat
[Mon Jan 26 01:17:20.911847 2026] [php:error] [pid 67942] [client 4.194.217.214:0] script '/domains/system_default/past.php' not found or unable to stat
[Mon Jan 26 01:17:21.131218 2026] [php:error] [pid 67942] [client 4.194.217.214:0] script '/domains/system_default/revision.php' not found or unable to stat
[Mon Jan 26 01:17:21.607667 2026] [php:error] [pid 67942] [client 4.194.217.214:0] script '/domains/system_default/test1.php' not found or unable to stat
[Mon Jan 26 01:17:21.827661 2026] [php:error] [pid 67942] [client 4.194.217.214:0] script '/domains/system_default/massby2.php' not found or unable to stat
[Mon Jan 26 01:17:22.047439 2026] [php:error] [pid 67942] [client 4.194.217.214:0] script '/domains/system_default/doc.php' not found or unable to stat
[Mon Jan 26 01:17:22.266792 2026] [php:error] [pid 67942] [client 4.194.217.214:0] script '/domains/system_default/abc.php' not found or unable to stat
[Mon Jan 26 01:17:22.485955 2026] [php:error] [pid 67942] [client 4.194.217.214:0] script '/domains/system_default/m.php' not found or unable to stat
[Mon Jan 26 01:17:23.160272 2026] [php:error] [pid 67946] [client 4.194.217.214:0] script '/domains/system_default/error.php' not found or unable to stat
[Mon Jan 26 01:17:23.393734 2026] [php:error] [pid 67946] [client 4.194.217.214:0] script '/domains/system_default/ma.php' not found or unable to stat
[Mon Jan 26 01:17:23.626064 2026] [php:error] [pid 67946] [client 4.194.217.214:0] script '/domains/system_default/mh.php' not found or unable to stat
[Mon Jan 26 01:17:23.858841 2026] [php:error] [pid 67946] [client 4.194.217.214:0] script '/domains/system_default/dropdown.php' not found or unable to stat
[Mon Jan 26 01:17:24.090997 2026] [php:error] [pid 67946] [client 4.194.217.214:0] script '/domains/system_default/wp-configs.php' not found or unable to stat
[Mon Jan 26 01:17:24.322930 2026] [php:error] [pid 67946] [client 4.194.217.214:0] script '/domains/system_default/item.php' not found or unable to stat
[Mon Jan 26 01:17:24.555216 2026] [php:error] [pid 67946] [client 4.194.217.214:0] script '/domains/system_default/ws46.php' not found or unable to stat
[Mon Jan 26 01:17:24.787183 2026] [php:error] [pid 67946] [client 4.194.217.214:0] script '/domains/system_default/mini.php' not found or unable to stat
[Mon Jan 26 01:17:25.019148 2026] [php:error] [pid 67946] [client 4.194.217.214:0] script '/domains/system_default/gecko.php' not found or unable to stat
[Mon Jan 26 01:17:25.257876 2026] [php:error] [pid 67946] [client 4.194.217.214:0] script '/domains/system_default/x.php' not found or unable to stat
[Mon Jan 26 01:17:25.491316 2026] [php:error] [pid 67946] [client 4.194.217.214:0] script '/domains/system_default/lala.php' not found or unable to stat
[Mon Jan 26 01:18:33.656001 2026] [php:error] [pid 67957] [client 20.89.56.154:0] script '/domains/wsmith.enteract/ol.php' not found or unable to stat
[Mon Jan 26 01:18:33.820853 2026] [php:error] [pid 67957] [client 20.89.56.154:0] script '/domains/wsmith.enteract/sikma.php' not found or unable to stat
[Mon Jan 26 01:18:33.984919 2026] [php:error] [pid 67957] [client 20.89.56.154:0] script '/domains/wsmith.enteract/rh1.php' not found or unable to stat
[Mon Jan 26 01:18:34.150647 2026] [php:error] [pid 67957] [client 20.89.56.154:0] script '/domains/wsmith.enteract/sid3.php' not found or unable to stat
[Mon Jan 26 01:18:34.313612 2026] [php:error] [pid 67957] [client 20.89.56.154:0] script '/domains/wsmith.enteract/okxh.php' not found or unable to stat
[Mon Jan 26 01:18:34.519865 2026] [php:error] [pid 67957] [client 20.89.56.154:0] script '/domains/wsmith.enteract/krypton.php' not found or unable to stat
[Mon Jan 26 01:18:34.684849 2026] [php:error] [pid 67957] [client 20.89.56.154:0] script '/domains/wsmith.enteract/zoo.php' not found or unable to stat
[Mon Jan 26 01:18:35.017262 2026] [php:error] [pid 67957] [client 20.89.56.154:0] script '/domains/wsmith.enteract/maul.php' not found or unable to stat
[Mon Jan 26 01:18:35.549181 2026] [php:error] [pid 67957] [client 20.89.56.154:0] script '/domains/wsmith.enteract/download.php' not found or unable to stat
[Mon Jan 26 01:18:35.713731 2026] [php:error] [pid 67957] [client 20.89.56.154:0] script '/domains/wsmith.enteract/varb.php' not found or unable to stat
[Mon Jan 26 01:18:36.058432 2026] [php:error] [pid 67957] [client 20.89.56.154:0] script '/domains/wsmith.enteract/tt.php' not found or unable to stat
[Mon Jan 26 01:18:36.227011 2026] [php:error] [pid 67957] [client 20.89.56.154:0] script '/domains/wsmith.enteract/a5e0a.php' not found or unable to stat
[Mon Jan 26 01:18:36.390166 2026] [php:error] [pid 67957] [client 20.89.56.154:0] script '/domains/wsmith.enteract/abc.php' not found or unable to stat
[Mon Jan 26 01:18:36.581575 2026] [php:error] [pid 67957] [client 20.89.56.154:0] script '/domains/wsmith.enteract/55b76.php' not found or unable to stat
[Mon Jan 26 01:18:36.759197 2026] [php:error] [pid 67957] [client 20.89.56.154:0] script '/domains/wsmith.enteract/rzki.php' not found or unable to stat
[Mon Jan 26 01:18:36.947957 2026] [php:error] [pid 67957] [client 20.89.56.154:0] script '/domains/wsmith.enteract/acxx.php' not found or unable to stat
[Mon Jan 26 01:18:37.134445 2026] [php:error] [pid 67957] [client 20.89.56.154:0] script '/domains/wsmith.enteract/d12.php' not found or unable to stat
[Mon Jan 26 01:18:37.297516 2026] [php:error] [pid 67957] [client 20.89.56.154:0] script '/domains/wsmith.enteract/s.php' not found or unable to stat
[Mon Jan 26 01:18:37.465334 2026] [php:error] [pid 67957] [client 20.89.56.154:0] script '/domains/wsmith.enteract/error_log.php' not found or unable to stat
[Mon Jan 26 01:18:37.798131 2026] [php:error] [pid 67957] [client 20.89.56.154:0] script '/domains/wsmith.enteract/dox.php' not found or unable to stat
[Mon Jan 26 01:18:37.961446 2026] [php:error] [pid 67957] [client 20.89.56.154:0] script '/domains/wsmith.enteract/ahax.php' not found or unable to stat
[Mon Jan 26 01:18:38.124838 2026] [php:error] [pid 67957] [client 20.89.56.154:0] script '/domains/wsmith.enteract/lock360.php' not found or unable to stat
[Mon Jan 26 01:18:38.287927 2026] [php:error] [pid 67957] [client 20.89.56.154:0] script '/domains/wsmith.enteract/6kUgr4yGzxN.php' not found or unable to stat
[Mon Jan 26 01:18:38.451042 2026] [php:error] [pid 67957] [client 20.89.56.154:0] script '/domains/wsmith.enteract/wp.php' not found or unable to stat
[Mon Jan 26 01:18:38.633465 2026] [php:error] [pid 67957] [client 20.89.56.154:0] script '/domains/wsmith.enteract/test1.php' not found or unable to stat
[Mon Jan 26 01:18:38.806605 2026] [php:error] [pid 67957] [client 20.89.56.154:0] script '/domains/wsmith.enteract/clss.php' not found or unable to stat
[Mon Jan 26 01:18:38.969817 2026] [php:error] [pid 67957] [client 20.89.56.154:0] script '/domains/wsmith.enteract/44.php' not found or unable to stat
[Mon Jan 26 01:18:39.132824 2026] [php:error] [pid 67957] [client 20.89.56.154:0] script '/domains/wsmith.enteract/ii5file.php' not found or unable to stat
[Mon Jan 26 01:18:39.300444 2026] [php:error] [pid 67957] [client 20.89.56.154:0] script '/domains/wsmith.enteract/ss.php' not found or unable to stat
[Mon Jan 26 01:18:39.488444 2026] [php:error] [pid 67957] [client 20.89.56.154:0] script '/domains/wsmith.enteract/re.php' not found or unable to stat
[Mon Jan 26 01:18:39.665719 2026] [php:error] [pid 67957] [client 20.89.56.154:0] script '/domains/wsmith.enteract/xsas.php' not found or unable to stat
[Mon Jan 26 01:18:39.852727 2026] [php:error] [pid 67957] [client 20.89.56.154:0] script '/domains/wsmith.enteract/asus.php' not found or unable to stat
[Mon Jan 26 01:18:40.018977 2026] [php:error] [pid 67957] [client 20.89.56.154:0] script '/domains/wsmith.enteract/wp-good.php' not found or unable to stat
[Mon Jan 26 01:18:40.216832 2026] [php:error] [pid 67957] [client 20.89.56.154:0] script '/domains/wsmith.enteract/0x.php' not found or unable to stat
[Mon Jan 26 01:18:40.380257 2026] [php:error] [pid 67957] [client 20.89.56.154:0] script '/domains/wsmith.enteract/domains.php' not found or unable to stat
[Mon Jan 26 01:18:40.545177 2026] [php:error] [pid 67957] [client 20.89.56.154:0] script '/domains/wsmith.enteract/wp-goods.php' not found or unable to stat
[Mon Jan 26 01:18:40.708403 2026] [php:error] [pid 67957] [client 20.89.56.154:0] script '/domains/wsmith.enteract/144.php' not found or unable to stat
[Mon Jan 26 01:18:40.871240 2026] [php:error] [pid 67957] [client 20.89.56.154:0] script '/domains/wsmith.enteract/akcc.php' not found or unable to stat
[Mon Jan 26 01:18:41.034645 2026] [php:error] [pid 67957] [client 20.89.56.154:0] script '/domains/wsmith.enteract/vanda.php' not found or unable to stat
[Mon Jan 26 01:18:41.200298 2026] [php:error] [pid 67957] [client 20.89.56.154:0] script '/domains/wsmith.enteract/lib.php' not found or unable to stat
[Mon Jan 26 01:18:41.363879 2026] [php:error] [pid 67957] [client 20.89.56.154:0] script '/domains/wsmith.enteract/zc-104.php' not found or unable to stat
[Mon Jan 26 01:18:41.526931 2026] [php:error] [pid 67957] [client 20.89.56.154:0] script '/domains/wsmith.enteract/zc-729.php' not found or unable to stat
[Mon Jan 26 01:18:41.689891 2026] [php:error] [pid 67957] [client 20.89.56.154:0] script '/domains/wsmith.enteract/bo.php' not found or unable to stat
[Mon Jan 26 01:18:41.852655 2026] [php:error] [pid 67957] [client 20.89.56.154:0] script '/domains/wsmith.enteract/x.php' not found or unable to stat
[Mon Jan 26 01:18:42.015448 2026] [php:error] [pid 67957] [client 20.89.56.154:0] script '/domains/wsmith.enteract/adminfuns.php' not found or unable to stat
[Mon Jan 26 01:18:42.178161 2026] [php:error] [pid 67957] [client 20.89.56.154:0] script '/domains/wsmith.enteract/56c53.php' not found or unable to stat
[Mon Jan 26 01:18:42.352058 2026] [php:error] [pid 67957] [client 20.89.56.154:0] script '/domains/wsmith.enteract/FII.php' not found or unable to stat
[Mon Jan 26 01:18:42.515426 2026] [php:error] [pid 67957] [client 20.89.56.154:0] script '/domains/wsmith.enteract/wp-ac.php' not found or unable to stat
[Mon Jan 26 01:18:42.679025 2026] [php:error] [pid 67957] [client 20.89.56.154:0] script '/domains/wsmith.enteract/atex1.php' not found or unable to stat
[Mon Jan 26 01:18:42.843012 2026] [php:error] [pid 67957] [client 20.89.56.154:0] script '/domains/wsmith.enteract/blox.php' not found or unable to stat
[Mon Jan 26 01:18:43.010883 2026] [php:error] [pid 67957] [client 20.89.56.154:0] script '/domains/wsmith.enteract/wp-64wscx6shd.php' not found or unable to stat
[Mon Jan 26 01:18:43.177059 2026] [php:error] [pid 67957] [client 20.89.56.154:0] script '/domains/wsmith.enteract/gecko.php' not found or unable to stat
[Mon Jan 26 01:18:43.339875 2026] [php:error] [pid 67957] [client 20.89.56.154:0] script '/domains/wsmith.enteract/sxx.php' not found or unable to stat
[Mon Jan 26 01:18:43.517895 2026] [php:error] [pid 67957] [client 20.89.56.154:0] script '/domains/wsmith.enteract/mode.php' not found or unable to stat
[Mon Jan 26 01:18:43.700894 2026] [php:error] [pid 67957] [client 20.89.56.154:0] script '/domains/wsmith.enteract/z60.php' not found or unable to stat
[Mon Jan 26 01:18:43.874179 2026] [php:error] [pid 67957] [client 20.89.56.154:0] script '/domains/wsmith.enteract/hehe.php' not found or unable to stat
[Mon Jan 26 01:18:44.038117 2026] [php:error] [pid 67957] [client 20.89.56.154:0] script '/domains/wsmith.enteract/asd.php' not found or unable to stat
[Mon Jan 26 01:18:44.201128 2026] [php:error] [pid 67957] [client 20.89.56.154:0] script '/domains/wsmith.enteract/5b9ac.php' not found or unable to stat
[Mon Jan 26 01:18:44.364923 2026] [php:error] [pid 67957] [client 20.89.56.154:0] script '/domains/wsmith.enteract/k.php' not found or unable to stat
[Mon Jan 26 01:18:44.528372 2026] [php:error] [pid 67957] [client 20.89.56.154:0] script '/domains/wsmith.enteract/edit.php' not found or unable to stat
[Mon Jan 26 01:18:44.702529 2026] [php:error] [pid 67957] [client 20.89.56.154:0] script '/domains/wsmith.enteract/t.php' not found or unable to stat
[Mon Jan 26 01:18:44.886014 2026] [php:error] [pid 67957] [client 20.89.56.154:0] script '/domains/wsmith.enteract/lm15.php' not found or unable to stat
[Mon Jan 26 01:18:45.048844 2026] [php:error] [pid 67957] [client 20.89.56.154:0] script '/domains/wsmith.enteract/6kDPjgFTmvS.php' not found or unable to stat
[Mon Jan 26 01:18:45.211616 2026] [php:error] [pid 67957] [client 20.89.56.154:0] script '/domains/wsmith.enteract/222.php' not found or unable to stat
[Mon Jan 26 01:18:45.375196 2026] [php:error] [pid 67957] [client 20.89.56.154:0] script '/domains/wsmith.enteract/admin836.php' not found or unable to stat
[Mon Jan 26 01:18:45.545311 2026] [php:error] [pid 67957] [client 20.89.56.154:0] script '/domains/wsmith.enteract/sx.php' not found or unable to stat
[Mon Jan 26 01:18:45.708937 2026] [php:error] [pid 67957] [client 20.89.56.154:0] script '/domains/wsmith.enteract/lufix.php' not found or unable to stat
[Mon Jan 26 01:19:38.360096 2026] [php:error] [pid 67964] [client 185.177.72.13:0] script '/domains/awciii/info.php.bak' not found or unable to stat
[Mon Jan 26 01:19:38.455529 2026] [php:error] [pid 67964] [client 185.177.72.13:0] script '/domains/awciii/php-info.php' not found or unable to stat
[Mon Jan 26 01:19:38.550189 2026] [php:error] [pid 67964] [client 185.177.72.13:0] script '/domains/awciii/newinfo.php' not found or unable to stat
[Mon Jan 26 01:19:38.644607 2026] [php:error] [pid 67964] [client 185.177.72.13:0] script '/domains/awciii/siteinfo.php' not found or unable to stat
[Mon Jan 26 01:19:38.739417 2026] [php:error] [pid 67964] [client 185.177.72.13:0] script '/domains/awciii/info.php.1' not found or unable to stat
[Mon Jan 26 01:19:38.928789 2026] [php:error] [pid 67964] [client 185.177.72.13:0] script '/domains/awciii/pageinfo.php' not found or unable to stat
[Mon Jan 26 01:19:39.023586 2026] [php:error] [pid 67964] [client 185.177.72.13:0] script '/domains/awciii/info.php.back' not found or unable to stat
[Mon Jan 26 01:19:39.213751 2026] [php:error] [pid 67964] [client 185.177.72.13:0] script '/domains/awciii/release_info.php' not found or unable to stat
[Mon Jan 26 01:19:39.497973 2026] [php:error] [pid 67964] [client 185.177.72.13:0] script '/domains/awciii/info.php' not found or unable to stat
[Mon Jan 26 01:19:39.782034 2026] [php:error] [pid 67964] [client 185.177.72.13:0] script '/domains/awciii/info.php.save.1' not found or unable to stat
[Mon Jan 26 01:19:39.973428 2026] [php:error] [pid 67964] [client 185.177.72.13:0] script '/domains/awciii/_info.php' not found or unable to stat
[Mon Jan 26 01:19:40.068808 2026] [php:error] [pid 67964] [client 185.177.72.13:0] script '/domains/awciii/admin_phpinfo.php' not found or unable to stat
[Mon Jan 26 01:19:40.165005 2026] [php:error] [pid 67964] [client 185.177.72.13:0] script '/domains/awciii/dbinfo.php' not found or unable to stat
[Mon Jan 26 01:19:40.259452 2026] [php:error] [pid 67964] [client 185.177.72.13:0] script '/domains/awciii/admin_info.php' not found or unable to stat
[Mon Jan 26 01:19:40.448530 2026] [php:error] [pid 67964] [client 185.177.72.13:0] script '/domains/awciii/config.php' not found or unable to stat
[Mon Jan 26 01:19:40.543696 2026] [php:error] [pid 67964] [client 185.177.72.13:0] script '/domains/awciii/phpinfo.php' not found or unable to stat
[Mon Jan 26 01:19:40.639235 2026] [php:error] [pid 67964] [client 185.177.72.13:0] script '/domains/awciii/phpinfo.php.bak' not found or unable to stat
[Mon Jan 26 01:19:40.828757 2026] [php:error] [pid 67964] [client 185.177.72.13:0] script '/domains/awciii/pinfo.php' not found or unable to stat
[Mon Jan 26 01:19:42.099281 2026] [php:error] [pid 67955] [client 20.205.115.105:0] script '/domains/fdcarter/ol.php' not found or unable to stat
[Mon Jan 26 01:19:42.305594 2026] [php:error] [pid 67955] [client 20.205.115.105:0] script '/domains/fdcarter/sikma.php' not found or unable to stat
[Mon Jan 26 01:19:42.517539 2026] [php:error] [pid 67955] [client 20.205.115.105:0] script '/domains/fdcarter/rh1.php' not found or unable to stat
[Mon Jan 26 01:19:42.722899 2026] [php:error] [pid 67965] [client 185.177.72.38:0] script '/domains/markrose/info.php.bak' not found or unable to stat
[Mon Jan 26 01:19:42.723119 2026] [php:error] [pid 67955] [client 20.205.115.105:0] script '/domains/fdcarter/sid3.php' not found or unable to stat
[Mon Jan 26 01:19:42.775746 2026] [php:error] [pid 67956] [client 185.177.72.38:0] script '/domains/markrose/info.php.bak' not found or unable to stat
[Mon Jan 26 01:19:42.815762 2026] [php:error] [pid 67965] [client 185.177.72.38:0] script '/domains/markrose/php-info.php' not found or unable to stat
[Mon Jan 26 01:19:42.866534 2026] [php:error] [pid 67956] [client 185.177.72.38:0] script '/domains/markrose/php-info.php' not found or unable to stat
[Mon Jan 26 01:19:42.908524 2026] [php:error] [pid 67965] [client 185.177.72.38:0] script '/domains/markrose/newinfo.php' not found or unable to stat
[Mon Jan 26 01:19:42.931997 2026] [php:error] [pid 67955] [client 20.205.115.105:0] script '/domains/fdcarter/okxh.php' not found or unable to stat
[Mon Jan 26 01:19:42.957176 2026] [php:error] [pid 67956] [client 185.177.72.38:0] script '/domains/markrose/newinfo.php' not found or unable to stat
[Mon Jan 26 01:19:43.001203 2026] [php:error] [pid 67965] [client 185.177.72.38:0] script '/domains/markrose/siteinfo.php' not found or unable to stat
[Mon Jan 26 01:19:43.047946 2026] [php:error] [pid 67956] [client 185.177.72.38:0] script '/domains/markrose/siteinfo.php' not found or unable to stat
[Mon Jan 26 01:19:43.094001 2026] [php:error] [pid 67965] [client 185.177.72.38:0] script '/domains/markrose/info.php.1' not found or unable to stat
[Mon Jan 26 01:19:43.100503 2026] [php:error] [pid 67964] [client 185.177.72.13:0] script '/domains/awciii/.env.php' not found or unable to stat
[Mon Jan 26 01:19:43.140437 2026] [php:error] [pid 67956] [client 185.177.72.38:0] script '/domains/markrose/info.php.1' not found or unable to stat
[Mon Jan 26 01:19:43.144468 2026] [php:error] [pid 67955] [client 20.205.115.105:0] script '/domains/fdcarter/krypton.php' not found or unable to stat
[Mon Jan 26 01:19:43.279618 2026] [php:error] [pid 67965] [client 185.177.72.38:0] script '/domains/markrose/pageinfo.php' not found or unable to stat
[Mon Jan 26 01:19:43.321845 2026] [php:error] [pid 67956] [client 185.177.72.38:0] script '/domains/markrose/pageinfo.php' not found or unable to stat
[Mon Jan 26 01:19:43.354341 2026] [php:error] [pid 67955] [client 20.205.115.105:0] script '/domains/fdcarter/zoo.php' not found or unable to stat
[Mon Jan 26 01:19:43.372196 2026] [php:error] [pid 67965] [client 185.177.72.38:0] script '/domains/markrose/info.php.back' not found or unable to stat
[Mon Jan 26 01:19:43.412524 2026] [php:error] [pid 67956] [client 185.177.72.38:0] script '/domains/markrose/info.php.back' not found or unable to stat
[Mon Jan 26 01:19:43.557336 2026] [php:error] [pid 67965] [client 185.177.72.38:0] script '/domains/markrose/release_info.php' not found or unable to stat
[Mon Jan 26 01:19:43.593963 2026] [php:error] [pid 67956] [client 185.177.72.38:0] script '/domains/markrose/release_info.php' not found or unable to stat
[Mon Jan 26 01:19:43.767494 2026] [php:error] [pid 67955] [client 20.205.115.105:0] script '/domains/fdcarter/maul.php' not found or unable to stat
[Mon Jan 26 01:19:43.835430 2026] [php:error] [pid 67965] [client 185.177.72.38:0] script '/domains/markrose/info.php' not found or unable to stat
[Mon Jan 26 01:19:43.865597 2026] [php:error] [pid 67956] [client 185.177.72.38:0] script '/domains/markrose/info.php' not found or unable to stat
[Mon Jan 26 01:19:44.116237 2026] [php:error] [pid 67965] [client 185.177.72.38:0] script '/domains/markrose/info.php.save.1' not found or unable to stat
[Mon Jan 26 01:19:44.137446 2026] [php:error] [pid 67956] [client 185.177.72.38:0] script '/domains/markrose/info.php.save.1' not found or unable to stat
[Mon Jan 26 01:19:44.302435 2026] [php:error] [pid 67965] [client 185.177.72.38:0] script '/domains/markrose/_info.php' not found or unable to stat
[Mon Jan 26 01:19:44.319390 2026] [php:error] [pid 67956] [client 185.177.72.38:0] script '/domains/markrose/_info.php' not found or unable to stat
[Mon Jan 26 01:19:44.385218 2026] [php:error] [pid 67955] [client 20.205.115.105:0] script '/domains/fdcarter/download.php' not found or unable to stat
[Mon Jan 26 01:19:44.395060 2026] [php:error] [pid 67965] [client 185.177.72.38:0] script '/domains/markrose/admin_phpinfo.php' not found or unable to stat
[Mon Jan 26 01:19:44.410929 2026] [php:error] [pid 67956] [client 185.177.72.38:0] script '/domains/markrose/admin_phpinfo.php' not found or unable to stat
[Mon Jan 26 01:19:44.487831 2026] [php:error] [pid 67965] [client 185.177.72.38:0] script '/domains/markrose/dbinfo.php' not found or unable to stat
[Mon Jan 26 01:19:44.501509 2026] [php:error] [pid 67956] [client 185.177.72.38:0] script '/domains/markrose/dbinfo.php' not found or unable to stat
[Mon Jan 26 01:19:44.582394 2026] [php:error] [pid 67965] [client 185.177.72.38:0] script '/domains/markrose/admin_info.php' not found or unable to stat
[Mon Jan 26 01:19:44.590776 2026] [php:error] [pid 67955] [client 20.205.115.105:0] script '/domains/fdcarter/varb.php' not found or unable to stat
[Mon Jan 26 01:19:44.592554 2026] [php:error] [pid 67956] [client 185.177.72.38:0] script '/domains/markrose/admin_info.php' not found or unable to stat
[Mon Jan 26 01:19:44.768567 2026] [php:error] [pid 67965] [client 185.177.72.38:0] script '/domains/markrose/config.php' not found or unable to stat
[Mon Jan 26 01:19:44.774742 2026] [php:error] [pid 67956] [client 185.177.72.38:0] script '/domains/markrose/config.php' not found or unable to stat
[Mon Jan 26 01:19:44.861085 2026] [php:error] [pid 67965] [client 185.177.72.38:0] script '/domains/markrose/phpinfo.php' not found or unable to stat
[Mon Jan 26 01:19:44.866821 2026] [php:error] [pid 67956] [client 185.177.72.38:0] script '/domains/markrose/phpinfo.php' not found or unable to stat
[Mon Jan 26 01:19:44.953859 2026] [php:error] [pid 67965] [client 185.177.72.38:0] script '/domains/markrose/phpinfo.php.bak' not found or unable to stat
[Mon Jan 26 01:19:44.957279 2026] [php:error] [pid 67956] [client 185.177.72.38:0] script '/domains/markrose/phpinfo.php.bak' not found or unable to stat
[Mon Jan 26 01:19:45.004467 2026] [php:error] [pid 67955] [client 20.205.115.105:0] script '/domains/fdcarter/tt.php' not found or unable to stat
[Mon Jan 26 01:19:45.138683 2026] [php:error] [pid 67965] [client 185.177.72.38:0] script '/domains/markrose/pinfo.php' not found or unable to stat
[Mon Jan 26 01:19:45.138691 2026] [php:error] [pid 67956] [client 185.177.72.38:0] script '/domains/markrose/pinfo.php' not found or unable to stat
[Mon Jan 26 01:19:45.213195 2026] [php:error] [pid 67955] [client 20.205.115.105:0] script '/domains/fdcarter/a5e0a.php' not found or unable to stat
[Mon Jan 26 01:19:45.418632 2026] [php:error] [pid 67955] [client 20.205.115.105:0] script '/domains/fdcarter/abc.php' not found or unable to stat
[Mon Jan 26 01:19:45.624136 2026] [php:error] [pid 67955] [client 20.205.115.105:0] script '/domains/fdcarter/55b76.php' not found or unable to stat
[Mon Jan 26 01:19:45.834768 2026] [php:error] [pid 67955] [client 20.205.115.105:0] script '/domains/fdcarter/rzki.php' not found or unable to stat
[Mon Jan 26 01:19:46.053746 2026] [php:error] [pid 67955] [client 20.205.115.105:0] script '/domains/fdcarter/acxx.php' not found or unable to stat
[Mon Jan 26 01:19:46.260472 2026] [php:error] [pid 67955] [client 20.205.115.105:0] script '/domains/fdcarter/d12.php' not found or unable to stat
[Mon Jan 26 01:19:46.486469 2026] [php:error] [pid 67955] [client 20.205.115.105:0] script '/domains/fdcarter/s.php' not found or unable to stat
[Mon Jan 26 01:19:46.496269 2026] [php:error] [pid 67964] [client 185.177.72.13:0] script '/domains/awciii/.env.sample.php' not found or unable to stat
[Mon Jan 26 01:19:46.695028 2026] [php:error] [pid 67955] [client 20.205.115.105:0] script '/domains/fdcarter/error_log.php' not found or unable to stat
[Mon Jan 26 01:19:47.061344 2026] [php:error] [pid 67964] [client 185.177.72.13:0] script '/domains/awciii/env.php' not found or unable to stat
[Mon Jan 26 01:19:47.114507 2026] [php:error] [pid 67955] [client 20.205.115.105:0] script '/domains/fdcarter/dox.php' not found or unable to stat
[Mon Jan 26 01:19:47.320815 2026] [php:error] [pid 67956] [client 185.177.72.38:0] script '/domains/markrose/.env.php' not found or unable to stat
[Mon Jan 26 01:19:47.321583 2026] [php:error] [pid 67955] [client 20.205.115.105:0] script '/domains/fdcarter/ahax.php' not found or unable to stat
[Mon Jan 26 01:19:47.358583 2026] [php:error] [pid 67965] [client 185.177.72.38:0] script '/domains/markrose/.env.php' not found or unable to stat
[Mon Jan 26 01:19:47.527032 2026] [php:error] [pid 67955] [client 20.205.115.105:0] script '/domains/fdcarter/lock360.php' not found or unable to stat
[Mon Jan 26 01:19:47.737718 2026] [php:error] [pid 67955] [client 20.205.115.105:0] script '/domains/fdcarter/6kUgr4yGzxN.php' not found or unable to stat
[Mon Jan 26 01:19:47.947701 2026] [php:error] [pid 67955] [client 20.205.115.105:0] script '/domains/fdcarter/wp.php' not found or unable to stat
[Mon Jan 26 01:19:48.154542 2026] [php:error] [pid 67955] [client 20.205.115.105:0] script '/domains/fdcarter/test1.php' not found or unable to stat
[Mon Jan 26 01:19:48.360976 2026] [php:error] [pid 67955] [client 20.205.115.105:0] script '/domains/fdcarter/clss.php' not found or unable to stat
[Mon Jan 26 01:19:48.569520 2026] [php:error] [pid 67955] [client 20.205.115.105:0] script '/domains/fdcarter/44.php' not found or unable to stat
[Mon Jan 26 01:19:48.778428 2026] [php:error] [pid 67955] [client 20.205.115.105:0] script '/domains/fdcarter/ii5file.php' not found or unable to stat
[Mon Jan 26 01:19:48.989189 2026] [php:error] [pid 67955] [client 20.205.115.105:0] script '/domains/fdcarter/ss.php' not found or unable to stat
[Mon Jan 26 01:19:49.196213 2026] [php:error] [pid 67955] [client 20.205.115.105:0] script '/domains/fdcarter/re.php' not found or unable to stat
[Mon Jan 26 01:19:49.402089 2026] [php:error] [pid 67955] [client 20.205.115.105:0] script '/domains/fdcarter/xsas.php' not found or unable to stat
[Mon Jan 26 01:19:49.436238 2026] [php:error] [pid 67968] [client 185.177.72.13:0] script '/domains/hand-hammerweb/info.php.bak' not found or unable to stat
[Mon Jan 26 01:19:49.528995 2026] [php:error] [pid 67968] [client 185.177.72.13:0] script '/domains/hand-hammerweb/php-info.php' not found or unable to stat
[Mon Jan 26 01:19:49.607913 2026] [php:error] [pid 67955] [client 20.205.115.105:0] script '/domains/fdcarter/asus.php' not found or unable to stat
[Mon Jan 26 01:19:49.621566 2026] [php:error] [pid 67968] [client 185.177.72.13:0] script '/domains/hand-hammerweb/newinfo.php' not found or unable to stat
[Mon Jan 26 01:19:49.714035 2026] [php:error] [pid 67968] [client 185.177.72.13:0] script '/domains/hand-hammerweb/siteinfo.php' not found or unable to stat
[Mon Jan 26 01:19:49.780426 2026] [php:error] [pid 67958] [client 185.177.72.13:0] script '/domains/hand-hammerweb/info.php.bak' not found or unable to stat
[Mon Jan 26 01:19:49.806506 2026] [php:error] [pid 67968] [client 185.177.72.13:0] script '/domains/hand-hammerweb/info.php.1' not found or unable to stat
[Mon Jan 26 01:19:49.814252 2026] [php:error] [pid 67955] [client 20.205.115.105:0] script '/domains/fdcarter/wp-good.php' not found or unable to stat
[Mon Jan 26 01:19:49.866195 2026] [php:error] [pid 67958] [client 185.177.72.13:0] script '/domains/hand-hammerweb/php-info.php' not found or unable to stat
[Mon Jan 26 01:19:49.886926 2026] [php:error] [pid 67967] [client 185.177.72.13:0] script '/domains/awciii/wp-config.php' not found or unable to stat
[Mon Jan 26 01:19:49.951338 2026] [php:error] [pid 67958] [client 185.177.72.13:0] script '/domains/hand-hammerweb/newinfo.php' not found or unable to stat
[Mon Jan 26 01:19:49.981058 2026] [php:error] [pid 67967] [client 185.177.72.13:0] script '/domains/awciii/configuration.php' not found or unable to stat
