[Mon Jan 26 05:27:50.518827 2026] [php:error] [pid 16294] [client 45.130.202.27:0] script '/domains/system_default/jp.php' not found or unable to stat
[Mon Jan 26 05:27:50.647567 2026] [php:error] [pid 16294] [client 45.130.202.27:0] script '/domains/system_default/rcc.php' not found or unable to stat
[Mon Jan 26 05:27:51.259071 2026] [php:error] [pid 16294] [client 45.130.202.27:0] script '/domains/system_default/class.api.php' not found or unable to stat
[Mon Jan 26 05:27:52.047560 2026] [php:error] [pid 16294] [client 45.130.202.27:0] script '/domains/system_default/layout.php' not found or unable to stat
[Mon Jan 26 05:27:52.354654 2026] [php:error] [pid 16294] [client 45.130.202.27:0] script '/domains/system_default/history.php' not found or unable to stat
[Mon Jan 26 05:27:53.868305 2026] [php:error] [pid 16294] [client 45.130.202.27:0] script '/domains/system_default/about.php' not found or unable to stat
[Mon Jan 26 05:27:54.131553 2026] [php:error] [pid 16294] [client 45.130.202.27:0] script '/domains/system_default/cong.php' not found or unable to stat
[Mon Jan 26 05:27:55.003593 2026] [php:error] [pid 16316] [client 37.140.254.31:0] script '/domains/peterbmiller/info.php' not found or unable to stat
[Mon Jan 26 05:27:55.083290 2026] [php:error] [pid 16294] [client 45.130.202.27:0] script '/domains/system_default/wp-links.php' not found or unable to stat
[Mon Jan 26 05:27:55.761601 2026] [php:error] [pid 16316] [client 37.140.254.31:0] script '/domains/peterbmiller/buy.php' not found or unable to stat
[Mon Jan 26 05:27:56.239734 2026] [php:error] [pid 16318] [client 20.210.232.80:0] script '/domains/supolo/num.php' not found or unable to stat
[Mon Jan 26 05:27:56.399490 2026] [php:error] [pid 16318] [client 20.210.232.80:0] script '/domains/supolo/about.php' not found or unable to stat
[Mon Jan 26 05:27:56.445565 2026] [php:error] [pid 16315] [client 45.130.202.51:0] script '/domains/system_default/makeasmtp.php' not found or unable to stat
[Mon Jan 26 05:27:56.558927 2026] [php:error] [pid 16318] [client 20.210.232.80:0] script '/domains/supolo/admin.php' not found or unable to stat
[Mon Jan 26 05:27:57.029863 2026] [php:error] [pid 16316] [client 37.140.254.31:0] script '/domains/peterbmiller/readme.php' not found or unable to stat
[Mon Jan 26 05:27:57.380846 2026] [php:error] [pid 16318] [client 20.210.232.80:0] script '/domains/supolo/bb.php' not found or unable to stat
[Mon Jan 26 05:27:57.397387 2026] [php:error] [pid 16316] [client 37.140.254.31:0] script '/domains/peterbmiller/sck.php' not found or unable to stat
[Mon Jan 26 05:27:57.691687 2026] [php:error] [pid 16316] [client 37.140.254.31:0] script '/domains/peterbmiller/fm.php' not found or unable to stat
[Mon Jan 26 05:27:58.016431 2026] [php:error] [pid 16318] [client 20.210.232.80:0] script '/domains/supolo/wso.php' not found or unable to stat
[Mon Jan 26 05:27:58.177241 2026] [php:error] [pid 16318] [client 20.210.232.80:0] script '/domains/supolo/alfa.php' not found or unable to stat
[Mon Jan 26 05:27:58.344902 2026] [php:error] [pid 16318] [client 20.210.232.80:0] script '/domains/supolo/as.php' not found or unable to stat
[Mon Jan 26 05:27:58.513614 2026] [php:error] [pid 16318] [client 20.210.232.80:0] script '/domains/supolo/info.php' not found or unable to stat
[Mon Jan 26 05:27:58.552603 2026] [php:error] [pid 16316] [client 37.140.254.31:0] script '/domains/peterbmiller/packed.php' not found or unable to stat
[Mon Jan 26 05:27:58.674728 2026] [php:error] [pid 16318] [client 20.210.232.80:0] script '/domains/supolo/themes.php' not found or unable to stat
[Mon Jan 26 05:27:58.811771 2026] [php:error] [pid 16316] [client 37.140.254.31:0] script '/domains/peterbmiller/about.php' not found or unable to stat
[Mon Jan 26 05:27:58.836418 2026] [php:error] [pid 16315] [client 45.130.202.51:0] script '/domains/system_default/login.php' not found or unable to stat
[Mon Jan 26 05:27:59.152506 2026] [php:error] [pid 16318] [client 20.210.232.80:0] script '/domains/supolo/wp-editor.php' not found or unable to stat
[Mon Jan 26 05:27:59.631592 2026] [php:error] [pid 16318] [client 20.210.232.80:0] script '/domains/supolo/wp1.php' not found or unable to stat
[Mon Jan 26 05:27:59.803506 2026] [php:error] [pid 16318] [client 20.210.232.80:0] script '/domains/supolo/chosen.php' not found or unable to stat
[Mon Jan 26 05:27:59.978308 2026] [php:error] [pid 16316] [client 37.140.254.31:0] script '/domains/peterbmiller/plugin.php' not found or unable to stat
[Mon Jan 26 05:28:00.604433 2026] [php:error] [pid 16318] [client 20.210.232.80:0] script '/domains/supolo/alfav4.1-tesla.php' not found or unable to stat
[Mon Jan 26 05:28:00.764487 2026] [php:error] [pid 16318] [client 20.210.232.80:0] script '/domains/supolo/asd.php' not found or unable to stat
[Mon Jan 26 05:28:01.082597 2026] [php:error] [pid 16318] [client 20.210.232.80:0] script '/domains/supolo/atomlib.php' not found or unable to stat
[Mon Jan 26 05:28:01.242047 2026] [php:error] [pid 16318] [client 20.210.232.80:0] script '/domains/supolo/autoload_classmap.php' not found or unable to stat
[Mon Jan 26 05:28:01.560675 2026] [php:error] [pid 16318] [client 20.210.232.80:0] script '/domains/supolo/aw.php' not found or unable to stat
[Mon Jan 26 05:28:01.725856 2026] [php:error] [pid 16318] [client 20.210.232.80:0] script '/domains/supolo/bak.php' not found or unable to stat
[Mon Jan 26 05:28:01.885293 2026] [php:error] [pid 16318] [client 20.210.232.80:0] script '/domains/supolo/black.php' not found or unable to stat
[Mon Jan 26 05:28:02.083886 2026] [php:error] [pid 16315] [client 45.130.202.51:0] script '/domains/system_default/wander.php' not found or unable to stat
[Mon Jan 26 05:28:02.203635 2026] [php:error] [pid 16318] [client 20.210.232.80:0] script '/domains/supolo/cong.php' not found or unable to stat
[Mon Jan 26 05:28:02.362733 2026] [php:error] [pid 16318] [client 20.210.232.80:0] script '/domains/supolo/css.php' not found or unable to stat
[Mon Jan 26 05:28:02.681249 2026] [php:error] [pid 16318] [client 20.210.232.80:0] script '/domains/supolo/cyber.php' not found or unable to stat
[Mon Jan 26 05:28:02.792870 2026] [php:error] [pid 16315] [client 45.130.202.51:0] script '/domains/system_default/wp-config-sample.php' not found or unable to stat
[Mon Jan 26 05:28:02.841405 2026] [php:error] [pid 16318] [client 20.210.232.80:0] script '/domains/supolo/default.php' not found or unable to stat
[Mon Jan 26 05:28:03.009530 2026] [php:error] [pid 16318] [client 20.210.232.80:0] script '/domains/supolo/defaults.php' not found or unable to stat
[Mon Jan 26 05:28:03.172736 2026] [php:error] [pid 16318] [client 20.210.232.80:0] script '/domains/supolo/ds.php' not found or unable to stat
[Mon Jan 26 05:28:03.336471 2026] [php:error] [pid 16318] [client 20.210.232.80:0] script '/domains/supolo/file.php' not found or unable to stat
[Mon Jan 26 05:28:03.495333 2026] [php:error] [pid 16318] [client 20.210.232.80:0] script '/domains/supolo/file2.php' not found or unable to stat
[Mon Jan 26 05:28:03.654521 2026] [php:error] [pid 16318] [client 20.210.232.80:0] script '/domains/supolo/filemanager.php' not found or unable to stat
[Mon Jan 26 05:28:03.814967 2026] [php:error] [pid 16318] [client 20.210.232.80:0] script '/domains/supolo/flower.php' not found or unable to stat
[Mon Jan 26 05:28:04.000189 2026] [php:error] [pid 16316] [client 37.140.254.31:0] script '/domains/peterbmiller/chosen.php' not found or unable to stat
[Mon Jan 26 05:28:04.282190 2026] [php:error] [pid 16315] [client 45.130.202.51:0] script '/domains/system_default/manager.php' not found or unable to stat
[Mon Jan 26 05:28:04.482637 2026] [php:error] [pid 16316] [client 37.140.254.31:0] script '/domains/peterbmiller/load.php' not found or unable to stat
[Mon Jan 26 05:28:04.702352 2026] [php:error] [pid 16315] [client 45.130.202.51:0] script '/domains/system_default/users.php' not found or unable to stat
[Mon Jan 26 05:28:05.553323 2026] [php:error] [pid 16315] [client 45.130.202.51:0] script '/domains/system_default/sim.php' not found or unable to stat
[Mon Jan 26 05:28:05.987456 2026] [php:error] [pid 16316] [client 37.140.254.31:0] script '/domains/peterbmiller/edit-tags.php' not found or unable to stat
[Mon Jan 26 05:28:06.403018 2026] [php:error] [pid 16315] [client 45.130.202.51:0] script '/domains/system_default/function.php' not found or unable to stat
[Mon Jan 26 05:28:07.150720 2026] [php:error] [pid 16316] [client 37.140.254.31:0] script '/domains/peterbmiller/autoload_classmap.php' not found or unable to stat
[Mon Jan 26 05:28:07.480616 2026] [php:error] [pid 16316] [client 37.140.254.31:0] script '/domains/peterbmiller/lock.php' not found or unable to stat
[Mon Jan 26 05:28:10.098831 2026] [php:error] [pid 16315] [client 45.130.202.51:0] script '/domains/system_default/wp-mail.php' not found or unable to stat
[Mon Jan 26 05:28:10.676834 2026] [php:error] [pid 16319] [client 37.140.254.1:0] script '/domains/peterbmiller/product.php' not found or unable to stat
[Mon Jan 26 05:28:11.127121 2026] [php:error] [pid 16315] [client 45.130.202.51:0] script '/domains/system_default/admin-post.php' not found or unable to stat
[Mon Jan 26 05:28:11.263461 2026] [php:error] [pid 16315] [client 45.130.202.51:0] script '/domains/system_default/conf_upload.php' not found or unable to stat
[Mon Jan 26 05:28:12.163920 2026] [php:error] [pid 16313] [client 37.140.254.15:0] script '/domains/peterbmiller/base.php' not found or unable to stat
[Mon Jan 26 05:28:12.570475 2026] [php:error] [pid 16315] [client 45.130.202.51:0] script '/domains/system_default/wp-configs.php' not found or unable to stat
[Mon Jan 26 05:28:12.617245 2026] [php:error] [pid 16313] [client 37.140.254.15:0] script '/domains/peterbmiller/zero.php' not found or unable to stat
[Mon Jan 26 05:28:13.718406 2026] [php:error] [pid 16313] [client 37.140.254.15:0] script '/domains/peterbmiller/style.php' not found or unable to stat
[Mon Jan 26 05:28:13.729790 2026] [php:error] [pid 16319] [client 45.130.202.46:0] script '/domains/system_default/f35.php' not found or unable to stat
[Mon Jan 26 05:28:13.968346 2026] [php:error] [pid 16313] [client 37.140.254.15:0] script '/domains/peterbmiller/db.php' not found or unable to stat
[Mon Jan 26 05:28:14.198296 2026] [php:error] [pid 16319] [client 45.130.202.46:0] script '/domains/system_default/edit.php' not found or unable to stat
[Mon Jan 26 05:28:14.608028 2026] [php:error] [pid 16319] [client 45.130.202.46:0] script '/domains/system_default/files.php' not found or unable to stat
[Mon Jan 26 05:28:14.744435 2026] [php:error] [pid 16319] [client 45.130.202.46:0] script '/domains/system_default/webadmin.php' not found or unable to stat
[Mon Jan 26 05:28:15.190525 2026] [php:error] [pid 16319] [client 45.130.202.46:0] script '/domains/system_default/wsa.php' not found or unable to stat
[Mon Jan 26 05:28:15.326928 2026] [php:error] [pid 16319] [client 45.130.202.46:0] script '/domains/system_default/tinyfilemanager.php' not found or unable to stat
[Mon Jan 26 05:28:16.245616 2026] [php:error] [pid 16316] [client 37.140.254.30:0] script '/domains/peterbmiller/wp-set.php' not found or unable to stat
[Mon Jan 26 05:28:16.821462 2026] [php:error] [pid 16319] [client 45.130.202.46:0] script '/domains/system_default/woh.php' not found or unable to stat
[Mon Jan 26 05:28:17.247799 2026] [php:error] [pid 16316] [client 37.140.254.30:0] script '/domains/peterbmiller/file.php' not found or unable to stat
[Mon Jan 26 05:28:17.689325 2026] [php:error] [pid 16319] [client 45.130.202.46:0] script '/domains/system_default/bless.php' not found or unable to stat
[Mon Jan 26 05:28:17.826995 2026] [php:error] [pid 16319] [client 45.130.202.46:0] script '/domains/system_default/wp-trackback.php' not found or unable to stat
[Mon Jan 26 05:28:17.951986 2026] [php:error] [pid 16319] [client 45.130.202.46:0] script '/domains/system_default/info.php' not found or unable to stat
[Mon Jan 26 05:28:18.466965 2026] [php:error] [pid 16319] [client 45.130.202.46:0] script '/domains/system_default/buy.php' not found or unable to stat
[Mon Jan 26 05:28:18.728055 2026] [php:error] [pid 16319] [client 45.130.202.46:0] script '/domains/system_default/readme.php' not found or unable to stat
[Mon Jan 26 05:28:18.875854 2026] [php:error] [pid 16319] [client 45.130.202.46:0] script '/domains/system_default/sck.php' not found or unable to stat
[Mon Jan 26 05:28:19.185337 2026] [php:error] [pid 16319] [client 45.130.202.46:0] script '/domains/system_default/fm.php' not found or unable to stat
[Mon Jan 26 05:28:19.876253 2026] [php:error] [pid 16319] [client 45.130.202.46:0] script '/domains/system_default/packed.php' not found or unable to stat
[Mon Jan 26 05:28:20.010459 2026] [php:error] [pid 16319] [client 45.130.202.46:0] script '/domains/system_default/about.php' not found or unable to stat
[Mon Jan 26 05:28:20.819371 2026] [php:error] [pid 16319] [client 45.130.202.46:0] script '/domains/system_default/plugin.php' not found or unable to stat
[Mon Jan 26 05:28:21.868610 2026] [php:error] [pid 16319] [client 45.130.202.46:0] script '/domains/system_default/chosen.php' not found or unable to stat
[Mon Jan 26 05:28:22.126008 2026] [php:error] [pid 16319] [client 45.130.202.46:0] script '/domains/system_default/load.php' not found or unable to stat
[Mon Jan 26 05:28:22.683335 2026] [php:error] [pid 16319] [client 45.130.202.46:0] script '/domains/system_default/edit-tags.php' not found or unable to stat
[Mon Jan 26 05:28:23.094078 2026] [php:error] [pid 16319] [client 45.130.202.46:0] script '/domains/system_default/autoload_classmap.php' not found or unable to stat
[Mon Jan 26 05:28:23.229474 2026] [php:error] [pid 16319] [client 45.130.202.46:0] script '/domains/system_default/lock.php' not found or unable to stat
[Mon Jan 26 05:28:24.238303 2026] [php:error] [pid 16322] [client 45.130.202.29:0] script '/domains/system_default/product.php' not found or unable to stat
[Mon Jan 26 05:28:25.233237 2026] [php:error] [pid 16316] [client 45.130.202.19:0] script '/domains/system_default/base.php' not found or unable to stat
[Mon Jan 26 05:28:25.503425 2026] [php:error] [pid 16316] [client 45.130.202.19:0] script '/domains/system_default/zero.php' not found or unable to stat
[Mon Jan 26 05:28:25.599526 2026] [php:error] [pid 16323] [client 37.140.254.10:0] script '/domains/peterbmiller/moon.php' not found or unable to stat
[Mon Jan 26 05:28:25.973974 2026] [php:error] [pid 16316] [client 45.130.202.19:0] script '/domains/system_default/style.php' not found or unable to stat
[Mon Jan 26 05:28:26.099080 2026] [php:error] [pid 16316] [client 45.130.202.19:0] script '/domains/system_default/db.php' not found or unable to stat
[Mon Jan 26 05:28:27.696310 2026] [php:error] [pid 16323] [client 37.140.254.10:0] script '/domains/peterbmiller/pages.php' not found or unable to stat
[Mon Jan 26 05:28:27.922965 2026] [php:error] [pid 16323] [client 37.140.254.10:0] script '/domains/peterbmiller/bulk.php' not found or unable to stat
[Mon Jan 26 05:28:28.258576 2026] [php:error] [pid 16313] [client 45.130.202.13:0] script '/domains/system_default/wp-set.php' not found or unable to stat
[Mon Jan 26 05:28:28.397347 2026] [php:error] [pid 16313] [client 45.130.202.13:0] script '/domains/system_default/file.php' not found or unable to stat
[Mon Jan 26 05:28:28.749044 2026] [php:error] [pid 16323] [client 37.140.254.10:0] script '/domains/peterbmiller/kk.php' not found or unable to stat
[Mon Jan 26 05:28:29.389871 2026] [php:error] [pid 16323] [client 37.140.254.10:0] script '/domains/peterbmiller/wp-logout.php' not found or unable to stat
[Mon Jan 26 05:28:31.804862 2026] [php:error] [pid 16312] [client 45.130.202.52:0] script '/domains/system_default/moon.php' not found or unable to stat
[Mon Jan 26 05:28:32.932152 2026] [php:error] [pid 16312] [client 45.130.202.52:0] script '/domains/system_default/pages.php' not found or unable to stat
[Mon Jan 26 05:28:33.015475 2026] [php:error] [pid 16323] [client 37.140.254.10:0] script '/domains/peterbmiller/classwithtostring.php' not found or unable to stat
[Mon Jan 26 05:28:33.134181 2026] [php:error] [pid 16312] [client 45.130.202.52:0] script '/domains/system_default/bulk.php' not found or unable to stat
[Mon Jan 26 05:28:33.242172 2026] [php:error] [pid 16323] [client 37.140.254.10:0] script '/domains/peterbmiller/wp-setup.php' not found or unable to stat
[Mon Jan 26 05:28:33.879454 2026] [php:error] [pid 16312] [client 45.130.202.52:0] script '/domains/system_default/kk.php' not found or unable to stat
[Mon Jan 26 05:28:34.160094 2026] [php:error] [pid 16312] [client 45.130.202.52:0] script '/domains/system_default/wp-logout.php' not found or unable to stat
[Mon Jan 26 05:28:34.762540 2026] [php:error] [pid 16312] [client 45.130.202.52:0] script '/domains/system_default/classwithtostring.php' not found or unable to stat
[Mon Jan 26 05:28:34.808254 2026] [php:error] [pid 16323] [client 37.140.254.10:0] script '/domains/peterbmiller/wp-editor.php' not found or unable to stat
[Mon Jan 26 05:28:34.896540 2026] [php:error] [pid 16312] [client 45.130.202.52:0] script '/domains/system_default/wp-setup.php' not found or unable to stat
[Mon Jan 26 05:28:35.322654 2026] [php:error] [pid 16323] [client 37.140.254.10:0] script '/domains/peterbmiller/wp-simple.php' not found or unable to stat
[Mon Jan 26 05:28:35.386458 2026] [php:error] [pid 16312] [client 45.130.202.52:0] script '/domains/system_default/wp-editor.php' not found or unable to stat
[Mon Jan 26 05:28:35.589410 2026] [php:error] [pid 16312] [client 45.130.202.52:0] script '/domains/system_default/wp-simple.php' not found or unable to stat
[Mon Jan 26 05:28:36.730020 2026] [php:error] [pid 16312] [client 45.130.202.52:0] script '/domains/system_default/hehehehe.php' not found or unable to stat
[Mon Jan 26 05:28:38.573291 2026] [php:error] [pid 16312] [client 45.130.202.52:0] script '/domains/system_default/header.php' not found or unable to stat
[Mon Jan 26 05:28:38.704268 2026] [php:error] [pid 16312] [client 45.130.202.52:0] script '/domains/system_default/gecko.php' not found or unable to stat
[Mon Jan 26 05:28:39.572355 2026] [php:error] [pid 16312] [client 45.130.202.52:0] script '/domains/system_default/bk.php' not found or unable to stat
[Mon Jan 26 05:28:40.653094 2026] [php:error] [pid 16323] [client 37.140.254.10:0] script '/domains/peterbmiller/hehehehe.php' not found or unable to stat
[Mon Jan 26 05:28:41.433270 2026] [php:error] [pid 16322] [client 45.130.202.50:0] script '/domains/system_default/about.php' not found or unable to stat
[Mon Jan 26 05:28:41.567769 2026] [php:error] [pid 16322] [client 45.130.202.50:0] script '/domains/system_default/sym.php' not found or unable to stat
[Mon Jan 26 05:28:42.579446 2026] [php:error] [pid 16322] [client 45.130.202.50:0] script '/domains/system_default/sk.php' not found or unable to stat
[Mon Jan 26 05:28:45.374783 2026] [php:error] [pid 16296] [client 45.130.202.50:0] script '/domains/system_default/sys.php' not found or unable to stat
[Mon Jan 26 05:28:46.108921 2026] [php:error] [pid 16296] [client 45.130.202.50:0] script '/domains/system_default/wp-user.php' not found or unable to stat
[Mon Jan 26 05:28:46.247527 2026] [php:error] [pid 16296] [client 45.130.202.50:0] script '/domains/system_default/customize.php' not found or unable to stat
[Mon Jan 26 05:28:47.300693 2026] [php:error] [pid 16322] [client 45.130.202.29:0] script '/domains/system_default/fm1.php' not found or unable to stat
[Mon Jan 26 05:28:47.701036 2026] [php:error] [pid 16322] [client 45.130.202.29:0] script '/domains/system_default/wp-settings.php' not found or unable to stat
[Mon Jan 26 05:28:47.968097 2026] [php:error] [pid 16323] [client 37.140.254.10:0] script '/domains/peterbmiller/header.php' not found or unable to stat
[Mon Jan 26 05:28:48.035848 2026] [php:error] [pid 16322] [client 45.130.202.29:0] script '/domains/system_default/wp-file.php' not found or unable to stat
[Mon Jan 26 05:28:48.163824 2026] [php:error] [pid 16322] [client 45.130.202.29:0] script '/domains/system_default/wp-content.php' not found or unable to stat
[Mon Jan 26 05:28:48.433404 2026] [php:error] [pid 16322] [client 45.130.202.29:0] script '/domains/system_default/log.php' not found or unable to stat
[Mon Jan 26 05:28:48.723198 2026] [php:error] [pid 16322] [client 45.130.202.29:0] script '/domains/system_default/ioxi01.php' not found or unable to stat
[Mon Jan 26 05:28:50.823500 2026] [php:error] [pid 16322] [client 45.130.202.29:0] script '/domains/system_default/xx.php' not found or unable to stat
[Mon Jan 26 05:28:52.599371 2026] [php:error] [pid 16322] [client 45.130.202.29:0] script '/domains/system_default/images.php' not found or unable to stat
[Mon Jan 26 05:28:52.763308 2026] [php:error] [pid 16322] [client 45.130.202.29:0] script '/domains/system_default/wp-aespa.php' not found or unable to stat
[Mon Jan 26 05:28:52.929214 2026] [php:error] [pid 16323] [client 37.140.254.10:0] script '/domains/peterbmiller/gecko.php' not found or unable to stat
[Mon Jan 26 05:28:54.846558 2026] [php:error] [pid 16323] [client 37.140.254.10:0] script '/domains/peterbmiller/bk.php' not found or unable to stat
[Mon Jan 26 05:28:55.649900 2026] [php:error] [pid 16334] [client 45.130.202.32:0] script '/domains/system_default/wp-l0gin.php' not found or unable to stat
[Mon Jan 26 05:28:56.904426 2026] [php:error] [pid 16334] [client 45.130.202.32:0] script '/domains/system_default/wp-conflg.php' not found or unable to stat
[Mon Jan 26 05:29:00.956044 2026] [php:error] [pid 16316] [client 45.130.202.14:0] script '/domains/system_default/0x.php' not found or unable to stat
[Mon Jan 26 05:29:01.445463 2026] [php:error] [pid 16296] [client 37.140.254.15:0] script '/domains/peterbmiller/about.php' not found or unable to stat
[Mon Jan 26 05:29:01.650650 2026] [php:error] [pid 16316] [client 45.130.202.14:0] script '/domains/system_default/wpn.php' not found or unable to stat
[Mon Jan 26 05:29:02.211423 2026] [php:error] [pid 16316] [client 45.130.202.14:0] script '/domains/system_default/cloud.php' not found or unable to stat
[Mon Jan 26 05:29:02.452022 2026] [php:error] [pid 16316] [client 45.130.202.14:0] script '/domains/system_default/upload.php' not found or unable to stat
[Mon Jan 26 05:29:02.627719 2026] [php:error] [pid 16316] [client 45.130.202.14:0] script '/domains/system_default/init.php' not found or unable to stat
[Mon Jan 26 05:29:02.720809 2026] [php:error] [pid 16296] [client 37.140.254.15:0] script '/domains/peterbmiller/sym.php' not found or unable to stat
[Mon Jan 26 05:29:03.130985 2026] [php:error] [pid 16316] [client 45.130.202.14:0] script '/domains/system_default/wp-blog.php' not found or unable to stat
[Mon Jan 26 05:29:04.232889 2026] [php:error] [pid 16316] [client 45.130.202.14:0] script '/domains/system_default/payout.php' not found or unable to stat
[Mon Jan 26 05:29:04.546778 2026] [php:error] [pid 16316] [client 45.130.202.14:0] script '/domains/system_default/lock360.php' not found or unable to stat
[Mon Jan 26 05:29:04.684628 2026] [php:error] [pid 16316] [client 45.130.202.14:0] script '/domains/system_default/x.php' not found or unable to stat
[Mon Jan 26 05:29:04.829363 2026] [php:error] [pid 16316] [client 45.130.202.14:0] script '/domains/system_default/wp_info.php' not found or unable to stat
[Mon Jan 26 05:29:05.083436 2026] [php:error] [pid 16316] [client 45.130.202.14:0] script '/domains/system_default/xml.php' not found or unable to stat
[Mon Jan 26 05:29:05.293157 2026] [php:error] [pid 16316] [client 45.130.202.14:0] script '/domains/system_default/by.php' not found or unable to stat
[Mon Jan 26 05:29:06.403143 2026] [php:error] [pid 16296] [client 37.140.254.15:0] script '/domains/peterbmiller/sk.php' not found or unable to stat
[Mon Jan 26 05:29:07.960404 2026] [php:error] [pid 16316] [client 45.130.202.14:0] script '/domains/system_default/default.php' not found or unable to stat
[Mon Jan 26 05:29:08.105109 2026] [php:error] [pid 16316] [client 45.130.202.14:0] script '/domains/system_default/fox.php' not found or unable to stat
[Mon Jan 26 05:29:08.253514 2026] [php:error] [pid 16316] [client 45.130.202.14:0] script '/domains/system_default/google.php' not found or unable to stat
[Mon Jan 26 05:29:08.524954 2026] [php:error] [pid 16316] [client 45.130.202.14:0] script '/domains/system_default/ovatools.php' not found or unable to stat
[Mon Jan 26 05:29:08.824856 2026] [php:error] [pid 16316] [client 45.130.202.14:0] script '/domains/system_default/sidwso.php' not found or unable to stat
[Mon Jan 26 05:29:08.961688 2026] [php:error] [pid 16316] [client 45.130.202.14:0] script '/domains/system_default/worksec.php' not found or unable to stat
[Mon Jan 26 05:29:10.414583 2026] [php:error] [pid 16316] [client 45.130.202.14:0] script '/domains/system_default/Simple.php' not found or unable to stat
[Mon Jan 26 05:29:10.546029 2026] [php:error] [pid 16316] [client 45.130.202.14:0] script '/domains/system_default/wp-blog-header.php' not found or unable to stat
[Mon Jan 26 05:29:10.833153 2026] [php:error] [pid 16316] [client 45.130.202.14:0] script '/domains/system_default/style2.php' not found or unable to stat
[Mon Jan 26 05:29:10.959522 2026] [php:error] [pid 16316] [client 45.130.202.14:0] script '/domains/system_default/wp-scripts.php' not found or unable to stat
[Mon Jan 26 05:29:11.270694 2026] [php:error] [pid 16316] [client 45.130.202.14:0] script '/domains/system_default/adminfuns.php' not found or unable to stat
[Mon Jan 26 05:29:11.404101 2026] [php:error] [pid 16316] [client 45.130.202.14:0] script '/domains/system_default/cjfuns.php' not found or unable to stat
[Mon Jan 26 05:29:11.576260 2026] [php:error] [pid 16326] [client 37.140.254.26:0] script '/domains/peterbmiller/images/Marvins.php' not found or unable to stat
[Mon Jan 26 05:29:11.693625 2026] [php:error] [pid 16316] [client 45.130.202.14:0] script '/domains/system_default/comfunctions.php' not found or unable to stat
[Mon Jan 26 05:29:11.835289 2026] [php:error] [pid 16316] [client 45.130.202.14:0] script '/domains/system_default/delpaths.php' not found or unable to stat
[Mon Jan 26 05:29:11.979519 2026] [php:error] [pid 16316] [client 45.130.202.14:0] script '/domains/system_default/epinyins.php' not found or unable to stat
[Mon Jan 26 05:29:12.755061 2026] [php:error] [pid 16316] [client 45.130.202.14:0] script '/domains/system_default/filefuns.php' not found or unable to stat
[Mon Jan 26 05:29:13.233564 2026] [php:error] [pid 16316] [client 45.130.202.14:0] script '/domains/system_default/hinfofuns.php' not found or unable to stat
[Mon Jan 26 05:29:13.362259 2026] [php:error] [pid 16316] [client 45.130.202.14:0] script '/domains/system_default/qfunctions.php' not found or unable to stat
[Mon Jan 26 05:29:14.413428 2026] [php:error] [pid 16316] [client 45.130.202.14:0] script '/domains/system_default/qinfofuns.php' not found or unable to stat
[Mon Jan 26 05:29:14.556277 2026] [php:error] [pid 16316] [client 45.130.202.14:0] script '/domains/system_default/thoms.php' not found or unable to stat
[Mon Jan 26 05:29:14.742300 2026] [php:error] [pid 16316] [client 45.130.202.14:0] script '/domains/system_default/postnews.php' not found or unable to stat
[Mon Jan 26 05:29:14.967814 2026] [php:error] [pid 16316] [client 45.130.202.14:0] script '/domains/system_default/admin-ajax.php' not found or unable to stat
[Mon Jan 26 05:29:15.120719 2026] [php:error] [pid 16316] [client 45.130.202.14:0] script '/domains/system_default/link.php' not found or unable to stat
[Mon Jan 26 05:29:15.261221 2026] [php:error] [pid 16316] [client 45.130.202.14:0] script '/domains/system_default/ms-themes.php' not found or unable to stat
[Mon Jan 26 05:29:15.391082 2026] [php:error] [pid 16316] [client 45.130.202.14:0] script '/domains/system_default/my-sites.php' not found or unable to stat
[Mon Jan 26 05:29:15.530872 2026] [php:error] [pid 16316] [client 45.130.202.14:0] script '/domains/system_default/media.php' not found or unable to stat
[Mon Jan 26 05:29:16.111150 2026] [php:error] [pid 16326] [client 37.140.254.26:0] script '/domains/peterbmiller/images/index.php' not found or unable to stat
[Mon Jan 26 05:29:16.704638 2026] [php:error] [pid 16316] [client 45.130.202.14:0] script '/domains/system_default/nav-menus.php' not found or unable to stat
[Mon Jan 26 05:29:16.842878 2026] [php:error] [pid 16316] [client 45.130.202.14:0] script '/domains/system_default/menu.php' not found or unable to stat
[Mon Jan 26 05:29:16.975888 2026] [php:error] [pid 16316] [client 45.130.202.14:0] script '/domains/system_default/options-head.php' not found or unable to stat
[Mon Jan 26 05:29:17.141404 2026] [php:error] [pid 16316] [client 45.130.202.14:0] script '/domains/system_default/revision.php' not found or unable to stat
[Mon Jan 26 05:29:17.287610 2026] [php:error] [pid 16316] [client 45.130.202.14:0] script '/domains/system_default/widgets.php' not found or unable to stat
[Mon Jan 26 05:29:17.745113 2026] [php:error] [pid 16316] [client 45.130.202.14:0] script '/domains/system_default/term.php' not found or unable to stat
[Mon Jan 26 05:29:17.904725 2026] [php:error] [pid 16316] [client 45.130.202.14:0] script '/domains/system_default/system_log.php' not found or unable to stat
[Mon Jan 26 05:29:19.334561 2026] [php:error] [pid 16324] [client 45.130.202.50:0] script '/domains/system_default/moded.php' not found or unable to stat
[Mon Jan 26 05:29:19.616106 2026] [php:error] [pid 16324] [client 45.130.202.50:0] script '/domains/system_default/upgrade.php' not found or unable to stat
[Mon Jan 26 05:29:19.747354 2026] [php:error] [pid 16324] [client 45.130.202.50:0] script '/domains/system_default/gh.php' not found or unable to stat
[Mon Jan 26 05:29:19.883470 2026] [php:error] [pid 16324] [client 45.130.202.50:0] script '/domains/system_default/version.php' not found or unable to stat
[Mon Jan 26 05:29:20.027929 2026] [php:error] [pid 16324] [client 45.130.202.50:0] script '/domains/system_default/head.php' not found or unable to stat
[Mon Jan 26 05:29:20.250851 2026] [php:error] [pid 16324] [client 45.130.202.50:0] script '/domains/system_default/index1.php' not found or unable to stat
[Mon Jan 26 05:29:20.385247 2026] [php:error] [pid 16324] [client 45.130.202.50:0] script '/domains/system_default/theme-insqbzk.php' not found or unable to stat
[Mon Jan 26 05:29:20.527174 2026] [php:error] [pid 16324] [client 45.130.202.50:0] script '/domains/system_default/good.php' not found or unable to stat
[Mon Jan 26 05:29:20.662569 2026] [php:error] [pid 16324] [client 45.130.202.50:0] script '/domains/system_default/main.php' not found or unable to stat
[Mon Jan 26 05:29:20.929296 2026] [php:error] [pid 16324] [client 45.130.202.50:0] script '/domains/system_default/wsoyanz.php' not found or unable to stat
[Mon Jan 26 05:29:22.239450 2026] [php:error] [pid 16324] [client 45.130.202.50:0] script '/domains/system_default/alfa-rex.php' not found or unable to stat
[Mon Jan 26 05:29:22.556153 2026] [php:error] [pid 16326] [client 37.140.254.26:0] script '/domains/peterbmiller/sys.php' not found or unable to stat
[Mon Jan 26 05:29:24.008821 2026] [php:error] [pid 16326] [client 37.140.254.26:0] script '/domains/peterbmiller/wp-user.php' not found or unable to stat
[Mon Jan 26 05:29:24.439281 2026] [php:error] [pid 16326] [client 37.140.254.26:0] script '/domains/peterbmiller/customize.php' not found or unable to stat
[Mon Jan 26 05:29:25.357822 2026] [php:error] [pid 16324] [client 45.130.202.50:0] script '/domains/system_default/cache-compat.php' not found or unable to stat
[Mon Jan 26 05:29:25.504582 2026] [php:error] [pid 16324] [client 45.130.202.50:0] script '/domains/system_default/ajax-actions.php' not found or unable to stat
[Mon Jan 26 05:29:25.795242 2026] [php:error] [pid 16324] [client 45.130.202.50:0] script '/domains/system_default/wp-consar.php' not found or unable to stat
[Mon Jan 26 05:29:26.656036 2026] [php:error] [pid 16296] [client 37.140.254.42:0] script '/domains/peterbmiller/fm1.php' not found or unable to stat
[Mon Jan 26 05:29:28.111551 2026] [php:error] [pid 16296] [client 37.140.254.42:0] script '/domains/peterbmiller/wp-settings.php' not found or unable to stat
[Mon Jan 26 05:29:28.234263 2026] [php:error] [pid 16324] [client 45.130.202.50:0] script '/domains/system_default/sx.php' not found or unable to stat
[Mon Jan 26 05:29:29.129898 2026] [php:error] [pid 16296] [client 37.140.254.42:0] script '/domains/peterbmiller/wp-file.php' not found or unable to stat
[Mon Jan 26 05:29:29.300393 2026] [php:error] [pid 16324] [client 45.130.202.50:0] script '/domains/system_default/web.php' not found or unable to stat
[Mon Jan 26 05:29:29.394454 2026] [php:error] [pid 16296] [client 37.140.254.42:0] script '/domains/peterbmiller/wp-content.php' not found or unable to stat
[Mon Jan 26 05:29:29.843400 2026] [php:error] [pid 16324] [client 45.130.202.50:0] script '/domains/system_default/wp-uploads-config.php' not found or unable to stat
[Mon Jan 26 05:29:30.241215 2026] [php:error] [pid 16296] [client 37.140.254.42:0] script '/domains/peterbmiller/log.php' not found or unable to stat
[Mon Jan 26 05:29:31.120382 2026] [php:error] [pid 16296] [client 37.140.254.42:0] script '/domains/peterbmiller/ioxi01.php' not found or unable to stat
[Mon Jan 26 05:29:31.226950 2026] [php:error] [pid 16328] [client 45.130.202.53:0] script '/domains/system_default/upload.php' not found or unable to stat
[Mon Jan 26 05:29:31.555863 2026] [php:error] [pid 16328] [client 45.130.202.53:0] script '/domains/system_default/indeex.php' not found or unable to stat
[Mon Jan 26 05:29:32.102987 2026] [php:error] [pid 16328] [client 45.130.202.53:0] script '/domains/system_default/dropdown.php' not found or unable to stat
[Mon Jan 26 05:29:32.906106 2026] [php:error] [pid 16328] [client 45.130.202.53:0] script '/domains/system_default/bs.php' not found or unable to stat
[Mon Jan 26 05:29:34.125115 2026] [php:error] [pid 16328] [client 45.130.202.53:0] script '/domains/system_default/credits.php' not found or unable to stat
[Mon Jan 26 05:29:34.354398 2026] [php:error] [pid 16328] [client 45.130.202.53:0] script '/domains/system_default/edit-comments.php' not found or unable to stat
[Mon Jan 26 05:29:34.477795 2026] [php:error] [pid 16328] [client 45.130.202.53:0] script '/domains/system_default/checkbox.php' not found or unable to stat
[Mon Jan 26 05:29:34.609000 2026] [php:error] [pid 16328] [client 45.130.202.53:0] script '/domains/system_default/export.php' not found or unable to stat
[Mon Jan 26 05:29:35.021958 2026] [php:error] [pid 16328] [client 45.130.202.53:0] script '/domains/system_default/input.php' not found or unable to stat
[Mon Jan 26 05:29:35.171946 2026] [php:error] [pid 16328] [client 45.130.202.53:0] script '/domains/system_default/load-scripts.php' not found or unable to stat
[Mon Jan 26 05:29:35.698703 2026] [php:error] [pid 16328] [client 45.130.202.53:0] script '/domains/system_default/load-styles.php' not found or unable to stat
[Mon Jan 26 05:29:36.246984 2026] [php:error] [pid 16328] [client 45.130.202.53:0] script '/domains/system_default/options-discussion.php' not found or unable to stat
[Mon Jan 26 05:29:36.380265 2026] [php:error] [pid 16328] [client 45.130.202.53:0] script '/domains/system_default/options-general.php' not found or unable to stat
[Mon Jan 26 05:29:36.683616 2026] [php:error] [pid 16328] [client 45.130.202.53:0] script '/domains/system_default/options-permalink.php' not found or unable to stat
[Mon Jan 26 05:29:36.817669 2026] [php:error] [pid 16328] [client 45.130.202.53:0] script '/domains/system_default/options-privacy.php' not found or unable to stat
[Mon Jan 26 05:29:36.963875 2026] [php:error] [pid 16328] [client 45.130.202.53:0] script '/domains/system_default/options-reading.php' not found or unable to stat
[Mon Jan 26 05:29:37.099101 2026] [php:error] [pid 16328] [client 45.130.202.53:0] script '/domains/system_default/options-writing.php' not found or unable to stat
[Mon Jan 26 05:29:37.270511 2026] [php:error] [pid 16328] [client 45.130.202.53:0] script '/domains/system_default/post-new.php' not found or unable to stat
[Mon Jan 26 05:29:37.685685 2026] [php:error] [pid 16328] [client 45.130.202.53:0] script '/domains/system_default/privacy.php' not found or unable to stat
[Mon Jan 26 05:29:37.808843 2026] [php:error] [pid 16328] [client 45.130.202.53:0] script '/domains/system_default/profile.php' not found or unable to stat
[Mon Jan 26 05:29:37.944787 2026] [php:error] [pid 16328] [client 45.130.202.53:0] script '/domains/system_default/site-health.php' not found or unable to stat
[Mon Jan 26 05:29:38.232494 2026] [php:error] [pid 16328] [client 45.130.202.53:0] script '/domains/system_default/tools.php' not found or unable to stat
[Mon Jan 26 05:29:38.363317 2026] [php:error] [pid 16328] [client 45.130.202.53:0] script '/domains/system_default/update-core.php' not found or unable to stat
[Mon Jan 26 05:29:38.550073 2026] [php:error] [pid 16328] [client 45.130.202.53:0] script '/domains/system_default/user-edit.php' not found or unable to stat
[Mon Jan 26 05:29:38.718634 2026] [php:error] [pid 16328] [client 45.130.202.53:0] script '/domains/system_default/user-new.php' not found or unable to stat
[Mon Jan 26 05:29:38.908428 2026] [php:error] [pid 16328] [client 45.130.202.53:0] script '/domains/system_default/wp-cron.php' not found or unable to stat
[Mon Jan 26 05:29:39.208402 2026] [php:error] [pid 16328] [client 45.130.202.53:0] script '/domains/system_default/bar.php' not found or unable to stat
[Mon Jan 26 05:29:40.328419 2026] [php:error] [pid 16328] [client 45.130.202.53:0] script '/domains/system_default/samll.php' not found or unable to stat
[Mon Jan 26 05:29:40.496640 2026] [php:error] [pid 16328] [client 45.130.202.53:0] script '/domains/system_default/webdb.php' not found or unable to stat
[Mon Jan 26 05:29:41.015128 2026] [php:error] [pid 16328] [client 45.130.202.53:0] script '/domains/system_default/100.php' not found or unable to stat
[Mon Jan 26 05:29:41.159048 2026] [php:error] [pid 16328] [client 45.130.202.53:0] script '/domains/system_default/plugin-install.php' not found or unable to stat
[Mon Jan 26 05:29:41.291488 2026] [php:error] [pid 16328] [client 45.130.202.53:0] script '/domains/system_default/km.php' not found or unable to stat
[Mon Jan 26 05:29:41.614021 2026] [php:error] [pid 16328] [client 45.130.202.53:0] script '/domains/system_default/LA.php' not found or unable to stat
[Mon Jan 26 05:29:41.744054 2026] [php:error] [pid 16328] [client 45.130.202.53:0] script '/domains/system_default/wp-good.php' not found or unable to stat
[Mon Jan 26 05:29:41.870479 2026] [php:error] [pid 16328] [client 45.130.202.53:0] script '/domains/system_default/wp-ldd.php' not found or unable to stat
[Mon Jan 26 05:29:42.055193 2026] [php:error] [pid 16328] [client 45.130.202.53:0] script '/domains/system_default/sgd.php' not found or unable to stat
[Mon Jan 26 05:29:42.212850 2026] [php:error] [pid 16328] [client 45.130.202.53:0] script '/domains/system_default/wzy.php' not found or unable to stat
[Mon Jan 26 05:29:42.610747 2026] [php:error] [pid 16328] [client 45.130.202.53:0] script '/domains/system_default/chosen.php' not found or unable to stat
[Mon Jan 26 05:29:42.861948 2026] [php:error] [pid 16328] [client 45.130.202.53:0] script '/domains/system_default/wp-signup.php' not found or unable to stat
[Mon Jan 26 05:29:43.452165 2026] [php:error] [pid 16328] [client 45.130.202.53:0] script '/domains/system_default/class.php' not found or unable to stat
[Mon Jan 26 05:29:43.791261 2026] [php:error] [pid 16328] [client 45.130.202.53:0] script '/domains/system_default/Njima.php' not found or unable to stat
[Mon Jan 26 05:29:43.945351 2026] [php:error] [pid 16296] [client 37.140.254.42:0] script '/domains/peterbmiller/xx.php' not found or unable to stat
[Mon Jan 26 05:29:44.828121 2026] [php:error] [pid 16328] [client 45.130.202.53:0] script '/domains/system_default/FroggBaba.php' not found or unable to stat
[Mon Jan 26 05:29:45.457437 2026] [php:error] [pid 16328] [client 45.130.202.53:0] script '/domains/system_default/sts.php' not found or unable to stat
[Mon Jan 26 05:29:46.377919 2026] [php:error] [pid 16328] [client 45.130.202.53:0] script '/domains/system_default/st.php' not found or unable to stat
[Mon Jan 26 05:29:46.503369 2026] [php:error] [pid 16328] [client 45.130.202.53:0] script '/domains/system_default/GA13.php' not found or unable to stat
[Mon Jan 26 05:29:48.093106 2026] [php:error] [pid 16328] [client 45.130.202.53:0] script '/domains/system_default/crop.php' not found or unable to stat
[Mon Jan 26 05:29:48.484875 2026] [php:error] [pid 16328] [client 45.130.202.53:0] script '/domains/system_default/gali.php' not found or unable to stat
[Mon Jan 26 05:29:49.973314 2026] [php:error] [pid 16328] [client 45.130.202.53:0] script '/domains/system_default/dir.php' not found or unable to stat
[Mon Jan 26 05:29:50.096099 2026] [php:error] [pid 16328] [client 45.130.202.53:0] script '/domains/system_default/dirs.php' not found or unable to stat
[Mon Jan 26 05:29:50.247226 2026] [php:error] [pid 16328] [client 45.130.202.53:0] script '/domains/system_default/abouts.php' not found or unable to stat
[Mon Jan 26 05:29:50.385330 2026] [php:error] [pid 16328] [client 45.130.202.53:0] script '/domains/system_default/malls.php' not found or unable to stat
[Mon Jan 26 05:29:50.570252 2026] [php:error] [pid 16328] [client 45.130.202.53:0] script '/domains/system_default/liefs.php' not found or unable to stat
[Mon Jan 26 05:29:50.725697 2026] [php:error] [pid 16328] [client 45.130.202.53:0] script '/domains/system_default/uc.php' not found or unable to stat
[Mon Jan 26 05:29:51.010532 2026] [php:error] [pid 16296] [client 37.140.254.42:0] script '/domains/peterbmiller/images.php' not found or unable to stat
[Mon Jan 26 05:29:51.219900 2026] [php:error] [pid 16328] [client 45.130.202.53:0] script '/domains/system_default/locks.php' not found or unable to stat
[Mon Jan 26 05:29:51.349970 2026] [php:error] [pid 16328] [client 45.130.202.53:0] script '/domains/system_default/wp-dsdd.php' not found or unable to stat
[Mon Jan 26 05:29:51.527615 2026] [php:error] [pid 16296] [client 37.140.254.42:0] script '/domains/peterbmiller/wp-aespa.php' not found or unable to stat
[Mon Jan 26 05:29:52.511182 2026] [php:error] [pid 16328] [client 45.130.202.53:0] script '/domains/system_default/wp-themes.php' not found or unable to stat
[Mon Jan 26 05:29:52.658820 2026] [php:error] [pid 16328] [client 45.130.202.53:0] script '/domains/system_default/wp-uploads.php' not found or unable to stat
[Mon Jan 26 05:29:52.785685 2026] [php:error] [pid 16328] [client 45.130.202.53:0] script '/domains/system_default/wp-files.php' not found or unable to stat
[Mon Jan 26 05:29:52.915795 2026] [php:error] [pid 16328] [client 45.130.202.53:0] script '/domains/system_default/t.php' not found or unable to stat
[Mon Jan 26 05:29:53.050227 2026] [php:error] [pid 16328] [client 45.130.202.53:0] script '/domains/system_default/stindex.php' not found or unable to stat
[Mon Jan 26 05:29:53.187764 2026] [php:error] [pid 16328] [client 45.130.202.53:0] script '/domains/system_default/shop.php' not found or unable to stat
[Mon Jan 26 05:29:53.630795 2026] [php:error] [pid 16316] [client 45.130.202.26:0] script '/domains/system_default/exit.php' not found or unable to stat
[Mon Jan 26 05:29:53.767137 2026] [php:error] [pid 16316] [client 45.130.202.26:0] script '/domains/system_default/install.php' not found or unable to stat
[Mon Jan 26 05:29:53.902766 2026] [php:error] [pid 16316] [client 45.130.202.26:0] script '/domains/system_default/max.php' not found or unable to stat
[Mon Jan 26 05:29:54.037342 2026] [php:error] [pid 16316] [client 45.130.202.26:0] script '/domains/system_default/wp-load.php' not found or unable to stat
[Mon Jan 26 05:29:54.578458 2026] [php:error] [pid 16316] [client 45.130.202.26:0] script '/domains/system_default/aa.php' not found or unable to stat
[Mon Jan 26 05:29:54.983380 2026] [php:error] [pid 16316] [client 45.130.202.26:0] script '/domains/system_default/shellv3.php' not found or unable to stat
[Mon Jan 26 05:29:55.116736 2026] [php:error] [pid 16316] [client 45.130.202.26:0] script '/domains/system_default/sh.php' not found or unable to stat
[Mon Jan 26 05:29:55.632521 2026] [php:error] [pid 16316] [client 45.130.202.26:0] script '/domains/system_default/function.php' not found or unable to stat
[Mon Jan 26 05:29:55.770382 2026] [php:error] [pid 16316] [client 45.130.202.26:0] script '/domains/system_default/m.php' not found or unable to stat
[Mon Jan 26 05:29:56.303984 2026] [php:error] [pid 16316] [client 45.130.202.26:0] script '/domains/system_default/delete3.php' not found or unable to stat
[Mon Jan 26 05:29:56.593619 2026] [php:error] [pid 16316] [client 45.130.202.26:0] script '/domains/system_default/mm.php' not found or unable to stat
[Mon Jan 26 05:29:57.066239 2026] [php:error] [pid 16316] [client 45.130.202.26:0] script '/domains/system_default/server.php' not found or unable to stat
[Mon Jan 26 05:29:57.501177 2026] [php:error] [pid 16316] [client 45.130.202.26:0] script '/domains/system_default/mailer.php' not found or unable to stat
[Mon Jan 26 05:29:57.633665 2026] [php:error] [pid 16316] [client 45.130.202.26:0] script '/domains/system_default/www.php' not found or unable to stat
[Mon Jan 26 05:29:58.259772 2026] [php:error] [pid 16326] [client 37.140.254.48:0] script '/domains/peterbmiller/wp-l0gin.php' not found or unable to stat
[Mon Jan 26 05:29:58.316640 2026] [php:error] [pid 16316] [client 45.130.202.26:0] script '/domains/system_default/cache.php' not found or unable to stat
[Mon Jan 26 05:29:58.763155 2026] [php:error] [pid 16316] [client 45.130.202.26:0] script '/domains/system_default/wp-header.php' not found or unable to stat
[Mon Jan 26 05:29:58.890793 2026] [php:error] [pid 16316] [client 45.130.202.26:0] script '/domains/system_default/shop.php' not found or unable to stat
[Mon Jan 26 05:30:02.369486 2026] [php:error] [pid 16326] [client 37.140.254.48:0] script '/domains/peterbmiller/wp-conflg.php' not found or unable to stat
[Mon Jan 26 05:30:06.025462 2026] [php:error] [pid 16326] [client 37.140.254.48:0] script '/domains/peterbmiller/images/worksec.php' not found or unable to stat
[Mon Jan 26 05:30:06.881061 2026] [php:error] [pid 16326] [client 37.140.254.48:0] script '/domains/peterbmiller/images/rest.php' not found or unable to stat
[Mon Jan 26 05:30:12.660484 2026] [php:error] [pid 16341] [client 37.140.254.5:0] script '/domains/peterbmiller/0x.php' not found or unable to stat
[Mon Jan 26 05:30:14.189943 2026] [php:error] [pid 16326] [client 20.219.136.84:0] script '/domains/carynm/wp-blog.php' not found or unable to stat
[Mon Jan 26 05:30:14.405763 2026] [php:error] [pid 16326] [client 20.219.136.84:0] script '/domains/carynm/o.php' not found or unable to stat
[Mon Jan 26 05:30:14.622578 2026] [php:error] [pid 16326] [client 20.219.136.84:0] script '/domains/carynm/adminfuns.php' not found or unable to stat
[Mon Jan 26 05:30:14.720980 2026] [php:error] [pid 16341] [client 37.140.254.5:0] script '/domains/peterbmiller/wpn.php' not found or unable to stat
[Mon Jan 26 05:30:14.846730 2026] [php:error] [pid 16326] [client 20.219.136.84:0] script '/domains/carynm/phpmailer.lang-sv.php' not found or unable to stat
[Mon Jan 26 05:30:15.609504 2026] [php:error] [pid 16341] [client 37.140.254.5:0] script '/domains/peterbmiller/cloud.php' not found or unable to stat
[Mon Jan 26 05:30:15.948345 2026] [php:error] [pid 16341] [client 37.140.254.5:0] script '/domains/peterbmiller/upload.php' not found or unable to stat
[Mon Jan 26 05:30:16.455777 2026] [php:error] [pid 16341] [client 37.140.254.5:0] script '/domains/peterbmiller/init.php' not found or unable to stat
[Mon Jan 26 05:30:17.640707 2026] [php:error] [pid 16341] [client 37.140.254.5:0] script '/domains/peterbmiller/wp-blog.php' not found or unable to stat
[Mon Jan 26 05:30:17.708876 2026] [php:error] [pid 16326] [client 20.219.136.84:0] script '/domains/carynm/wp-signin.php' not found or unable to stat
[Mon Jan 26 05:30:17.923774 2026] [php:error] [pid 16326] [client 20.219.136.84:0] script '/domains/carynm/xmrlpc.php' not found or unable to stat
[Mon Jan 26 05:30:18.138850 2026] [php:error] [pid 16326] [client 20.219.136.84:0] script '/domains/carynm/wp-xml.php' not found or unable to stat
[Mon Jan 26 05:30:18.575678 2026] [php:error] [pid 16326] [client 20.219.136.84:0] script '/domains/carynm/radio.php' not found or unable to stat
[Mon Jan 26 05:30:18.799792 2026] [php:error] [pid 16326] [client 20.219.136.84:0] script '/domains/carynm/schallfuns.php' not found or unable to stat
[Mon Jan 26 05:30:19.234762 2026] [php:error] [pid 16326] [client 20.219.136.84:0] script '/domains/carynm/test1.php' not found or unable to stat
[Mon Jan 26 05:30:19.902720 2026] [php:error] [pid 16326] [client 20.219.136.84:0] script '/domains/carynm/w.php' not found or unable to stat
[Mon Jan 26 05:30:20.016107 2026] [php:error] [pid 16341] [client 37.140.254.5:0] script '/domains/peterbmiller/payout.php' not found or unable to stat
[Mon Jan 26 05:30:20.256090 2026] [php:error] [pid 16341] [client 37.140.254.5:0] script '/domains/peterbmiller/lock360.php' not found or unable to stat
[Mon Jan 26 05:30:20.591091 2026] [php:error] [pid 16341] [client 37.140.254.5:0] script '/domains/peterbmiller/x.php' not found or unable to stat
[Mon Jan 26 05:30:20.825623 2026] [php:error] [pid 16341] [client 37.140.254.5:0] script '/domains/peterbmiller/wp_info.php' not found or unable to stat
[Mon Jan 26 05:30:21.550953 2026] [php:error] [pid 16341] [client 37.140.254.5:0] script '/domains/peterbmiller/xml.php' not found or unable to stat
