[Sun Jan 25 05:05:36.369166 2026] [php:error] [pid 19898] [client 4.241.216.217:0] script '/domains/ltemple/yvxhx.php' not found or unable to stat
[Sun Jan 25 05:05:36.526896 2026] [php:error] [pid 19898] [client 4.241.216.217:0] script '/domains/ltemple/wp-good.php' not found or unable to stat
[Sun Jan 25 05:05:36.684746 2026] [php:error] [pid 19898] [client 4.241.216.217:0] script '/domains/ltemple/qing2.php' not found or unable to stat
[Sun Jan 25 05:05:36.842274 2026] [php:error] [pid 19898] [client 4.241.216.217:0] script '/domains/ltemple/doo.php' not found or unable to stat
[Sun Jan 25 05:05:37.002123 2026] [php:error] [pid 19898] [client 4.241.216.217:0] script '/domains/ltemple/moon.php' not found or unable to stat
[Sun Jan 25 05:05:37.099339 2026] [php:error] [pid 19903] [client 212.30.33.218:0] script '/domains/tamara1/st.php' not found or unable to stat
[Sun Jan 25 05:05:37.159855 2026] [php:error] [pid 19898] [client 4.241.216.217:0] script '/domains/ltemple/buy.php' not found or unable to stat
[Sun Jan 25 05:05:37.334134 2026] [php:error] [pid 19898] [client 4.241.216.217:0] script '/domains/ltemple/9v6.php' not found or unable to stat
[Sun Jan 25 05:05:37.381235 2026] [php:error] [pid 19903] [client 212.30.33.218:0] script '/domains/tamara1/GA13.php' not found or unable to stat
[Sun Jan 25 05:05:37.522270 2026] [php:error] [pid 19898] [client 4.241.216.217:0] script '/domains/ltemple/dbc.php' not found or unable to stat
[Sun Jan 25 05:05:37.708336 2026] [php:error] [pid 19898] [client 4.241.216.217:0] script '/domains/ltemple/log.php' not found or unable to stat
[Sun Jan 25 05:05:37.865745 2026] [php:error] [pid 19898] [client 4.241.216.217:0] script '/domains/ltemple/1.php' not found or unable to stat
[Sun Jan 25 05:05:38.035245 2026] [php:error] [pid 19898] [client 4.241.216.217:0] script '/domains/ltemple/ws36.php' not found or unable to stat
[Sun Jan 25 05:05:38.192788 2026] [php:error] [pid 19898] [client 4.241.216.217:0] script '/domains/ltemple/file.php' not found or unable to stat
[Sun Jan 25 05:05:38.354369 2026] [php:error] [pid 19898] [client 4.241.216.217:0] script '/domains/ltemple/rh.php' not found or unable to stat
[Sun Jan 25 05:05:38.513734 2026] [php:error] [pid 19898] [client 4.241.216.217:0] script '/domains/ltemple/ova.php' not found or unable to stat
[Sun Jan 25 05:05:38.672279 2026] [php:error] [pid 19898] [client 4.241.216.217:0] script '/domains/ltemple/siteheads.php' not found or unable to stat
[Sun Jan 25 05:05:38.830618 2026] [php:error] [pid 19898] [client 4.241.216.217:0] script '/domains/ltemple/wp-links.php' not found or unable to stat
[Sun Jan 25 05:05:38.988230 2026] [php:error] [pid 19898] [client 4.241.216.217:0] script '/domains/ltemple/zer.php' not found or unable to stat
[Sun Jan 25 05:05:39.149411 2026] [php:error] [pid 19898] [client 4.241.216.217:0] script '/domains/ltemple/sid3.php' not found or unable to stat
[Sun Jan 25 05:05:39.314399 2026] [php:error] [pid 19898] [client 4.241.216.217:0] script '/domains/ltemple/tinyfilemanager.php' not found or unable to stat
[Sun Jan 25 05:05:39.468080 2026] [php:error] [pid 19903] [client 212.30.33.218:0] script '/domains/tamara1/crop.php' not found or unable to stat
[Sun Jan 25 05:05:39.486411 2026] [php:error] [pid 19898] [client 4.241.216.217:0] script '/domains/ltemple/galex.php' not found or unable to stat
[Sun Jan 25 05:05:39.643922 2026] [php:error] [pid 19898] [client 4.241.216.217:0] script '/domains/ltemple/abcd.php' not found or unable to stat
[Sun Jan 25 05:05:39.806259 2026] [php:error] [pid 19898] [client 4.241.216.217:0] script '/domains/ltemple/ant.php' not found or unable to stat
[Sun Jan 25 05:05:40.124430 2026] [php:error] [pid 19903] [client 212.30.33.218:0] script '/domains/tamara1/gali.php' not found or unable to stat
[Sun Jan 25 05:05:40.420690 2026] [php:error] [pid 19898] [client 4.241.216.217:0] script '/domains/ltemple/O-Simple.php' not found or unable to stat
[Sun Jan 25 05:05:40.607762 2026] [php:error] [pid 19898] [client 4.241.216.217:0] script '/domains/ltemple/0o0.php' not found or unable to stat
[Sun Jan 25 05:05:40.765310 2026] [php:error] [pid 19898] [client 4.241.216.217:0] script '/domains/ltemple/gtc.php' not found or unable to stat
[Sun Jan 25 05:05:40.922833 2026] [php:error] [pid 19898] [client 4.241.216.217:0] script '/domains/ltemple/content.php' not found or unable to stat
[Sun Jan 25 05:05:41.080201 2026] [php:error] [pid 19898] [client 4.241.216.217:0] script '/domains/ltemple/support.php' not found or unable to stat
[Sun Jan 25 05:05:41.238648 2026] [php:error] [pid 19898] [client 4.241.216.217:0] script '/domains/ltemple/styles.php' not found or unable to stat
[Sun Jan 25 05:05:41.396311 2026] [php:error] [pid 19898] [client 4.241.216.217:0] script '/domains/ltemple/403.php' not found or unable to stat
[Sun Jan 25 05:05:41.437077 2026] [php:error] [pid 19903] [client 212.30.33.218:0] script '/domains/tamara1/dir.php' not found or unable to stat
[Sun Jan 25 05:05:41.684177 2026] [php:error] [pid 19903] [client 212.30.33.218:0] script '/domains/tamara1/dirs.php' not found or unable to stat
[Sun Jan 25 05:05:41.718788 2026] [php:error] [pid 19898] [client 4.241.216.217:0] script '/domains/ltemple/class.api.php' not found or unable to stat
[Sun Jan 25 05:05:41.877074 2026] [php:error] [pid 19898] [client 4.241.216.217:0] script '/domains/ltemple/az.php' not found or unable to stat
[Sun Jan 25 05:05:41.929752 2026] [php:error] [pid 19903] [client 212.30.33.218:0] script '/domains/tamara1/abouts.php' not found or unable to stat
[Sun Jan 25 05:05:42.034499 2026] [php:error] [pid 19898] [client 4.241.216.217:0] script '/domains/ltemple/155.php' not found or unable to stat
[Sun Jan 25 05:05:42.139458 2026] [php:error] [pid 19903] [client 212.30.33.218:0] script '/domains/tamara1/malls.php' not found or unable to stat
[Sun Jan 25 05:05:42.192111 2026] [php:error] [pid 19898] [client 4.241.216.217:0] script '/domains/ltemple/oo.php' not found or unable to stat
[Sun Jan 25 05:05:42.350675 2026] [php:error] [pid 19898] [client 4.241.216.217:0] script '/domains/ltemple/vx.php' not found or unable to stat
[Sun Jan 25 05:05:42.444035 2026] [php:error] [pid 19903] [client 212.30.33.218:0] script '/domains/tamara1/liefs.php' not found or unable to stat
[Sun Jan 25 05:05:42.527370 2026] [php:error] [pid 19898] [client 4.241.216.217:0] script '/domains/ltemple/geck.php' not found or unable to stat
[Sun Jan 25 05:05:42.677686 2026] [php:error] [pid 19903] [client 212.30.33.218:0] script '/domains/tamara1/uc.php' not found or unable to stat
[Sun Jan 25 05:05:42.688779 2026] [php:error] [pid 19898] [client 4.241.216.217:0] script '/domains/ltemple/to.php' not found or unable to stat
[Sun Jan 25 05:05:42.846375 2026] [php:error] [pid 19898] [client 4.241.216.217:0] script '/domains/ltemple/horeg.php' not found or unable to stat
[Sun Jan 25 05:05:42.910006 2026] [php:error] [pid 19903] [client 212.30.33.218:0] script '/domains/tamara1/locks.php' not found or unable to stat
[Sun Jan 25 05:05:43.031674 2026] [php:error] [pid 19898] [client 4.241.216.217:0] script '/domains/ltemple/wen.php' not found or unable to stat
[Sun Jan 25 05:05:43.143628 2026] [php:error] [pid 19903] [client 212.30.33.218:0] script '/domains/tamara1/wp-dsdd.php' not found or unable to stat
[Sun Jan 25 05:05:43.188974 2026] [php:error] [pid 19898] [client 4.241.216.217:0] script '/domains/ltemple/menu.php' not found or unable to stat
[Sun Jan 25 05:05:43.352211 2026] [php:error] [pid 19898] [client 4.241.216.217:0] script '/domains/ltemple/sfudq.php' not found or unable to stat
[Sun Jan 25 05:05:43.860424 2026] [php:error] [pid 19898] [client 4.241.216.217:0] script '/domains/ltemple/file2.php' not found or unable to stat
[Sun Jan 25 05:05:44.380814 2026] [php:error] [pid 19898] [client 4.241.216.217:0] script '/domains/ltemple/wp-22.php' not found or unable to stat
[Sun Jan 25 05:05:44.538660 2026] [php:error] [pid 19898] [client 4.241.216.217:0] script '/domains/ltemple/asx.php' not found or unable to stat
[Sun Jan 25 05:05:44.697043 2026] [php:error] [pid 19898] [client 4.241.216.217:0] script '/domains/ltemple/xa.php' not found or unable to stat
[Sun Jan 25 05:05:44.810908 2026] [php:error] [pid 19903] [client 212.30.33.218:0] script '/domains/tamara1/wp-themes.php' not found or unable to stat
[Sun Jan 25 05:05:44.854386 2026] [php:error] [pid 19898] [client 4.241.216.217:0] script '/domains/ltemple/dox.php' not found or unable to stat
[Sun Jan 25 05:05:45.011801 2026] [php:error] [pid 19898] [client 4.241.216.217:0] script '/domains/ltemple/size.php' not found or unable to stat
[Sun Jan 25 05:05:45.178404 2026] [php:error] [pid 19898] [client 4.241.216.217:0] script '/domains/ltemple/ng.php' not found or unable to stat
[Sun Jan 25 05:05:45.335878 2026] [php:error] [pid 19898] [client 4.241.216.217:0] script '/domains/ltemple/a2.php' not found or unable to stat
[Sun Jan 25 05:05:45.497999 2026] [php:error] [pid 19898] [client 4.241.216.217:0] script '/domains/ltemple/page.php' not found or unable to stat
[Sun Jan 25 05:05:45.586348 2026] [php:error] [pid 19903] [client 212.30.33.218:0] script '/domains/tamara1/wp-uploads.php' not found or unable to stat
[Sun Jan 25 05:05:45.656521 2026] [php:error] [pid 19898] [client 4.241.216.217:0] script '/domains/ltemple/z60.php' not found or unable to stat
[Sun Jan 25 05:05:45.814302 2026] [php:error] [pid 19898] [client 4.241.216.217:0] script '/domains/ltemple/sf.php' not found or unable to stat
[Sun Jan 25 05:05:45.847966 2026] [php:error] [pid 19903] [client 212.30.33.218:0] script '/domains/tamara1/wp-files.php' not found or unable to stat
[Sun Jan 25 05:05:46.000848 2026] [php:error] [pid 19898] [client 4.241.216.217:0] script '/domains/ltemple/qual.php' not found or unable to stat
[Sun Jan 25 05:05:46.158642 2026] [php:error] [pid 19898] [client 4.241.216.217:0] script '/domains/ltemple/12.php' not found or unable to stat
[Sun Jan 25 05:05:46.338520 2026] [php:error] [pid 19898] [client 4.241.216.217:0] script '/domains/ltemple/s.php' not found or unable to stat
[Sun Jan 25 05:05:46.495554 2026] [php:error] [pid 19903] [client 212.30.33.218:0] script '/domains/tamara1/t.php' not found or unable to stat
[Sun Jan 25 05:05:46.724146 2026] [php:error] [pid 19903] [client 212.30.33.218:0] script '/domains/tamara1/stindex.php' not found or unable to stat
[Sun Jan 25 05:05:46.821790 2026] [php:error] [pid 19898] [client 4.241.216.217:0] script '/domains/ltemple/cong.php' not found or unable to stat
[Sun Jan 25 05:05:46.980023 2026] [php:error] [pid 19898] [client 4.241.216.217:0] script '/domains/ltemple/simple.php' not found or unable to stat
[Sun Jan 25 05:05:47.137406 2026] [php:error] [pid 19898] [client 4.241.216.217:0] script '/domains/ltemple/11.php' not found or unable to stat
[Sun Jan 25 05:05:47.501369 2026] [php:error] [pid 19903] [client 212.30.33.218:0] script '/domains/tamara1/shop.php' not found or unable to stat
[Sun Jan 25 05:05:47.617640 2026] [php:error] [pid 19898] [client 4.241.216.217:0] script '/domains/ltemple/upl.php' not found or unable to stat
[Sun Jan 25 05:05:47.919055 2026] [php:error] [pid 19898] [client 4.241.216.217:0] script '/domains/ltemple/past.php' not found or unable to stat
[Sun Jan 25 05:05:48.076839 2026] [php:error] [pid 19898] [client 4.241.216.217:0] script '/domains/ltemple/revision.php' not found or unable to stat
[Sun Jan 25 05:05:48.178000 2026] [php:error] [pid 19910] [client 212.30.33.227:0] script '/domains/tamara1/exit.php' not found or unable to stat
[Sun Jan 25 05:05:48.418082 2026] [php:error] [pid 19910] [client 212.30.33.227:0] script '/domains/tamara1/install.php' not found or unable to stat
[Sun Jan 25 05:05:48.586002 2026] [php:error] [pid 19898] [client 4.241.216.217:0] script '/domains/ltemple/test1.php' not found or unable to stat
[Sun Jan 25 05:05:48.678310 2026] [php:error] [pid 19910] [client 212.30.33.227:0] script '/domains/tamara1/max.php' not found or unable to stat
[Sun Jan 25 05:05:48.748846 2026] [php:error] [pid 19898] [client 4.241.216.217:0] script '/domains/ltemple/massby2.php' not found or unable to stat
[Sun Jan 25 05:05:48.907541 2026] [php:error] [pid 19898] [client 4.241.216.217:0] script '/domains/ltemple/doc.php' not found or unable to stat
[Sun Jan 25 05:05:48.915101 2026] [php:error] [pid 19910] [client 212.30.33.227:0] script '/domains/tamara1/wp-load.php' not found or unable to stat
[Sun Jan 25 05:05:49.072918 2026] [php:error] [pid 19898] [client 4.241.216.217:0] script '/domains/ltemple/abc.php' not found or unable to stat
[Sun Jan 25 05:05:49.230753 2026] [php:error] [pid 19898] [client 4.241.216.217:0] script '/domains/ltemple/m.php' not found or unable to stat
[Sun Jan 25 05:05:49.413108 2026] [php:error] [pid 19910] [client 212.30.33.227:0] script '/domains/tamara1/aa.php' not found or unable to stat
[Sun Jan 25 05:05:50.090450 2026] [php:error] [pid 19910] [client 212.30.33.227:0] script '/domains/tamara1/shellv3.php' not found or unable to stat
[Sun Jan 25 05:05:50.302908 2026] [php:error] [pid 19910] [client 212.30.33.227:0] script '/domains/tamara1/sh.php' not found or unable to stat
[Sun Jan 25 05:05:50.582851 2026] [php:error] [pid 19920] [client 4.241.216.217:0] script '/domains/ltemple/error.php' not found or unable to stat
[Sun Jan 25 05:05:50.749869 2026] [php:error] [pid 19920] [client 4.241.216.217:0] script '/domains/ltemple/ma.php' not found or unable to stat
[Sun Jan 25 05:05:50.915518 2026] [php:error] [pid 19920] [client 4.241.216.217:0] script '/domains/ltemple/mh.php' not found or unable to stat
[Sun Jan 25 05:05:51.088726 2026] [php:error] [pid 19920] [client 4.241.216.217:0] script '/domains/ltemple/dropdown.php' not found or unable to stat
[Sun Jan 25 05:05:51.264434 2026] [php:error] [pid 19920] [client 4.241.216.217:0] script '/domains/ltemple/wp-configs.php' not found or unable to stat
[Sun Jan 25 05:05:51.427452 2026] [php:error] [pid 19920] [client 4.241.216.217:0] script '/domains/ltemple/item.php' not found or unable to stat
[Sun Jan 25 05:05:51.590395 2026] [php:error] [pid 19920] [client 4.241.216.217:0] script '/domains/ltemple/ws46.php' not found or unable to stat
[Sun Jan 25 05:05:51.767863 2026] [php:error] [pid 19920] [client 4.241.216.217:0] script '/domains/ltemple/mini.php' not found or unable to stat
[Sun Jan 25 05:05:51.833950 2026] [php:error] [pid 19910] [client 212.30.33.227:0] script '/domains/tamara1/function.php' not found or unable to stat
[Sun Jan 25 05:05:51.962242 2026] [php:error] [pid 19920] [client 4.241.216.217:0] script '/domains/ltemple/gecko.php' not found or unable to stat
[Sun Jan 25 05:05:52.055760 2026] [php:error] [pid 19910] [client 212.30.33.227:0] script '/domains/tamara1/m.php' not found or unable to stat
[Sun Jan 25 05:05:52.143734 2026] [php:error] [pid 19920] [client 4.241.216.217:0] script '/domains/ltemple/x.php' not found or unable to stat
[Sun Jan 25 05:05:52.306374 2026] [php:error] [pid 19920] [client 4.241.216.217:0] script '/domains/ltemple/lala.php' not found or unable to stat
[Sun Jan 25 05:05:52.694300 2026] [php:error] [pid 19910] [client 212.30.33.227:0] script '/domains/tamara1/delete3.php' not found or unable to stat
[Sun Jan 25 05:05:53.176185 2026] [php:error] [pid 19910] [client 212.30.33.227:0] script '/domains/tamara1/mm.php' not found or unable to stat
[Sun Jan 25 05:05:54.218238 2026] [php:error] [pid 19910] [client 212.30.33.227:0] script '/domains/tamara1/server.php' not found or unable to stat
[Sun Jan 25 05:05:54.666003 2026] [php:error] [pid 19910] [client 212.30.33.227:0] script '/domains/tamara1/mailer.php' not found or unable to stat
[Sun Jan 25 05:05:54.917581 2026] [php:error] [pid 19910] [client 212.30.33.227:0] script '/domains/tamara1/www.php' not found or unable to stat
[Sun Jan 25 05:05:55.353224 2026] [php:error] [pid 19910] [client 212.30.33.227:0] script '/domains/tamara1/cache.php' not found or unable to stat
[Sun Jan 25 05:05:56.073307 2026] [php:error] [pid 19910] [client 212.30.33.227:0] script '/domains/tamara1/wp-header.php' not found or unable to stat
[Sun Jan 25 05:05:56.301974 2026] [php:error] [pid 19910] [client 212.30.33.227:0] script '/domains/tamara1/shop.php' not found or unable to stat
[Sun Jan 25 05:06:10.097879 2026] [php:error] [pid 19923] [client 4.241.216.217:0] script '/domains/perless2web/rrr.php' not found or unable to stat
[Sun Jan 25 05:06:10.256470 2026] [php:error] [pid 19923] [client 4.241.216.217:0] script '/domains/perless2web/kk.php' not found or unable to stat
[Sun Jan 25 05:06:10.415111 2026] [php:error] [pid 19923] [client 4.241.216.217:0] script '/domains/perless2web/as.php' not found or unable to stat
[Sun Jan 25 05:06:10.577249 2026] [php:error] [pid 19923] [client 4.241.216.217:0] script '/domains/perless2web/bless.php' not found or unable to stat
[Sun Jan 25 05:06:10.735784 2026] [php:error] [pid 19923] [client 4.241.216.217:0] script '/domains/perless2web/style.php' not found or unable to stat
[Sun Jan 25 05:06:10.894069 2026] [php:error] [pid 19923] [client 4.241.216.217:0] script '/domains/perless2web/cwclass.php' not found or unable to stat
[Sun Jan 25 05:06:11.052475 2026] [php:error] [pid 19923] [client 4.241.216.217:0] script '/domains/perless2web/goods.php' not found or unable to stat
[Sun Jan 25 05:06:11.231056 2026] [php:error] [pid 19923] [client 4.241.216.217:0] script '/domains/perless2web/0x.php' not found or unable to stat
[Sun Jan 25 05:06:11.550217 2026] [php:error] [pid 19923] [client 4.241.216.217:0] script '/domains/perless2web/404.php' not found or unable to stat
[Sun Jan 25 05:06:11.708934 2026] [php:error] [pid 19923] [client 4.241.216.217:0] script '/domains/perless2web/goomaogm.php' not found or unable to stat
[Sun Jan 25 05:06:11.874358 2026] [php:error] [pid 19923] [client 4.241.216.217:0] script '/domains/perless2web/Dede.php' not found or unable to stat
[Sun Jan 25 05:06:12.039029 2026] [php:error] [pid 19923] [client 4.241.216.217:0] script '/domains/perless2web/dichku.php' not found or unable to stat
[Sun Jan 25 05:06:12.198063 2026] [php:error] [pid 19923] [client 4.241.216.217:0] script '/domains/perless2web/h2a2ck.php' not found or unable to stat
[Sun Jan 25 05:06:12.356513 2026] [php:error] [pid 19923] [client 4.241.216.217:0] script '/domains/perless2web/yr.PHP' not found or unable to stat
[Sun Jan 25 05:06:12.532417 2026] [php:error] [pid 19923] [client 4.241.216.217:0] script '/domains/perless2web/Mks3.PhP' not found or unable to stat
[Sun Jan 25 05:06:12.690725 2026] [php:error] [pid 19923] [client 4.241.216.217:0] script '/domains/perless2web/222.php' not found or unable to stat
[Sun Jan 25 05:06:12.859757 2026] [php:error] [pid 19923] [client 4.241.216.217:0] script '/domains/perless2web/ty226.php' not found or unable to stat
[Sun Jan 25 05:06:13.019316 2026] [php:error] [pid 19923] [client 4.241.216.217:0] script '/domains/perless2web/webadmin.php' not found or unable to stat
[Sun Jan 25 05:06:13.216328 2026] [php:error] [pid 19923] [client 4.241.216.217:0] script '/domains/perless2web/pn.php' not found or unable to stat
[Sun Jan 25 05:06:13.374382 2026] [php:error] [pid 19923] [client 4.241.216.217:0] script '/domains/perless2web/classwithtostring.php' not found or unable to stat
[Sun Jan 25 05:06:13.532941 2026] [php:error] [pid 19923] [client 4.241.216.217:0] script '/domains/perless2web/img.php' not found or unable to stat
[Sun Jan 25 05:06:13.709710 2026] [php:error] [pid 19923] [client 4.241.216.217:0] script '/domains/perless2web/ioxi-o.php' not found or unable to stat
[Sun Jan 25 05:06:13.954466 2026] [php:error] [pid 19923] [client 4.241.216.217:0] script '/domains/perless2web/hans.php' not found or unable to stat
[Sun Jan 25 05:06:14.277925 2026] [php:error] [pid 19923] [client 4.241.216.217:0] script '/domains/perless2web/wp-ana.php' not found or unable to stat
[Sun Jan 25 05:06:14.441640 2026] [php:error] [pid 19923] [client 4.241.216.217:0] script '/domains/perless2web/info.php' not found or unable to stat
[Sun Jan 25 05:06:14.609581 2026] [php:error] [pid 19923] [client 4.241.216.217:0] script '/domains/perless2web/tx1.php' not found or unable to stat
[Sun Jan 25 05:06:14.768061 2026] [php:error] [pid 19923] [client 4.241.216.217:0] script '/domains/perless2web/lv.php' not found or unable to stat
[Sun Jan 25 05:06:14.926579 2026] [php:error] [pid 19923] [client 4.241.216.217:0] script '/domains/perless2web/ccou.php' not found or unable to stat
[Sun Jan 25 05:06:15.085892 2026] [php:error] [pid 19923] [client 4.241.216.217:0] script '/domains/perless2web/wsd.php' not found or unable to stat
[Sun Jan 25 05:06:15.261805 2026] [php:error] [pid 19923] [client 4.241.216.217:0] script '/domains/perless2web/yvxhx.php' not found or unable to stat
[Sun Jan 25 05:06:15.420322 2026] [php:error] [pid 19923] [client 4.241.216.217:0] script '/domains/perless2web/wp-good.php' not found or unable to stat
[Sun Jan 25 05:06:15.578962 2026] [php:error] [pid 19923] [client 4.241.216.217:0] script '/domains/perless2web/qing2.php' not found or unable to stat
[Sun Jan 25 05:06:15.743525 2026] [php:error] [pid 19923] [client 4.241.216.217:0] script '/domains/perless2web/doo.php' not found or unable to stat
[Sun Jan 25 05:06:15.915966 2026] [php:error] [pid 19923] [client 4.241.216.217:0] script '/domains/perless2web/moon.php' not found or unable to stat
[Sun Jan 25 05:06:16.142283 2026] [php:error] [pid 19923] [client 4.241.216.217:0] script '/domains/perless2web/buy.php' not found or unable to stat
[Sun Jan 25 05:06:16.315167 2026] [php:error] [pid 19923] [client 4.241.216.217:0] script '/domains/perless2web/9v6.php' not found or unable to stat
[Sun Jan 25 05:06:16.473413 2026] [php:error] [pid 19923] [client 4.241.216.217:0] script '/domains/perless2web/dbc.php' not found or unable to stat
[Sun Jan 25 05:06:16.631586 2026] [php:error] [pid 19923] [client 4.241.216.217:0] script '/domains/perless2web/log.php' not found or unable to stat
[Sun Jan 25 05:06:16.789650 2026] [php:error] [pid 19923] [client 4.241.216.217:0] script '/domains/perless2web/1.php' not found or unable to stat
[Sun Jan 25 05:06:16.947798 2026] [php:error] [pid 19923] [client 4.241.216.217:0] script '/domains/perless2web/ws36.php' not found or unable to stat
[Sun Jan 25 05:06:17.116951 2026] [php:error] [pid 19923] [client 4.241.216.217:0] script '/domains/perless2web/file.php' not found or unable to stat
[Sun Jan 25 05:06:17.390663 2026] [php:error] [pid 19923] [client 4.241.216.217:0] script '/domains/perless2web/rh.php' not found or unable to stat
[Sun Jan 25 05:06:17.548860 2026] [php:error] [pid 19923] [client 4.241.216.217:0] script '/domains/perless2web/ova.php' not found or unable to stat
[Sun Jan 25 05:06:17.707161 2026] [php:error] [pid 19923] [client 4.241.216.217:0] script '/domains/perless2web/siteheads.php' not found or unable to stat
[Sun Jan 25 05:06:17.866133 2026] [php:error] [pid 19923] [client 4.241.216.217:0] script '/domains/perless2web/wp-links.php' not found or unable to stat
[Sun Jan 25 05:06:18.028614 2026] [php:error] [pid 19923] [client 4.241.216.217:0] script '/domains/perless2web/zer.php' not found or unable to stat
[Sun Jan 25 05:06:18.186769 2026] [php:error] [pid 19923] [client 4.241.216.217:0] script '/domains/perless2web/sid3.php' not found or unable to stat
[Sun Jan 25 05:06:18.352620 2026] [php:error] [pid 19923] [client 4.241.216.217:0] script '/domains/perless2web/tinyfilemanager.php' not found or unable to stat
[Sun Jan 25 05:06:18.511202 2026] [php:error] [pid 19923] [client 4.241.216.217:0] script '/domains/perless2web/galex.php' not found or unable to stat
[Sun Jan 25 05:06:18.669840 2026] [php:error] [pid 19923] [client 4.241.216.217:0] script '/domains/perless2web/abcd.php' not found or unable to stat
[Sun Jan 25 05:06:18.831198 2026] [php:error] [pid 19923] [client 4.241.216.217:0] script '/domains/perless2web/ant.php' not found or unable to stat
[Sun Jan 25 05:06:18.989267 2026] [php:error] [pid 19923] [client 4.241.216.217:0] script '/domains/perless2web/O-Simple.php' not found or unable to stat
[Sun Jan 25 05:06:19.193972 2026] [php:error] [pid 19923] [client 4.241.216.217:0] script '/domains/perless2web/0o0.php' not found or unable to stat
[Sun Jan 25 05:06:19.352989 2026] [php:error] [pid 19923] [client 4.241.216.217:0] script '/domains/perless2web/gtc.php' not found or unable to stat
[Sun Jan 25 05:06:19.511082 2026] [php:error] [pid 19923] [client 4.241.216.217:0] script '/domains/perless2web/content.php' not found or unable to stat
[Sun Jan 25 05:06:19.700061 2026] [php:error] [pid 19923] [client 4.241.216.217:0] script '/domains/perless2web/support.php' not found or unable to stat
[Sun Jan 25 05:06:19.940814 2026] [php:error] [pid 19923] [client 4.241.216.217:0] script '/domains/perless2web/styles.php' not found or unable to stat
[Sun Jan 25 05:06:20.099537 2026] [php:error] [pid 19923] [client 4.241.216.217:0] script '/domains/perless2web/403.php' not found or unable to stat
[Sun Jan 25 05:06:20.416513 2026] [php:error] [pid 19923] [client 4.241.216.217:0] script '/domains/perless2web/class.api.php' not found or unable to stat
[Sun Jan 25 05:06:20.574820 2026] [php:error] [pid 19923] [client 4.241.216.217:0] script '/domains/perless2web/az.php' not found or unable to stat
[Sun Jan 25 05:06:20.750179 2026] [php:error] [pid 19923] [client 4.241.216.217:0] script '/domains/perless2web/155.php' not found or unable to stat
[Sun Jan 25 05:06:20.926558 2026] [php:error] [pid 19923] [client 4.241.216.217:0] script '/domains/perless2web/oo.php' not found or unable to stat
[Sun Jan 25 05:06:21.084934 2026] [php:error] [pid 19923] [client 4.241.216.217:0] script '/domains/perless2web/vx.php' not found or unable to stat
[Sun Jan 25 05:06:21.244586 2026] [php:error] [pid 19923] [client 4.241.216.217:0] script '/domains/perless2web/geck.php' not found or unable to stat
[Sun Jan 25 05:06:21.403047 2026] [php:error] [pid 19923] [client 4.241.216.217:0] script '/domains/perless2web/to.php' not found or unable to stat
[Sun Jan 25 05:06:21.563749 2026] [php:error] [pid 19923] [client 4.241.216.217:0] script '/domains/perless2web/horeg.php' not found or unable to stat
[Sun Jan 25 05:06:22.359834 2026] [php:error] [pid 19923] [client 4.241.216.217:0] script '/domains/perless2web/wen.php' not found or unable to stat
[Sun Jan 25 05:06:22.518166 2026] [php:error] [pid 19923] [client 4.241.216.217:0] script '/domains/perless2web/menu.php' not found or unable to stat
[Sun Jan 25 05:06:22.676310 2026] [php:error] [pid 19923] [client 4.241.216.217:0] script '/domains/perless2web/sfudq.php' not found or unable to stat
[Sun Jan 25 05:06:22.894308 2026] [php:error] [pid 19923] [client 4.241.216.217:0] script '/domains/perless2web/file2.php' not found or unable to stat
[Sun Jan 25 05:06:23.057011 2026] [php:error] [pid 19923] [client 4.241.216.217:0] script '/domains/perless2web/wp-22.php' not found or unable to stat
[Sun Jan 25 05:06:23.215197 2026] [php:error] [pid 19923] [client 4.241.216.217:0] script '/domains/perless2web/asx.php' not found or unable to stat
[Sun Jan 25 05:06:23.376545 2026] [php:error] [pid 19923] [client 4.241.216.217:0] script '/domains/perless2web/xa.php' not found or unable to stat
[Sun Jan 25 05:06:23.534630 2026] [php:error] [pid 19923] [client 4.241.216.217:0] script '/domains/perless2web/dox.php' not found or unable to stat
[Sun Jan 25 05:06:23.692551 2026] [php:error] [pid 19923] [client 4.241.216.217:0] script '/domains/perless2web/size.php' not found or unable to stat
[Sun Jan 25 05:06:23.850742 2026] [php:error] [pid 19923] [client 4.241.216.217:0] script '/domains/perless2web/ng.php' not found or unable to stat
[Sun Jan 25 05:06:24.025914 2026] [php:error] [pid 19923] [client 4.241.216.217:0] script '/domains/perless2web/a2.php' not found or unable to stat
[Sun Jan 25 05:06:24.248576 2026] [php:error] [pid 19923] [client 4.241.216.217:0] script '/domains/perless2web/page.php' not found or unable to stat
[Sun Jan 25 05:06:24.406863 2026] [php:error] [pid 19923] [client 4.241.216.217:0] script '/domains/perless2web/z60.php' not found or unable to stat
[Sun Jan 25 05:06:24.592760 2026] [php:error] [pid 19923] [client 4.241.216.217:0] script '/domains/perless2web/sf.php' not found or unable to stat
[Sun Jan 25 05:06:24.760901 2026] [php:error] [pid 19923] [client 4.241.216.217:0] script '/domains/perless2web/qual.php' not found or unable to stat
[Sun Jan 25 05:06:24.918776 2026] [php:error] [pid 19923] [client 4.241.216.217:0] script '/domains/perless2web/12.php' not found or unable to stat
[Sun Jan 25 05:06:25.095210 2026] [php:error] [pid 19923] [client 4.241.216.217:0] script '/domains/perless2web/s.php' not found or unable to stat
[Sun Jan 25 05:06:25.257591 2026] [php:error] [pid 19923] [client 4.241.216.217:0] script '/domains/perless2web/cong.php' not found or unable to stat
[Sun Jan 25 05:06:25.415826 2026] [php:error] [pid 19923] [client 4.241.216.217:0] script '/domains/perless2web/simple.php' not found or unable to stat
[Sun Jan 25 05:06:25.652113 2026] [php:error] [pid 19923] [client 4.241.216.217:0] script '/domains/perless2web/11.php' not found or unable to stat
[Sun Jan 25 05:06:26.139312 2026] [php:error] [pid 19923] [client 4.241.216.217:0] script '/domains/perless2web/upl.php' not found or unable to stat
[Sun Jan 25 05:06:26.297677 2026] [php:error] [pid 19923] [client 4.241.216.217:0] script '/domains/perless2web/past.php' not found or unable to stat
[Sun Jan 25 05:06:26.462502 2026] [php:error] [pid 19923] [client 4.241.216.217:0] script '/domains/perless2web/revision.php' not found or unable to stat
[Sun Jan 25 05:06:26.788405 2026] [php:error] [pid 19923] [client 4.241.216.217:0] script '/domains/perless2web/test1.php' not found or unable to stat
[Sun Jan 25 05:06:26.946571 2026] [php:error] [pid 19923] [client 4.241.216.217:0] script '/domains/perless2web/massby2.php' not found or unable to stat
[Sun Jan 25 05:06:27.106400 2026] [php:error] [pid 19923] [client 4.241.216.217:0] script '/domains/perless2web/doc.php' not found or unable to stat
[Sun Jan 25 05:06:27.264489 2026] [php:error] [pid 19923] [client 4.241.216.217:0] script '/domains/perless2web/abc.php' not found or unable to stat
[Sun Jan 25 05:06:27.424377 2026] [php:error] [pid 19923] [client 4.241.216.217:0] script '/domains/perless2web/m.php' not found or unable to stat
[Sun Jan 25 05:06:27.958791 2026] [php:error] [pid 19927] [client 4.241.216.217:0] script '/domains/perless2web/error.php' not found or unable to stat
[Sun Jan 25 05:06:28.141750 2026] [php:error] [pid 19927] [client 4.241.216.217:0] script '/domains/perless2web/ma.php' not found or unable to stat
[Sun Jan 25 05:06:28.407247 2026] [php:error] [pid 19927] [client 4.241.216.217:0] script '/domains/perless2web/mh.php' not found or unable to stat
[Sun Jan 25 05:06:28.570763 2026] [php:error] [pid 19927] [client 4.241.216.217:0] script '/domains/perless2web/dropdown.php' not found or unable to stat
[Sun Jan 25 05:06:28.734782 2026] [php:error] [pid 19927] [client 4.241.216.217:0] script '/domains/perless2web/wp-configs.php' not found or unable to stat
[Sun Jan 25 05:06:28.923520 2026] [php:error] [pid 19927] [client 4.241.216.217:0] script '/domains/perless2web/item.php' not found or unable to stat
[Sun Jan 25 05:06:29.103463 2026] [autoindex:error] [pid 19920] [client 4.194.24.19:0] AH01276: Cannot serve directory /domains/conceptlabs1/cgi-bin/: No matching DirectoryIndex (index.html,suspended_index.rcn.html,index.php,index.pl,index.cgi,index.htm,index.html,index.shtml,index.shtm,default.htm) found, and server-generated directory index forbidden by Options directive
[Sun Jan 25 05:06:29.152426 2026] [php:error] [pid 19927] [client 4.241.216.217:0] script '/domains/perless2web/ws46.php' not found or unable to stat
[Sun Jan 25 05:06:29.315777 2026] [php:error] [pid 19927] [client 4.241.216.217:0] script '/domains/perless2web/mini.php' not found or unable to stat
[Sun Jan 25 05:06:29.479727 2026] [php:error] [pid 19927] [client 4.241.216.217:0] script '/domains/perless2web/gecko.php' not found or unable to stat
[Sun Jan 25 05:06:29.649170 2026] [php:error] [pid 19927] [client 4.241.216.217:0] script '/domains/perless2web/x.php' not found or unable to stat
[Sun Jan 25 05:06:29.812698 2026] [php:error] [pid 19927] [client 4.241.216.217:0] script '/domains/perless2web/lala.php' not found or unable to stat
[Sun Jan 25 05:06:30.435752 2026] [autoindex:error] [pid 19920] [client 4.194.24.19:0] AH01276: Cannot serve directory /domains/conceptlabs1/images/: No matching DirectoryIndex (index.html,suspended_index.rcn.html,index.php,index.pl,index.cgi,index.htm,index.html,index.shtml,index.shtm,default.htm) found, and server-generated directory index forbidden by Options directive
[Sun Jan 25 05:06:30.679222 2026] [autoindex:error] [pid 19920] [client 4.194.24.19:0] AH01276: Cannot serve directory /domains/conceptlabs1/assets/: No matching DirectoryIndex (index.html,suspended_index.rcn.html,index.php,index.pl,index.cgi,index.htm,index.html,index.shtml,index.shtm,default.htm) found, and server-generated directory index forbidden by Options directive
[Sun Jan 25 05:06:33.347365 2026] [access_compat:error] [pid 19920] [client 4.194.24.19:0] AH01797: client denied by server configuration: /domains/conceptlabs1/files/
[Sun Jan 25 05:06:38.574303 2026] [php:error] [pid 19921] [client 158.173.154.45:0] script '/domains/awciii/wp-login.php' not found or unable to stat
[Sun Jan 25 05:08:15.035780 2026] [php:error] [pid 19948] [client 213.209.159.187:0] script '/domains/brenties/xmlrpc.php' not found or unable to stat
[Sun Jan 25 05:08:15.314373 2026] [php:error] [pid 19954] [client 213.209.159.187:0] script '/domains/brenties/xmlrpc.php' not found or unable to stat
[Sun Jan 25 05:08:15.595308 2026] [php:error] [pid 19929] [client 213.209.159.187:0] script '/domains/brenties/xmlrpc.php' not found or unable to stat
[Sun Jan 25 05:08:15.874886 2026] [php:error] [pid 19947] [client 213.209.159.187:0] script '/domains/brenties/xmlrpc.php' not found or unable to stat
[Sun Jan 25 05:08:16.153473 2026] [php:error] [pid 19948] [client 213.209.159.187:0] script '/domains/brenties/xmlrpc.php' not found or unable to stat
[Sun Jan 25 05:08:16.431508 2026] [php:error] [pid 19954] [client 213.209.159.187:0] script '/domains/brenties/xmlrpc.php' not found or unable to stat
[Sun Jan 25 05:08:16.711845 2026] [php:error] [pid 19929] [client 213.209.159.187:0] script '/domains/brenties/wp-login.php' not found or unable to stat
[Sun Jan 25 05:08:16.992120 2026] [php:error] [pid 19947] [client 213.209.159.187:0] script '/domains/brenties/wp-login.php' not found or unable to stat
[Sun Jan 25 05:08:47.077480 2026] [php:error] [pid 19948] [client 154.199.14.123:0] script '/domains/ebon/wp-login.php' not found or unable to stat
[Sun Jan 25 05:08:47.416461 2026] [php:error] [pid 19947] [client 154.82.150.212:0] script '/domains/ebon/wp-login.php' not found or unable to stat
[Sun Jan 25 05:08:47.752663 2026] [php:error] [pid 19951] [client 154.193.159.119:0] script '/domains/ebon/wp-login.php' not found or unable to stat
[Sun Jan 25 05:09:25.093461 2026] [php:error] [pid 19965] [client 157.119.93.22:0] script '/domains/astrosfm/fun.php' not found or unable to stat
[Sun Jan 25 05:10:54.993572 2026] [php:error] [pid 19957] [client 103.117.72.240:0] script '/domains/ceonlinenews/s.php' not found or unable to stat
[Sun Jan 25 05:11:17.749674 2026] [core:crit] [pid 19963] (13)Permission denied: [client 114.119.134.1:0] AH00529: /domains/dcarlone/test/web/.htaccess pcfg_openfile: unable to check htaccess file, ensure it is readable and that '/domains/dcarlone/test/web/' is executable
[Sun Jan 25 05:11:29.565385 2026] [php:error] [pid 19983] [client 145.239.10.137:0] script '/domains/apunderkofler/ola.php' not found or unable to stat, referer: http://apunderkofler.com/ola.php
[Sun Jan 25 05:11:29.976139 2026] [php:error] [pid 19968] [client 52.169.206.229:0] script '/domains/system_suspended/aa2.php' not found or unable to stat
[Sun Jan 25 05:11:30.049559 2026] [php:error] [pid 19968] [client 52.169.206.229:0] script '/domains/system_suspended/bnm.php' not found or unable to stat
[Sun Jan 25 05:11:30.123013 2026] [php:error] [pid 19968] [client 52.169.206.229:0] script '/domains/system_suspended/ccou.php' not found or unable to stat
[Sun Jan 25 05:11:30.195834 2026] [php:error] [pid 19968] [client 52.169.206.229:0] script '/domains/system_suspended/ff.php' not found or unable to stat
[Sun Jan 25 05:11:30.268593 2026] [php:error] [pid 19968] [client 52.169.206.229:0] script '/domains/system_suspended/ccs.php' not found or unable to stat
[Sun Jan 25 05:11:30.343070 2026] [php:error] [pid 19968] [client 52.169.206.229:0] script '/domains/system_suspended/about8.php' not found or unable to stat
[Sun Jan 25 05:11:30.497370 2026] [php:error] [pid 19968] [client 52.169.206.229:0] script '/domains/system_suspended/ccs.php' not found or unable to stat
[Sun Jan 25 05:11:30.570107 2026] [php:error] [pid 19968] [client 52.169.206.229:0] script '/domains/system_suspended/about8.php' not found or unable to stat
[Sun Jan 25 05:11:30.646554 2026] [php:error] [pid 19968] [client 52.169.206.229:0] script '/domains/system_suspended/slsolirs.php' not found or unable to stat
[Sun Jan 25 05:11:30.719375 2026] [php:error] [pid 19968] [client 52.169.206.229:0] script '/domains/system_suspended/xvde.php' not found or unable to stat
[Sun Jan 25 05:11:30.865769 2026] [php:error] [pid 19968] [client 52.169.206.229:0] script '/domains/system_suspended/f355.php' not found or unable to stat
[Sun Jan 25 05:11:30.938813 2026] [php:error] [pid 19968] [client 52.169.206.229:0] script '/domains/system_suspended/bgymj.php' not found or unable to stat
[Sun Jan 25 05:11:31.011601 2026] [php:error] [pid 19968] [client 52.169.206.229:0] script '/domains/system_suspended/wp-mt.php' not found or unable to stat
[Sun Jan 25 05:11:31.084597 2026] [php:error] [pid 19968] [client 52.169.206.229:0] script '/domains/system_suspended/lala.php' not found or unable to stat
[Sun Jan 25 05:11:31.157542 2026] [php:error] [pid 19968] [client 52.169.206.229:0] script '/domains/system_suspended/3r.php' not found or unable to stat
[Sun Jan 25 05:11:31.233903 2026] [php:error] [pid 19968] [client 52.169.206.229:0] script '/domains/system_suspended/8xyz.php' not found or unable to stat
[Sun Jan 25 05:11:31.306762 2026] [php:error] [pid 19968] [client 52.169.206.229:0] script '/domains/system_suspended/la.php' not found or unable to stat
[Sun Jan 25 05:11:31.379521 2026] [php:error] [pid 19968] [client 52.169.206.229:0] script '/domains/system_suspended/ioxi.php' not found or unable to stat
[Sun Jan 25 05:11:31.452511 2026] [php:error] [pid 19968] [client 52.169.206.229:0] script '/domains/system_suspended/xpwer1.php' not found or unable to stat
[Sun Jan 25 05:11:31.525270 2026] [php:error] [pid 19968] [client 52.169.206.229:0] script '/domains/system_suspended/about.php' not found or unable to stat
[Sun Jan 25 05:11:31.670829 2026] [php:error] [pid 19968] [client 52.169.206.229:0] script '/domains/system_suspended/la.php' not found or unable to stat
[Sun Jan 25 05:11:31.816746 2026] [php:error] [pid 19968] [client 52.169.206.229:0] script '/domains/system_suspended/admin.php' not found or unable to stat
[Sun Jan 25 05:11:32.037622 2026] [php:error] [pid 19968] [client 52.169.206.229:0] script '/domains/system_suspended/info.php' not found or unable to stat
[Sun Jan 25 05:11:32.110173 2026] [php:error] [pid 19968] [client 52.169.206.229:0] script '/domains/system_suspended/about.php' not found or unable to stat
[Sun Jan 25 05:11:32.255972 2026] [php:error] [pid 19968] [client 52.169.206.229:0] script '/domains/system_suspended/ss1.php' not found or unable to stat
[Sun Jan 25 05:11:32.401672 2026] [php:error] [pid 19968] [client 52.169.206.229:0] script '/domains/system_suspended/goods.php' not found or unable to stat
[Sun Jan 25 05:11:32.474259 2026] [php:error] [pid 19968] [client 52.169.206.229:0] script '/domains/system_suspended/admin.php' not found or unable to stat
[Sun Jan 25 05:11:32.547598 2026] [php:error] [pid 19968] [client 52.169.206.229:0] script '/domains/system_suspended/222.php' not found or unable to stat
[Sun Jan 25 05:11:32.631702 2026] [php:error] [pid 19968] [client 52.169.206.229:0] script '/domains/system_suspended/abcd.php' not found or unable to stat
[Sun Jan 25 05:11:32.777209 2026] [php:error] [pid 19968] [client 52.169.206.229:0] script '/domains/system_suspended/adminfuns.php' not found or unable to stat
[Sun Jan 25 05:11:32.850265 2026] [php:error] [pid 19968] [client 52.169.206.229:0] script '/domains/system_suspended/ioxi-o.php' not found or unable to stat
[Sun Jan 25 05:11:32.995712 2026] [php:error] [pid 19968] [client 52.169.206.229:0] script '/domains/system_suspended/goat.php' not found or unable to stat
[Sun Jan 25 05:11:33.141116 2026] [php:error] [pid 19968] [client 52.169.206.229:0] script '/domains/system_suspended/xx.php' not found or unable to stat
[Sun Jan 25 05:11:33.360168 2026] [php:error] [pid 19968] [client 52.169.206.229:0] script '/domains/system_suspended/f5.php' not found or unable to stat
[Sun Jan 25 05:11:33.434077 2026] [php:error] [pid 19968] [client 52.169.206.229:0] script '/domains/system_suspended/doc.php' not found or unable to stat
[Sun Jan 25 05:11:33.506985 2026] [php:error] [pid 19968] [client 52.169.206.229:0] script '/domains/system_suspended/xtride.php' not found or unable to stat
[Sun Jan 25 05:11:33.579729 2026] [php:error] [pid 19968] [client 52.169.206.229:0] script '/domains/system_suspended/flower.php' not found or unable to stat
[Sun Jan 25 05:11:33.652528 2026] [php:error] [pid 19968] [client 52.169.206.229:0] script '/domains/system_suspended/flower2.php' not found or unable to stat
[Sun Jan 25 05:11:33.725409 2026] [php:error] [pid 19968] [client 52.169.206.229:0] script '/domains/system_suspended/f6.php' not found or unable to stat
[Sun Jan 25 05:11:33.798283 2026] [php:error] [pid 19968] [client 52.169.206.229:0] script '/domains/system_suspended/edit.php' not found or unable to stat
[Sun Jan 25 05:11:33.872701 2026] [php:error] [pid 19968] [client 52.169.206.229:0] script '/domains/system_suspended/aa.php' not found or unable to stat
[Sun Jan 25 05:11:33.945401 2026] [php:error] [pid 19968] [client 52.169.206.229:0] script '/domains/system_suspended/ext.php' not found or unable to stat
[Sun Jan 25 05:11:34.163731 2026] [php:error] [pid 19968] [client 52.169.206.229:0] script '/domains/system_suspended/av.php' not found or unable to stat
[Sun Jan 25 05:11:34.309190 2026] [php:error] [pid 19968] [client 52.169.206.229:0] script '/domains/system_suspended/wsd.php' not found or unable to stat
[Sun Jan 25 05:11:34.454628 2026] [php:error] [pid 19968] [client 52.169.206.229:0] script '/domains/system_suspended/classwithtostring.php' not found or unable to stat
[Sun Jan 25 05:11:34.527556 2026] [php:error] [pid 19968] [client 52.169.206.229:0] script '/domains/system_suspended/foot.php' not found or unable to stat
[Sun Jan 25 05:11:34.673858 2026] [php:error] [pid 19968] [client 52.169.206.229:0] script '/domains/system_suspended/css.php' not found or unable to stat
[Sun Jan 25 05:11:34.746792 2026] [php:error] [pid 19968] [client 52.169.206.229:0] script '/domains/system_suspended/alfa.php' not found or unable to stat
[Sun Jan 25 05:11:34.819706 2026] [php:error] [pid 19968] [client 52.169.206.229:0] script '/domains/system_suspended/wen.php' not found or unable to stat
[Sun Jan 25 05:11:34.892579 2026] [php:error] [pid 19968] [client 52.169.206.229:0] script '/domains/system_suspended/x.php' not found or unable to stat
[Sun Jan 25 05:11:34.965520 2026] [php:error] [pid 19968] [client 52.169.206.229:0] script '/domains/system_suspended/xxxx.php' not found or unable to stat
[Sun Jan 25 05:11:35.038520 2026] [php:error] [pid 19968] [client 52.169.206.229:0] script '/domains/system_suspended/class.php' not found or unable to stat
[Sun Jan 25 05:11:35.183985 2026] [php:error] [pid 19968] [client 52.169.206.229:0] script '/domains/system_suspended/gec.php' not found or unable to stat
[Sun Jan 25 05:11:35.260174 2026] [php:error] [pid 19968] [client 52.169.206.229:0] script '/domains/system_suspended/f35.php' not found or unable to stat
[Sun Jan 25 05:11:35.405659 2026] [php:error] [pid 19968] [client 52.169.206.229:0] script '/domains/system_suspended/pp.php' not found or unable to stat
[Sun Jan 25 05:11:35.624098 2026] [php:error] [pid 19968] [client 52.169.206.229:0] script '/domains/system_suspended/lock360.php' not found or unable to stat
[Sun Jan 25 05:11:35.697188 2026] [php:error] [pid 19968] [client 52.169.206.229:0] script '/domains/system_suspended/galex.php' not found or unable to stat
[Sun Jan 25 05:11:35.770090 2026] [php:error] [pid 19968] [client 52.169.206.229:0] script '/domains/system_suspended/as.php' not found or unable to stat
[Sun Jan 25 05:11:35.842897 2026] [php:error] [pid 19968] [client 52.169.206.229:0] script '/domains/system_suspended/class-t.api.php' not found or unable to stat
[Sun Jan 25 05:11:35.916323 2026] [php:error] [pid 19968] [client 52.169.206.229:0] script '/domains/system_suspended/bipas.php' not found or unable to stat
[Sun Jan 25 05:11:35.989039 2026] [php:error] [pid 19968] [client 52.169.206.229:0] script '/domains/system_suspended/shoyo.php' not found or unable to stat
[Sun Jan 25 05:11:36.061631 2026] [php:error] [pid 19968] [client 52.169.206.229:0] script '/domains/system_suspended/admin.php' not found or unable to stat
[Sun Jan 25 05:11:36.134375 2026] [php:error] [pid 19968] [client 52.169.206.229:0] script '/domains/system_suspended/ar.php' not found or unable to stat
[Sun Jan 25 05:11:36.207322 2026] [php:error] [pid 19968] [client 52.169.206.229:0] script '/domains/system_suspended/blurbs18.php' not found or unable to stat
[Sun Jan 25 05:11:36.283318 2026] [php:error] [pid 19968] [client 52.169.206.229:0] script '/domains/system_suspended/radio.php' not found or unable to stat
[Sun Jan 25 05:11:36.356265 2026] [php:error] [pid 19968] [client 52.169.206.229:0] script '/domains/system_suspended/wp-good.php' not found or unable to stat
[Sun Jan 25 05:11:36.430774 2026] [php:error] [pid 19968] [client 52.169.206.229:0] script '/domains/system_suspended/bless14.php' not found or unable to stat
[Sun Jan 25 05:11:36.503521 2026] [php:error] [pid 19968] [client 52.169.206.229:0] script '/domains/system_suspended/ol.php' not found or unable to stat
[Sun Jan 25 05:11:37.159715 2026] [php:error] [pid 19968] [client 52.169.206.229:0] script '/domains/system_suspended/filesss.php' not found or unable to stat
[Sun Jan 25 05:11:37.232868 2026] [php:error] [pid 19968] [client 52.169.206.229:0] script '/domains/system_suspended/k.php' not found or unable to stat
[Sun Jan 25 05:11:37.380120 2026] [php:error] [pid 19990] [client 52.169.206.229:0] script '/domains/system_suspended/bless.php' not found or unable to stat
[Sun Jan 25 05:11:37.452036 2026] [php:error] [pid 19990] [client 52.169.206.229:0] script '/domains/system_suspended/X7x.php' not found or unable to stat
[Sun Jan 25 05:11:37.523612 2026] [php:error] [pid 19990] [client 52.169.206.229:0] script '/domains/system_suspended/class20.php' not found or unable to stat
[Sun Jan 25 05:11:37.595051 2026] [php:error] [pid 19990] [client 52.169.206.229:0] script '/domains/system_suspended/lock360.php' not found or unable to stat
[Sun Jan 25 05:11:37.752369 2026] [php:error] [pid 19990] [client 52.169.206.229:0] script '/domains/system_suspended/themes.php' not found or unable to stat
[Sun Jan 25 05:11:37.823996 2026] [php:error] [pid 19990] [client 52.169.206.229:0] script '/domains/system_suspended/gifclass4.php' not found or unable to stat
[Sun Jan 25 05:11:37.895454 2026] [php:error] [pid 19990] [client 52.169.206.229:0] script '/domains/system_suspended/wag.php' not found or unable to stat
[Sun Jan 25 05:11:37.967254 2026] [php:error] [pid 19990] [client 52.169.206.229:0] script '/domains/system_suspended/xvent.php' not found or unable to stat
[Sun Jan 25 05:11:38.038905 2026] [php:error] [pid 19990] [client 52.169.206.229:0] script '/domains/system_suspended/wp-aaa.php' not found or unable to stat
[Sun Jan 25 05:11:38.110744 2026] [php:error] [pid 19990] [client 52.169.206.229:0] script '/domains/system_suspended/jmfi2.php' not found or unable to stat
[Sun Jan 25 05:11:38.182566 2026] [php:error] [pid 19990] [client 52.169.206.229:0] script '/domains/system_suspended/class19.php' not found or unable to stat
[Sun Jan 25 05:11:38.254093 2026] [php:error] [pid 19990] [client 52.169.206.229:0] script '/domains/system_suspended/cccc.php' not found or unable to stat
[Sun Jan 25 05:11:38.326179 2026] [php:error] [pid 19990] [client 52.169.206.229:0] script '/domains/system_suspended/166.php' not found or unable to stat
[Sun Jan 25 05:11:38.399042 2026] [php:error] [pid 19990] [client 52.169.206.229:0] script '/domains/system_suspended/bypass.php' not found or unable to stat
[Sun Jan 25 05:11:38.470528 2026] [php:error] [pid 19990] [client 52.169.206.229:0] script '/domains/system_suspended/plss3.php' not found or unable to stat
[Sun Jan 25 05:11:38.542397 2026] [php:error] [pid 19990] [client 52.169.206.229:0] script '/domains/system_suspended/atomlib.php' not found or unable to stat
[Sun Jan 25 05:11:38.614022 2026] [php:error] [pid 19990] [client 52.169.206.229:0] script '/domains/system_suspended/we.php' not found or unable to stat
[Sun Jan 25 05:11:38.686020 2026] [php:error] [pid 19990] [client 52.169.206.229:0] script '/domains/system_suspended/t.php' not found or unable to stat
[Sun Jan 25 05:11:38.757529 2026] [php:error] [pid 19990] [client 52.169.206.229:0] script '/domains/system_suspended/bp.php' not found or unable to stat
[Sun Jan 25 05:11:38.900423 2026] [php:error] [pid 19990] [client 52.169.206.229:0] script '/domains/system_suspended/geck.php' not found or unable to stat
