[Sun Jan 25 00:47:50.919073 2026] [php:error] [pid 71330] [client 4.194.107.19:0] script '/domains/supolo/w.php' not found or unable to stat
[Sun Jan 25 00:47:51.148972 2026] [php:error] [pid 71330] [client 4.194.107.19:0] script '/domains/supolo/gmo.php' not found or unable to stat
[Sun Jan 25 00:47:51.378595 2026] [php:error] [pid 71330] [client 4.194.107.19:0] script '/domains/supolo/gib.php' not found or unable to stat
[Sun Jan 25 00:47:51.608495 2026] [php:error] [pid 71330] [client 4.194.107.19:0] script '/domains/supolo/wp-miiss.php.php' not found or unable to stat
[Sun Jan 25 00:47:52.067987 2026] [php:error] [pid 71330] [client 4.194.107.19:0] script '/domains/supolo/moon.php' not found or unable to stat
[Sun Jan 25 00:47:52.297798 2026] [php:error] [pid 71330] [client 4.194.107.19:0] script '/domains/supolo/filesss.php' not found or unable to stat
[Sun Jan 25 00:47:52.527550 2026] [php:error] [pid 71330] [client 4.194.107.19:0] script '/domains/supolo/hey.php' not found or unable to stat
[Sun Jan 25 00:47:52.986878 2026] [php:error] [pid 71330] [client 4.194.107.19:0] script '/domains/supolo/1337.php' not found or unable to stat
[Sun Jan 25 00:47:53.216714 2026] [php:error] [pid 71330] [client 4.194.107.19:0] script '/domains/supolo/buy.php' not found or unable to stat
[Sun Jan 25 00:47:53.676665 2026] [php:error] [pid 71330] [client 4.194.107.19:0] script '/domains/supolo/m.php' not found or unable to stat
[Sun Jan 25 00:47:53.906748 2026] [php:error] [pid 71330] [client 4.194.107.19:0] script '/domains/supolo/wp-is.php' not found or unable to stat
[Sun Jan 25 00:47:54.152711 2026] [php:error] [pid 71330] [client 4.194.107.19:0] script '/domains/supolo/jmfi2.php' not found or unable to stat
[Sun Jan 25 00:47:54.612971 2026] [php:error] [pid 71330] [client 4.194.107.19:0] script '/domains/supolo/bnn_.php' not found or unable to stat
[Sun Jan 25 00:47:55.072249 2026] [php:error] [pid 71330] [client 4.194.107.19:0] script '/domains/supolo/hzz.php' not found or unable to stat
[Sun Jan 25 00:47:55.309821 2026] [php:error] [pid 71330] [client 4.194.107.19:0] script '/domains/supolo/shell20211028.php' not found or unable to stat
[Sun Jan 25 00:47:55.539818 2026] [php:error] [pid 71330] [client 4.194.107.19:0] script '/domains/supolo/content.php' not found or unable to stat
[Sun Jan 25 00:47:55.999812 2026] [php:error] [pid 71330] [client 4.194.107.19:0] script '/domains/supolo/ps.php' not found or unable to stat
[Sun Jan 25 00:47:56.690410 2026] [php:error] [pid 71330] [client 4.194.107.19:0] script '/domains/supolo/cache.php' not found or unable to stat
[Sun Jan 25 00:47:56.927890 2026] [php:error] [pid 71330] [client 4.194.107.19:0] script '/domains/supolo/ss.php' not found or unable to stat
[Sun Jan 25 00:47:57.164193 2026] [php:error] [pid 71330] [client 4.194.107.19:0] script '/domains/supolo/p.php' not found or unable to stat
[Sun Jan 25 00:47:57.875739 2026] [php:error] [pid 71325] [client 4.194.107.19:0] script '/domains/supolo/user.php' not found or unable to stat
[Sun Jan 25 00:47:58.562486 2026] [php:error] [pid 71325] [client 4.194.107.19:0] script '/domains/supolo/wp.php' not found or unable to stat
[Sun Jan 25 00:47:58.792142 2026] [php:error] [pid 71325] [client 4.194.107.19:0] script '/domains/supolo/rip.php' not found or unable to stat
[Sun Jan 25 00:47:59.022405 2026] [php:error] [pid 71325] [client 4.194.107.19:0] script '/domains/supolo/wp4.php' not found or unable to stat
[Sun Jan 25 00:47:59.251746 2026] [php:error] [pid 71325] [client 4.194.107.19:0] script '/domains/supolo/403.php' not found or unable to stat
[Sun Jan 25 00:47:59.712103 2026] [php:error] [pid 71325] [client 4.194.107.19:0] script '/domains/supolo/asd67.php' not found or unable to stat
[Sun Jan 25 00:48:00.171289 2026] [php:error] [pid 71325] [client 4.194.107.19:0] script '/domains/supolo/oivcl.php' not found or unable to stat
[Sun Jan 25 00:48:00.400532 2026] [php:error] [pid 71325] [client 4.194.107.19:0] script '/domains/supolo/about.php' not found or unable to stat
[Sun Jan 25 00:48:00.858577 2026] [php:error] [pid 71325] [client 4.194.107.19:0] script '/domains/supolo/v2.php' not found or unable to stat
[Sun Jan 25 00:48:01.775224 2026] [php:error] [pid 71325] [client 4.194.107.19:0] script '/domains/supolo/dr.php' not found or unable to stat
[Sun Jan 25 00:48:02.004470 2026] [php:error] [pid 71325] [client 4.194.107.19:0] script '/domains/supolo/raw.php' not found or unable to stat
[Sun Jan 25 00:48:02.691313 2026] [php:error] [pid 71325] [client 4.194.107.19:0] script '/domains/supolo/ioxi-o2.php' not found or unable to stat
[Sun Jan 25 00:48:02.919987 2026] [php:error] [pid 71325] [client 4.194.107.19:0] script '/domains/supolo/dropdown.php' not found or unable to stat
[Sun Jan 25 00:48:03.150963 2026] [php:error] [pid 71325] [client 4.194.107.19:0] script '/domains/supolo/dlu.php' not found or unable to stat
[Sun Jan 25 00:48:03.608936 2026] [php:error] [pid 71325] [client 4.194.107.19:0] script '/domains/supolo/db.php' not found or unable to stat
[Sun Jan 25 00:48:03.838782 2026] [php:error] [pid 71325] [client 4.194.107.19:0] script '/domains/supolo/packed.php' not found or unable to stat
[Sun Jan 25 00:48:04.068869 2026] [php:error] [pid 71325] [client 4.194.107.19:0] script '/domains/supolo/wp-configs.php' not found or unable to stat
[Sun Jan 25 00:48:04.298772 2026] [php:error] [pid 71325] [client 4.194.107.19:0] script '/domains/supolo/404.php' not found or unable to stat
[Sun Jan 25 00:48:04.528491 2026] [php:error] [pid 71325] [client 4.194.107.19:0] script '/domains/supolo/des.php' not found or unable to stat
[Sun Jan 25 00:48:04.987537 2026] [php:error] [pid 71325] [client 4.194.107.19:0] script '/domains/supolo/lufix.php' not found or unable to stat
/bin/sh: /usr/public/bin/counter.cgi: not found
[Sun Jan 25 00:48:47.392116 2026] [php:error] [pid 71343] [client 145.239.10.137:0] script '/domains/system_default/b1.php' not found or unable to stat, referer: http://lizards4u.com/b1.php
[Sun Jan 25 00:50:15.747949 2026] [php:error] [pid 71350] [client 145.239.10.137:0] script '/domains/system_default/m44.php' not found or unable to stat, referer: http://lizards4u.com/m44.php
[Sun Jan 25 00:50:15.805874 2026] [php:error] [pid 71345] [client 145.239.10.137:0] script '/domains/system_default/2.php' not found or unable to stat, referer: http://lizards4u.com/2.php
[Sun Jan 25 00:50:42.216841 2026] [php:error] [pid 71355] [client 4.190.195.218:0] script '/domains/system_default/admin.php' not found or unable to stat
[Sun Jan 25 00:50:42.386861 2026] [php:error] [pid 71355] [client 4.190.195.218:0] script '/domains/system_default/manager.php' not found or unable to stat
[Sun Jan 25 00:50:43.055151 2026] [php:error] [pid 71355] [client 4.190.195.218:0] script '/domains/system_default/wp-sing.php' not found or unable to stat
[Sun Jan 25 00:50:43.220940 2026] [php:error] [pid 71355] [client 4.190.195.218:0] script '/domains/system_default/goods.php' not found or unable to stat
[Sun Jan 25 00:50:43.387222 2026] [php:error] [pid 71355] [client 4.190.195.218:0] script '/domains/system_default/chosen.php' not found or unable to stat
[Sun Jan 25 00:50:43.555286 2026] [php:error] [pid 71355] [client 4.190.195.218:0] script '/domains/system_default/term.php' not found or unable to stat
[Sun Jan 25 00:50:43.900621 2026] [php:error] [pid 71355] [client 4.190.195.218:0] script '/domains/system_default/wpc.php' not found or unable to stat
[Sun Jan 25 00:50:44.067311 2026] [php:error] [pid 71355] [client 4.190.195.218:0] script '/domains/system_default/about.php' not found or unable to stat
[Sun Jan 25 00:50:44.232941 2026] [php:error] [pid 71355] [client 4.190.195.218:0] script '/domains/system_default/deepseek_d.php' not found or unable to stat
[Sun Jan 25 00:50:44.572408 2026] [php:error] [pid 71355] [client 4.190.195.218:0] script '/domains/system_default/elp.php' not found or unable to stat
[Sun Jan 25 00:50:44.738124 2026] [php:error] [pid 71355] [client 4.190.195.218:0] script '/domains/system_default/bless.php' not found or unable to stat
[Sun Jan 25 00:50:44.903648 2026] [php:error] [pid 71355] [client 4.190.195.218:0] script '/domains/system_default/edit.php' not found or unable to stat
[Sun Jan 25 00:50:45.080942 2026] [php:error] [pid 71355] [client 4.190.195.218:0] script '/domains/system_default/simple.php' not found or unable to stat
[Sun Jan 25 00:50:45.246621 2026] [php:error] [pid 71355] [client 4.190.195.218:0] script '/domains/system_default/wp-login.php' not found or unable to stat
[Sun Jan 25 00:50:45.763970 2026] [php:error] [pid 71355] [client 4.190.195.218:0] script '/domains/system_default/ioxi-o.php' not found or unable to stat
[Sun Jan 25 00:50:46.106446 2026] [php:error] [pid 71355] [client 4.190.195.218:0] script '/domains/system_default/test.php' not found or unable to stat
[Sun Jan 25 00:50:46.611698 2026] [php:error] [pid 71355] [client 4.190.195.218:0] script '/domains/system_default/classwithtostring.php' not found or unable to stat
[Sun Jan 25 00:50:47.118787 2026] [php:error] [pid 71355] [client 4.190.195.218:0] script '/domains/system_default/2.php' not found or unable to stat
[Sun Jan 25 00:50:47.288743 2026] [php:error] [pid 71355] [client 4.190.195.218:0] script '/domains/system_default/functions.php' not found or unable to stat
[Sun Jan 25 00:50:47.966060 2026] [php:error] [pid 71355] [client 4.190.195.218:0] script '/domains/system_default/aaa.php' not found or unable to stat
[Sun Jan 25 00:50:48.131524 2026] [php:error] [pid 71355] [client 4.190.195.218:0] script '/domains/system_default/inputs.php' not found or unable to stat
[Sun Jan 25 00:50:48.305269 2026] [php:error] [pid 71355] [client 4.190.195.218:0] script '/domains/system_default/log.php' not found or unable to stat
[Sun Jan 25 00:50:48.471306 2026] [php:error] [pid 71355] [client 4.190.195.218:0] script '/domains/system_default/man.php' not found or unable to stat
[Sun Jan 25 00:50:48.637769 2026] [php:error] [pid 71355] [client 4.190.195.218:0] script '/domains/system_default/1.php' not found or unable to stat
[Sun Jan 25 00:50:48.829423 2026] [php:error] [pid 71355] [client 4.190.195.218:0] script '/domains/system_default/aa.php' not found or unable to stat
[Sun Jan 25 00:50:48.995513 2026] [php:error] [pid 71355] [client 4.190.195.218:0] script '/domains/system_default/dropdown.php' not found or unable to stat
[Sun Jan 25 00:50:49.162158 2026] [php:error] [pid 71355] [client 4.190.195.218:0] script '/domains/system_default/rtx.php' not found or unable to stat
[Sun Jan 25 00:50:50.182322 2026] [php:error] [pid 71355] [client 4.190.195.218:0] script '/domains/system_default/atomlib.php' not found or unable to stat
[Sun Jan 25 00:50:50.347911 2026] [php:error] [pid 71355] [client 4.190.195.218:0] script '/domains/system_default/info.php' not found or unable to stat
[Sun Jan 25 00:50:50.528009 2026] [php:error] [pid 71355] [client 4.190.195.218:0] script '/domains/system_default/lock360.php' not found or unable to stat
[Sun Jan 25 00:50:50.861768 2026] [php:error] [pid 71355] [client 4.190.195.218:0] script '/domains/system_default/vx.php' not found or unable to stat
[Sun Jan 25 00:50:51.375884 2026] [php:error] [pid 71355] [client 4.190.195.218:0] script '/domains/system_default/wp-content.php' not found or unable to stat
[Sun Jan 25 00:50:52.562767 2026] [php:error] [pid 71355] [client 4.190.195.218:0] script '/domains/system_default/adminfuns.php' not found or unable to stat
[Sun Jan 25 00:50:52.728679 2026] [php:error] [pid 71355] [client 4.190.195.218:0] script '/domains/system_default/ahax.php' not found or unable to stat
[Sun Jan 25 00:50:52.910832 2026] [php:error] [pid 71355] [client 4.190.195.218:0] script '/domains/system_default/autoload_classmap.php' not found or unable to stat
[Sun Jan 25 00:50:53.243316 2026] [php:error] [pid 71355] [client 4.190.195.218:0] script '/domains/system_default/file.php' not found or unable to stat
[Sun Jan 25 00:50:53.411887 2026] [php:error] [pid 71355] [client 4.190.195.218:0] script '/domains/system_default/file5.php' not found or unable to stat
[Sun Jan 25 00:50:54.929006 2026] [php:error] [pid 71355] [client 4.190.195.218:0] script '/domains/system_default/xmlrpc.php' not found or unable to stat
[Sun Jan 25 00:50:55.096982 2026] [php:error] [pid 71355] [client 4.190.195.218:0] script '/domains/system_default/alfa.php' not found or unable to stat
[Sun Jan 25 00:50:55.262818 2026] [php:error] [pid 71355] [client 4.190.195.218:0] script '/domains/system_default/as.php' not found or unable to stat
[Sun Jan 25 00:50:55.608550 2026] [php:error] [pid 71355] [client 4.190.195.218:0] script '/domains/system_default/class-t.api.php' not found or unable to stat
[Sun Jan 25 00:50:55.774436 2026] [php:error] [pid 71355] [client 4.190.195.218:0] script '/domains/system_default/indoxploit.php' not found or unable to stat
[Sun Jan 25 00:50:55.946021 2026] [php:error] [pid 71355] [client 4.190.195.218:0] script '/domains/system_default/shell.php' not found or unable to stat
[Sun Jan 25 00:50:56.112140 2026] [php:error] [pid 71355] [client 4.190.195.218:0] script '/domains/system_default/system.php' not found or unable to stat
[Sun Jan 25 00:50:56.279993 2026] [php:error] [pid 71355] [client 4.190.195.218:0] script '/domains/system_default/wp-admin.php' not found or unable to stat
[Sun Jan 25 00:50:57.315996 2026] [php:error] [pid 71355] [client 4.190.195.218:0] script '/domains/system_default/wp-block.php' not found or unable to stat
[Sun Jan 25 00:50:57.846653 2026] [php:error] [pid 71355] [client 4.190.195.218:0] script '/domains/system_default/wp-good.php' not found or unable to stat
[Sun Jan 25 00:50:59.708128 2026] [php:error] [pid 71335] [client 4.190.195.218:0] script '/domains/system_default/01.php' not found or unable to stat
[Sun Jan 25 00:50:59.882189 2026] [php:error] [pid 71335] [client 4.190.195.218:0] script '/domains/system_default/222.php' not found or unable to stat
[Sun Jan 25 00:51:00.058743 2026] [php:error] [pid 71335] [client 4.190.195.218:0] script '/domains/system_default/403.php' not found or unable to stat
[Sun Jan 25 00:51:00.225827 2026] [php:error] [pid 71335] [client 4.190.195.218:0] script '/domains/system_default/404.php' not found or unable to stat
[Sun Jan 25 00:51:00.393093 2026] [php:error] [pid 71335] [client 4.190.195.218:0] script '/domains/system_default/Q.php' not found or unable to stat
[Sun Jan 25 00:51:00.559739 2026] [php:error] [pid 71335] [client 4.190.195.218:0] script '/domains/system_default/WSO.php' not found or unable to stat
[Sun Jan 25 00:51:00.727096 2026] [php:error] [pid 71335] [client 4.190.195.218:0] script '/domains/system_default/abc.php' not found or unable to stat
[Sun Jan 25 00:51:00.893680 2026] [php:error] [pid 71335] [client 4.190.195.218:0] script '/domains/system_default/abcd.php' not found or unable to stat
[Sun Jan 25 00:51:01.901645 2026] [php:error] [pid 71335] [client 4.190.195.218:0] script '/domains/system_default/byp.php' not found or unable to stat
[Sun Jan 25 00:51:02.074981 2026] [php:error] [pid 71335] [client 4.190.195.218:0] script '/domains/system_default/c.php' not found or unable to stat
[Sun Jan 25 00:51:02.247369 2026] [php:error] [pid 71335] [client 4.190.195.218:0] script '/domains/system_default/ca4.php' not found or unable to stat
[Sun Jan 25 00:51:02.772051 2026] [php:error] [pid 71335] [client 4.190.195.218:0] script '/domains/system_default/config.php' not found or unable to stat
[Sun Jan 25 00:51:02.938375 2026] [php:error] [pid 71335] [client 4.190.195.218:0] script '/domains/system_default/content.php' not found or unable to stat
[Sun Jan 25 00:51:03.113874 2026] [php:error] [pid 71335] [client 4.190.195.218:0] script '/domains/system_default/favicon.php' not found or unable to stat
[Sun Jan 25 00:51:03.280310 2026] [php:error] [pid 71335] [client 4.190.195.218:0] script '/domains/system_default/file56.php' not found or unable to stat
[Sun Jan 25 00:51:03.446991 2026] [php:error] [pid 71335] [client 4.190.195.218:0] script '/domains/system_default/flower.php' not found or unable to stat
[Sun Jan 25 00:51:03.613970 2026] [php:error] [pid 71335] [client 4.190.195.218:0] script '/domains/system_default/fw.php' not found or unable to stat
[Sun Jan 25 00:51:03.780495 2026] [php:error] [pid 71335] [client 4.190.195.218:0] script '/domains/system_default/gecko-new.php' not found or unable to stat
[Sun Jan 25 00:51:21.174399 2026] [php:error] [pid 71360] [client 106.205.40.227:0] script '/domains/miles.interport/xmlrpc.php' not found or unable to stat
[Sun Jan 25 00:53:12.638405 2026] [php:error] [pid 71387] [client 20.219.136.84:0] script '/domains/system_suspended/admin.php' not found or unable to stat
[Sun Jan 25 00:53:12.850830 2026] [php:error] [pid 71387] [client 20.219.136.84:0] script '/domains/system_suspended/manager.php' not found or unable to stat
[Sun Jan 25 00:53:13.741938 2026] [php:error] [pid 71387] [client 20.219.136.84:0] script '/domains/system_suspended/wp-sing.php' not found or unable to stat
[Sun Jan 25 00:53:13.953820 2026] [php:error] [pid 71387] [client 20.219.136.84:0] script '/domains/system_suspended/goods.php' not found or unable to stat
[Sun Jan 25 00:53:14.166608 2026] [php:error] [pid 71387] [client 20.219.136.84:0] script '/domains/system_suspended/chosen.php' not found or unable to stat
[Sun Jan 25 00:53:14.378176 2026] [php:error] [pid 71387] [client 20.219.136.84:0] script '/domains/system_suspended/term.php' not found or unable to stat
[Sun Jan 25 00:53:14.805711 2026] [php:error] [pid 71387] [client 20.219.136.84:0] script '/domains/system_suspended/wpc.php' not found or unable to stat
[Sun Jan 25 00:53:15.020101 2026] [php:error] [pid 71387] [client 20.219.136.84:0] script '/domains/system_suspended/about.php' not found or unable to stat
[Sun Jan 25 00:53:15.234363 2026] [php:error] [pid 71387] [client 20.219.136.84:0] script '/domains/system_suspended/deepseek_d.php' not found or unable to stat
[Sun Jan 25 00:53:15.675030 2026] [php:error] [pid 71387] [client 20.219.136.84:0] script '/domains/system_suspended/elp.php' not found or unable to stat
[Sun Jan 25 00:53:15.902841 2026] [php:error] [pid 71387] [client 20.219.136.84:0] script '/domains/system_suspended/bless.php' not found or unable to stat
[Sun Jan 25 00:53:16.145070 2026] [php:error] [pid 71387] [client 20.219.136.84:0] script '/domains/system_suspended/edit.php' not found or unable to stat
[Sun Jan 25 00:53:16.356633 2026] [php:error] [pid 71387] [client 20.219.136.84:0] script '/domains/system_suspended/simple.php' not found or unable to stat
[Sun Jan 25 00:53:16.568331 2026] [php:error] [pid 71387] [client 20.219.136.84:0] script '/domains/system_suspended/wp-login.php' not found or unable to stat
[Sun Jan 25 00:53:17.212542 2026] [php:error] [pid 71387] [client 20.219.136.84:0] script '/domains/system_suspended/ioxi-o.php' not found or unable to stat
[Sun Jan 25 00:53:17.653149 2026] [php:error] [pid 71387] [client 20.219.136.84:0] script '/domains/system_suspended/test.php' not found or unable to stat
[Sun Jan 25 00:53:18.309357 2026] [php:error] [pid 71387] [client 20.219.136.84:0] script '/domains/system_suspended/classwithtostring.php' not found or unable to stat
[Sun Jan 25 00:53:18.950910 2026] [php:error] [pid 71387] [client 20.219.136.84:0] script '/domains/system_suspended/2.php' not found or unable to stat
[Sun Jan 25 00:53:19.173131 2026] [php:error] [pid 71387] [client 20.219.136.84:0] script '/domains/system_suspended/functions.php' not found or unable to stat
[Sun Jan 25 00:53:20.036389 2026] [php:error] [pid 71387] [client 20.219.136.84:0] script '/domains/system_suspended/aaa.php' not found or unable to stat
[Sun Jan 25 00:53:20.260077 2026] [php:error] [pid 71387] [client 20.219.136.84:0] script '/domains/system_suspended/inputs.php' not found or unable to stat
[Sun Jan 25 00:53:20.479670 2026] [php:error] [pid 71387] [client 20.219.136.84:0] script '/domains/system_suspended/log.php' not found or unable to stat
[Sun Jan 25 00:53:20.700535 2026] [php:error] [pid 71387] [client 20.219.136.84:0] script '/domains/system_suspended/man.php' not found or unable to stat
[Sun Jan 25 00:53:20.931231 2026] [php:error] [pid 71387] [client 20.219.136.84:0] script '/domains/system_suspended/1.php' not found or unable to stat
[Sun Jan 25 00:53:21.152985 2026] [php:error] [pid 71387] [client 20.219.136.84:0] script '/domains/system_suspended/aa.php' not found or unable to stat
[Sun Jan 25 00:53:21.364547 2026] [php:error] [pid 71387] [client 20.219.136.84:0] script '/domains/system_suspended/dropdown.php' not found or unable to stat
[Sun Jan 25 00:53:21.585082 2026] [php:error] [pid 71387] [client 20.219.136.84:0] script '/domains/system_suspended/rtx.php' not found or unable to stat
[Sun Jan 25 00:53:22.863504 2026] [php:error] [pid 71387] [client 20.219.136.84:0] script '/domains/system_suspended/atomlib.php' not found or unable to stat
[Sun Jan 25 00:53:23.095254 2026] [php:error] [pid 71387] [client 20.219.136.84:0] script '/domains/system_suspended/info.php' not found or unable to stat
[Sun Jan 25 00:53:23.306890 2026] [php:error] [pid 71387] [client 20.219.136.84:0] script '/domains/system_suspended/lock360.php' not found or unable to stat
[Sun Jan 25 00:53:23.762849 2026] [php:error] [pid 71387] [client 20.219.136.84:0] script '/domains/system_suspended/vx.php' not found or unable to stat
[Sun Jan 25 00:53:24.416756 2026] [php:error] [pid 71387] [client 20.219.136.84:0] script '/domains/system_suspended/wp-content.php' not found or unable to stat
[Sun Jan 25 00:53:25.946132 2026] [php:error] [pid 71387] [client 20.219.136.84:0] script '/domains/system_suspended/adminfuns.php' not found or unable to stat
[Sun Jan 25 00:53:26.167890 2026] [php:error] [pid 71387] [client 20.219.136.84:0] script '/domains/system_suspended/ahax.php' not found or unable to stat
[Sun Jan 25 00:53:26.380562 2026] [php:error] [pid 71387] [client 20.219.136.84:0] script '/domains/system_suspended/autoload_classmap.php' not found or unable to stat
[Sun Jan 25 00:53:26.804271 2026] [php:error] [pid 71387] [client 20.219.136.84:0] script '/domains/system_suspended/file.php' not found or unable to stat
[Sun Jan 25 00:53:27.029052 2026] [php:error] [pid 71387] [client 20.219.136.84:0] script '/domains/system_suspended/file5.php' not found or unable to stat
[Sun Jan 25 00:53:29.237014 2026] [php:error] [pid 71387] [client 20.219.136.84:0] script '/domains/system_suspended/xmlrpc.php' not found or unable to stat
[Sun Jan 25 00:53:29.487322 2026] [php:error] [pid 71387] [client 20.219.136.84:0] script '/domains/system_suspended/alfa.php' not found or unable to stat
[Sun Jan 25 00:53:29.729800 2026] [php:error] [pid 71387] [client 20.219.136.84:0] script '/domains/system_suspended/as.php' not found or unable to stat
[Sun Jan 25 00:53:30.166096 2026] [php:error] [pid 71387] [client 20.219.136.84:0] script '/domains/system_suspended/class-t.api.php' not found or unable to stat
[Sun Jan 25 00:53:30.402440 2026] [php:error] [pid 71387] [client 20.219.136.84:0] script '/domains/system_suspended/indoxploit.php' not found or unable to stat
[Sun Jan 25 00:53:30.615301 2026] [php:error] [pid 71387] [client 20.219.136.84:0] script '/domains/system_suspended/shell.php' not found or unable to stat
[Sun Jan 25 00:53:30.851741 2026] [php:error] [pid 71387] [client 20.219.136.84:0] script '/domains/system_suspended/system.php' not found or unable to stat
[Sun Jan 25 00:53:31.115531 2026] [php:error] [pid 71387] [client 20.219.136.84:0] script '/domains/system_suspended/wp-admin.php' not found or unable to stat
[Sun Jan 25 00:53:32.447299 2026] [php:error] [pid 71387] [client 20.219.136.84:0] script '/domains/system_suspended/wp-block.php' not found or unable to stat
[Sun Jan 25 00:53:33.153664 2026] [php:error] [pid 71387] [client 20.219.136.84:0] script '/domains/system_suspended/wp-good.php' not found or unable to stat
[Sun Jan 25 00:53:35.589961 2026] [php:error] [pid 71392] [client 20.219.136.84:0] script '/domains/system_suspended/01.php' not found or unable to stat
[Sun Jan 25 00:53:35.814621 2026] [php:error] [pid 71392] [client 20.219.136.84:0] script '/domains/system_suspended/222.php' not found or unable to stat
[Sun Jan 25 00:53:36.041269 2026] [php:error] [pid 71392] [client 20.219.136.84:0] script '/domains/system_suspended/403.php' not found or unable to stat
[Sun Jan 25 00:53:36.256125 2026] [php:error] [pid 71392] [client 20.219.136.84:0] script '/domains/system_suspended/404.php' not found or unable to stat
[Sun Jan 25 00:53:36.467376 2026] [php:error] [pid 71392] [client 20.219.136.84:0] script '/domains/system_suspended/Q.php' not found or unable to stat
[Sun Jan 25 00:53:36.692632 2026] [php:error] [pid 71392] [client 20.219.136.84:0] script '/domains/system_suspended/WSO.php' not found or unable to stat
[Sun Jan 25 00:53:36.912392 2026] [php:error] [pid 71392] [client 20.219.136.84:0] script '/domains/system_suspended/abc.php' not found or unable to stat
[Sun Jan 25 00:53:37.125500 2026] [php:error] [pid 71392] [client 20.219.136.84:0] script '/domains/system_suspended/abcd.php' not found or unable to stat
[Sun Jan 25 00:53:38.451638 2026] [php:error] [pid 71392] [client 20.219.136.84:0] script '/domains/system_suspended/byp.php' not found or unable to stat
[Sun Jan 25 00:53:38.663546 2026] [php:error] [pid 71392] [client 20.219.136.84:0] script '/domains/system_suspended/c.php' not found or unable to stat
[Sun Jan 25 00:53:38.880902 2026] [php:error] [pid 71392] [client 20.219.136.84:0] script '/domains/system_suspended/ca4.php' not found or unable to stat
[Sun Jan 25 00:53:39.267799 2026] [php:error] [pid 71387] [client 104.28.246.112:0] script '/domains/king1969/style.php' not found or unable to stat
[Sun Jan 25 00:53:39.447599 2026] [php:error] [pid 71387] [client 104.28.246.112:0] script '/domains/king1969/chosen.php' not found or unable to stat
[Sun Jan 25 00:53:39.479433 2026] [php:error] [pid 71387] [client 104.28.246.112:0] script '/domains/king1969/file.php' not found or unable to stat
[Sun Jan 25 00:53:39.515848 2026] [php:error] [pid 71387] [client 104.28.246.112:0] script '/domains/king1969/flower.php' not found or unable to stat
[Sun Jan 25 00:53:39.536392 2026] [php:error] [pid 71392] [client 20.219.136.84:0] script '/domains/system_suspended/config.php' not found or unable to stat
[Sun Jan 25 00:53:39.546878 2026] [php:error] [pid 71387] [client 104.28.246.112:0] script '/domains/king1969/gifclass.php' not found or unable to stat
[Sun Jan 25 00:53:39.599433 2026] [php:error] [pid 71387] [client 104.28.246.112:0] script '/domains/king1969/bless.php' not found or unable to stat
[Sun Jan 25 00:53:39.661723 2026] [php:error] [pid 71387] [client 104.28.246.112:0] script '/domains/king1969/class-t.api.php' not found or unable to stat
[Sun Jan 25 00:53:39.722094 2026] [php:error] [pid 71387] [client 104.28.246.112:0] script '/domains/king1969/blurbs.php' not found or unable to stat
[Sun Jan 25 00:53:39.754929 2026] [php:error] [pid 71392] [client 20.219.136.84:0] script '/domains/system_suspended/content.php' not found or unable to stat
[Sun Jan 25 00:53:39.754934 2026] [php:error] [pid 71387] [client 104.28.246.112:0] script '/domains/king1969/akcc.php' not found or unable to stat
[Sun Jan 25 00:53:39.815810 2026] [php:error] [pid 71387] [client 104.28.246.112:0] script '/domains/king1969/abcd.php' not found or unable to stat
[Sun Jan 25 00:53:39.878366 2026] [php:error] [pid 71387] [client 104.28.246.112:0] script '/domains/king1969/shelp.php' not found or unable to stat
[Sun Jan 25 00:53:39.910703 2026] [php:error] [pid 71387] [client 104.28.246.112:0] script '/domains/king1969/cord.php' not found or unable to stat
[Sun Jan 25 00:53:39.966295 2026] [php:error] [pid 71392] [client 20.219.136.84:0] script '/domains/system_suspended/favicon.php' not found or unable to stat
[Sun Jan 25 00:53:39.971793 2026] [php:error] [pid 71387] [client 104.28.246.112:0] script '/domains/king1969/dex.php' not found or unable to stat
[Sun Jan 25 00:53:40.037343 2026] [php:error] [pid 71387] [client 104.28.246.112:0] script '/domains/king1969/file2.php' not found or unable to stat
[Sun Jan 25 00:53:40.094908 2026] [php:error] [pid 71387] [client 104.28.246.112:0] script '/domains/king1969/zwso.php' not found or unable to stat
[Sun Jan 25 00:53:40.177319 2026] [php:error] [pid 71392] [client 20.219.136.84:0] script '/domains/system_suspended/file56.php' not found or unable to stat
[Sun Jan 25 00:53:40.221803 2026] [php:error] [pid 71387] [client 104.28.246.112:0] script '/domains/king1969/bolt.php' not found or unable to stat
[Sun Jan 25 00:53:40.254173 2026] [php:error] [pid 71387] [client 104.28.246.112:0] script '/domains/king1969/shlo.php' not found or unable to stat
[Sun Jan 25 00:53:40.283968 2026] [php:error] [pid 71387] [client 104.28.246.112:0] script '/domains/king1969/133.php' not found or unable to stat
[Sun Jan 25 00:53:40.316921 2026] [php:error] [pid 71387] [client 104.28.246.112:0] script '/domains/king1969/ahax.php' not found or unable to stat
[Sun Jan 25 00:53:40.351853 2026] [php:error] [pid 71387] [client 104.28.246.112:0] script '/domains/king1969/php8.php' not found or unable to stat
[Sun Jan 25 00:53:40.399680 2026] [php:error] [pid 71392] [client 20.219.136.84:0] script '/domains/system_suspended/flower.php' not found or unable to stat
[Sun Jan 25 00:53:40.412027 2026] [php:error] [pid 71387] [client 104.28.246.112:0] script '/domains/king1969/lufix1.php' not found or unable to stat
[Sun Jan 25 00:53:40.444719 2026] [php:error] [pid 71387] [client 104.28.246.112:0] script '/domains/king1969/witmm.php' not found or unable to stat
[Sun Jan 25 00:53:40.638349 2026] [php:error] [pid 71392] [client 20.219.136.84:0] script '/domains/system_suspended/fw.php' not found or unable to stat
[Sun Jan 25 00:53:40.647850 2026] [php:error] [pid 71387] [client 104.28.246.112:0] script '/domains/king1969/ioxi-o.php' not found or unable to stat
[Sun Jan 25 00:53:40.700943 2026] [php:error] [pid 71387] [client 104.28.246.112:0] script '/domains/king1969/222.php' not found or unable to stat
[Sun Jan 25 00:53:40.732373 2026] [php:error] [pid 71387] [client 104.28.246.112:0] script '/domains/king1969/files.php' not found or unable to stat
[Sun Jan 25 00:53:40.764645 2026] [php:error] [pid 71387] [client 104.28.246.112:0] script '/domains/king1969/wp-editor.php' not found or unable to stat
[Sun Jan 25 00:53:40.822938 2026] [php:error] [pid 71387] [client 104.28.246.112:0] script '/domains/king1969/txets.php' not found or unable to stat
[Sun Jan 25 00:53:40.855386 2026] [php:error] [pid 71392] [client 20.219.136.84:0] script '/domains/system_suspended/gecko-new.php' not found or unable to stat
[Sun Jan 25 00:53:40.946540 2026] [php:error] [pid 71387] [client 104.28.246.112:0] script '/domains/king1969/postnews.php' not found or unable to stat
[Sun Jan 25 00:53:42.258492 2026] [php:error] [pid 71380] [client 104.28.246.112:0] script '/domains/king1969/style.php' not found or unable to stat
[Sun Jan 25 00:53:42.290931 2026] [php:error] [pid 71396] [client 104.28.246.113:0] script '/domains/king1969/style.php' not found or unable to stat
[Sun Jan 25 00:53:42.536233 2026] [php:error] [pid 71380] [client 104.28.246.112:0] script '/domains/king1969/chosen.php' not found or unable to stat
[Sun Jan 25 00:53:42.565898 2026] [php:error] [pid 71396] [client 104.28.246.113:0] script '/domains/king1969/chosen.php' not found or unable to stat
[Sun Jan 25 00:53:42.570949 2026] [php:error] [pid 71380] [client 104.28.246.112:0] script '/domains/king1969/file.php' not found or unable to stat
[Sun Jan 25 00:53:42.595625 2026] [php:error] [pid 71396] [client 104.28.246.113:0] script '/domains/king1969/file.php' not found or unable to stat
[Sun Jan 25 00:53:42.626895 2026] [php:error] [pid 71396] [client 104.28.246.113:0] script '/domains/king1969/flower.php' not found or unable to stat
[Sun Jan 25 00:53:42.658786 2026] [php:error] [pid 71396] [client 104.28.246.113:0] script '/domains/king1969/gifclass.php' not found or unable to stat
[Sun Jan 25 00:53:42.659504 2026] [php:error] [pid 71380] [client 104.28.246.112:0] script '/domains/king1969/flower.php' not found or unable to stat
[Sun Jan 25 00:53:42.690304 2026] [php:error] [pid 71396] [client 104.28.246.113:0] script '/domains/king1969/bless.php' not found or unable to stat
[Sun Jan 25 00:53:42.693933 2026] [php:error] [pid 71380] [client 104.28.246.112:0] script '/domains/king1969/gifclass.php' not found or unable to stat
[Sun Jan 25 00:53:42.721952 2026] [php:error] [pid 71396] [client 104.28.246.113:0] script '/domains/king1969/class-t.api.php' not found or unable to stat
[Sun Jan 25 00:53:42.786496 2026] [php:error] [pid 71380] [client 104.28.246.112:0] script '/domains/king1969/bless.php' not found or unable to stat
[Sun Jan 25 00:53:42.800294 2026] [php:error] [pid 71396] [client 104.28.246.113:0] script '/domains/king1969/blurbs.php' not found or unable to stat
[Sun Jan 25 00:53:42.820564 2026] [php:error] [pid 71380] [client 104.28.246.112:0] script '/domains/king1969/class-t.api.php' not found or unable to stat
[Sun Jan 25 00:53:42.829502 2026] [php:error] [pid 71396] [client 104.28.246.113:0] script '/domains/king1969/akcc.php' not found or unable to stat
[Sun Jan 25 00:53:42.909409 2026] [php:error] [pid 71380] [client 104.28.246.112:0] script '/domains/king1969/blurbs.php' not found or unable to stat
[Sun Jan 25 00:53:42.909920 2026] [php:error] [pid 71396] [client 104.28.246.113:0] script '/domains/king1969/abcd.php' not found or unable to stat
[Sun Jan 25 00:53:42.939513 2026] [php:error] [pid 71396] [client 104.28.246.113:0] script '/domains/king1969/shelp.php' not found or unable to stat
[Sun Jan 25 00:53:42.943791 2026] [php:error] [pid 71380] [client 104.28.246.112:0] script '/domains/king1969/akcc.php' not found or unable to stat
[Sun Jan 25 00:53:43.017277 2026] [php:error] [pid 71396] [client 104.28.246.113:0] script '/domains/king1969/cord.php' not found or unable to stat
[Sun Jan 25 00:53:43.032444 2026] [php:error] [pid 71380] [client 104.28.246.112:0] script '/domains/king1969/abcd.php' not found or unable to stat
[Sun Jan 25 00:53:43.049348 2026] [php:error] [pid 71396] [client 104.28.246.113:0] script '/domains/king1969/dex.php' not found or unable to stat
[Sun Jan 25 00:53:43.067469 2026] [php:error] [pid 71380] [client 104.28.246.112:0] script '/domains/king1969/shelp.php' not found or unable to stat
[Sun Jan 25 00:53:43.102504 2026] [php:error] [pid 71380] [client 104.28.246.112:0] script '/domains/king1969/cord.php' not found or unable to stat
[Sun Jan 25 00:53:43.171248 2026] [php:error] [pid 71396] [client 104.28.246.113:0] script '/domains/king1969/file2.php' not found or unable to stat
[Sun Jan 25 00:53:43.185682 2026] [php:error] [pid 71380] [client 104.28.246.112:0] script '/domains/king1969/dex.php' not found or unable to stat
[Sun Jan 25 00:53:43.248232 2026] [php:error] [pid 71396] [client 104.28.246.113:0] script '/domains/king1969/zwso.php' not found or unable to stat
[Sun Jan 25 00:53:43.253162 2026] [php:error] [pid 71380] [client 104.28.246.112:0] script '/domains/king1969/file2.php' not found or unable to stat
[Sun Jan 25 00:53:43.287935 2026] [php:error] [pid 71380] [client 104.28.246.112:0] script '/domains/king1969/zwso.php' not found or unable to stat
[Sun Jan 25 00:53:43.392143 2026] [php:error] [pid 71396] [client 104.28.246.113:0] script '/domains/king1969/bolt.php' not found or unable to stat
[Sun Jan 25 00:53:43.421171 2026] [php:error] [pid 71396] [client 104.28.246.113:0] script '/domains/king1969/shlo.php' not found or unable to stat
[Sun Jan 25 00:53:43.449902 2026] [php:error] [pid 71396] [client 104.28.246.113:0] script '/domains/king1969/133.php' not found or unable to stat
[Sun Jan 25 00:53:43.496412 2026] [php:error] [pid 71380] [client 104.28.246.112:0] script '/domains/king1969/bolt.php' not found or unable to stat
[Sun Jan 25 00:53:43.526901 2026] [php:error] [pid 71396] [client 104.28.246.113:0] script '/domains/king1969/ahax.php' not found or unable to stat
[Sun Jan 25 00:53:43.530945 2026] [php:error] [pid 71380] [client 104.28.246.112:0] script '/domains/king1969/shlo.php' not found or unable to stat
[Sun Jan 25 00:53:43.557255 2026] [php:error] [pid 71396] [client 104.28.246.113:0] script '/domains/king1969/php8.php' not found or unable to stat
[Sun Jan 25 00:53:43.564964 2026] [php:error] [pid 71380] [client 104.28.246.112:0] script '/domains/king1969/133.php' not found or unable to stat
[Sun Jan 25 00:53:43.598820 2026] [php:error] [pid 71380] [client 104.28.246.112:0] script '/domains/king1969/ahax.php' not found or unable to stat
[Sun Jan 25 00:53:43.634723 2026] [php:error] [pid 71396] [client 104.28.246.113:0] script '/domains/king1969/lufix1.php' not found or unable to stat
[Sun Jan 25 00:53:43.663839 2026] [php:error] [pid 71396] [client 104.28.246.113:0] script '/domains/king1969/witmm.php' not found or unable to stat
[Sun Jan 25 00:53:43.681870 2026] [php:error] [pid 71380] [client 104.28.246.112:0] script '/domains/king1969/php8.php' not found or unable to stat
[Sun Jan 25 00:53:43.715801 2026] [php:error] [pid 71380] [client 104.28.246.112:0] script '/domains/king1969/lufix1.php' not found or unable to stat
[Sun Jan 25 00:53:43.804888 2026] [php:error] [pid 71380] [client 104.28.246.112:0] script '/domains/king1969/witmm.php' not found or unable to stat
[Sun Jan 25 00:53:43.895774 2026] [php:error] [pid 71396] [client 104.28.246.113:0] script '/domains/king1969/ioxi-o.php' not found or unable to stat
[Sun Jan 25 00:53:43.924769 2026] [php:error] [pid 71396] [client 104.28.246.113:0] script '/domains/king1969/222.php' not found or unable to stat
[Sun Jan 25 00:53:43.942867 2026] [php:error] [pid 71380] [client 104.28.246.112:0] script '/domains/king1969/ioxi-o.php' not found or unable to stat
[Sun Jan 25 00:53:43.954220 2026] [php:error] [pid 71396] [client 104.28.246.113:0] script '/domains/king1969/files.php' not found or unable to stat
[Sun Jan 25 00:53:43.976739 2026] [php:error] [pid 71380] [client 104.28.246.112:0] script '/domains/king1969/222.php' not found or unable to stat
[Sun Jan 25 00:53:44.011921 2026] [php:error] [pid 71380] [client 104.28.246.112:0] script '/domains/king1969/files.php' not found or unable to stat
[Sun Jan 25 00:53:44.038777 2026] [php:error] [pid 71396] [client 104.28.246.113:0] script '/domains/king1969/wp-editor.php' not found or unable to stat
[Sun Jan 25 00:53:44.100869 2026] [php:error] [pid 71380] [client 104.28.246.112:0] script '/domains/king1969/wp-editor.php' not found or unable to stat
[Sun Jan 25 00:53:44.115916 2026] [php:error] [pid 71396] [client 104.28.246.113:0] script '/domains/king1969/txets.php' not found or unable to stat
[Sun Jan 25 00:53:44.135547 2026] [php:error] [pid 71380] [client 104.28.246.112:0] script '/domains/king1969/txets.php' not found or unable to stat
[Sun Jan 25 00:53:44.206774 2026] [php:error] [pid 71396] [client 104.28.246.113:0] script '/domains/king1969/postnews.php' not found or unable to stat
[Sun Jan 25 00:53:44.292269 2026] [php:error] [pid 71380] [client 104.28.246.112:0] script '/domains/king1969/postnews.php' not found or unable to stat
[Sun Jan 25 00:54:57.090035 2026] [php:error] [pid 71387] [client 106.219.59.243:0] script '/domains/msintl/xmlrpc.php' not found or unable to stat
[Sun Jan 25 00:55:25.190399 2026] [php:error] [pid 71399] [client 104.28.246.113:0] script '/domains/bruceweb/style.php' not found or unable to stat
[Sun Jan 25 00:55:25.404491 2026] [php:error] [pid 71399] [client 104.28.246.113:0] script '/domains/bruceweb/chosen.php' not found or unable to stat
[Sun Jan 25 00:55:25.482553 2026] [php:error] [pid 71399] [client 104.28.246.113:0] script '/domains/bruceweb/file.php' not found or unable to stat
[Sun Jan 25 00:55:25.520426 2026] [php:error] [pid 71399] [client 104.28.246.113:0] script '/domains/bruceweb/flower.php' not found or unable to stat
[Sun Jan 25 00:55:25.606368 2026] [php:error] [pid 71399] [client 104.28.246.113:0] script '/domains/bruceweb/gifclass.php' not found or unable to stat
[Sun Jan 25 00:55:25.639214 2026] [php:error] [pid 71399] [client 104.28.246.113:0] script '/domains/bruceweb/bless.php' not found or unable to stat
[Sun Jan 25 00:55:25.671734 2026] [php:error] [pid 71399] [client 104.28.246.113:0] script '/domains/bruceweb/class-t.api.php' not found or unable to stat
[Sun Jan 25 00:55:25.761395 2026] [php:error] [pid 71399] [client 104.28.246.113:0] script '/domains/bruceweb/blurbs.php' not found or unable to stat
[Sun Jan 25 00:55:25.792956 2026] [php:error] [pid 71399] [client 104.28.246.113:0] script '/domains/bruceweb/akcc.php' not found or unable to stat
[Sun Jan 25 00:55:25.823659 2026] [php:error] [pid 71399] [client 104.28.246.113:0] script '/domains/bruceweb/abcd.php' not found or unable to stat
[Sun Jan 25 00:55:25.854922 2026] [php:error] [pid 71399] [client 104.28.246.113:0] script '/domains/bruceweb/shelp.php' not found or unable to stat
[Sun Jan 25 00:55:25.886146 2026] [php:error] [pid 71399] [client 104.28.246.113:0] script '/domains/bruceweb/cord.php' not found or unable to stat
[Sun Jan 25 00:55:25.978720 2026] [php:error] [pid 71399] [client 104.28.246.113:0] script '/domains/bruceweb/dex.php' not found or unable to stat
[Sun Jan 25 00:55:26.086093 2026] [php:error] [pid 71399] [client 104.28.246.113:0] script '/domains/bruceweb/file2.php' not found or unable to stat
[Sun Jan 25 00:55:26.117376 2026] [php:error] [pid 71399] [client 104.28.246.113:0] script '/domains/bruceweb/zwso.php' not found or unable to stat
[Sun Jan 25 00:55:26.271333 2026] [php:error] [pid 71399] [client 104.28.246.113:0] script '/domains/bruceweb/bolt.php' not found or unable to stat
[Sun Jan 25 00:55:26.303202 2026] [php:error] [pid 71399] [client 104.28.246.113:0] script '/domains/bruceweb/shlo.php' not found or unable to stat
[Sun Jan 25 00:55:26.334214 2026] [php:error] [pid 71399] [client 104.28.246.113:0] script '/domains/bruceweb/133.php' not found or unable to stat
[Sun Jan 25 00:55:26.365203 2026] [php:error] [pid 71399] [client 104.28.246.113:0] script '/domains/bruceweb/ahax.php' not found or unable to stat
[Sun Jan 25 00:55:26.397043 2026] [php:error] [pid 71399] [client 104.28.246.113:0] script '/domains/bruceweb/php8.php' not found or unable to stat
[Sun Jan 25 00:55:26.428535 2026] [php:error] [pid 71399] [client 104.28.246.113:0] script '/domains/bruceweb/lufix1.php' not found or unable to stat
[Sun Jan 25 00:55:26.460820 2026] [php:error] [pid 71399] [client 104.28.246.113:0] script '/domains/bruceweb/witmm.php' not found or unable to stat
[Sun Jan 25 00:55:26.704447 2026] [php:error] [pid 71399] [client 104.28.246.113:0] script '/domains/bruceweb/ioxi-o.php' not found or unable to stat
[Sun Jan 25 00:55:26.737368 2026] [php:error] [pid 71399] [client 104.28.246.113:0] script '/domains/bruceweb/222.php' not found or unable to stat
[Sun Jan 25 00:55:26.768818 2026] [php:error] [pid 71399] [client 104.28.246.113:0] script '/domains/bruceweb/files.php' not found or unable to stat
[Sun Jan 25 00:55:26.859482 2026] [php:error] [pid 71399] [client 104.28.246.113:0] script '/domains/bruceweb/wp-editor.php' not found or unable to stat
[Sun Jan 25 00:55:26.950198 2026] [php:error] [pid 71399] [client 104.28.246.113:0] script '/domains/bruceweb/txets.php' not found or unable to stat
[Sun Jan 25 00:55:27.135485 2026] [php:error] [pid 71399] [client 104.28.246.113:0] script '/domains/bruceweb/postnews.php' not found or unable to stat
[Sun Jan 25 00:55:51.758612 2026] [php:error] [pid 71421] [client 20.210.232.80:0] script '/domains/nostrada/admin.php' not found or unable to stat
[Sun Jan 25 00:55:51.917493 2026] [php:error] [pid 71421] [client 20.210.232.80:0] script '/domains/nostrada/manager.php' not found or unable to stat
[Sun Jan 25 00:55:52.553979 2026] [php:error] [pid 71421] [client 20.210.232.80:0] script '/domains/nostrada/wp-sing.php' not found or unable to stat
[Sun Jan 25 00:55:52.725645 2026] [php:error] [pid 71421] [client 20.210.232.80:0] script '/domains/nostrada/goods.php' not found or unable to stat
[Sun Jan 25 00:55:52.884520 2026] [php:error] [pid 71421] [client 20.210.232.80:0] script '/domains/nostrada/chosen.php' not found or unable to stat
[Sun Jan 25 00:55:53.043386 2026] [php:error] [pid 71421] [client 20.210.232.80:0] script '/domains/nostrada/term.php' not found or unable to stat
[Sun Jan 25 00:55:53.366681 2026] [php:error] [pid 71421] [client 20.210.232.80:0] script '/domains/nostrada/wpc.php' not found or unable to stat
[Sun Jan 25 00:55:53.525612 2026] [php:error] [pid 71421] [client 20.210.232.80:0] script '/domains/nostrada/about.php' not found or unable to stat
[Sun Jan 25 00:55:53.685535 2026] [php:error] [pid 71421] [client 20.210.232.80:0] script '/domains/nostrada/deepseek_d.php' not found or unable to stat
[Sun Jan 25 00:55:54.005491 2026] [php:error] [pid 71421] [client 20.210.232.80:0] script '/domains/nostrada/elp.php' not found or unable to stat
[Sun Jan 25 00:55:54.164437 2026] [php:error] [pid 71421] [client 20.210.232.80:0] script '/domains/nostrada/bless.php' not found or unable to stat
[Sun Jan 25 00:55:54.323346 2026] [php:error] [pid 71421] [client 20.210.232.80:0] script '/domains/nostrada/edit.php' not found or unable to stat
[Sun Jan 25 00:55:54.481806 2026] [php:error] [pid 71421] [client 20.210.232.80:0] script '/domains/nostrada/simple.php' not found or unable to stat
[Sun Jan 25 00:55:54.641525 2026] [php:error] [pid 71421] [client 20.210.232.80:0] script '/domains/nostrada/wp-login.php' not found or unable to stat
[Sun Jan 25 00:55:55.136383 2026] [php:error] [pid 71421] [client 20.210.232.80:0] script '/domains/nostrada/ioxi-o.php' not found or unable to stat
[Sun Jan 25 00:55:55.454212 2026] [php:error] [pid 71421] [client 20.210.232.80:0] script '/domains/nostrada/test.php' not found or unable to stat
[Sun Jan 25 00:55:55.931199 2026] [php:error] [pid 71421] [client 20.210.232.80:0] script '/domains/nostrada/classwithtostring.php' not found or unable to stat
[Sun Jan 25 00:55:56.407696 2026] [php:error] [pid 71421] [client 20.210.232.80:0] script '/domains/nostrada/2.php' not found or unable to stat
[Sun Jan 25 00:55:56.566999 2026] [php:error] [pid 71421] [client 20.210.232.80:0] script '/domains/nostrada/functions.php' not found or unable to stat
[Sun Jan 25 00:55:57.202176 2026] [php:error] [pid 71421] [client 20.210.232.80:0] script '/domains/nostrada/aaa.php' not found or unable to stat
[Sun Jan 25 00:55:57.369299 2026] [php:error] [pid 71421] [client 20.210.232.80:0] script '/domains/nostrada/inputs.php' not found or unable to stat
[Sun Jan 25 00:55:57.539483 2026] [php:error] [pid 71421] [client 20.210.232.80:0] script '/domains/nostrada/log.php' not found or unable to stat
[Sun Jan 25 00:55:57.698387 2026] [php:error] [pid 71421] [client 20.210.232.80:0] script '/domains/nostrada/man.php' not found or unable to stat
[Sun Jan 25 00:55:57.857468 2026] [php:error] [pid 71421] [client 20.210.232.80:0] script '/domains/nostrada/1.php' not found or unable to stat
[Sun Jan 25 00:55:58.017483 2026] [php:error] [pid 71421] [client 20.210.232.80:0] script '/domains/nostrada/aa.php' not found or unable to stat
[Sun Jan 25 00:55:58.176136 2026] [php:error] [pid 71421] [client 20.210.232.80:0] script '/domains/nostrada/dropdown.php' not found or unable to stat
[Sun Jan 25 00:55:58.335075 2026] [php:error] [pid 71421] [client 20.210.232.80:0] script '/domains/nostrada/rtx.php' not found or unable to stat
[Sun Jan 25 00:55:59.287862 2026] [php:error] [pid 71421] [client 20.210.232.80:0] script '/domains/nostrada/atomlib.php' not found or unable to stat
[Sun Jan 25 00:55:59.446618 2026] [php:error] [pid 71421] [client 20.210.232.80:0] script '/domains/nostrada/info.php' not found or unable to stat
[Sun Jan 25 00:55:59.605175 2026] [php:error] [pid 71421] [client 20.210.232.80:0] script '/domains/nostrada/lock360.php' not found or unable to stat
[Sun Jan 25 00:55:59.934638 2026] [php:error] [pid 71421] [client 20.210.232.80:0] script '/domains/nostrada/vx.php' not found or unable to stat
[Sun Jan 25 00:56:00.458560 2026] [php:error] [pid 71421] [client 20.210.232.80:0] script '/domains/nostrada/wp-content.php' not found or unable to stat
[Sun Jan 25 00:56:01.589002 2026] [php:error] [pid 71421] [client 20.210.232.80:0] script '/domains/nostrada/adminfuns.php' not found or unable to stat
[Sun Jan 25 00:56:01.747582 2026] [php:error] [pid 71421] [client 20.210.232.80:0] script '/domains/nostrada/ahax.php' not found or unable to stat
[Sun Jan 25 00:56:01.906526 2026] [php:error] [pid 71421] [client 20.210.232.80:0] script '/domains/nostrada/autoload_classmap.php' not found or unable to stat
[Sun Jan 25 00:56:02.250655 2026] [php:error] [pid 71421] [client 20.210.232.80:0] script '/domains/nostrada/file.php' not found or unable to stat
[Sun Jan 25 00:56:02.409257 2026] [php:error] [pid 71421] [client 20.210.232.80:0] script '/domains/nostrada/file5.php' not found or unable to stat
[Sun Jan 25 00:56:03.862240 2026] [php:error] [pid 71421] [client 20.210.232.80:0] script '/domains/nostrada/xmlrpc.php' not found or unable to stat
[Sun Jan 25 00:56:04.027218 2026] [php:error] [pid 71421] [client 20.210.232.80:0] script '/domains/nostrada/alfa.php' not found or unable to stat
[Sun Jan 25 00:56:04.188308 2026] [php:error] [pid 71421] [client 20.210.232.80:0] script '/domains/nostrada/as.php' not found or unable to stat
[Sun Jan 25 00:56:04.508556 2026] [php:error] [pid 71421] [client 20.210.232.80:0] script '/domains/nostrada/class-t.api.php' not found or unable to stat
[Sun Jan 25 00:56:04.684036 2026] [php:error] [pid 71421] [client 20.210.232.80:0] script '/domains/nostrada/indoxploit.php' not found or unable to stat
