[Sun Jan 25 00:36:01.861926 2026] [php:error] [pid 65466] [client 20.42.209.0:0] script '/domains/pmifit/akcc.php' not found or unable to stat
[Sun Jan 25 00:36:02.061468 2026] [php:error] [pid 65466] [client 20.42.209.0:0] script '/domains/pmifit/vanda.php' not found or unable to stat
[Sun Jan 25 00:36:02.273347 2026] [php:error] [pid 65466] [client 20.42.209.0:0] script '/domains/pmifit/lib.php' not found or unable to stat
[Sun Jan 25 00:36:02.484426 2026] [php:error] [pid 65466] [client 20.42.209.0:0] script '/domains/pmifit/zc-104.php' not found or unable to stat
[Sun Jan 25 00:36:02.684316 2026] [php:error] [pid 65466] [client 20.42.209.0:0] script '/domains/pmifit/zc-729.php' not found or unable to stat
[Sun Jan 25 00:36:02.897564 2026] [php:error] [pid 65466] [client 20.42.209.0:0] script '/domains/pmifit/bo.php' not found or unable to stat
[Sun Jan 25 00:36:03.097026 2026] [php:error] [pid 65466] [client 20.42.209.0:0] script '/domains/pmifit/x.php' not found or unable to stat
[Sun Jan 25 00:36:03.313334 2026] [php:error] [pid 65466] [client 20.42.209.0:0] script '/domains/pmifit/adminfuns.php' not found or unable to stat
[Sun Jan 25 00:36:03.513079 2026] [php:error] [pid 65466] [client 20.42.209.0:0] script '/domains/pmifit/56c53.php' not found or unable to stat
[Sun Jan 25 00:36:03.730638 2026] [php:error] [pid 65466] [client 20.42.209.0:0] script '/domains/pmifit/FII.php' not found or unable to stat
[Sun Jan 25 00:36:03.931302 2026] [php:error] [pid 65466] [client 20.42.209.0:0] script '/domains/pmifit/wp-ac.php' not found or unable to stat
[Sun Jan 25 00:36:04.160521 2026] [php:error] [pid 65466] [client 20.42.209.0:0] script '/domains/pmifit/atex1.php' not found or unable to stat
[Sun Jan 25 00:36:04.360438 2026] [php:error] [pid 65466] [client 20.42.209.0:0] script '/domains/pmifit/blox.php' not found or unable to stat
[Sun Jan 25 00:36:04.583198 2026] [php:error] [pid 65466] [client 20.42.209.0:0] script '/domains/pmifit/wp-64wscx6shd.php' not found or unable to stat
[Sun Jan 25 00:36:04.782297 2026] [php:error] [pid 65466] [client 20.42.209.0:0] script '/domains/pmifit/gecko.php' not found or unable to stat
[Sun Jan 25 00:36:04.981886 2026] [php:error] [pid 65466] [client 20.42.209.0:0] script '/domains/pmifit/sxx.php' not found or unable to stat
[Sun Jan 25 00:36:05.229644 2026] [php:error] [pid 65466] [client 20.42.209.0:0] script '/domains/pmifit/mode.php' not found or unable to stat
[Sun Jan 25 00:36:05.455388 2026] [php:error] [pid 65466] [client 20.42.209.0:0] script '/domains/pmifit/z60.php' not found or unable to stat
[Sun Jan 25 00:36:05.669341 2026] [php:error] [pid 65466] [client 20.42.209.0:0] script '/domains/pmifit/hehe.php' not found or unable to stat
[Sun Jan 25 00:36:05.892508 2026] [php:error] [pid 65466] [client 20.42.209.0:0] script '/domains/pmifit/asd.php' not found or unable to stat
[Sun Jan 25 00:36:06.120925 2026] [php:error] [pid 65466] [client 20.42.209.0:0] script '/domains/pmifit/5b9ac.php' not found or unable to stat
[Sun Jan 25 00:36:06.347221 2026] [php:error] [pid 65466] [client 20.42.209.0:0] script '/domains/pmifit/k.php' not found or unable to stat
[Sun Jan 25 00:36:06.546679 2026] [php:error] [pid 65466] [client 20.42.209.0:0] script '/domains/pmifit/edit.php' not found or unable to stat
[Sun Jan 25 00:36:06.746295 2026] [php:error] [pid 65466] [client 20.42.209.0:0] script '/domains/pmifit/t.php' not found or unable to stat
[Sun Jan 25 00:36:06.954027 2026] [php:error] [pid 65466] [client 20.42.209.0:0] script '/domains/pmifit/lm15.php' not found or unable to stat
[Sun Jan 25 00:36:07.155561 2026] [php:error] [pid 65466] [client 20.42.209.0:0] script '/domains/pmifit/6kDPjgFTmvS.php' not found or unable to stat
[Sun Jan 25 00:36:07.369486 2026] [php:error] [pid 65466] [client 20.42.209.0:0] script '/domains/pmifit/222.php' not found or unable to stat
[Sun Jan 25 00:36:07.570193 2026] [php:error] [pid 65466] [client 20.42.209.0:0] script '/domains/pmifit/admin836.php' not found or unable to stat
[Sun Jan 25 00:36:07.769553 2026] [php:error] [pid 65466] [client 20.42.209.0:0] script '/domains/pmifit/sx.php' not found or unable to stat
[Sun Jan 25 00:36:07.969000 2026] [php:error] [pid 65466] [client 20.42.209.0:0] script '/domains/pmifit/lufix.php' not found or unable to stat
[Sun Jan 25 00:38:17.952709 2026] [php:error] [pid 65517] [client 145.239.10.137:0] script '/domains/efusion1/x.php' not found or unable to stat, referer: http://sellmoretraining.com/x.php
[Sun Jan 25 00:39:03.501231 2026] [php:error] [pid 65514] [client 20.70.170.217:0] script '/domains/fryer/admin.php' not found or unable to stat
[Sun Jan 25 00:39:03.700091 2026] [php:error] [pid 65514] [client 20.70.170.217:0] script '/domains/fryer/manager.php' not found or unable to stat
[Sun Jan 25 00:39:04.504091 2026] [php:error] [pid 65514] [client 20.70.170.217:0] script '/domains/fryer/wp-sing.php' not found or unable to stat
[Sun Jan 25 00:39:04.703277 2026] [php:error] [pid 65514] [client 20.70.170.217:0] script '/domains/fryer/goods.php' not found or unable to stat
[Sun Jan 25 00:39:04.902269 2026] [php:error] [pid 65514] [client 20.70.170.217:0] script '/domains/fryer/chosen.php' not found or unable to stat
[Sun Jan 25 00:39:05.102606 2026] [php:error] [pid 65514] [client 20.70.170.217:0] script '/domains/fryer/term.php' not found or unable to stat
[Sun Jan 25 00:39:05.526184 2026] [php:error] [pid 65514] [client 20.70.170.217:0] script '/domains/fryer/wpc.php' not found or unable to stat
[Sun Jan 25 00:39:05.725090 2026] [php:error] [pid 65514] [client 20.70.170.217:0] script '/domains/fryer/about.php' not found or unable to stat
[Sun Jan 25 00:39:05.936980 2026] [php:error] [pid 65514] [client 20.70.170.217:0] script '/domains/fryer/deepseek_d.php' not found or unable to stat
[Sun Jan 25 00:39:06.349847 2026] [php:error] [pid 65514] [client 20.70.170.217:0] script '/domains/fryer/elp.php' not found or unable to stat
[Sun Jan 25 00:39:06.548821 2026] [php:error] [pid 65514] [client 20.70.170.217:0] script '/domains/fryer/bless.php' not found or unable to stat
[Sun Jan 25 00:39:06.757116 2026] [php:error] [pid 65514] [client 20.70.170.217:0] script '/domains/fryer/edit.php' not found or unable to stat
[Sun Jan 25 00:39:06.955978 2026] [php:error] [pid 65514] [client 20.70.170.217:0] script '/domains/fryer/simple.php' not found or unable to stat
[Sun Jan 25 00:39:07.158950 2026] [php:error] [pid 65514] [client 20.70.170.217:0] script '/domains/fryer/wp-login.php' not found or unable to stat
[Sun Jan 25 00:39:07.764089 2026] [php:error] [pid 65514] [client 20.70.170.217:0] script '/domains/fryer/ioxi-o.php' not found or unable to stat
[Sun Jan 25 00:39:08.786340 2026] [php:error] [pid 65514] [client 20.70.170.217:0] script '/domains/fryer/classwithtostring.php' not found or unable to stat
[Sun Jan 25 00:39:09.394692 2026] [php:error] [pid 65514] [client 20.70.170.217:0] script '/domains/fryer/2.php' not found or unable to stat
[Sun Jan 25 00:39:09.598509 2026] [php:error] [pid 65514] [client 20.70.170.217:0] script '/domains/fryer/functions.php' not found or unable to stat
[Sun Jan 25 00:39:10.401369 2026] [php:error] [pid 65514] [client 20.70.170.217:0] script '/domains/fryer/aaa.php' not found or unable to stat
[Sun Jan 25 00:39:10.614063 2026] [php:error] [pid 65514] [client 20.70.170.217:0] script '/domains/fryer/inputs.php' not found or unable to stat
[Sun Jan 25 00:39:10.814733 2026] [php:error] [pid 65514] [client 20.70.170.217:0] script '/domains/fryer/log.php' not found or unable to stat
[Sun Jan 25 00:39:11.025293 2026] [php:error] [pid 65514] [client 20.70.170.217:0] script '/domains/fryer/man.php' not found or unable to stat
[Sun Jan 25 00:39:11.224294 2026] [php:error] [pid 65514] [client 20.70.170.217:0] script '/domains/fryer/1.php' not found or unable to stat
[Sun Jan 25 00:39:11.425978 2026] [php:error] [pid 65514] [client 20.70.170.217:0] script '/domains/fryer/aa.php' not found or unable to stat
[Sun Jan 25 00:39:11.624952 2026] [php:error] [pid 65514] [client 20.70.170.217:0] script '/domains/fryer/dropdown.php' not found or unable to stat
[Sun Jan 25 00:39:11.823827 2026] [php:error] [pid 65514] [client 20.70.170.217:0] script '/domains/fryer/rtx.php' not found or unable to stat
[Sun Jan 25 00:39:13.060660 2026] [php:error] [pid 65514] [client 20.70.170.217:0] script '/domains/fryer/atomlib.php' not found or unable to stat
[Sun Jan 25 00:39:13.271333 2026] [php:error] [pid 65514] [client 20.70.170.217:0] script '/domains/fryer/info.php' not found or unable to stat
[Sun Jan 25 00:39:13.470599 2026] [php:error] [pid 65514] [client 20.70.170.217:0] script '/domains/fryer/lock360.php' not found or unable to stat
[Sun Jan 25 00:39:13.874753 2026] [php:error] [pid 65514] [client 20.70.170.217:0] script '/domains/fryer/vx.php' not found or unable to stat
[Sun Jan 25 00:39:13.893461 2026] [php:error] [pid 65508] [client 213.209.159.187:0] script '/domains/conceptlabs1/xmlrpc.php' not found or unable to stat
[Sun Jan 25 00:39:14.174231 2026] [php:error] [pid 65526] [client 213.209.159.187:0] script '/domains/conceptlabs1/xmlrpc.php' not found or unable to stat
[Sun Jan 25 00:39:14.455715 2026] [php:error] [pid 65494] [client 213.209.159.187:0] script '/domains/conceptlabs1/xmlrpc.php' not found or unable to stat
[Sun Jan 25 00:39:14.482056 2026] [php:error] [pid 65514] [client 20.70.170.217:0] script '/domains/fryer/wp-content.php' not found or unable to stat
[Sun Jan 25 00:39:14.739385 2026] [php:error] [pid 65508] [client 213.209.159.187:0] script '/domains/conceptlabs1/xmlrpc.php' not found or unable to stat
[Sun Jan 25 00:39:15.018758 2026] [php:error] [pid 65524] [client 213.209.159.187:0] script '/domains/conceptlabs1/xmlrpc.php' not found or unable to stat
[Sun Jan 25 00:39:15.298290 2026] [php:error] [pid 65494] [client 213.209.159.187:0] script '/domains/conceptlabs1/xmlrpc.php' not found or unable to stat
[Sun Jan 25 00:39:15.578360 2026] [php:error] [pid 65521] [client 213.209.159.187:0] script '/domains/conceptlabs1/wp-login.php' not found or unable to stat
[Sun Jan 25 00:39:15.859117 2026] [php:error] [pid 65520] [client 213.209.159.187:0] script '/domains/conceptlabs1/wp-login.php' not found or unable to stat
[Sun Jan 25 00:39:15.902749 2026] [php:error] [pid 65514] [client 20.70.170.217:0] script '/domains/fryer/adminfuns.php' not found or unable to stat
[Sun Jan 25 00:39:16.114173 2026] [php:error] [pid 65514] [client 20.70.170.217:0] script '/domains/fryer/ahax.php' not found or unable to stat
[Sun Jan 25 00:39:16.313108 2026] [php:error] [pid 65514] [client 20.70.170.217:0] script '/domains/fryer/autoload_classmap.php' not found or unable to stat
[Sun Jan 25 00:39:16.701625 2026] [php:error] [pid 65494] [client 213.209.159.187:0] script '/domains/conceptlabs1/xmlrpc.php' not found or unable to stat
[Sun Jan 25 00:39:16.718532 2026] [php:error] [pid 65514] [client 20.70.170.217:0] script '/domains/fryer/file.php' not found or unable to stat
[Sun Jan 25 00:39:16.917294 2026] [php:error] [pid 65514] [client 20.70.170.217:0] script '/domains/fryer/file5.php' not found or unable to stat
[Sun Jan 25 00:39:16.982508 2026] [php:error] [pid 65521] [client 213.209.159.187:0] script '/domains/conceptlabs1/xmlrpc.php' not found or unable to stat
[Sun Jan 25 00:39:17.261475 2026] [php:error] [pid 65520] [client 213.209.159.187:0] script '/domains/conceptlabs1/xmlrpc.php' not found or unable to stat
[Sun Jan 25 00:39:17.541443 2026] [php:error] [pid 65508] [client 213.209.159.187:0] script '/domains/conceptlabs1/xmlrpc.php' not found or unable to stat
[Sun Jan 25 00:39:17.822374 2026] [php:error] [pid 65494] [client 213.209.159.187:0] script '/domains/conceptlabs1/xmlrpc.php' not found or unable to stat
[Sun Jan 25 00:39:18.102779 2026] [php:error] [pid 65520] [client 213.209.159.187:0] script '/domains/conceptlabs1/xmlrpc.php' not found or unable to stat
[Sun Jan 25 00:39:18.381842 2026] [php:error] [pid 65519] [client 213.209.159.187:0] script '/domains/conceptlabs1/wp-login.php' not found or unable to stat
[Sun Jan 25 00:39:18.660575 2026] [php:error] [pid 65508] [client 213.209.159.187:0] script '/domains/conceptlabs1/wp-login.php' not found or unable to stat
[Sun Jan 25 00:39:18.740024 2026] [php:error] [pid 65514] [client 20.70.170.217:0] script '/domains/fryer/xmlrpc.php' not found or unable to stat
[Sun Jan 25 00:39:18.940662 2026] [php:error] [pid 65514] [client 20.70.170.217:0] script '/domains/fryer/alfa.php' not found or unable to stat
[Sun Jan 25 00:39:19.152511 2026] [php:error] [pid 65514] [client 20.70.170.217:0] script '/domains/fryer/as.php' not found or unable to stat
[Sun Jan 25 00:39:19.555491 2026] [php:error] [pid 65514] [client 20.70.170.217:0] script '/domains/fryer/class-t.api.php' not found or unable to stat
[Sun Jan 25 00:39:19.755655 2026] [php:error] [pid 65514] [client 20.70.170.217:0] script '/domains/fryer/indoxploit.php' not found or unable to stat
[Sun Jan 25 00:39:19.954674 2026] [php:error] [pid 65514] [client 20.70.170.217:0] script '/domains/fryer/shell.php' not found or unable to stat
[Sun Jan 25 00:39:20.170482 2026] [php:error] [pid 65514] [client 20.70.170.217:0] script '/domains/fryer/system.php' not found or unable to stat
[Sun Jan 25 00:39:20.383052 2026] [php:error] [pid 65514] [client 20.70.170.217:0] script '/domains/fryer/wp-admin.php' not found or unable to stat
[Sun Jan 25 00:39:21.556264 2026] [php:error] [pid 65508] [client 213.209.159.187:0] script '/domains/conceptlabs1/xmlrpc.php' not found or unable to stat
[Sun Jan 25 00:39:21.614080 2026] [php:error] [pid 65514] [client 20.70.170.217:0] script '/domains/fryer/wp-block.php' not found or unable to stat
[Sun Jan 25 00:39:21.836797 2026] [php:error] [pid 65494] [client 213.209.159.187:0] script '/domains/conceptlabs1/xmlrpc.php' not found or unable to stat
[Sun Jan 25 00:39:22.116888 2026] [php:error] [pid 65520] [client 213.209.159.187:0] script '/domains/conceptlabs1/xmlrpc.php' not found or unable to stat
[Sun Jan 25 00:39:22.229533 2026] [php:error] [pid 65514] [client 20.70.170.217:0] script '/domains/fryer/wp-good.php' not found or unable to stat
[Sun Jan 25 00:39:22.396706 2026] [php:error] [pid 65508] [client 213.209.159.187:0] script '/domains/conceptlabs1/xmlrpc.php' not found or unable to stat
[Sun Jan 25 00:39:22.678806 2026] [php:error] [pid 65494] [client 213.209.159.187:0] script '/domains/conceptlabs1/xmlrpc.php' not found or unable to stat
[Sun Jan 25 00:39:22.960324 2026] [php:error] [pid 65520] [client 213.209.159.187:0] script '/domains/conceptlabs1/xmlrpc.php' not found or unable to stat
[Sun Jan 25 00:39:23.239774 2026] [php:error] [pid 65519] [client 213.209.159.187:0] script '/domains/conceptlabs1/wp-login.php' not found or unable to stat
[Sun Jan 25 00:39:23.525854 2026] [php:error] [pid 65508] [client 213.209.159.187:0] script '/domains/conceptlabs1/wp-login.php' not found or unable to stat
[Sun Jan 25 00:39:24.466956 2026] [php:error] [pid 65519] [client 20.70.170.217:0] script '/domains/fryer/01.php' not found or unable to stat
[Sun Jan 25 00:39:24.684762 2026] [php:error] [pid 65519] [client 20.70.170.217:0] script '/domains/fryer/222.php' not found or unable to stat
[Sun Jan 25 00:39:24.887704 2026] [php:error] [pid 65519] [client 20.70.170.217:0] script '/domains/fryer/403.php' not found or unable to stat
[Sun Jan 25 00:39:25.090588 2026] [php:error] [pid 65519] [client 20.70.170.217:0] script '/domains/fryer/404.php' not found or unable to stat
[Sun Jan 25 00:39:25.293299 2026] [php:error] [pid 65519] [client 20.70.170.217:0] script '/domains/fryer/Q.php' not found or unable to stat
[Sun Jan 25 00:39:25.499823 2026] [php:error] [pid 65519] [client 20.70.170.217:0] script '/domains/fryer/WSO.php' not found or unable to stat
[Sun Jan 25 00:39:25.704344 2026] [php:error] [pid 65519] [client 20.70.170.217:0] script '/domains/fryer/abc.php' not found or unable to stat
[Sun Jan 25 00:39:25.907554 2026] [php:error] [pid 65519] [client 20.70.170.217:0] script '/domains/fryer/abcd.php' not found or unable to stat
[Sun Jan 25 00:39:27.167571 2026] [php:error] [pid 65519] [client 20.70.170.217:0] script '/domains/fryer/byp.php' not found or unable to stat
[Sun Jan 25 00:39:27.370556 2026] [php:error] [pid 65519] [client 20.70.170.217:0] script '/domains/fryer/c.php' not found or unable to stat
[Sun Jan 25 00:39:27.577217 2026] [php:error] [pid 65519] [client 20.70.170.217:0] script '/domains/fryer/ca4.php' not found or unable to stat
[Sun Jan 25 00:39:28.192285 2026] [php:error] [pid 65519] [client 20.70.170.217:0] script '/domains/fryer/config.php' not found or unable to stat
[Sun Jan 25 00:39:28.395211 2026] [php:error] [pid 65519] [client 20.70.170.217:0] script '/domains/fryer/content.php' not found or unable to stat
[Sun Jan 25 00:39:28.601198 2026] [php:error] [pid 65519] [client 20.70.170.217:0] script '/domains/fryer/favicon.php' not found or unable to stat
[Sun Jan 25 00:39:28.803998 2026] [php:error] [pid 65519] [client 20.70.170.217:0] script '/domains/fryer/file56.php' not found or unable to stat
[Sun Jan 25 00:39:29.007078 2026] [php:error] [pid 65519] [client 20.70.170.217:0] script '/domains/fryer/flower.php' not found or unable to stat
[Sun Jan 25 00:39:29.213241 2026] [php:error] [pid 65519] [client 20.70.170.217:0] script '/domains/fryer/fw.php' not found or unable to stat
[Sun Jan 25 00:39:29.416319 2026] [php:error] [pid 65519] [client 20.70.170.217:0] script '/domains/fryer/gecko-new.php' not found or unable to stat
[Sun Jan 25 00:40:01.378332 2026] [php:error] [pid 65508] [client 145.239.10.137:0] script '/domains/system_default/safari.php' not found or unable to stat, referer: http://lizards4u.com/safari.php
[Sun Jan 25 00:41:28.103288 2026] [php:error] [pid 65554] [client 74.225.153.249:0] script '/domains/system_suspended/autoload_classmap.php' not found or unable to stat
[Sun Jan 25 00:41:28.315451 2026] [php:error] [pid 65554] [client 74.225.153.249:0] script '/domains/system_suspended/alfa.php' not found or unable to stat
[Sun Jan 25 00:41:28.741450 2026] [php:error] [pid 65554] [client 74.225.153.249:0] script '/domains/system_suspended/luxe.php' not found or unable to stat
[Sun Jan 25 00:41:29.165077 2026] [php:error] [pid 65554] [client 74.225.153.249:0] script '/domains/system_suspended/rezor.php' not found or unable to stat
[Sun Jan 25 00:41:29.376754 2026] [php:error] [pid 65554] [client 74.225.153.249:0] script '/domains/system_suspended/doc.php' not found or unable to stat
[Sun Jan 25 00:41:30.014514 2026] [php:error] [pid 65554] [client 74.225.153.249:0] script '/domains/system_suspended/install.php' not found or unable to stat
[Sun Jan 25 00:41:30.537260 2026] [php:error] [pid 65554] [client 74.225.153.249:0] script '/domains/system_suspended/sto.php' not found or unable to stat
[Sun Jan 25 00:41:30.749236 2026] [php:error] [pid 65554] [client 74.225.153.249:0] script '/domains/system_suspended/x.php' not found or unable to stat
[Sun Jan 25 00:41:30.966215 2026] [php:error] [pid 65554] [client 74.225.153.249:0] script '/domains/system_suspended/test.php' not found or unable to stat
[Sun Jan 25 00:41:31.538818 2026] [php:error] [pid 65554] [client 74.225.153.249:0] script '/domains/system_suspended/n3.php' not found or unable to stat
[Sun Jan 25 00:41:31.965188 2026] [php:error] [pid 65554] [client 74.225.153.249:0] script '/domains/system_suspended/o.php' not found or unable to stat
[Sun Jan 25 00:41:32.702865 2026] [php:error] [pid 65554] [client 74.225.153.249:0] script '/domains/system_suspended/class-t.api.php' not found or unable to stat
[Sun Jan 25 00:41:33.148578 2026] [php:error] [pid 65554] [client 74.225.153.249:0] script '/domains/system_suspended/wp.php' not found or unable to stat
[Sun Jan 25 00:41:34.033596 2026] [php:error] [pid 65554] [client 74.225.153.249:0] script '/domains/system_suspended/h.php' not found or unable to stat
[Sun Jan 25 00:41:34.459167 2026] [php:error] [pid 65554] [client 74.225.153.249:0] script '/domains/system_suspended/wrt.php' not found or unable to stat
[Sun Jan 25 00:41:35.524351 2026] [php:error] [pid 65554] [client 74.225.153.249:0] script '/domains/system_suspended/png.php' not found or unable to stat
[Sun Jan 25 00:41:36.078894 2026] [php:error] [pid 65554] [client 74.225.153.249:0] script '/domains/system_suspended/zwso.php' not found or unable to stat
[Sun Jan 25 00:41:36.981826 2026] [php:error] [pid 65554] [client 74.225.153.249:0] script '/domains/system_suspended/ton.php' not found or unable to stat
[Sun Jan 25 00:41:37.193814 2026] [php:error] [pid 65554] [client 74.225.153.249:0] script '/domains/system_suspended/wso.php' not found or unable to stat
[Sun Jan 25 00:41:37.786515 2026] [php:error] [pid 65554] [client 74.225.153.249:0] script '/domains/system_suspended/a2.php' not found or unable to stat
[Sun Jan 25 00:41:37.997999 2026] [php:error] [pid 65554] [client 74.225.153.249:0] script '/domains/system_suspended/shell.php' not found or unable to stat
[Sun Jan 25 00:41:38.494717 2026] [php:error] [pid 65554] [client 74.225.153.249:0] script '/domains/system_suspended/sxo.php' not found or unable to stat
[Sun Jan 25 00:41:38.910491 2026] [php:error] [pid 65554] [client 74.225.153.249:0] script '/domains/system_suspended/admin.php' not found or unable to stat
[Sun Jan 25 00:41:39.584010 2026] [php:error] [pid 65554] [client 74.225.153.249:0] script '/domains/system_suspended/mans.php' not found or unable to stat
[Sun Jan 25 00:41:39.795781 2026] [php:error] [pid 65554] [client 74.225.153.249:0] script '/domains/system_suspended/dropdown.php' not found or unable to stat
[Sun Jan 25 00:41:40.374346 2026] [php:error] [pid 65554] [client 74.225.153.249:0] script '/domains/system_suspended/ze.php' not found or unable to stat
[Sun Jan 25 00:41:40.586269 2026] [php:error] [pid 65554] [client 74.225.153.249:0] script '/domains/system_suspended/geck.php' not found or unable to stat
[Sun Jan 25 00:41:40.837488 2026] [php:error] [pid 65554] [client 74.225.153.249:0] script '/domains/system_suspended/menu.php' not found or unable to stat
[Sun Jan 25 00:41:41.653737 2026] [php:error] [pid 65554] [client 74.225.153.249:0] script '/domains/system_suspended/flower.php' not found or unable to stat
[Sun Jan 25 00:41:41.959179 2026] [php:error] [pid 65554] [client 74.225.153.249:0] script '/domains/system_suspended/ftp.php' not found or unable to stat
[Sun Jan 25 00:41:42.172102 2026] [php:error] [pid 65554] [client 74.225.153.249:0] script '/domains/system_suspended/mds.php' not found or unable to stat
[Sun Jan 25 00:41:42.384171 2026] [php:error] [pid 65554] [client 74.225.153.249:0] script '/domains/system_suspended/ahax.php' not found or unable to stat
[Sun Jan 25 00:41:42.817806 2026] [php:error] [pid 65554] [client 74.225.153.249:0] script '/domains/system_suspended/cool.php' not found or unable to stat
[Sun Jan 25 00:41:43.029396 2026] [php:error] [pid 65554] [client 74.225.153.249:0] script '/domains/system_suspended/gm.php' not found or unable to stat
[Sun Jan 25 00:41:43.364886 2026] [php:error] [pid 65554] [client 74.225.153.249:0] script '/domains/system_suspended/simple.php' not found or unable to stat
[Sun Jan 25 00:41:43.712129 2026] [php:error] [pid 65554] [client 74.225.153.249:0] script '/domains/system_suspended/elp.php' not found or unable to stat
[Sun Jan 25 00:41:43.936816 2026] [php:error] [pid 65554] [client 74.225.153.249:0] script '/domains/system_suspended/bolt.php' not found or unable to stat
[Sun Jan 25 00:41:44.359864 2026] [php:error] [pid 65554] [client 74.225.153.249:0] script '/domains/system_suspended/inputs.php' not found or unable to stat
[Sun Jan 25 00:41:44.783743 2026] [php:error] [pid 65554] [client 74.225.153.249:0] script '/domains/system_suspended/system.php' not found or unable to stat
[Sun Jan 25 00:41:45.788569 2026] [php:error] [pid 65554] [client 74.225.153.249:0] script '/domains/system_suspended/an.php' not found or unable to stat
[Sun Jan 25 00:41:46.104001 2026] [php:error] [pid 65554] [client 74.225.153.249:0] script '/domains/system_suspended/w.php' not found or unable to stat
[Sun Jan 25 00:41:46.315609 2026] [php:error] [pid 65554] [client 74.225.153.249:0] script '/domains/system_suspended/gmo.php' not found or unable to stat
[Sun Jan 25 00:41:46.527020 2026] [php:error] [pid 65554] [client 74.225.153.249:0] script '/domains/system_suspended/gib.php' not found or unable to stat
[Sun Jan 25 00:41:46.749365 2026] [php:error] [pid 65554] [client 74.225.153.249:0] script '/domains/system_suspended/wp-miiss.php.php' not found or unable to stat
[Sun Jan 25 00:41:46.782389 2026] [php:error] [pid 65563] [client 213.209.159.187:0] script '/domains/memanuel/xmlrpc.php' not found or unable to stat
[Sun Jan 25 00:41:47.062701 2026] [php:error] [pid 65565] [client 213.209.159.187:0] script '/domains/memanuel/xmlrpc.php' not found or unable to stat
[Sun Jan 25 00:41:47.268159 2026] [php:error] [pid 65554] [client 74.225.153.249:0] script '/domains/system_suspended/moon.php' not found or unable to stat
[Sun Jan 25 00:41:47.342646 2026] [php:error] [pid 65565] [client 213.209.159.187:0] script '/domains/memanuel/xmlrpc.php' not found or unable to stat
[Sun Jan 25 00:41:47.513502 2026] [php:error] [pid 65554] [client 74.225.153.249:0] script '/domains/system_suspended/filesss.php' not found or unable to stat
[Sun Jan 25 00:41:47.623061 2026] [php:error] [pid 65565] [client 213.209.159.187:0] script '/domains/memanuel/xmlrpc.php' not found or unable to stat
[Sun Jan 25 00:41:47.728128 2026] [php:error] [pid 65554] [client 74.225.153.249:0] script '/domains/system_suspended/hey.php' not found or unable to stat
[Sun Jan 25 00:41:47.903795 2026] [php:error] [pid 65565] [client 213.209.159.187:0] script '/domains/memanuel/xmlrpc.php' not found or unable to stat
[Sun Jan 25 00:41:48.161647 2026] [php:error] [pid 65554] [client 74.225.153.249:0] script '/domains/system_suspended/1337.php' not found or unable to stat
[Sun Jan 25 00:41:48.185238 2026] [php:error] [pid 65567] [client 213.209.159.187:0] script '/domains/memanuel/xmlrpc.php' not found or unable to stat
[Sun Jan 25 00:41:48.392190 2026] [php:error] [pid 65554] [client 74.225.153.249:0] script '/domains/system_suspended/buy.php' not found or unable to stat
[Sun Jan 25 00:41:48.465154 2026] [php:error] [pid 65565] [client 213.209.159.187:0] script '/domains/memanuel/wp-login.php' not found or unable to stat
[Sun Jan 25 00:41:48.743442 2026] [php:error] [pid 65567] [client 213.209.159.187:0] script '/domains/memanuel/wp-login.php' not found or unable to stat
[Sun Jan 25 00:41:48.952926 2026] [php:error] [pid 65554] [client 74.225.153.249:0] script '/domains/system_suspended/m.php' not found or unable to stat
[Sun Jan 25 00:41:49.164598 2026] [php:error] [pid 65554] [client 74.225.153.249:0] script '/domains/system_suspended/wp-is.php' not found or unable to stat
[Sun Jan 25 00:41:49.398973 2026] [php:error] [pid 65554] [client 74.225.153.249:0] script '/domains/system_suspended/jmfi2.php' not found or unable to stat
[Sun Jan 25 00:41:49.581498 2026] [php:error] [pid 65562] [client 213.209.159.187:0] script '/domains/memanuel/xmlrpc.php' not found or unable to stat
[Sun Jan 25 00:41:49.860031 2026] [php:error] [pid 65554] [client 74.225.153.249:0] script '/domains/system_suspended/bnn_.php' not found or unable to stat
[Sun Jan 25 00:41:49.862111 2026] [php:error] [pid 65567] [client 213.209.159.187:0] script '/domains/memanuel/xmlrpc.php' not found or unable to stat
[Sun Jan 25 00:41:50.140990 2026] [php:error] [pid 65566] [client 213.209.159.187:0] script '/domains/memanuel/xmlrpc.php' not found or unable to stat
[Sun Jan 25 00:41:50.283919 2026] [php:error] [pid 65554] [client 74.225.153.249:0] script '/domains/system_suspended/hzz.php' not found or unable to stat
[Sun Jan 25 00:41:50.420041 2026] [php:error] [pid 65565] [client 213.209.159.187:0] script '/domains/memanuel/xmlrpc.php' not found or unable to stat
[Sun Jan 25 00:41:50.507752 2026] [php:error] [pid 65554] [client 74.225.153.249:0] script '/domains/system_suspended/shell20211028.php' not found or unable to stat
[Sun Jan 25 00:41:50.698615 2026] [php:error] [pid 65567] [client 213.209.159.187:0] script '/domains/memanuel/xmlrpc.php' not found or unable to stat
[Sun Jan 25 00:41:50.720045 2026] [php:error] [pid 65554] [client 74.225.153.249:0] script '/domains/system_suspended/content.php' not found or unable to stat
[Sun Jan 25 00:41:50.978684 2026] [php:error] [pid 65553] [client 213.209.159.187:0] script '/domains/memanuel/xmlrpc.php' not found or unable to stat
[Sun Jan 25 00:41:51.168344 2026] [php:error] [pid 65554] [client 74.225.153.249:0] script '/domains/system_suspended/ps.php' not found or unable to stat
[Sun Jan 25 00:41:51.258117 2026] [php:error] [pid 65566] [client 213.209.159.187:0] script '/domains/memanuel/wp-login.php' not found or unable to stat
[Sun Jan 25 00:41:51.537084 2026] [php:error] [pid 65565] [client 213.209.159.187:0] script '/domains/memanuel/wp-login.php' not found or unable to stat
[Sun Jan 25 00:41:51.814056 2026] [php:error] [pid 65554] [client 74.225.153.249:0] script '/domains/system_suspended/cache.php' not found or unable to stat
[Sun Jan 25 00:41:52.071023 2026] [php:error] [pid 65554] [client 74.225.153.249:0] script '/domains/system_suspended/ss.php' not found or unable to stat
[Sun Jan 25 00:41:52.282424 2026] [php:error] [pid 65554] [client 74.225.153.249:0] script '/domains/system_suspended/p.php' not found or unable to stat
[Sun Jan 25 00:41:52.383150 2026] [php:error] [pid 65565] [client 213.209.159.187:0] script '/domains/memanuel/xmlrpc.php' not found or unable to stat
[Sun Jan 25 00:41:52.671092 2026] [php:error] [pid 65566] [client 213.209.159.187:0] script '/domains/memanuel/xmlrpc.php' not found or unable to stat
[Sun Jan 25 00:41:53.374714 2026] [php:error] [pid 65565] [client 74.225.153.249:0] script '/domains/system_suspended/user.php' not found or unable to stat
[Sun Jan 25 00:41:53.487171 2026] [php:error] [pid 65567] [client 213.209.159.187:0] script '/domains/memanuel/xmlrpc.php' not found or unable to stat
[Sun Jan 25 00:41:53.766801 2026] [php:error] [pid 65566] [client 213.209.159.187:0] script '/domains/memanuel/xmlrpc.php' not found or unable to stat
[Sun Jan 25 00:41:54.011960 2026] [php:error] [pid 65565] [client 74.225.153.249:0] script '/domains/system_suspended/wp.php' not found or unable to stat
[Sun Jan 25 00:41:54.050077 2026] [php:error] [pid 65540] [client 213.209.159.187:0] script '/domains/memanuel/xmlrpc.php' not found or unable to stat
[Sun Jan 25 00:41:54.224934 2026] [php:error] [pid 65565] [client 74.225.153.249:0] script '/domains/system_suspended/rip.php' not found or unable to stat
[Sun Jan 25 00:41:54.332422 2026] [php:error] [pid 65567] [client 213.209.159.187:0] script '/domains/memanuel/xmlrpc.php' not found or unable to stat
[Sun Jan 25 00:41:54.610858 2026] [php:error] [pid 65566] [client 213.209.159.187:0] script '/domains/memanuel/wp-login.php' not found or unable to stat
[Sun Jan 25 00:41:54.616258 2026] [php:error] [pid 65565] [client 74.225.153.249:0] script '/domains/system_suspended/wp4.php' not found or unable to stat
[Sun Jan 25 00:41:54.827673 2026] [php:error] [pid 65565] [client 74.225.153.249:0] script '/domains/system_suspended/403.php' not found or unable to stat
[Sun Jan 25 00:41:54.890555 2026] [php:error] [pid 65554] [client 213.209.159.187:0] script '/domains/memanuel/wp-login.php' not found or unable to stat
[Sun Jan 25 00:41:55.391284 2026] [php:error] [pid 65565] [client 74.225.153.249:0] script '/domains/system_suspended/asd67.php' not found or unable to stat
[Sun Jan 25 00:41:55.924225 2026] [php:error] [pid 65565] [client 74.225.153.249:0] script '/domains/system_suspended/oivcl.php' not found or unable to stat
[Sun Jan 25 00:41:56.135519 2026] [php:error] [pid 65565] [client 74.225.153.249:0] script '/domains/system_suspended/about.php' not found or unable to stat
[Sun Jan 25 00:41:56.558511 2026] [php:error] [pid 65565] [client 74.225.153.249:0] script '/domains/system_suspended/v2.php' not found or unable to stat
[Sun Jan 25 00:41:57.427344 2026] [php:error] [pid 65565] [client 74.225.153.249:0] script '/domains/system_suspended/dr.php' not found or unable to stat
[Sun Jan 25 00:41:57.883239 2026] [php:error] [pid 65565] [client 74.225.153.249:0] script '/domains/system_suspended/raw.php' not found or unable to stat
[Sun Jan 25 00:41:58.729198 2026] [php:error] [pid 65565] [client 74.225.153.249:0] script '/domains/system_suspended/ioxi-o2.php' not found or unable to stat
[Sun Jan 25 00:41:58.996345 2026] [php:error] [pid 65565] [client 74.225.153.249:0] script '/domains/system_suspended/dropdown.php' not found or unable to stat
[Sun Jan 25 00:41:59.223172 2026] [php:error] [pid 65565] [client 74.225.153.249:0] script '/domains/system_suspended/dlu.php' not found or unable to stat
[Sun Jan 25 00:41:59.650947 2026] [php:error] [pid 65565] [client 74.225.153.249:0] script '/domains/system_suspended/db.php' not found or unable to stat
[Sun Jan 25 00:41:59.950058 2026] [php:error] [pid 65565] [client 74.225.153.249:0] script '/domains/system_suspended/packed.php' not found or unable to stat
[Sun Jan 25 00:42:00.283600 2026] [php:error] [pid 65565] [client 74.225.153.249:0] script '/domains/system_suspended/wp-configs.php' not found or unable to stat
[Sun Jan 25 00:42:00.505132 2026] [php:error] [pid 65565] [client 74.225.153.249:0] script '/domains/system_suspended/404.php' not found or unable to stat
[Sun Jan 25 00:42:00.894709 2026] [php:error] [pid 65565] [client 74.225.153.249:0] script '/domains/system_suspended/des.php' not found or unable to stat
[Sun Jan 25 00:42:01.346225 2026] [php:error] [pid 65565] [client 74.225.153.249:0] script '/domains/system_suspended/lufix.php' not found or unable to stat
[Sun Jan 25 00:43:43.629645 2026] [php:error] [pid 65591] [client 47.79.216.46:0] script '/domains/wsmith.enteract/credits.php' not found or unable to stat, referer: https://www.google.com/
[Sun Jan 25 00:44:15.646316 2026] [php:error] [pid 71248] [client 4.190.195.218:0] script '/domains/quintet/admin.php' not found or unable to stat
[Sun Jan 25 00:44:15.813319 2026] [php:error] [pid 71248] [client 4.190.195.218:0] script '/domains/quintet/manager.php' not found or unable to stat
[Sun Jan 25 00:44:16.484020 2026] [php:error] [pid 71248] [client 4.190.195.218:0] script '/domains/quintet/wp-sing.php' not found or unable to stat
[Sun Jan 25 00:44:16.650059 2026] [php:error] [pid 71248] [client 4.190.195.218:0] script '/domains/quintet/goods.php' not found or unable to stat
[Sun Jan 25 00:44:16.817100 2026] [php:error] [pid 71248] [client 4.190.195.218:0] script '/domains/quintet/chosen.php' not found or unable to stat
[Sun Jan 25 00:44:16.984288 2026] [php:error] [pid 71248] [client 4.190.195.218:0] script '/domains/quintet/term.php' not found or unable to stat
[Sun Jan 25 00:44:17.330906 2026] [php:error] [pid 71248] [client 4.190.195.218:0] script '/domains/quintet/wpc.php' not found or unable to stat
[Sun Jan 25 00:44:17.497683 2026] [php:error] [pid 71248] [client 4.190.195.218:0] script '/domains/quintet/about.php' not found or unable to stat
[Sun Jan 25 00:44:17.664156 2026] [php:error] [pid 71248] [client 4.190.195.218:0] script '/domains/quintet/deepseek_d.php' not found or unable to stat
[Sun Jan 25 00:44:17.999650 2026] [php:error] [pid 71248] [client 4.190.195.218:0] script '/domains/quintet/elp.php' not found or unable to stat
[Sun Jan 25 00:44:18.169642 2026] [php:error] [pid 71248] [client 4.190.195.218:0] script '/domains/quintet/bless.php' not found or unable to stat
[Sun Jan 25 00:44:18.337814 2026] [php:error] [pid 71248] [client 4.190.195.218:0] script '/domains/quintet/edit.php' not found or unable to stat
[Sun Jan 25 00:44:18.504934 2026] [php:error] [pid 71248] [client 4.190.195.218:0] script '/domains/quintet/simple.php' not found or unable to stat
[Sun Jan 25 00:44:18.674344 2026] [php:error] [pid 71248] [client 4.190.195.218:0] script '/domains/quintet/wp-login.php' not found or unable to stat
[Sun Jan 25 00:44:19.181560 2026] [php:error] [pid 71248] [client 4.190.195.218:0] script '/domains/quintet/ioxi-o.php' not found or unable to stat
[Sun Jan 25 00:44:19.519359 2026] [php:error] [pid 71248] [client 4.190.195.218:0] script '/domains/quintet/test.php' not found or unable to stat
[Sun Jan 25 00:44:20.018175 2026] [php:error] [pid 71248] [client 4.190.195.218:0] script '/domains/quintet/classwithtostring.php' not found or unable to stat
[Sun Jan 25 00:44:20.519466 2026] [php:error] [pid 71248] [client 4.190.195.218:0] script '/domains/quintet/2.php' not found or unable to stat
[Sun Jan 25 00:44:20.686000 2026] [php:error] [pid 71248] [client 4.190.195.218:0] script '/domains/quintet/functions.php' not found or unable to stat
[Sun Jan 25 00:44:21.363349 2026] [php:error] [pid 71248] [client 4.190.195.218:0] script '/domains/quintet/aaa.php' not found or unable to stat
[Sun Jan 25 00:44:21.529634 2026] [php:error] [pid 71248] [client 4.190.195.218:0] script '/domains/quintet/inputs.php' not found or unable to stat
[Sun Jan 25 00:44:21.695632 2026] [php:error] [pid 71248] [client 4.190.195.218:0] script '/domains/quintet/log.php' not found or unable to stat
[Sun Jan 25 00:44:21.872069 2026] [php:error] [pid 71248] [client 4.190.195.218:0] script '/domains/quintet/man.php' not found or unable to stat
[Sun Jan 25 00:44:22.039669 2026] [php:error] [pid 71248] [client 4.190.195.218:0] script '/domains/quintet/1.php' not found or unable to stat
[Sun Jan 25 00:44:22.205852 2026] [php:error] [pid 71248] [client 4.190.195.218:0] script '/domains/quintet/aa.php' not found or unable to stat
[Sun Jan 25 00:44:22.374667 2026] [php:error] [pid 71248] [client 4.190.195.218:0] script '/domains/quintet/dropdown.php' not found or unable to stat
[Sun Jan 25 00:44:22.542628 2026] [php:error] [pid 71248] [client 4.190.195.218:0] script '/domains/quintet/rtx.php' not found or unable to stat
[Sun Jan 25 00:44:23.547814 2026] [php:error] [pid 71248] [client 4.190.195.218:0] script '/domains/quintet/atomlib.php' not found or unable to stat
[Sun Jan 25 00:44:23.714646 2026] [php:error] [pid 71248] [client 4.190.195.218:0] script '/domains/quintet/info.php' not found or unable to stat
[Sun Jan 25 00:44:23.881226 2026] [php:error] [pid 71248] [client 4.190.195.218:0] script '/domains/quintet/lock360.php' not found or unable to stat
[Sun Jan 25 00:44:24.214900 2026] [php:error] [pid 71248] [client 4.190.195.218:0] script '/domains/quintet/vx.php' not found or unable to stat
[Sun Jan 25 00:44:24.721965 2026] [php:error] [pid 71248] [client 4.190.195.218:0] script '/domains/quintet/wp-content.php' not found or unable to stat
[Sun Jan 25 00:44:25.919262 2026] [php:error] [pid 71248] [client 4.190.195.218:0] script '/domains/quintet/adminfuns.php' not found or unable to stat
[Sun Jan 25 00:44:26.086928 2026] [php:error] [pid 71248] [client 4.190.195.218:0] script '/domains/quintet/ahax.php' not found or unable to stat
[Sun Jan 25 00:44:26.253009 2026] [php:error] [pid 71248] [client 4.190.195.218:0] script '/domains/quintet/autoload_classmap.php' not found or unable to stat
[Sun Jan 25 00:44:26.595665 2026] [php:error] [pid 71248] [client 4.190.195.218:0] script '/domains/quintet/file.php' not found or unable to stat
[Sun Jan 25 00:44:26.778465 2026] [php:error] [pid 71248] [client 4.190.195.218:0] script '/domains/quintet/file5.php' not found or unable to stat
[Sun Jan 25 00:44:26.986192 2026] [php:error] [pid 65597] [client 221.121.107.55:0] script '/domains/micra/xmlrpc.php' not found or unable to stat
[Sun Jan 25 00:44:28.299671 2026] [php:error] [pid 71248] [client 4.190.195.218:0] script '/domains/quintet/xmlrpc.php' not found or unable to stat
[Sun Jan 25 00:44:28.467021 2026] [php:error] [pid 71248] [client 4.190.195.218:0] script '/domains/quintet/alfa.php' not found or unable to stat
[Sun Jan 25 00:44:28.646770 2026] [php:error] [pid 71248] [client 4.190.195.218:0] script '/domains/quintet/as.php' not found or unable to stat
[Sun Jan 25 00:44:28.990052 2026] [php:error] [pid 71248] [client 4.190.195.218:0] script '/domains/quintet/class-t.api.php' not found or unable to stat
[Sun Jan 25 00:44:29.155814 2026] [php:error] [pid 71248] [client 4.190.195.218:0] script '/domains/quintet/indoxploit.php' not found or unable to stat
[Sun Jan 25 00:44:29.321923 2026] [php:error] [pid 71248] [client 4.190.195.218:0] script '/domains/quintet/shell.php' not found or unable to stat
[Sun Jan 25 00:44:29.496057 2026] [php:error] [pid 71248] [client 4.190.195.218:0] script '/domains/quintet/system.php' not found or unable to stat
[Sun Jan 25 00:44:29.662819 2026] [php:error] [pid 71248] [client 4.190.195.218:0] script '/domains/quintet/wp-admin.php' not found or unable to stat
[Sun Jan 25 00:44:30.674673 2026] [php:error] [pid 71248] [client 4.190.195.218:0] script '/domains/quintet/wp-block.php' not found or unable to stat
[Sun Jan 25 00:44:31.179053 2026] [php:error] [pid 71248] [client 4.190.195.218:0] script '/domains/quintet/wp-good.php' not found or unable to stat
[Sun Jan 25 00:44:33.014867 2026] [php:error] [pid 71252] [client 4.190.195.218:0] script '/domains/quintet/01.php' not found or unable to stat
[Sun Jan 25 00:44:33.191871 2026] [php:error] [pid 71252] [client 4.190.195.218:0] script '/domains/quintet/222.php' not found or unable to stat
[Sun Jan 25 00:44:33.363289 2026] [php:error] [pid 71252] [client 4.190.195.218:0] script '/domains/quintet/403.php' not found or unable to stat
[Sun Jan 25 00:44:33.536982 2026] [php:error] [pid 71252] [client 4.190.195.218:0] script '/domains/quintet/404.php' not found or unable to stat
[Sun Jan 25 00:44:33.705959 2026] [php:error] [pid 71252] [client 4.190.195.218:0] script '/domains/quintet/Q.php' not found or unable to stat
[Sun Jan 25 00:44:33.873667 2026] [php:error] [pid 71252] [client 4.190.195.218:0] script '/domains/quintet/WSO.php' not found or unable to stat
[Sun Jan 25 00:44:34.044529 2026] [php:error] [pid 71252] [client 4.190.195.218:0] script '/domains/quintet/abc.php' not found or unable to stat
[Sun Jan 25 00:44:34.210265 2026] [php:error] [pid 71252] [client 4.190.195.218:0] script '/domains/quintet/abcd.php' not found or unable to stat
[Sun Jan 25 00:44:35.222981 2026] [php:error] [pid 71252] [client 4.190.195.218:0] script '/domains/quintet/byp.php' not found or unable to stat
[Sun Jan 25 00:44:35.389615 2026] [php:error] [pid 71252] [client 4.190.195.218:0] script '/domains/quintet/c.php' not found or unable to stat
[Sun Jan 25 00:44:35.558731 2026] [php:error] [pid 71252] [client 4.190.195.218:0] script '/domains/quintet/ca4.php' not found or unable to stat
[Sun Jan 25 00:44:36.063625 2026] [php:error] [pid 71252] [client 4.190.195.218:0] script '/domains/quintet/config.php' not found or unable to stat
[Sun Jan 25 00:44:36.237932 2026] [php:error] [pid 71252] [client 4.190.195.218:0] script '/domains/quintet/content.php' not found or unable to stat
[Sun Jan 25 00:44:36.403816 2026] [php:error] [pid 71252] [client 4.190.195.218:0] script '/domains/quintet/favicon.php' not found or unable to stat
[Sun Jan 25 00:44:36.580656 2026] [php:error] [pid 71252] [client 4.190.195.218:0] script '/domains/quintet/file56.php' not found or unable to stat
[Sun Jan 25 00:44:36.746836 2026] [php:error] [pid 71252] [client 4.190.195.218:0] script '/domains/quintet/flower.php' not found or unable to stat
[Sun Jan 25 00:44:36.920341 2026] [php:error] [pid 71252] [client 4.190.195.218:0] script '/domains/quintet/fw.php' not found or unable to stat
[Sun Jan 25 00:44:37.091603 2026] [php:error] [pid 71252] [client 4.190.195.218:0] script '/domains/quintet/gecko-new.php' not found or unable to stat
[Sun Jan 25 00:45:19.447663 2026] [php:error] [pid 66569] [client 78.153.140.171:0] script '/domains/bels/app_dev.php' not found or unable to stat
[Sun Jan 25 00:46:46.325779 2026] [authz_core:error] [pid 71309] [client 198.235.24.173:0] AH01630: client denied by server configuration: /
[Sun Jan 25 00:47:34.208124 2026] [php:error] [pid 71330] [client 4.194.107.19:0] script '/domains/supolo/autoload_classmap.php' not found or unable to stat
[Sun Jan 25 00:47:34.438428 2026] [php:error] [pid 71330] [client 4.194.107.19:0] script '/domains/supolo/alfa.php' not found or unable to stat
[Sun Jan 25 00:47:34.904500 2026] [php:error] [pid 71330] [client 4.194.107.19:0] script '/domains/supolo/luxe.php' not found or unable to stat
[Sun Jan 25 00:47:35.370731 2026] [php:error] [pid 71330] [client 4.194.107.19:0] script '/domains/supolo/rezor.php' not found or unable to stat
[Sun Jan 25 00:47:35.600958 2026] [php:error] [pid 71330] [client 4.194.107.19:0] script '/domains/supolo/doc.php' not found or unable to stat
[Sun Jan 25 00:47:36.290361 2026] [php:error] [pid 71330] [client 4.194.107.19:0] script '/domains/supolo/install.php' not found or unable to stat
[Sun Jan 25 00:47:36.763220 2026] [php:error] [pid 71330] [client 4.194.107.19:0] script '/domains/supolo/sto.php' not found or unable to stat
[Sun Jan 25 00:47:36.993894 2026] [php:error] [pid 71330] [client 4.194.107.19:0] script '/domains/supolo/x.php' not found or unable to stat
[Sun Jan 25 00:47:37.223757 2026] [php:error] [pid 71330] [client 4.194.107.19:0] script '/domains/supolo/test.php' not found or unable to stat
[Sun Jan 25 00:47:37.684708 2026] [php:error] [pid 71330] [client 4.194.107.19:0] script '/domains/supolo/n3.php' not found or unable to stat
[Sun Jan 25 00:47:38.144457 2026] [php:error] [pid 71330] [client 4.194.107.19:0] script '/domains/supolo/o.php' not found or unable to stat
[Sun Jan 25 00:47:38.603967 2026] [php:error] [pid 71330] [client 4.194.107.19:0] script '/domains/supolo/class-t.api.php' not found or unable to stat
[Sun Jan 25 00:47:39.065330 2026] [php:error] [pid 71330] [client 4.194.107.19:0] script '/domains/supolo/wp.php' not found or unable to stat
[Sun Jan 25 00:47:39.756197 2026] [php:error] [pid 71330] [client 4.194.107.19:0] script '/domains/supolo/h.php' not found or unable to stat
[Sun Jan 25 00:47:40.217591 2026] [php:error] [pid 71330] [client 4.194.107.19:0] script '/domains/supolo/wrt.php' not found or unable to stat
[Sun Jan 25 00:47:40.907563 2026] [php:error] [pid 71330] [client 4.194.107.19:0] script '/domains/supolo/images/c99.php' not found or unable to stat
[Sun Jan 25 00:47:41.148430 2026] [php:error] [pid 71330] [client 4.194.107.19:0] script '/domains/supolo/png.php' not found or unable to stat
[Sun Jan 25 00:47:41.607148 2026] [php:error] [pid 71330] [client 4.194.107.19:0] script '/domains/supolo/zwso.php' not found or unable to stat
[Sun Jan 25 00:47:42.534022 2026] [php:error] [pid 71330] [client 4.194.107.19:0] script '/domains/supolo/ton.php' not found or unable to stat
[Sun Jan 25 00:47:42.766902 2026] [php:error] [pid 71330] [client 4.194.107.19:0] script '/domains/supolo/wso.php' not found or unable to stat
[Sun Jan 25 00:47:43.267035 2026] [php:error] [pid 71330] [client 4.194.107.19:0] script '/domains/supolo/a2.php' not found or unable to stat
[Sun Jan 25 00:47:43.496968 2026] [php:error] [pid 71330] [client 4.194.107.19:0] script '/domains/supolo/shell.php' not found or unable to stat
[Sun Jan 25 00:47:43.998443 2026] [php:error] [pid 71330] [client 4.194.107.19:0] script '/domains/supolo/sxo.php' not found or unable to stat
[Sun Jan 25 00:47:44.230976 2026] [php:error] [pid 71330] [client 4.194.107.19:0] script '/domains/supolo/admin.php' not found or unable to stat
[Sun Jan 25 00:47:44.921599 2026] [php:error] [pid 71330] [client 4.194.107.19:0] script '/domains/supolo/mans.php' not found or unable to stat
[Sun Jan 25 00:47:45.151360 2026] [php:error] [pid 71330] [client 4.194.107.19:0] script '/domains/supolo/dropdown.php' not found or unable to stat
[Sun Jan 25 00:47:45.612277 2026] [php:error] [pid 71330] [client 4.194.107.19:0] script '/domains/supolo/ze.php' not found or unable to stat
[Sun Jan 25 00:47:45.842171 2026] [php:error] [pid 71330] [client 4.194.107.19:0] script '/domains/supolo/geck.php' not found or unable to stat
[Sun Jan 25 00:47:46.071580 2026] [php:error] [pid 71330] [client 4.194.107.19:0] script '/domains/supolo/menu.php' not found or unable to stat
[Sun Jan 25 00:47:46.761587 2026] [php:error] [pid 71330] [client 4.194.107.19:0] script '/domains/supolo/flower.php' not found or unable to stat
[Sun Jan 25 00:47:46.991374 2026] [php:error] [pid 71330] [client 4.194.107.19:0] script '/domains/supolo/ftp.php' not found or unable to stat
[Sun Jan 25 00:47:47.221263 2026] [php:error] [pid 71330] [client 4.194.107.19:0] script '/domains/supolo/mds.php' not found or unable to stat
[Sun Jan 25 00:47:47.451879 2026] [php:error] [pid 71330] [client 4.194.107.19:0] script '/domains/supolo/ahax.php' not found or unable to stat
[Sun Jan 25 00:47:47.910915 2026] [php:error] [pid 71330] [client 4.194.107.19:0] script '/domains/supolo/cool.php' not found or unable to stat
[Sun Jan 25 00:47:48.140925 2026] [php:error] [pid 71330] [client 4.194.107.19:0] script '/domains/supolo/gm.php' not found or unable to stat
[Sun Jan 25 00:47:48.370412 2026] [php:error] [pid 71330] [client 4.194.107.19:0] script '/domains/supolo/simple.php' not found or unable to stat
[Sun Jan 25 00:47:48.605981 2026] [php:error] [pid 71330] [client 4.194.107.19:0] script '/domains/supolo/elp.php' not found or unable to stat
[Sun Jan 25 00:47:48.837085 2026] [php:error] [pid 71330] [client 4.194.107.19:0] script '/domains/supolo/bolt.php' not found or unable to stat
[Sun Jan 25 00:47:49.310203 2026] [php:error] [pid 71330] [client 4.194.107.19:0] script '/domains/supolo/inputs.php' not found or unable to stat
[Sun Jan 25 00:47:49.769073 2026] [php:error] [pid 71330] [client 4.194.107.19:0] script '/domains/supolo/system.php' not found or unable to stat
[Sun Jan 25 00:47:50.688359 2026] [php:error] [pid 71330] [client 4.194.107.19:0] script '/domains/supolo/an.php' not found or unable to stat
