[Sun Jan 25 01:55:49.208579 2026] [php:error] [pid 83442] [client 172.190.142.176:0] script '/domains/tmandel/k.php' not found or unable to stat
[Sun Jan 25 01:55:49.671079 2026] [php:error] [pid 83445] [client 172.190.142.176:0] script '/domains/tmandel/bless.php' not found or unable to stat
[Sun Jan 25 01:55:49.792232 2026] [php:error] [pid 83445] [client 172.190.142.176:0] script '/domains/tmandel/X7x.php' not found or unable to stat
[Sun Jan 25 01:55:49.796642 2026] [php:error] [pid 83445] [client 172.190.142.176:0] script '/domains/tmandel/class20.php' not found or unable to stat
[Sun Jan 25 01:55:49.800381 2026] [php:error] [pid 83445] [client 172.190.142.176:0] script '/domains/tmandel/lock360.php' not found or unable to stat
[Sun Jan 25 01:55:49.812987 2026] [php:error] [pid 83445] [client 172.190.142.176:0] script '/domains/tmandel/themes.php' not found or unable to stat
[Sun Jan 25 01:55:49.895793 2026] [php:error] [pid 83445] [client 172.190.142.176:0] script '/domains/tmandel/gifclass4.php' not found or unable to stat
[Sun Jan 25 01:55:50.046514 2026] [php:error] [pid 83445] [client 172.190.142.176:0] script '/domains/tmandel/wag.php' not found or unable to stat
[Sun Jan 25 01:55:50.050437 2026] [php:error] [pid 83445] [client 172.190.142.176:0] script '/domains/tmandel/xvent.php' not found or unable to stat
[Sun Jan 25 01:55:50.084776 2026] [php:error] [pid 83445] [client 172.190.142.176:0] script '/domains/tmandel/wp-aaa.php' not found or unable to stat
[Sun Jan 25 01:55:50.109907 2026] [php:error] [pid 83445] [client 172.190.142.176:0] script '/domains/tmandel/jmfi2.php' not found or unable to stat
[Sun Jan 25 01:55:50.426804 2026] [php:error] [pid 83445] [client 172.190.142.176:0] script '/domains/tmandel/class19.php' not found or unable to stat
[Sun Jan 25 01:55:50.431046 2026] [php:error] [pid 83445] [client 172.190.142.176:0] script '/domains/tmandel/cccc.php' not found or unable to stat
[Sun Jan 25 01:55:50.451803 2026] [php:error] [pid 83445] [client 172.190.142.176:0] script '/domains/tmandel/166.php' not found or unable to stat
[Sun Jan 25 01:55:50.460582 2026] [php:error] [pid 83445] [client 172.190.142.176:0] script '/domains/tmandel/bypass.php' not found or unable to stat
[Sun Jan 25 01:55:50.469446 2026] [php:error] [pid 83445] [client 172.190.142.176:0] script '/domains/tmandel/plss3.php' not found or unable to stat
[Sun Jan 25 01:55:50.532571 2026] [php:error] [pid 83445] [client 172.190.142.176:0] script '/domains/tmandel/atomlib.php' not found or unable to stat
[Sun Jan 25 01:55:50.537078 2026] [php:error] [pid 83445] [client 172.190.142.176:0] script '/domains/tmandel/we.php' not found or unable to stat
[Sun Jan 25 01:55:50.776424 2026] [php:error] [pid 83445] [client 172.190.142.176:0] script '/domains/tmandel/t.php' not found or unable to stat
[Sun Jan 25 01:55:50.782510 2026] [php:error] [pid 83445] [client 172.190.142.176:0] script '/domains/tmandel/bp.php' not found or unable to stat
[Sun Jan 25 01:55:50.791174 2026] [php:error] [pid 83445] [client 172.190.142.176:0] script '/domains/tmandel/geck.php' not found or unable to stat
[Sun Jan 25 01:55:50.808385 2026] [php:error] [pid 83445] [client 172.190.142.176:0] script '/domains/tmandel/wpc.php' not found or unable to stat
[Sun Jan 25 01:55:50.894023 2026] [php:error] [pid 83445] [client 172.190.142.176:0] script '/domains/tmandel/wp-update.php' not found or unable to stat
[Sun Jan 25 01:55:50.929603 2026] [php:error] [pid 83445] [client 172.190.142.176:0] script '/domains/tmandel/a.php' not found or unable to stat
[Sun Jan 25 01:55:50.941328 2026] [php:error] [pid 83445] [client 172.190.142.176:0] script '/domains/tmandel/admins.php' not found or unable to stat
[Sun Jan 25 01:55:50.980928 2026] [php:error] [pid 83445] [client 172.190.142.176:0] script '/domains/tmandel/wp-configs.php' not found or unable to stat
[Sun Jan 25 01:55:50.985130 2026] [php:error] [pid 83445] [client 172.190.142.176:0] script '/domains/tmandel/temp.php' not found or unable to stat
[Sun Jan 25 01:55:50.988943 2026] [php:error] [pid 83445] [client 172.190.142.176:0] script '/domains/tmandel/wp.php' not found or unable to stat
[Sun Jan 25 01:55:51.144792 2026] [php:error] [pid 83445] [client 172.190.142.176:0] script '/domains/tmandel/fclas.php' not found or unable to stat
[Sun Jan 25 01:55:51.199238 2026] [php:error] [pid 83445] [client 172.190.142.176:0] script '/domains/tmandel/main.php' not found or unable to stat
[Sun Jan 25 01:55:51.477610 2026] [php:error] [pid 83445] [client 172.190.142.176:0] script '/domains/tmandel/a1.php' not found or unable to stat
[Sun Jan 25 01:55:51.481739 2026] [php:error] [pid 83445] [client 172.190.142.176:0] script '/domains/tmandel/class.1.php' not found or unable to stat
[Sun Jan 25 01:55:51.527533 2026] [php:error] [pid 83445] [client 172.190.142.176:0] script '/domains/tmandel/lala.php' not found or unable to stat
[Sun Jan 25 01:55:51.603876 2026] [php:error] [pid 83445] [client 172.190.142.176:0] script '/domains/tmandel/tox.php' not found or unable to stat
[Sun Jan 25 01:55:51.679822 2026] [php:error] [pid 83445] [client 172.190.142.176:0] script '/domains/tmandel/gg.php' not found or unable to stat
[Sun Jan 25 01:55:51.685584 2026] [php:error] [pid 83445] [client 172.190.142.176:0] script '/domains/tmandel/aaa.php' not found or unable to stat
[Sun Jan 25 01:55:51.693457 2026] [php:error] [pid 83445] [client 172.190.142.176:0] script '/domains/tmandel/a2.php' not found or unable to stat
[Sun Jan 25 01:55:51.988091 2026] [php:error] [pid 83445] [client 172.190.142.176:0] script '/domains/tmandel/ee.php' not found or unable to stat
[Sun Jan 25 01:55:51.992781 2026] [php:error] [pid 83445] [client 172.190.142.176:0] script '/domains/tmandel/xyz.php' not found or unable to stat
[Sun Jan 25 01:55:52.161974 2026] [php:error] [pid 83445] [client 172.190.142.176:0] script '/domains/tmandel/elaina.php' not found or unable to stat
[Sun Jan 25 01:55:52.165997 2026] [php:error] [pid 83445] [client 172.190.142.176:0] script '/domains/tmandel/kr.php' not found or unable to stat
[Sun Jan 25 01:55:52.472295 2026] [php:error] [pid 83445] [client 172.190.142.176:0] script '/domains/tmandel/aaaa.php' not found or unable to stat
[Sun Jan 25 01:55:52.509330 2026] [php:error] [pid 83445] [client 172.190.142.176:0] script '/domains/tmandel/to.php' not found or unable to stat
[Sun Jan 25 01:55:52.521949 2026] [php:error] [pid 83445] [client 172.190.142.176:0] script '/domains/tmandel/class-admin.php' not found or unable to stat
[Sun Jan 25 01:55:52.534925 2026] [php:error] [pid 83445] [client 172.190.142.176:0] script '/domains/tmandel/nyan.php' not found or unable to stat
[Sun Jan 25 01:56:25.129475 2026] [php:error] [pid 83431] [client 20.210.232.80:0] script '/domains/miles.interport/admin.php' not found or unable to stat
[Sun Jan 25 01:56:25.298898 2026] [php:error] [pid 83431] [client 20.210.232.80:0] script '/domains/miles.interport/manager.php' not found or unable to stat
[Sun Jan 25 01:56:26.021303 2026] [php:error] [pid 83431] [client 20.210.232.80:0] script '/domains/miles.interport/wp-sing.php' not found or unable to stat
[Sun Jan 25 01:56:26.190954 2026] [php:error] [pid 83431] [client 20.210.232.80:0] script '/domains/miles.interport/goods.php' not found or unable to stat
[Sun Jan 25 01:56:26.379669 2026] [php:error] [pid 83431] [client 20.210.232.80:0] script '/domains/miles.interport/chosen.php' not found or unable to stat
[Sun Jan 25 01:56:26.549274 2026] [php:error] [pid 83431] [client 20.210.232.80:0] script '/domains/miles.interport/term.php' not found or unable to stat
[Sun Jan 25 01:56:26.895696 2026] [php:error] [pid 83431] [client 20.210.232.80:0] script '/domains/miles.interport/wpc.php' not found or unable to stat
[Sun Jan 25 01:56:27.069302 2026] [php:error] [pid 83431] [client 20.210.232.80:0] script '/domains/miles.interport/about.php' not found or unable to stat
[Sun Jan 25 01:56:27.239112 2026] [php:error] [pid 83431] [client 20.210.232.80:0] script '/domains/miles.interport/deepseek_d.php' not found or unable to stat
[Sun Jan 25 01:56:27.588047 2026] [php:error] [pid 83431] [client 20.210.232.80:0] script '/domains/miles.interport/elp.php' not found or unable to stat
[Sun Jan 25 01:56:27.771186 2026] [php:error] [pid 83431] [client 20.210.232.80:0] script '/domains/miles.interport/bless.php' not found or unable to stat
[Sun Jan 25 01:56:27.941199 2026] [php:error] [pid 83431] [client 20.210.232.80:0] script '/domains/miles.interport/edit.php' not found or unable to stat
[Sun Jan 25 01:56:28.111676 2026] [php:error] [pid 83431] [client 20.210.232.80:0] script '/domains/miles.interport/simple.php' not found or unable to stat
[Sun Jan 25 01:56:28.281130 2026] [php:error] [pid 83431] [client 20.210.232.80:0] script '/domains/miles.interport/wp-login.php' not found or unable to stat
[Sun Jan 25 01:56:28.804118 2026] [php:error] [pid 83431] [client 20.210.232.80:0] script '/domains/miles.interport/ioxi-o.php' not found or unable to stat
[Sun Jan 25 01:56:29.157958 2026] [php:error] [pid 83431] [client 20.210.232.80:0] script '/domains/miles.interport/test.php' not found or unable to stat
[Sun Jan 25 01:56:29.671699 2026] [php:error] [pid 83431] [client 20.210.232.80:0] script '/domains/miles.interport/classwithtostring.php' not found or unable to stat
[Sun Jan 25 01:56:30.185366 2026] [php:error] [pid 83431] [client 20.210.232.80:0] script '/domains/miles.interport/2.php' not found or unable to stat
[Sun Jan 25 01:56:30.359805 2026] [php:error] [pid 83431] [client 20.210.232.80:0] script '/domains/miles.interport/functions.php' not found or unable to stat
[Sun Jan 25 01:56:31.069993 2026] [php:error] [pid 83431] [client 20.210.232.80:0] script '/domains/miles.interport/aaa.php' not found or unable to stat
[Sun Jan 25 01:56:31.244568 2026] [php:error] [pid 83431] [client 20.210.232.80:0] script '/domains/miles.interport/inputs.php' not found or unable to stat
[Sun Jan 25 01:56:31.413506 2026] [php:error] [pid 83431] [client 20.210.232.80:0] script '/domains/miles.interport/log.php' not found or unable to stat
[Sun Jan 25 01:56:31.587215 2026] [php:error] [pid 83431] [client 20.210.232.80:0] script '/domains/miles.interport/man.php' not found or unable to stat
[Sun Jan 25 01:56:31.756655 2026] [php:error] [pid 83431] [client 20.210.232.80:0] script '/domains/miles.interport/1.php' not found or unable to stat
[Sun Jan 25 01:56:31.925732 2026] [php:error] [pid 83431] [client 20.210.232.80:0] script '/domains/miles.interport/aa.php' not found or unable to stat
[Sun Jan 25 01:56:32.107109 2026] [php:error] [pid 83431] [client 20.210.232.80:0] script '/domains/miles.interport/dropdown.php' not found or unable to stat
[Sun Jan 25 01:56:32.290576 2026] [php:error] [pid 83431] [client 20.210.232.80:0] script '/domains/miles.interport/rtx.php' not found or unable to stat
[Sun Jan 25 01:56:33.333024 2026] [php:error] [pid 83431] [client 20.210.232.80:0] script '/domains/miles.interport/atomlib.php' not found or unable to stat
[Sun Jan 25 01:56:33.502978 2026] [php:error] [pid 83431] [client 20.210.232.80:0] script '/domains/miles.interport/info.php' not found or unable to stat
[Sun Jan 25 01:56:33.682166 2026] [php:error] [pid 83431] [client 20.210.232.80:0] script '/domains/miles.interport/lock360.php' not found or unable to stat
[Sun Jan 25 01:56:34.022796 2026] [php:error] [pid 83431] [client 20.210.232.80:0] script '/domains/miles.interport/vx.php' not found or unable to stat
[Sun Jan 25 01:56:34.548436 2026] [php:error] [pid 83431] [client 20.210.232.80:0] script '/domains/miles.interport/wp-content.php' not found or unable to stat
[Sun Jan 25 01:56:35.767545 2026] [php:error] [pid 83431] [client 20.210.232.80:0] script '/domains/miles.interport/adminfuns.php' not found or unable to stat
[Sun Jan 25 01:56:35.937874 2026] [php:error] [pid 83431] [client 20.210.232.80:0] script '/domains/miles.interport/ahax.php' not found or unable to stat
[Sun Jan 25 01:56:36.121381 2026] [php:error] [pid 83431] [client 20.210.232.80:0] script '/domains/miles.interport/autoload_classmap.php' not found or unable to stat
[Sun Jan 25 01:56:36.476015 2026] [php:error] [pid 83431] [client 20.210.232.80:0] script '/domains/miles.interport/file.php' not found or unable to stat
[Sun Jan 25 01:56:36.652021 2026] [php:error] [pid 83431] [client 20.210.232.80:0] script '/domains/miles.interport/file5.php' not found or unable to stat
[Sun Jan 25 01:56:38.233540 2026] [php:error] [pid 83431] [client 20.210.232.80:0] script '/domains/miles.interport/xmlrpc.php' not found or unable to stat
[Sun Jan 25 01:56:38.402794 2026] [php:error] [pid 83431] [client 20.210.232.80:0] script '/domains/miles.interport/alfa.php' not found or unable to stat
[Sun Jan 25 01:56:38.584821 2026] [php:error] [pid 83431] [client 20.210.232.80:0] script '/domains/miles.interport/as.php' not found or unable to stat
[Sun Jan 25 01:56:38.930562 2026] [php:error] [pid 83431] [client 20.210.232.80:0] script '/domains/miles.interport/class-t.api.php' not found or unable to stat
[Sun Jan 25 01:56:39.100773 2026] [php:error] [pid 83431] [client 20.210.232.80:0] script '/domains/miles.interport/indoxploit.php' not found or unable to stat
[Sun Jan 25 01:56:39.274275 2026] [php:error] [pid 83431] [client 20.210.232.80:0] script '/domains/miles.interport/shell.php' not found or unable to stat
[Sun Jan 25 01:56:39.444877 2026] [php:error] [pid 83431] [client 20.210.232.80:0] script '/domains/miles.interport/system.php' not found or unable to stat
[Sun Jan 25 01:56:39.618440 2026] [php:error] [pid 83431] [client 20.210.232.80:0] script '/domains/miles.interport/wp-admin.php' not found or unable to stat
[Sun Jan 25 01:56:40.652894 2026] [php:error] [pid 83431] [client 20.210.232.80:0] script '/domains/miles.interport/wp-block.php' not found or unable to stat
[Sun Jan 25 01:56:41.173953 2026] [php:error] [pid 83431] [client 20.210.232.80:0] script '/domains/miles.interport/wp-good.php' not found or unable to stat
[Sun Jan 25 01:56:43.069120 2026] [php:error] [pid 83445] [client 20.210.232.80:0] script '/domains/miles.interport/01.php' not found or unable to stat
[Sun Jan 25 01:56:43.231195 2026] [php:error] [pid 83445] [client 20.210.232.80:0] script '/domains/miles.interport/222.php' not found or unable to stat
[Sun Jan 25 01:56:43.391862 2026] [php:error] [pid 83445] [client 20.210.232.80:0] script '/domains/miles.interport/403.php' not found or unable to stat
[Sun Jan 25 01:56:43.551125 2026] [php:error] [pid 83445] [client 20.210.232.80:0] script '/domains/miles.interport/404.php' not found or unable to stat
[Sun Jan 25 01:56:43.710641 2026] [php:error] [pid 83445] [client 20.210.232.80:0] script '/domains/miles.interport/Q.php' not found or unable to stat
[Sun Jan 25 01:56:43.869323 2026] [php:error] [pid 83445] [client 20.210.232.80:0] script '/domains/miles.interport/WSO.php' not found or unable to stat
[Sun Jan 25 01:56:44.028202 2026] [php:error] [pid 83445] [client 20.210.232.80:0] script '/domains/miles.interport/abc.php' not found or unable to stat
[Sun Jan 25 01:56:44.192590 2026] [php:error] [pid 83445] [client 20.210.232.80:0] script '/domains/miles.interport/abcd.php' not found or unable to stat
[Sun Jan 25 01:56:45.187736 2026] [php:error] [pid 83445] [client 20.210.232.80:0] script '/domains/miles.interport/byp.php' not found or unable to stat
[Sun Jan 25 01:56:45.353243 2026] [php:error] [pid 83445] [client 20.210.232.80:0] script '/domains/miles.interport/c.php' not found or unable to stat
[Sun Jan 25 01:56:45.512597 2026] [php:error] [pid 83445] [client 20.210.232.80:0] script '/domains/miles.interport/ca4.php' not found or unable to stat
[Sun Jan 25 01:56:45.990938 2026] [php:error] [pid 83445] [client 20.210.232.80:0] script '/domains/miles.interport/config.php' not found or unable to stat
[Sun Jan 25 01:56:46.150165 2026] [php:error] [pid 83445] [client 20.210.232.80:0] script '/domains/miles.interport/content.php' not found or unable to stat
[Sun Jan 25 01:56:46.309246 2026] [php:error] [pid 83445] [client 20.210.232.80:0] script '/domains/miles.interport/favicon.php' not found or unable to stat
[Sun Jan 25 01:56:46.468758 2026] [php:error] [pid 83445] [client 20.210.232.80:0] script '/domains/miles.interport/file56.php' not found or unable to stat
[Sun Jan 25 01:56:46.627666 2026] [php:error] [pid 83445] [client 20.210.232.80:0] script '/domains/miles.interport/flower.php' not found or unable to stat
[Sun Jan 25 01:56:46.803910 2026] [php:error] [pid 83445] [client 20.210.232.80:0] script '/domains/miles.interport/fw.php' not found or unable to stat
[Sun Jan 25 01:56:46.962919 2026] [php:error] [pid 83445] [client 20.210.232.80:0] script '/domains/miles.interport/gecko-new.php' not found or unable to stat
[Sun Jan 25 01:59:11.800912 2026] [php:error] [pid 83464] [client 145.239.10.137:0] script '/domains/system_suspended/g.php' not found or unable to stat, referer: http://andrewpastorino.com/g.php
[Sun Jan 25 01:59:40.130031 2026] [php:error] [pid 83472] [client 4.194.24.19:0] script '/domains/perless2web/admin.php' not found or unable to stat
[Sun Jan 25 01:59:40.360757 2026] [php:error] [pid 83472] [client 4.194.24.19:0] script '/domains/perless2web/manager.php' not found or unable to stat
[Sun Jan 25 01:59:41.302680 2026] [php:error] [pid 83472] [client 4.194.24.19:0] script '/domains/perless2web/wp-sing.php' not found or unable to stat
[Sun Jan 25 01:59:41.533986 2026] [php:error] [pid 83472] [client 4.194.24.19:0] script '/domains/perless2web/goods.php' not found or unable to stat
[Sun Jan 25 01:59:41.765826 2026] [php:error] [pid 83472] [client 4.194.24.19:0] script '/domains/perless2web/chosen.php' not found or unable to stat
[Sun Jan 25 01:59:41.998262 2026] [php:error] [pid 83472] [client 4.194.24.19:0] script '/domains/perless2web/term.php' not found or unable to stat
[Sun Jan 25 01:59:42.465482 2026] [php:error] [pid 83472] [client 4.194.24.19:0] script '/domains/perless2web/wpc.php' not found or unable to stat
[Sun Jan 25 01:59:42.703079 2026] [php:error] [pid 83472] [client 4.194.24.19:0] script '/domains/perless2web/about.php' not found or unable to stat
[Sun Jan 25 01:59:42.933565 2026] [php:error] [pid 83472] [client 4.194.24.19:0] script '/domains/perless2web/deepseek_d.php' not found or unable to stat
[Sun Jan 25 01:59:43.402497 2026] [php:error] [pid 83472] [client 4.194.24.19:0] script '/domains/perless2web/elp.php' not found or unable to stat
[Sun Jan 25 01:59:43.641399 2026] [php:error] [pid 83472] [client 4.194.24.19:0] script '/domains/perless2web/bless.php' not found or unable to stat
[Sun Jan 25 01:59:43.872221 2026] [php:error] [pid 83472] [client 4.194.24.19:0] script '/domains/perless2web/edit.php' not found or unable to stat
[Sun Jan 25 01:59:44.104719 2026] [php:error] [pid 83472] [client 4.194.24.19:0] script '/domains/perless2web/simple.php' not found or unable to stat
[Sun Jan 25 01:59:44.343702 2026] [php:error] [pid 83472] [client 4.194.24.19:0] script '/domains/perless2web/wp-login.php' not found or unable to stat
[Sun Jan 25 01:59:45.043320 2026] [php:error] [pid 83472] [client 4.194.24.19:0] script '/domains/perless2web/ioxi-o.php' not found or unable to stat
[Sun Jan 25 01:59:45.505310 2026] [php:error] [pid 83472] [client 4.194.24.19:0] script '/domains/perless2web/test.php' not found or unable to stat
[Sun Jan 25 01:59:46.206777 2026] [php:error] [pid 83472] [client 4.194.24.19:0] script '/domains/perless2web/classwithtostring.php' not found or unable to stat
[Sun Jan 25 01:59:46.905938 2026] [php:error] [pid 83472] [client 4.194.24.19:0] script '/domains/perless2web/2.php' not found or unable to stat
[Sun Jan 25 01:59:47.136989 2026] [php:error] [pid 83472] [client 4.194.24.19:0] script '/domains/perless2web/functions.php' not found or unable to stat
[Sun Jan 25 01:59:48.075681 2026] [php:error] [pid 83472] [client 4.194.24.19:0] script '/domains/perless2web/aaa.php' not found or unable to stat
[Sun Jan 25 01:59:48.306450 2026] [php:error] [pid 83472] [client 4.194.24.19:0] script '/domains/perless2web/inputs.php' not found or unable to stat
[Sun Jan 25 01:59:48.538093 2026] [php:error] [pid 83472] [client 4.194.24.19:0] script '/domains/perless2web/log.php' not found or unable to stat
[Sun Jan 25 01:59:48.768885 2026] [php:error] [pid 83472] [client 4.194.24.19:0] script '/domains/perless2web/man.php' not found or unable to stat
[Sun Jan 25 01:59:49.001174 2026] [php:error] [pid 83472] [client 4.194.24.19:0] script '/domains/perless2web/1.php' not found or unable to stat
[Sun Jan 25 01:59:49.248599 2026] [php:error] [pid 83472] [client 4.194.24.19:0] script '/domains/perless2web/aa.php' not found or unable to stat
[Sun Jan 25 01:59:49.479274 2026] [php:error] [pid 83472] [client 4.194.24.19:0] script '/domains/perless2web/dropdown.php' not found or unable to stat
[Sun Jan 25 01:59:49.711361 2026] [php:error] [pid 83472] [client 4.194.24.19:0] script '/domains/perless2web/rtx.php' not found or unable to stat
[Sun Jan 25 01:59:51.138481 2026] [php:error] [pid 83472] [client 4.194.24.19:0] script '/domains/perless2web/atomlib.php' not found or unable to stat
[Sun Jan 25 01:59:51.374272 2026] [php:error] [pid 83472] [client 4.194.24.19:0] script '/domains/perless2web/info.php' not found or unable to stat
[Sun Jan 25 01:59:51.604889 2026] [php:error] [pid 83472] [client 4.194.24.19:0] script '/domains/perless2web/lock360.php' not found or unable to stat
[Sun Jan 25 01:59:52.075054 2026] [php:error] [pid 83472] [client 4.194.24.19:0] script '/domains/perless2web/vx.php' not found or unable to stat
[Sun Jan 25 01:59:52.768812 2026] [php:error] [pid 83472] [client 4.194.24.19:0] script '/domains/perless2web/wp-content.php' not found or unable to stat
[Sun Jan 25 01:59:54.401551 2026] [php:error] [pid 83472] [client 4.194.24.19:0] script '/domains/perless2web/adminfuns.php' not found or unable to stat
[Sun Jan 25 01:59:54.633081 2026] [php:error] [pid 83472] [client 4.194.24.19:0] script '/domains/perless2web/ahax.php' not found or unable to stat
[Sun Jan 25 01:59:54.875119 2026] [php:error] [pid 83472] [client 4.194.24.19:0] script '/domains/perless2web/autoload_classmap.php' not found or unable to stat
[Sun Jan 25 01:59:55.357148 2026] [php:error] [pid 83472] [client 4.194.24.19:0] script '/domains/perless2web/file.php' not found or unable to stat
[Sun Jan 25 01:59:55.608219 2026] [php:error] [pid 83472] [client 4.194.24.19:0] script '/domains/perless2web/file5.php' not found or unable to stat
[Sun Jan 25 01:59:57.758692 2026] [php:error] [pid 83472] [client 4.194.24.19:0] script '/domains/perless2web/xmlrpc.php' not found or unable to stat
[Sun Jan 25 01:59:57.997066 2026] [php:error] [pid 83472] [client 4.194.24.19:0] script '/domains/perless2web/alfa.php' not found or unable to stat
[Sun Jan 25 01:59:58.228394 2026] [php:error] [pid 83472] [client 4.194.24.19:0] script '/domains/perless2web/as.php' not found or unable to stat
[Sun Jan 25 01:59:58.692825 2026] [php:error] [pid 83472] [client 4.194.24.19:0] script '/domains/perless2web/class-t.api.php' not found or unable to stat
[Sun Jan 25 01:59:58.923778 2026] [php:error] [pid 83472] [client 4.194.24.19:0] script '/domains/perless2web/indoxploit.php' not found or unable to stat
[Sun Jan 25 01:59:59.154071 2026] [php:error] [pid 83472] [client 4.194.24.19:0] script '/domains/perless2web/shell.php' not found or unable to stat
[Sun Jan 25 01:59:59.392027 2026] [php:error] [pid 83472] [client 4.194.24.19:0] script '/domains/perless2web/system.php' not found or unable to stat
[Sun Jan 25 01:59:59.628848 2026] [php:error] [pid 83472] [client 4.194.24.19:0] script '/domains/perless2web/wp-admin.php' not found or unable to stat
[Sun Jan 25 02:00:01.014068 2026] [php:error] [pid 83472] [client 4.194.24.19:0] script '/domains/perless2web/wp-block.php' not found or unable to stat
[Sun Jan 25 02:00:01.711811 2026] [php:error] [pid 83472] [client 4.194.24.19:0] script '/domains/perless2web/wp-good.php' not found or unable to stat
[Sun Jan 25 02:00:04.258935 2026] [php:error] [pid 83512] [client 4.194.24.19:0] script '/domains/perless2web/01.php' not found or unable to stat
[Sun Jan 25 02:00:04.489856 2026] [php:error] [pid 83512] [client 4.194.24.19:0] script '/domains/perless2web/222.php' not found or unable to stat
[Sun Jan 25 02:00:04.710417 2026] [php:error] [pid 83512] [client 4.194.24.19:0] script '/domains/perless2web/403.php' not found or unable to stat
[Sun Jan 25 02:00:04.931610 2026] [php:error] [pid 83512] [client 4.194.24.19:0] script '/domains/perless2web/404.php' not found or unable to stat
[Sun Jan 25 02:00:05.152163 2026] [php:error] [pid 83512] [client 4.194.24.19:0] script '/domains/perless2web/Q.php' not found or unable to stat
[Sun Jan 25 02:00:05.372965 2026] [php:error] [pid 83512] [client 4.194.24.19:0] script '/domains/perless2web/WSO.php' not found or unable to stat
[Sun Jan 25 02:00:05.593319 2026] [php:error] [pid 83512] [client 4.194.24.19:0] script '/domains/perless2web/abc.php' not found or unable to stat
[Sun Jan 25 02:00:05.814128 2026] [php:error] [pid 83512] [client 4.194.24.19:0] script '/domains/perless2web/abcd.php' not found or unable to stat
[Sun Jan 25 02:00:07.153317 2026] [php:error] [pid 83512] [client 4.194.24.19:0] script '/domains/perless2web/byp.php' not found or unable to stat
[Sun Jan 25 02:00:07.373442 2026] [php:error] [pid 83512] [client 4.194.24.19:0] script '/domains/perless2web/c.php' not found or unable to stat
[Sun Jan 25 02:00:07.594511 2026] [php:error] [pid 83512] [client 4.194.24.19:0] script '/domains/perless2web/ca4.php' not found or unable to stat
[Sun Jan 25 02:00:08.257597 2026] [php:error] [pid 83512] [client 4.194.24.19:0] script '/domains/perless2web/config.php' not found or unable to stat
[Sun Jan 25 02:00:08.477743 2026] [php:error] [pid 83512] [client 4.194.24.19:0] script '/domains/perless2web/content.php' not found or unable to stat
[Sun Jan 25 02:00:08.700916 2026] [php:error] [pid 83512] [client 4.194.24.19:0] script '/domains/perless2web/favicon.php' not found or unable to stat
[Sun Jan 25 02:00:08.921087 2026] [php:error] [pid 83512] [client 4.194.24.19:0] script '/domains/perless2web/file56.php' not found or unable to stat
[Sun Jan 25 02:00:09.141391 2026] [php:error] [pid 83512] [client 4.194.24.19:0] script '/domains/perless2web/flower.php' not found or unable to stat
[Sun Jan 25 02:00:09.361593 2026] [php:error] [pid 83512] [client 4.194.24.19:0] script '/domains/perless2web/fw.php' not found or unable to stat
[Sun Jan 25 02:00:09.582112 2026] [php:error] [pid 83512] [client 4.194.24.19:0] script '/domains/perless2web/gecko-new.php' not found or unable to stat
[Sun Jan 25 02:02:54.764856 2026] [php:error] [pid 83536] [client 20.195.172.191:0] script '/domains/markrose/wp-rss.php' not found or unable to stat
[Sun Jan 25 02:02:55.881819 2026] [php:error] [pid 83536] [client 20.195.172.191:0] script '/domains/markrose/wp-rss.php' not found or unable to stat
[Sun Jan 25 02:02:57.999305 2026] [php:error] [pid 83536] [client 20.195.172.191:0] script '/domains/markrose/wp-rss.php' not found or unable to stat
[Sun Jan 25 02:02:58.450774 2026] [php:error] [pid 83536] [client 20.195.172.191:0] script '/domains/markrose/wp-rss2.php' not found or unable to stat
[Sun Jan 25 02:02:59.567886 2026] [php:error] [pid 83536] [client 20.195.172.191:0] script '/domains/markrose/wp-rss2.php' not found or unable to stat
[Sun Jan 25 02:03:01.685532 2026] [php:error] [pid 83536] [client 20.195.172.191:0] script '/domains/markrose/wp-rss2.php' not found or unable to stat
[Sun Jan 25 02:03:02.136729 2026] [php:error] [pid 83536] [client 20.195.172.191:0] script '/domains/markrose/wp-atom.php' not found or unable to stat
[Sun Jan 25 02:03:03.253940 2026] [php:error] [pid 83536] [client 20.195.172.191:0] script '/domains/markrose/wp-atom.php' not found or unable to stat
[Sun Jan 25 02:03:05.433888 2026] [php:error] [pid 83536] [client 20.195.172.191:0] script '/domains/markrose/wp-atom.php' not found or unable to stat
[Sun Jan 25 02:03:07.810698 2026] [php:error] [pid 83536] [client 20.195.172.191:0] script '/domains/markrose/wp-commentsrss2.php' not found or unable to stat
[Sun Jan 25 02:03:08.929388 2026] [php:error] [pid 83536] [client 20.195.172.191:0] script '/domains/markrose/wp-commentsrss2.php' not found or unable to stat
[Sun Jan 25 02:03:09.491930 2026] [core:crit] [pid 83537] (13)Permission denied: [client 144.76.32.120:0] AH00529: /domains/performancepartsinc/graphics/psd/.htaccess pcfg_openfile: unable to check htaccess file, ensure it is readable and that '/domains/performancepartsinc/graphics/psd/' is executable
[Sun Jan 25 02:03:11.047802 2026] [php:error] [pid 83536] [client 20.195.172.191:0] script '/domains/markrose/wp-commentsrss2.php' not found or unable to stat
/bin/sh: /usr/public/bin/counter.cgi: not found
[Sun Jan 25 02:08:48.187510 2026] [php:error] [pid 83599] [client 4.194.217.214:0] script '/domains/fryer/ol.php' not found or unable to stat
[Sun Jan 25 02:08:48.417431 2026] [php:error] [pid 83599] [client 4.194.217.214:0] script '/domains/fryer/sikma.php' not found or unable to stat
[Sun Jan 25 02:08:48.688151 2026] [php:error] [pid 83599] [client 4.194.217.214:0] script '/domains/fryer/rh1.php' not found or unable to stat
[Sun Jan 25 02:08:48.926146 2026] [php:error] [pid 83599] [client 4.194.217.214:0] script '/domains/fryer/sid3.php' not found or unable to stat
[Sun Jan 25 02:08:49.157278 2026] [php:error] [pid 83599] [client 4.194.217.214:0] script '/domains/fryer/okxh.php' not found or unable to stat
[Sun Jan 25 02:08:49.388569 2026] [php:error] [pid 83599] [client 4.194.217.214:0] script '/domains/fryer/krypton.php' not found or unable to stat
[Sun Jan 25 02:08:49.620834 2026] [php:error] [pid 83599] [client 4.194.217.214:0] script '/domains/fryer/zoo.php' not found or unable to stat
[Sun Jan 25 02:08:50.091805 2026] [php:error] [pid 83599] [client 4.194.217.214:0] script '/domains/fryer/maul.php' not found or unable to stat
[Sun Jan 25 02:08:50.781162 2026] [php:error] [pid 83599] [client 4.194.217.214:0] script '/domains/fryer/download.php' not found or unable to stat
[Sun Jan 25 02:08:51.101584 2026] [php:error] [pid 83599] [client 4.194.217.214:0] script '/domains/fryer/varb.php' not found or unable to stat
[Sun Jan 25 02:08:51.438629 2026] [php:error] [pid 83608] [client 40.113.19.56:0] script '/domains/system_suspended/aa2.php' not found or unable to stat
[Sun Jan 25 02:08:51.511841 2026] [php:error] [pid 83608] [client 40.113.19.56:0] script '/domains/system_suspended/bnm.php' not found or unable to stat
[Sun Jan 25 02:08:51.563266 2026] [php:error] [pid 83599] [client 4.194.217.214:0] script '/domains/fryer/tt.php' not found or unable to stat
[Sun Jan 25 02:08:51.584881 2026] [php:error] [pid 83608] [client 40.113.19.56:0] script '/domains/system_suspended/ccou.php' not found or unable to stat
[Sun Jan 25 02:08:51.663305 2026] [php:error] [pid 83608] [client 40.113.19.56:0] script '/domains/system_suspended/ff.php' not found or unable to stat
[Sun Jan 25 02:08:51.751426 2026] [php:error] [pid 83608] [client 40.113.19.56:0] script '/domains/system_suspended/ccs.php' not found or unable to stat
[Sun Jan 25 02:08:51.794108 2026] [php:error] [pid 83599] [client 4.194.217.214:0] script '/domains/fryer/a5e0a.php' not found or unable to stat
[Sun Jan 25 02:08:51.887482 2026] [php:error] [pid 83608] [client 40.113.19.56:0] script '/domains/system_suspended/about8.php' not found or unable to stat
[Sun Jan 25 02:08:52.055138 2026] [php:error] [pid 83599] [client 4.194.217.214:0] script '/domains/fryer/abc.php' not found or unable to stat
[Sun Jan 25 02:08:52.065941 2026] [php:error] [pid 83608] [client 40.113.19.56:0] script '/domains/system_suspended/ccs.php' not found or unable to stat
[Sun Jan 25 02:08:52.139232 2026] [php:error] [pid 83608] [client 40.113.19.56:0] script '/domains/system_suspended/about8.php' not found or unable to stat
[Sun Jan 25 02:08:52.214310 2026] [php:error] [pid 83608] [client 40.113.19.56:0] script '/domains/system_suspended/slsolirs.php' not found or unable to stat
[Sun Jan 25 02:08:52.291613 2026] [php:error] [pid 83599] [client 4.194.217.214:0] script '/domains/fryer/55b76.php' not found or unable to stat
[Sun Jan 25 02:08:52.293196 2026] [php:error] [pid 83608] [client 40.113.19.56:0] script '/domains/system_suspended/xvde.php' not found or unable to stat
[Sun Jan 25 02:08:52.440426 2026] [php:error] [pid 83608] [client 40.113.19.56:0] script '/domains/system_suspended/f355.php' not found or unable to stat
[Sun Jan 25 02:08:52.513368 2026] [php:error] [pid 83608] [client 40.113.19.56:0] script '/domains/system_suspended/bgymj.php' not found or unable to stat
[Sun Jan 25 02:08:52.584541 2026] [php:error] [pid 83599] [client 4.194.217.214:0] script '/domains/fryer/rzki.php' not found or unable to stat
[Sun Jan 25 02:08:52.623623 2026] [php:error] [pid 83608] [client 40.113.19.56:0] script '/domains/system_suspended/wp-mt.php' not found or unable to stat
[Sun Jan 25 02:08:52.700070 2026] [php:error] [pid 83608] [client 40.113.19.56:0] script '/domains/system_suspended/lala.php' not found or unable to stat
[Sun Jan 25 02:08:52.815298 2026] [php:error] [pid 83599] [client 4.194.217.214:0] script '/domains/fryer/acxx.php' not found or unable to stat
[Sun Jan 25 02:08:52.846863 2026] [php:error] [pid 83608] [client 40.113.19.56:0] script '/domains/system_suspended/3r.php' not found or unable to stat
[Sun Jan 25 02:08:52.920277 2026] [php:error] [pid 83608] [client 40.113.19.56:0] script '/domains/system_suspended/8xyz.php' not found or unable to stat
[Sun Jan 25 02:08:52.993518 2026] [php:error] [pid 83608] [client 40.113.19.56:0] script '/domains/system_suspended/la.php' not found or unable to stat
[Sun Jan 25 02:08:53.047612 2026] [php:error] [pid 83599] [client 4.194.217.214:0] script '/domains/fryer/d12.php' not found or unable to stat
[Sun Jan 25 02:08:53.066588 2026] [php:error] [pid 83608] [client 40.113.19.56:0] script '/domains/system_suspended/ioxi.php' not found or unable to stat
[Sun Jan 25 02:08:53.139475 2026] [php:error] [pid 83608] [client 40.113.19.56:0] script '/domains/system_suspended/xpwer1.php' not found or unable to stat
[Sun Jan 25 02:08:53.212768 2026] [php:error] [pid 83608] [client 40.113.19.56:0] script '/domains/system_suspended/about.php' not found or unable to stat
[Sun Jan 25 02:08:53.277610 2026] [php:error] [pid 83599] [client 4.194.217.214:0] script '/domains/fryer/s.php' not found or unable to stat
[Sun Jan 25 02:08:53.374504 2026] [php:error] [pid 83608] [client 40.113.19.56:0] script '/domains/system_suspended/la.php' not found or unable to stat
[Sun Jan 25 02:08:53.507743 2026] [php:error] [pid 83599] [client 4.194.217.214:0] script '/domains/fryer/error_log.php' not found or unable to stat
[Sun Jan 25 02:08:53.520589 2026] [php:error] [pid 83608] [client 40.113.19.56:0] script '/domains/system_suspended/admin.php' not found or unable to stat
[Sun Jan 25 02:08:53.748532 2026] [php:error] [pid 83608] [client 40.113.19.56:0] script '/domains/system_suspended/info.php' not found or unable to stat
[Sun Jan 25 02:08:53.822383 2026] [php:error] [pid 83608] [client 40.113.19.56:0] script '/domains/system_suspended/about.php' not found or unable to stat
[Sun Jan 25 02:08:53.972738 2026] [php:error] [pid 83608] [client 40.113.19.56:0] script '/domains/system_suspended/ss1.php' not found or unable to stat
[Sun Jan 25 02:08:54.136566 2026] [php:error] [pid 83599] [client 4.194.217.214:0] script '/domains/fryer/dox.php' not found or unable to stat
[Sun Jan 25 02:08:54.173107 2026] [php:error] [pid 83608] [client 40.113.19.56:0] script '/domains/system_suspended/goods.php' not found or unable to stat
[Sun Jan 25 02:08:54.248499 2026] [php:error] [pid 83608] [client 40.113.19.56:0] script '/domains/system_suspended/admin.php' not found or unable to stat
[Sun Jan 25 02:08:54.324183 2026] [php:error] [pid 83608] [client 40.113.19.56:0] script '/domains/system_suspended/222.php' not found or unable to stat
[Sun Jan 25 02:08:54.366237 2026] [php:error] [pid 83599] [client 4.194.217.214:0] script '/domains/fryer/ahax.php' not found or unable to stat
[Sun Jan 25 02:08:54.397964 2026] [php:error] [pid 83608] [client 40.113.19.56:0] script '/domains/system_suspended/abcd.php' not found or unable to stat
[Sun Jan 25 02:08:54.584353 2026] [php:error] [pid 83608] [client 40.113.19.56:0] script '/domains/system_suspended/adminfuns.php' not found or unable to stat
[Sun Jan 25 02:08:54.621735 2026] [php:error] [pid 83599] [client 4.194.217.214:0] script '/domains/fryer/lock360.php' not found or unable to stat
[Sun Jan 25 02:08:54.658510 2026] [php:error] [pid 83608] [client 40.113.19.56:0] script '/domains/system_suspended/ioxi-o.php' not found or unable to stat
[Sun Jan 25 02:08:54.812463 2026] [php:error] [pid 83608] [client 40.113.19.56:0] script '/domains/system_suspended/goat.php' not found or unable to stat
[Sun Jan 25 02:08:54.851498 2026] [php:error] [pid 83599] [client 4.194.217.214:0] script '/domains/fryer/6kUgr4yGzxN.php' not found or unable to stat
[Sun Jan 25 02:08:54.964456 2026] [php:error] [pid 83608] [client 40.113.19.56:0] script '/domains/system_suspended/xx.php' not found or unable to stat
[Sun Jan 25 02:08:55.082780 2026] [php:error] [pid 83599] [client 4.194.217.214:0] script '/domains/fryer/wp.php' not found or unable to stat
[Sun Jan 25 02:08:55.185722 2026] [php:error] [pid 83608] [client 40.113.19.56:0] script '/domains/system_suspended/f5.php' not found or unable to stat
[Sun Jan 25 02:08:55.314137 2026] [php:error] [pid 83599] [client 4.194.217.214:0] script '/domains/fryer/test1.php' not found or unable to stat
[Sun Jan 25 02:08:55.543978 2026] [php:error] [pid 83599] [client 4.194.217.214:0] script '/domains/fryer/clss.php' not found or unable to stat
[Sun Jan 25 02:08:55.774122 2026] [php:error] [pid 83599] [client 4.194.217.214:0] script '/domains/fryer/44.php' not found or unable to stat
[Sun Jan 25 02:08:55.842829 2026] [php:error] [pid 83608] [client 40.113.19.56:0] script '/domains/system_suspended/doc.php' not found or unable to stat
[Sun Jan 25 02:08:55.919146 2026] [php:error] [pid 83608] [client 40.113.19.56:0] script '/domains/system_suspended/xtride.php' not found or unable to stat
[Sun Jan 25 02:08:55.998078 2026] [php:error] [pid 83608] [client 40.113.19.56:0] script '/domains/system_suspended/flower.php' not found or unable to stat
[Sun Jan 25 02:08:56.117498 2026] [php:error] [pid 83599] [client 4.194.217.214:0] script '/domains/fryer/ii5file.php' not found or unable to stat
[Sun Jan 25 02:08:56.121505 2026] [php:error] [pid 83608] [client 40.113.19.56:0] script '/domains/system_suspended/flower2.php' not found or unable to stat
[Sun Jan 25 02:08:56.357839 2026] [php:error] [pid 83608] [client 40.113.19.56:0] script '/domains/system_suspended/f6.php' not found or unable to stat
[Sun Jan 25 02:08:56.357840 2026] [php:error] [pid 83599] [client 4.194.217.214:0] script '/domains/fryer/ss.php' not found or unable to stat
[Sun Jan 25 02:08:56.588143 2026] [php:error] [pid 83599] [client 4.194.217.214:0] script '/domains/fryer/re.php' not found or unable to stat
[Sun Jan 25 02:08:56.679469 2026] [php:error] [pid 83608] [client 40.113.19.56:0] script '/domains/system_suspended/edit.php' not found or unable to stat
[Sun Jan 25 02:08:56.817992 2026] [php:error] [pid 83599] [client 4.194.217.214:0] script '/domains/fryer/xsas.php' not found or unable to stat
[Sun Jan 25 02:08:56.928335 2026] [php:error] [pid 83608] [client 40.113.19.56:0] script '/domains/system_suspended/aa.php' not found or unable to stat
[Sun Jan 25 02:08:57.048166 2026] [php:error] [pid 83599] [client 4.194.217.214:0] script '/domains/fryer/asus.php' not found or unable to stat
[Sun Jan 25 02:08:57.092866 2026] [php:error] [pid 83608] [client 40.113.19.56:0] script '/domains/system_suspended/ext.php' not found or unable to stat
[Sun Jan 25 02:08:57.315606 2026] [php:error] [pid 83608] [client 40.113.19.56:0] script '/domains/system_suspended/av.php' not found or unable to stat
[Sun Jan 25 02:08:57.327316 2026] [php:error] [pid 83599] [client 4.194.217.214:0] script '/domains/fryer/wp-good.php' not found or unable to stat
[Sun Jan 25 02:08:57.484247 2026] [php:error] [pid 83608] [client 40.113.19.56:0] script '/domains/system_suspended/wsd.php' not found or unable to stat
[Sun Jan 25 02:08:57.572147 2026] [php:error] [pid 83599] [client 4.194.217.214:0] script '/domains/fryer/0x.php' not found or unable to stat
[Sun Jan 25 02:08:57.630864 2026] [php:error] [pid 83608] [client 40.113.19.56:0] script '/domains/system_suspended/classwithtostring.php' not found or unable to stat
[Sun Jan 25 02:08:57.737610 2026] [php:error] [pid 83608] [client 40.113.19.56:0] script '/domains/system_suspended/foot.php' not found or unable to stat
[Sun Jan 25 02:08:57.811417 2026] [php:error] [pid 83599] [client 4.194.217.214:0] script '/domains/fryer/domains.php' not found or unable to stat
[Sun Jan 25 02:08:57.922586 2026] [php:error] [pid 83608] [client 40.113.19.56:0] script '/domains/system_suspended/css.php' not found or unable to stat
[Sun Jan 25 02:08:57.999409 2026] [php:error] [pid 83608] [client 40.113.19.56:0] script '/domains/system_suspended/alfa.php' not found or unable to stat
[Sun Jan 25 02:08:58.047326 2026] [php:error] [pid 83599] [client 4.194.217.214:0] script '/domains/fryer/wp-goods.php' not found or unable to stat
[Sun Jan 25 02:08:58.104293 2026] [php:error] [pid 83608] [client 40.113.19.56:0] script '/domains/system_suspended/wen.php' not found or unable to stat
[Sun Jan 25 02:08:58.177992 2026] [php:error] [pid 83608] [client 40.113.19.56:0] script '/domains/system_suspended/x.php' not found or unable to stat
[Sun Jan 25 02:08:58.305268 2026] [php:error] [pid 83608] [client 40.113.19.56:0] script '/domains/system_suspended/xxxx.php' not found or unable to stat
[Sun Jan 25 02:08:58.410243 2026] [php:error] [pid 83599] [client 4.194.217.214:0] script '/domains/fryer/144.php' not found or unable to stat
[Sun Jan 25 02:08:58.433612 2026] [php:error] [pid 83608] [client 40.113.19.56:0] script '/domains/system_suspended/class.php' not found or unable to stat
[Sun Jan 25 02:08:58.639429 2026] [php:error] [pid 83608] [client 40.113.19.56:0] script '/domains/system_suspended/gec.php' not found or unable to stat
[Sun Jan 25 02:08:58.718248 2026] [php:error] [pid 83608] [client 40.113.19.56:0] script '/domains/system_suspended/f35.php' not found or unable to stat
[Sun Jan 25 02:08:58.772851 2026] [php:error] [pid 83599] [client 4.194.217.214:0] script '/domains/fryer/akcc.php' not found or unable to stat
[Sun Jan 25 02:08:58.959802 2026] [php:error] [pid 83608] [client 40.113.19.56:0] script '/domains/system_suspended/pp.php' not found or unable to stat
[Sun Jan 25 02:08:59.002730 2026] [php:error] [pid 83599] [client 4.194.217.214:0] script '/domains/fryer/vanda.php' not found or unable to stat
[Sun Jan 25 02:08:59.201405 2026] [php:error] [pid 83608] [client 40.113.19.56:0] script '/domains/system_suspended/lock360.php' not found or unable to stat
[Sun Jan 25 02:08:59.232597 2026] [php:error] [pid 83599] [client 4.194.217.214:0] script '/domains/fryer/lib.php' not found or unable to stat
[Sun Jan 25 02:08:59.290571 2026] [php:error] [pid 83608] [client 40.113.19.56:0] script '/domains/system_suspended/galex.php' not found or unable to stat
[Sun Jan 25 02:08:59.369666 2026] [php:error] [pid 83608] [client 40.113.19.56:0] script '/domains/system_suspended/as.php' not found or unable to stat
[Sun Jan 25 02:08:59.456627 2026] [php:error] [pid 83608] [client 40.113.19.56:0] script '/domains/system_suspended/class-t.api.php' not found or unable to stat
[Sun Jan 25 02:08:59.462806 2026] [php:error] [pid 83599] [client 4.194.217.214:0] script '/domains/fryer/zc-104.php' not found or unable to stat
[Sun Jan 25 02:08:59.529996 2026] [php:error] [pid 83608] [client 40.113.19.56:0] script '/domains/system_suspended/bipas.php' not found or unable to stat
[Sun Jan 25 02:08:59.645087 2026] [php:error] [pid 83608] [client 40.113.19.56:0] script '/domains/system_suspended/shoyo.php' not found or unable to stat
[Sun Jan 25 02:08:59.692401 2026] [php:error] [pid 83599] [client 4.194.217.214:0] script '/domains/fryer/zc-729.php' not found or unable to stat
[Sun Jan 25 02:08:59.736736 2026] [php:error] [pid 83608] [client 40.113.19.56:0] script '/domains/system_suspended/admin.php' not found or unable to stat
[Sun Jan 25 02:08:59.810025 2026] [php:error] [pid 83608] [client 40.113.19.56:0] script '/domains/system_suspended/ar.php' not found or unable to stat
[Sun Jan 25 02:08:59.883080 2026] [php:error] [pid 83608] [client 40.113.19.56:0] script '/domains/system_suspended/blurbs18.php' not found or unable to stat
[Sun Jan 25 02:08:59.941028 2026] [php:error] [pid 83599] [client 4.194.217.214:0] script '/domains/fryer/bo.php' not found or unable to stat
[Sun Jan 25 02:08:59.957247 2026] [php:error] [pid 83608] [client 40.113.19.56:0] script '/domains/system_suspended/radio.php' not found or unable to stat
[Sun Jan 25 02:09:00.033769 2026] [php:error] [pid 83608] [client 40.113.19.56:0] script '/domains/system_suspended/wp-good.php' not found or unable to stat
[Sun Jan 25 02:09:00.108726 2026] [php:error] [pid 83608] [client 40.113.19.56:0] script '/domains/system_suspended/bless14.php' not found or unable to stat
[Sun Jan 25 02:09:00.181760 2026] [php:error] [pid 83608] [client 40.113.19.56:0] script '/domains/system_suspended/ol.php' not found or unable to stat
[Sun Jan 25 02:09:00.206393 2026] [php:error] [pid 83599] [client 4.194.217.214:0] script '/domains/fryer/x.php' not found or unable to stat
[Sun Jan 25 02:09:00.468200 2026] [php:error] [pid 83599] [client 4.194.217.214:0] script '/domains/fryer/adminfuns.php' not found or unable to stat
[Sun Jan 25 02:09:00.823670 2026] [php:error] [pid 83599] [client 4.194.217.214:0] script '/domains/fryer/56c53.php' not found or unable to stat
[Sun Jan 25 02:09:00.858537 2026] [php:error] [pid 83608] [client 40.113.19.56:0] script '/domains/system_suspended/filesss.php' not found or unable to stat
[Sun Jan 25 02:09:00.931916 2026] [php:error] [pid 83608] [client 40.113.19.56:0] script '/domains/system_suspended/k.php' not found or unable to stat
[Sun Jan 25 02:09:01.099078 2026] [php:error] [pid 83613] [client 40.113.19.56:0] script '/domains/system_suspended/bless.php' not found or unable to stat
[Sun Jan 25 02:09:01.186340 2026] [php:error] [pid 83613] [client 40.113.19.56:0] script '/domains/system_suspended/X7x.php' not found or unable to stat
[Sun Jan 25 02:09:01.201966 2026] [php:error] [pid 83599] [client 4.194.217.214:0] script '/domains/fryer/FII.php' not found or unable to stat
[Sun Jan 25 02:09:01.267987 2026] [php:error] [pid 83613] [client 40.113.19.56:0] script '/domains/system_suspended/class20.php' not found or unable to stat
[Sun Jan 25 02:09:01.382119 2026] [php:error] [pid 83613] [client 40.113.19.56:0] script '/domains/system_suspended/lock360.php' not found or unable to stat
[Sun Jan 25 02:09:01.477297 2026] [php:error] [pid 83599] [client 4.194.217.214:0] script '/domains/fryer/wp-ac.php' not found or unable to stat
[Sun Jan 25 02:09:01.527042 2026] [php:error] [pid 83613] [client 40.113.19.56:0] script '/domains/system_suspended/themes.php' not found or unable to stat
[Sun Jan 25 02:09:01.599679 2026] [php:error] [pid 83613] [client 40.113.19.56:0] script '/domains/system_suspended/gifclass4.php' not found or unable to stat
[Sun Jan 25 02:09:01.673330 2026] [php:error] [pid 83613] [client 40.113.19.56:0] script '/domains/system_suspended/wag.php' not found or unable to stat
[Sun Jan 25 02:09:01.746785 2026] [php:error] [pid 83613] [client 40.113.19.56:0] script '/domains/system_suspended/xvent.php' not found or unable to stat
[Sun Jan 25 02:09:01.776703 2026] [php:error] [pid 83599] [client 4.194.217.214:0] script '/domains/fryer/atex1.php' not found or unable to stat
[Sun Jan 25 02:09:01.819858 2026] [php:error] [pid 83613] [client 40.113.19.56:0] script '/domains/system_suspended/wp-aaa.php' not found or unable to stat
[Sun Jan 25 02:09:01.941249 2026] [php:error] [pid 83613] [client 40.113.19.56:0] script '/domains/system_suspended/jmfi2.php' not found or unable to stat
[Sun Jan 25 02:09:02.007598 2026] [php:error] [pid 83599] [client 4.194.217.214:0] script '/domains/fryer/blox.php' not found or unable to stat
[Sun Jan 25 02:09:02.014184 2026] [php:error] [pid 83613] [client 40.113.19.56:0] script '/domains/system_suspended/class19.php' not found or unable to stat
[Sun Jan 25 02:09:02.086838 2026] [php:error] [pid 83613] [client 40.113.19.56:0] script '/domains/system_suspended/cccc.php' not found or unable to stat
[Sun Jan 25 02:09:02.159361 2026] [php:error] [pid 83613] [client 40.113.19.56:0] script '/domains/system_suspended/166.php' not found or unable to stat
[Sun Jan 25 02:09:02.251086 2026] [php:error] [pid 83599] [client 4.194.217.214:0] script '/domains/fryer/wp-64wscx6shd.php' not found or unable to stat
[Sun Jan 25 02:09:02.264380 2026] [php:error] [pid 83613] [client 40.113.19.56:0] script '/domains/system_suspended/bypass.php' not found or unable to stat
[Sun Jan 25 02:09:02.352812 2026] [php:error] [pid 83613] [client 40.113.19.56:0] script '/domains/system_suspended/plss3.php' not found or unable to stat
[Sun Jan 25 02:09:02.450127 2026] [php:error] [pid 83613] [client 40.113.19.56:0] script '/domains/system_suspended/atomlib.php' not found or unable to stat
[Sun Jan 25 02:09:02.480667 2026] [php:error] [pid 83599] [client 4.194.217.214:0] script '/domains/fryer/gecko.php' not found or unable to stat
[Sun Jan 25 02:09:02.523736 2026] [php:error] [pid 83613] [client 40.113.19.56:0] script '/domains/system_suspended/we.php' not found or unable to stat
[Sun Jan 25 02:09:02.668284 2026] [php:error] [pid 83613] [client 40.113.19.56:0] script '/domains/system_suspended/t.php' not found or unable to stat
