[Fri Jan 23 00:31:37.666937 2026] [php:error] [pid 86130] [client 4.194.157.152:0] script '/domains/system_suspended/wp-activat.php' not found or unable to stat
[Fri Jan 23 00:31:37.887249 2026] [php:error] [pid 86130] [client 4.194.157.152:0] script '/domains/system_suspended/wp-admin.php' not found or unable to stat
[Fri Jan 23 00:31:39.011359 2026] [php:error] [pid 86130] [client 4.194.157.152:0] script '/domains/system_suspended/wp-blog.php' not found or unable to stat
[Fri Jan 23 00:31:39.240866 2026] [php:error] [pid 86130] [client 4.194.157.152:0] script '/domains/system_suspended/wp-conf.php' not found or unable to stat
[Fri Jan 23 00:31:41.453116 2026] [php:error] [pid 86130] [client 4.194.157.152:0] script '/domains/system_suspended/wp-file.php' not found or unable to stat
[Fri Jan 23 00:31:41.673266 2026] [php:error] [pid 86130] [client 4.194.157.152:0] script '/domains/system_suspended/wp-include.php' not found or unable to stat
[Fri Jan 23 00:31:44.118065 2026] [php:error] [pid 86130] [client 4.194.157.152:0] script '/domains/system_suspended/wp-logs.php' not found or unable to stat
[Fri Jan 23 00:31:44.338093 2026] [php:error] [pid 86130] [client 4.194.157.152:0] script '/domains/system_suspended/xmlrpc.php' not found or unable to stat
[Fri Jan 23 00:31:46.324849 2026] [php:error] [pid 86130] [client 4.194.157.152:0] script '/domains/system_suspended/WSO.php' not found or unable to stat
[Fri Jan 23 00:31:50.467872 2026] [php:error] [pid 86148] [client 52.169.206.229:0] script '/domains/bfitpro2/blue.php' not found or unable to stat
[Fri Jan 23 00:31:50.523741 2026] [php:error] [pid 86130] [client 4.194.157.152:0] script '/domains/system_suspended/goods.php' not found or unable to stat
[Fri Jan 23 00:31:50.541217 2026] [php:error] [pid 86148] [client 52.169.206.229:0] script '/domains/bfitpro2/xy.php' not found or unable to stat
[Fri Jan 23 00:31:50.614297 2026] [php:error] [pid 86148] [client 52.169.206.229:0] script '/domains/bfitpro2/xy.php' not found or unable to stat
[Fri Jan 23 00:31:50.687571 2026] [php:error] [pid 86148] [client 52.169.206.229:0] script '/domains/bfitpro2/riv.php' not found or unable to stat
[Fri Jan 23 00:31:50.774062 2026] [php:error] [pid 86148] [client 52.169.206.229:0] script '/domains/bfitpro2/kirin.php' not found or unable to stat
[Fri Jan 23 00:31:50.855510 2026] [php:error] [pid 86148] [client 52.169.206.229:0] script '/domains/bfitpro2/fs6.php' not found or unable to stat
[Fri Jan 23 00:31:50.929799 2026] [php:error] [pid 86148] [client 52.169.206.229:0] script '/domains/bfitpro2/asc.php' not found or unable to stat
[Fri Jan 23 00:31:51.004559 2026] [php:error] [pid 86148] [client 52.169.206.229:0] script '/domains/bfitpro2/acampa.php' not found or unable to stat
[Fri Jan 23 00:31:51.152341 2026] [php:error] [pid 86148] [client 52.169.206.229:0] script '/domains/bfitpro2/f355.php' not found or unable to stat
[Fri Jan 23 00:31:51.229942 2026] [php:error] [pid 86148] [client 52.169.206.229:0] script '/domains/bfitpro2/bgymj.php' not found or unable to stat
[Fri Jan 23 00:31:51.303269 2026] [php:error] [pid 86148] [client 52.169.206.229:0] script '/domains/bfitpro2/nf.php' not found or unable to stat
[Fri Jan 23 00:31:51.377619 2026] [php:error] [pid 86148] [client 52.169.206.229:0] script '/domains/bfitpro2/lala.php' not found or unable to stat
[Fri Jan 23 00:31:51.472324 2026] [php:error] [pid 86148] [client 52.169.206.229:0] script '/domains/bfitpro2/3r.php' not found or unable to stat
[Fri Jan 23 00:31:51.546579 2026] [php:error] [pid 86148] [client 52.169.206.229:0] script '/domains/bfitpro2/8xyz.php' not found or unable to stat
[Fri Jan 23 00:31:51.858356 2026] [php:error] [pid 86148] [client 52.169.206.229:0] script '/domains/bfitpro2/kairolin.php' not found or unable to stat
[Fri Jan 23 00:31:51.932786 2026] [php:error] [pid 86148] [client 52.169.206.229:0] script '/domains/bfitpro2/ioxi.php' not found or unable to stat
[Fri Jan 23 00:31:52.062622 2026] [php:error] [pid 86148] [client 52.169.206.229:0] script '/domains/bfitpro2/xpwer1.php' not found or unable to stat
[Fri Jan 23 00:31:52.073981 2026] [php:error] [pid 86130] [client 4.194.157.152:0] script '/domains/system_suspended/edit.php' not found or unable to stat
[Fri Jan 23 00:31:52.135922 2026] [php:error] [pid 86148] [client 52.169.206.229:0] script '/domains/bfitpro2/about.php' not found or unable to stat
[Fri Jan 23 00:31:52.285640 2026] [php:error] [pid 86148] [client 52.169.206.229:0] script '/domains/bfitpro2/13.php' not found or unable to stat
[Fri Jan 23 00:31:52.373915 2026] [php:error] [pid 86148] [client 52.169.206.229:0] script '/domains/bfitpro2/cgi-bin/index.php' not found or unable to stat
[Fri Jan 23 00:31:52.447522 2026] [php:error] [pid 86148] [client 52.169.206.229:0] script '/domains/bfitpro2/admin.php' not found or unable to stat
[Fri Jan 23 00:31:52.667346 2026] [php:error] [pid 86148] [client 52.169.206.229:0] script '/domains/bfitpro2/info.php' not found or unable to stat
[Fri Jan 23 00:31:52.751906 2026] [php:error] [pid 86150] [client 4.194.157.152:0] script '/domains/system_suspended/file5.php' not found or unable to stat
[Fri Jan 23 00:31:52.777762 2026] [php:error] [pid 86148] [client 52.169.206.229:0] script '/domains/bfitpro2/about.php' not found or unable to stat
[Fri Jan 23 00:31:52.967018 2026] [php:error] [pid 86148] [client 52.169.206.229:0] script '/domains/bfitpro2/ss1.php' not found or unable to stat
[Fri Jan 23 00:31:53.116358 2026] [php:error] [pid 86148] [client 52.169.206.229:0] script '/domains/bfitpro2/goods.php' not found or unable to stat
[Fri Jan 23 00:31:53.192969 2026] [php:error] [pid 86148] [client 52.169.206.229:0] script '/domains/bfitpro2/admin.php' not found or unable to stat
[Fri Jan 23 00:31:53.272211 2026] [php:error] [pid 86148] [client 52.169.206.229:0] script '/domains/bfitpro2/222.php' not found or unable to stat
[Fri Jan 23 00:31:53.359568 2026] [php:error] [pid 86148] [client 52.169.206.229:0] script '/domains/bfitpro2/abcd.php' not found or unable to stat
[Fri Jan 23 00:31:53.510397 2026] [php:error] [pid 86148] [client 52.169.206.229:0] script '/domains/bfitpro2/adminfuns.php' not found or unable to stat
[Fri Jan 23 00:31:53.537180 2026] [php:error] [pid 86142] [client 20.89.104.181:0] script '/domains/system_cancel/aaa.php' not found or unable to stat
[Fri Jan 23 00:31:53.624115 2026] [php:error] [pid 86148] [client 52.169.206.229:0] script '/domains/bfitpro2/ioxi-o.php' not found or unable to stat
[Fri Jan 23 00:31:53.689689 2026] [php:error] [pid 86150] [client 4.194.157.152:0] script '/domains/system_suspended/aa.php' not found or unable to stat
[Fri Jan 23 00:31:53.771385 2026] [php:error] [pid 86148] [client 52.169.206.229:0] script '/domains/bfitpro2/goat.php' not found or unable to stat
[Fri Jan 23 00:31:53.924067 2026] [php:error] [pid 86148] [client 52.169.206.229:0] script '/domains/bfitpro2/xx.php' not found or unable to stat
[Fri Jan 23 00:31:54.166404 2026] [php:error] [pid 86148] [client 52.169.206.229:0] script '/domains/bfitpro2/f5.php' not found or unable to stat
[Fri Jan 23 00:31:54.247478 2026] [php:error] [pid 86148] [client 52.169.206.229:0] script '/domains/bfitpro2/doc.php' not found or unable to stat
[Fri Jan 23 00:31:54.324010 2026] [php:error] [pid 86148] [client 52.169.206.229:0] script '/domains/bfitpro2/xtride.php' not found or unable to stat
[Fri Jan 23 00:31:54.398715 2026] [php:error] [pid 86148] [client 52.169.206.229:0] script '/domains/bfitpro2/flower.php' not found or unable to stat
[Fri Jan 23 00:31:54.472664 2026] [php:error] [pid 86148] [client 52.169.206.229:0] script '/domains/bfitpro2/flower2.php' not found or unable to stat
[Fri Jan 23 00:31:54.558496 2026] [php:error] [pid 86148] [client 52.169.206.229:0] script '/domains/bfitpro2/f6.php' not found or unable to stat
[Fri Jan 23 00:31:54.637095 2026] [php:error] [pid 86148] [client 52.169.206.229:0] script '/domains/bfitpro2/edit.php' not found or unable to stat
[Fri Jan 23 00:31:54.724553 2026] [php:error] [pid 86148] [client 52.169.206.229:0] script '/domains/bfitpro2/aa.php' not found or unable to stat
[Fri Jan 23 00:31:54.907115 2026] [php:error] [pid 86148] [client 52.169.206.229:0] script '/domains/bfitpro2/ext.php' not found or unable to stat
[Fri Jan 23 00:31:55.161243 2026] [php:error] [pid 86148] [client 52.169.206.229:0] script '/domains/bfitpro2/av.php' not found or unable to stat
[Fri Jan 23 00:31:55.308784 2026] [php:error] [pid 86148] [client 52.169.206.229:0] script '/domains/bfitpro2/wsd.php' not found or unable to stat
[Fri Jan 23 00:31:55.326966 2026] [php:error] [pid 86142] [client 20.89.104.181:0] script '/domains/system_cancel/chosen.php' not found or unable to stat
[Fri Jan 23 00:31:55.455883 2026] [php:error] [pid 86148] [client 52.169.206.229:0] script '/domains/bfitpro2/classwithtostring.php' not found or unable to stat
[Fri Jan 23 00:31:55.516173 2026] [php:error] [pid 86142] [client 20.89.104.181:0] script '/domains/system_cancel/index.php' not found or unable to stat
[Fri Jan 23 00:31:55.532353 2026] [php:error] [pid 86148] [client 52.169.206.229:0] script '/domains/bfitpro2/file48.php' not found or unable to stat
[Fri Jan 23 00:31:55.678544 2026] [php:error] [pid 86148] [client 52.169.206.229:0] script '/domains/bfitpro2/css.php' not found or unable to stat
[Fri Jan 23 00:31:55.704013 2026] [php:error] [pid 86142] [client 20.89.104.181:0] script '/domains/system_cancel/cron.php' not found or unable to stat
[Fri Jan 23 00:31:55.746384 2026] [php:error] [pid 86150] [client 4.194.157.152:0] script '/domains/system_suspended/autoload_classmap.php' not found or unable to stat
[Fri Jan 23 00:31:55.751597 2026] [php:error] [pid 86148] [client 52.169.206.229:0] script '/domains/bfitpro2/alfa.php' not found or unable to stat
[Fri Jan 23 00:31:55.824903 2026] [php:error] [pid 86148] [client 52.169.206.229:0] script '/domains/bfitpro2/wen.php' not found or unable to stat
[Fri Jan 23 00:31:55.898931 2026] [php:error] [pid 86148] [client 52.169.206.229:0] script '/domains/bfitpro2/x.php' not found or unable to stat
[Fri Jan 23 00:31:55.972245 2026] [php:error] [pid 86148] [client 52.169.206.229:0] script '/domains/bfitpro2/xxxx.php' not found or unable to stat
[Fri Jan 23 00:31:56.079492 2026] [php:error] [pid 86148] [client 52.169.206.229:0] script '/domains/bfitpro2/class.php' not found or unable to stat
[Fri Jan 23 00:31:56.252652 2026] [php:error] [pid 86148] [client 52.169.206.229:0] script '/domains/bfitpro2/gec.php' not found or unable to stat
[Fri Jan 23 00:31:56.325759 2026] [php:error] [pid 86148] [client 52.169.206.229:0] script '/domains/bfitpro2/f35.php' not found or unable to stat
[Fri Jan 23 00:31:56.530809 2026] [php:error] [pid 86148] [client 52.169.206.229:0] script '/domains/bfitpro2/pp.php' not found or unable to stat
[Fri Jan 23 00:31:56.918713 2026] [php:error] [pid 86148] [client 52.169.206.229:0] script '/domains/bfitpro2/lock360.php' not found or unable to stat
[Fri Jan 23 00:31:57.009147 2026] [php:error] [pid 86148] [client 52.169.206.229:0] script '/domains/bfitpro2/galex.php' not found or unable to stat
[Fri Jan 23 00:31:57.035428 2026] [php:error] [pid 86142] [client 20.89.104.181:0] script '/domains/system_cancel/edit.php' not found or unable to stat
[Fri Jan 23 00:31:57.083226 2026] [php:error] [pid 86148] [client 52.169.206.229:0] script '/domains/bfitpro2/as.php' not found or unable to stat
[Fri Jan 23 00:31:57.156831 2026] [php:error] [pid 86148] [client 52.169.206.229:0] script '/domains/bfitpro2/class-t.api.php' not found or unable to stat
[Fri Jan 23 00:31:57.217276 2026] [php:error] [pid 86142] [client 20.89.104.181:0] script '/domains/system_cancel/meta.php' not found or unable to stat
[Fri Jan 23 00:31:57.372730 2026] [php:error] [pid 86148] [client 52.169.206.229:0] script '/domains/bfitpro2/bipas.php' not found or unable to stat
[Fri Jan 23 00:31:57.458116 2026] [php:error] [pid 86148] [client 52.169.206.229:0] script '/domains/bfitpro2/shoyo.php' not found or unable to stat
[Fri Jan 23 00:31:57.518813 2026] [php:error] [pid 86142] [client 20.89.104.181:0] script '/domains/system_cancel/new.php' not found or unable to stat
[Fri Jan 23 00:31:57.532836 2026] [php:error] [pid 86148] [client 52.169.206.229:0] script '/domains/bfitpro2/admin.php' not found or unable to stat
[Fri Jan 23 00:31:57.605950 2026] [php:error] [pid 86148] [client 52.169.206.229:0] script '/domains/bfitpro2/ar.php' not found or unable to stat
[Fri Jan 23 00:31:57.689082 2026] [php:error] [pid 86148] [client 52.169.206.229:0] script '/domains/bfitpro2/blurbs18.php' not found or unable to stat
[Fri Jan 23 00:31:57.796255 2026] [php:error] [pid 86148] [client 52.169.206.229:0] script '/domains/bfitpro2/radio.php' not found or unable to stat
[Fri Jan 23 00:31:57.883337 2026] [php:error] [pid 86142] [client 20.89.104.181:0] script '/domains/system_cancel/as.php' not found or unable to stat
[Fri Jan 23 00:31:57.911264 2026] [php:error] [pid 86148] [client 52.169.206.229:0] script '/domains/bfitpro2/wp-good.php' not found or unable to stat
[Fri Jan 23 00:31:57.987617 2026] [php:error] [pid 86148] [client 52.169.206.229:0] script '/domains/bfitpro2/bless14.php' not found or unable to stat
[Fri Jan 23 00:31:58.062064 2026] [php:error] [pid 86148] [client 52.169.206.229:0] script '/domains/bfitpro2/ws13.php' not found or unable to stat
[Fri Jan 23 00:31:58.116626 2026] [php:error] [pid 86142] [client 20.89.104.181:0] script '/domains/system_cancel/ds.php' not found or unable to stat
[Fri Jan 23 00:31:58.288111 2026] [php:error] [pid 86142] [client 20.89.104.181:0] script '/domains/system_cancel/error.php' not found or unable to stat
[Fri Jan 23 00:31:58.659274 2026] [php:error] [pid 86142] [client 20.89.104.181:0] script '/domains/system_cancel/randkeyword.php' not found or unable to stat
[Fri Jan 23 00:31:58.736599 2026] [php:error] [pid 86150] [client 4.194.157.152:0] script '/domains/system_suspended/file.php' not found or unable to stat
[Fri Jan 23 00:31:58.798475 2026] [php:error] [pid 86148] [client 52.169.206.229:0] script '/domains/bfitpro2/zwso.php' not found or unable to stat
[Fri Jan 23 00:31:58.906693 2026] [php:error] [pid 86148] [client 52.169.206.229:0] script '/domains/bfitpro2/autoload_classmap.php' not found or unable to stat
[Fri Jan 23 00:31:58.979934 2026] [php:error] [pid 86148] [client 52.169.206.229:0] script '/domains/bfitpro2/bless.php' not found or unable to stat
[Fri Jan 23 00:31:59.053887 2026] [php:error] [pid 86148] [client 52.169.206.229:0] script '/domains/bfitpro2/X7x.php' not found or unable to stat
[Fri Jan 23 00:31:59.183958 2026] [php:error] [pid 86148] [client 52.169.206.229:0] script '/domains/bfitpro2/class20.php' not found or unable to stat
[Fri Jan 23 00:31:59.257136 2026] [php:error] [pid 86148] [client 52.169.206.229:0] script '/domains/bfitpro2/lock360.php' not found or unable to stat
[Fri Jan 23 00:31:59.563804 2026] [php:error] [pid 86152] [client 52.169.206.229:0] script '/domains/bfitpro2/themes.php' not found or unable to stat
[Fri Jan 23 00:31:59.658991 2026] [php:error] [pid 86152] [client 52.169.206.229:0] script '/domains/bfitpro2/gifclass4.php' not found or unable to stat
[Fri Jan 23 00:31:59.729478 2026] [php:error] [pid 86152] [client 52.169.206.229:0] script '/domains/bfitpro2/wag.php' not found or unable to stat
[Fri Jan 23 00:31:59.802945 2026] [php:error] [pid 86152] [client 52.169.206.229:0] script '/domains/bfitpro2/xvent.php' not found or unable to stat
[Fri Jan 23 00:31:59.875603 2026] [php:error] [pid 86152] [client 52.169.206.229:0] script '/domains/bfitpro2/wp-aaa.php' not found or unable to stat
[Fri Jan 23 00:31:59.970405 2026] [php:error] [pid 86152] [client 52.169.206.229:0] script '/domains/bfitpro2/ut.php' not found or unable to stat
[Fri Jan 23 00:32:00.042172 2026] [php:error] [pid 86152] [client 52.169.206.229:0] script '/domains/bfitpro2/class19.php' not found or unable to stat
[Fri Jan 23 00:32:00.115987 2026] [php:error] [pid 86150] [client 4.194.157.152:0] script '/domains/system_suspended/inputs.php' not found or unable to stat
[Fri Jan 23 00:32:00.130878 2026] [php:error] [pid 86152] [client 52.169.206.229:0] script '/domains/bfitpro2/ooo.php' not found or unable to stat
[Fri Jan 23 00:32:00.259203 2026] [php:error] [pid 86152] [client 52.169.206.229:0] script '/domains/bfitpro2/166.php' not found or unable to stat
[Fri Jan 23 00:32:00.330263 2026] [php:error] [pid 86152] [client 52.169.206.229:0] script '/domains/bfitpro2/bypass.php' not found or unable to stat
[Fri Jan 23 00:32:00.379287 2026] [php:error] [pid 86142] [client 20.89.104.181:0] script '/domains/system_cancel/c.php' not found or unable to stat
[Fri Jan 23 00:32:00.418567 2026] [php:error] [pid 86152] [client 52.169.206.229:0] script '/domains/bfitpro2/plss3.php' not found or unable to stat
[Fri Jan 23 00:32:00.490158 2026] [php:error] [pid 86152] [client 52.169.206.229:0] script '/domains/bfitpro2/atomlib.php' not found or unable to stat
[Fri Jan 23 00:32:00.565649 2026] [php:error] [pid 86152] [client 52.169.206.229:0] script '/domains/bfitpro2/we.php' not found or unable to stat
[Fri Jan 23 00:32:00.642321 2026] [php:error] [pid 86152] [client 52.169.206.229:0] script '/domains/bfitpro2/admin.php' not found or unable to stat
[Fri Jan 23 00:32:00.713724 2026] [php:error] [pid 86152] [client 52.169.206.229:0] script '/domains/bfitpro2/t.php' not found or unable to stat
[Fri Jan 23 00:32:00.784883 2026] [php:error] [pid 86152] [client 52.169.206.229:0] script '/domains/bfitpro2/bp.php' not found or unable to stat
[Fri Jan 23 00:32:00.811631 2026] [php:error] [pid 86150] [client 4.194.157.152:0] script '/domains/system_suspended/1.php' not found or unable to stat
[Fri Jan 23 00:32:00.925898 2026] [php:error] [pid 86152] [client 52.169.206.229:0] script '/domains/bfitpro2/geck.php' not found or unable to stat
[Fri Jan 23 00:32:00.999917 2026] [php:error] [pid 86152] [client 52.169.206.229:0] script '/domains/bfitpro2/wpc.php' not found or unable to stat
[Fri Jan 23 00:32:01.107333 2026] [php:error] [pid 86152] [client 52.169.206.229:0] script '/domains/bfitpro2/yellow.php' not found or unable to stat
[Fri Jan 23 00:32:01.149545 2026] [php:error] [pid 86142] [client 20.89.104.181:0] script '/domains/system_cancel/auth.php' not found or unable to stat
[Fri Jan 23 00:32:01.179639 2026] [php:error] [pid 86152] [client 52.169.206.229:0] script '/domains/bfitpro2/a.php' not found or unable to stat
[Fri Jan 23 00:32:01.267188 2026] [php:error] [pid 86152] [client 52.169.206.229:0] script '/domains/bfitpro2/admins.php' not found or unable to stat
[Fri Jan 23 00:32:01.339487 2026] [php:error] [pid 86142] [client 20.89.104.181:0] script '/domains/system_cancel/class-wp-lock.php' not found or unable to stat
[Fri Jan 23 00:32:01.449357 2026] [php:error] [pid 86152] [client 52.169.206.229:0] script '/domains/bfitpro2/wp-configs.php' not found or unable to stat
[Fri Jan 23 00:32:01.513047 2026] [php:error] [pid 86142] [client 20.89.104.181:0] script '/domains/system_cancel/cookie.php' not found or unable to stat
[Fri Jan 23 00:32:01.523903 2026] [php:error] [pid 86152] [client 52.169.206.229:0] script '/domains/bfitpro2/thai.php' not found or unable to stat
[Fri Jan 23 00:32:01.651813 2026] [php:error] [pid 86152] [client 52.169.206.229:0] script '/domains/bfitpro2/wp.php' not found or unable to stat
[Fri Jan 23 00:32:01.724498 2026] [php:error] [pid 86152] [client 52.169.206.229:0] script '/domains/bfitpro2/fclas.php' not found or unable to stat
[Fri Jan 23 00:32:01.795184 2026] [php:error] [pid 86152] [client 52.169.206.229:0] script '/domains/bfitpro2/main.php' not found or unable to stat
[Fri Jan 23 00:32:01.805713 2026] [php:error] [pid 86142] [client 20.89.104.181:0] script '/domains/system_cancel/admin.php' not found or unable to stat
[Fri Jan 23 00:32:01.875803 2026] [php:error] [pid 86152] [client 52.169.206.229:0] script '/domains/bfitpro2/a1.php' not found or unable to stat
[Fri Jan 23 00:32:01.991892 2026] [php:error] [pid 86152] [client 52.169.206.229:0] script '/domains/bfitpro2/class.1.php' not found or unable to stat
[Fri Jan 23 00:32:02.111844 2026] [php:error] [pid 86152] [client 52.169.206.229:0] script '/domains/bfitpro2/lala.php' not found or unable to stat
[Fri Jan 23 00:32:02.184725 2026] [php:error] [pid 86152] [client 52.169.206.229:0] script '/domains/bfitpro2/tox.php' not found or unable to stat
[Fri Jan 23 00:32:02.255712 2026] [php:error] [pid 86152] [client 52.169.206.229:0] script '/domains/bfitpro2/gg.php' not found or unable to stat
[Fri Jan 23 00:32:02.326238 2026] [php:error] [pid 86152] [client 52.169.206.229:0] script '/domains/bfitpro2/aaa.php' not found or unable to stat
[Fri Jan 23 00:32:02.476638 2026] [php:error] [pid 86152] [client 52.169.206.229:0] script '/domains/bfitpro2/a2.php' not found or unable to stat
[Fri Jan 23 00:32:02.548113 2026] [php:error] [pid 86142] [client 20.89.104.181:0] script '/domains/system_cancel/xleet.php' not found or unable to stat
[Fri Jan 23 00:32:02.748848 2026] [php:error] [pid 86152] [client 52.169.206.229:0] script '/domains/bfitpro2/ee.php' not found or unable to stat
[Fri Jan 23 00:32:02.819604 2026] [php:error] [pid 86152] [client 52.169.206.229:0] script '/domains/bfitpro2/alfanew.php' not found or unable to stat
[Fri Jan 23 00:32:02.888416 2026] [php:error] [pid 86142] [client 20.89.104.181:0] script '/domains/system_cancel/about.php' not found or unable to stat
[Fri Jan 23 00:32:03.185184 2026] [php:error] [pid 86152] [client 52.169.206.229:0] script '/domains/bfitpro2/elaina.php' not found or unable to stat
[Fri Jan 23 00:32:03.255598 2026] [php:error] [pid 86152] [client 52.169.206.229:0] script '/domains/bfitpro2/kr.php' not found or unable to stat
[Fri Jan 23 00:32:03.588493 2026] [php:error] [pid 86152] [client 52.169.206.229:0] script '/domains/bfitpro2/aaaa.php' not found or unable to stat
[Fri Jan 23 00:32:03.679825 2026] [php:error] [pid 86152] [client 52.169.206.229:0] script '/domains/bfitpro2/to.php' not found or unable to stat
[Fri Jan 23 00:32:03.781455 2026] [php:error] [pid 86152] [client 52.169.206.229:0] script '/domains/bfitpro2/class-admin.php' not found or unable to stat
[Fri Jan 23 00:32:03.861212 2026] [php:error] [pid 86152] [client 52.169.206.229:0] script '/domains/bfitpro2/nyan.php' not found or unable to stat
[Fri Jan 23 00:32:03.990951 2026] [php:error] [pid 86142] [client 20.89.104.181:0] script '/domains/system_cancel/alfanew.php' not found or unable to stat
[Fri Jan 23 00:32:05.194506 2026] [php:error] [pid 86150] [client 4.194.157.152:0] script '/domains/system_suspended/flower.php' not found or unable to stat
[Fri Jan 23 00:32:05.218289 2026] [php:error] [pid 86142] [client 20.89.104.181:0] script '/domains/system_cancel/admin.php' not found or unable to stat
[Fri Jan 23 00:32:05.388274 2026] [php:error] [pid 86142] [client 20.89.104.181:0] script '/domains/system_cancel/c99.php' not found or unable to stat
[Fri Jan 23 00:32:05.913421 2026] [php:error] [pid 86142] [client 20.89.104.181:0] script '/domains/system_cancel/classwithtostring.php' not found or unable to stat
[Fri Jan 23 00:32:06.086335 2026] [php:error] [pid 86142] [client 20.89.104.181:0] script '/domains/system_cancel/css.php' not found or unable to stat
[Fri Jan 23 00:32:07.042417 2026] [php:error] [pid 86142] [client 20.89.104.181:0] script '/domains/system_cancel/room.php' not found or unable to stat
[Fri Jan 23 00:32:07.970569 2026] [php:error] [pid 86142] [client 20.89.104.181:0] script '/domains/system_cancel/disagreed.php' not found or unable to stat
[Fri Jan 23 00:32:08.353827 2026] [php:error] [pid 86142] [client 20.89.104.181:0] script '/domains/system_cancel/text.php' not found or unable to stat
[Fri Jan 23 00:32:09.100952 2026] [php:error] [pid 86150] [client 4.194.157.152:0] script '/domains/system_suspended/ioxi-o.php' not found or unable to stat
[Fri Jan 23 00:32:09.329560 2026] [php:error] [pid 86150] [client 4.194.157.152:0] script '/domains/system_suspended/radio.php' not found or unable to stat
[Fri Jan 23 00:32:10.170616 2026] [php:error] [pid 86142] [client 20.89.104.181:0] script '/domains/system_cancel/alfa-rex.php' not found or unable to stat
[Fri Jan 23 00:32:10.731360 2026] [php:error] [pid 86150] [client 4.194.157.152:0] script '/domains/system_suspended/admin.php' not found or unable to stat
[Fri Jan 23 00:32:10.960758 2026] [php:error] [pid 86150] [client 4.194.157.152:0] script '/domains/system_suspended/functions.php' not found or unable to stat
[Fri Jan 23 00:32:11.308927 2026] [php:error] [pid 86142] [client 20.89.104.181:0] script '/domains/system_cancel/hehe.php' not found or unable to stat
[Fri Jan 23 00:32:12.779020 2026] [php:error] [pid 86139] [client 20.89.104.181:0] script '/domains/system_cancel/autoload_classmap.php' not found or unable to stat
[Fri Jan 23 00:32:13.296812 2026] [php:error] [pid 86139] [client 20.89.104.181:0] script '/domains/system_cancel/about.php' not found or unable to stat
[Fri Jan 23 00:32:13.495181 2026] [php:error] [pid 86139] [client 20.89.104.181:0] script '/domains/system_cancel/al.php' not found or unable to stat
[Fri Jan 23 00:32:14.752996 2026] [php:error] [pid 86139] [client 20.89.104.181:0] script '/domains/system_cancel/en.php' not found or unable to stat
[Fri Jan 23 00:32:14.943700 2026] [php:error] [pid 86139] [client 20.89.104.181:0] script '/domains/system_cancel/help.php' not found or unable to stat
[Fri Jan 23 00:32:15.707464 2026] [php:error] [pid 86139] [client 20.89.104.181:0] script '/domains/system_cancel/control.php' not found or unable to stat
[Fri Jan 23 00:32:16.278894 2026] [php:error] [pid 86139] [client 20.89.104.181:0] script '/domains/system_cancel/radio.php' not found or unable to stat
[Fri Jan 23 00:32:16.451414 2026] [php:error] [pid 86139] [client 20.89.104.181:0] script '/domains/system_cancel/dropdown.php' not found or unable to stat
[Fri Jan 23 00:32:17.570799 2026] [php:error] [pid 86139] [client 20.89.104.181:0] script '/domains/system_cancel/about.php' not found or unable to stat
[Fri Jan 23 00:32:17.774257 2026] [php:error] [pid 86139] [client 20.89.104.181:0] script '/domains/system_cancel/admin.php' not found or unable to stat
[Fri Jan 23 00:32:17.953878 2026] [php:error] [pid 86139] [client 20.89.104.181:0] script '/domains/system_cancel/as.php' not found or unable to stat
[Fri Jan 23 00:32:18.153450 2026] [php:error] [pid 86139] [client 20.89.104.181:0] script '/domains/system_cancel/autoload_classmap.php' not found or unable to stat
[Fri Jan 23 00:32:18.342432 2026] [php:error] [pid 86139] [client 20.89.104.181:0] script '/domains/system_cancel/classwithtostring.php' not found or unable to stat
[Fri Jan 23 00:32:18.522692 2026] [php:error] [pid 86139] [client 20.89.104.181:0] script '/domains/system_cancel/content.php' not found or unable to stat
[Fri Jan 23 00:32:18.705148 2026] [php:error] [pid 86139] [client 20.89.104.181:0] script '/domains/system_cancel/doc.php' not found or unable to stat
[Fri Jan 23 00:32:18.904039 2026] [php:error] [pid 86139] [client 20.89.104.181:0] script '/domains/system_cancel/dropdown.php' not found or unable to stat
[Fri Jan 23 00:32:19.104694 2026] [php:error] [pid 86139] [client 20.89.104.181:0] script '/domains/system_cancel/ee.php' not found or unable to stat
[Fri Jan 23 00:32:19.472052 2026] [php:error] [pid 86139] [client 20.89.104.181:0] script '/domains/system_cancel/moon.php' not found or unable to stat
[Fri Jan 23 00:32:19.650297 2026] [php:error] [pid 86139] [client 20.89.104.181:0] script '/domains/system_cancel/new.php' not found or unable to stat
[Fri Jan 23 00:32:19.851855 2026] [php:error] [pid 86139] [client 20.89.104.181:0] script '/domains/system_cancel/radio.php' not found or unable to stat
[Fri Jan 23 00:32:23.981022 2026] [php:error] [pid 86139] [client 20.89.104.181:0] script '/domains/system_cancel/xmlrpc.php' not found or unable to stat
[Fri Jan 23 00:32:24.152865 2026] [php:error] [pid 86139] [client 20.89.104.181:0] script '/domains/system_cancel/ab.php' not found or unable to stat
[Fri Jan 23 00:32:24.341115 2026] [php:error] [pid 86139] [client 20.89.104.181:0] script '/domains/system_cancel/classwithtostring.php' not found or unable to stat
[Fri Jan 23 00:32:24.709256 2026] [php:error] [pid 86139] [client 20.89.104.181:0] script '/domains/system_cancel/xxx.php' not found or unable to stat
[Fri Jan 23 00:32:25.461326 2026] [php:error] [pid 86139] [client 20.89.104.181:0] script '/domains/system_cancel/themes.php' not found or unable to stat
[Fri Jan 23 00:32:27.172480 2026] [php:error] [pid 86139] [client 20.89.104.181:0] script '/domains/system_cancel/xl2023.php.php' not found or unable to stat
[Fri Jan 23 00:32:28.376381 2026] [php:error] [pid 86139] [client 20.89.104.181:0] script '/domains/system_cancel/about.php' not found or unable to stat
[Fri Jan 23 00:32:28.717798 2026] [php:error] [pid 86139] [client 20.89.104.181:0] script '/domains/system_cancel/cong.php' not found or unable to stat
[Fri Jan 23 00:32:28.888548 2026] [php:error] [pid 86139] [client 20.89.104.181:0] script '/domains/system_cancel/credits.php' not found or unable to stat
[Fri Jan 23 00:32:29.058395 2026] [php:error] [pid 86139] [client 20.89.104.181:0] script '/domains/system_cancel/credits.php' not found or unable to stat
[Fri Jan 23 00:32:29.228075 2026] [php:error] [pid 86139] [client 20.89.104.181:0] script '/domains/system_cancel/data.php' not found or unable to stat
[Fri Jan 23 00:32:29.971066 2026] [php:error] [pid 86139] [client 20.89.104.181:0] script '/domains/system_cancel/hehehehe.php' not found or unable to stat
[Fri Jan 23 00:32:30.482927 2026] [php:error] [pid 86139] [client 20.89.104.181:0] script '/domains/system_cancel/install.php' not found or unable to stat
[Fri Jan 23 00:32:30.819041 2026] [php:error] [pid 86154] [client 20.214.146.246:0] script '/domains/nmksgroupweb/wp-2019.php' not found or unable to stat
[Fri Jan 23 00:32:31.012045 2026] [php:error] [pid 86154] [client 20.214.146.246:0] script '/domains/nmksgroupweb/403.php' not found or unable to stat
[Fri Jan 23 00:32:31.220076 2026] [php:error] [pid 86154] [client 20.214.146.246:0] script '/domains/nmksgroupweb/aaa.php' not found or unable to stat
[Fri Jan 23 00:32:31.991453 2026] [php:error] [pid 86154] [client 20.214.146.246:0] script '/domains/nmksgroupweb/y.php' not found or unable to stat
[Fri Jan 23 00:32:32.376521 2026] [php:error] [pid 86154] [client 20.214.146.246:0] script '/domains/nmksgroupweb/ggfi.php' not found or unable to stat
[Fri Jan 23 00:32:32.943796 2026] [php:error] [pid 86154] [client 20.214.146.246:0] script '/domains/nmksgroupweb/buy.php' not found or unable to stat
[Fri Jan 23 00:32:33.134815 2026] [php:error] [pid 86154] [client 20.214.146.246:0] script '/domains/nmksgroupweb/chosen.php' not found or unable to stat
[Fri Jan 23 00:32:33.323812 2026] [php:error] [pid 86154] [client 20.214.146.246:0] script '/domains/nmksgroupweb/index.php' not found or unable to stat
[Fri Jan 23 00:32:33.513721 2026] [php:error] [pid 86154] [client 20.214.146.246:0] script '/domains/nmksgroupweb/cron.php' not found or unable to stat
[Fri Jan 23 00:32:33.707673 2026] [php:error] [pid 86154] [client 20.214.146.246:0] script '/domains/nmksgroupweb/functions.php' not found or unable to stat
[Fri Jan 23 00:32:34.483761 2026] [php:error] [pid 86154] [client 20.214.146.246:0] script '/domains/nmksgroupweb/wp-add.php' not found or unable to stat
[Fri Jan 23 00:32:34.762553 2026] [php:error] [pid 86154] [client 20.214.146.246:0] script '/domains/nmksgroupweb/0.php' not found or unable to stat
[Fri Jan 23 00:32:34.955881 2026] [php:error] [pid 86154] [client 20.214.146.246:0] script '/domains/nmksgroupweb/edit.php' not found or unable to stat
[Fri Jan 23 00:32:35.152928 2026] [php:error] [pid 86154] [client 20.214.146.246:0] script '/domains/nmksgroupweb/meta.php' not found or unable to stat
[Fri Jan 23 00:32:35.378396 2026] [php:error] [pid 86154] [client 20.214.146.246:0] script '/domains/nmksgroupweb/new.php' not found or unable to stat
[Fri Jan 23 00:32:35.781402 2026] [php:error] [pid 86154] [client 20.214.146.246:0] script '/domains/nmksgroupweb/as.php' not found or unable to stat
[Fri Jan 23 00:32:35.972029 2026] [php:error] [pid 86154] [client 20.214.146.246:0] script '/domains/nmksgroupweb/ds.php' not found or unable to stat
[Fri Jan 23 00:32:36.164027 2026] [php:error] [pid 86154] [client 20.214.146.246:0] script '/domains/nmksgroupweb/error.php' not found or unable to stat
[Fri Jan 23 00:32:36.352956 2026] [php:error] [pid 86154] [client 20.214.146.246:0] script '/domains/nmksgroupweb/gecko-new.php' not found or unable to stat
[Fri Jan 23 00:32:36.542301 2026] [php:error] [pid 86154] [client 20.214.146.246:0] script '/domains/nmksgroupweb/randkeyword.php' not found or unable to stat
[Fri Jan 23 00:32:37.197418 2026] [php:error] [pid 86154] [client 20.214.146.246:0] script '/domains/nmksgroupweb/NewFile.php' not found or unable to stat
[Fri Jan 23 00:32:37.397224 2026] [php:error] [pid 86154] [client 20.214.146.246:0] script '/domains/nmksgroupweb/goods.php' not found or unable to stat
[Fri Jan 23 00:32:37.589065 2026] [php:error] [pid 86154] [client 20.214.146.246:0] script '/domains/nmksgroupweb/simple.php' not found or unable to stat
[Fri Jan 23 00:32:38.348885 2026] [php:error] [pid 86154] [client 20.214.146.246:0] script '/domains/nmksgroupweb/c.php' not found or unable to stat
[Fri Jan 23 00:32:38.931605 2026] [php:error] [pid 86154] [client 20.214.146.246:0] script '/domains/nmksgroupweb/auth.php' not found or unable to stat
[Fri Jan 23 00:32:39.123186 2026] [php:error] [pid 86154] [client 20.214.146.246:0] script '/domains/nmksgroupweb/class-wp-lock.php' not found or unable to stat
[Fri Jan 23 00:32:39.311984 2026] [php:error] [pid 86154] [client 20.214.146.246:0] script '/domains/nmksgroupweb/cookie.php' not found or unable to stat
[Fri Jan 23 00:32:39.501209 2026] [php:error] [pid 86154] [client 20.214.146.246:0] script '/domains/nmksgroupweb/admin.php' not found or unable to stat
[Fri Jan 23 00:32:39.689307 2026] [php:error] [pid 86154] [client 20.214.146.246:0] script '/domains/nmksgroupweb/baxa1.php' not found or unable to stat
[Fri Jan 23 00:32:40.268301 2026] [php:error] [pid 86154] [client 20.214.146.246:0] script '/domains/nmksgroupweb/xleet.php' not found or unable to stat
[Fri Jan 23 00:32:40.648700 2026] [php:error] [pid 86154] [client 20.214.146.246:0] script '/domains/nmksgroupweb/about.php' not found or unable to stat
[Fri Jan 23 00:32:41.782223 2026] [php:error] [pid 86154] [client 20.214.146.246:0] script '/domains/nmksgroupweb/alfanew.php' not found or unable to stat
[Fri Jan 23 00:32:42.157678 2026] [php:error] [pid 86154] [client 20.214.146.246:0] script '/domains/nmksgroupweb/22.php' not found or unable to stat
[Fri Jan 23 00:32:42.722779 2026] [php:error] [pid 86154] [client 20.214.146.246:0] script '/domains/nmksgroupweb/simple.php' not found or unable to stat
[Fri Jan 23 00:32:43.100194 2026] [php:error] [pid 86154] [client 20.214.146.246:0] script '/domains/nmksgroupweb/admin.php' not found or unable to stat
[Fri Jan 23 00:32:43.287841 2026] [php:error] [pid 86154] [client 20.214.146.246:0] script '/domains/nmksgroupweb/c99.php' not found or unable to stat
[Fri Jan 23 00:32:43.475922 2026] [php:error] [pid 86154] [client 20.214.146.246:0] script '/domains/nmksgroupweb/file.php' not found or unable to stat
[Fri Jan 23 00:32:43.670535 2026] [php:error] [pid 86154] [client 20.214.146.246:0] script '/domains/nmksgroupweb/b.php' not found or unable to stat
[Fri Jan 23 00:32:43.858430 2026] [php:error] [pid 86154] [client 20.214.146.246:0] script '/domains/nmksgroupweb/classwithtostring.php' not found or unable to stat
[Fri Jan 23 00:32:44.046136 2026] [php:error] [pid 86154] [client 20.214.146.246:0] script '/domains/nmksgroupweb/css.php' not found or unable to stat
[Fri Jan 23 00:32:44.234015 2026] [php:error] [pid 86154] [client 20.214.146.246:0] script '/domains/nmksgroupweb/flower.php' not found or unable to stat
[Fri Jan 23 00:32:44.440635 2026] [php:error] [pid 86137] [client 20.89.104.181:0] script '/domains/testregisgroup/wp-good.php' not found or unable to stat
[Fri Jan 23 00:32:44.861977 2026] [php:error] [pid 86154] [client 20.214.146.246:0] script '/domains/nmksgroupweb/jp.php' not found or unable to stat
[Fri Jan 23 00:32:45.056326 2026] [php:error] [pid 86154] [client 20.214.146.246:0] script '/domains/nmksgroupweb/room.php' not found or unable to stat
[Fri Jan 23 00:32:45.063424 2026] [php:error] [pid 86137] [client 20.89.104.181:0] script '/domains/testregisgroup/ioxi-o.php' not found or unable to stat
[Fri Jan 23 00:32:45.634186 2026] [php:error] [pid 86154] [client 20.214.146.246:0] script '/domains/nmksgroupweb/12.php' not found or unable to stat
[Fri Jan 23 00:32:45.683420 2026] [php:error] [pid 86137] [client 20.89.104.181:0] script '/domains/testregisgroup/file.php' not found or unable to stat
[Fri Jan 23 00:32:45.824550 2026] [php:error] [pid 86154] [client 20.214.146.246:0] script '/domains/nmksgroupweb/404.php' not found or unable to stat
[Fri Jan 23 00:32:46.013001 2026] [php:error] [pid 86154] [client 20.214.146.246:0] script '/domains/nmksgroupweb/disagreed.php' not found or unable to stat
[Fri Jan 23 00:32:46.182917 2026] [php:error] [pid 86137] [client 20.89.104.181:0] script '/domains/testregisgroup/wp-signin.php' not found or unable to stat
[Fri Jan 23 00:32:46.397799 2026] [php:error] [pid 86154] [client 20.214.146.246:0] script '/domains/nmksgroupweb/text.php' not found or unable to stat
[Fri Jan 23 00:32:46.874282 2026] [php:error] [pid 86137] [client 20.89.104.181:0] script '/domains/testregisgroup/abcd.php' not found or unable to stat
[Fri Jan 23 00:32:47.252553 2026] [php:error] [pid 86137] [client 20.89.104.181:0] script '/domains/testregisgroup/about.php' not found or unable to stat
[Fri Jan 23 00:32:47.433826 2026] [php:error] [pid 86137] [client 20.89.104.181:0] script '/domains/testregisgroup/bless.php' not found or unable to stat
[Fri Jan 23 00:32:47.606652 2026] [php:error] [pid 86137] [client 20.89.104.181:0] script '/domains/testregisgroup/images/install.php' not found or unable to stat
[Fri Jan 23 00:32:47.782998 2026] [php:error] [pid 86137] [client 20.89.104.181:0] script '/domains/testregisgroup/num.php' not found or unable to stat
[Fri Jan 23 00:32:47.914546 2026] [php:error] [pid 86154] [client 20.214.146.246:0] script '/domains/nmksgroupweb/GOD.php' not found or unable to stat
[Fri Jan 23 00:32:47.953165 2026] [php:error] [pid 86137] [client 20.89.104.181:0] script '/domains/testregisgroup/txets.php' not found or unable to stat
[Fri Jan 23 00:32:48.290920 2026] [php:error] [pid 86154] [client 20.214.146.246:0] script '/domains/nmksgroupweb/alfa-rex.php' not found or unable to stat
[Fri Jan 23 00:32:48.435786 2026] [php:error] [pid 86137] [client 20.89.104.181:0] script '/domains/testregisgroup/wp-blog.php' not found or unable to stat
[Fri Jan 23 00:32:48.478668 2026] [php:error] [pid 86154] [client 20.214.146.246:0] script '/domains/nmksgroupweb/f35.php' not found or unable to stat
[Fri Jan 23 00:32:48.668677 2026] [php:error] [pid 86154] [client 20.214.146.246:0] script '/domains/nmksgroupweb/feeds.php' not found or unable to stat
[Fri Jan 23 00:32:49.044517 2026] [php:error] [pid 86154] [client 20.214.146.246:0] script '/domains/nmksgroupweb/favicon.php' not found or unable to stat
[Fri Jan 23 00:32:49.421441 2026] [php:error] [pid 86154] [client 20.214.146.246:0] script '/domains/nmksgroupweb/hehe.php' not found or unable to stat
[Fri Jan 23 00:32:49.915892 2026] [php:error] [pid 86137] [client 20.89.104.181:0] script '/domains/testregisgroup/wp.php' not found or unable to stat
[Fri Jan 23 00:32:50.288432 2026] [php:error] [pid 86137] [client 20.89.104.181:0] script '/domains/testregisgroup/admin.php' not found or unable to stat
[Fri Jan 23 00:32:50.752648 2026] [php:error] [pid 86158] [client 20.214.146.246:0] script '/domains/nmksgroupweb/user.php' not found or unable to stat
[Fri Jan 23 00:32:50.832453 2026] [php:error] [pid 86137] [client 20.89.104.181:0] script '/domains/testregisgroup/adminfuns.php' not found or unable to stat
[Fri Jan 23 00:32:50.941343 2026] [php:error] [pid 86158] [client 20.214.146.246:0] script '/domains/nmksgroupweb/autoload_classmap.php' not found or unable to stat
[Fri Jan 23 00:32:51.143607 2026] [php:error] [pid 86158] [client 20.214.146.246:0] script '/domains/nmksgroupweb/files.php' not found or unable to stat
[Fri Jan 23 00:32:51.247484 2026] [php:error] [pid 86137] [client 20.89.104.181:0] script '/domains/testregisgroup/chosen.php' not found or unable to stat
[Fri Jan 23 00:32:51.492747 2026] [php:error] [pid 86137] [client 20.89.104.181:0] script '/domains/testregisgroup/classwithtostring.php' not found or unable to stat
[Fri Jan 23 00:32:51.519214 2026] [php:error] [pid 86158] [client 20.214.146.246:0] script '/domains/nmksgroupweb/about.php' not found or unable to stat
[Fri Jan 23 00:32:51.708851 2026] [php:error] [pid 86158] [client 20.214.146.246:0] script '/domains/nmksgroupweb/al.php' not found or unable to stat
[Fri Jan 23 00:32:51.756577 2026] [php:error] [pid 86137] [client 20.89.104.181:0] script '/domains/testregisgroup/edit.php' not found or unable to stat
[Fri Jan 23 00:32:51.897199 2026] [php:error] [pid 86158] [client 20.214.146.246:0] script '/domains/nmksgroupweb/byp.php' not found or unable to stat
[Fri Jan 23 00:32:51.926035 2026] [php:error] [pid 86137] [client 20.89.104.181:0] script '/domains/testregisgroup/goods.php' not found or unable to stat
[Fri Jan 23 00:32:52.094225 2026] [php:error] [pid 86137] [client 20.89.104.181:0] script '/domains/testregisgroup/k.php' not found or unable to stat
[Fri Jan 23 00:32:52.288755 2026] [php:error] [pid 86158] [client 20.214.146.246:0] script '/domains/nmksgroupweb/wander.php' not found or unable to stat
[Fri Jan 23 00:32:53.045097 2026] [php:error] [pid 86158] [client 20.214.146.246:0] script '/domains/nmksgroupweb/en.php' not found or unable to stat
[Fri Jan 23 00:32:53.232865 2026] [php:error] [pid 86158] [client 20.214.146.246:0] script '/domains/nmksgroupweb/help.php' not found or unable to stat
[Fri Jan 23 00:32:53.720322 2026] [php:error] [pid 86137] [client 20.89.104.181:0] script '/domains/testregisgroup/wp-user.php' not found or unable to stat
[Fri Jan 23 00:32:53.903433 2026] [php:error] [pid 86137] [client 20.89.104.181:0] script '/domains/testregisgroup/404.php' not found or unable to stat
[Fri Jan 23 00:32:53.986245 2026] [php:error] [pid 86158] [client 20.214.146.246:0] script '/domains/nmksgroupweb/control.php' not found or unable to stat
[Fri Jan 23 00:32:54.075563 2026] [php:error] [pid 86137] [client 20.89.104.181:0] script '/domains/testregisgroup/akcc.php' not found or unable to stat
[Fri Jan 23 00:32:54.258272 2026] [php:error] [pid 86137] [client 20.89.104.181:0] script '/domains/testregisgroup/gg.php' not found or unable to stat
[Fri Jan 23 00:32:54.438574 2026] [php:error] [pid 86137] [client 20.89.104.181:0] script '/domains/testregisgroup/mah.php' not found or unable to stat
[Fri Jan 23 00:32:54.553708 2026] [php:error] [pid 86158] [client 20.214.146.246:0] script '/domains/nmksgroupweb/radio.php' not found or unable to stat
[Fri Jan 23 00:32:54.610955 2026] [php:error] [pid 86137] [client 20.89.104.181:0] script '/domains/testregisgroup/new.php' not found or unable to stat
[Fri Jan 23 00:32:54.742037 2026] [php:error] [pid 86158] [client 20.214.146.246:0] script '/domains/nmksgroupweb/dropdown.php' not found or unable to stat
[Fri Jan 23 00:32:54.776922 2026] [php:error] [pid 86137] [client 20.89.104.181:0] script '/domains/testregisgroup/themes.php' not found or unable to stat
[Fri Jan 23 00:32:55.309783 2026] [php:error] [pid 86158] [client 20.214.146.246:0] script '/domains/nmksgroupweb/wp-2019.php' not found or unable to stat
[Fri Jan 23 00:32:55.688475 2026] [php:error] [pid 86158] [client 20.214.146.246:0] script '/domains/nmksgroupweb/403.php' not found or unable to stat
[Fri Jan 23 00:32:55.883311 2026] [php:error] [pid 86158] [client 20.214.146.246:0] script '/domains/nmksgroupweb/about.php' not found or unable to stat
[Fri Jan 23 00:32:56.070812 2026] [php:error] [pid 86158] [client 20.214.146.246:0] script '/domains/nmksgroupweb/admin.php' not found or unable to stat
[Fri Jan 23 00:32:56.258157 2026] [php:error] [pid 86158] [client 20.214.146.246:0] script '/domains/nmksgroupweb/as.php' not found or unable to stat
[Fri Jan 23 00:32:56.445739 2026] [php:error] [pid 86158] [client 20.214.146.246:0] script '/domains/nmksgroupweb/autoload_classmap.php' not found or unable to stat
[Fri Jan 23 00:32:56.633262 2026] [php:error] [pid 86158] [client 20.214.146.246:0] script '/domains/nmksgroupweb/classwithtostring.php' not found or unable to stat
[Fri Jan 23 00:32:56.822515 2026] [php:error] [pid 86158] [client 20.214.146.246:0] script '/domains/nmksgroupweb/content.php' not found or unable to stat
[Fri Jan 23 00:32:57.013184 2026] [php:error] [pid 86158] [client 20.214.146.246:0] script '/domains/nmksgroupweb/doc.php' not found or unable to stat
[Fri Jan 23 00:32:57.201885 2026] [php:error] [pid 86158] [client 20.214.146.246:0] script '/domains/nmksgroupweb/dropdown.php' not found or unable to stat
[Fri Jan 23 00:32:57.391524 2026] [php:error] [pid 86158] [client 20.214.146.246:0] script '/domains/nmksgroupweb/ee.php' not found or unable to stat
[Fri Jan 23 00:32:57.768364 2026] [php:error] [pid 86158] [client 20.214.146.246:0] script '/domains/nmksgroupweb/moon.php' not found or unable to stat
[Fri Jan 23 00:32:57.955873 2026] [php:error] [pid 86158] [client 20.214.146.246:0] script '/domains/nmksgroupweb/new.php' not found or unable to stat
[Fri Jan 23 00:32:58.146607 2026] [php:error] [pid 86158] [client 20.214.146.246:0] script '/domains/nmksgroupweb/radio.php' not found or unable to stat
[Fri Jan 23 00:32:58.357934 2026] [php:error] [pid 86158] [client 20.214.146.246:0] script '/domains/nmksgroupweb/s.php' not found or unable to stat
[Fri Jan 23 00:32:58.379098 2026] [core:crit] [pid 86154] (13)Permission denied: [client 114.119.152.33:0] AH00529: /domains/performancepartsinc/graphics/psd/.htaccess pcfg_openfile: unable to check htaccess file, ensure it is readable and that '/domains/performancepartsinc/graphics/psd/' is executable, referer: http://www.performancepartsinc.com/graphics/psd/q.php?%2Ffort-worth-women-seeking-men-personal%2F
[Fri Jan 23 00:32:58.545935 2026] [php:error] [pid 86158] [client 20.214.146.246:0] script '/domains/nmksgroupweb/sim.php' not found or unable to stat
[Fri Jan 23 00:32:58.741452 2026] [php:error] [pid 86158] [client 20.214.146.246:0] script '/domains/nmksgroupweb/simple.php' not found or unable to stat
[Fri Jan 23 00:32:59.120582 2026] [php:error] [pid 86158] [client 20.214.146.246:0] script '/domains/nmksgroupweb/user.php' not found or unable to stat
[Fri Jan 23 00:32:59.309568 2026] [php:error] [pid 86158] [client 20.214.146.246:0] script '/domains/nmksgroupweb/webadmin.php' not found or unable to stat
[Fri Jan 23 00:33:00.693048 2026] [php:error] [pid 86158] [client 20.214.146.246:0] script '/domains/nmksgroupweb/wp-config-sample.php' not found or unable to stat
[Fri Jan 23 00:33:00.893392 2026] [php:error] [pid 86158] [client 20.214.146.246:0] script '/domains/nmksgroupweb/wp-configs.php' not found or unable to stat
[Fri Jan 23 00:33:01.118729 2026] [php:error] [pid 86158] [client 20.214.146.246:0] script '/domains/nmksgroupweb/wp-conflg.php' not found or unable to stat
[Fri Jan 23 00:33:02.560713 2026] [php:error] [pid 86158] [client 20.214.146.246:0] script '/domains/nmksgroupweb/wp-mail.php' not found or unable to stat
[Fri Jan 23 00:33:02.749112 2026] [php:error] [pid 86158] [client 20.214.146.246:0] script '/domains/nmksgroupweb/wsa.php' not found or unable to stat
[Fri Jan 23 00:33:02.937991 2026] [php:error] [pid 86158] [client 20.214.146.246:0] script '/domains/nmksgroupweb/xmlrpc.php' not found or unable to stat
[Fri Jan 23 00:33:03.126834 2026] [php:error] [pid 86158] [client 20.214.146.246:0] script '/domains/nmksgroupweb/ab.php' not found or unable to stat
[Fri Jan 23 00:33:03.314312 2026] [php:error] [pid 86158] [client 20.214.146.246:0] script '/domains/nmksgroupweb/classwithtostring.php' not found or unable to stat
[Fri Jan 23 00:33:03.582732 2026] [php:error] [pid 86158] [client 20.214.146.246:0] script '/domains/nmksgroupweb/version.php' not found or unable to stat
[Fri Jan 23 00:33:03.775284 2026] [php:error] [pid 86158] [client 20.214.146.246:0] script '/domains/nmksgroupweb/xxx.php' not found or unable to stat
[Fri Jan 23 00:33:04.432329 2026] [php:error] [pid 86158] [client 20.214.146.246:0] script '/domains/nmksgroupweb/1.php' not found or unable to stat
[Fri Jan 23 00:33:04.620496 2026] [php:error] [pid 86158] [client 20.214.146.246:0] script '/domains/nmksgroupweb/themes.php' not found or unable to stat
[Fri Jan 23 00:33:05.409567 2026] [php:error] [pid 86158] [client 20.214.146.246:0] script '/domains/nmksgroupweb/b0.php' not found or unable to stat
[Fri Jan 23 00:33:05.669914 2026] [php:error] [pid 86158] [client 20.214.146.246:0] script '/domains/nmksgroupweb/bala.php' not found or unable to stat
[Fri Jan 23 00:33:06.457923 2026] [php:error] [pid 86158] [client 20.214.146.246:0] script '/domains/nmksgroupweb/xl2023.php.php' not found or unable to stat
[Fri Jan 23 00:33:07.460893 2026] [php:error] [pid 86158] [client 20.214.146.246:0] script '/domains/nmksgroupweb/120f9.php' not found or unable to stat
[Fri Jan 23 00:33:07.650731 2026] [php:error] [pid 86158] [client 20.214.146.246:0] script '/domains/nmksgroupweb/504.php' not found or unable to stat
[Fri Jan 23 00:33:07.839790 2026] [php:error] [pid 86158] [client 20.214.146.246:0] script '/domains/nmksgroupweb/about.php' not found or unable to stat
