[Fri Jan 23 03:04:23.878256 2026] [php:error] [pid 16367] [client 4.194.217.214:0] script '/domains/system_default/d12.php' not found or unable to stat
[Fri Jan 23 03:04:24.102017 2026] [php:error] [pid 16367] [client 4.194.217.214:0] script '/domains/system_default/s.php' not found or unable to stat
[Fri Jan 23 03:04:24.504505 2026] [php:error] [pid 16367] [client 4.194.217.214:0] script '/domains/system_default/error_log.php' not found or unable to stat
[Fri Jan 23 03:04:24.963184 2026] [php:error] [pid 16367] [client 4.194.217.214:0] script '/domains/system_default/dox.php' not found or unable to stat
[Fri Jan 23 03:04:25.504103 2026] [php:error] [pid 16367] [client 4.194.217.214:0] script '/domains/system_default/ahax.php' not found or unable to stat
[Fri Jan 23 03:04:25.743626 2026] [php:error] [pid 16367] [client 4.194.217.214:0] script '/domains/system_default/lock360.php' not found or unable to stat
[Fri Jan 23 03:04:25.987775 2026] [php:error] [pid 16367] [client 4.194.217.214:0] script '/domains/system_default/6kUgr4yGzxN.php' not found or unable to stat
[Fri Jan 23 03:04:26.318174 2026] [php:error] [pid 16367] [client 4.194.217.214:0] script '/domains/system_default/wp.php' not found or unable to stat
[Fri Jan 23 03:04:26.606731 2026] [php:error] [pid 16367] [client 4.194.217.214:0] script '/domains/system_default/test1.php' not found or unable to stat
[Fri Jan 23 03:04:26.926791 2026] [php:error] [pid 16367] [client 4.194.217.214:0] script '/domains/system_default/clss.php' not found or unable to stat
[Fri Jan 23 03:04:27.176766 2026] [php:error] [pid 16367] [client 4.194.217.214:0] script '/domains/system_default/44.php' not found or unable to stat
[Fri Jan 23 03:04:27.644245 2026] [php:error] [pid 16367] [client 4.194.217.214:0] script '/domains/system_default/ii5file.php' not found or unable to stat
[Fri Jan 23 03:04:27.867524 2026] [php:error] [pid 16367] [client 4.194.217.214:0] script '/domains/system_default/ss.php' not found or unable to stat
[Fri Jan 23 03:04:28.089050 2026] [php:error] [pid 16367] [client 4.194.217.214:0] script '/domains/system_default/re.php' not found or unable to stat
[Fri Jan 23 03:04:28.441755 2026] [php:error] [pid 16367] [client 4.194.217.214:0] script '/domains/system_default/xsas.php' not found or unable to stat
[Fri Jan 23 03:04:28.768269 2026] [php:error] [pid 16367] [client 4.194.217.214:0] script '/domains/system_default/asus.php' not found or unable to stat
[Fri Jan 23 03:04:29.013521 2026] [php:error] [pid 16367] [client 4.194.217.214:0] script '/domains/system_default/wp-good.php' not found or unable to stat
[Fri Jan 23 03:04:29.238917 2026] [php:error] [pid 16367] [client 4.194.217.214:0] script '/domains/system_default/0x.php' not found or unable to stat
[Fri Jan 23 03:04:29.462000 2026] [php:error] [pid 16367] [client 4.194.217.214:0] script '/domains/system_default/domains.php' not found or unable to stat
[Fri Jan 23 03:04:29.700640 2026] [php:error] [pid 16367] [client 4.194.217.214:0] script '/domains/system_default/wp-goods.php' not found or unable to stat
[Fri Jan 23 03:04:29.943117 2026] [php:error] [pid 16367] [client 4.194.217.214:0] script '/domains/system_default/144.php' not found or unable to stat
[Fri Jan 23 03:04:30.164671 2026] [php:error] [pid 16367] [client 4.194.217.214:0] script '/domains/system_default/akcc.php' not found or unable to stat
[Fri Jan 23 03:04:30.387411 2026] [php:error] [pid 16367] [client 4.194.217.214:0] script '/domains/system_default/vanda.php' not found or unable to stat
[Fri Jan 23 03:04:30.713436 2026] [php:error] [pid 16367] [client 4.194.217.214:0] script '/domains/system_default/lib.php' not found or unable to stat
[Fri Jan 23 03:04:31.161095 2026] [php:error] [pid 16367] [client 4.194.217.214:0] script '/domains/system_default/zc-104.php' not found or unable to stat
[Fri Jan 23 03:04:31.387025 2026] [php:error] [pid 16367] [client 4.194.217.214:0] script '/domains/system_default/zc-729.php' not found or unable to stat
[Fri Jan 23 03:04:31.608415 2026] [php:error] [pid 16367] [client 4.194.217.214:0] script '/domains/system_default/bo.php' not found or unable to stat
[Fri Jan 23 03:04:31.844183 2026] [php:error] [pid 16367] [client 4.194.217.214:0] script '/domains/system_default/x.php' not found or unable to stat
[Fri Jan 23 03:04:32.066455 2026] [php:error] [pid 16367] [client 4.194.217.214:0] script '/domains/system_default/adminfuns.php' not found or unable to stat
[Fri Jan 23 03:04:32.287500 2026] [php:error] [pid 16367] [client 4.194.217.214:0] script '/domains/system_default/56c53.php' not found or unable to stat
[Fri Jan 23 03:04:32.700931 2026] [php:error] [pid 16367] [client 4.194.217.214:0] script '/domains/system_default/FII.php' not found or unable to stat
[Fri Jan 23 03:04:32.989009 2026] [php:error] [pid 16367] [client 4.194.217.214:0] script '/domains/system_default/wp-ac.php' not found or unable to stat
[Fri Jan 23 03:04:33.215244 2026] [php:error] [pid 16367] [client 4.194.217.214:0] script '/domains/system_default/atex1.php' not found or unable to stat
[Fri Jan 23 03:04:33.436049 2026] [php:error] [pid 16367] [client 4.194.217.214:0] script '/domains/system_default/blox.php' not found or unable to stat
[Fri Jan 23 03:04:33.663782 2026] [php:error] [pid 16367] [client 4.194.217.214:0] script '/domains/system_default/wp-64wscx6shd.php' not found or unable to stat
[Fri Jan 23 03:04:33.888748 2026] [php:error] [pid 16367] [client 4.194.217.214:0] script '/domains/system_default/gecko.php' not found or unable to stat
[Fri Jan 23 03:04:34.122480 2026] [php:error] [pid 16367] [client 4.194.217.214:0] script '/domains/system_default/sxx.php' not found or unable to stat
[Fri Jan 23 03:04:34.343972 2026] [php:error] [pid 16367] [client 4.194.217.214:0] script '/domains/system_default/mode.php' not found or unable to stat
[Fri Jan 23 03:04:34.564912 2026] [php:error] [pid 16367] [client 4.194.217.214:0] script '/domains/system_default/z60.php' not found or unable to stat
[Fri Jan 23 03:04:34.796108 2026] [php:error] [pid 16367] [client 4.194.217.214:0] script '/domains/system_default/hehe.php' not found or unable to stat
[Fri Jan 23 03:04:35.039374 2026] [php:error] [pid 16367] [client 4.194.217.214:0] script '/domains/system_default/asd.php' not found or unable to stat
[Fri Jan 23 03:04:35.262452 2026] [php:error] [pid 16367] [client 4.194.217.214:0] script '/domains/system_default/5b9ac.php' not found or unable to stat
[Fri Jan 23 03:04:35.822516 2026] [php:error] [pid 16367] [client 4.194.217.214:0] script '/domains/system_default/k.php' not found or unable to stat
[Fri Jan 23 03:04:36.048221 2026] [php:error] [pid 16367] [client 4.194.217.214:0] script '/domains/system_default/edit.php' not found or unable to stat
[Fri Jan 23 03:04:36.290563 2026] [php:error] [pid 16367] [client 4.194.217.214:0] script '/domains/system_default/t.php' not found or unable to stat
[Fri Jan 23 03:04:36.531896 2026] [php:error] [pid 16367] [client 4.194.217.214:0] script '/domains/system_default/lm15.php' not found or unable to stat
[Fri Jan 23 03:04:36.775327 2026] [php:error] [pid 16367] [client 4.194.217.214:0] script '/domains/system_default/6kDPjgFTmvS.php' not found or unable to stat
[Fri Jan 23 03:04:36.996859 2026] [php:error] [pid 16367] [client 4.194.217.214:0] script '/domains/system_default/222.php' not found or unable to stat
[Fri Jan 23 03:04:37.221407 2026] [php:error] [pid 16367] [client 4.194.217.214:0] script '/domains/system_default/admin836.php' not found or unable to stat
[Fri Jan 23 03:04:37.442610 2026] [php:error] [pid 16367] [client 4.194.217.214:0] script '/domains/system_default/sx.php' not found or unable to stat
[Fri Jan 23 03:04:37.667707 2026] [php:error] [pid 16367] [client 4.194.217.214:0] script '/domains/system_default/lufix.php' not found or unable to stat
[Fri Jan 23 03:04:43.997805 2026] [php:error] [pid 16375] [client 20.219.130.224:0] script '/domains/system_default/2.php' not found or unable to stat
[Fri Jan 23 03:04:45.727423 2026] [php:error] [pid 16375] [client 20.219.130.224:0] script '/domains/system_default/aaa.php' not found or unable to stat
[Fri Jan 23 03:04:45.947587 2026] [php:error] [pid 16375] [client 20.219.130.224:0] script '/domains/system_default/ab.php' not found or unable to stat
[Fri Jan 23 03:04:46.161781 2026] [php:error] [pid 16375] [client 20.219.130.224:0] script '/domains/system_default/about.php' not found or unable to stat
[Fri Jan 23 03:04:46.593027 2026] [php:error] [pid 16375] [client 20.219.130.224:0] script '/domains/system_default/alfa.php' not found or unable to stat
[Fri Jan 23 03:04:46.815447 2026] [php:error] [pid 16375] [client 20.219.130.224:0] script '/domains/system_default/api.php' not found or unable to stat
[Fri Jan 23 03:04:47.037912 2026] [php:error] [pid 16375] [client 20.219.130.224:0] script '/domains/system_default/auth.php' not found or unable to stat
[Fri Jan 23 03:04:47.499878 2026] [php:error] [pid 16375] [client 20.219.130.224:0] script '/domains/system_default/classwithtostring.php' not found or unable to stat
[Fri Jan 23 03:04:47.720498 2026] [php:error] [pid 16375] [client 20.219.130.224:0] script '/domains/system_default/contents.php' not found or unable to stat
[Fri Jan 23 03:04:48.162925 2026] [php:error] [pid 16375] [client 20.219.130.224:0] script '/domains/system_default/default.php' not found or unable to stat
[Fri Jan 23 03:04:48.816445 2026] [php:error] [pid 16375] [client 20.219.130.224:0] script '/domains/system_default/favicon.php' not found or unable to stat
[Fri Jan 23 03:04:49.032460 2026] [php:error] [pid 16375] [client 20.219.130.224:0] script '/domains/system_default/hehe.php' not found or unable to stat
[Fri Jan 23 03:04:49.465694 2026] [php:error] [pid 16375] [client 20.219.130.224:0] script '/domains/system_default/index.php' not found or unable to stat
[Fri Jan 23 03:04:49.685785 2026] [php:error] [pid 16375] [client 20.219.130.224:0] script '/domains/system_default/info.php' not found or unable to stat
[Fri Jan 23 03:04:49.907167 2026] [php:error] [pid 16375] [client 20.219.130.224:0] script '/domains/system_default/k.php' not found or unable to stat
[Fri Jan 23 03:04:50.120923 2026] [php:error] [pid 16375] [client 20.219.130.224:0] script '/domains/system_default/lock360.php' not found or unable to stat
[Fri Jan 23 03:04:50.338899 2026] [php:error] [pid 16375] [client 20.219.130.224:0] script '/domains/system_default/log.php' not found or unable to stat
[Fri Jan 23 03:04:50.564586 2026] [php:error] [pid 16375] [client 20.219.130.224:0] script '/domains/system_default/man.php' not found or unable to stat
[Fri Jan 23 03:04:51.003425 2026] [php:error] [pid 16375] [client 20.219.130.224:0] script '/domains/system_default/post.php' not found or unable to stat
[Fri Jan 23 03:04:51.441143 2026] [php:error] [pid 16375] [client 20.219.130.224:0] script '/domains/system_default/root.php' not found or unable to stat
[Fri Jan 23 03:04:51.665250 2026] [php:error] [pid 16375] [client 20.219.130.224:0] script '/domains/system_default/shellv3.php' not found or unable to stat
[Fri Jan 23 03:04:52.097675 2026] [php:error] [pid 16375] [client 20.219.130.224:0] script '/domains/system_default/system.php' not found or unable to stat
[Fri Jan 23 03:04:52.311043 2026] [php:error] [pid 16375] [client 20.219.130.224:0] script '/domains/system_default/test.php' not found or unable to stat
[Fri Jan 23 03:04:52.527190 2026] [php:error] [pid 16375] [client 20.219.130.224:0] script '/domains/system_default/theme.php' not found or unable to stat
[Fri Jan 23 03:04:52.749359 2026] [php:error] [pid 16375] [client 20.219.130.224:0] script '/domains/system_default/wp-activat.php' not found or unable to stat
[Fri Jan 23 03:04:52.967659 2026] [php:error] [pid 16375] [client 20.219.130.224:0] script '/domains/system_default/wp-admin.php' not found or unable to stat
[Fri Jan 23 03:04:54.061868 2026] [php:error] [pid 16375] [client 20.219.130.224:0] script '/domains/system_default/wp-blog.php' not found or unable to stat
[Fri Jan 23 03:04:54.287487 2026] [php:error] [pid 16375] [client 20.219.130.224:0] script '/domains/system_default/wp-conf.php' not found or unable to stat
[Fri Jan 23 03:04:56.464023 2026] [php:error] [pid 16375] [client 20.219.130.224:0] script '/domains/system_default/wp-file.php' not found or unable to stat
[Fri Jan 23 03:04:56.679650 2026] [php:error] [pid 16375] [client 20.219.130.224:0] script '/domains/system_default/wp-include.php' not found or unable to stat
[Fri Jan 23 03:04:59.090165 2026] [php:error] [pid 16375] [client 20.219.130.224:0] script '/domains/system_default/wp-logs.php' not found or unable to stat
[Fri Jan 23 03:04:59.311436 2026] [php:error] [pid 16375] [client 20.219.130.224:0] script '/domains/system_default/xmlrpc.php' not found or unable to stat
[Fri Jan 23 03:05:01.322731 2026] [php:error] [pid 16375] [client 20.219.130.224:0] script '/domains/system_default/WSO.php' not found or unable to stat
[Fri Jan 23 03:05:05.466715 2026] [php:error] [pid 16375] [client 20.219.130.224:0] script '/domains/system_default/goods.php' not found or unable to stat
[Fri Jan 23 03:05:06.998016 2026] [php:error] [pid 16375] [client 20.219.130.224:0] script '/domains/system_default/edit.php' not found or unable to stat
[Fri Jan 23 03:05:07.653500 2026] [php:error] [pid 16378] [client 20.219.130.224:0] script '/domains/system_default/file5.php' not found or unable to stat
[Fri Jan 23 03:05:08.535779 2026] [php:error] [pid 16378] [client 20.219.130.224:0] script '/domains/system_default/aa.php' not found or unable to stat
[Fri Jan 23 03:05:10.499724 2026] [php:error] [pid 16378] [client 20.219.130.224:0] script '/domains/system_default/autoload_classmap.php' not found or unable to stat
[Fri Jan 23 03:05:13.378928 2026] [php:error] [pid 16378] [client 20.219.130.224:0] script '/domains/system_default/file.php' not found or unable to stat
[Fri Jan 23 03:05:14.846203 2026] [php:error] [pid 16378] [client 20.219.130.224:0] script '/domains/system_default/inputs.php' not found or unable to stat
[Fri Jan 23 03:05:15.532391 2026] [php:error] [pid 16378] [client 20.219.130.224:0] script '/domains/system_default/1.php' not found or unable to stat
[Fri Jan 23 03:05:20.033187 2026] [php:error] [pid 16378] [client 20.219.130.224:0] script '/domains/system_default/flower.php' not found or unable to stat
[Fri Jan 23 03:05:24.120000 2026] [php:error] [pid 16378] [client 20.219.130.224:0] script '/domains/system_default/ioxi-o.php' not found or unable to stat
[Fri Jan 23 03:05:24.475606 2026] [php:error] [pid 16378] [client 20.219.130.224:0] script '/domains/system_default/radio.php' not found or unable to stat
[Fri Jan 23 03:05:25.802581 2026] [php:error] [pid 16378] [client 20.219.130.224:0] script '/domains/system_default/admin.php' not found or unable to stat
[Fri Jan 23 03:05:26.065237 2026] [php:error] [pid 16378] [client 20.219.130.224:0] script '/domains/system_default/functions.php' not found or unable to stat
[Fri Jan 23 03:08:29.110184 2026] [core:crit] [pid 16392] (13)Permission denied: [client 114.119.128.237:0] AH00529: /domains/performancepartsinc/graphics/psd/.htaccess pcfg_openfile: unable to check htaccess file, ensure it is readable and that '/domains/performancepartsinc/graphics/psd/' is executable, referer: http://www.performancepartsinc.com/graphics/psd/q.php?%2Fadult-hookup-sites-trelech%2F
[Fri Jan 23 03:09:24.839469 2026] [php:error] [pid 16397] [client 4.190.195.218:0] script '/domains/astweb/aa.php' not found or unable to stat
[Fri Jan 23 03:09:25.013173 2026] [php:error] [pid 16397] [client 4.190.195.218:0] script '/domains/astweb/about.php' not found or unable to stat
[Fri Jan 23 03:09:25.180175 2026] [php:error] [pid 16397] [client 4.190.195.218:0] script '/domains/astweb/adminfuns.php' not found or unable to stat
[Fri Jan 23 03:09:25.347092 2026] [php:error] [pid 16397] [client 4.190.195.218:0] script '/domains/astweb/bolt.php' not found or unable to stat
[Fri Jan 23 03:09:25.519515 2026] [php:error] [pid 16397] [client 4.190.195.218:0] script '/domains/astweb/buy.php' not found or unable to stat
[Fri Jan 23 03:09:25.687653 2026] [php:error] [pid 16397] [client 4.190.195.218:0] script '/domains/astweb/goods.php' not found or unable to stat
[Fri Jan 23 03:09:25.857105 2026] [php:error] [pid 16397] [client 4.190.195.218:0] script '/domains/astweb/deepseek_d.php' not found or unable to stat
[Fri Jan 23 03:09:26.025263 2026] [php:error] [pid 16397] [client 4.190.195.218:0] script '/domains/astweb/file.php' not found or unable to stat
[Fri Jan 23 03:09:26.193505 2026] [php:error] [pid 16397] [client 4.190.195.218:0] script '/domains/astweb/ioxi-o.php' not found or unable to stat
[Fri Jan 23 03:09:26.528466 2026] [php:error] [pid 16397] [client 4.190.195.218:0] script '/domains/astweb/test1.php' not found or unable to stat
[Fri Jan 23 03:09:26.695310 2026] [php:error] [pid 16397] [client 4.190.195.218:0] script '/domains/astweb/elp.php' not found or unable to stat
[Fri Jan 23 03:09:27.386579 2026] [php:error] [pid 16397] [client 4.190.195.218:0] script '/domains/astweb/xmlrpc.php' not found or unable to stat
[Fri Jan 23 03:09:27.553732 2026] [php:error] [pid 16397] [client 4.190.195.218:0] script '/domains/astweb/inputs.php' not found or unable to stat
[Fri Jan 23 03:09:27.730238 2026] [php:error] [pid 16397] [client 4.190.195.218:0] script '/domains/astweb/classsmtps.php' not found or unable to stat
[Fri Jan 23 03:09:27.897992 2026] [php:error] [pid 16397] [client 4.190.195.218:0] script '/domains/astweb/wp-trackback.php' not found or unable to stat
[Fri Jan 23 03:09:28.065401 2026] [php:error] [pid 16397] [client 4.190.195.218:0] script '/domains/astweb/wp-cron.php' not found or unable to stat
[Fri Jan 23 03:09:28.238477 2026] [php:error] [pid 16397] [client 4.190.195.218:0] script '/domains/astweb/wp-load.php' not found or unable to stat
[Fri Jan 23 03:09:28.405475 2026] [php:error] [pid 16397] [client 4.190.195.218:0] script '/domains/astweb/wp-mail.php' not found or unable to stat
[Fri Jan 23 03:09:28.573057 2026] [php:error] [pid 16397] [client 4.190.195.218:0] script '/domains/astweb/wp-activate.php' not found or unable to stat
[Fri Jan 23 03:09:28.748252 2026] [php:error] [pid 16397] [client 4.190.195.218:0] script '/domains/astweb/plugins.php' not found or unable to stat
[Fri Jan 23 03:09:28.914791 2026] [php:error] [pid 16397] [client 4.190.195.218:0] script '/domains/astweb/admin.php' not found or unable to stat
[Fri Jan 23 03:09:29.091867 2026] [php:error] [pid 16397] [client 4.190.195.218:0] script '/domains/astweb/atomlib.php' not found or unable to stat
[Fri Jan 23 03:09:29.258806 2026] [php:error] [pid 16397] [client 4.190.195.218:0] script '/domains/astweb/simple.php' not found or unable to stat
[Fri Jan 23 03:09:29.425659 2026] [php:error] [pid 16397] [client 4.190.195.218:0] script '/domains/astweb/log.php' not found or unable to stat
[Fri Jan 23 03:09:29.597547 2026] [php:error] [pid 16397] [client 4.190.195.218:0] script '/domains/astweb/lufix.php' not found or unable to stat
[Fri Jan 23 03:09:29.764264 2026] [php:error] [pid 16397] [client 4.190.195.218:0] script '/domains/astweb/content.php' not found or unable to stat
[Fri Jan 23 03:09:29.937224 2026] [php:error] [pid 16397] [client 4.190.195.218:0] script '/domains/astweb/wp.php' not found or unable to stat
[Fri Jan 23 03:09:30.104540 2026] [php:error] [pid 16397] [client 4.190.195.218:0] script '/domains/astweb/wp-conflg.php' not found or unable to stat
[Fri Jan 23 03:09:30.274559 2026] [php:error] [pid 16397] [client 4.190.195.218:0] script '/domains/astweb/404.php' not found or unable to stat
[Fri Jan 23 03:09:30.446198 2026] [php:error] [pid 16397] [client 4.190.195.218:0] script '/domains/astweb/updates.php' not found or unable to stat
[Fri Jan 23 03:09:30.613416 2026] [php:error] [pid 16397] [client 4.190.195.218:0] script '/domains/astweb/radio.php' not found or unable to stat
[Fri Jan 23 03:09:30.780359 2026] [php:error] [pid 16397] [client 4.190.195.218:0] script '/domains/astweb/xmrlpc.php' not found or unable to stat
[Fri Jan 23 03:09:30.950868 2026] [php:error] [pid 16397] [client 4.190.195.218:0] script '/domains/astweb/moon.php' not found or unable to stat
[Fri Jan 23 03:09:31.117669 2026] [php:error] [pid 16397] [client 4.190.195.218:0] script '/domains/astweb/blog.php' not found or unable to stat
[Fri Jan 23 03:09:31.284486 2026] [php:error] [pid 16397] [client 4.190.195.218:0] script '/domains/astweb/themes.php' not found or unable to stat
[Fri Jan 23 03:09:31.463026 2026] [php:error] [pid 16397] [client 4.190.195.218:0] script '/domains/astweb/ini.php' not found or unable to stat
[Fri Jan 23 03:09:31.629537 2026] [php:error] [pid 16397] [client 4.190.195.218:0] script '/domains/astweb/as.php' not found or unable to stat
[Fri Jan 23 03:09:31.796619 2026] [php:error] [pid 16397] [client 4.190.195.218:0] script '/domains/astweb/ws.php' not found or unable to stat
[Fri Jan 23 03:09:31.967446 2026] [php:error] [pid 16397] [client 4.190.195.218:0] script '/domains/astweb/dropdown.php' not found or unable to stat
[Fri Jan 23 03:09:32.135178 2026] [php:error] [pid 16397] [client 4.190.195.218:0] script '/domains/astweb/makeasmtp.php' not found or unable to stat
[Fri Jan 23 03:09:32.302281 2026] [php:error] [pid 16397] [client 4.190.195.218:0] script '/domains/astweb/alfanew.php' not found or unable to stat
[Fri Jan 23 03:09:32.473751 2026] [php:error] [pid 16397] [client 4.190.195.218:0] script '/domains/astweb/fw.php' not found or unable to stat
[Fri Jan 23 03:09:32.642192 2026] [php:error] [pid 16397] [client 4.190.195.218:0] script '/domains/astweb/install.php' not found or unable to stat
[Fri Jan 23 03:09:32.812879 2026] [php:error] [pid 16397] [client 4.190.195.218:0] script '/domains/astweb/chosen.php' not found or unable to stat
[Fri Jan 23 03:10:25.405202 2026] [php:error] [pid 16418] [client 20.205.96.233:0] script '/domains/schellin/class.php' not found or unable to stat
[Fri Jan 23 03:10:25.606248 2026] [php:error] [pid 16418] [client 20.205.96.233:0] script '/domains/schellin/lm13.php' not found or unable to stat
[Fri Jan 23 03:10:25.812163 2026] [php:error] [pid 16418] [client 20.205.96.233:0] script '/domains/schellin/1aa.php' not found or unable to stat
[Fri Jan 23 03:10:26.013872 2026] [php:error] [pid 16418] [client 20.205.96.233:0] script '/domains/schellin/menu.php' not found or unable to stat
[Fri Jan 23 03:10:26.215197 2026] [php:error] [pid 16418] [client 20.205.96.233:0] script '/domains/schellin/mail.php' not found or unable to stat
[Fri Jan 23 03:10:26.416453 2026] [php:error] [pid 16418] [client 20.205.96.233:0] script '/domains/schellin/v3.php' not found or unable to stat
[Fri Jan 23 03:10:26.618566 2026] [php:error] [pid 16418] [client 20.205.96.233:0] script '/domains/schellin/ilex.php' not found or unable to stat
[Fri Jan 23 03:10:26.820744 2026] [php:error] [pid 16418] [client 20.205.96.233:0] script '/domains/schellin/wto.php' not found or unable to stat
[Fri Jan 23 03:10:27.028897 2026] [php:error] [pid 16418] [client 20.205.96.233:0] script '/domains/schellin/777.php' not found or unable to stat
[Fri Jan 23 03:10:27.245063 2026] [php:error] [pid 16418] [client 20.205.96.233:0] script '/domains/schellin/file88.php' not found or unable to stat
[Fri Jan 23 03:10:27.452430 2026] [php:error] [pid 16418] [client 20.205.96.233:0] script '/domains/schellin/flower.php' not found or unable to stat
[Fri Jan 23 03:10:27.653924 2026] [php:error] [pid 16418] [client 20.205.96.233:0] script '/domains/schellin/ffile.php' not found or unable to stat
[Fri Jan 23 03:10:27.857588 2026] [php:error] [pid 16418] [client 20.205.96.233:0] script '/domains/schellin/p.php' not found or unable to stat
[Fri Jan 23 03:10:28.107193 2026] [php:error] [pid 16418] [client 20.205.96.233:0] script '/domains/schellin/000.php' not found or unable to stat
[Fri Jan 23 03:10:28.312948 2026] [php:error] [pid 16418] [client 20.205.96.233:0] script '/domains/schellin/403.php' not found or unable to stat
[Fri Jan 23 03:10:28.514088 2026] [php:error] [pid 16418] [client 20.205.96.233:0] script '/domains/schellin/class20.php' not found or unable to stat
[Fri Jan 23 03:10:28.728360 2026] [php:error] [pid 16418] [client 20.205.96.233:0] script '/domains/schellin/lol.php' not found or unable to stat
[Fri Jan 23 03:10:28.929534 2026] [php:error] [pid 16418] [client 20.205.96.233:0] script '/domains/schellin/cc.php' not found or unable to stat
[Fri Jan 23 03:10:29.130925 2026] [php:error] [pid 16418] [client 20.205.96.233:0] script '/domains/schellin/o.php' not found or unable to stat
[Fri Jan 23 03:10:29.334087 2026] [php:error] [pid 16418] [client 20.205.96.233:0] script '/domains/schellin/aaa.php' not found or unable to stat
[Fri Jan 23 03:10:29.543464 2026] [php:error] [pid 16418] [client 20.205.96.233:0] script '/domains/schellin/n.php' not found or unable to stat
[Fri Jan 23 03:10:29.659066 2026] [php:error] [pid 16407] [client 4.194.157.152:0] script '/domains/system_suspended/wp-good.php' not found or unable to stat
[Fri Jan 23 03:10:29.745139 2026] [php:error] [pid 16418] [client 20.205.96.233:0] script '/domains/schellin/666.php' not found or unable to stat
[Fri Jan 23 03:10:29.880352 2026] [php:error] [pid 16407] [client 4.194.157.152:0] script '/domains/system_suspended/ioxi-o.php' not found or unable to stat
[Fri Jan 23 03:10:29.978369 2026] [php:error] [pid 16418] [client 20.205.96.233:0] script '/domains/schellin/fileas.php' not found or unable to stat
[Fri Jan 23 03:10:30.115309 2026] [php:error] [pid 16407] [client 4.194.157.152:0] script '/domains/system_suspended/file.php' not found or unable to stat
[Fri Jan 23 03:10:30.183215 2026] [php:error] [pid 16418] [client 20.205.96.233:0] script '/domains/schellin/cccc.php' not found or unable to stat
[Fri Jan 23 03:10:30.386676 2026] [php:error] [pid 16418] [client 20.205.96.233:0] script '/domains/schellin/CLA.php' not found or unable to stat
[Fri Jan 23 03:10:30.584941 2026] [php:error] [pid 16407] [client 4.194.157.152:0] script '/domains/system_suspended/wp-signin.php' not found or unable to stat
[Fri Jan 23 03:10:30.598754 2026] [php:error] [pid 16418] [client 20.205.96.233:0] script '/domains/schellin/wfile.php' not found or unable to stat
[Fri Jan 23 03:10:30.813448 2026] [php:error] [pid 16418] [client 20.205.96.233:0] script '/domains/schellin/abc.php' not found or unable to stat
[Fri Jan 23 03:10:30.822613 2026] [php:error] [pid 16407] [client 4.194.157.152:0] script '/domains/system_suspended/abcd.php' not found or unable to stat
[Fri Jan 23 03:10:31.019896 2026] [php:error] [pid 16418] [client 20.205.96.233:0] script '/domains/schellin/wb.php' not found or unable to stat
[Fri Jan 23 03:10:31.220840 2026] [php:error] [pid 16418] [client 20.205.96.233:0] script '/domains/schellin/mds.php' not found or unable to stat
[Fri Jan 23 03:10:31.268199 2026] [php:error] [pid 16407] [client 4.194.157.152:0] script '/domains/system_suspended/about.php' not found or unable to stat
[Fri Jan 23 03:10:31.424184 2026] [php:error] [pid 16418] [client 20.205.96.233:0] script '/domains/schellin/mlex.php' not found or unable to stat
[Fri Jan 23 03:10:31.499560 2026] [php:error] [pid 16407] [client 4.194.157.152:0] script '/domains/system_suspended/bless.php' not found or unable to stat
[Fri Jan 23 03:10:31.625398 2026] [php:error] [pid 16418] [client 20.205.96.233:0] script '/domains/schellin/a.php' not found or unable to stat
[Fri Jan 23 03:10:31.826259 2026] [php:error] [pid 16418] [client 20.205.96.233:0] script '/domains/schellin/a2.php' not found or unable to stat
[Fri Jan 23 03:10:31.981171 2026] [php:error] [pid 16407] [client 4.194.157.152:0] script '/domains/system_suspended/num.php' not found or unable to stat
[Fri Jan 23 03:10:32.027278 2026] [php:error] [pid 16418] [client 20.205.96.233:0] script '/domains/schellin/222.php' not found or unable to stat
[Fri Jan 23 03:10:32.203936 2026] [php:error] [pid 16407] [client 4.194.157.152:0] script '/domains/system_suspended/txets.php' not found or unable to stat
[Fri Jan 23 03:10:32.233561 2026] [php:error] [pid 16418] [client 20.205.96.233:0] script '/domains/schellin/inde.php' not found or unable to stat
[Fri Jan 23 03:10:32.435065 2026] [php:error] [pid 16418] [client 20.205.96.233:0] script '/domains/schellin/1.php' not found or unable to stat
[Fri Jan 23 03:10:32.557020 2026] [php:error] [pid 16407] [client 4.194.157.152:0] script '/domains/system_suspended/wp-blog.php' not found or unable to stat
[Fri Jan 23 03:10:32.650441 2026] [php:error] [pid 16418] [client 20.205.96.233:0] script '/domains/schellin/vee.php' not found or unable to stat
[Fri Jan 23 03:10:32.817010 2026] [php:error] [pid 16394] [client 4.217.220.52:0] script '/domains/system_default/eee.php' not found or unable to stat
[Fri Jan 23 03:10:32.851599 2026] [php:error] [pid 16418] [client 20.205.96.233:0] script '/domains/schellin/wcas.php' not found or unable to stat
[Fri Jan 23 03:10:33.020134 2026] [php:error] [pid 16394] [client 4.217.220.52:0] script '/domains/system_default/webadmin.php' not found or unable to stat
[Fri Jan 23 03:10:33.056039 2026] [php:error] [pid 16418] [client 20.205.96.233:0] script '/domains/schellin/k.php' not found or unable to stat
[Fri Jan 23 03:10:33.212656 2026] [php:error] [pid 16394] [client 4.217.220.52:0] script '/domains/system_default/galex.php' not found or unable to stat
[Fri Jan 23 03:10:33.290177 2026] [php:error] [pid 16418] [client 20.205.96.233:0] script '/domains/schellin/finny.php' not found or unable to stat
[Fri Jan 23 03:10:33.494347 2026] [php:error] [pid 16418] [client 20.205.96.233:0] script '/domains/schellin/ws45.php' not found or unable to stat
[Fri Jan 23 03:10:33.590063 2026] [php:error] [pid 16394] [client 4.217.220.52:0] script '/domains/system_default/tinyfilemanager.php' not found or unable to stat
[Fri Jan 23 03:10:33.696901 2026] [php:error] [pid 16418] [client 20.205.96.233:0] script '/domains/schellin/build.php' not found or unable to stat
[Fri Jan 23 03:10:33.777596 2026] [php:error] [pid 16394] [client 4.217.220.52:0] script '/domains/system_default/class.api.php' not found or unable to stat
[Fri Jan 23 03:10:33.908648 2026] [php:error] [pid 16418] [client 20.205.96.233:0] script '/domains/schellin/ws33.php' not found or unable to stat
[Fri Jan 23 03:10:33.964802 2026] [php:error] [pid 16394] [client 4.217.220.52:0] script '/domains/system_default/support.php' not found or unable to stat
[Fri Jan 23 03:10:34.147726 2026] [php:error] [pid 16418] [client 20.205.96.233:0] script '/domains/schellin/klex.php' not found or unable to stat
[Fri Jan 23 03:10:34.250314 2026] [php:error] [pid 16407] [client 4.194.157.152:0] script '/domains/system_suspended/wp.php' not found or unable to stat
[Fri Jan 23 03:10:34.348660 2026] [php:error] [pid 16418] [client 20.205.96.233:0] script '/domains/schellin/ws34.php' not found or unable to stat
[Fri Jan 23 03:10:34.365956 2026] [php:error] [pid 16394] [client 4.217.220.52:0] script '/domains/system_default/dox.php' not found or unable to stat
[Fri Jan 23 03:10:34.472000 2026] [php:error] [pid 16407] [client 4.194.157.152:0] script '/domains/system_suspended/admin.php' not found or unable to stat
[Fri Jan 23 03:10:34.552809 2026] [php:error] [pid 16394] [client 4.217.220.52:0] script '/domains/system_default/siteheads.php' not found or unable to stat
[Fri Jan 23 03:10:34.555999 2026] [php:error] [pid 16418] [client 20.205.96.233:0] script '/domains/schellin/alpa.php' not found or unable to stat
[Fri Jan 23 03:10:34.710326 2026] [php:error] [pid 16407] [client 4.194.157.152:0] script '/domains/system_suspended/adminfuns.php' not found or unable to stat
[Fri Jan 23 03:10:34.745536 2026] [php:error] [pid 16394] [client 4.217.220.52:0] script '/domains/system_default/0x.php' not found or unable to stat
[Fri Jan 23 03:10:34.762740 2026] [php:error] [pid 16418] [client 20.205.96.233:0] script '/domains/schellin/file2.php' not found or unable to stat
[Fri Jan 23 03:10:35.000789 2026] [php:error] [pid 16418] [client 20.205.96.233:0] script '/domains/schellin/444.php' not found or unable to stat
[Fri Jan 23 03:10:35.083460 2026] [php:error] [pid 16407] [client 4.194.157.152:0] script '/domains/system_suspended/chosen.php' not found or unable to stat
[Fri Jan 23 03:10:35.278079 2026] [php:error] [pid 16418] [client 20.205.96.233:0] script '/domains/schellin/pp.php' not found or unable to stat
[Fri Jan 23 03:10:35.307959 2026] [php:error] [pid 16394] [client 4.217.220.52:0] script '/domains/system_default/wp-logout.php' not found or unable to stat
[Fri Jan 23 03:10:35.438130 2026] [php:error] [pid 16407] [client 4.194.157.152:0] script '/domains/system_suspended/classwithtostring.php' not found or unable to stat
[Fri Jan 23 03:10:35.479281 2026] [php:error] [pid 16418] [client 20.205.96.233:0] script '/domains/schellin/2.php' not found or unable to stat
[Fri Jan 23 03:10:35.523671 2026] [php:error] [pid 16394] [client 4.217.220.52:0] script '/domains/system_default/87.php' not found or unable to stat
[Fri Jan 23 03:10:35.681313 2026] [php:error] [pid 16407] [client 4.194.157.152:0] script '/domains/system_suspended/edit.php' not found or unable to stat
[Fri Jan 23 03:10:35.682049 2026] [php:error] [pid 16418] [client 20.205.96.233:0] script '/domains/schellin/ws38.php' not found or unable to stat
[Fri Jan 23 03:10:35.711049 2026] [php:error] [pid 16394] [client 4.217.220.52:0] script '/domains/system_default/0o0.php' not found or unable to stat
[Fri Jan 23 03:10:35.904564 2026] [php:error] [pid 16394] [client 4.217.220.52:0] script '/domains/system_default/lv.php' not found or unable to stat
[Fri Jan 23 03:10:35.910950 2026] [php:error] [pid 16418] [client 20.205.96.233:0] script '/domains/schellin/555.php' not found or unable to stat
[Fri Jan 23 03:10:36.040635 2026] [php:error] [pid 16407] [client 4.194.157.152:0] script '/domains/system_suspended/goods.php' not found or unable to stat
[Fri Jan 23 03:10:36.091598 2026] [php:error] [pid 16394] [client 4.217.220.52:0] script '/domains/system_default/dropdown.php' not found or unable to stat
[Fri Jan 23 03:10:36.111992 2026] [php:error] [pid 16418] [client 20.205.96.233:0] script '/domains/schellin/bless.php' not found or unable to stat
[Fri Jan 23 03:10:36.279665 2026] [php:error] [pid 16394] [client 4.217.220.52:0] script '/domains/system_default/wsheet1.php' not found or unable to stat
[Fri Jan 23 03:10:36.312639 2026] [php:error] [pid 16418] [client 20.205.96.233:0] script '/domains/schellin/bolt.php' not found or unable to stat
[Fri Jan 23 03:10:36.373497 2026] [php:error] [pid 16407] [client 4.194.157.152:0] script '/domains/system_suspended/k.php' not found or unable to stat
[Fri Jan 23 03:10:36.523852 2026] [php:error] [pid 16418] [client 20.205.96.233:0] script '/domains/schellin/error.php' not found or unable to stat
[Fri Jan 23 03:10:36.732113 2026] [php:error] [pid 16418] [client 20.205.96.233:0] script '/domains/schellin/he.php' not found or unable to stat
[Fri Jan 23 03:10:36.949028 2026] [php:error] [pid 16418] [client 20.205.96.233:0] script '/domains/schellin/cfile.php' not found or unable to stat
[Fri Jan 23 03:10:36.998148 2026] [php:error] [pid 16394] [client 4.217.220.52:0] script '/domains/system_default/size.php' not found or unable to stat
[Fri Jan 23 03:10:37.172618 2026] [php:error] [pid 16418] [client 20.205.96.233:0] script '/domains/schellin/doti.php' not found or unable to stat
[Fri Jan 23 03:10:37.187376 2026] [php:error] [pid 16394] [client 4.217.220.52:0] script '/domains/system_default/ms-users.php' not found or unable to stat
[Fri Jan 23 03:10:37.378226 2026] [php:error] [pid 16418] [client 20.205.96.233:0] script '/domains/schellin/sko.php' not found or unable to stat
[Fri Jan 23 03:10:37.564107 2026] [php:error] [pid 16394] [client 4.217.220.52:0] script '/domains/system_default/revision.php' not found or unable to stat
[Fri Jan 23 03:10:37.585942 2026] [php:error] [pid 16418] [client 20.205.96.233:0] script '/domains/schellin/gmo.php' not found or unable to stat
[Fri Jan 23 03:10:37.751299 2026] [php:error] [pid 16394] [client 4.217.220.52:0] script '/domains/system_default/12.php' not found or unable to stat
[Fri Jan 23 03:10:37.797448 2026] [php:error] [pid 16418] [client 20.205.96.233:0] script '/domains/schellin/ws37.php' not found or unable to stat
[Fri Jan 23 03:10:37.998096 2026] [php:error] [pid 16418] [client 20.205.96.233:0] script '/domains/schellin/geck.php' not found or unable to stat
[Fri Jan 23 03:10:38.126697 2026] [php:error] [pid 16394] [client 4.217.220.52:0] script '/domains/system_default/img.php' not found or unable to stat
[Fri Jan 23 03:10:38.199384 2026] [php:error] [pid 16418] [client 20.205.96.233:0] script '/domains/schellin/nfile.php' not found or unable to stat
[Fri Jan 23 03:10:38.313541 2026] [php:error] [pid 16394] [client 4.217.220.52:0] script '/domains/system_default/menu.php' not found or unable to stat
[Fri Jan 23 03:10:38.433035 2026] [php:error] [pid 16418] [client 20.205.96.233:0] script '/domains/schellin/file32.php' not found or unable to stat
[Fri Jan 23 03:10:38.554120 2026] [php:error] [pid 16394] [client 4.217.220.52:0] script '/domains/system_default/tinyfilemanager.php' not found or unable to stat
[Fri Jan 23 03:10:38.634128 2026] [php:error] [pid 16418] [client 20.205.96.233:0] script '/domains/schellin/class9.php' not found or unable to stat
[Fri Jan 23 03:10:38.740949 2026] [php:error] [pid 16394] [client 4.217.220.52:0] script '/domains/system_default/test1.php' not found or unable to stat
[Fri Jan 23 03:10:38.840106 2026] [php:error] [pid 16418] [client 20.205.96.233:0] script '/domains/schellin/031.php' not found or unable to stat
[Fri Jan 23 03:10:38.930070 2026] [php:error] [pid 16394] [client 4.217.220.52:0] script '/domains/system_default/shell20211028.php' not found or unable to stat
[Fri Jan 23 03:10:39.042215 2026] [php:error] [pid 16418] [client 20.205.96.233:0] script '/domains/schellin/file4.php' not found or unable to stat
[Fri Jan 23 03:10:39.155401 2026] [php:error] [pid 16407] [client 4.194.157.152:0] script '/domains/system_suspended/wp-user.php' not found or unable to stat
[Fri Jan 23 03:10:39.244813 2026] [php:error] [pid 16418] [client 20.205.96.233:0] script '/domains/schellin/file5.php' not found or unable to stat
[Fri Jan 23 03:10:39.258320 2026] [php:error] [pid 16394] [client 4.217.220.52:0] script '/domains/system_default/ton.php' not found or unable to stat
[Fri Jan 23 03:10:39.445329 2026] [php:error] [pid 16394] [client 4.217.220.52:0] script '/domains/system_default/item.php' not found or unable to stat
[Fri Jan 23 03:10:39.446334 2026] [php:error] [pid 16418] [client 20.205.96.233:0] script '/domains/schellin/tx38.php' not found or unable to stat
[Fri Jan 23 03:10:39.647507 2026] [php:error] [pid 16418] [client 20.205.96.233:0] script '/domains/schellin/404.php' not found or unable to stat
[Fri Jan 23 03:10:39.695590 2026] [php:error] [pid 16407] [client 4.194.157.152:0] script '/domains/system_suspended/404.php' not found or unable to stat
[Fri Jan 23 03:10:39.724995 2026] [php:error] [pid 16394] [client 4.217.220.52:0] script '/domains/system_default/lala.php' not found or unable to stat
[Fri Jan 23 03:10:39.848809 2026] [php:error] [pid 16418] [client 20.205.96.233:0] script '/domains/schellin/bless3.php' not found or unable to stat
[Fri Jan 23 03:10:39.919662 2026] [php:error] [pid 16407] [client 4.194.157.152:0] script '/domains/system_suspended/akcc.php' not found or unable to stat
[Fri Jan 23 03:10:40.049833 2026] [php:error] [pid 16418] [client 20.205.96.233:0] script '/domains/schellin/xxxx.php' not found or unable to stat
[Fri Jan 23 03:10:40.120995 2026] [php:error] [pid 16394] [client 4.217.220.52:0] script '/domains/system_default/page.php' not found or unable to stat
[Fri Jan 23 03:10:40.158247 2026] [php:error] [pid 16407] [client 4.194.157.152:0] script '/domains/system_suspended/gg.php' not found or unable to stat
[Fri Jan 23 03:10:40.264876 2026] [php:error] [pid 16418] [client 20.205.96.233:0] script '/domains/schellin/akk.php' not found or unable to stat
[Fri Jan 23 03:10:40.307995 2026] [php:error] [pid 16394] [client 4.217.220.52:0] script '/domains/system_default/tempfuns.php' not found or unable to stat
[Fri Jan 23 03:10:40.385678 2026] [php:error] [pid 16407] [client 4.194.157.152:0] script '/domains/system_suspended/mah.php' not found or unable to stat
[Fri Jan 23 03:10:40.493207 2026] [php:error] [pid 16418] [client 20.205.96.233:0] script '/domains/schellin/aa.php' not found or unable to stat
[Fri Jan 23 03:10:40.495350 2026] [php:error] [pid 16394] [client 4.217.220.52:0] script '/domains/system_default/past.php' not found or unable to stat
[Fri Jan 23 03:10:40.617773 2026] [php:error] [pid 16407] [client 4.194.157.152:0] script '/domains/system_suspended/new.php' not found or unable to stat
[Fri Jan 23 03:10:40.706773 2026] [php:error] [pid 16418] [client 20.205.96.233:0] script '/domains/schellin/x7.php' not found or unable to stat
[Fri Jan 23 03:10:40.714136 2026] [php:error] [pid 16394] [client 4.217.220.52:0] script '/domains/system_default/log.php' not found or unable to stat
[Fri Jan 23 03:10:40.839663 2026] [php:error] [pid 16407] [client 4.194.157.152:0] script '/domains/system_suspended/themes.php' not found or unable to stat
[Fri Jan 23 03:10:40.901748 2026] [php:error] [pid 16394] [client 4.217.220.52:0] script '/domains/system_default/wen.php' not found or unable to stat
[Fri Jan 23 03:10:40.907488 2026] [php:error] [pid 16418] [client 20.205.96.233:0] script '/domains/schellin/ws36.php' not found or unable to stat
[Fri Jan 23 03:10:41.115760 2026] [php:error] [pid 16418] [client 20.205.96.233:0] script '/domains/schellin/0x0x.php' not found or unable to stat
[Fri Jan 23 03:10:41.278228 2026] [php:error] [pid 16394] [client 4.217.220.52:0] script '/domains/system_default/sf.php' not found or unable to stat
[Fri Jan 23 03:10:41.316427 2026] [php:error] [pid 16418] [client 20.205.96.233:0] script '/domains/schellin/xx.php' not found or unable to stat
[Fri Jan 23 03:10:41.465562 2026] [php:error] [pid 16394] [client 4.217.220.52:0] script '/domains/system_default/simple.php' not found or unable to stat
[Fri Jan 23 03:10:41.517332 2026] [php:error] [pid 16418] [client 20.205.96.233:0] script '/domains/schellin/file.php' not found or unable to stat
[Fri Jan 23 03:10:41.656639 2026] [php:error] [pid 16394] [client 4.217.220.52:0] script '/domains/system_default/admiin.php' not found or unable to stat
[Fri Jan 23 03:10:41.729817 2026] [php:error] [pid 16418] [client 20.205.96.233:0] script '/domains/schellin/card.php' not found or unable to stat
[Fri Jan 23 03:10:41.931169 2026] [php:error] [pid 16418] [client 20.205.96.233:0] script '/domains/schellin/size.php' not found or unable to stat
[Fri Jan 23 03:10:42.073015 2026] [php:error] [pid 16394] [client 4.217.220.52:0] script '/domains/system_default/9v6.php' not found or unable to stat
[Fri Jan 23 03:10:42.132038 2026] [php:error] [pid 16418] [client 20.205.96.233:0] script '/domains/schellin/class629.php' not found or unable to stat
[Fri Jan 23 03:10:42.261804 2026] [php:error] [pid 16394] [client 4.217.220.52:0] script '/domains/system_default/doc.php' not found or unable to stat
[Fri Jan 23 03:10:42.395516 2026] [php:error] [pid 16418] [client 20.205.96.233:0] script '/domains/schellin/file9.php' not found or unable to stat
[Fri Jan 23 03:10:42.452867 2026] [php:error] [pid 16394] [client 4.217.220.52:0] script '/domains/system_default/ha.php' not found or unable to stat
[Fri Jan 23 03:10:42.596502 2026] [php:error] [pid 16418] [client 20.205.96.233:0] script '/domains/schellin/moon.php' not found or unable to stat
[Fri Jan 23 03:10:42.650240 2026] [php:error] [pid 16394] [client 4.217.220.52:0] script '/domains/system_default/F0x.php' not found or unable to stat
[Fri Jan 23 03:10:42.799230 2026] [php:error] [pid 16418] [client 20.205.96.233:0] script '/domains/schellin/file18.php' not found or unable to stat
[Fri Jan 23 03:10:42.842571 2026] [php:error] [pid 16394] [client 4.217.220.52:0] script '/domains/system_default/file2.php' not found or unable to stat
[Fri Jan 23 03:10:43.005678 2026] [php:error] [pid 16418] [client 20.205.96.233:0] script '/domains/schellin/file21.php' not found or unable to stat
[Fri Jan 23 03:10:43.034423 2026] [php:error] [pid 16394] [client 4.217.220.52:0] script '/domains/system_default/cong.php' not found or unable to stat
[Fri Jan 23 03:10:43.207774 2026] [php:error] [pid 16418] [client 20.205.96.233:0] script '/domains/schellin/xxw.php' not found or unable to stat
[Fri Jan 23 03:10:43.250344 2026] [php:error] [pid 16394] [client 4.217.220.52:0] script '/domains/system_default/a2.php' not found or unable to stat
[Fri Jan 23 03:10:43.411167 2026] [php:error] [pid 16418] [client 20.205.96.233:0] script '/domains/schellin/racs3.php' not found or unable to stat
[Fri Jan 23 03:10:43.437689 2026] [php:error] [pid 16394] [client 4.217.220.52:0] script '/domains/system_default/up4.php' not found or unable to stat
[Fri Jan 23 03:10:43.614218 2026] [php:error] [pid 16418] [client 20.205.96.233:0] script '/domains/schellin/wsd.php' not found or unable to stat
[Fri Jan 23 03:10:43.624478 2026] [php:error] [pid 16394] [client 4.217.220.52:0] script '/domains/system_default/gtc.php' not found or unable to stat
[Fri Jan 23 03:10:43.812863 2026] [php:error] [pid 16394] [client 4.217.220.52:0] script '/domains/system_default/dbc.php' not found or unable to stat
[Fri Jan 23 03:10:43.815156 2026] [php:error] [pid 16418] [client 20.205.96.233:0] script '/domains/schellin/333.php' not found or unable to stat
[Fri Jan 23 03:10:44.017265 2026] [php:error] [pid 16418] [client 20.205.96.233:0] script '/domains/schellin/12.php' not found or unable to stat
[Fri Jan 23 03:10:44.025569 2026] [php:error] [pid 16394] [client 4.217.220.52:0] script '/domains/system_default/xa.php' not found or unable to stat
[Fri Jan 23 03:10:44.220242 2026] [php:error] [pid 16418] [client 20.205.96.233:0] script '/domains/schellin/moon3.php' not found or unable to stat
[Fri Jan 23 03:10:44.234819 2026] [php:error] [pid 16394] [client 4.217.220.52:0] script '/domains/system_default/content.php' not found or unable to stat
[Fri Jan 23 03:10:44.421988 2026] [php:error] [pid 16394] [client 4.217.220.52:0] script '/domains/system_default/oo.php' not found or unable to stat
[Fri Jan 23 03:10:44.425482 2026] [php:error] [pid 16418] [client 20.205.96.233:0] script '/domains/schellin/tor.php' not found or unable to stat
[Fri Jan 23 03:10:44.609144 2026] [php:error] [pid 16394] [client 4.217.220.52:0] script '/domains/system_default/ws35.php' not found or unable to stat
[Fri Jan 23 03:10:44.629480 2026] [php:error] [pid 16418] [client 20.205.96.233:0] script '/domains/schellin/haa.php' not found or unable to stat
[Fri Jan 23 03:10:44.825767 2026] [php:error] [pid 16394] [client 4.217.220.52:0] script '/domains/system_default/222.php' not found or unable to stat
[Fri Jan 23 03:10:44.843419 2026] [php:error] [pid 16418] [client 20.205.96.233:0] script '/domains/schellin/f6.php' not found or unable to stat
[Fri Jan 23 03:10:45.015747 2026] [php:error] [pid 16394] [client 4.217.220.52:0] script '/domains/system_default/z60.php' not found or unable to stat
[Fri Jan 23 03:10:45.045509 2026] [php:error] [pid 16418] [client 20.205.96.233:0] script '/domains/schellin/asas.php' not found or unable to stat
[Fri Jan 23 03:10:45.203303 2026] [php:error] [pid 16394] [client 4.217.220.52:0] script '/domains/system_default/wp-freya.php' not found or unable to stat
[Fri Jan 23 03:10:45.246649 2026] [php:error] [pid 16418] [client 20.205.96.233:0] script '/domains/schellin/x.php' not found or unable to stat
[Fri Jan 23 03:10:45.390775 2026] [php:error] [pid 16394] [client 4.217.220.52:0] script '/domains/system_default/ccou.php' not found or unable to stat
[Fri Jan 23 03:10:45.451715 2026] [php:error] [pid 16418] [client 20.205.96.233:0] script '/domains/schellin/ava.php' not found or unable to stat
[Fri Jan 23 03:10:45.583845 2026] [php:error] [pid 16394] [client 4.217.220.52:0] script '/domains/system_default/abc.php' not found or unable to stat
[Fri Jan 23 03:10:45.652639 2026] [php:error] [pid 16418] [client 20.205.96.233:0] script '/domains/schellin/ton.php' not found or unable to stat
[Fri Jan 23 03:10:45.772337 2026] [php:error] [pid 16394] [client 4.217.220.52:0] script '/domains/system_default/ant.php' not found or unable to stat
[Fri Jan 23 03:10:45.853884 2026] [php:error] [pid 16418] [client 20.205.96.233:0] script '/domains/schellin/v1.php' not found or unable to stat
[Fri Jan 23 03:10:45.959444 2026] [php:error] [pid 16394] [client 4.217.220.52:0] script '/domains/system_default/ma.php' not found or unable to stat
[Fri Jan 23 03:10:46.054923 2026] [php:error] [pid 16418] [client 20.205.96.233:0] script '/domains/schellin/111.php' not found or unable to stat
[Fri Jan 23 03:10:46.147115 2026] [php:error] [pid 16394] [client 4.217.220.52:0] script '/domains/system_default/gecko.php' not found or unable to stat
[Fri Jan 23 03:10:46.334628 2026] [php:error] [pid 16394] [client 4.217.220.52:0] script '/domains/system_default/ws29.php' not found or unable to stat
[Fri Jan 23 03:10:46.463161 2026] [php:error] [pid 16420] [client 20.205.96.233:0] script '/domains/schellin/an7.php' not found or unable to stat
[Fri Jan 23 03:10:46.664941 2026] [php:error] [pid 16420] [client 20.205.96.233:0] script '/domains/schellin/xeqdlun.php' not found or unable to stat
[Fri Jan 23 03:10:46.873566 2026] [php:error] [pid 16420] [client 20.205.96.233:0] script '/domains/schellin/acp.php' not found or unable to stat
[Fri Jan 23 03:10:46.916400 2026] [php:error] [pid 16394] [client 4.217.220.52:0] script '/domains/system_default/1100.php' not found or unable to stat
