[Fri Jan 23 00:58:48.323834 2026] [php:error] [pid 92018] [client 20.28.217.16:0] script '/domains/rfisher.dnai/new.php' not found or unable to stat
[Fri Jan 23 00:58:48.524479 2026] [php:error] [pid 92018] [client 20.28.217.16:0] script '/domains/rfisher.dnai/radio.php' not found or unable to stat
[Fri Jan 23 00:58:48.727600 2026] [php:error] [pid 92018] [client 20.28.217.16:0] script '/domains/rfisher.dnai/s.php' not found or unable to stat
[Fri Jan 23 00:58:48.928496 2026] [php:error] [pid 92018] [client 20.28.217.16:0] script '/domains/rfisher.dnai/sim.php' not found or unable to stat
[Fri Jan 23 00:58:49.129706 2026] [php:error] [pid 92018] [client 20.28.217.16:0] script '/domains/rfisher.dnai/simple.php' not found or unable to stat
[Fri Jan 23 00:58:49.537652 2026] [php:error] [pid 92018] [client 20.28.217.16:0] script '/domains/rfisher.dnai/user.php' not found or unable to stat
[Fri Jan 23 00:58:49.738703 2026] [php:error] [pid 92018] [client 20.28.217.16:0] script '/domains/rfisher.dnai/webadmin.php' not found or unable to stat
[Fri Jan 23 00:58:51.182693 2026] [php:error] [pid 92018] [client 20.28.217.16:0] script '/domains/rfisher.dnai/wp-config-sample.php' not found or unable to stat
[Fri Jan 23 00:58:51.383493 2026] [php:error] [pid 92018] [client 20.28.217.16:0] script '/domains/rfisher.dnai/wp-configs.php' not found or unable to stat
[Fri Jan 23 00:58:51.584376 2026] [php:error] [pid 92018] [client 20.28.217.16:0] script '/domains/rfisher.dnai/wp-conflg.php' not found or unable to stat
[Fri Jan 23 00:58:52.806658 2026] [php:error] [pid 92018] [client 20.28.217.16:0] script '/domains/rfisher.dnai/wp-mail.php' not found or unable to stat
[Fri Jan 23 00:58:53.008278 2026] [php:error] [pid 92018] [client 20.28.217.16:0] script '/domains/rfisher.dnai/wsa.php' not found or unable to stat
[Fri Jan 23 00:58:53.209195 2026] [php:error] [pid 92018] [client 20.28.217.16:0] script '/domains/rfisher.dnai/xmlrpc.php' not found or unable to stat
[Fri Jan 23 00:58:53.410272 2026] [php:error] [pid 92018] [client 20.28.217.16:0] script '/domains/rfisher.dnai/ab.php' not found or unable to stat
[Fri Jan 23 00:58:53.611388 2026] [php:error] [pid 92018] [client 20.28.217.16:0] script '/domains/rfisher.dnai/classwithtostring.php' not found or unable to stat
[Fri Jan 23 00:58:53.815738 2026] [php:error] [pid 92018] [client 20.28.217.16:0] script '/domains/rfisher.dnai/version.php' not found or unable to stat
[Fri Jan 23 00:58:54.021498 2026] [php:error] [pid 92018] [client 20.28.217.16:0] script '/domains/rfisher.dnai/xxx.php' not found or unable to stat
[Fri Jan 23 00:58:54.631191 2026] [php:error] [pid 92018] [client 20.28.217.16:0] script '/domains/rfisher.dnai/1.php' not found or unable to stat
[Fri Jan 23 00:58:54.831910 2026] [php:error] [pid 92018] [client 20.28.217.16:0] script '/domains/rfisher.dnai/themes.php' not found or unable to stat
[Fri Jan 23 00:58:55.656723 2026] [php:error] [pid 92018] [client 20.28.217.16:0] script '/domains/rfisher.dnai/b0.php' not found or unable to stat
[Fri Jan 23 00:58:55.857834 2026] [php:error] [pid 92018] [client 20.28.217.16:0] script '/domains/rfisher.dnai/bala.php' not found or unable to stat
[Fri Jan 23 00:58:56.668808 2026] [php:error] [pid 92018] [client 20.28.217.16:0] script '/domains/rfisher.dnai/xl2023.php.php' not found or unable to stat
[Fri Jan 23 00:58:57.224601 2026] [php:error] [pid 92016] [client 20.214.146.246:0] script '/domains/lover/wp-2019.php' not found or unable to stat
[Fri Jan 23 00:58:57.418526 2026] [php:error] [pid 92016] [client 20.214.146.246:0] script '/domains/lover/403.php' not found or unable to stat
[Fri Jan 23 00:58:57.614544 2026] [php:error] [pid 92016] [client 20.214.146.246:0] script '/domains/lover/aaa.php' not found or unable to stat
[Fri Jan 23 00:58:57.673592 2026] [php:error] [pid 92018] [client 20.28.217.16:0] script '/domains/rfisher.dnai/120f9.php' not found or unable to stat
[Fri Jan 23 00:58:57.874829 2026] [php:error] [pid 92018] [client 20.28.217.16:0] script '/domains/rfisher.dnai/504.php' not found or unable to stat
[Fri Jan 23 00:58:58.075283 2026] [php:error] [pid 92018] [client 20.28.217.16:0] script '/domains/rfisher.dnai/about.php' not found or unable to stat
[Fri Jan 23 00:58:58.287476 2026] [php:error] [pid 92018] [client 20.28.217.16:0] script '/domains/rfisher.dnai/back.php' not found or unable to stat
[Fri Jan 23 00:58:58.427683 2026] [php:error] [pid 92016] [client 20.214.146.246:0] script '/domains/lover/y.php' not found or unable to stat
[Fri Jan 23 00:58:58.488919 2026] [php:error] [pid 92018] [client 20.28.217.16:0] script '/domains/rfisher.dnai/cong.php' not found or unable to stat
[Fri Jan 23 00:58:58.689845 2026] [php:error] [pid 92018] [client 20.28.217.16:0] script '/domains/rfisher.dnai/credits.php' not found or unable to stat
[Fri Jan 23 00:58:58.825066 2026] [php:error] [pid 92016] [client 20.214.146.246:0] script '/domains/lover/ggfi.php' not found or unable to stat
[Fri Jan 23 00:58:58.890688 2026] [php:error] [pid 92018] [client 20.28.217.16:0] script '/domains/rfisher.dnai/credits.php' not found or unable to stat
[Fri Jan 23 00:58:59.092702 2026] [php:error] [pid 92018] [client 20.28.217.16:0] script '/domains/rfisher.dnai/data.php' not found or unable to stat
[Fri Jan 23 00:58:59.294046 2026] [php:error] [pid 92018] [client 20.28.217.16:0] script '/domains/rfisher.dnai/function.php' not found or unable to stat
[Fri Jan 23 00:58:59.407652 2026] [php:error] [pid 92016] [client 20.214.146.246:0] script '/domains/lover/buy.php' not found or unable to stat
[Fri Jan 23 00:58:59.495016 2026] [php:error] [pid 92018] [client 20.28.217.16:0] script '/domains/rfisher.dnai/goods.php' not found or unable to stat
[Fri Jan 23 00:58:59.601483 2026] [php:error] [pid 92016] [client 20.214.146.246:0] script '/domains/lover/chosen.php' not found or unable to stat
[Fri Jan 23 00:58:59.718125 2026] [php:error] [pid 92018] [client 20.28.217.16:0] script '/domains/rfisher.dnai/gzak2w.php' not found or unable to stat
[Fri Jan 23 00:58:59.795593 2026] [php:error] [pid 92016] [client 20.214.146.246:0] script '/domains/lover/index.php' not found or unable to stat
[Fri Jan 23 00:58:59.922233 2026] [php:error] [pid 92018] [client 20.28.217.16:0] script '/domains/rfisher.dnai/hehehehe.php' not found or unable to stat
[Fri Jan 23 00:58:59.989801 2026] [php:error] [pid 92016] [client 20.214.146.246:0] script '/domains/lover/cron.php' not found or unable to stat
[Fri Jan 23 00:59:00.186162 2026] [php:error] [pid 92016] [client 20.214.146.246:0] script '/domains/lover/functions.php' not found or unable to stat
[Fri Jan 23 00:59:00.528221 2026] [php:error] [pid 92018] [client 20.28.217.16:0] script '/domains/rfisher.dnai/install.php' not found or unable to stat
[Fri Jan 23 00:59:00.955745 2026] [php:error] [pid 92018] [client 20.28.217.16:0] script '/domains/rfisher.dnai/ova.php' not found or unable to stat
[Fri Jan 23 00:59:00.966029 2026] [php:error] [pid 92016] [client 20.214.146.246:0] script '/domains/lover/wp-add.php' not found or unable to stat
[Fri Jan 23 00:59:01.161590 2026] [php:error] [pid 92016] [client 20.214.146.246:0] script '/domains/lover/0.php' not found or unable to stat
[Fri Jan 23 00:59:01.356940 2026] [php:error] [pid 92016] [client 20.214.146.246:0] script '/domains/lover/edit.php' not found or unable to stat
[Fri Jan 23 00:59:01.550948 2026] [php:error] [pid 92016] [client 20.214.146.246:0] script '/domains/lover/meta.php' not found or unable to stat
[Fri Jan 23 00:59:01.744981 2026] [php:error] [pid 92016] [client 20.214.146.246:0] script '/domains/lover/new.php' not found or unable to stat
[Fri Jan 23 00:59:02.134025 2026] [php:error] [pid 92016] [client 20.214.146.246:0] script '/domains/lover/as.php' not found or unable to stat
[Fri Jan 23 00:59:02.339676 2026] [php:error] [pid 92016] [client 20.214.146.246:0] script '/domains/lover/ds.php' not found or unable to stat
[Fri Jan 23 00:59:02.566031 2026] [php:error] [pid 92016] [client 20.214.146.246:0] script '/domains/lover/error.php' not found or unable to stat
[Fri Jan 23 00:59:02.759949 2026] [php:error] [pid 92016] [client 20.214.146.246:0] script '/domains/lover/gecko-new.php' not found or unable to stat
[Fri Jan 23 00:59:02.953803 2026] [php:error] [pid 92016] [client 20.214.146.246:0] script '/domains/lover/randkeyword.php' not found or unable to stat
[Fri Jan 23 00:59:03.538240 2026] [php:error] [pid 92016] [client 20.214.146.246:0] script '/domains/lover/NewFile.php' not found or unable to stat
[Fri Jan 23 00:59:03.734491 2026] [php:error] [pid 92016] [client 20.214.146.246:0] script '/domains/lover/goods.php' not found or unable to stat
[Fri Jan 23 00:59:03.928711 2026] [php:error] [pid 92016] [client 20.214.146.246:0] script '/domains/lover/simple.php' not found or unable to stat
[Fri Jan 23 00:59:04.704560 2026] [php:error] [pid 92016] [client 20.214.146.246:0] script '/domains/lover/c.php' not found or unable to stat
[Fri Jan 23 00:59:05.287033 2026] [php:error] [pid 92016] [client 20.214.146.246:0] script '/domains/lover/auth.php' not found or unable to stat
[Fri Jan 23 00:59:05.481090 2026] [php:error] [pid 92016] [client 20.214.146.246:0] script '/domains/lover/class-wp-lock.php' not found or unable to stat
[Fri Jan 23 00:59:05.675361 2026] [php:error] [pid 92016] [client 20.214.146.246:0] script '/domains/lover/cookie.php' not found or unable to stat
[Fri Jan 23 00:59:05.870058 2026] [php:error] [pid 92016] [client 20.214.146.246:0] script '/domains/lover/admin.php' not found or unable to stat
[Fri Jan 23 00:59:06.064136 2026] [php:error] [pid 92016] [client 20.214.146.246:0] script '/domains/lover/baxa1.php' not found or unable to stat
[Fri Jan 23 00:59:06.364010 2026] [php:error] [pid 92003] [client 20.28.217.16:0] script '/domains/rfisher.dnai/wp.php' not found or unable to stat
[Fri Jan 23 00:59:06.646600 2026] [php:error] [pid 92016] [client 20.214.146.246:0] script '/domains/lover/xleet.php' not found or unable to stat
[Fri Jan 23 00:59:07.034416 2026] [php:error] [pid 92016] [client 20.214.146.246:0] script '/domains/lover/about.php' not found or unable to stat
[Fri Jan 23 00:59:08.202377 2026] [php:error] [pid 92016] [client 20.214.146.246:0] script '/domains/lover/alfanew.php' not found or unable to stat
[Fri Jan 23 00:59:08.594324 2026] [php:error] [pid 92016] [client 20.214.146.246:0] script '/domains/lover/22.php' not found or unable to stat
[Fri Jan 23 00:59:09.177993 2026] [php:error] [pid 92016] [client 20.214.146.246:0] script '/domains/lover/simple.php' not found or unable to stat
[Fri Jan 23 00:59:09.570133 2026] [php:error] [pid 92016] [client 20.214.146.246:0] script '/domains/lover/admin.php' not found or unable to stat
[Fri Jan 23 00:59:09.764225 2026] [php:error] [pid 92016] [client 20.214.146.246:0] script '/domains/lover/c99.php' not found or unable to stat
[Fri Jan 23 00:59:09.959237 2026] [php:error] [pid 92016] [client 20.214.146.246:0] script '/domains/lover/file.php' not found or unable to stat
[Fri Jan 23 00:59:10.191398 2026] [php:error] [pid 92016] [client 20.214.146.246:0] script '/domains/lover/b.php' not found or unable to stat
[Fri Jan 23 00:59:10.395477 2026] [php:error] [pid 92016] [client 20.214.146.246:0] script '/domains/lover/classwithtostring.php' not found or unable to stat
[Fri Jan 23 00:59:10.590277 2026] [php:error] [pid 92016] [client 20.214.146.246:0] script '/domains/lover/css.php' not found or unable to stat
[Fri Jan 23 00:59:10.785178 2026] [php:error] [pid 92016] [client 20.214.146.246:0] script '/domains/lover/flower.php' not found or unable to stat
[Fri Jan 23 00:59:11.372499 2026] [php:error] [pid 92016] [client 20.214.146.246:0] script '/domains/lover/jp.php' not found or unable to stat
[Fri Jan 23 00:59:11.568307 2026] [php:error] [pid 92016] [client 20.214.146.246:0] script '/domains/lover/room.php' not found or unable to stat
[Fri Jan 23 00:59:12.155093 2026] [php:error] [pid 92016] [client 20.214.146.246:0] script '/domains/lover/12.php' not found or unable to stat
[Fri Jan 23 00:59:12.349526 2026] [php:error] [pid 92016] [client 20.214.146.246:0] script '/domains/lover/404.php' not found or unable to stat
[Fri Jan 23 00:59:12.546514 2026] [php:error] [pid 92016] [client 20.214.146.246:0] script '/domains/lover/disagreed.php' not found or unable to stat
[Fri Jan 23 00:59:12.935361 2026] [php:error] [pid 92016] [client 20.214.146.246:0] script '/domains/lover/text.php' not found or unable to stat
[Fri Jan 23 00:59:14.513297 2026] [php:error] [pid 92016] [client 20.214.146.246:0] script '/domains/lover/GOD.php' not found or unable to stat
[Fri Jan 23 00:59:14.919999 2026] [php:error] [pid 92016] [client 20.214.146.246:0] script '/domains/lover/alfa-rex.php' not found or unable to stat
[Fri Jan 23 00:59:15.114478 2026] [php:error] [pid 92016] [client 20.214.146.246:0] script '/domains/lover/f35.php' not found or unable to stat
[Fri Jan 23 00:59:15.308409 2026] [php:error] [pid 92016] [client 20.214.146.246:0] script '/domains/lover/feeds.php' not found or unable to stat
[Fri Jan 23 00:59:15.696635 2026] [php:error] [pid 92016] [client 20.214.146.246:0] script '/domains/lover/favicon.php' not found or unable to stat
[Fri Jan 23 00:59:16.084830 2026] [php:error] [pid 92016] [client 20.214.146.246:0] script '/domains/lover/hehe.php' not found or unable to stat
[Fri Jan 23 00:59:17.431668 2026] [php:error] [pid 92009] [client 20.214.146.246:0] script '/domains/lover/user.php' not found or unable to stat
[Fri Jan 23 00:59:17.619458 2026] [php:error] [pid 92009] [client 20.214.146.246:0] script '/domains/lover/autoload_classmap.php' not found or unable to stat
[Fri Jan 23 00:59:17.809033 2026] [php:error] [pid 92009] [client 20.214.146.246:0] script '/domains/lover/files.php' not found or unable to stat
[Fri Jan 23 00:59:18.185131 2026] [php:error] [pid 92009] [client 20.214.146.246:0] script '/domains/lover/about.php' not found or unable to stat
[Fri Jan 23 00:59:18.373012 2026] [php:error] [pid 92009] [client 20.214.146.246:0] script '/domains/lover/al.php' not found or unable to stat
[Fri Jan 23 00:59:18.560960 2026] [php:error] [pid 92009] [client 20.214.146.246:0] script '/domains/lover/byp.php' not found or unable to stat
[Fri Jan 23 00:59:18.944992 2026] [php:error] [pid 92009] [client 20.214.146.246:0] script '/domains/lover/wander.php' not found or unable to stat
[Fri Jan 23 00:59:19.696694 2026] [php:error] [pid 92009] [client 20.214.146.246:0] script '/domains/lover/en.php' not found or unable to stat
[Fri Jan 23 00:59:19.886326 2026] [php:error] [pid 92009] [client 20.214.146.246:0] script '/domains/lover/help.php' not found or unable to stat
[Fri Jan 23 00:59:20.643485 2026] [php:error] [pid 92009] [client 20.214.146.246:0] script '/domains/lover/control.php' not found or unable to stat
[Fri Jan 23 00:59:21.213183 2026] [php:error] [pid 92009] [client 20.214.146.246:0] script '/domains/lover/radio.php' not found or unable to stat
[Fri Jan 23 00:59:21.401274 2026] [php:error] [pid 92009] [client 20.214.146.246:0] script '/domains/lover/dropdown.php' not found or unable to stat
[Fri Jan 23 00:59:21.969223 2026] [php:error] [pid 92009] [client 20.214.146.246:0] script '/domains/lover/wp-2019.php' not found or unable to stat
[Fri Jan 23 00:59:22.348055 2026] [php:error] [pid 92009] [client 20.214.146.246:0] script '/domains/lover/403.php' not found or unable to stat
[Fri Jan 23 00:59:22.535876 2026] [php:error] [pid 92009] [client 20.214.146.246:0] script '/domains/lover/about.php' not found or unable to stat
[Fri Jan 23 00:59:22.723545 2026] [php:error] [pid 92009] [client 20.214.146.246:0] script '/domains/lover/admin.php' not found or unable to stat
[Fri Jan 23 00:59:22.911585 2026] [php:error] [pid 92009] [client 20.214.146.246:0] script '/domains/lover/as.php' not found or unable to stat
[Fri Jan 23 00:59:23.102036 2026] [php:error] [pid 92009] [client 20.214.146.246:0] script '/domains/lover/autoload_classmap.php' not found or unable to stat
[Fri Jan 23 00:59:23.289653 2026] [php:error] [pid 92009] [client 20.214.146.246:0] script '/domains/lover/classwithtostring.php' not found or unable to stat
[Fri Jan 23 00:59:23.479865 2026] [php:error] [pid 92009] [client 20.214.146.246:0] script '/domains/lover/content.php' not found or unable to stat
[Fri Jan 23 00:59:23.667689 2026] [php:error] [pid 92009] [client 20.214.146.246:0] script '/domains/lover/doc.php' not found or unable to stat
[Fri Jan 23 00:59:23.855464 2026] [php:error] [pid 92009] [client 20.214.146.246:0] script '/domains/lover/dropdown.php' not found or unable to stat
[Fri Jan 23 00:59:24.043406 2026] [php:error] [pid 92009] [client 20.214.146.246:0] script '/domains/lover/ee.php' not found or unable to stat
[Fri Jan 23 00:59:24.418948 2026] [php:error] [pid 92009] [client 20.214.146.246:0] script '/domains/lover/moon.php' not found or unable to stat
[Fri Jan 23 00:59:24.606654 2026] [php:error] [pid 92009] [client 20.214.146.246:0] script '/domains/lover/new.php' not found or unable to stat
[Fri Jan 23 00:59:24.794616 2026] [php:error] [pid 92009] [client 20.214.146.246:0] script '/domains/lover/radio.php' not found or unable to stat
[Fri Jan 23 00:59:24.982778 2026] [php:error] [pid 92009] [client 20.214.146.246:0] script '/domains/lover/s.php' not found or unable to stat
[Fri Jan 23 00:59:25.171651 2026] [php:error] [pid 92009] [client 20.214.146.246:0] script '/domains/lover/sim.php' not found or unable to stat
[Fri Jan 23 00:59:25.362340 2026] [php:error] [pid 92009] [client 20.214.146.246:0] script '/domains/lover/simple.php' not found or unable to stat
[Fri Jan 23 00:59:25.739244 2026] [php:error] [pid 92009] [client 20.214.146.246:0] script '/domains/lover/user.php' not found or unable to stat
[Fri Jan 23 00:59:25.930519 2026] [php:error] [pid 92009] [client 20.214.146.246:0] script '/domains/lover/webadmin.php' not found or unable to stat
[Fri Jan 23 00:59:27.275074 2026] [php:error] [pid 92009] [client 20.214.146.246:0] script '/domains/lover/wp-config-sample.php' not found or unable to stat
[Fri Jan 23 00:59:27.463309 2026] [php:error] [pid 92009] [client 20.214.146.246:0] script '/domains/lover/wp-configs.php' not found or unable to stat
[Fri Jan 23 00:59:27.651805 2026] [php:error] [pid 92009] [client 20.214.146.246:0] script '/domains/lover/wp-conflg.php' not found or unable to stat
[Fri Jan 23 00:59:28.800733 2026] [php:error] [pid 92009] [client 20.214.146.246:0] script '/domains/lover/wp-mail.php' not found or unable to stat
[Fri Jan 23 00:59:28.996458 2026] [php:error] [pid 92009] [client 20.214.146.246:0] script '/domains/lover/wsa.php' not found or unable to stat
[Fri Jan 23 00:59:29.190886 2026] [php:error] [pid 92009] [client 20.214.146.246:0] script '/domains/lover/xmlrpc.php' not found or unable to stat
[Fri Jan 23 00:59:29.381684 2026] [php:error] [pid 92009] [client 20.214.146.246:0] script '/domains/lover/ab.php' not found or unable to stat
[Fri Jan 23 00:59:29.575985 2026] [php:error] [pid 92009] [client 20.214.146.246:0] script '/domains/lover/classwithtostring.php' not found or unable to stat
[Fri Jan 23 00:59:29.765110 2026] [php:error] [pid 92009] [client 20.214.146.246:0] script '/domains/lover/version.php' not found or unable to stat
[Fri Jan 23 00:59:29.955701 2026] [php:error] [pid 92009] [client 20.214.146.246:0] script '/domains/lover/xxx.php' not found or unable to stat
[Fri Jan 23 00:59:30.532700 2026] [php:error] [pid 92009] [client 20.214.146.246:0] script '/domains/lover/1.php' not found or unable to stat
[Fri Jan 23 00:59:30.722500 2026] [php:error] [pid 92009] [client 20.214.146.246:0] script '/domains/lover/themes.php' not found or unable to stat
[Fri Jan 23 00:59:31.484991 2026] [php:error] [pid 92009] [client 20.214.146.246:0] script '/domains/lover/b0.php' not found or unable to stat
[Fri Jan 23 00:59:31.676164 2026] [php:error] [pid 92009] [client 20.214.146.246:0] script '/domains/lover/bala.php' not found or unable to stat
[Fri Jan 23 00:59:32.476323 2026] [php:error] [pid 92009] [client 20.214.146.246:0] script '/domains/lover/xl2023.php.php' not found or unable to stat
[Fri Jan 23 00:59:33.435559 2026] [php:error] [pid 92009] [client 20.214.146.246:0] script '/domains/lover/120f9.php' not found or unable to stat
[Fri Jan 23 00:59:33.623969 2026] [php:error] [pid 92009] [client 20.214.146.246:0] script '/domains/lover/504.php' not found or unable to stat
[Fri Jan 23 00:59:33.811959 2026] [php:error] [pid 92009] [client 20.214.146.246:0] script '/domains/lover/about.php' not found or unable to stat
[Fri Jan 23 00:59:34.006062 2026] [php:error] [pid 92009] [client 20.214.146.246:0] script '/domains/lover/back.php' not found or unable to stat
[Fri Jan 23 00:59:34.194106 2026] [php:error] [pid 92009] [client 20.214.146.246:0] script '/domains/lover/cong.php' not found or unable to stat
[Fri Jan 23 00:59:34.484270 2026] [php:error] [pid 92009] [client 20.214.146.246:0] script '/domains/lover/credits.php' not found or unable to stat
[Fri Jan 23 00:59:34.679073 2026] [php:error] [pid 92009] [client 20.214.146.246:0] script '/domains/lover/credits.php' not found or unable to stat
[Fri Jan 23 00:59:34.907946 2026] [php:error] [pid 92009] [client 20.214.146.246:0] script '/domains/lover/data.php' not found or unable to stat
[Fri Jan 23 00:59:35.106785 2026] [php:error] [pid 92009] [client 20.214.146.246:0] script '/domains/lover/function.php' not found or unable to stat
[Fri Jan 23 00:59:35.360574 2026] [php:error] [pid 92009] [client 20.214.146.246:0] script '/domains/lover/goods.php' not found or unable to stat
[Fri Jan 23 00:59:35.549542 2026] [php:error] [pid 92009] [client 20.214.146.246:0] script '/domains/lover/gzak2w.php' not found or unable to stat
[Fri Jan 23 00:59:35.738445 2026] [php:error] [pid 92009] [client 20.214.146.246:0] script '/domains/lover/hehehehe.php' not found or unable to stat
[Fri Jan 23 00:59:36.316948 2026] [php:error] [pid 92009] [client 20.214.146.246:0] script '/domains/lover/install.php' not found or unable to stat
[Fri Jan 23 00:59:36.698380 2026] [php:error] [pid 92009] [client 20.214.146.246:0] script '/domains/lover/ova.php' not found or unable to stat
[Fri Jan 23 00:59:41.036307 2026] [php:error] [pid 92024] [client 20.205.96.233:0] script '/domains/system_default/class.php' not found or unable to stat
[Fri Jan 23 00:59:41.263211 2026] [php:error] [pid 92024] [client 20.205.96.233:0] script '/domains/system_default/lm13.php' not found or unable to stat
[Fri Jan 23 00:59:41.467816 2026] [php:error] [pid 92024] [client 20.205.96.233:0] script '/domains/system_default/1aa.php' not found or unable to stat
[Fri Jan 23 00:59:41.669368 2026] [php:error] [pid 92024] [client 20.205.96.233:0] script '/domains/system_default/menu.php' not found or unable to stat
[Fri Jan 23 00:59:41.903788 2026] [php:error] [pid 92024] [client 20.205.96.233:0] script '/domains/system_default/mail.php' not found or unable to stat
[Fri Jan 23 00:59:42.063426 2026] [php:error] [pid 92028] [client 20.214.146.246:0] script '/domains/lover/wp.php' not found or unable to stat
[Fri Jan 23 00:59:42.106464 2026] [php:error] [pid 92024] [client 20.205.96.233:0] script '/domains/system_default/v3.php' not found or unable to stat
[Fri Jan 23 00:59:42.443375 2026] [php:error] [pid 92024] [client 20.205.96.233:0] script '/domains/system_default/ilex.php' not found or unable to stat
[Fri Jan 23 00:59:42.694162 2026] [php:error] [pid 92024] [client 20.205.96.233:0] script '/domains/system_default/wto.php' not found or unable to stat
[Fri Jan 23 00:59:42.907620 2026] [php:error] [pid 92024] [client 20.205.96.233:0] script '/domains/system_default/777.php' not found or unable to stat
[Fri Jan 23 00:59:43.303866 2026] [php:error] [pid 92024] [client 20.205.96.233:0] script '/domains/system_default/file88.php' not found or unable to stat
[Fri Jan 23 00:59:43.505526 2026] [php:error] [pid 92024] [client 20.205.96.233:0] script '/domains/system_default/flower.php' not found or unable to stat
[Fri Jan 23 00:59:43.707327 2026] [php:error] [pid 92024] [client 20.205.96.233:0] script '/domains/system_default/ffile.php' not found or unable to stat
[Fri Jan 23 00:59:44.233933 2026] [php:error] [pid 92024] [client 20.205.96.233:0] script '/domains/system_default/p.php' not found or unable to stat
[Fri Jan 23 00:59:44.441923 2026] [php:error] [pid 92024] [client 20.205.96.233:0] script '/domains/system_default/000.php' not found or unable to stat
[Fri Jan 23 00:59:44.644437 2026] [php:error] [pid 92024] [client 20.205.96.233:0] script '/domains/system_default/403.php' not found or unable to stat
[Fri Jan 23 00:59:44.847456 2026] [php:error] [pid 92024] [client 20.205.96.233:0] script '/domains/system_default/class20.php' not found or unable to stat
[Fri Jan 23 00:59:45.068372 2026] [php:error] [pid 92024] [client 20.205.96.233:0] script '/domains/system_default/lol.php' not found or unable to stat
[Fri Jan 23 00:59:45.270259 2026] [php:error] [pid 92024] [client 20.205.96.233:0] script '/domains/system_default/cc.php' not found or unable to stat
[Fri Jan 23 00:59:45.472056 2026] [php:error] [pid 92024] [client 20.205.96.233:0] script '/domains/system_default/o.php' not found or unable to stat
[Fri Jan 23 00:59:45.708644 2026] [php:error] [pid 92024] [client 20.205.96.233:0] script '/domains/system_default/aaa.php' not found or unable to stat
[Fri Jan 23 00:59:45.925535 2026] [php:error] [pid 92024] [client 20.205.96.233:0] script '/domains/system_default/n.php' not found or unable to stat
[Fri Jan 23 00:59:46.127004 2026] [php:error] [pid 92024] [client 20.205.96.233:0] script '/domains/system_default/666.php' not found or unable to stat
[Fri Jan 23 00:59:46.328732 2026] [php:error] [pid 92024] [client 20.205.96.233:0] script '/domains/system_default/fileas.php' not found or unable to stat
[Fri Jan 23 00:59:46.531127 2026] [php:error] [pid 92024] [client 20.205.96.233:0] script '/domains/system_default/cccc.php' not found or unable to stat
[Fri Jan 23 00:59:46.733167 2026] [php:error] [pid 92024] [client 20.205.96.233:0] script '/domains/system_default/CLA.php' not found or unable to stat
[Fri Jan 23 00:59:46.946786 2026] [php:error] [pid 92024] [client 20.205.96.233:0] script '/domains/system_default/wfile.php' not found or unable to stat
[Fri Jan 23 00:59:47.182782 2026] [php:error] [pid 92024] [client 20.205.96.233:0] script '/domains/system_default/abc.php' not found or unable to stat
[Fri Jan 23 00:59:47.385005 2026] [php:error] [pid 92024] [client 20.205.96.233:0] script '/domains/system_default/wb.php' not found or unable to stat
[Fri Jan 23 00:59:47.592754 2026] [php:error] [pid 92024] [client 20.205.96.233:0] script '/domains/system_default/mds.php' not found or unable to stat
[Fri Jan 23 00:59:47.812291 2026] [php:error] [pid 92024] [client 20.205.96.233:0] script '/domains/system_default/mlex.php' not found or unable to stat
[Fri Jan 23 00:59:48.897307 2026] [php:error] [pid 92024] [client 20.205.96.233:0] script '/domains/system_default/a2.php' not found or unable to stat
[Fri Jan 23 00:59:49.224894 2026] [php:error] [pid 92024] [client 20.205.96.233:0] script '/domains/system_default/222.php' not found or unable to stat
[Fri Jan 23 00:59:49.426260 2026] [php:error] [pid 92024] [client 20.205.96.233:0] script '/domains/system_default/inde.php' not found or unable to stat
[Fri Jan 23 00:59:49.628108 2026] [php:error] [pid 92024] [client 20.205.96.233:0] script '/domains/system_default/1.php' not found or unable to stat
[Fri Jan 23 00:59:49.831151 2026] [php:error] [pid 92024] [client 20.205.96.233:0] script '/domains/system_default/vee.php' not found or unable to stat
[Fri Jan 23 00:59:50.047712 2026] [php:error] [pid 92024] [client 20.205.96.233:0] script '/domains/system_default/wcas.php' not found or unable to stat
[Fri Jan 23 00:59:50.249694 2026] [php:error] [pid 92024] [client 20.205.96.233:0] script '/domains/system_default/k.php' not found or unable to stat
[Fri Jan 23 00:59:50.648827 2026] [php:error] [pid 92024] [client 20.205.96.233:0] script '/domains/system_default/finny.php' not found or unable to stat
[Fri Jan 23 00:59:50.893616 2026] [php:error] [pid 92024] [client 20.205.96.233:0] script '/domains/system_default/ws45.php' not found or unable to stat
[Fri Jan 23 00:59:51.119112 2026] [php:error] [pid 92024] [client 20.205.96.233:0] script '/domains/system_default/build.php' not found or unable to stat
[Fri Jan 23 00:59:51.519155 2026] [php:error] [pid 92033] [client 4.194.157.152:0] script '/domains/mjbradley/wp-good.php' not found or unable to stat
[Fri Jan 23 00:59:51.902926 2026] [php:error] [pid 92033] [client 4.194.157.152:0] script '/domains/mjbradley/ioxi-o.php' not found or unable to stat
[Fri Jan 23 00:59:52.019648 2026] [php:error] [pid 92024] [client 20.205.96.233:0] script '/domains/system_default/ws33.php' not found or unable to stat
[Fri Jan 23 00:59:52.166883 2026] [php:error] [pid 92033] [client 4.194.157.152:0] script '/domains/mjbradley/file.php' not found or unable to stat
[Fri Jan 23 00:59:52.238390 2026] [php:error] [pid 92024] [client 20.205.96.233:0] script '/domains/system_default/klex.php' not found or unable to stat
[Fri Jan 23 00:59:52.439787 2026] [php:error] [pid 92024] [client 20.205.96.233:0] script '/domains/system_default/ws34.php' not found or unable to stat
[Fri Jan 23 00:59:52.505727 2026] [php:error] [pid 92028] [client 20.24.209.153:0] script '/domains/hdickens.enteract/ioxi-o.php' not found or unable to stat
[Fri Jan 23 00:59:52.536653 2026] [php:error] [pid 92030] [client 103.177.209.67:0] script '/domains/astweb/xmlrpc.php' not found or unable to stat
[Fri Jan 23 00:59:52.611569 2026] [php:error] [pid 92033] [client 4.194.157.152:0] script '/domains/mjbradley/wp-signin.php' not found or unable to stat
[Fri Jan 23 00:59:52.641696 2026] [php:error] [pid 92024] [client 20.205.96.233:0] script '/domains/system_default/alpa.php' not found or unable to stat
[Fri Jan 23 00:59:52.715287 2026] [php:error] [pid 92028] [client 20.24.209.153:0] script '/domains/hdickens.enteract/0x.php' not found or unable to stat
[Fri Jan 23 00:59:52.837607 2026] [php:error] [pid 92033] [client 4.194.157.152:0] script '/domains/mjbradley/abcd.php' not found or unable to stat
[Fri Jan 23 00:59:52.918131 2026] [php:error] [pid 92028] [client 20.24.209.153:0] script '/domains/hdickens.enteract/222.php' not found or unable to stat
[Fri Jan 23 00:59:52.944726 2026] [php:error] [pid 92024] [client 20.205.96.233:0] script '/domains/system_default/file2.php' not found or unable to stat
[Fri Jan 23 00:59:53.125433 2026] [php:error] [pid 92028] [client 20.24.209.153:0] script '/domains/hdickens.enteract/aa.php' not found or unable to stat
[Fri Jan 23 00:59:53.154613 2026] [php:error] [pid 92024] [client 20.205.96.233:0] script '/domains/system_default/444.php' not found or unable to stat
[Fri Jan 23 00:59:53.281447 2026] [php:error] [pid 92033] [client 4.194.157.152:0] script '/domains/mjbradley/about.php' not found or unable to stat
[Fri Jan 23 00:59:53.329342 2026] [php:error] [pid 92028] [client 20.24.209.153:0] script '/domains/hdickens.enteract/abcd.php' not found or unable to stat
[Fri Jan 23 00:59:53.519642 2026] [php:error] [pid 92033] [client 4.194.157.152:0] script '/domains/mjbradley/bless.php' not found or unable to stat
[Fri Jan 23 00:59:53.541816 2026] [php:error] [pid 92024] [client 20.205.96.233:0] script '/domains/system_default/pp.php' not found or unable to stat
[Fri Jan 23 00:59:53.542617 2026] [php:error] [pid 92028] [client 20.24.209.153:0] script '/domains/hdickens.enteract/admin.php' not found or unable to stat
[Fri Jan 23 00:59:53.748668 2026] [php:error] [pid 92024] [client 20.205.96.233:0] script '/domains/system_default/2.php' not found or unable to stat
[Fri Jan 23 00:59:53.950851 2026] [php:error] [pid 92028] [client 20.24.209.153:0] script '/domains/hdickens.enteract/adminfuns.php' not found or unable to stat
[Fri Jan 23 00:59:53.950984 2026] [php:error] [pid 92024] [client 20.205.96.233:0] script '/domains/system_default/ws38.php' not found or unable to stat
[Fri Jan 23 00:59:53.965475 2026] [php:error] [pid 92033] [client 4.194.157.152:0] script '/domains/mjbradley/images/install.php' not found or unable to stat
[Fri Jan 23 00:59:54.153118 2026] [php:error] [pid 92028] [client 20.24.209.153:0] script '/domains/hdickens.enteract/akc.php' not found or unable to stat
[Fri Jan 23 00:59:54.153446 2026] [php:error] [pid 92024] [client 20.205.96.233:0] script '/domains/system_default/555.php' not found or unable to stat
[Fri Jan 23 00:59:54.354994 2026] [php:error] [pid 92024] [client 20.205.96.233:0] script '/domains/system_default/bless.php' not found or unable to stat
[Fri Jan 23 00:59:54.371803 2026] [php:error] [pid 92028] [client 20.24.209.153:0] script '/domains/hdickens.enteract/buy.php' not found or unable to stat
[Fri Jan 23 00:59:54.467602 2026] [php:error] [pid 92033] [client 4.194.157.152:0] script '/domains/mjbradley/num.php' not found or unable to stat
[Fri Jan 23 00:59:54.575917 2026] [php:error] [pid 92028] [client 20.24.209.153:0] script '/domains/hdickens.enteract/cong.php' not found or unable to stat
[Fri Jan 23 00:59:54.577634 2026] [php:error] [pid 92024] [client 20.205.96.233:0] script '/domains/system_default/bolt.php' not found or unable to stat
[Fri Jan 23 00:59:54.777867 2026] [php:error] [pid 92028] [client 20.24.209.153:0] script '/domains/hdickens.enteract/ioxi-o.php' not found or unable to stat
[Fri Jan 23 00:59:54.779151 2026] [php:error] [pid 92024] [client 20.205.96.233:0] script '/domains/system_default/error.php' not found or unable to stat
[Fri Jan 23 00:59:54.863243 2026] [php:error] [pid 92033] [client 4.194.157.152:0] script '/domains/mjbradley/txets.php' not found or unable to stat
[Fri Jan 23 00:59:54.983926 2026] [php:error] [pid 92024] [client 20.205.96.233:0] script '/domains/system_default/he.php' not found or unable to stat
[Fri Jan 23 00:59:54.991111 2026] [php:error] [pid 92028] [client 20.24.209.153:0] script '/domains/hdickens.enteract/css/classwithtostring.php' not found or unable to stat
[Fri Jan 23 00:59:55.186418 2026] [php:error] [pid 92024] [client 20.205.96.233:0] script '/domains/system_default/cfile.php' not found or unable to stat
[Fri Jan 23 00:59:55.193498 2026] [php:error] [pid 92028] [client 20.24.209.153:0] script '/domains/hdickens.enteract/db.php' not found or unable to stat
[Fri Jan 23 00:59:55.259959 2026] [php:error] [pid 92033] [client 4.194.157.152:0] script '/domains/mjbradley/wp-blog.php' not found or unable to stat
[Fri Jan 23 00:59:55.388063 2026] [php:error] [pid 92024] [client 20.205.96.233:0] script '/domains/system_default/doti.php' not found or unable to stat
[Fri Jan 23 00:59:55.400505 2026] [php:error] [pid 92028] [client 20.24.209.153:0] script '/domains/hdickens.enteract/dropdown.php' not found or unable to stat
[Fri Jan 23 00:59:55.602886 2026] [php:error] [pid 92028] [client 20.24.209.153:0] script '/domains/hdickens.enteract/file.php' not found or unable to stat
[Fri Jan 23 00:59:55.755076 2026] [php:error] [pid 92024] [client 20.205.96.233:0] script '/domains/system_default/sko.php' not found or unable to stat
[Fri Jan 23 00:59:55.819878 2026] [php:error] [pid 92028] [client 20.24.209.153:0] script '/domains/hdickens.enteract/goods.php' not found or unable to stat
[Fri Jan 23 00:59:55.956530 2026] [php:error] [pid 92024] [client 20.205.96.233:0] script '/domains/system_default/gmo.php' not found or unable to stat
[Fri Jan 23 00:59:56.040652 2026] [php:error] [pid 92028] [client 20.24.209.153:0] script '/domains/hdickens.enteract/hplfuns.php' not found or unable to stat
[Fri Jan 23 00:59:56.243151 2026] [php:error] [pid 92028] [client 20.24.209.153:0] script '/domains/hdickens.enteract/htaccess.php' not found or unable to stat
[Fri Jan 23 00:59:56.441759 2026] [php:error] [pid 92024] [client 20.205.96.233:0] script '/domains/system_default/ws37.php' not found or unable to stat
[Fri Jan 23 00:59:56.447072 2026] [php:error] [pid 92028] [client 20.24.209.153:0] script '/domains/hdickens.enteract/images/wso.php' not found or unable to stat
[Fri Jan 23 00:59:56.514223 2026] [php:error] [pid 92033] [client 4.194.157.152:0] script '/domains/mjbradley/wp.php' not found or unable to stat
[Fri Jan 23 00:59:56.737503 2026] [php:error] [pid 92033] [client 4.194.157.152:0] script '/domains/mjbradley/admin.php' not found or unable to stat
[Fri Jan 23 00:59:56.852060 2026] [php:error] [pid 92028] [client 20.24.209.153:0] script '/domains/hdickens.enteract/info.php' not found or unable to stat
[Fri Jan 23 00:59:56.872485 2026] [php:error] [pid 92024] [client 20.205.96.233:0] script '/domains/system_default/geck.php' not found or unable to stat
[Fri Jan 23 00:59:56.965420 2026] [php:error] [pid 92033] [client 4.194.157.152:0] script '/domains/mjbradley/adminfuns.php' not found or unable to stat
[Fri Jan 23 00:59:57.056171 2026] [php:error] [pid 92028] [client 20.24.209.153:0] script '/domains/hdickens.enteract/profile.php' not found or unable to stat
[Fri Jan 23 00:59:57.073627 2026] [php:error] [pid 92024] [client 20.205.96.233:0] script '/domains/system_default/nfile.php' not found or unable to stat
[Fri Jan 23 00:59:57.194528 2026] [php:error] [pid 92033] [client 4.194.157.152:0] script '/domains/mjbradley/chosen.php' not found or unable to stat
[Fri Jan 23 00:59:57.267672 2026] [php:error] [pid 92028] [client 20.24.209.153:0] script '/domains/hdickens.enteract/sx.php' not found or unable to stat
[Fri Jan 23 00:59:57.416752 2026] [php:error] [pid 92033] [client 4.194.157.152:0] script '/domains/mjbradley/classwithtostring.php' not found or unable to stat
[Fri Jan 23 00:59:57.479042 2026] [php:error] [pid 92024] [client 20.205.96.233:0] script '/domains/system_default/file32.php' not found or unable to stat
[Fri Jan 23 00:59:57.724882 2026] [php:error] [pid 92024] [client 20.205.96.233:0] script '/domains/system_default/class9.php' not found or unable to stat
[Fri Jan 23 00:59:57.846283 2026] [php:error] [pid 92033] [client 4.194.157.152:0] script '/domains/mjbradley/edit.php' not found or unable to stat
[Fri Jan 23 00:59:57.938178 2026] [php:error] [pid 92024] [client 20.205.96.233:0] script '/domains/system_default/031.php' not found or unable to stat
[Fri Jan 23 00:59:58.119614 2026] [php:error] [pid 92033] [client 4.194.157.152:0] script '/domains/mjbradley/goods.php' not found or unable to stat
[Fri Jan 23 00:59:58.140544 2026] [php:error] [pid 92024] [client 20.205.96.233:0] script '/domains/system_default/file4.php' not found or unable to stat
[Fri Jan 23 00:59:58.342847 2026] [php:error] [pid 92024] [client 20.205.96.233:0] script '/domains/system_default/file5.php' not found or unable to stat
[Fri Jan 23 00:59:58.544274 2026] [php:error] [pid 92024] [client 20.205.96.233:0] script '/domains/system_default/tx38.php' not found or unable to stat
[Fri Jan 23 00:59:58.745529 2026] [php:error] [pid 92024] [client 20.205.96.233:0] script '/domains/system_default/404.php' not found or unable to stat
[Fri Jan 23 00:59:58.939693 2026] [php:error] [pid 92033] [client 4.194.157.152:0] script '/domains/mjbradley/k.php' not found or unable to stat
[Fri Jan 23 00:59:59.270414 2026] [php:error] [pid 92024] [client 20.205.96.233:0] script '/domains/system_default/bless3.php' not found or unable to stat
[Fri Jan 23 00:59:59.943611 2026] [php:error] [pid 92024] [client 20.205.96.233:0] script '/domains/system_default/xxxx.php' not found or unable to stat
[Fri Jan 23 01:00:00.151372 2026] [php:error] [pid 92024] [client 20.205.96.233:0] script '/domains/system_default/akk.php' not found or unable to stat
[Fri Jan 23 01:00:00.818973 2026] [php:error] [pid 92024] [client 20.205.96.233:0] script '/domains/system_default/aa.php' not found or unable to stat
[Fri Jan 23 01:00:01.022010 2026] [php:error] [pid 92024] [client 20.205.96.233:0] script '/domains/system_default/x7.php' not found or unable to stat
[Fri Jan 23 01:00:01.268421 2026] [php:error] [pid 92024] [client 20.205.96.233:0] script '/domains/system_default/ws36.php' not found or unable to stat
[Fri Jan 23 01:00:01.604645 2026] [php:error] [pid 92033] [client 4.194.157.152:0] script '/domains/mjbradley/wp-user.php' not found or unable to stat
[Fri Jan 23 01:00:01.605606 2026] [php:error] [pid 92028] [client 20.24.209.153:0] script '/domains/hdickens.enteract/wp-fclass.php' not found or unable to stat
[Fri Jan 23 01:00:01.809643 2026] [php:error] [pid 92024] [client 20.205.96.233:0] script '/domains/system_default/0x0x.php' not found or unable to stat
[Fri Jan 23 01:00:01.937653 2026] [php:error] [pid 92033] [client 4.194.157.152:0] script '/domains/mjbradley/404.php' not found or unable to stat
[Fri Jan 23 01:00:02.024241 2026] [php:error] [pid 92024] [client 20.205.96.233:0] script '/domains/system_default/xx.php' not found or unable to stat
[Fri Jan 23 01:00:02.228745 2026] [php:error] [pid 92024] [client 20.205.96.233:0] script '/domains/system_default/file.php' not found or unable to stat
[Fri Jan 23 01:00:02.263068 2026] [php:error] [pid 92033] [client 4.194.157.152:0] script '/domains/mjbradley/akcc.php' not found or unable to stat
[Fri Jan 23 01:00:02.430148 2026] [php:error] [pid 92024] [client 20.205.96.233:0] script '/domains/system_default/card.php' not found or unable to stat
[Fri Jan 23 01:00:02.488133 2026] [php:error] [pid 92033] [client 4.194.157.152:0] script '/domains/mjbradley/gg.php' not found or unable to stat
[Fri Jan 23 01:00:02.632342 2026] [php:error] [pid 92024] [client 20.205.96.233:0] script '/domains/system_default/size.php' not found or unable to stat
[Fri Jan 23 01:00:02.711928 2026] [php:error] [pid 92033] [client 4.194.157.152:0] script '/domains/mjbradley/mah.php' not found or unable to stat
[Fri Jan 23 01:00:02.932241 2026] [php:error] [pid 92033] [client 4.194.157.152:0] script '/domains/mjbradley/new.php' not found or unable to stat
[Fri Jan 23 01:00:03.164029 2026] [php:error] [pid 92033] [client 4.194.157.152:0] script '/domains/mjbradley/themes.php' not found or unable to stat
[Fri Jan 23 01:00:03.457793 2026] [php:error] [pid 92024] [client 20.205.96.233:0] script '/domains/system_default/class629.php' not found or unable to stat
[Fri Jan 23 01:00:04.149035 2026] [php:error] [pid 92024] [client 20.205.96.233:0] script '/domains/system_default/file9.php' not found or unable to stat
[Fri Jan 23 01:00:04.350864 2026] [php:error] [pid 92024] [client 20.205.96.233:0] script '/domains/system_default/moon.php' not found or unable to stat
[Fri Jan 23 01:00:04.554032 2026] [php:error] [pid 92024] [client 20.205.96.233:0] script '/domains/system_default/file18.php' not found or unable to stat
[Fri Jan 23 01:00:04.947906 2026] [php:error] [pid 92024] [client 20.205.96.233:0] script '/domains/system_default/file21.php' not found or unable to stat
[Fri Jan 23 01:00:05.122656 2026] [php:error] [pid 92028] [client 20.24.209.153:0] script '/domains/hdickens.enteract/wp-themes.php' not found or unable to stat
[Fri Jan 23 01:00:05.150183 2026] [php:error] [pid 92024] [client 20.205.96.233:0] script '/domains/system_default/xxw.php' not found or unable to stat
[Fri Jan 23 01:00:05.329648 2026] [php:error] [pid 92028] [client 20.24.209.153:0] script '/domains/hdickens.enteract/xmlrpc.php' not found or unable to stat
[Fri Jan 23 01:00:05.487361 2026] [php:error] [pid 92024] [client 20.205.96.233:0] script '/domains/system_default/racs3.php' not found or unable to stat
[Fri Jan 23 01:00:05.906473 2026] [php:error] [pid 92024] [client 20.205.96.233:0] script '/domains/system_default/wsd.php' not found or unable to stat
[Fri Jan 23 01:00:06.801366 2026] [php:error] [pid 92024] [client 20.205.96.233:0] script '/domains/system_default/333.php' not found or unable to stat
[Fri Jan 23 01:00:07.042058 2026] [php:error] [pid 92024] [client 20.205.96.233:0] script '/domains/system_default/12.php' not found or unable to stat
[Fri Jan 23 01:00:07.246804 2026] [php:error] [pid 92024] [client 20.205.96.233:0] script '/domains/system_default/moon3.php' not found or unable to stat
[Fri Jan 23 01:00:07.464560 2026] [php:error] [pid 92024] [client 20.205.96.233:0] script '/domains/system_default/tor.php' not found or unable to stat
[Fri Jan 23 01:00:07.697031 2026] [php:error] [pid 92024] [client 20.205.96.233:0] script '/domains/system_default/haa.php' not found or unable to stat
[Fri Jan 23 01:00:07.931819 2026] [php:error] [pid 92024] [client 20.205.96.233:0] script '/domains/system_default/f6.php' not found or unable to stat
[Fri Jan 23 01:00:08.171236 2026] [php:error] [pid 92024] [client 20.205.96.233:0] script '/domains/system_default/asas.php' not found or unable to stat
[Fri Jan 23 01:00:08.372768 2026] [php:error] [pid 92024] [client 20.205.96.233:0] script '/domains/system_default/x.php' not found or unable to stat
[Fri Jan 23 01:00:08.582423 2026] [php:error] [pid 92024] [client 20.205.96.233:0] script '/domains/system_default/ava.php' not found or unable to stat
[Fri Jan 23 01:00:09.082251 2026] [php:error] [pid 92024] [client 20.205.96.233:0] script '/domains/system_default/ton.php' not found or unable to stat
[Fri Jan 23 01:00:09.284043 2026] [php:error] [pid 92024] [client 20.205.96.233:0] script '/domains/system_default/v1.php' not found or unable to stat
[Fri Jan 23 01:00:09.499627 2026] [php:error] [pid 92024] [client 20.205.96.233:0] script '/domains/system_default/111.php' not found or unable to stat
[Fri Jan 23 01:00:11.889194 2026] [php:error] [pid 92009] [client 20.205.96.233:0] script '/domains/system_default/an7.php' not found or unable to stat
[Fri Jan 23 01:00:12.091224 2026] [php:error] [pid 92024] [client 20.210.232.80:0] script '/domains/nmksgroupweb/aa.php' not found or unable to stat
[Fri Jan 23 01:00:12.255591 2026] [php:error] [pid 92024] [client 20.210.232.80:0] script '/domains/nmksgroupweb/about.php' not found or unable to stat
[Fri Jan 23 01:00:12.421010 2026] [php:error] [pid 92024] [client 20.210.232.80:0] script '/domains/nmksgroupweb/adminfuns.php' not found or unable to stat
[Fri Jan 23 01:00:12.525251 2026] [php:error] [pid 92009] [client 20.205.96.233:0] script '/domains/system_default/xeqdlun.php' not found or unable to stat
[Fri Jan 23 01:00:12.596881 2026] [php:error] [pid 92024] [client 20.210.232.80:0] script '/domains/nmksgroupweb/bolt.php' not found or unable to stat
[Fri Jan 23 01:00:12.726428 2026] [php:error] [pid 92009] [client 20.205.96.233:0] script '/domains/system_default/acp.php' not found or unable to stat
[Fri Jan 23 01:00:12.761582 2026] [php:error] [pid 92024] [client 20.210.232.80:0] script '/domains/nmksgroupweb/buy.php' not found or unable to stat
[Fri Jan 23 01:00:12.925962 2026] [php:error] [pid 92024] [client 20.210.232.80:0] script '/domains/nmksgroupweb/goods.php' not found or unable to stat
[Fri Jan 23 01:00:12.927263 2026] [php:error] [pid 92009] [client 20.205.96.233:0] script '/domains/system_default/yellow.php' not found or unable to stat
[Fri Jan 23 01:00:13.100917 2026] [php:error] [pid 92024] [client 20.210.232.80:0] script '/domains/nmksgroupweb/deepseek_d.php' not found or unable to stat
[Fri Jan 23 01:00:13.265311 2026] [php:error] [pid 92024] [client 20.210.232.80:0] script '/domains/nmksgroupweb/file.php' not found or unable to stat
[Fri Jan 23 01:00:13.429804 2026] [php:error] [pid 92024] [client 20.210.232.80:0] script '/domains/nmksgroupweb/ioxi-o.php' not found or unable to stat
[Fri Jan 23 01:00:13.552279 2026] [php:error] [pid 92009] [client 20.205.96.233:0] script '/domains/system_default/lala.php' not found or unable to stat
[Fri Jan 23 01:00:13.752838 2026] [php:error] [pid 92009] [client 20.205.96.233:0] script '/domains/system_default/file3.php' not found or unable to stat
[Fri Jan 23 01:00:13.769270 2026] [php:error] [pid 92024] [client 20.210.232.80:0] script '/domains/nmksgroupweb/test1.php' not found or unable to stat
[Fri Jan 23 01:00:13.934185 2026] [php:error] [pid 92024] [client 20.210.232.80:0] script '/domains/nmksgroupweb/elp.php' not found or unable to stat
[Fri Jan 23 01:00:14.119328 2026] [php:error] [pid 92009] [client 20.205.96.233:0] script '/domains/system_default/file17.php' not found or unable to stat
[Fri Jan 23 01:00:14.319971 2026] [php:error] [pid 92009] [client 20.205.96.233:0] script '/domains/system_default/shell.php' not found or unable to stat
[Fri Jan 23 01:00:14.622494 2026] [php:error] [pid 92024] [client 20.210.232.80:0] script '/domains/nmksgroupweb/xmlrpc.php' not found or unable to stat
[Fri Jan 23 01:00:14.677785 2026] [php:error] [pid 92009] [client 20.205.96.233:0] script '/domains/system_default/file15.php' not found or unable to stat
[Fri Jan 23 01:00:14.786782 2026] [php:error] [pid 92024] [client 20.210.232.80:0] script '/domains/nmksgroupweb/inputs.php' not found or unable to stat
[Fri Jan 23 01:00:14.878863 2026] [php:error] [pid 92009] [client 20.205.96.233:0] script '/domains/system_default/file30.php' not found or unable to stat
[Fri Jan 23 01:00:14.951030 2026] [php:error] [pid 92024] [client 20.210.232.80:0] script '/domains/nmksgroupweb/classsmtps.php' not found or unable to stat
[Fri Jan 23 01:00:15.125922 2026] [php:error] [pid 92024] [client 20.210.232.80:0] script '/domains/nmksgroupweb/wp-trackback.php' not found or unable to stat
[Fri Jan 23 01:00:15.248115 2026] [php:error] [pid 92009] [client 20.205.96.233:0] script '/domains/system_default/bless5.php' not found or unable to stat
[Fri Jan 23 01:00:15.290564 2026] [php:error] [pid 92024] [client 20.210.232.80:0] script '/domains/nmksgroupweb/wp-cron.php' not found or unable to stat
[Fri Jan 23 01:00:15.455965 2026] [php:error] [pid 92024] [client 20.210.232.80:0] script '/domains/nmksgroupweb/wp-load.php' not found or unable to stat
[Fri Jan 23 01:00:15.459161 2026] [php:error] [pid 92009] [client 20.205.96.233:0] script '/domains/system_default/wp-is.php' not found or unable to stat
