[Fri Jan 23 01:00:15.637208 2026] [php:error] [pid 92024] [client 20.210.232.80:0] script '/domains/nmksgroupweb/wp-mail.php' not found or unable to stat
[Fri Jan 23 01:00:15.659539 2026] [php:error] [pid 92009] [client 20.205.96.233:0] script '/domains/system_default/hook.php' not found or unable to stat
[Fri Jan 23 01:00:15.801967 2026] [php:error] [pid 92024] [client 20.210.232.80:0] script '/domains/nmksgroupweb/wp-activate.php' not found or unable to stat
[Fri Jan 23 01:00:15.869835 2026] [php:error] [pid 92009] [client 20.205.96.233:0] script '/domains/system_default/wp-configs.php' not found or unable to stat
[Fri Jan 23 01:00:15.980222 2026] [php:error] [pid 92024] [client 20.210.232.80:0] script '/domains/nmksgroupweb/plugins.php' not found or unable to stat
[Fri Jan 23 01:00:16.093808 2026] [php:error] [pid 92009] [client 20.205.96.233:0] script '/domains/system_default/mini.php' not found or unable to stat
[Fri Jan 23 01:00:16.144732 2026] [php:error] [pid 92024] [client 20.210.232.80:0] script '/domains/nmksgroupweb/admin.php' not found or unable to stat
[Fri Jan 23 01:00:16.297059 2026] [php:error] [pid 92009] [client 20.205.96.233:0] script '/domains/system_default/class19.php' not found or unable to stat
[Fri Jan 23 01:00:16.308730 2026] [php:error] [pid 92024] [client 20.210.232.80:0] script '/domains/nmksgroupweb/atomlib.php' not found or unable to stat
[Fri Jan 23 01:00:16.478588 2026] [php:error] [pid 92024] [client 20.210.232.80:0] script '/domains/nmksgroupweb/simple.php' not found or unable to stat
[Fri Jan 23 01:00:16.502156 2026] [php:error] [pid 92009] [client 20.205.96.233:0] script '/domains/system_default/plss3.php' not found or unable to stat
[Fri Jan 23 01:00:16.642954 2026] [php:error] [pid 92024] [client 20.210.232.80:0] script '/domains/nmksgroupweb/log.php' not found or unable to stat
[Fri Jan 23 01:00:16.702987 2026] [php:error] [pid 92009] [client 20.205.96.233:0] script '/domains/system_default/0x.php' not found or unable to stat
[Fri Jan 23 01:00:16.807322 2026] [php:error] [pid 92024] [client 20.210.232.80:0] script '/domains/nmksgroupweb/lufix.php' not found or unable to stat
[Fri Jan 23 01:00:16.933924 2026] [php:error] [pid 92009] [client 20.205.96.233:0] script '/domains/system_default/file1.php' not found or unable to stat
[Fri Jan 23 01:00:16.971742 2026] [php:error] [pid 92024] [client 20.210.232.80:0] script '/domains/nmksgroupweb/content.php' not found or unable to stat
[Fri Jan 23 01:00:17.134728 2026] [php:error] [pid 92009] [client 20.205.96.233:0] script '/domains/system_default/file8.php' not found or unable to stat
[Fri Jan 23 01:00:17.156758 2026] [php:error] [pid 92024] [client 20.210.232.80:0] script '/domains/nmksgroupweb/wp.php' not found or unable to stat
[Fri Jan 23 01:00:17.321183 2026] [php:error] [pid 92024] [client 20.210.232.80:0] script '/domains/nmksgroupweb/wp-conflg.php' not found or unable to stat
[Fri Jan 23 01:00:17.346725 2026] [php:error] [pid 92009] [client 20.205.96.233:0] script '/domains/system_default/100.kb.php' not found or unable to stat
[Fri Jan 23 01:00:17.496908 2026] [php:error] [pid 92024] [client 20.210.232.80:0] script '/domains/nmksgroupweb/404.php' not found or unable to stat
[Fri Jan 23 01:00:17.547831 2026] [php:error] [pid 92009] [client 20.205.96.233:0] script '/domains/system_default/ppp.php' not found or unable to stat
[Fri Jan 23 01:00:17.661778 2026] [php:error] [pid 92024] [client 20.210.232.80:0] script '/domains/nmksgroupweb/updates.php' not found or unable to stat
[Fri Jan 23 01:00:17.748565 2026] [php:error] [pid 92009] [client 20.205.96.233:0] script '/domains/system_default/tox.php' not found or unable to stat
[Fri Jan 23 01:00:17.826151 2026] [php:error] [pid 92024] [client 20.210.232.80:0] script '/domains/nmksgroupweb/radio.php' not found or unable to stat
[Fri Jan 23 01:00:17.966138 2026] [php:error] [pid 92009] [client 20.205.96.233:0] script '/domains/system_default/bless11.php' not found or unable to stat
[Fri Jan 23 01:00:18.006015 2026] [php:error] [pid 92024] [client 20.210.232.80:0] script '/domains/nmksgroupweb/xmrlpc.php' not found or unable to stat
[Fri Jan 23 01:00:18.170625 2026] [php:error] [pid 92024] [client 20.210.232.80:0] script '/domains/nmksgroupweb/moon.php' not found or unable to stat
[Fri Jan 23 01:00:18.191283 2026] [php:error] [pid 92009] [client 20.205.96.233:0] script '/domains/system_default/030.php' not found or unable to stat
[Fri Jan 23 01:00:18.335013 2026] [php:error] [pid 92024] [client 20.210.232.80:0] script '/domains/nmksgroupweb/blog.php' not found or unable to stat
[Fri Jan 23 01:00:18.391730 2026] [php:error] [pid 92009] [client 20.205.96.233:0] script '/domains/system_default/v4.php' not found or unable to stat
[Fri Jan 23 01:00:18.508990 2026] [php:error] [pid 92024] [client 20.210.232.80:0] script '/domains/nmksgroupweb/themes.php' not found or unable to stat
[Fri Jan 23 01:00:18.592737 2026] [php:error] [pid 92009] [client 20.205.96.233:0] script '/domains/system_default/xxx.php' not found or unable to stat
[Fri Jan 23 01:00:18.674417 2026] [php:error] [pid 92024] [client 20.210.232.80:0] script '/domains/nmksgroupweb/ini.php' not found or unable to stat
[Fri Jan 23 01:00:18.838696 2026] [php:error] [pid 92024] [client 20.210.232.80:0] script '/domains/nmksgroupweb/as.php' not found or unable to stat
[Fri Jan 23 01:00:18.880724 2026] [php:error] [pid 92009] [client 20.205.96.233:0] script '/domains/system_default/fs.php' not found or unable to stat
[Fri Jan 23 01:00:19.008776 2026] [php:error] [pid 92024] [client 20.210.232.80:0] script '/domains/nmksgroupweb/ws.php' not found or unable to stat
[Fri Jan 23 01:00:19.081183 2026] [php:error] [pid 92009] [client 20.205.96.233:0] script '/domains/system_default/33.php' not found or unable to stat
[Fri Jan 23 01:00:19.173231 2026] [php:error] [pid 92024] [client 20.210.232.80:0] script '/domains/nmksgroupweb/dropdown.php' not found or unable to stat
[Fri Jan 23 01:00:19.295702 2026] [php:error] [pid 92009] [client 20.205.96.233:0] script '/domains/system_default/v2.php' not found or unable to stat
[Fri Jan 23 01:00:19.338177 2026] [php:error] [pid 92024] [client 20.210.232.80:0] script '/domains/nmksgroupweb/makeasmtp.php' not found or unable to stat
[Fri Jan 23 01:00:19.504149 2026] [php:error] [pid 92024] [client 20.210.232.80:0] script '/domains/nmksgroupweb/alfanew.php' not found or unable to stat
[Fri Jan 23 01:00:19.521542 2026] [php:error] [pid 92009] [client 20.205.96.233:0] script '/domains/system_default/new4.php' not found or unable to stat
[Fri Jan 23 01:00:19.674308 2026] [php:error] [pid 92024] [client 20.210.232.80:0] script '/domains/nmksgroupweb/fw.php' not found or unable to stat
[Fri Jan 23 01:00:19.838616 2026] [php:error] [pid 92024] [client 20.210.232.80:0] script '/domains/nmksgroupweb/install.php' not found or unable to stat
[Fri Jan 23 01:00:20.002937 2026] [php:error] [pid 92024] [client 20.210.232.80:0] script '/domains/nmksgroupweb/chosen.php' not found or unable to stat
[Fri Jan 23 01:01:18.399977 2026] [php:error] [pid 92064] [client 180.251.147.88:0] script '/domains/assetenhance/xmlrpc.php' not found or unable to stat
[Fri Jan 23 01:01:40.534204 2026] [php:error] [pid 92058] [client 194.5.48.132:0] script '/domains/druckrey/akcc.php' not found or unable to stat
[Fri Jan 23 01:03:12.314869 2026] [php:error] [pid 92077] [client 4.190.195.218:0] script '/domains/tmandel/ioxi-o.php' not found or unable to stat
[Fri Jan 23 01:03:12.494807 2026] [php:error] [pid 92077] [client 4.190.195.218:0] script '/domains/tmandel/0x.php' not found or unable to stat
[Fri Jan 23 01:03:12.667950 2026] [php:error] [pid 92077] [client 4.190.195.218:0] script '/domains/tmandel/222.php' not found or unable to stat
[Fri Jan 23 01:03:12.842936 2026] [php:error] [pid 92077] [client 4.190.195.218:0] script '/domains/tmandel/aa.php' not found or unable to stat
[Fri Jan 23 01:03:13.015249 2026] [php:error] [pid 92077] [client 4.190.195.218:0] script '/domains/tmandel/abcd.php' not found or unable to stat
[Fri Jan 23 01:03:13.188552 2026] [php:error] [pid 92077] [client 4.190.195.218:0] script '/domains/tmandel/admin.php' not found or unable to stat
[Fri Jan 23 01:03:13.541015 2026] [php:error] [pid 92077] [client 4.190.195.218:0] script '/domains/tmandel/adminfuns.php' not found or unable to stat
[Fri Jan 23 01:03:13.714677 2026] [php:error] [pid 92077] [client 4.190.195.218:0] script '/domains/tmandel/akc.php' not found or unable to stat
[Fri Jan 23 01:03:13.888733 2026] [php:error] [pid 92077] [client 4.190.195.218:0] script '/domains/tmandel/buy.php' not found or unable to stat
[Fri Jan 23 01:03:14.061851 2026] [php:error] [pid 92077] [client 4.190.195.218:0] script '/domains/tmandel/cong.php' not found or unable to stat
[Fri Jan 23 01:03:14.235186 2026] [php:error] [pid 92077] [client 4.190.195.218:0] script '/domains/tmandel/ioxi-o.php' not found or unable to stat
[Fri Jan 23 01:03:14.583816 2026] [php:error] [pid 92077] [client 4.190.195.218:0] script '/domains/tmandel/db.php' not found or unable to stat
[Fri Jan 23 01:03:14.755909 2026] [php:error] [pid 92077] [client 4.190.195.218:0] script '/domains/tmandel/dropdown.php' not found or unable to stat
[Fri Jan 23 01:03:14.932363 2026] [php:error] [pid 92077] [client 4.190.195.218:0] script '/domains/tmandel/file.php' not found or unable to stat
[Fri Jan 23 01:03:15.105542 2026] [php:error] [pid 92077] [client 4.190.195.218:0] script '/domains/tmandel/goods.php' not found or unable to stat
[Fri Jan 23 01:03:15.279140 2026] [php:error] [pid 92077] [client 4.190.195.218:0] script '/domains/tmandel/hplfuns.php' not found or unable to stat
[Fri Jan 23 01:03:15.451115 2026] [php:error] [pid 92077] [client 4.190.195.218:0] script '/domains/tmandel/htaccess.php' not found or unable to stat
[Fri Jan 23 01:03:15.974908 2026] [php:error] [pid 92077] [client 4.190.195.218:0] script '/domains/tmandel/info.php' not found or unable to stat
[Fri Jan 23 01:03:16.148208 2026] [php:error] [pid 92077] [client 4.190.195.218:0] script '/domains/tmandel/profile.php' not found or unable to stat
[Fri Jan 23 01:03:16.321163 2026] [php:error] [pid 92077] [client 4.190.195.218:0] script '/domains/tmandel/sx.php' not found or unable to stat
[Fri Jan 23 01:03:19.966523 2026] [php:error] [pid 92077] [client 4.190.195.218:0] script '/domains/tmandel/wp-fclass.php' not found or unable to stat
[Fri Jan 23 01:03:22.928288 2026] [php:error] [pid 92077] [client 4.190.195.218:0] script '/domains/tmandel/wp-themes.php' not found or unable to stat
[Fri Jan 23 01:03:23.100347 2026] [php:error] [pid 92077] [client 4.190.195.218:0] script '/domains/tmandel/xmlrpc.php' not found or unable to stat
[Fri Jan 23 01:05:14.542515 2026] [core:error] [pid 92077] [client 134.209.127.251:0] AH10244: invalid URI path (/../../pics/rss.png), referer: https://space-flight.org/
[Fri Jan 23 01:05:16.346473 2026] [core:error] [pid 92075] [client 45.229.205.241:0] AH10244: invalid URI path (/../../pics/rss.png), referer: https://space-flight.org/
[Fri Jan 23 01:05:33.219184 2026] [php:error] [pid 92082] [client 20.70.170.217:0] script '/domains/deltaele/ioxi-o.php' not found or unable to stat
[Fri Jan 23 01:05:33.430458 2026] [php:error] [pid 92082] [client 20.70.170.217:0] script '/domains/deltaele/0x.php' not found or unable to stat
[Fri Jan 23 01:05:33.627863 2026] [php:error] [pid 92082] [client 20.70.170.217:0] script '/domains/deltaele/222.php' not found or unable to stat
[Fri Jan 23 01:05:33.843541 2026] [php:error] [pid 92082] [client 20.70.170.217:0] script '/domains/deltaele/aa.php' not found or unable to stat
[Fri Jan 23 01:05:34.041269 2026] [php:error] [pid 92082] [client 20.70.170.217:0] script '/domains/deltaele/abcd.php' not found or unable to stat
[Fri Jan 23 01:05:34.247027 2026] [php:error] [pid 92082] [client 20.70.170.217:0] script '/domains/deltaele/admin.php' not found or unable to stat
[Fri Jan 23 01:05:34.642507 2026] [php:error] [pid 92082] [client 20.70.170.217:0] script '/domains/deltaele/adminfuns.php' not found or unable to stat
[Fri Jan 23 01:05:34.843675 2026] [php:error] [pid 92082] [client 20.70.170.217:0] script '/domains/deltaele/akc.php' not found or unable to stat
[Fri Jan 23 01:05:35.042182 2026] [php:error] [pid 92082] [client 20.70.170.217:0] script '/domains/deltaele/buy.php' not found or unable to stat
[Fri Jan 23 01:05:35.241237 2026] [php:error] [pid 92082] [client 20.70.170.217:0] script '/domains/deltaele/cong.php' not found or unable to stat
[Fri Jan 23 01:05:35.439396 2026] [php:error] [pid 92082] [client 20.70.170.217:0] script '/domains/deltaele/ioxi-o.php' not found or unable to stat
[Fri Jan 23 01:05:35.839350 2026] [php:error] [pid 92082] [client 20.70.170.217:0] script '/domains/deltaele/db.php' not found or unable to stat
[Fri Jan 23 01:05:36.037586 2026] [php:error] [pid 92082] [client 20.70.170.217:0] script '/domains/deltaele/dropdown.php' not found or unable to stat
[Fri Jan 23 01:05:36.237780 2026] [php:error] [pid 92082] [client 20.70.170.217:0] script '/domains/deltaele/file.php' not found or unable to stat
[Fri Jan 23 01:05:36.435445 2026] [php:error] [pid 92082] [client 20.70.170.217:0] script '/domains/deltaele/goods.php' not found or unable to stat
[Fri Jan 23 01:05:36.632809 2026] [php:error] [pid 92082] [client 20.70.170.217:0] script '/domains/deltaele/hplfuns.php' not found or unable to stat
[Fri Jan 23 01:05:36.833466 2026] [php:error] [pid 92082] [client 20.70.170.217:0] script '/domains/deltaele/htaccess.php' not found or unable to stat
[Fri Jan 23 01:05:37.446117 2026] [php:error] [pid 92082] [client 20.70.170.217:0] script '/domains/deltaele/info.php' not found or unable to stat
[Fri Jan 23 01:05:37.643800 2026] [php:error] [pid 92082] [client 20.70.170.217:0] script '/domains/deltaele/profile.php' not found or unable to stat
[Fri Jan 23 01:05:37.861109 2026] [php:error] [pid 92082] [client 20.70.170.217:0] script '/domains/deltaele/sx.php' not found or unable to stat
[Fri Jan 23 01:05:42.131776 2026] [php:error] [pid 92082] [client 20.70.170.217:0] script '/domains/deltaele/wp-fclass.php' not found or unable to stat
[Fri Jan 23 01:05:45.571809 2026] [php:error] [pid 92082] [client 20.70.170.217:0] script '/domains/deltaele/wp-themes.php' not found or unable to stat
[Fri Jan 23 01:05:45.772264 2026] [php:error] [pid 92082] [client 20.70.170.217:0] script '/domains/deltaele/xmlrpc.php' not found or unable to stat
[Fri Jan 23 01:05:59.808287 2026] [php:error] [pid 92096] [client 143.14.6.23:0] script '/domains/hdickens.enteract/kmnj.php' not found or unable to stat
[Fri Jan 23 01:06:02.260504 2026] [php:error] [pid 92088] [client 143.14.6.6:0] script '/domains/hdickens.enteract/kmnj.php' not found or unable to stat
[Fri Jan 23 01:06:04.146156 2026] [php:error] [pid 92096] [client 143.14.6.147:0] script '/domains/hdickens.enteract/kmnj.php' not found or unable to stat
[Fri Jan 23 01:06:12.663300 2026] [php:error] [pid 92082] [client 51.222.42.163:0] script '/domains/davidbacker/ws.php' not found or unable to stat
[Fri Jan 23 01:06:12.734522 2026] [php:error] [pid 92098] [client 51.222.42.163:0] script '/domains/davidbacker/404.php' not found or unable to stat
[Fri Jan 23 01:06:12.814854 2026] [php:error] [pid 92096] [client 51.222.42.163:0] script '/domains/davidbacker/wp.php' not found or unable to stat
[Fri Jan 23 01:06:12.867623 2026] [php:error] [pid 92082] [client 51.222.42.163:0] script '/domains/davidbacker/wp-head.php' not found or unable to stat
[Fri Jan 23 01:06:13.258128 2026] [php:error] [pid 92098] [client 51.222.42.163:0] script '/domains/davidbacker/fm1.php' not found or unable to stat
[Fri Jan 23 01:06:13.353786 2026] [php:error] [pid 92096] [client 51.222.42.163:0] script '/domains/davidbacker/alfadheat.php' not found or unable to stat
[Fri Jan 23 01:06:13.433268 2026] [php:error] [pid 92082] [client 51.222.42.163:0] script '/domains/davidbacker/M1.php' not found or unable to stat
[Fri Jan 23 01:06:13.535855 2026] [php:error] [pid 92098] [client 51.222.42.163:0] script '/domains/davidbacker/admin.php' not found or unable to stat
[Fri Jan 23 01:06:13.816174 2026] [php:error] [pid 92098] [client 51.222.42.163:0] script '/domains/davidbacker/about.php' not found or unable to stat
[Fri Jan 23 01:06:13.927444 2026] [php:error] [pid 92096] [client 51.222.42.163:0] script '/domains/davidbacker/repeater.php' not found or unable to stat
[Fri Jan 23 01:06:14.018653 2026] [php:error] [pid 92098] [client 51.222.42.163:0] script '/domains/davidbacker/wso112233.php' not found or unable to stat
[Fri Jan 23 01:06:14.086695 2026] [php:error] [pid 92092] [client 51.222.42.163:0] script '/domains/davidbacker/dropdown.php' not found or unable to stat
[Fri Jan 23 01:06:32.154332 2026] [php:error] [pid 92099] [client 4.190.200.66:0] script '/domains/pauljbrock/wp-good.php' not found or unable to stat
[Fri Jan 23 01:06:32.332013 2026] [php:error] [pid 92099] [client 4.190.200.66:0] script '/domains/pauljbrock/ioxi-o.php' not found or unable to stat
[Fri Jan 23 01:06:32.524430 2026] [php:error] [pid 92099] [client 4.190.200.66:0] script '/domains/pauljbrock/file.php' not found or unable to stat
[Fri Jan 23 01:06:32.898321 2026] [php:error] [pid 92099] [client 4.190.200.66:0] script '/domains/pauljbrock/wp-signin.php' not found or unable to stat
[Fri Jan 23 01:06:33.085875 2026] [php:error] [pid 92099] [client 4.190.200.66:0] script '/domains/pauljbrock/abcd.php' not found or unable to stat
[Fri Jan 23 01:06:33.462368 2026] [php:error] [pid 92099] [client 4.190.200.66:0] script '/domains/pauljbrock/about.php' not found or unable to stat
[Fri Jan 23 01:06:33.640097 2026] [php:error] [pid 92099] [client 4.190.200.66:0] script '/domains/pauljbrock/bless.php' not found or unable to stat
[Fri Jan 23 01:06:33.825523 2026] [php:error] [pid 92099] [client 4.190.200.66:0] script '/domains/pauljbrock/images/install.php' not found or unable to stat
[Fri Jan 23 01:06:34.012453 2026] [php:error] [pid 92099] [client 4.190.200.66:0] script '/domains/pauljbrock/num.php' not found or unable to stat
[Fri Jan 23 01:06:34.189749 2026] [php:error] [pid 92099] [client 4.190.200.66:0] script '/domains/pauljbrock/txets.php' not found or unable to stat
[Fri Jan 23 01:06:34.367176 2026] [php:error] [pid 92099] [client 4.190.200.66:0] script '/domains/pauljbrock/wp-blog.php' not found or unable to stat
[Fri Jan 23 01:06:35.303837 2026] [php:error] [pid 92099] [client 4.190.200.66:0] script '/domains/pauljbrock/wp.php' not found or unable to stat
[Fri Jan 23 01:06:35.488068 2026] [php:error] [pid 92099] [client 4.190.200.66:0] script '/domains/pauljbrock/admin.php' not found or unable to stat
[Fri Jan 23 01:06:35.682404 2026] [php:error] [pid 92099] [client 4.190.200.66:0] script '/domains/pauljbrock/adminfuns.php' not found or unable to stat
[Fri Jan 23 01:06:35.868564 2026] [php:error] [pid 92099] [client 4.190.200.66:0] script '/domains/pauljbrock/chosen.php' not found or unable to stat
[Fri Jan 23 01:06:36.054742 2026] [php:error] [pid 92099] [client 4.190.200.66:0] script '/domains/pauljbrock/classwithtostring.php' not found or unable to stat
[Fri Jan 23 01:06:36.232913 2026] [php:error] [pid 92099] [client 4.190.200.66:0] script '/domains/pauljbrock/edit.php' not found or unable to stat
[Fri Jan 23 01:06:36.419392 2026] [php:error] [pid 92099] [client 4.190.200.66:0] script '/domains/pauljbrock/goods.php' not found or unable to stat
[Fri Jan 23 01:06:36.596219 2026] [php:error] [pid 92099] [client 4.190.200.66:0] script '/domains/pauljbrock/k.php' not found or unable to stat
[Fri Jan 23 01:06:38.248923 2026] [php:error] [pid 92099] [client 4.190.200.66:0] script '/domains/pauljbrock/wp-user.php' not found or unable to stat
[Fri Jan 23 01:06:38.443043 2026] [php:error] [pid 92099] [client 4.190.200.66:0] script '/domains/pauljbrock/404.php' not found or unable to stat
[Fri Jan 23 01:06:38.622690 2026] [php:error] [pid 92099] [client 4.190.200.66:0] script '/domains/pauljbrock/akcc.php' not found or unable to stat
[Fri Jan 23 01:06:38.808563 2026] [php:error] [pid 92099] [client 4.190.200.66:0] script '/domains/pauljbrock/gg.php' not found or unable to stat
[Fri Jan 23 01:06:38.995079 2026] [php:error] [pid 92099] [client 4.190.200.66:0] script '/domains/pauljbrock/mah.php' not found or unable to stat
[Fri Jan 23 01:06:39.172941 2026] [php:error] [pid 92099] [client 4.190.200.66:0] script '/domains/pauljbrock/new.php' not found or unable to stat
[Fri Jan 23 01:06:39.356810 2026] [php:error] [pid 92099] [client 4.190.200.66:0] script '/domains/pauljbrock/themes.php' not found or unable to stat
[Fri Jan 23 01:06:44.653262 2026] [php:error] [pid 92113] [client 20.70.170.217:0] script '/domains/ecernstelectric/aa.php' not found or unable to stat
[Fri Jan 23 01:06:44.873796 2026] [php:error] [pid 92113] [client 20.70.170.217:0] script '/domains/ecernstelectric/about.php' not found or unable to stat
[Fri Jan 23 01:06:45.096094 2026] [php:error] [pid 92113] [client 20.70.170.217:0] script '/domains/ecernstelectric/adminfuns.php' not found or unable to stat
[Fri Jan 23 01:06:45.317019 2026] [php:error] [pid 92113] [client 20.70.170.217:0] script '/domains/ecernstelectric/bolt.php' not found or unable to stat
[Fri Jan 23 01:06:45.545593 2026] [php:error] [pid 92113] [client 20.70.170.217:0] script '/domains/ecernstelectric/buy.php' not found or unable to stat
[Fri Jan 23 01:06:45.766096 2026] [php:error] [pid 92113] [client 20.70.170.217:0] script '/domains/ecernstelectric/goods.php' not found or unable to stat
[Fri Jan 23 01:06:45.986935 2026] [php:error] [pid 92113] [client 20.70.170.217:0] script '/domains/ecernstelectric/deepseek_d.php' not found or unable to stat
[Fri Jan 23 01:06:46.208784 2026] [php:error] [pid 92113] [client 20.70.170.217:0] script '/domains/ecernstelectric/file.php' not found or unable to stat
[Fri Jan 23 01:06:46.429812 2026] [php:error] [pid 92113] [client 20.70.170.217:0] script '/domains/ecernstelectric/ioxi-o.php' not found or unable to stat
[Fri Jan 23 01:06:46.871868 2026] [php:error] [pid 92113] [client 20.70.170.217:0] script '/domains/ecernstelectric/test1.php' not found or unable to stat
[Fri Jan 23 01:06:47.093544 2026] [php:error] [pid 92113] [client 20.70.170.217:0] script '/domains/ecernstelectric/elp.php' not found or unable to stat
[Fri Jan 23 01:06:47.982918 2026] [php:error] [pid 92113] [client 20.70.170.217:0] script '/domains/ecernstelectric/xmlrpc.php' not found or unable to stat
[Fri Jan 23 01:06:48.202695 2026] [php:error] [pid 92113] [client 20.70.170.217:0] script '/domains/ecernstelectric/inputs.php' not found or unable to stat
[Fri Jan 23 01:06:48.423639 2026] [php:error] [pid 92113] [client 20.70.170.217:0] script '/domains/ecernstelectric/classsmtps.php' not found or unable to stat
[Fri Jan 23 01:06:48.645914 2026] [php:error] [pid 92113] [client 20.70.170.217:0] script '/domains/ecernstelectric/wp-trackback.php' not found or unable to stat
[Fri Jan 23 01:06:48.869115 2026] [php:error] [pid 92113] [client 20.70.170.217:0] script '/domains/ecernstelectric/wp-cron.php' not found or unable to stat
[Fri Jan 23 01:06:49.090106 2026] [php:error] [pid 92113] [client 20.70.170.217:0] script '/domains/ecernstelectric/wp-load.php' not found or unable to stat
[Fri Jan 23 01:06:49.312525 2026] [php:error] [pid 92113] [client 20.70.170.217:0] script '/domains/ecernstelectric/wp-mail.php' not found or unable to stat
[Fri Jan 23 01:06:49.534850 2026] [php:error] [pid 92113] [client 20.70.170.217:0] script '/domains/ecernstelectric/wp-activate.php' not found or unable to stat
[Fri Jan 23 01:06:49.753686 2026] [php:error] [pid 92113] [client 20.70.170.217:0] script '/domains/ecernstelectric/plugins.php' not found or unable to stat
[Fri Jan 23 01:06:49.975927 2026] [php:error] [pid 92113] [client 20.70.170.217:0] script '/domains/ecernstelectric/admin.php' not found or unable to stat
[Fri Jan 23 01:06:50.196404 2026] [php:error] [pid 92113] [client 20.70.170.217:0] script '/domains/ecernstelectric/atomlib.php' not found or unable to stat
[Fri Jan 23 01:06:50.416281 2026] [php:error] [pid 92113] [client 20.70.170.217:0] script '/domains/ecernstelectric/simple.php' not found or unable to stat
[Fri Jan 23 01:06:50.635100 2026] [php:error] [pid 92113] [client 20.70.170.217:0] script '/domains/ecernstelectric/log.php' not found or unable to stat
[Fri Jan 23 01:06:50.855990 2026] [php:error] [pid 92113] [client 20.70.170.217:0] script '/domains/ecernstelectric/lufix.php' not found or unable to stat
[Fri Jan 23 01:06:51.076441 2026] [php:error] [pid 92113] [client 20.70.170.217:0] script '/domains/ecernstelectric/content.php' not found or unable to stat
[Fri Jan 23 01:06:51.296202 2026] [php:error] [pid 92113] [client 20.70.170.217:0] script '/domains/ecernstelectric/wp.php' not found or unable to stat
[Fri Jan 23 01:06:51.518603 2026] [php:error] [pid 92113] [client 20.70.170.217:0] script '/domains/ecernstelectric/wp-conflg.php' not found or unable to stat
[Fri Jan 23 01:06:51.740583 2026] [php:error] [pid 92113] [client 20.70.170.217:0] script '/domains/ecernstelectric/404.php' not found or unable to stat
[Fri Jan 23 01:06:51.960991 2026] [php:error] [pid 92113] [client 20.70.170.217:0] script '/domains/ecernstelectric/updates.php' not found or unable to stat
[Fri Jan 23 01:06:52.182261 2026] [php:error] [pid 92113] [client 20.70.170.217:0] script '/domains/ecernstelectric/radio.php' not found or unable to stat
[Fri Jan 23 01:06:52.402134 2026] [php:error] [pid 92113] [client 20.70.170.217:0] script '/domains/ecernstelectric/xmrlpc.php' not found or unable to stat
[Fri Jan 23 01:06:52.624657 2026] [php:error] [pid 92113] [client 20.70.170.217:0] script '/domains/ecernstelectric/moon.php' not found or unable to stat
[Fri Jan 23 01:06:52.842876 2026] [php:error] [pid 92113] [client 20.70.170.217:0] script '/domains/ecernstelectric/blog.php' not found or unable to stat
[Fri Jan 23 01:06:53.061800 2026] [php:error] [pid 92113] [client 20.70.170.217:0] script '/domains/ecernstelectric/themes.php' not found or unable to stat
[Fri Jan 23 01:06:53.287052 2026] [php:error] [pid 92113] [client 20.70.170.217:0] script '/domains/ecernstelectric/ini.php' not found or unable to stat
[Fri Jan 23 01:06:53.506181 2026] [php:error] [pid 92113] [client 20.70.170.217:0] script '/domains/ecernstelectric/as.php' not found or unable to stat
[Fri Jan 23 01:06:53.727253 2026] [php:error] [pid 92113] [client 20.70.170.217:0] script '/domains/ecernstelectric/ws.php' not found or unable to stat
[Fri Jan 23 01:06:53.950047 2026] [php:error] [pid 92113] [client 20.70.170.217:0] script '/domains/ecernstelectric/dropdown.php' not found or unable to stat
[Fri Jan 23 01:06:54.170108 2026] [php:error] [pid 92113] [client 20.70.170.217:0] script '/domains/ecernstelectric/makeasmtp.php' not found or unable to stat
[Fri Jan 23 01:06:54.395673 2026] [php:error] [pid 92113] [client 20.70.170.217:0] script '/domains/ecernstelectric/alfanew.php' not found or unable to stat
[Fri Jan 23 01:06:54.615464 2026] [php:error] [pid 92113] [client 20.70.170.217:0] script '/domains/ecernstelectric/fw.php' not found or unable to stat
[Fri Jan 23 01:06:54.835326 2026] [php:error] [pid 92113] [client 20.70.170.217:0] script '/domains/ecernstelectric/install.php' not found or unable to stat
[Fri Jan 23 01:06:55.059842 2026] [php:error] [pid 92113] [client 20.70.170.217:0] script '/domains/ecernstelectric/chosen.php' not found or unable to stat
[Fri Jan 23 01:07:10.801216 2026] [php:error] [pid 92106] [client 20.219.130.224:0] script '/domains/hans.interport/wp-good.php' not found or unable to stat
[Fri Jan 23 01:07:11.063409 2026] [php:error] [pid 92106] [client 20.219.130.224:0] script '/domains/hans.interport/ioxi-o.php' not found or unable to stat
[Fri Jan 23 01:07:11.499979 2026] [php:error] [pid 92106] [client 20.219.130.224:0] script '/domains/hans.interport/file.php' not found or unable to stat
[Fri Jan 23 01:07:12.078397 2026] [php:error] [pid 92106] [client 20.219.130.224:0] script '/domains/hans.interport/wp-signin.php' not found or unable to stat
[Fri Jan 23 01:07:12.244082 2026] [php:error] [pid 92099] [client 51.222.42.163:0] script '/domains/davidbacker/shell20211028.php' not found or unable to stat
[Fri Jan 23 01:07:12.342307 2026] [php:error] [pid 92106] [client 20.219.130.224:0] script '/domains/hans.interport/abcd.php' not found or unable to stat
[Fri Jan 23 01:07:12.804830 2026] [php:error] [pid 92116] [client 51.222.42.163:0] script '/domains/davidbacker/wp-header.php' not found or unable to stat
[Fri Jan 23 01:07:12.838125 2026] [php:error] [pid 92106] [client 20.219.130.224:0] script '/domains/hans.interport/about.php' not found or unable to stat
[Fri Jan 23 01:07:12.897941 2026] [php:error] [pid 92098] [client 51.222.42.163:0] script '/domains/davidbacker/alfanew.php' not found or unable to stat
[Fri Jan 23 01:07:13.025868 2026] [php:error] [pid 92099] [client 51.222.42.163:0] script '/domains/davidbacker/wp-2019.php' not found or unable to stat
[Fri Jan 23 01:07:13.110192 2026] [php:error] [pid 92116] [client 51.222.42.163:0] script '/domains/davidbacker/autoload_classmap.php' not found or unable to stat
[Fri Jan 23 01:07:13.157058 2026] [php:error] [pid 92106] [client 20.219.130.224:0] script '/domains/hans.interport/bless.php' not found or unable to stat
[Fri Jan 23 01:07:13.788442 2026] [php:error] [pid 92106] [client 20.219.130.224:0] script '/domains/hans.interport/num.php' not found or unable to stat
[Fri Jan 23 01:07:14.080842 2026] [php:error] [pid 92106] [client 20.219.130.224:0] script '/domains/hans.interport/txets.php' not found or unable to stat
[Fri Jan 23 01:07:14.395784 2026] [php:error] [pid 92106] [client 20.219.130.224:0] script '/domains/hans.interport/wp-blog.php' not found or unable to stat
[Fri Jan 23 01:07:15.834419 2026] [php:error] [pid 92106] [client 20.219.130.224:0] script '/domains/hans.interport/wp.php' not found or unable to stat
[Fri Jan 23 01:07:16.160533 2026] [php:error] [pid 92106] [client 20.219.130.224:0] script '/domains/hans.interport/admin.php' not found or unable to stat
[Fri Jan 23 01:07:16.455592 2026] [php:error] [pid 92106] [client 20.219.130.224:0] script '/domains/hans.interport/adminfuns.php' not found or unable to stat
[Fri Jan 23 01:07:16.755009 2026] [php:error] [pid 92106] [client 20.219.130.224:0] script '/domains/hans.interport/chosen.php' not found or unable to stat
[Fri Jan 23 01:07:17.029873 2026] [php:error] [pid 92106] [client 20.219.130.224:0] script '/domains/hans.interport/classwithtostring.php' not found or unable to stat
[Fri Jan 23 01:07:17.275945 2026] [php:error] [pid 92106] [client 20.219.130.224:0] script '/domains/hans.interport/edit.php' not found or unable to stat
[Fri Jan 23 01:07:17.560006 2026] [php:error] [pid 92106] [client 20.219.130.224:0] script '/domains/hans.interport/goods.php' not found or unable to stat
[Fri Jan 23 01:07:17.961967 2026] [php:error] [pid 92106] [client 20.219.130.224:0] script '/domains/hans.interport/k.php' not found or unable to stat
[Fri Jan 23 01:07:20.437576 2026] [php:error] [pid 92106] [client 20.219.130.224:0] script '/domains/hans.interport/wp-user.php' not found or unable to stat
[Fri Jan 23 01:07:20.684791 2026] [php:error] [pid 92106] [client 20.219.130.224:0] script '/domains/hans.interport/404.php' not found or unable to stat
[Fri Jan 23 01:07:20.785301 2026] [php:error] [pid 92116] [client 20.24.209.153:0] script '/domains/pookie.dnai/ioxi-o.php' not found or unable to stat
[Fri Jan 23 01:07:20.931566 2026] [php:error] [pid 92106] [client 20.219.130.224:0] script '/domains/hans.interport/akcc.php' not found or unable to stat
[Fri Jan 23 01:07:20.993476 2026] [php:error] [pid 92116] [client 20.24.209.153:0] script '/domains/pookie.dnai/0x.php' not found or unable to stat
[Fri Jan 23 01:07:21.195784 2026] [php:error] [pid 92106] [client 20.219.130.224:0] script '/domains/hans.interport/gg.php' not found or unable to stat
[Fri Jan 23 01:07:21.196299 2026] [php:error] [pid 92116] [client 20.24.209.153:0] script '/domains/pookie.dnai/222.php' not found or unable to stat
[Fri Jan 23 01:07:21.405705 2026] [php:error] [pid 92116] [client 20.24.209.153:0] script '/domains/pookie.dnai/aa.php' not found or unable to stat
[Fri Jan 23 01:07:21.449626 2026] [php:error] [pid 92106] [client 20.219.130.224:0] script '/domains/hans.interport/mah.php' not found or unable to stat
[Fri Jan 23 01:07:21.608393 2026] [php:error] [pid 92116] [client 20.24.209.153:0] script '/domains/pookie.dnai/abcd.php' not found or unable to stat
[Fri Jan 23 01:07:21.784809 2026] [php:error] [pid 92106] [client 20.219.130.224:0] script '/domains/hans.interport/new.php' not found or unable to stat
[Fri Jan 23 01:07:21.810605 2026] [php:error] [pid 92116] [client 20.24.209.153:0] script '/domains/pookie.dnai/admin.php' not found or unable to stat
[Fri Jan 23 01:07:22.112171 2026] [php:error] [pid 92106] [client 20.219.130.224:0] script '/domains/hans.interport/themes.php' not found or unable to stat
[Fri Jan 23 01:07:22.226907 2026] [php:error] [pid 92116] [client 20.24.209.153:0] script '/domains/pookie.dnai/adminfuns.php' not found or unable to stat
[Fri Jan 23 01:07:22.429805 2026] [php:error] [pid 92116] [client 20.24.209.153:0] script '/domains/pookie.dnai/akc.php' not found or unable to stat
[Fri Jan 23 01:07:22.633395 2026] [php:error] [pid 92116] [client 20.24.209.153:0] script '/domains/pookie.dnai/buy.php' not found or unable to stat
[Fri Jan 23 01:07:22.835777 2026] [php:error] [pid 92116] [client 20.24.209.153:0] script '/domains/pookie.dnai/cong.php' not found or unable to stat
[Fri Jan 23 01:07:23.049508 2026] [php:error] [pid 92116] [client 20.24.209.153:0] script '/domains/pookie.dnai/ioxi-o.php' not found or unable to stat
[Fri Jan 23 01:07:23.457306 2026] [php:error] [pid 92116] [client 20.24.209.153:0] script '/domains/pookie.dnai/db.php' not found or unable to stat
[Fri Jan 23 01:07:23.660204 2026] [php:error] [pid 92116] [client 20.24.209.153:0] script '/domains/pookie.dnai/dropdown.php' not found or unable to stat
[Fri Jan 23 01:07:23.873406 2026] [php:error] [pid 92116] [client 20.24.209.153:0] script '/domains/pookie.dnai/file.php' not found or unable to stat
[Fri Jan 23 01:07:24.076024 2026] [php:error] [pid 92116] [client 20.24.209.153:0] script '/domains/pookie.dnai/goods.php' not found or unable to stat
[Fri Jan 23 01:07:24.278302 2026] [php:error] [pid 92116] [client 20.24.209.153:0] script '/domains/pookie.dnai/hplfuns.php' not found or unable to stat
[Fri Jan 23 01:07:24.480812 2026] [php:error] [pid 92116] [client 20.24.209.153:0] script '/domains/pookie.dnai/htaccess.php' not found or unable to stat
[Fri Jan 23 01:07:25.100201 2026] [php:error] [pid 92116] [client 20.24.209.153:0] script '/domains/pookie.dnai/info.php' not found or unable to stat
[Fri Jan 23 01:07:25.302312 2026] [php:error] [pid 92116] [client 20.24.209.153:0] script '/domains/pookie.dnai/profile.php' not found or unable to stat
[Fri Jan 23 01:07:25.514615 2026] [php:error] [pid 92116] [client 20.24.209.153:0] script '/domains/pookie.dnai/sx.php' not found or unable to stat
[Fri Jan 23 01:07:29.830568 2026] [php:error] [pid 92116] [client 20.24.209.153:0] script '/domains/pookie.dnai/wp-fclass.php' not found or unable to stat
[Fri Jan 23 01:07:33.322761 2026] [php:error] [pid 92116] [client 20.24.209.153:0] script '/domains/pookie.dnai/wp-themes.php' not found or unable to stat
[Fri Jan 23 01:07:33.525107 2026] [php:error] [pid 92116] [client 20.24.209.153:0] script '/domains/pookie.dnai/xmlrpc.php' not found or unable to stat
[Fri Jan 23 01:08:37.843837 2026] [php:error] [pid 92098] [client 20.219.130.224:0] script '/domains/magicjim/wp-2019.php' not found or unable to stat
[Fri Jan 23 01:08:38.050882 2026] [php:error] [pid 92098] [client 20.219.130.224:0] script '/domains/magicjim/403.php' not found or unable to stat
[Fri Jan 23 01:08:38.259773 2026] [php:error] [pid 92098] [client 20.219.130.224:0] script '/domains/magicjim/aaa.php' not found or unable to stat
[Fri Jan 23 01:08:39.092485 2026] [php:error] [pid 92098] [client 20.219.130.224:0] script '/domains/magicjim/y.php' not found or unable to stat
[Fri Jan 23 01:08:39.506665 2026] [php:error] [pid 92098] [client 20.219.130.224:0] script '/domains/magicjim/ggfi.php' not found or unable to stat
[Fri Jan 23 01:08:40.146151 2026] [php:error] [pid 92098] [client 20.219.130.224:0] script '/domains/magicjim/buy.php' not found or unable to stat
[Fri Jan 23 01:08:40.353634 2026] [php:error] [pid 92098] [client 20.219.130.224:0] script '/domains/magicjim/chosen.php' not found or unable to stat
[Fri Jan 23 01:08:40.569224 2026] [php:error] [pid 92098] [client 20.219.130.224:0] script '/domains/magicjim/index.php' not found or unable to stat
[Fri Jan 23 01:08:40.788184 2026] [php:error] [pid 92098] [client 20.219.130.224:0] script '/domains/magicjim/cron.php' not found or unable to stat
[Fri Jan 23 01:08:40.998391 2026] [php:error] [pid 92098] [client 20.219.130.224:0] script '/domains/magicjim/functions.php' not found or unable to stat
[Fri Jan 23 01:08:41.839595 2026] [php:error] [pid 92098] [client 20.219.130.224:0] script '/domains/magicjim/wp-add.php' not found or unable to stat
[Fri Jan 23 01:08:42.047168 2026] [php:error] [pid 92098] [client 20.219.130.224:0] script '/domains/magicjim/0.php' not found or unable to stat
[Fri Jan 23 01:08:42.264314 2026] [php:error] [pid 92098] [client 20.219.130.224:0] script '/domains/magicjim/edit.php' not found or unable to stat
[Fri Jan 23 01:08:42.488785 2026] [php:error] [pid 92098] [client 20.219.130.224:0] script '/domains/magicjim/meta.php' not found or unable to stat
[Fri Jan 23 01:08:42.695701 2026] [php:error] [pid 92098] [client 20.219.130.224:0] script '/domains/magicjim/new.php' not found or unable to stat
[Fri Jan 23 01:08:43.109824 2026] [php:error] [pid 92098] [client 20.219.130.224:0] script '/domains/magicjim/as.php' not found or unable to stat
[Fri Jan 23 01:08:43.323040 2026] [php:error] [pid 92098] [client 20.219.130.224:0] script '/domains/magicjim/ds.php' not found or unable to stat
[Fri Jan 23 01:08:43.544473 2026] [php:error] [pid 92098] [client 20.219.130.224:0] script '/domains/magicjim/error.php' not found or unable to stat
[Fri Jan 23 01:08:43.751820 2026] [php:error] [pid 92098] [client 20.219.130.224:0] script '/domains/magicjim/gecko-new.php' not found or unable to stat
[Fri Jan 23 01:08:43.959009 2026] [php:error] [pid 92098] [client 20.219.130.224:0] script '/domains/magicjim/randkeyword.php' not found or unable to stat
[Fri Jan 23 01:08:44.605250 2026] [php:error] [pid 92098] [client 20.219.130.224:0] script '/domains/magicjim/NewFile.php' not found or unable to stat
[Fri Jan 23 01:08:44.812325 2026] [php:error] [pid 92098] [client 20.219.130.224:0] script '/domains/magicjim/goods.php' not found or unable to stat
[Fri Jan 23 01:08:45.063365 2026] [php:error] [pid 92098] [client 20.219.130.224:0] script '/domains/magicjim/simple.php' not found or unable to stat
[Fri Jan 23 01:08:45.914022 2026] [php:error] [pid 92098] [client 20.219.130.224:0] script '/domains/magicjim/c.php' not found or unable to stat
[Fri Jan 23 01:08:46.557726 2026] [php:error] [pid 92098] [client 20.219.130.224:0] script '/domains/magicjim/auth.php' not found or unable to stat
[Fri Jan 23 01:08:46.773035 2026] [php:error] [pid 92098] [client 20.219.130.224:0] script '/domains/magicjim/class-wp-lock.php' not found or unable to stat
[Fri Jan 23 01:08:46.981830 2026] [php:error] [pid 92098] [client 20.219.130.224:0] script '/domains/magicjim/cookie.php' not found or unable to stat
[Fri Jan 23 01:08:47.188884 2026] [php:error] [pid 92098] [client 20.219.130.224:0] script '/domains/magicjim/admin.php' not found or unable to stat
[Fri Jan 23 01:08:47.437061 2026] [php:error] [pid 92098] [client 20.219.130.224:0] script '/domains/magicjim/baxa1.php' not found or unable to stat
[Fri Jan 23 01:08:48.114811 2026] [php:error] [pid 92098] [client 20.219.130.224:0] script '/domains/magicjim/xleet.php' not found or unable to stat
[Fri Jan 23 01:08:48.535449 2026] [php:error] [pid 92098] [client 20.219.130.224:0] script '/domains/magicjim/about.php' not found or unable to stat
[Fri Jan 23 01:08:49.848295 2026] [php:error] [pid 92098] [client 20.219.130.224:0] script '/domains/magicjim/alfanew.php' not found or unable to stat
[Fri Jan 23 01:08:50.263125 2026] [php:error] [pid 92098] [client 20.219.130.224:0] script '/domains/magicjim/22.php' not found or unable to stat
[Fri Jan 23 01:08:50.907690 2026] [php:error] [pid 92098] [client 20.219.130.224:0] script '/domains/magicjim/simple.php' not found or unable to stat
[Fri Jan 23 01:08:51.321451 2026] [php:error] [pid 92098] [client 20.219.130.224:0] script '/domains/magicjim/admin.php' not found or unable to stat
[Fri Jan 23 01:08:51.542295 2026] [php:error] [pid 92098] [client 20.219.130.224:0] script '/domains/magicjim/c99.php' not found or unable to stat
[Fri Jan 23 01:08:51.749280 2026] [php:error] [pid 92098] [client 20.219.130.224:0] script '/domains/magicjim/file.php' not found or unable to stat
[Fri Jan 23 01:08:51.982087 2026] [php:error] [pid 92098] [client 20.219.130.224:0] script '/domains/magicjim/b.php' not found or unable to stat
[Fri Jan 23 01:08:52.189129 2026] [php:error] [pid 92098] [client 20.219.130.224:0] script '/domains/magicjim/classwithtostring.php' not found or unable to stat
[Fri Jan 23 01:08:52.399145 2026] [php:error] [pid 92098] [client 20.219.130.224:0] script '/domains/magicjim/css.php' not found or unable to stat
[Fri Jan 23 01:08:52.634105 2026] [php:error] [pid 92098] [client 20.219.130.224:0] script '/domains/magicjim/flower.php' not found or unable to stat
[Fri Jan 23 01:08:53.274363 2026] [php:error] [pid 92098] [client 20.219.130.224:0] script '/domains/magicjim/jp.php' not found or unable to stat
[Fri Jan 23 01:08:53.490805 2026] [php:error] [pid 92098] [client 20.219.130.224:0] script '/domains/magicjim/room.php' not found or unable to stat
[Fri Jan 23 01:08:54.133983 2026] [php:error] [pid 92098] [client 20.219.130.224:0] script '/domains/magicjim/12.php' not found or unable to stat
[Fri Jan 23 01:08:54.343251 2026] [php:error] [pid 92098] [client 20.219.130.224:0] script '/domains/magicjim/404.php' not found or unable to stat
[Fri Jan 23 01:08:54.550790 2026] [php:error] [pid 92098] [client 20.219.130.224:0] script '/domains/magicjim/disagreed.php' not found or unable to stat
[Fri Jan 23 01:08:55.008060 2026] [php:error] [pid 92098] [client 20.219.130.224:0] script '/domains/magicjim/text.php' not found or unable to stat
[Fri Jan 23 01:08:56.722162 2026] [php:error] [pid 92098] [client 20.219.130.224:0] script '/domains/magicjim/GOD.php' not found or unable to stat
[Fri Jan 23 01:08:57.140032 2026] [php:error] [pid 92098] [client 20.219.130.224:0] script '/domains/magicjim/alfa-rex.php' not found or unable to stat
[Fri Jan 23 01:08:57.365841 2026] [php:error] [pid 92098] [client 20.219.130.224:0] script '/domains/magicjim/f35.php' not found or unable to stat
[Fri Jan 23 01:08:57.593436 2026] [php:error] [pid 92098] [client 20.219.130.224:0] script '/domains/magicjim/feeds.php' not found or unable to stat
[Fri Jan 23 01:08:58.013754 2026] [php:error] [pid 92098] [client 20.219.130.224:0] script '/domains/magicjim/favicon.php' not found or unable to stat
[Fri Jan 23 01:08:58.442850 2026] [php:error] [pid 92098] [client 20.219.130.224:0] script '/domains/magicjim/hehe.php' not found or unable to stat
[Fri Jan 23 01:08:59.480742 2026] [php:error] [pid 92121] [client 20.42.209.0:0] script '/domains/system_suspended/rrr.php' not found or unable to stat
[Fri Jan 23 01:08:59.681070 2026] [php:error] [pid 92121] [client 20.42.209.0:0] script '/domains/system_suspended/kk.php' not found or unable to stat
[Fri Jan 23 01:08:59.881419 2026] [php:error] [pid 92121] [client 20.42.209.0:0] script '/domains/system_suspended/as.php' not found or unable to stat
[Fri Jan 23 01:08:59.940015 2026] [php:error] [pid 92131] [client 20.219.130.224:0] script '/domains/magicjim/user.php' not found or unable to stat
[Fri Jan 23 01:09:00.093357 2026] [php:error] [pid 92121] [client 20.42.209.0:0] script '/domains/system_suspended/bless.php' not found or unable to stat
[Fri Jan 23 01:09:00.156059 2026] [php:error] [pid 92131] [client 20.219.130.224:0] script '/domains/magicjim/autoload_classmap.php' not found or unable to stat
[Fri Jan 23 01:09:00.362775 2026] [php:error] [pid 92131] [client 20.219.130.224:0] script '/domains/magicjim/files.php' not found or unable to stat
[Fri Jan 23 01:09:00.409722 2026] [php:error] [pid 92121] [client 20.42.209.0:0] script '/domains/system_suspended/style.php' not found or unable to stat
[Fri Jan 23 01:09:00.608976 2026] [php:error] [pid 92121] [client 20.42.209.0:0] script '/domains/system_suspended/cwclass.php' not found or unable to stat
[Fri Jan 23 01:09:00.806158 2026] [php:error] [pid 92131] [client 20.219.130.224:0] script '/domains/magicjim/about.php' not found or unable to stat
[Fri Jan 23 01:09:00.830821 2026] [php:error] [pid 92121] [client 20.42.209.0:0] script '/domains/system_suspended/0x.php' not found or unable to stat
[Fri Jan 23 01:09:01.013451 2026] [php:error] [pid 92131] [client 20.219.130.224:0] script '/domains/magicjim/al.php' not found or unable to stat
[Fri Jan 23 01:09:01.219886 2026] [php:error] [pid 92131] [client 20.219.130.224:0] script '/domains/magicjim/byp.php' not found or unable to stat
[Fri Jan 23 01:09:01.232264 2026] [php:error] [pid 92121] [client 20.42.209.0:0] script '/domains/system_suspended/404.php' not found or unable to stat
[Fri Jan 23 01:09:01.432425 2026] [php:error] [pid 92121] [client 20.42.209.0:0] script '/domains/system_suspended/goomaogm.php' not found or unable to stat
[Fri Jan 23 01:09:01.631777 2026] [php:error] [pid 92121] [client 20.42.209.0:0] script '/domains/system_suspended/Dede.php' not found or unable to stat
[Fri Jan 23 01:09:01.636117 2026] [php:error] [pid 92131] [client 20.219.130.224:0] script '/domains/magicjim/wander.php' not found or unable to stat
[Fri Jan 23 01:09:01.832228 2026] [php:error] [pid 92121] [client 20.42.209.0:0] script '/domains/system_suspended/dichku.php' not found or unable to stat
[Fri Jan 23 01:09:02.031323 2026] [php:error] [pid 92121] [client 20.42.209.0:0] script '/domains/system_suspended/h2a2ck.php' not found or unable to stat
[Fri Jan 23 01:09:02.239571 2026] [php:error] [pid 92121] [client 20.42.209.0:0] script '/domains/system_suspended/yr.PHP' not found or unable to stat
[Fri Jan 23 01:09:02.443659 2026] [php:error] [pid 92121] [client 20.42.209.0:0] script '/domains/system_suspended/Mks3.PhP' not found or unable to stat
[Fri Jan 23 01:09:02.464476 2026] [php:error] [pid 92131] [client 20.219.130.224:0] script '/domains/magicjim/en.php' not found or unable to stat
[Fri Jan 23 01:09:02.644342 2026] [php:error] [pid 92121] [client 20.42.209.0:0] script '/domains/system_suspended/222.php' not found or unable to stat
[Fri Jan 23 01:09:02.677268 2026] [php:error] [pid 92131] [client 20.219.130.224:0] script '/domains/magicjim/help.php' not found or unable to stat
[Fri Jan 23 01:09:02.843572 2026] [php:error] [pid 92121] [client 20.42.209.0:0] script '/domains/system_suspended/ty226.php' not found or unable to stat
[Fri Jan 23 01:09:03.051432 2026] [php:error] [pid 92121] [client 20.42.209.0:0] script '/domains/system_suspended/webadmin.php' not found or unable to stat
[Fri Jan 23 01:09:03.263333 2026] [php:error] [pid 92121] [client 20.42.209.0:0] script '/domains/system_suspended/pn.php' not found or unable to stat
[Fri Jan 23 01:09:03.462793 2026] [php:error] [pid 92121] [client 20.42.209.0:0] script '/domains/system_suspended/classwithtostring.php' not found or unable to stat
[Fri Jan 23 01:09:03.509632 2026] [php:error] [pid 92131] [client 20.219.130.224:0] script '/domains/magicjim/control.php' not found or unable to stat
[Fri Jan 23 01:09:03.662458 2026] [php:error] [pid 92121] [client 20.42.209.0:0] script '/domains/system_suspended/img.php' not found or unable to stat
[Fri Jan 23 01:09:03.862350 2026] [php:error] [pid 92121] [client 20.42.209.0:0] script '/domains/system_suspended/ioxi-o.php' not found or unable to stat
[Fri Jan 23 01:09:04.072931 2026] [php:error] [pid 92121] [client 20.42.209.0:0] script '/domains/system_suspended/hans.php' not found or unable to stat
[Fri Jan 23 01:09:04.133857 2026] [php:error] [pid 92131] [client 20.219.130.224:0] script '/domains/magicjim/radio.php' not found or unable to stat
[Fri Jan 23 01:09:04.340427 2026] [php:error] [pid 92131] [client 20.219.130.224:0] script '/domains/magicjim/dropdown.php' not found or unable to stat
[Fri Jan 23 01:09:04.492257 2026] [php:error] [pid 92121] [client 20.42.209.0:0] script '/domains/system_suspended/wp-ana.php' not found or unable to stat
[Fri Jan 23 01:09:04.692681 2026] [php:error] [pid 92121] [client 20.42.209.0:0] script '/domains/system_suspended/info.php' not found or unable to stat
[Fri Jan 23 01:09:04.892889 2026] [php:error] [pid 92121] [client 20.42.209.0:0] script '/domains/system_suspended/tx1.php' not found or unable to stat
[Fri Jan 23 01:09:04.986207 2026] [php:error] [pid 92131] [client 20.219.130.224:0] script '/domains/magicjim/wp-2019.php' not found or unable to stat
[Fri Jan 23 01:09:05.097372 2026] [php:error] [pid 92121] [client 20.42.209.0:0] script '/domains/system_suspended/lv.php' not found or unable to stat
[Fri Jan 23 01:09:05.296444 2026] [php:error] [pid 92121] [client 20.42.209.0:0] script '/domains/system_suspended/ccou.php' not found or unable to stat
[Fri Jan 23 01:09:05.399255 2026] [php:error] [pid 92131] [client 20.219.130.224:0] script '/domains/magicjim/403.php' not found or unable to stat
[Fri Jan 23 01:09:05.496243 2026] [php:error] [pid 92121] [client 20.42.209.0:0] script '/domains/system_suspended/wsd.php' not found or unable to stat
