[Fri Jan 23 03:01:22.317338 2026] [php:error] [pid 16219] [client 40.113.19.56:0] script '/domains/emsco1/ioxi.php' not found or unable to stat
[Fri Jan 23 03:01:22.389184 2026] [php:error] [pid 16219] [client 40.113.19.56:0] script '/domains/emsco1/xpwer1.php' not found or unable to stat
[Fri Jan 23 03:01:22.461280 2026] [php:error] [pid 16219] [client 40.113.19.56:0] script '/domains/emsco1/about.php' not found or unable to stat
[Fri Jan 23 03:01:22.604532 2026] [php:error] [pid 16219] [client 40.113.19.56:0] script '/domains/emsco1/13.php' not found or unable to stat
[Fri Jan 23 03:01:22.747712 2026] [php:error] [pid 16219] [client 40.113.19.56:0] script '/domains/emsco1/admin.php' not found or unable to stat
[Fri Jan 23 03:01:22.964054 2026] [php:error] [pid 16219] [client 40.113.19.56:0] script '/domains/emsco1/info.php' not found or unable to stat
[Fri Jan 23 03:01:23.035255 2026] [php:error] [pid 16219] [client 40.113.19.56:0] script '/domains/emsco1/about.php' not found or unable to stat
[Fri Jan 23 03:01:23.178757 2026] [php:error] [pid 16219] [client 40.113.19.56:0] script '/domains/emsco1/ss1.php' not found or unable to stat
[Fri Jan 23 03:01:23.322795 2026] [php:error] [pid 16219] [client 40.113.19.56:0] script '/domains/emsco1/goods.php' not found or unable to stat
[Fri Jan 23 03:01:23.394310 2026] [php:error] [pid 16219] [client 40.113.19.56:0] script '/domains/emsco1/admin.php' not found or unable to stat
[Fri Jan 23 03:01:23.465769 2026] [php:error] [pid 16219] [client 40.113.19.56:0] script '/domains/emsco1/222.php' not found or unable to stat
[Fri Jan 23 03:01:23.537325 2026] [php:error] [pid 16219] [client 40.113.19.56:0] script '/domains/emsco1/abcd.php' not found or unable to stat
[Fri Jan 23 03:01:23.680082 2026] [php:error] [pid 16219] [client 40.113.19.56:0] script '/domains/emsco1/adminfuns.php' not found or unable to stat
[Fri Jan 23 03:01:23.751602 2026] [php:error] [pid 16219] [client 40.113.19.56:0] script '/domains/emsco1/ioxi-o.php' not found or unable to stat
[Fri Jan 23 03:01:23.894246 2026] [php:error] [pid 16219] [client 40.113.19.56:0] script '/domains/emsco1/goat.php' not found or unable to stat
[Fri Jan 23 03:01:24.038609 2026] [php:error] [pid 16219] [client 40.113.19.56:0] script '/domains/emsco1/xx.php' not found or unable to stat
[Fri Jan 23 03:01:24.255470 2026] [php:error] [pid 16219] [client 40.113.19.56:0] script '/domains/emsco1/f5.php' not found or unable to stat
[Fri Jan 23 03:01:24.327042 2026] [php:error] [pid 16219] [client 40.113.19.56:0] script '/domains/emsco1/doc.php' not found or unable to stat
[Fri Jan 23 03:01:24.398682 2026] [php:error] [pid 16219] [client 40.113.19.56:0] script '/domains/emsco1/xtride.php' not found or unable to stat
[Fri Jan 23 03:01:24.479362 2026] [php:error] [pid 16219] [client 40.113.19.56:0] script '/domains/emsco1/flower.php' not found or unable to stat
[Fri Jan 23 03:01:24.551341 2026] [php:error] [pid 16219] [client 40.113.19.56:0] script '/domains/emsco1/flower2.php' not found or unable to stat
[Fri Jan 23 03:01:24.623008 2026] [php:error] [pid 16219] [client 40.113.19.56:0] script '/domains/emsco1/f6.php' not found or unable to stat
[Fri Jan 23 03:01:24.694798 2026] [php:error] [pid 16219] [client 40.113.19.56:0] script '/domains/emsco1/edit.php' not found or unable to stat
[Fri Jan 23 03:01:24.766282 2026] [php:error] [pid 16219] [client 40.113.19.56:0] script '/domains/emsco1/aa.php' not found or unable to stat
[Fri Jan 23 03:01:24.837906 2026] [php:error] [pid 16219] [client 40.113.19.56:0] script '/domains/emsco1/ext.php' not found or unable to stat
[Fri Jan 23 03:01:25.052893 2026] [php:error] [pid 16219] [client 40.113.19.56:0] script '/domains/emsco1/av.php' not found or unable to stat
[Fri Jan 23 03:01:25.199419 2026] [php:error] [pid 16219] [client 40.113.19.56:0] script '/domains/emsco1/wsd.php' not found or unable to stat
[Fri Jan 23 03:01:25.342213 2026] [php:error] [pid 16219] [client 40.113.19.56:0] script '/domains/emsco1/classwithtostring.php' not found or unable to stat
[Fri Jan 23 03:01:25.413717 2026] [php:error] [pid 16219] [client 40.113.19.56:0] script '/domains/emsco1/file48.php' not found or unable to stat
[Fri Jan 23 03:01:25.563211 2026] [php:error] [pid 16219] [client 40.113.19.56:0] script '/domains/emsco1/css.php' not found or unable to stat
[Fri Jan 23 03:01:25.634663 2026] [php:error] [pid 16219] [client 40.113.19.56:0] script '/domains/emsco1/alfa.php' not found or unable to stat
[Fri Jan 23 03:01:25.707322 2026] [php:error] [pid 16219] [client 40.113.19.56:0] script '/domains/emsco1/wen.php' not found or unable to stat
[Fri Jan 23 03:01:25.778934 2026] [php:error] [pid 16219] [client 40.113.19.56:0] script '/domains/emsco1/x.php' not found or unable to stat
[Fri Jan 23 03:01:25.850852 2026] [php:error] [pid 16219] [client 40.113.19.56:0] script '/domains/emsco1/xxxx.php' not found or unable to stat
[Fri Jan 23 03:01:25.922476 2026] [php:error] [pid 16219] [client 40.113.19.56:0] script '/domains/emsco1/class.php' not found or unable to stat
[Fri Jan 23 03:01:26.066149 2026] [php:error] [pid 16219] [client 40.113.19.56:0] script '/domains/emsco1/gec.php' not found or unable to stat
[Fri Jan 23 03:01:26.138691 2026] [php:error] [pid 16219] [client 40.113.19.56:0] script '/domains/emsco1/f35.php' not found or unable to stat
[Fri Jan 23 03:01:26.282289 2026] [php:error] [pid 16219] [client 40.113.19.56:0] script '/domains/emsco1/pp.php' not found or unable to stat
[Fri Jan 23 03:01:26.496785 2026] [php:error] [pid 16219] [client 40.113.19.56:0] script '/domains/emsco1/lock360.php' not found or unable to stat
[Fri Jan 23 03:01:26.568600 2026] [php:error] [pid 16219] [client 40.113.19.56:0] script '/domains/emsco1/galex.php' not found or unable to stat
[Fri Jan 23 03:01:26.640232 2026] [php:error] [pid 16219] [client 40.113.19.56:0] script '/domains/emsco1/as.php' not found or unable to stat
[Fri Jan 23 03:01:26.712676 2026] [php:error] [pid 16219] [client 40.113.19.56:0] script '/domains/emsco1/class-t.api.php' not found or unable to stat
[Fri Jan 23 03:01:26.784527 2026] [php:error] [pid 16219] [client 40.113.19.56:0] script '/domains/emsco1/bipas.php' not found or unable to stat
[Fri Jan 23 03:01:26.855833 2026] [php:error] [pid 16219] [client 40.113.19.56:0] script '/domains/emsco1/shoyo.php' not found or unable to stat
[Fri Jan 23 03:01:26.927195 2026] [php:error] [pid 16219] [client 40.113.19.56:0] script '/domains/emsco1/admin.php' not found or unable to stat
[Fri Jan 23 03:01:26.998635 2026] [php:error] [pid 16219] [client 40.113.19.56:0] script '/domains/emsco1/ar.php' not found or unable to stat
[Fri Jan 23 03:01:27.070623 2026] [php:error] [pid 16219] [client 40.113.19.56:0] script '/domains/emsco1/blurbs18.php' not found or unable to stat
[Fri Jan 23 03:01:27.142259 2026] [php:error] [pid 16219] [client 40.113.19.56:0] script '/domains/emsco1/radio.php' not found or unable to stat
[Fri Jan 23 03:01:27.215250 2026] [php:error] [pid 16219] [client 40.113.19.56:0] script '/domains/emsco1/wp-good.php' not found or unable to stat
[Fri Jan 23 03:01:27.286765 2026] [php:error] [pid 16219] [client 40.113.19.56:0] script '/domains/emsco1/bless14.php' not found or unable to stat
[Fri Jan 23 03:01:27.360190 2026] [php:error] [pid 16219] [client 40.113.19.56:0] script '/domains/emsco1/ws13.php' not found or unable to stat
[Fri Jan 23 03:01:28.011540 2026] [php:error] [pid 16219] [client 40.113.19.56:0] script '/domains/emsco1/zwso.php' not found or unable to stat
[Fri Jan 23 03:01:28.082980 2026] [php:error] [pid 16219] [client 40.113.19.56:0] script '/domains/emsco1/autoload_classmap.php' not found or unable to stat
[Fri Jan 23 03:01:28.155593 2026] [php:error] [pid 16219] [client 40.113.19.56:0] script '/domains/emsco1/bless.php' not found or unable to stat
[Fri Jan 23 03:01:28.227176 2026] [php:error] [pid 16219] [client 40.113.19.56:0] script '/domains/emsco1/X7x.php' not found or unable to stat
[Fri Jan 23 03:01:28.299669 2026] [php:error] [pid 16219] [client 40.113.19.56:0] script '/domains/emsco1/class20.php' not found or unable to stat
[Fri Jan 23 03:01:28.371536 2026] [php:error] [pid 16219] [client 40.113.19.56:0] script '/domains/emsco1/lock360.php' not found or unable to stat
[Fri Jan 23 03:01:28.596491 2026] [php:error] [pid 16222] [client 40.113.19.56:0] script '/domains/emsco1/themes.php' not found or unable to stat
[Fri Jan 23 03:01:28.669388 2026] [php:error] [pid 16222] [client 40.113.19.56:0] script '/domains/emsco1/gifclass4.php' not found or unable to stat
[Fri Jan 23 03:01:28.742246 2026] [php:error] [pid 16222] [client 40.113.19.56:0] script '/domains/emsco1/wag.php' not found or unable to stat
[Fri Jan 23 03:01:28.815308 2026] [php:error] [pid 16222] [client 40.113.19.56:0] script '/domains/emsco1/xvent.php' not found or unable to stat
[Fri Jan 23 03:01:28.899743 2026] [php:error] [pid 16222] [client 40.113.19.56:0] script '/domains/emsco1/wp-aaa.php' not found or unable to stat
[Fri Jan 23 03:01:28.973506 2026] [php:error] [pid 16222] [client 40.113.19.56:0] script '/domains/emsco1/ut.php' not found or unable to stat
[Fri Jan 23 03:01:29.046611 2026] [php:error] [pid 16222] [client 40.113.19.56:0] script '/domains/emsco1/class19.php' not found or unable to stat
[Fri Jan 23 03:01:29.120577 2026] [php:error] [pid 16222] [client 40.113.19.56:0] script '/domains/emsco1/ooo.php' not found or unable to stat
[Fri Jan 23 03:01:29.193700 2026] [php:error] [pid 16222] [client 40.113.19.56:0] script '/domains/emsco1/166.php' not found or unable to stat
[Fri Jan 23 03:01:29.267261 2026] [php:error] [pid 16222] [client 40.113.19.56:0] script '/domains/emsco1/bypass.php' not found or unable to stat
[Fri Jan 23 03:01:29.340351 2026] [php:error] [pid 16222] [client 40.113.19.56:0] script '/domains/emsco1/plss3.php' not found or unable to stat
[Fri Jan 23 03:01:29.413782 2026] [php:error] [pid 16222] [client 40.113.19.56:0] script '/domains/emsco1/atomlib.php' not found or unable to stat
[Fri Jan 23 03:01:29.486977 2026] [php:error] [pid 16222] [client 40.113.19.56:0] script '/domains/emsco1/we.php' not found or unable to stat
[Fri Jan 23 03:01:29.566065 2026] [php:error] [pid 16222] [client 40.113.19.56:0] script '/domains/emsco1/admin.php' not found or unable to stat
[Fri Jan 23 03:01:29.665562 2026] [php:error] [pid 16222] [client 40.113.19.56:0] script '/domains/emsco1/t.php' not found or unable to stat
[Fri Jan 23 03:01:29.739463 2026] [php:error] [pid 16222] [client 40.113.19.56:0] script '/domains/emsco1/bp.php' not found or unable to stat
[Fri Jan 23 03:01:29.886110 2026] [php:error] [pid 16222] [client 40.113.19.56:0] script '/domains/emsco1/geck.php' not found or unable to stat
[Fri Jan 23 03:01:29.959984 2026] [php:error] [pid 16222] [client 40.113.19.56:0] script '/domains/emsco1/wpc.php' not found or unable to stat
[Fri Jan 23 03:01:30.034120 2026] [php:error] [pid 16222] [client 40.113.19.56:0] script '/domains/emsco1/yellow.php' not found or unable to stat
[Fri Jan 23 03:01:30.107252 2026] [php:error] [pid 16222] [client 40.113.19.56:0] script '/domains/emsco1/a.php' not found or unable to stat
[Fri Jan 23 03:01:30.180154 2026] [php:error] [pid 16222] [client 40.113.19.56:0] script '/domains/emsco1/admins.php' not found or unable to stat
[Fri Jan 23 03:01:30.253069 2026] [php:error] [pid 16222] [client 40.113.19.56:0] script '/domains/emsco1/wp-configs.php' not found or unable to stat
[Fri Jan 23 03:01:30.326134 2026] [php:error] [pid 16222] [client 40.113.19.56:0] script '/domains/emsco1/thai.php' not found or unable to stat
[Fri Jan 23 03:01:30.399172 2026] [php:error] [pid 16222] [client 40.113.19.56:0] script '/domains/emsco1/wp.php' not found or unable to stat
[Fri Jan 23 03:01:30.472021 2026] [php:error] [pid 16222] [client 40.113.19.56:0] script '/domains/emsco1/fclas.php' not found or unable to stat
[Fri Jan 23 03:01:30.545090 2026] [php:error] [pid 16222] [client 40.113.19.56:0] script '/domains/emsco1/main.php' not found or unable to stat
[Fri Jan 23 03:01:30.618044 2026] [php:error] [pid 16222] [client 40.113.19.56:0] script '/domains/emsco1/a1.php' not found or unable to stat
[Fri Jan 23 03:01:30.691369 2026] [php:error] [pid 16222] [client 40.113.19.56:0] script '/domains/emsco1/class.1.php' not found or unable to stat
[Fri Jan 23 03:01:30.764048 2026] [php:error] [pid 16222] [client 40.113.19.56:0] script '/domains/emsco1/lala.php' not found or unable to stat
[Fri Jan 23 03:01:30.837420 2026] [php:error] [pid 16222] [client 40.113.19.56:0] script '/domains/emsco1/tox.php' not found or unable to stat
[Fri Jan 23 03:01:30.916029 2026] [php:error] [pid 16222] [client 40.113.19.56:0] script '/domains/emsco1/gg.php' not found or unable to stat
[Fri Jan 23 03:01:30.989330 2026] [php:error] [pid 16222] [client 40.113.19.56:0] script '/domains/emsco1/aaa.php' not found or unable to stat
[Fri Jan 23 03:01:31.062733 2026] [php:error] [pid 16222] [client 40.113.19.56:0] script '/domains/emsco1/a2.php' not found or unable to stat
[Fri Jan 23 03:01:31.282997 2026] [php:error] [pid 16222] [client 40.113.19.56:0] script '/domains/emsco1/ee.php' not found or unable to stat
[Fri Jan 23 03:01:31.356496 2026] [php:error] [pid 16222] [client 40.113.19.56:0] script '/domains/emsco1/alfanew.php' not found or unable to stat
[Fri Jan 23 03:01:31.649186 2026] [php:error] [pid 16222] [client 40.113.19.56:0] script '/domains/emsco1/elaina.php' not found or unable to stat
[Fri Jan 23 03:01:31.722392 2026] [php:error] [pid 16222] [client 40.113.19.56:0] script '/domains/emsco1/kr.php' not found or unable to stat
[Fri Jan 23 03:01:31.942804 2026] [php:error] [pid 16222] [client 40.113.19.56:0] script '/domains/emsco1/aaaa.php' not found or unable to stat
[Fri Jan 23 03:01:32.016165 2026] [php:error] [pid 16222] [client 40.113.19.56:0] script '/domains/emsco1/to.php' not found or unable to stat
[Fri Jan 23 03:01:32.089601 2026] [php:error] [pid 16222] [client 40.113.19.56:0] script '/domains/emsco1/class-admin.php' not found or unable to stat
[Fri Jan 23 03:01:32.162973 2026] [php:error] [pid 16222] [client 40.113.19.56:0] script '/domains/emsco1/nyan.php' not found or unable to stat
[Fri Jan 23 03:01:50.951688 2026] [php:error] [pid 16323] [client 20.89.104.181:0] script '/domains/ecernstelectric/wp-2019.php' not found or unable to stat
[Fri Jan 23 03:01:51.137847 2026] [php:error] [pid 16323] [client 20.89.104.181:0] script '/domains/ecernstelectric/403.php' not found or unable to stat
[Fri Jan 23 03:01:51.677672 2026] [php:error] [pid 16323] [client 20.89.104.181:0] script '/domains/ecernstelectric/aaa.php' not found or unable to stat
[Fri Jan 23 03:01:53.301901 2026] [php:error] [pid 16323] [client 20.89.104.181:0] script '/domains/ecernstelectric/y.php' not found or unable to stat
[Fri Jan 23 03:01:54.478556 2026] [php:error] [pid 16323] [client 20.89.104.181:0] script '/domains/ecernstelectric/ggfi.php' not found or unable to stat
[Fri Jan 23 03:01:55.602250 2026] [php:error] [pid 16323] [client 20.89.104.181:0] script '/domains/ecernstelectric/buy.php' not found or unable to stat
[Fri Jan 23 03:01:55.771455 2026] [php:error] [pid 16323] [client 20.89.104.181:0] script '/domains/ecernstelectric/chosen.php' not found or unable to stat
[Fri Jan 23 03:01:56.142022 2026] [php:error] [pid 16323] [client 20.89.104.181:0] script '/domains/ecernstelectric/index.php' not found or unable to stat
[Fri Jan 23 03:01:56.323944 2026] [php:error] [pid 16323] [client 20.89.104.181:0] script '/domains/ecernstelectric/cron.php' not found or unable to stat
[Fri Jan 23 03:01:56.504508 2026] [php:error] [pid 16323] [client 20.89.104.181:0] script '/domains/ecernstelectric/functions.php' not found or unable to stat
[Fri Jan 23 03:01:57.943586 2026] [php:error] [pid 16323] [client 20.89.104.181:0] script '/domains/ecernstelectric/wp-add.php' not found or unable to stat
[Fri Jan 23 03:01:58.111391 2026] [php:error] [pid 16323] [client 20.89.104.181:0] script '/domains/ecernstelectric/0.php' not found or unable to stat
[Fri Jan 23 03:01:58.549467 2026] [php:error] [pid 16323] [client 20.89.104.181:0] script '/domains/ecernstelectric/edit.php' not found or unable to stat
[Fri Jan 23 03:01:58.739276 2026] [php:error] [pid 16323] [client 20.89.104.181:0] script '/domains/ecernstelectric/meta.php' not found or unable to stat
[Fri Jan 23 03:01:59.238767 2026] [php:error] [pid 16323] [client 20.89.104.181:0] script '/domains/ecernstelectric/new.php' not found or unable to stat
[Fri Jan 23 03:01:59.602539 2026] [php:error] [pid 16323] [client 20.89.104.181:0] script '/domains/ecernstelectric/as.php' not found or unable to stat
[Fri Jan 23 03:01:59.790728 2026] [php:error] [pid 16323] [client 20.89.104.181:0] script '/domains/ecernstelectric/ds.php' not found or unable to stat
[Fri Jan 23 03:01:59.968831 2026] [php:error] [pid 16323] [client 20.89.104.181:0] script '/domains/ecernstelectric/error.php' not found or unable to stat
[Fri Jan 23 03:02:00.629360 2026] [php:error] [pid 16323] [client 20.89.104.181:0] script '/domains/ecernstelectric/gecko-new.php' not found or unable to stat
[Fri Jan 23 03:02:00.823729 2026] [php:error] [pid 16323] [client 20.89.104.181:0] script '/domains/ecernstelectric/randkeyword.php' not found or unable to stat
[Fri Jan 23 03:02:01.788981 2026] [php:error] [pid 16323] [client 20.89.104.181:0] script '/domains/ecernstelectric/NewFile.php' not found or unable to stat
[Fri Jan 23 03:02:01.981833 2026] [php:error] [pid 16323] [client 20.89.104.181:0] script '/domains/ecernstelectric/goods.php' not found or unable to stat
[Fri Jan 23 03:02:02.188371 2026] [php:error] [pid 16323] [client 20.89.104.181:0] script '/domains/ecernstelectric/simple.php' not found or unable to stat
[Fri Jan 23 03:02:03.209375 2026] [php:error] [pid 16323] [client 20.89.104.181:0] script '/domains/ecernstelectric/c.php' not found or unable to stat
[Fri Jan 23 03:02:03.728552 2026] [php:error] [pid 16323] [client 20.89.104.181:0] script '/domains/ecernstelectric/auth.php' not found or unable to stat
[Fri Jan 23 03:02:04.269953 2026] [php:error] [pid 16323] [client 20.89.104.181:0] script '/domains/ecernstelectric/class-wp-lock.php' not found or unable to stat
[Fri Jan 23 03:02:04.804858 2026] [php:error] [pid 16323] [client 20.89.104.181:0] script '/domains/ecernstelectric/cookie.php' not found or unable to stat
[Fri Jan 23 03:02:04.975017 2026] [php:error] [pid 16323] [client 20.89.104.181:0] script '/domains/ecernstelectric/admin.php' not found or unable to stat
[Fri Jan 23 03:02:05.147540 2026] [php:error] [pid 16323] [client 20.89.104.181:0] script '/domains/ecernstelectric/baxa1.php' not found or unable to stat
[Fri Jan 23 03:02:06.508498 2026] [php:error] [pid 16323] [client 20.89.104.181:0] script '/domains/ecernstelectric/xleet.php' not found or unable to stat
[Fri Jan 23 03:02:07.423429 2026] [php:error] [pid 16323] [client 20.89.104.181:0] script '/domains/ecernstelectric/about.php' not found or unable to stat
[Fri Jan 23 03:02:08.402308 2026] [php:error] [pid 16330] [client 4.194.157.152:0] script '/domains/drsuper/wp-good.php' not found or unable to stat
[Fri Jan 23 03:02:08.623554 2026] [php:error] [pid 16330] [client 4.194.157.152:0] script '/domains/drsuper/ioxi-o.php' not found or unable to stat
[Fri Jan 23 03:02:08.863900 2026] [php:error] [pid 16330] [client 4.194.157.152:0] script '/domains/drsuper/file.php' not found or unable to stat
[Fri Jan 23 03:02:09.313135 2026] [php:error] [pid 16330] [client 4.194.157.152:0] script '/domains/drsuper/wp-signin.php' not found or unable to stat
[Fri Jan 23 03:02:09.542503 2026] [php:error] [pid 16330] [client 4.194.157.152:0] script '/domains/drsuper/abcd.php' not found or unable to stat
[Fri Jan 23 03:02:09.691205 2026] [php:error] [pid 16323] [client 20.89.104.181:0] script '/domains/ecernstelectric/alfanew.php' not found or unable to stat
[Fri Jan 23 03:02:10.008406 2026] [php:error] [pid 16330] [client 4.194.157.152:0] script '/domains/drsuper/about.php' not found or unable to stat
[Fri Jan 23 03:02:10.228957 2026] [php:error] [pid 16330] [client 4.194.157.152:0] script '/domains/drsuper/bless.php' not found or unable to stat
[Fri Jan 23 03:02:10.474062 2026] [php:error] [pid 16330] [client 4.194.157.152:0] script '/domains/drsuper/images/install.php' not found or unable to stat
[Fri Jan 23 03:02:10.703637 2026] [php:error] [pid 16330] [client 4.194.157.152:0] script '/domains/drsuper/num.php' not found or unable to stat
[Fri Jan 23 03:02:10.802004 2026] [php:error] [pid 16323] [client 20.89.104.181:0] script '/domains/ecernstelectric/22.php' not found or unable to stat
[Fri Jan 23 03:02:10.932761 2026] [php:error] [pid 16330] [client 4.194.157.152:0] script '/domains/drsuper/txets.php' not found or unable to stat
[Fri Jan 23 03:02:11.172047 2026] [php:error] [pid 16330] [client 4.194.157.152:0] script '/domains/drsuper/wp-blog.php' not found or unable to stat
[Fri Jan 23 03:02:11.693109 2026] [php:error] [pid 16323] [client 20.89.104.181:0] script '/domains/ecernstelectric/simple.php' not found or unable to stat
[Fri Jan 23 03:02:12.202845 2026] [php:error] [pid 16323] [client 20.89.104.181:0] script '/domains/ecernstelectric/admin.php' not found or unable to stat
[Fri Jan 23 03:02:12.307103 2026] [php:error] [pid 16330] [client 4.194.157.152:0] script '/domains/drsuper/wp.php' not found or unable to stat
[Fri Jan 23 03:02:12.389573 2026] [php:error] [pid 16323] [client 20.89.104.181:0] script '/domains/ecernstelectric/c99.php' not found or unable to stat
[Fri Jan 23 03:02:12.561564 2026] [php:error] [pid 16330] [client 4.194.157.152:0] script '/domains/drsuper/admin.php' not found or unable to stat
[Fri Jan 23 03:02:12.795539 2026] [php:error] [pid 16330] [client 4.194.157.152:0] script '/domains/drsuper/adminfuns.php' not found or unable to stat
[Fri Jan 23 03:02:13.002587 2026] [php:error] [pid 16323] [client 20.89.104.181:0] script '/domains/ecernstelectric/file.php' not found or unable to stat
[Fri Jan 23 03:02:13.033248 2026] [php:error] [pid 16330] [client 4.194.157.152:0] script '/domains/drsuper/chosen.php' not found or unable to stat
[Fri Jan 23 03:02:13.195893 2026] [php:error] [pid 16323] [client 20.89.104.181:0] script '/domains/ecernstelectric/b.php' not found or unable to stat
[Fri Jan 23 03:02:13.256290 2026] [php:error] [pid 16330] [client 4.194.157.152:0] script '/domains/drsuper/classwithtostring.php' not found or unable to stat
[Fri Jan 23 03:02:13.386446 2026] [php:error] [pid 16323] [client 20.89.104.181:0] script '/domains/ecernstelectric/classwithtostring.php' not found or unable to stat
[Fri Jan 23 03:02:13.480013 2026] [php:error] [pid 16330] [client 4.194.157.152:0] script '/domains/drsuper/edit.php' not found or unable to stat
[Fri Jan 23 03:02:13.576539 2026] [php:error] [pid 16323] [client 20.89.104.181:0] script '/domains/ecernstelectric/css.php' not found or unable to stat
[Fri Jan 23 03:02:13.701110 2026] [php:error] [pid 16330] [client 4.194.157.152:0] script '/domains/drsuper/goods.php' not found or unable to stat
[Fri Jan 23 03:02:13.751104 2026] [php:error] [pid 16323] [client 20.89.104.181:0] script '/domains/ecernstelectric/flower.php' not found or unable to stat
[Fri Jan 23 03:02:13.925033 2026] [php:error] [pid 16330] [client 4.194.157.152:0] script '/domains/drsuper/k.php' not found or unable to stat
[Fri Jan 23 03:02:14.422102 2026] [php:error] [pid 16323] [client 20.89.104.181:0] script '/domains/ecernstelectric/jp.php' not found or unable to stat
[Fri Jan 23 03:02:14.948352 2026] [php:error] [pid 16323] [client 20.89.104.181:0] script '/domains/ecernstelectric/room.php' not found or unable to stat
[Fri Jan 23 03:02:15.234887 2026] [php:error] [pid 16355] [client 20.219.130.224:0] script '/domains/hand-hammerweb/wp-good.php' not found or unable to stat
[Fri Jan 23 03:02:15.494713 2026] [php:error] [pid 16355] [client 20.219.130.224:0] script '/domains/hand-hammerweb/ioxi-o.php' not found or unable to stat
[Fri Jan 23 03:02:15.641159 2026] [php:error] [pid 16222] [client 20.214.146.246:0] script '/domains/system_suspended/wp-good.php' not found or unable to stat
[Fri Jan 23 03:02:15.713295 2026] [php:error] [pid 16355] [client 20.219.130.224:0] script '/domains/hand-hammerweb/file.php' not found or unable to stat
[Fri Jan 23 03:02:15.829058 2026] [php:error] [pid 16222] [client 20.214.146.246:0] script '/domains/system_suspended/ioxi-o.php' not found or unable to stat
[Fri Jan 23 03:02:15.927286 2026] [php:error] [pid 16323] [client 20.89.104.181:0] script '/domains/ecernstelectric/12.php' not found or unable to stat
[Fri Jan 23 03:02:16.011073 2026] [php:error] [pid 16330] [client 4.194.157.152:0] script '/domains/drsuper/wp-user.php' not found or unable to stat
[Fri Jan 23 03:02:16.090395 2026] [php:error] [pid 16222] [client 20.214.146.246:0] script '/domains/system_suspended/file.php' not found or unable to stat
[Fri Jan 23 03:02:16.161988 2026] [php:error] [pid 16355] [client 20.219.130.224:0] script '/domains/hand-hammerweb/wp-signin.php' not found or unable to stat
[Fri Jan 23 03:02:16.231921 2026] [php:error] [pid 16330] [client 4.194.157.152:0] script '/domains/drsuper/404.php' not found or unable to stat
[Fri Jan 23 03:02:16.406276 2026] [php:error] [pid 16355] [client 20.219.130.224:0] script '/domains/hand-hammerweb/abcd.php' not found or unable to stat
[Fri Jan 23 03:02:16.452470 2026] [php:error] [pid 16330] [client 4.194.157.152:0] script '/domains/drsuper/akcc.php' not found or unable to stat
[Fri Jan 23 03:02:16.485606 2026] [php:error] [pid 16222] [client 20.214.146.246:0] script '/domains/system_suspended/wp-signin.php' not found or unable to stat
[Fri Jan 23 03:02:16.488063 2026] [php:error] [pid 16323] [client 20.89.104.181:0] script '/domains/ecernstelectric/404.php' not found or unable to stat
[Fri Jan 23 03:02:16.673263 2026] [php:error] [pid 16222] [client 20.214.146.246:0] script '/domains/system_suspended/abcd.php' not found or unable to stat
[Fri Jan 23 03:02:16.677868 2026] [php:error] [pid 16330] [client 4.194.157.152:0] script '/domains/drsuper/gg.php' not found or unable to stat
[Fri Jan 23 03:02:16.836272 2026] [php:error] [pid 16355] [client 20.219.130.224:0] script '/domains/hand-hammerweb/about.php' not found or unable to stat
[Fri Jan 23 03:02:16.905703 2026] [php:error] [pid 16330] [client 4.194.157.152:0] script '/domains/drsuper/mah.php' not found or unable to stat
[Fri Jan 23 03:02:17.057517 2026] [php:error] [pid 16222] [client 20.214.146.246:0] script '/domains/system_suspended/about.php' not found or unable to stat
[Fri Jan 23 03:02:17.065572 2026] [php:error] [pid 16355] [client 20.219.130.224:0] script '/domains/hand-hammerweb/bless.php' not found or unable to stat
[Fri Jan 23 03:02:17.107450 2026] [php:error] [pid 16323] [client 20.89.104.181:0] script '/domains/ecernstelectric/disagreed.php' not found or unable to stat
[Fri Jan 23 03:02:17.125729 2026] [php:error] [pid 16330] [client 4.194.157.152:0] script '/domains/drsuper/new.php' not found or unable to stat
[Fri Jan 23 03:02:17.247042 2026] [php:error] [pid 16222] [client 20.214.146.246:0] script '/domains/system_suspended/bless.php' not found or unable to stat
[Fri Jan 23 03:02:17.309306 2026] [php:error] [pid 16355] [client 20.219.130.224:0] script '/domains/hand-hammerweb/images/install.php' not found or unable to stat
[Fri Jan 23 03:02:17.388024 2026] [php:error] [pid 16330] [client 4.194.157.152:0] script '/domains/drsuper/themes.php' not found or unable to stat
[Fri Jan 23 03:02:17.526510 2026] [php:error] [pid 16355] [client 20.219.130.224:0] script '/domains/hand-hammerweb/num.php' not found or unable to stat
[Fri Jan 23 03:02:17.626855 2026] [php:error] [pid 16222] [client 20.214.146.246:0] script '/domains/system_suspended/num.php' not found or unable to stat
[Fri Jan 23 03:02:17.745256 2026] [php:error] [pid 16355] [client 20.219.130.224:0] script '/domains/hand-hammerweb/txets.php' not found or unable to stat
[Fri Jan 23 03:02:17.814427 2026] [php:error] [pid 16222] [client 20.214.146.246:0] script '/domains/system_suspended/txets.php' not found or unable to stat
[Fri Jan 23 03:02:17.844867 2026] [php:error] [pid 16323] [client 20.89.104.181:0] script '/domains/ecernstelectric/text.php' not found or unable to stat
[Fri Jan 23 03:02:17.958045 2026] [php:error] [pid 16355] [client 20.219.130.224:0] script '/domains/hand-hammerweb/wp-blog.php' not found or unable to stat
[Fri Jan 23 03:02:18.002344 2026] [php:error] [pid 16222] [client 20.214.146.246:0] script '/domains/system_suspended/wp-blog.php' not found or unable to stat
[Fri Jan 23 03:02:19.097646 2026] [php:error] [pid 16222] [client 20.214.146.246:0] script '/domains/system_suspended/wp.php' not found or unable to stat
[Fri Jan 23 03:02:19.131948 2026] [php:error] [pid 16355] [client 20.219.130.224:0] script '/domains/hand-hammerweb/wp.php' not found or unable to stat
[Fri Jan 23 03:02:19.370183 2026] [php:error] [pid 16222] [client 20.214.146.246:0] script '/domains/system_suspended/admin.php' not found or unable to stat
[Fri Jan 23 03:02:19.373661 2026] [php:error] [pid 16355] [client 20.219.130.224:0] script '/domains/hand-hammerweb/admin.php' not found or unable to stat
[Fri Jan 23 03:02:19.522894 2026] [php:error] [pid 16323] [client 20.89.104.181:0] script '/domains/ecernstelectric/GOD.php' not found or unable to stat
[Fri Jan 23 03:02:19.558011 2026] [php:error] [pid 16222] [client 20.214.146.246:0] script '/domains/system_suspended/adminfuns.php' not found or unable to stat
[Fri Jan 23 03:02:19.598252 2026] [php:error] [pid 16355] [client 20.219.130.224:0] script '/domains/hand-hammerweb/adminfuns.php' not found or unable to stat
[Fri Jan 23 03:02:19.748167 2026] [php:error] [pid 16222] [client 20.214.146.246:0] script '/domains/system_suspended/chosen.php' not found or unable to stat
[Fri Jan 23 03:02:19.940590 2026] [php:error] [pid 16222] [client 20.214.146.246:0] script '/domains/system_suspended/classwithtostring.php' not found or unable to stat
[Fri Jan 23 03:02:19.967464 2026] [php:error] [pid 16355] [client 20.219.130.224:0] script '/domains/hand-hammerweb/chosen.php' not found or unable to stat
[Fri Jan 23 03:02:20.134108 2026] [php:error] [pid 16222] [client 20.214.146.246:0] script '/domains/system_suspended/edit.php' not found or unable to stat
[Fri Jan 23 03:02:20.248617 2026] [php:error] [pid 16355] [client 20.219.130.224:0] script '/domains/hand-hammerweb/classwithtostring.php' not found or unable to stat
[Fri Jan 23 03:02:20.332684 2026] [php:error] [pid 16222] [client 20.214.146.246:0] script '/domains/system_suspended/goods.php' not found or unable to stat
[Fri Jan 23 03:02:20.391987 2026] [php:error] [pid 16323] [client 20.89.104.181:0] script '/domains/ecernstelectric/alfa-rex.php' not found or unable to stat
[Fri Jan 23 03:02:20.573834 2026] [php:error] [pid 16323] [client 20.89.104.181:0] script '/domains/ecernstelectric/f35.php' not found or unable to stat
[Fri Jan 23 03:02:20.577191 2026] [php:error] [pid 16355] [client 20.219.130.224:0] script '/domains/hand-hammerweb/edit.php' not found or unable to stat
[Fri Jan 23 03:02:20.629348 2026] [php:error] [pid 16222] [client 20.214.146.246:0] script '/domains/system_suspended/k.php' not found or unable to stat
[Fri Jan 23 03:02:20.766286 2026] [php:error] [pid 16323] [client 20.89.104.181:0] script '/domains/ecernstelectric/feeds.php' not found or unable to stat
[Fri Jan 23 03:02:20.812371 2026] [php:error] [pid 16355] [client 20.219.130.224:0] script '/domains/hand-hammerweb/goods.php' not found or unable to stat
[Fri Jan 23 03:02:21.026382 2026] [php:error] [pid 16355] [client 20.219.130.224:0] script '/domains/hand-hammerweb/k.php' not found or unable to stat
[Fri Jan 23 03:02:22.006026 2026] [php:error] [pid 16323] [client 20.89.104.181:0] script '/domains/ecernstelectric/favicon.php' not found or unable to stat
[Fri Jan 23 03:02:22.408852 2026] [php:error] [pid 16222] [client 20.214.146.246:0] script '/domains/system_suspended/wp-user.php' not found or unable to stat
[Fri Jan 23 03:02:22.419907 2026] [php:error] [pid 16323] [client 20.89.104.181:0] script '/domains/ecernstelectric/hehe.php' not found or unable to stat
[Fri Jan 23 03:02:22.608916 2026] [php:error] [pid 16222] [client 20.214.146.246:0] script '/domains/system_suspended/404.php' not found or unable to stat
[Fri Jan 23 03:02:22.806890 2026] [php:error] [pid 16222] [client 20.214.146.246:0] script '/domains/system_suspended/akcc.php' not found or unable to stat
[Fri Jan 23 03:02:22.994481 2026] [php:error] [pid 16222] [client 20.214.146.246:0] script '/domains/system_suspended/gg.php' not found or unable to stat
[Fri Jan 23 03:02:23.159968 2026] [php:error] [pid 16355] [client 20.219.130.224:0] script '/domains/hand-hammerweb/wp-user.php' not found or unable to stat
[Fri Jan 23 03:02:23.251351 2026] [php:error] [pid 16222] [client 20.214.146.246:0] script '/domains/system_suspended/mah.php' not found or unable to stat
[Fri Jan 23 03:02:23.377023 2026] [php:error] [pid 16355] [client 20.219.130.224:0] script '/domains/hand-hammerweb/404.php' not found or unable to stat
[Fri Jan 23 03:02:23.575208 2026] [php:error] [pid 16222] [client 20.214.146.246:0] script '/domains/system_suspended/new.php' not found or unable to stat
[Fri Jan 23 03:02:23.660278 2026] [php:error] [pid 16355] [client 20.219.130.224:0] script '/domains/hand-hammerweb/akcc.php' not found or unable to stat
[Fri Jan 23 03:02:23.771597 2026] [php:error] [pid 16222] [client 20.214.146.246:0] script '/domains/system_suspended/themes.php' not found or unable to stat
[Fri Jan 23 03:02:23.891372 2026] [php:error] [pid 16355] [client 20.219.130.224:0] script '/domains/hand-hammerweb/gg.php' not found or unable to stat
[Fri Jan 23 03:02:24.106500 2026] [php:error] [pid 16355] [client 20.219.130.224:0] script '/domains/hand-hammerweb/mah.php' not found or unable to stat
[Fri Jan 23 03:02:24.327787 2026] [php:error] [pid 16355] [client 20.219.130.224:0] script '/domains/hand-hammerweb/new.php' not found or unable to stat
[Fri Jan 23 03:02:24.548174 2026] [php:error] [pid 16355] [client 20.219.130.224:0] script '/domains/hand-hammerweb/themes.php' not found or unable to stat
[Fri Jan 23 03:02:24.563751 2026] [php:error] [pid 16354] [client 20.89.104.181:0] script '/domains/ecernstelectric/user.php' not found or unable to stat
[Fri Jan 23 03:02:25.240349 2026] [php:error] [pid 16354] [client 20.89.104.181:0] script '/domains/ecernstelectric/autoload_classmap.php' not found or unable to stat
[Fri Jan 23 03:02:25.413304 2026] [php:error] [pid 16354] [client 20.89.104.181:0] script '/domains/ecernstelectric/files.php' not found or unable to stat
[Fri Jan 23 03:02:26.233204 2026] [php:error] [pid 16354] [client 20.89.104.181:0] script '/domains/ecernstelectric/about.php' not found or unable to stat
[Fri Jan 23 03:02:26.802794 2026] [php:error] [pid 16354] [client 20.89.104.181:0] script '/domains/ecernstelectric/al.php' not found or unable to stat
[Fri Jan 23 03:02:27.362595 2026] [php:error] [pid 16354] [client 20.89.104.181:0] script '/domains/ecernstelectric/byp.php' not found or unable to stat
[Fri Jan 23 03:02:27.988554 2026] [php:error] [pid 16354] [client 20.89.104.181:0] script '/domains/ecernstelectric/wander.php' not found or unable to stat
[Fri Jan 23 03:02:29.018187 2026] [php:error] [pid 16354] [client 20.89.104.181:0] script '/domains/ecernstelectric/en.php' not found or unable to stat
[Fri Jan 23 03:02:29.671352 2026] [php:error] [pid 16354] [client 20.89.104.181:0] script '/domains/ecernstelectric/help.php' not found or unable to stat
[Fri Jan 23 03:02:30.928776 2026] [php:error] [pid 16354] [client 20.89.104.181:0] script '/domains/ecernstelectric/control.php' not found or unable to stat
[Fri Jan 23 03:02:32.211633 2026] [php:error] [pid 16354] [client 20.89.104.181:0] script '/domains/ecernstelectric/radio.php' not found or unable to stat
[Fri Jan 23 03:02:32.391731 2026] [php:error] [pid 16354] [client 20.89.104.181:0] script '/domains/ecernstelectric/dropdown.php' not found or unable to stat
[Fri Jan 23 03:02:33.046085 2026] [php:error] [pid 16354] [client 20.89.104.181:0] script '/domains/ecernstelectric/wp-2019.php' not found or unable to stat
[Fri Jan 23 03:02:33.399378 2026] [php:error] [pid 16354] [client 20.89.104.181:0] script '/domains/ecernstelectric/403.php' not found or unable to stat
[Fri Jan 23 03:02:33.586972 2026] [php:error] [pid 16354] [client 20.89.104.181:0] script '/domains/ecernstelectric/about.php' not found or unable to stat
[Fri Jan 23 03:02:33.762480 2026] [php:error] [pid 16354] [client 20.89.104.181:0] script '/domains/ecernstelectric/admin.php' not found or unable to stat
[Fri Jan 23 03:02:34.453228 2026] [php:error] [pid 16354] [client 20.89.104.181:0] script '/domains/ecernstelectric/as.php' not found or unable to stat
[Fri Jan 23 03:02:34.664045 2026] [php:error] [pid 16354] [client 20.89.104.181:0] script '/domains/ecernstelectric/autoload_classmap.php' not found or unable to stat
[Fri Jan 23 03:02:34.835808 2026] [php:error] [pid 16354] [client 20.89.104.181:0] script '/domains/ecernstelectric/classwithtostring.php' not found or unable to stat
[Fri Jan 23 03:02:35.367759 2026] [php:error] [pid 16354] [client 20.89.104.181:0] script '/domains/ecernstelectric/content.php' not found or unable to stat
[Fri Jan 23 03:02:35.578935 2026] [php:error] [pid 16354] [client 20.89.104.181:0] script '/domains/ecernstelectric/doc.php' not found or unable to stat
[Fri Jan 23 03:02:35.764149 2026] [php:error] [pid 16354] [client 20.89.104.181:0] script '/domains/ecernstelectric/dropdown.php' not found or unable to stat
[Fri Jan 23 03:02:35.956327 2026] [php:error] [pid 16354] [client 20.89.104.181:0] script '/domains/ecernstelectric/ee.php' not found or unable to stat
[Fri Jan 23 03:02:36.172233 2026] [php:error] [pid 16354] [client 20.89.104.181:0] script '/domains/ecernstelectric/images/wp-login.php' not found or unable to stat
[Fri Jan 23 03:02:36.833994 2026] [php:error] [pid 16354] [client 20.89.104.181:0] script '/domains/ecernstelectric/moon.php' not found or unable to stat
[Fri Jan 23 03:02:37.012430 2026] [php:error] [pid 16354] [client 20.89.104.181:0] script '/domains/ecernstelectric/new.php' not found or unable to stat
[Fri Jan 23 03:02:37.205118 2026] [php:error] [pid 16354] [client 20.89.104.181:0] script '/domains/ecernstelectric/radio.php' not found or unable to stat
[Fri Jan 23 03:02:37.586461 2026] [php:error] [pid 16354] [client 20.89.104.181:0] script '/domains/ecernstelectric/s.php' not found or unable to stat
[Fri Jan 23 03:02:38.367842 2026] [php:error] [pid 16354] [client 20.89.104.181:0] script '/domains/ecernstelectric/sim.php' not found or unable to stat
[Fri Jan 23 03:02:38.548845 2026] [php:error] [pid 16354] [client 20.89.104.181:0] script '/domains/ecernstelectric/simple.php' not found or unable to stat
[Fri Jan 23 03:02:39.204246 2026] [php:error] [pid 16354] [client 20.89.104.181:0] script '/domains/ecernstelectric/user.php' not found or unable to stat
[Fri Jan 23 03:02:39.393640 2026] [php:error] [pid 16354] [client 20.89.104.181:0] script '/domains/ecernstelectric/webadmin.php' not found or unable to stat
[Fri Jan 23 03:02:42.363818 2026] [php:error] [pid 16354] [client 20.89.104.181:0] script '/domains/ecernstelectric/wp-config-sample.php' not found or unable to stat
[Fri Jan 23 03:02:42.541929 2026] [php:error] [pid 16354] [client 20.89.104.181:0] script '/domains/ecernstelectric/wp-configs.php' not found or unable to stat
[Fri Jan 23 03:02:43.110222 2026] [php:error] [pid 16354] [client 20.89.104.181:0] script '/domains/ecernstelectric/wp-conflg.php' not found or unable to stat
[Fri Jan 23 03:02:45.388851 2026] [php:error] [pid 16354] [client 20.89.104.181:0] script '/domains/ecernstelectric/wp-mail.php' not found or unable to stat
[Fri Jan 23 03:02:45.711914 2026] [php:error] [pid 16354] [client 20.89.104.181:0] script '/domains/ecernstelectric/wsa.php' not found or unable to stat
[Fri Jan 23 03:02:46.112696 2026] [php:error] [pid 16354] [client 20.89.104.181:0] script '/domains/ecernstelectric/xmlrpc.php' not found or unable to stat
[Fri Jan 23 03:02:46.363878 2026] [php:error] [pid 16354] [client 20.89.104.181:0] script '/domains/ecernstelectric/ab.php' not found or unable to stat
[Fri Jan 23 03:02:46.806484 2026] [php:error] [pid 16354] [client 20.89.104.181:0] script '/domains/ecernstelectric/classwithtostring.php' not found or unable to stat
[Fri Jan 23 03:02:47.012871 2026] [php:error] [pid 16354] [client 20.89.104.181:0] script '/domains/ecernstelectric/version.php' not found or unable to stat
[Fri Jan 23 03:02:47.193774 2026] [php:error] [pid 16354] [client 20.89.104.181:0] script '/domains/ecernstelectric/xxx.php' not found or unable to stat
[Fri Jan 23 03:02:48.169514 2026] [php:error] [pid 16354] [client 20.89.104.181:0] script '/domains/ecernstelectric/1.php' not found or unable to stat
[Fri Jan 23 03:02:48.359566 2026] [php:error] [pid 16354] [client 20.89.104.181:0] script '/domains/ecernstelectric/themes.php' not found or unable to stat
[Fri Jan 23 03:02:49.765872 2026] [php:error] [pid 16354] [client 20.89.104.181:0] script '/domains/ecernstelectric/b0.php' not found or unable to stat
[Fri Jan 23 03:02:49.955777 2026] [php:error] [pid 16354] [client 20.89.104.181:0] script '/domains/ecernstelectric/bala.php' not found or unable to stat
[Fri Jan 23 03:02:51.514146 2026] [php:error] [pid 16354] [client 20.89.104.181:0] script '/domains/ecernstelectric/xl2023.php.php' not found or unable to stat
[Fri Jan 23 03:02:53.643052 2026] [php:error] [pid 16354] [client 20.89.104.181:0] script '/domains/ecernstelectric/120f9.php' not found or unable to stat
[Fri Jan 23 03:02:53.827937 2026] [php:error] [pid 16354] [client 20.89.104.181:0] script '/domains/ecernstelectric/504.php' not found or unable to stat
[Fri Jan 23 03:02:54.017556 2026] [php:error] [pid 16354] [client 20.89.104.181:0] script '/domains/ecernstelectric/about.php' not found or unable to stat
[Fri Jan 23 03:02:54.216934 2026] [php:error] [pid 16354] [client 20.89.104.181:0] script '/domains/ecernstelectric/back.php' not found or unable to stat
[Fri Jan 23 03:02:54.522768 2026] [php:error] [pid 16354] [client 20.89.104.181:0] script '/domains/ecernstelectric/cong.php' not found or unable to stat
[Fri Jan 23 03:02:55.050766 2026] [php:error] [pid 16354] [client 20.89.104.181:0] script '/domains/ecernstelectric/credits.php' not found or unable to stat
[Fri Jan 23 03:02:55.449800 2026] [php:error] [pid 16354] [client 20.89.104.181:0] script '/domains/ecernstelectric/credits.php' not found or unable to stat
[Fri Jan 23 03:02:55.737603 2026] [php:error] [pid 16354] [client 20.89.104.181:0] script '/domains/ecernstelectric/data.php' not found or unable to stat
[Fri Jan 23 03:02:56.084051 2026] [php:error] [pid 16354] [client 20.89.104.181:0] script '/domains/ecernstelectric/function.php' not found or unable to stat
[Fri Jan 23 03:02:56.271460 2026] [php:error] [pid 16354] [client 20.89.104.181:0] script '/domains/ecernstelectric/goods.php' not found or unable to stat
[Fri Jan 23 03:02:56.453278 2026] [php:error] [pid 16354] [client 20.89.104.181:0] script '/domains/ecernstelectric/gzak2w.php' not found or unable to stat
[Fri Jan 23 03:02:56.645112 2026] [php:error] [pid 16354] [client 20.89.104.181:0] script '/domains/ecernstelectric/hehehehe.php' not found or unable to stat
[Fri Jan 23 03:02:57.204984 2026] [php:error] [pid 16354] [client 20.89.104.181:0] script '/domains/ecernstelectric/install.php' not found or unable to stat
[Fri Jan 23 03:02:57.805343 2026] [php:error] [pid 16354] [client 20.89.104.181:0] script '/domains/ecernstelectric/ova.php' not found or unable to stat
[Fri Jan 23 03:03:06.604961 2026] [php:error] [pid 16356] [client 20.89.104.181:0] script '/domains/ecernstelectric/wp.php' not found or unable to stat
[Fri Jan 23 03:03:17.497793 2026] [php:error] [pid 16366] [client 20.210.232.80:0] script '/domains/pauljbrock/ioxi-o.php' not found or unable to stat
[Fri Jan 23 03:03:17.656992 2026] [php:error] [pid 16366] [client 20.210.232.80:0] script '/domains/pauljbrock/0x.php' not found or unable to stat
[Fri Jan 23 03:03:17.817234 2026] [php:error] [pid 16366] [client 20.210.232.80:0] script '/domains/pauljbrock/222.php' not found or unable to stat
[Fri Jan 23 03:03:17.976763 2026] [php:error] [pid 16366] [client 20.210.232.80:0] script '/domains/pauljbrock/aa.php' not found or unable to stat
[Fri Jan 23 03:03:18.136683 2026] [php:error] [pid 16366] [client 20.210.232.80:0] script '/domains/pauljbrock/abcd.php' not found or unable to stat
[Fri Jan 23 03:03:18.296570 2026] [php:error] [pid 16366] [client 20.210.232.80:0] script '/domains/pauljbrock/admin.php' not found or unable to stat
[Fri Jan 23 03:03:18.616391 2026] [php:error] [pid 16366] [client 20.210.232.80:0] script '/domains/pauljbrock/adminfuns.php' not found or unable to stat
[Fri Jan 23 03:03:18.775520 2026] [php:error] [pid 16366] [client 20.210.232.80:0] script '/domains/pauljbrock/akc.php' not found or unable to stat
[Fri Jan 23 03:03:18.934609 2026] [php:error] [pid 16366] [client 20.210.232.80:0] script '/domains/pauljbrock/buy.php' not found or unable to stat
[Fri Jan 23 03:03:19.100198 2026] [php:error] [pid 16366] [client 20.210.232.80:0] script '/domains/pauljbrock/cong.php' not found or unable to stat
[Fri Jan 23 03:03:19.265303 2026] [php:error] [pid 16366] [client 20.210.232.80:0] script '/domains/pauljbrock/ioxi-o.php' not found or unable to stat
[Fri Jan 23 03:03:19.584870 2026] [php:error] [pid 16366] [client 20.210.232.80:0] script '/domains/pauljbrock/db.php' not found or unable to stat
[Fri Jan 23 03:03:19.746976 2026] [php:error] [pid 16366] [client 20.210.232.80:0] script '/domains/pauljbrock/dropdown.php' not found or unable to stat
[Fri Jan 23 03:03:19.906792 2026] [php:error] [pid 16366] [client 20.210.232.80:0] script '/domains/pauljbrock/file.php' not found or unable to stat
[Fri Jan 23 03:03:20.066037 2026] [php:error] [pid 16366] [client 20.210.232.80:0] script '/domains/pauljbrock/goods.php' not found or unable to stat
[Fri Jan 23 03:03:20.225884 2026] [php:error] [pid 16366] [client 20.210.232.80:0] script '/domains/pauljbrock/hplfuns.php' not found or unable to stat
[Fri Jan 23 03:03:20.385309 2026] [php:error] [pid 16366] [client 20.210.232.80:0] script '/domains/pauljbrock/htaccess.php' not found or unable to stat
[Fri Jan 23 03:03:20.545288 2026] [php:error] [pid 16366] [client 20.210.232.80:0] script '/domains/pauljbrock/images/wso.php' not found or unable to stat
[Fri Jan 23 03:03:20.864316 2026] [php:error] [pid 16366] [client 20.210.232.80:0] script '/domains/pauljbrock/info.php' not found or unable to stat
[Fri Jan 23 03:03:21.030694 2026] [php:error] [pid 16366] [client 20.210.232.80:0] script '/domains/pauljbrock/profile.php' not found or unable to stat
[Fri Jan 23 03:03:21.197263 2026] [php:error] [pid 16366] [client 20.210.232.80:0] script '/domains/pauljbrock/sx.php' not found or unable to stat
[Fri Jan 23 03:03:24.551716 2026] [php:error] [pid 16366] [client 20.210.232.80:0] script '/domains/pauljbrock/wp-fclass.php' not found or unable to stat
[Fri Jan 23 03:03:27.277162 2026] [php:error] [pid 16366] [client 20.210.232.80:0] script '/domains/pauljbrock/wp-themes.php' not found or unable to stat
[Fri Jan 23 03:03:27.436574 2026] [php:error] [pid 16366] [client 20.210.232.80:0] script '/domains/pauljbrock/xmlrpc.php' not found or unable to stat
[Fri Jan 23 03:04:18.558158 2026] [php:error] [pid 16367] [client 4.194.217.214:0] script '/domains/system_default/ol.php' not found or unable to stat
[Fri Jan 23 03:04:18.824106 2026] [php:error] [pid 16367] [client 4.194.217.214:0] script '/domains/system_default/sikma.php' not found or unable to stat
[Fri Jan 23 03:04:19.045486 2026] [php:error] [pid 16367] [client 4.194.217.214:0] script '/domains/system_default/rh1.php' not found or unable to stat
[Fri Jan 23 03:04:19.431203 2026] [php:error] [pid 16367] [client 4.194.217.214:0] script '/domains/system_default/sid3.php' not found or unable to stat
[Fri Jan 23 03:04:19.778810 2026] [php:error] [pid 16367] [client 4.194.217.214:0] script '/domains/system_default/okxh.php' not found or unable to stat
[Fri Jan 23 03:04:20.000952 2026] [php:error] [pid 16367] [client 4.194.217.214:0] script '/domains/system_default/krypton.php' not found or unable to stat
[Fri Jan 23 03:04:20.222482 2026] [php:error] [pid 16367] [client 4.194.217.214:0] script '/domains/system_default/zoo.php' not found or unable to stat
[Fri Jan 23 03:04:20.691086 2026] [php:error] [pid 16367] [client 4.194.217.214:0] script '/domains/system_default/maul.php' not found or unable to stat
[Fri Jan 23 03:04:21.565457 2026] [php:error] [pid 16367] [client 4.194.217.214:0] script '/domains/system_default/download.php' not found or unable to stat
[Fri Jan 23 03:04:21.913910 2026] [php:error] [pid 16367] [client 4.194.217.214:0] script '/domains/system_default/varb.php' not found or unable to stat
[Fri Jan 23 03:04:22.368351 2026] [php:error] [pid 16367] [client 4.194.217.214:0] script '/domains/system_default/tt.php' not found or unable to stat
[Fri Jan 23 03:04:22.591396 2026] [php:error] [pid 16367] [client 4.194.217.214:0] script '/domains/system_default/a5e0a.php' not found or unable to stat
[Fri Jan 23 03:04:22.981003 2026] [php:error] [pid 16367] [client 4.194.217.214:0] script '/domains/system_default/abc.php' not found or unable to stat
[Fri Jan 23 03:04:23.202242 2026] [php:error] [pid 16367] [client 4.194.217.214:0] script '/domains/system_default/55b76.php' not found or unable to stat
[Fri Jan 23 03:04:23.423244 2026] [php:error] [pid 16367] [client 4.194.217.214:0] script '/domains/system_default/rzki.php' not found or unable to stat
[Fri Jan 23 03:04:23.646087 2026] [php:error] [pid 16367] [client 4.194.217.214:0] script '/domains/system_default/acxx.php' not found or unable to stat
