[Fri Jan 23 00:08:33.450139 2026] [php:error] [pid 80214] [client 20.70.170.217:0] script '/domains/bels/as.php' not found or unable to stat
[Fri Jan 23 00:08:33.656412 2026] [php:error] [pid 80214] [client 20.70.170.217:0] script '/domains/bels/ws.php' not found or unable to stat
[Fri Jan 23 00:08:33.862306 2026] [php:error] [pid 80214] [client 20.70.170.217:0] script '/domains/bels/dropdown.php' not found or unable to stat
[Fri Jan 23 00:08:34.064898 2026] [php:error] [pid 80214] [client 20.70.170.217:0] script '/domains/bels/makeasmtp.php' not found or unable to stat
[Fri Jan 23 00:08:34.271971 2026] [php:error] [pid 80214] [client 20.70.170.217:0] script '/domains/bels/alfanew.php' not found or unable to stat
[Fri Jan 23 00:08:34.482096 2026] [php:error] [pid 80214] [client 20.70.170.217:0] script '/domains/bels/fw.php' not found or unable to stat
[Fri Jan 23 00:08:34.683078 2026] [php:error] [pid 80214] [client 20.70.170.217:0] script '/domains/bels/install.php' not found or unable to stat
[Fri Jan 23 00:08:34.888723 2026] [php:error] [pid 80214] [client 20.70.170.217:0] script '/domains/bels/chosen.php' not found or unable to stat
[Fri Jan 23 00:10:44.575341 2026] [php:error] [pid 80254] [client 20.89.104.181:0] script '/domains/davidbacker/wp-2019.php' not found or unable to stat
[Fri Jan 23 00:10:44.739898 2026] [php:error] [pid 80254] [client 20.89.104.181:0] script '/domains/davidbacker/403.php' not found or unable to stat
[Fri Jan 23 00:10:44.904318 2026] [php:error] [pid 80254] [client 20.89.104.181:0] script '/domains/davidbacker/aaa.php' not found or unable to stat
[Fri Jan 23 00:10:45.603444 2026] [php:error] [pid 80254] [client 20.89.104.181:0] script '/domains/davidbacker/y.php' not found or unable to stat
[Fri Jan 23 00:10:45.904546 2026] [php:error] [pid 80257] [client 52.169.148.186:0] script '/domains/fbardin/rrr.php' not found or unable to stat
[Fri Jan 23 00:10:45.954203 2026] [php:error] [pid 80254] [client 20.89.104.181:0] script '/domains/davidbacker/ggfi.php' not found or unable to stat
[Fri Jan 23 00:10:45.977476 2026] [php:error] [pid 80257] [client 52.169.148.186:0] script '/domains/fbardin/kk.php' not found or unable to stat
[Fri Jan 23 00:10:46.050291 2026] [php:error] [pid 80257] [client 52.169.148.186:0] script '/domains/fbardin/as.php' not found or unable to stat
[Fri Jan 23 00:10:46.123172 2026] [php:error] [pid 80257] [client 52.169.148.186:0] script '/domains/fbardin/bless.php' not found or unable to stat
[Fri Jan 23 00:10:46.196119 2026] [php:error] [pid 80257] [client 52.169.148.186:0] script '/domains/fbardin/style.php' not found or unable to stat
[Fri Jan 23 00:10:46.269127 2026] [php:error] [pid 80257] [client 52.169.148.186:0] script '/domains/fbardin/cwclass.php' not found or unable to stat
[Fri Jan 23 00:10:46.342057 2026] [php:error] [pid 80257] [client 52.169.148.186:0] script '/domains/fbardin/0x.php' not found or unable to stat
[Fri Jan 23 00:10:46.452628 2026] [php:error] [pid 80254] [client 20.89.104.181:0] script '/domains/davidbacker/buy.php' not found or unable to stat
[Fri Jan 23 00:10:46.487753 2026] [php:error] [pid 80257] [client 52.169.148.186:0] script '/domains/fbardin/404.php' not found or unable to stat
[Fri Jan 23 00:10:46.560707 2026] [php:error] [pid 80257] [client 52.169.148.186:0] script '/domains/fbardin/goomaogm.php' not found or unable to stat
[Fri Jan 23 00:10:46.638252 2026] [php:error] [pid 80254] [client 20.89.104.181:0] script '/domains/davidbacker/chosen.php' not found or unable to stat
[Fri Jan 23 00:10:46.639537 2026] [php:error] [pid 80257] [client 52.169.148.186:0] script '/domains/fbardin/Dede.php' not found or unable to stat
[Fri Jan 23 00:10:46.712239 2026] [php:error] [pid 80257] [client 52.169.148.186:0] script '/domains/fbardin/dichku.php' not found or unable to stat
[Fri Jan 23 00:10:46.785235 2026] [php:error] [pid 80257] [client 52.169.148.186:0] script '/domains/fbardin/h2a2ck.php' not found or unable to stat
[Fri Jan 23 00:10:46.802574 2026] [php:error] [pid 80254] [client 20.89.104.181:0] script '/domains/davidbacker/index.php' not found or unable to stat
[Fri Jan 23 00:10:46.857993 2026] [php:error] [pid 80257] [client 52.169.148.186:0] script '/domains/fbardin/yr.PHP' not found or unable to stat
[Fri Jan 23 00:10:46.932185 2026] [php:error] [pid 80257] [client 52.169.148.186:0] script '/domains/fbardin/Mks3.PhP' not found or unable to stat
[Fri Jan 23 00:10:46.966931 2026] [php:error] [pid 80254] [client 20.89.104.181:0] script '/domains/davidbacker/cron.php' not found or unable to stat
[Fri Jan 23 00:10:47.004965 2026] [php:error] [pid 80257] [client 52.169.148.186:0] script '/domains/fbardin/222.php' not found or unable to stat
[Fri Jan 23 00:10:47.077694 2026] [php:error] [pid 80257] [client 52.169.148.186:0] script '/domains/fbardin/ty226.php' not found or unable to stat
[Fri Jan 23 00:10:47.131577 2026] [php:error] [pid 80254] [client 20.89.104.181:0] script '/domains/davidbacker/functions.php' not found or unable to stat
[Fri Jan 23 00:10:47.159453 2026] [php:error] [pid 80257] [client 52.169.148.186:0] script '/domains/fbardin/webadmin.php' not found or unable to stat
[Fri Jan 23 00:10:47.232997 2026] [php:error] [pid 80257] [client 52.169.148.186:0] script '/domains/fbardin/pn.php' not found or unable to stat
[Fri Jan 23 00:10:47.305830 2026] [php:error] [pid 80257] [client 52.169.148.186:0] script '/domains/fbardin/classwithtostring.php' not found or unable to stat
[Fri Jan 23 00:10:47.378501 2026] [php:error] [pid 80257] [client 52.169.148.186:0] script '/domains/fbardin/img.php' not found or unable to stat
[Fri Jan 23 00:10:47.451556 2026] [php:error] [pid 80257] [client 52.169.148.186:0] script '/domains/fbardin/ioxi-o.php' not found or unable to stat
[Fri Jan 23 00:10:47.524368 2026] [php:error] [pid 80257] [client 52.169.148.186:0] script '/domains/fbardin/hans.php' not found or unable to stat
[Fri Jan 23 00:10:47.670575 2026] [php:error] [pid 80257] [client 52.169.148.186:0] script '/domains/fbardin/wp-ana.php' not found or unable to stat
[Fri Jan 23 00:10:47.743519 2026] [php:error] [pid 80257] [client 52.169.148.186:0] script '/domains/fbardin/info.php' not found or unable to stat
[Fri Jan 23 00:10:47.825728 2026] [php:error] [pid 80257] [client 52.169.148.186:0] script '/domains/fbardin/tx1.php' not found or unable to stat
[Fri Jan 23 00:10:47.828084 2026] [php:error] [pid 80254] [client 20.89.104.181:0] script '/domains/davidbacker/wp-add.php' not found or unable to stat
[Fri Jan 23 00:10:47.898612 2026] [php:error] [pid 80257] [client 52.169.148.186:0] script '/domains/fbardin/lv.php' not found or unable to stat
[Fri Jan 23 00:10:47.971788 2026] [php:error] [pid 80257] [client 52.169.148.186:0] script '/domains/fbardin/ccou.php' not found or unable to stat
[Fri Jan 23 00:10:47.992149 2026] [php:error] [pid 80254] [client 20.89.104.181:0] script '/domains/davidbacker/0.php' not found or unable to stat
[Fri Jan 23 00:10:48.044499 2026] [php:error] [pid 80257] [client 52.169.148.186:0] script '/domains/fbardin/wsd.php' not found or unable to stat
[Fri Jan 23 00:10:48.117137 2026] [php:error] [pid 80257] [client 52.169.148.186:0] script '/domains/fbardin/yvxhx.php' not found or unable to stat
[Fri Jan 23 00:10:48.160284 2026] [php:error] [pid 80254] [client 20.89.104.181:0] script '/domains/davidbacker/edit.php' not found or unable to stat
[Fri Jan 23 00:10:48.190427 2026] [php:error] [pid 80257] [client 52.169.148.186:0] script '/domains/fbardin/manager.php' not found or unable to stat
[Fri Jan 23 00:10:48.263542 2026] [php:error] [pid 80257] [client 52.169.148.186:0] script '/domains/fbardin/wp-good.php' not found or unable to stat
[Fri Jan 23 00:10:48.325520 2026] [php:error] [pid 80254] [client 20.89.104.181:0] script '/domains/davidbacker/meta.php' not found or unable to stat
[Fri Jan 23 00:10:48.338422 2026] [php:error] [pid 80257] [client 52.169.148.186:0] script '/domains/fbardin/qing2.php' not found or unable to stat
[Fri Jan 23 00:10:48.411540 2026] [php:error] [pid 80257] [client 52.169.148.186:0] script '/domains/fbardin/doo.php' not found or unable to stat
[Fri Jan 23 00:10:48.484421 2026] [php:error] [pid 80257] [client 52.169.148.186:0] script '/domains/fbardin/moon.php' not found or unable to stat
[Fri Jan 23 00:10:48.489508 2026] [php:error] [pid 80254] [client 20.89.104.181:0] script '/domains/davidbacker/new.php' not found or unable to stat
[Fri Jan 23 00:10:48.557493 2026] [php:error] [pid 80257] [client 52.169.148.186:0] script '/domains/fbardin/buy.php' not found or unable to stat
[Fri Jan 23 00:10:48.630481 2026] [php:error] [pid 80257] [client 52.169.148.186:0] script '/domains/fbardin/9v6.php' not found or unable to stat
[Fri Jan 23 00:10:48.705867 2026] [php:error] [pid 80257] [client 52.169.148.186:0] script '/domains/fbardin/dbc.php' not found or unable to stat
[Fri Jan 23 00:10:48.779610 2026] [php:error] [pid 80257] [client 52.169.148.186:0] script '/domains/fbardin/log.php' not found or unable to stat
[Fri Jan 23 00:10:48.819403 2026] [php:error] [pid 80254] [client 20.89.104.181:0] script '/domains/davidbacker/as.php' not found or unable to stat
[Fri Jan 23 00:10:48.852490 2026] [php:error] [pid 80257] [client 52.169.148.186:0] script '/domains/fbardin/shell20211028.php' not found or unable to stat
[Fri Jan 23 00:10:48.925747 2026] [php:error] [pid 80257] [client 52.169.148.186:0] script '/domains/fbardin/1.php' not found or unable to stat
[Fri Jan 23 00:10:48.983476 2026] [php:error] [pid 80254] [client 20.89.104.181:0] script '/domains/davidbacker/ds.php' not found or unable to stat
[Fri Jan 23 00:10:48.998615 2026] [php:error] [pid 80257] [client 52.169.148.186:0] script '/domains/fbardin/ws36.php' not found or unable to stat
[Fri Jan 23 00:10:49.071725 2026] [php:error] [pid 80257] [client 52.169.148.186:0] script '/domains/fbardin/file.php' not found or unable to stat
[Fri Jan 23 00:10:49.144695 2026] [php:error] [pid 80257] [client 52.169.148.186:0] script '/domains/fbardin/rh.php' not found or unable to stat
[Fri Jan 23 00:10:49.152030 2026] [php:error] [pid 80254] [client 20.89.104.181:0] script '/domains/davidbacker/error.php' not found or unable to stat
[Fri Jan 23 00:10:49.217581 2026] [php:error] [pid 80257] [client 52.169.148.186:0] script '/domains/fbardin/ova.php' not found or unable to stat
[Fri Jan 23 00:10:49.290548 2026] [php:error] [pid 80257] [client 52.169.148.186:0] script '/domains/fbardin/siteheads.php' not found or unable to stat
[Fri Jan 23 00:10:49.324532 2026] [php:error] [pid 80254] [client 20.89.104.181:0] script '/domains/davidbacker/gecko-new.php' not found or unable to stat
[Fri Jan 23 00:10:49.372493 2026] [php:error] [pid 80257] [client 52.169.148.186:0] script '/domains/fbardin/wp-links.php' not found or unable to stat
[Fri Jan 23 00:10:49.445297 2026] [php:error] [pid 80257] [client 52.169.148.186:0] script '/domains/fbardin/zer.php' not found or unable to stat
[Fri Jan 23 00:10:49.488534 2026] [php:error] [pid 80254] [client 20.89.104.181:0] script '/domains/davidbacker/randkeyword.php' not found or unable to stat
[Fri Jan 23 00:10:49.518288 2026] [php:error] [pid 80257] [client 52.169.148.186:0] script '/domains/fbardin/sid3.php' not found or unable to stat
[Fri Jan 23 00:10:49.591951 2026] [php:error] [pid 80257] [client 52.169.148.186:0] script '/domains/fbardin/tinyfilemanager.php' not found or unable to stat
[Fri Jan 23 00:10:49.664788 2026] [php:error] [pid 80257] [client 52.169.148.186:0] script '/domains/fbardin/galex.php' not found or unable to stat
[Fri Jan 23 00:10:49.741882 2026] [php:error] [pid 80257] [client 52.169.148.186:0] script '/domains/fbardin/abcd.php' not found or unable to stat
[Fri Jan 23 00:10:49.814681 2026] [php:error] [pid 80257] [client 52.169.148.186:0] script '/domains/fbardin/ant.php' not found or unable to stat
[Fri Jan 23 00:10:49.887411 2026] [php:error] [pid 80257] [client 52.169.148.186:0] script '/domains/fbardin/O-Simple.php' not found or unable to stat
[Fri Jan 23 00:10:49.960546 2026] [php:error] [pid 80257] [client 52.169.148.186:0] script '/domains/fbardin/0o0.php' not found or unable to stat
[Fri Jan 23 00:10:49.988292 2026] [php:error] [pid 80254] [client 20.89.104.181:0] script '/domains/davidbacker/NewFile.php' not found or unable to stat
[Fri Jan 23 00:10:50.033531 2026] [php:error] [pid 80257] [client 52.169.148.186:0] script '/domains/fbardin/gtc.php' not found or unable to stat
[Fri Jan 23 00:10:50.106741 2026] [php:error] [pid 80257] [client 52.169.148.186:0] script '/domains/fbardin/content.php' not found or unable to stat
[Fri Jan 23 00:10:50.153740 2026] [php:error] [pid 80254] [client 20.89.104.181:0] script '/domains/davidbacker/goods.php' not found or unable to stat
[Fri Jan 23 00:10:50.179637 2026] [php:error] [pid 80257] [client 52.169.148.186:0] script '/domains/fbardin/support.php' not found or unable to stat
[Fri Jan 23 00:10:50.252410 2026] [php:error] [pid 80257] [client 52.169.148.186:0] script '/domains/fbardin/styles.php' not found or unable to stat
[Fri Jan 23 00:10:50.319510 2026] [php:error] [pid 80254] [client 20.89.104.181:0] script '/domains/davidbacker/simple.php' not found or unable to stat
[Fri Jan 23 00:10:50.325803 2026] [php:error] [pid 80257] [client 52.169.148.186:0] script '/domains/fbardin/goods.php' not found or unable to stat
[Fri Jan 23 00:10:50.398879 2026] [php:error] [pid 80257] [client 52.169.148.186:0] script '/domains/fbardin/403.php' not found or unable to stat
[Fri Jan 23 00:10:50.545319 2026] [php:error] [pid 80257] [client 52.169.148.186:0] script '/domains/fbardin/class.api.php' not found or unable to stat
[Fri Jan 23 00:10:50.618411 2026] [php:error] [pid 80257] [client 52.169.148.186:0] script '/domains/fbardin/az.php' not found or unable to stat
[Fri Jan 23 00:10:50.691207 2026] [php:error] [pid 80257] [client 52.169.148.186:0] script '/domains/fbardin/155.php' not found or unable to stat
[Fri Jan 23 00:10:50.764127 2026] [php:error] [pid 80257] [client 52.169.148.186:0] script '/domains/fbardin/oo.php' not found or unable to stat
[Fri Jan 23 00:10:50.836900 2026] [php:error] [pid 80257] [client 52.169.148.186:0] script '/domains/fbardin/vx.php' not found or unable to stat
[Fri Jan 23 00:10:50.910030 2026] [php:error] [pid 80257] [client 52.169.148.186:0] script '/domains/fbardin/geck.php' not found or unable to stat
[Fri Jan 23 00:10:50.984752 2026] [php:error] [pid 80257] [client 52.169.148.186:0] script '/domains/fbardin/to.php' not found or unable to stat
[Fri Jan 23 00:10:51.001752 2026] [php:error] [pid 80254] [client 20.89.104.181:0] script '/domains/davidbacker/c.php' not found or unable to stat
[Fri Jan 23 00:10:51.057565 2026] [php:error] [pid 80257] [client 52.169.148.186:0] script '/domains/fbardin/horeg.php' not found or unable to stat
[Fri Jan 23 00:10:51.130378 2026] [php:error] [pid 80257] [client 52.169.148.186:0] script '/domains/fbardin/wen.php' not found or unable to stat
[Fri Jan 23 00:10:51.203549 2026] [php:error] [pid 80257] [client 52.169.148.186:0] script '/domains/fbardin/menu.php' not found or unable to stat
[Fri Jan 23 00:10:51.276926 2026] [php:error] [pid 80257] [client 52.169.148.186:0] script '/domains/fbardin/sfudq.php' not found or unable to stat
[Fri Jan 23 00:10:51.349974 2026] [php:error] [pid 80257] [client 52.169.148.186:0] script '/domains/fbardin/file2.php' not found or unable to stat
[Fri Jan 23 00:10:51.429784 2026] [php:error] [pid 80257] [client 52.169.148.186:0] script '/domains/fbardin/wp-22.php' not found or unable to stat
[Fri Jan 23 00:10:51.502792 2026] [php:error] [pid 80257] [client 52.169.148.186:0] script '/domains/fbardin/asx.php' not found or unable to stat
[Fri Jan 23 00:10:51.507424 2026] [php:error] [pid 80254] [client 20.89.104.181:0] script '/domains/davidbacker/auth.php' not found or unable to stat
[Fri Jan 23 00:10:51.575905 2026] [php:error] [pid 80257] [client 52.169.148.186:0] script '/domains/fbardin/xa.php' not found or unable to stat
[Fri Jan 23 00:10:51.649207 2026] [php:error] [pid 80257] [client 52.169.148.186:0] script '/domains/fbardin/dox.php' not found or unable to stat
[Fri Jan 23 00:10:51.674176 2026] [php:error] [pid 80254] [client 20.89.104.181:0] script '/domains/davidbacker/class-wp-lock.php' not found or unable to stat
[Fri Jan 23 00:10:51.722000 2026] [php:error] [pid 80257] [client 52.169.148.186:0] script '/domains/fbardin/size.php' not found or unable to stat
[Fri Jan 23 00:10:51.794986 2026] [php:error] [pid 80257] [client 52.169.148.186:0] script '/domains/fbardin/ng.php' not found or unable to stat
[Fri Jan 23 00:10:51.843724 2026] [php:error] [pid 80254] [client 20.89.104.181:0] script '/domains/davidbacker/cookie.php' not found or unable to stat
[Fri Jan 23 00:10:51.867813 2026] [php:error] [pid 80257] [client 52.169.148.186:0] script '/domains/fbardin/a2.php' not found or unable to stat
[Fri Jan 23 00:10:51.940581 2026] [php:error] [pid 80257] [client 52.169.148.186:0] script '/domains/fbardin/page.php' not found or unable to stat
[Fri Jan 23 00:10:52.008000 2026] [php:error] [pid 80254] [client 20.89.104.181:0] script '/domains/davidbacker/admin.php' not found or unable to stat
[Fri Jan 23 00:10:52.013191 2026] [php:error] [pid 80257] [client 52.169.148.186:0] script '/domains/fbardin/z60.php' not found or unable to stat
[Fri Jan 23 00:10:52.086197 2026] [php:error] [pid 80257] [client 52.169.148.186:0] script '/domains/fbardin/sf.php' not found or unable to stat
[Fri Jan 23 00:10:52.159046 2026] [php:error] [pid 80257] [client 52.169.148.186:0] script '/domains/fbardin/qual.php' not found or unable to stat
[Fri Jan 23 00:10:52.172391 2026] [php:error] [pid 80254] [client 20.89.104.181:0] script '/domains/davidbacker/baxa1.php' not found or unable to stat
[Fri Jan 23 00:10:52.231921 2026] [php:error] [pid 80257] [client 52.169.148.186:0] script '/domains/fbardin/12.php' not found or unable to stat
[Fri Jan 23 00:10:52.304688 2026] [php:error] [pid 80257] [client 52.169.148.186:0] script '/domains/fbardin/s.php' not found or unable to stat
[Fri Jan 23 00:10:52.377444 2026] [php:error] [pid 80257] [client 52.169.148.186:0] script '/domains/fbardin/cong.php' not found or unable to stat
[Fri Jan 23 00:10:52.450260 2026] [php:error] [pid 80257] [client 52.169.148.186:0] script '/domains/fbardin/simple.php' not found or unable to stat
[Fri Jan 23 00:10:52.523348 2026] [php:error] [pid 80257] [client 52.169.148.186:0] script '/domains/fbardin/11.php' not found or unable to stat
[Fri Jan 23 00:10:52.726566 2026] [php:error] [pid 80254] [client 20.89.104.181:0] script '/domains/davidbacker/xleet.php' not found or unable to stat
[Fri Jan 23 00:10:52.753877 2026] [php:error] [pid 80257] [client 52.169.148.186:0] script '/domains/fbardin/upl.php' not found or unable to stat
[Fri Jan 23 00:10:52.826929 2026] [php:error] [pid 80257] [client 52.169.148.186:0] script '/domains/fbardin/past.php' not found or unable to stat
[Fri Jan 23 00:10:52.899628 2026] [php:error] [pid 80257] [client 52.169.148.186:0] script '/domains/fbardin/revision.php' not found or unable to stat
[Fri Jan 23 00:10:53.045184 2026] [php:error] [pid 80257] [client 52.169.148.186:0] script '/domains/fbardin/test1.php' not found or unable to stat
[Fri Jan 23 00:10:53.056205 2026] [php:error] [pid 80254] [client 20.89.104.181:0] script '/domains/davidbacker/about.php' not found or unable to stat
[Fri Jan 23 00:10:53.118187 2026] [php:error] [pid 80257] [client 52.169.148.186:0] script '/domains/fbardin/massby2.php' not found or unable to stat
[Fri Jan 23 00:10:53.191306 2026] [php:error] [pid 80257] [client 52.169.148.186:0] script '/domains/fbardin/doc.php' not found or unable to stat
[Fri Jan 23 00:10:53.337799 2026] [php:error] [pid 80256] [client 52.169.148.186:0] script '/domains/fbardin/abc.php' not found or unable to stat
[Fri Jan 23 00:10:53.412242 2026] [php:error] [pid 80256] [client 52.169.148.186:0] script '/domains/fbardin/m.php' not found or unable to stat
[Fri Jan 23 00:10:53.558589 2026] [php:error] [pid 80256] [client 52.169.148.186:0] script '/domains/fbardin/error.php' not found or unable to stat
[Fri Jan 23 00:10:53.631698 2026] [php:error] [pid 80256] [client 52.169.148.186:0] script '/domains/fbardin/ma.php' not found or unable to stat
[Fri Jan 23 00:10:53.705286 2026] [php:error] [pid 80256] [client 52.169.148.186:0] script '/domains/fbardin/mh.php' not found or unable to stat
[Fri Jan 23 00:10:53.778759 2026] [php:error] [pid 80256] [client 52.169.148.186:0] script '/domains/fbardin/admin.php' not found or unable to stat
[Fri Jan 23 00:10:53.852081 2026] [php:error] [pid 80256] [client 52.169.148.186:0] script '/domains/fbardin/dropdown.php' not found or unable to stat
[Fri Jan 23 00:10:53.925495 2026] [php:error] [pid 80256] [client 52.169.148.186:0] script '/domains/fbardin/wp-configs.php' not found or unable to stat
[Fri Jan 23 00:10:53.998996 2026] [php:error] [pid 80256] [client 52.169.148.186:0] script '/domains/fbardin/item.php' not found or unable to stat
[Fri Jan 23 00:10:54.052337 2026] [php:error] [pid 80254] [client 20.89.104.181:0] script '/domains/davidbacker/alfanew.php' not found or unable to stat
[Fri Jan 23 00:10:54.072430 2026] [php:error] [pid 80256] [client 52.169.148.186:0] script '/domains/fbardin/ws46.php' not found or unable to stat
[Fri Jan 23 00:10:54.145868 2026] [php:error] [pid 80256] [client 52.169.148.186:0] script '/domains/fbardin/mini.php' not found or unable to stat
[Fri Jan 23 00:10:54.221424 2026] [php:error] [pid 80256] [client 52.169.148.186:0] script '/domains/fbardin/gecko.php' not found or unable to stat
[Fri Jan 23 00:10:54.294818 2026] [php:error] [pid 80256] [client 52.169.148.186:0] script '/domains/fbardin/x.php' not found or unable to stat
[Fri Jan 23 00:10:54.368961 2026] [php:error] [pid 80256] [client 52.169.148.186:0] script '/domains/fbardin/lala.php' not found or unable to stat
[Fri Jan 23 00:10:54.413421 2026] [php:error] [pid 80254] [client 20.89.104.181:0] script '/domains/davidbacker/22.php' not found or unable to stat
[Fri Jan 23 00:10:54.987925 2026] [php:error] [pid 80254] [client 20.89.104.181:0] script '/domains/davidbacker/simple.php' not found or unable to stat
[Fri Jan 23 00:10:55.376098 2026] [php:error] [pid 80254] [client 20.89.104.181:0] script '/domains/davidbacker/admin.php' not found or unable to stat
[Fri Jan 23 00:10:55.576040 2026] [php:error] [pid 80254] [client 20.89.104.181:0] script '/domains/davidbacker/c99.php' not found or unable to stat
[Fri Jan 23 00:10:55.765777 2026] [php:error] [pid 80254] [client 20.89.104.181:0] script '/domains/davidbacker/file.php' not found or unable to stat
[Fri Jan 23 00:10:55.956796 2026] [php:error] [pid 80254] [client 20.89.104.181:0] script '/domains/davidbacker/b.php' not found or unable to stat
[Fri Jan 23 00:10:56.124145 2026] [php:error] [pid 80254] [client 20.89.104.181:0] script '/domains/davidbacker/classwithtostring.php' not found or unable to stat
[Fri Jan 23 00:10:56.319441 2026] [php:error] [pid 80254] [client 20.89.104.181:0] script '/domains/davidbacker/css.php' not found or unable to stat
[Fri Jan 23 00:10:56.506404 2026] [php:error] [pid 80254] [client 20.89.104.181:0] script '/domains/davidbacker/flower.php' not found or unable to stat
[Fri Jan 23 00:10:57.006872 2026] [php:error] [pid 80254] [client 20.89.104.181:0] script '/domains/davidbacker/jp.php' not found or unable to stat
[Fri Jan 23 00:10:57.196422 2026] [php:error] [pid 80254] [client 20.89.104.181:0] script '/domains/davidbacker/room.php' not found or unable to stat
[Fri Jan 23 00:10:57.763795 2026] [php:error] [pid 80254] [client 20.89.104.181:0] script '/domains/davidbacker/12.php' not found or unable to stat
[Fri Jan 23 00:10:57.931829 2026] [php:error] [pid 80254] [client 20.89.104.181:0] script '/domains/davidbacker/404.php' not found or unable to stat
[Fri Jan 23 00:10:58.099263 2026] [php:error] [pid 80254] [client 20.89.104.181:0] script '/domains/davidbacker/disagreed.php' not found or unable to stat
[Fri Jan 23 00:10:58.427836 2026] [php:error] [pid 80254] [client 20.89.104.181:0] script '/domains/davidbacker/text.php' not found or unable to stat
[Fri Jan 23 00:10:59.784095 2026] [php:error] [pid 80254] [client 20.89.104.181:0] script '/domains/davidbacker/GOD.php' not found or unable to stat
[Fri Jan 23 00:11:00.132627 2026] [php:error] [pid 80254] [client 20.89.104.181:0] script '/domains/davidbacker/alfa-rex.php' not found or unable to stat
[Fri Jan 23 00:11:00.297189 2026] [php:error] [pid 80254] [client 20.89.104.181:0] script '/domains/davidbacker/f35.php' not found or unable to stat
[Fri Jan 23 00:11:00.469565 2026] [php:error] [pid 80254] [client 20.89.104.181:0] script '/domains/davidbacker/feeds.php' not found or unable to stat
[Fri Jan 23 00:11:00.855774 2026] [php:error] [pid 80254] [client 20.89.104.181:0] script '/domains/davidbacker/favicon.php' not found or unable to stat
[Fri Jan 23 00:11:01.202873 2026] [php:error] [pid 80254] [client 20.89.104.181:0] script '/domains/davidbacker/hehe.php' not found or unable to stat
[Fri Jan 23 00:11:02.474000 2026] [php:error] [pid 80271] [client 20.89.104.181:0] script '/domains/davidbacker/user.php' not found or unable to stat
[Fri Jan 23 00:11:02.650593 2026] [php:error] [pid 80271] [client 20.89.104.181:0] script '/domains/davidbacker/autoload_classmap.php' not found or unable to stat
[Fri Jan 23 00:11:02.831934 2026] [php:error] [pid 80271] [client 20.89.104.181:0] script '/domains/davidbacker/files.php' not found or unable to stat
[Fri Jan 23 00:11:03.185248 2026] [php:error] [pid 80271] [client 20.89.104.181:0] script '/domains/davidbacker/about.php' not found or unable to stat
[Fri Jan 23 00:11:03.358309 2026] [php:error] [pid 80271] [client 20.89.104.181:0] script '/domains/davidbacker/al.php' not found or unable to stat
[Fri Jan 23 00:11:03.533592 2026] [php:error] [pid 80271] [client 20.89.104.181:0] script '/domains/davidbacker/byp.php' not found or unable to stat
[Fri Jan 23 00:11:03.710350 2026] [php:error] [pid 80271] [client 20.89.104.181:0] script '/domains/davidbacker/css/autoload_classmap.php' not found or unable to stat
[Fri Jan 23 00:11:03.882462 2026] [php:error] [pid 80271] [client 20.89.104.181:0] script '/domains/davidbacker/wander.php' not found or unable to stat
[Fri Jan 23 00:11:04.573716 2026] [php:error] [pid 80271] [client 20.89.104.181:0] script '/domains/davidbacker/en.php' not found or unable to stat
[Fri Jan 23 00:11:04.746446 2026] [php:error] [pid 80271] [client 20.89.104.181:0] script '/domains/davidbacker/help.php' not found or unable to stat
[Fri Jan 23 00:11:05.091328 2026] [php:error] [pid 80271] [client 20.89.104.181:0] script '/domains/davidbacker/about/function.php' not found or unable to stat
[Fri Jan 23 00:11:05.436830 2026] [php:error] [pid 80271] [client 20.89.104.181:0] script '/domains/davidbacker/control.php' not found or unable to stat
[Fri Jan 23 00:11:05.966523 2026] [php:error] [pid 80271] [client 20.89.104.181:0] script '/domains/davidbacker/radio.php' not found or unable to stat
[Fri Jan 23 00:11:06.157021 2026] [php:error] [pid 80271] [client 20.89.104.181:0] script '/domains/davidbacker/dropdown.php' not found or unable to stat
[Fri Jan 23 00:11:06.715308 2026] [php:error] [pid 80271] [client 20.89.104.181:0] script '/domains/davidbacker/wp-2019.php' not found or unable to stat
[Fri Jan 23 00:11:07.059590 2026] [php:error] [pid 80271] [client 20.89.104.181:0] script '/domains/davidbacker/403.php' not found or unable to stat
[Fri Jan 23 00:11:07.231477 2026] [php:error] [pid 80271] [client 20.89.104.181:0] script '/domains/davidbacker/about.php' not found or unable to stat
[Fri Jan 23 00:11:07.408017 2026] [php:error] [pid 80271] [client 20.89.104.181:0] script '/domains/davidbacker/admin.php' not found or unable to stat
[Fri Jan 23 00:11:07.596442 2026] [php:error] [pid 80271] [client 20.89.104.181:0] script '/domains/davidbacker/as.php' not found or unable to stat
[Fri Jan 23 00:11:07.779057 2026] [php:error] [pid 80271] [client 20.89.104.181:0] script '/domains/davidbacker/autoload_classmap.php' not found or unable to stat
[Fri Jan 23 00:11:07.965077 2026] [php:error] [pid 80271] [client 20.89.104.181:0] script '/domains/davidbacker/classwithtostring.php' not found or unable to stat
[Fri Jan 23 00:11:08.136819 2026] [php:error] [pid 80271] [client 20.89.104.181:0] script '/domains/davidbacker/content.php' not found or unable to stat
[Fri Jan 23 00:11:08.309282 2026] [php:error] [pid 80271] [client 20.89.104.181:0] script '/domains/davidbacker/doc.php' not found or unable to stat
[Fri Jan 23 00:11:08.481257 2026] [php:error] [pid 80271] [client 20.89.104.181:0] script '/domains/davidbacker/dropdown.php' not found or unable to stat
[Fri Jan 23 00:11:08.653072 2026] [php:error] [pid 80271] [client 20.89.104.181:0] script '/domains/davidbacker/ee.php' not found or unable to stat
[Fri Jan 23 00:11:08.829487 2026] [php:error] [pid 80271] [client 20.89.104.181:0] script '/domains/davidbacker/images/wp-login.php' not found or unable to stat
[Fri Jan 23 00:11:09.001099 2026] [php:error] [pid 80271] [client 20.89.104.181:0] script '/domains/davidbacker/moon.php' not found or unable to stat
[Fri Jan 23 00:11:09.172975 2026] [php:error] [pid 80271] [client 20.89.104.181:0] script '/domains/davidbacker/new.php' not found or unable to stat
[Fri Jan 23 00:11:09.345312 2026] [php:error] [pid 80271] [client 20.89.104.181:0] script '/domains/davidbacker/radio.php' not found or unable to stat
[Fri Jan 23 00:11:09.522385 2026] [php:error] [pid 80271] [client 20.89.104.181:0] script '/domains/davidbacker/s.php' not found or unable to stat
[Fri Jan 23 00:11:09.717548 2026] [php:error] [pid 80271] [client 20.89.104.181:0] script '/domains/davidbacker/sim.php' not found or unable to stat
[Fri Jan 23 00:11:09.902167 2026] [php:error] [pid 80271] [client 20.89.104.181:0] script '/domains/davidbacker/simple.php' not found or unable to stat
[Fri Jan 23 00:11:10.283942 2026] [php:error] [pid 80271] [client 20.89.104.181:0] script '/domains/davidbacker/user.php' not found or unable to stat
[Fri Jan 23 00:11:10.480755 2026] [php:error] [pid 80271] [client 20.89.104.181:0] script '/domains/davidbacker/webadmin.php' not found or unable to stat
[Fri Jan 23 00:11:11.747079 2026] [php:error] [pid 80271] [client 20.89.104.181:0] script '/domains/davidbacker/wp-config-sample.php' not found or unable to stat
[Fri Jan 23 00:11:11.929331 2026] [php:error] [pid 80271] [client 20.89.104.181:0] script '/domains/davidbacker/wp-configs.php' not found or unable to stat
[Fri Jan 23 00:11:12.103040 2026] [php:error] [pid 80271] [client 20.89.104.181:0] script '/domains/davidbacker/wp-conflg.php' not found or unable to stat
[Fri Jan 23 00:11:13.193829 2026] [php:error] [pid 80271] [client 20.89.104.181:0] script '/domains/davidbacker/wp-mail.php' not found or unable to stat
[Fri Jan 23 00:11:13.366688 2026] [php:error] [pid 80271] [client 20.89.104.181:0] script '/domains/davidbacker/wsa.php' not found or unable to stat
[Fri Jan 23 00:11:13.539681 2026] [php:error] [pid 80271] [client 20.89.104.181:0] script '/domains/davidbacker/xmlrpc.php' not found or unable to stat
[Fri Jan 23 00:11:13.711491 2026] [php:error] [pid 80271] [client 20.89.104.181:0] script '/domains/davidbacker/ab.php' not found or unable to stat
[Fri Jan 23 00:11:13.886436 2026] [php:error] [pid 80271] [client 20.89.104.181:0] script '/domains/davidbacker/classwithtostring.php' not found or unable to stat
[Fri Jan 23 00:11:14.071152 2026] [php:error] [pid 80271] [client 20.89.104.181:0] script '/domains/davidbacker/version.php' not found or unable to stat
[Fri Jan 23 00:11:14.274207 2026] [php:error] [pid 80271] [client 20.89.104.181:0] script '/domains/davidbacker/xxx.php' not found or unable to stat
[Fri Jan 23 00:11:14.805071 2026] [php:error] [pid 80271] [client 20.89.104.181:0] script '/domains/davidbacker/1.php' not found or unable to stat
[Fri Jan 23 00:11:14.977439 2026] [php:error] [pid 80271] [client 20.89.104.181:0] script '/domains/davidbacker/themes.php' not found or unable to stat
[Fri Jan 23 00:11:15.705744 2026] [php:error] [pid 80271] [client 20.89.104.181:0] script '/domains/davidbacker/b0.php' not found or unable to stat
[Fri Jan 23 00:11:15.877547 2026] [php:error] [pid 80271] [client 20.89.104.181:0] script '/domains/davidbacker/bala.php' not found or unable to stat
[Fri Jan 23 00:11:16.565075 2026] [php:error] [pid 80271] [client 20.89.104.181:0] script '/domains/davidbacker/xl2023.php.php' not found or unable to stat
[Fri Jan 23 00:11:17.433490 2026] [php:error] [pid 80271] [client 20.89.104.181:0] script '/domains/davidbacker/120f9.php' not found or unable to stat
[Fri Jan 23 00:11:17.606173 2026] [php:error] [pid 80271] [client 20.89.104.181:0] script '/domains/davidbacker/504.php' not found or unable to stat
[Fri Jan 23 00:11:17.778367 2026] [php:error] [pid 80271] [client 20.89.104.181:0] script '/domains/davidbacker/about.php' not found or unable to stat
[Fri Jan 23 00:11:17.950070 2026] [php:error] [pid 80271] [client 20.89.104.181:0] script '/domains/davidbacker/back.php' not found or unable to stat
[Fri Jan 23 00:11:18.125445 2026] [php:error] [pid 80271] [client 20.89.104.181:0] script '/domains/davidbacker/cong.php' not found or unable to stat
[Fri Jan 23 00:11:18.297445 2026] [php:error] [pid 80271] [client 20.89.104.181:0] script '/domains/davidbacker/credits.php' not found or unable to stat
[Fri Jan 23 00:11:18.499981 2026] [php:error] [pid 80271] [client 20.89.104.181:0] script '/domains/davidbacker/credits.php' not found or unable to stat
[Fri Jan 23 00:11:18.685606 2026] [php:error] [pid 80271] [client 20.89.104.181:0] script '/domains/davidbacker/data.php' not found or unable to stat
[Fri Jan 23 00:11:18.873110 2026] [php:error] [pid 80271] [client 20.89.104.181:0] script '/domains/davidbacker/function.php' not found or unable to stat
[Fri Jan 23 00:11:19.061014 2026] [php:error] [pid 80271] [client 20.89.104.181:0] script '/domains/davidbacker/goods.php' not found or unable to stat
[Fri Jan 23 00:11:19.233023 2026] [php:error] [pid 80271] [client 20.89.104.181:0] script '/domains/davidbacker/gzak2w.php' not found or unable to stat
[Fri Jan 23 00:11:19.405106 2026] [php:error] [pid 80271] [client 20.89.104.181:0] script '/domains/davidbacker/hehehehe.php' not found or unable to stat
[Fri Jan 23 00:11:19.930699 2026] [php:error] [pid 80271] [client 20.89.104.181:0] script '/domains/davidbacker/install.php' not found or unable to stat
[Fri Jan 23 00:11:20.301418 2026] [php:error] [pid 80271] [client 20.89.104.181:0] script '/domains/davidbacker/ova.php' not found or unable to stat
[Fri Jan 23 00:11:24.767200 2026] [php:error] [pid 80269] [client 20.89.104.181:0] script '/domains/davidbacker/wp.php' not found or unable to stat
[Fri Jan 23 00:13:12.532284 2026] [php:error] [pid 80298] [client 45.148.10.143:0] script '/domains/traceassoc/phpinfo.php' not found or unable to stat
[Fri Jan 23 00:13:36.324120 2026] [php:error] [pid 80299] [client 45.148.10.143:0] script '/domains/traceassoc/phpinfo.php' not found or unable to stat
[Fri Jan 23 00:14:42.421143 2026] [core:error] [pid 80299] [client 217.113.194.216:0] AH10244: invalid URI path (/../First%20page%20013108/Saturn_Series_Poetry.html)
[Fri Jan 23 00:15:19.776353 2026] [php:error] [pid 85942] [client 45.148.10.143:0] script '/domains/traceassoc/_phpinfo.php' not found or unable to stat
[Fri Jan 23 00:16:28.627949 2026] [php:error] [pid 85953] [client 4.213.174.69:0] script '/domains/system_default/rrr.php' not found or unable to stat
[Fri Jan 23 00:16:28.879680 2026] [php:error] [pid 85953] [client 4.213.174.69:0] script '/domains/system_default/kk.php' not found or unable to stat
[Fri Jan 23 00:16:29.128514 2026] [php:error] [pid 85953] [client 4.213.174.69:0] script '/domains/system_default/as.php' not found or unable to stat
[Fri Jan 23 00:16:29.372635 2026] [php:error] [pid 85953] [client 4.213.174.69:0] script '/domains/system_default/bless.php' not found or unable to stat
[Fri Jan 23 00:16:29.616689 2026] [php:error] [pid 85953] [client 4.213.174.69:0] script '/domains/system_default/style.php' not found or unable to stat
[Fri Jan 23 00:16:29.862829 2026] [php:error] [pid 85953] [client 4.213.174.69:0] script '/domains/system_default/cwclass.php' not found or unable to stat
[Fri Jan 23 00:16:30.107782 2026] [php:error] [pid 85953] [client 4.213.174.69:0] script '/domains/system_default/0x.php' not found or unable to stat
[Fri Jan 23 00:16:30.595939 2026] [php:error] [pid 85953] [client 4.213.174.69:0] script '/domains/system_default/404.php' not found or unable to stat
[Fri Jan 23 00:16:30.844989 2026] [php:error] [pid 85953] [client 4.213.174.69:0] script '/domains/system_default/goomaogm.php' not found or unable to stat
[Fri Jan 23 00:16:31.103617 2026] [php:error] [pid 85953] [client 4.213.174.69:0] script '/domains/system_default/Dede.php' not found or unable to stat
[Fri Jan 23 00:16:31.373938 2026] [php:error] [pid 85953] [client 4.213.174.69:0] script '/domains/system_default/dichku.php' not found or unable to stat
[Fri Jan 23 00:16:31.629792 2026] [php:error] [pid 85953] [client 4.213.174.69:0] script '/domains/system_default/h2a2ck.php' not found or unable to stat
[Fri Jan 23 00:16:31.895482 2026] [php:error] [pid 85953] [client 4.213.174.69:0] script '/domains/system_default/yr.PHP' not found or unable to stat
[Fri Jan 23 00:16:32.139332 2026] [php:error] [pid 85953] [client 4.213.174.69:0] script '/domains/system_default/Mks3.PhP' not found or unable to stat
[Fri Jan 23 00:16:32.415890 2026] [php:error] [pid 85953] [client 4.213.174.69:0] script '/domains/system_default/222.php' not found or unable to stat
[Fri Jan 23 00:16:32.668523 2026] [php:error] [pid 85953] [client 4.213.174.69:0] script '/domains/system_default/ty226.php' not found or unable to stat
[Fri Jan 23 00:16:33.272875 2026] [php:error] [pid 85953] [client 4.213.174.69:0] script '/domains/system_default/webadmin.php' not found or unable to stat
[Fri Jan 23 00:16:33.517036 2026] [php:error] [pid 85953] [client 4.213.174.69:0] script '/domains/system_default/pn.php' not found or unable to stat
[Fri Jan 23 00:16:33.769848 2026] [php:error] [pid 85953] [client 4.213.174.69:0] script '/domains/system_default/classwithtostring.php' not found or unable to stat
[Fri Jan 23 00:16:34.018271 2026] [php:error] [pid 85953] [client 4.213.174.69:0] script '/domains/system_default/img.php' not found or unable to stat
[Fri Jan 23 00:16:34.343301 2026] [php:error] [pid 85953] [client 4.213.174.69:0] script '/domains/system_default/ioxi-o.php' not found or unable to stat
[Fri Jan 23 00:16:34.587317 2026] [php:error] [pid 85953] [client 4.213.174.69:0] script '/domains/system_default/hans.php' not found or unable to stat
[Fri Jan 23 00:16:35.077806 2026] [php:error] [pid 85953] [client 4.213.174.69:0] script '/domains/system_default/wp-ana.php' not found or unable to stat
[Fri Jan 23 00:16:35.322169 2026] [php:error] [pid 85953] [client 4.213.174.69:0] script '/domains/system_default/info.php' not found or unable to stat
[Fri Jan 23 00:16:35.566287 2026] [php:error] [pid 85953] [client 4.213.174.69:0] script '/domains/system_default/tx1.php' not found or unable to stat
[Fri Jan 23 00:16:35.810556 2026] [php:error] [pid 85953] [client 4.213.174.69:0] script '/domains/system_default/lv.php' not found or unable to stat
[Fri Jan 23 00:16:36.078583 2026] [php:error] [pid 85953] [client 4.213.174.69:0] script '/domains/system_default/ccou.php' not found or unable to stat
[Fri Jan 23 00:16:36.322537 2026] [php:error] [pid 85953] [client 4.213.174.69:0] script '/domains/system_default/wsd.php' not found or unable to stat
[Fri Jan 23 00:16:36.571280 2026] [php:error] [pid 85953] [client 4.213.174.69:0] script '/domains/system_default/yvxhx.php' not found or unable to stat
[Fri Jan 23 00:16:36.584526 2026] [access_compat:error] [pid 85960] [client 167.71.175.236:0] AH01797: client denied by server configuration: /domains/ceonlinenews/server-status
[Fri Jan 23 00:16:36.815230 2026] [php:error] [pid 85953] [client 4.213.174.69:0] script '/domains/system_default/manager.php' not found or unable to stat
[Fri Jan 23 00:16:37.092722 2026] [php:error] [pid 85953] [client 4.213.174.69:0] script '/domains/system_default/wp-good.php' not found or unable to stat
[Fri Jan 23 00:16:37.338187 2026] [php:error] [pid 85953] [client 4.213.174.69:0] script '/domains/system_default/qing2.php' not found or unable to stat
[Fri Jan 23 00:16:37.584476 2026] [php:error] [pid 85953] [client 4.213.174.69:0] script '/domains/system_default/doo.php' not found or unable to stat
[Fri Jan 23 00:16:37.828403 2026] [php:error] [pid 85953] [client 4.213.174.69:0] script '/domains/system_default/moon.php' not found or unable to stat
[Fri Jan 23 00:16:37.997275 2026] [access_compat:error] [pid 85964] [client 206.189.2.13:0] AH01797: client denied by server configuration: /domains/jrp.interport/server-status
[Fri Jan 23 00:16:38.111349 2026] [php:error] [pid 85953] [client 4.213.174.69:0] script '/domains/system_default/buy.php' not found or unable to stat
[Fri Jan 23 00:16:38.361146 2026] [php:error] [pid 85953] [client 4.213.174.69:0] script '/domains/system_default/9v6.php' not found or unable to stat
[Fri Jan 23 00:16:39.016718 2026] [php:error] [pid 85953] [client 4.213.174.69:0] script '/domains/system_default/dbc.php' not found or unable to stat
[Fri Jan 23 00:16:39.261077 2026] [php:error] [pid 85953] [client 4.213.174.69:0] script '/domains/system_default/log.php' not found or unable to stat
[Fri Jan 23 00:16:39.504770 2026] [php:error] [pid 85953] [client 4.213.174.69:0] script '/domains/system_default/shell20211028.php' not found or unable to stat
[Fri Jan 23 00:16:39.748747 2026] [php:error] [pid 85953] [client 4.213.174.69:0] script '/domains/system_default/1.php' not found or unable to stat
[Fri Jan 23 00:16:40.012886 2026] [php:error] [pid 85953] [client 4.213.174.69:0] script '/domains/system_default/ws36.php' not found or unable to stat
[Fri Jan 23 00:16:40.257108 2026] [php:error] [pid 85953] [client 4.213.174.69:0] script '/domains/system_default/file.php' not found or unable to stat
[Fri Jan 23 00:16:40.503433 2026] [php:error] [pid 85953] [client 4.213.174.69:0] script '/domains/system_default/rh.php' not found or unable to stat
[Fri Jan 23 00:16:40.757339 2026] [php:error] [pid 85953] [client 4.213.174.69:0] script '/domains/system_default/ova.php' not found or unable to stat
[Fri Jan 23 00:16:41.027747 2026] [php:error] [pid 85953] [client 4.213.174.69:0] script '/domains/system_default/siteheads.php' not found or unable to stat
[Fri Jan 23 00:16:41.271757 2026] [php:error] [pid 85953] [client 4.213.174.69:0] script '/domains/system_default/wp-links.php' not found or unable to stat
[Fri Jan 23 00:16:41.518306 2026] [php:error] [pid 85953] [client 4.213.174.69:0] script '/domains/system_default/zer.php' not found or unable to stat
[Fri Jan 23 00:16:41.773506 2026] [php:error] [pid 85953] [client 4.213.174.69:0] script '/domains/system_default/sid3.php' not found or unable to stat
[Fri Jan 23 00:16:42.018273 2026] [php:error] [pid 85953] [client 4.213.174.69:0] script '/domains/system_default/tinyfilemanager.php' not found or unable to stat
[Fri Jan 23 00:16:42.740867 2026] [php:error] [pid 85953] [client 4.213.174.69:0] script '/domains/system_default/galex.php' not found or unable to stat
[Fri Jan 23 00:16:42.988035 2026] [php:error] [pid 85953] [client 4.213.174.69:0] script '/domains/system_default/abcd.php' not found or unable to stat
[Fri Jan 23 00:16:43.234961 2026] [php:error] [pid 85953] [client 4.213.174.69:0] script '/domains/system_default/ant.php' not found or unable to stat
[Fri Jan 23 00:16:43.490284 2026] [php:error] [pid 85953] [client 4.213.174.69:0] script '/domains/system_default/O-Simple.php' not found or unable to stat
[Fri Jan 23 00:16:43.747693 2026] [php:error] [pid 85953] [client 4.213.174.69:0] script '/domains/system_default/0o0.php' not found or unable to stat
[Fri Jan 23 00:16:43.991358 2026] [php:error] [pid 85953] [client 4.213.174.69:0] script '/domains/system_default/gtc.php' not found or unable to stat
[Fri Jan 23 00:16:44.247820 2026] [php:error] [pid 85953] [client 4.213.174.69:0] script '/domains/system_default/content.php' not found or unable to stat
[Fri Jan 23 00:16:44.497931 2026] [php:error] [pid 85953] [client 4.213.174.69:0] script '/domains/system_default/support.php' not found or unable to stat
[Fri Jan 23 00:16:44.742211 2026] [php:error] [pid 85953] [client 4.213.174.69:0] script '/domains/system_default/styles.php' not found or unable to stat
[Fri Jan 23 00:16:45.010730 2026] [php:error] [pid 85953] [client 4.213.174.69:0] script '/domains/system_default/goods.php' not found or unable to stat
[Fri Jan 23 00:16:45.290429 2026] [php:error] [pid 85953] [client 4.213.174.69:0] script '/domains/system_default/403.php' not found or unable to stat
[Fri Jan 23 00:16:45.785829 2026] [php:error] [pid 85953] [client 4.213.174.69:0] script '/domains/system_default/class.api.php' not found or unable to stat
[Fri Jan 23 00:16:46.030093 2026] [php:error] [pid 85953] [client 4.213.174.69:0] script '/domains/system_default/az.php' not found or unable to stat
[Fri Jan 23 00:16:46.276491 2026] [php:error] [pid 85953] [client 4.213.174.69:0] script '/domains/system_default/155.php' not found or unable to stat
[Fri Jan 23 00:16:46.520290 2026] [php:error] [pid 85953] [client 4.213.174.69:0] script '/domains/system_default/oo.php' not found or unable to stat
[Fri Jan 23 00:16:46.604994 2026] [php:error] [pid 85960] [client 167.71.175.236:0] script '/domains/ceonlinenews/info.php' not found or unable to stat
[Fri Jan 23 00:16:46.773718 2026] [php:error] [pid 85953] [client 4.213.174.69:0] script '/domains/system_default/vx.php' not found or unable to stat
[Fri Jan 23 00:16:47.017956 2026] [php:error] [pid 85953] [client 4.213.174.69:0] script '/domains/system_default/geck.php' not found or unable to stat
[Fri Jan 23 00:16:47.261986 2026] [php:error] [pid 85953] [client 4.213.174.69:0] script '/domains/system_default/to.php' not found or unable to stat
[Fri Jan 23 00:16:47.502887 2026] [access_compat:error] [pid 85960] [client 164.92.107.174:0] AH01797: client denied by server configuration: /domains/biehlweb/server-status
[Fri Jan 23 00:16:47.513669 2026] [php:error] [pid 85953] [client 4.213.174.69:0] script '/domains/system_default/horeg.php' not found or unable to stat
[Fri Jan 23 00:16:47.768311 2026] [php:error] [pid 85953] [client 4.213.174.69:0] script '/domains/system_default/wen.php' not found or unable to stat
[Fri Jan 23 00:16:48.005596 2026] [php:error] [pid 85952] [client 206.189.2.13:0] script '/domains/jrp.interport/info.php' not found or unable to stat
[Fri Jan 23 00:16:48.017753 2026] [php:error] [pid 85953] [client 4.213.174.69:0] script '/domains/system_default/menu.php' not found or unable to stat
[Fri Jan 23 00:16:48.805262 2026] [php:error] [pid 85953] [client 4.213.174.69:0] script '/domains/system_default/sfudq.php' not found or unable to stat
[Fri Jan 23 00:16:49.049516 2026] [php:error] [pid 85953] [client 4.213.174.69:0] script '/domains/system_default/file2.php' not found or unable to stat
[Fri Jan 23 00:16:49.293519 2026] [php:error] [pid 85953] [client 4.213.174.69:0] script '/domains/system_default/wp-22.php' not found or unable to stat
[Fri Jan 23 00:16:49.541599 2026] [php:error] [pid 85953] [client 4.213.174.69:0] script '/domains/system_default/asx.php' not found or unable to stat
[Fri Jan 23 00:16:49.786921 2026] [php:error] [pid 85953] [client 4.213.174.69:0] script '/domains/system_default/xa.php' not found or unable to stat
[Fri Jan 23 00:16:50.032489 2026] [php:error] [pid 85953] [client 4.213.174.69:0] script '/domains/system_default/dox.php' not found or unable to stat
[Fri Jan 23 00:16:50.276189 2026] [php:error] [pid 85953] [client 4.213.174.69:0] script '/domains/system_default/size.php' not found or unable to stat
[Fri Jan 23 00:16:50.358649 2026] [access_compat:error] [pid 85960] [client 159.89.174.87:0] AH01797: client denied by server configuration: /domains/biehlweb/server-status
[Fri Jan 23 00:16:50.522120 2026] [php:error] [pid 85953] [client 4.213.174.69:0] script '/domains/system_default/ng.php' not found or unable to stat
[Fri Jan 23 00:16:50.765620 2026] [php:error] [pid 85953] [client 4.213.174.69:0] script '/domains/system_default/a2.php' not found or unable to stat
[Fri Jan 23 00:16:51.484027 2026] [php:error] [pid 85953] [client 4.213.174.69:0] script '/domains/system_default/page.php' not found or unable to stat
[Fri Jan 23 00:16:51.733644 2026] [php:error] [pid 85953] [client 4.213.174.69:0] script '/domains/system_default/z60.php' not found or unable to stat
[Fri Jan 23 00:16:51.990194 2026] [php:error] [pid 85953] [client 4.213.174.69:0] script '/domains/system_default/sf.php' not found or unable to stat
[Fri Jan 23 00:16:52.245969 2026] [php:error] [pid 85953] [client 4.213.174.69:0] script '/domains/system_default/qual.php' not found or unable to stat
[Fri Jan 23 00:16:53.059237 2026] [php:error] [pid 85953] [client 4.213.174.69:0] script '/domains/system_default/12.php' not found or unable to stat
[Fri Jan 23 00:16:53.303280 2026] [php:error] [pid 85953] [client 4.213.174.69:0] script '/domains/system_default/s.php' not found or unable to stat
[Fri Jan 23 00:16:53.547018 2026] [php:error] [pid 85953] [client 4.213.174.69:0] script '/domains/system_default/cong.php' not found or unable to stat
[Fri Jan 23 00:16:53.805107 2026] [php:error] [pid 85953] [client 4.213.174.69:0] script '/domains/system_default/simple.php' not found or unable to stat
[Fri Jan 23 00:16:54.054871 2026] [php:error] [pid 85953] [client 4.213.174.69:0] script '/domains/system_default/11.php' not found or unable to stat
