[Fri Jan 23 02:57:51.898729 2026] [php:error] [pid 15801] [client 20.205.10.3:0] script '/domains/astweb/new.php' not found or unable to stat
[Fri Jan 23 02:57:52.322685 2026] [php:error] [pid 15801] [client 20.205.10.3:0] script '/domains/astweb/as.php' not found or unable to stat
[Fri Jan 23 02:57:52.526853 2026] [php:error] [pid 15801] [client 20.205.10.3:0] script '/domains/astweb/ds.php' not found or unable to stat
[Fri Jan 23 02:57:52.627660 2026] [php:error] [pid 15811] [client 20.219.130.224:0] script '/domains/deltaele/buy.php' not found or unable to stat
[Fri Jan 23 02:57:52.730978 2026] [php:error] [pid 15801] [client 20.205.10.3:0] script '/domains/astweb/error.php' not found or unable to stat
[Fri Jan 23 02:57:52.863406 2026] [php:error] [pid 15811] [client 20.219.130.224:0] script '/domains/deltaele/chosen.php' not found or unable to stat
[Fri Jan 23 02:57:52.936339 2026] [php:error] [pid 15801] [client 20.205.10.3:0] script '/domains/astweb/gecko-new.php' not found or unable to stat
[Fri Jan 23 02:57:53.097146 2026] [php:error] [pid 15811] [client 20.219.130.224:0] script '/domains/deltaele/index.php' not found or unable to stat
[Fri Jan 23 02:57:53.141030 2026] [php:error] [pid 15801] [client 20.205.10.3:0] script '/domains/astweb/randkeyword.php' not found or unable to stat
[Fri Jan 23 02:57:53.724537 2026] [php:error] [pid 15811] [client 20.219.130.224:0] script '/domains/deltaele/cron.php' not found or unable to stat
[Fri Jan 23 02:57:53.755021 2026] [php:error] [pid 15801] [client 20.205.10.3:0] script '/domains/astweb/NewFile.php' not found or unable to stat
[Fri Jan 23 02:57:53.958829 2026] [php:error] [pid 15801] [client 20.205.10.3:0] script '/domains/astweb/goods.php' not found or unable to stat
[Fri Jan 23 02:57:54.163751 2026] [php:error] [pid 15801] [client 20.205.10.3:0] script '/domains/astweb/simple.php' not found or unable to stat
[Fri Jan 23 02:57:54.997398 2026] [php:error] [pid 15801] [client 20.205.10.3:0] script '/domains/astweb/c.php' not found or unable to stat
[Fri Jan 23 02:57:55.054268 2026] [php:error] [pid 15811] [client 20.219.130.224:0] script '/domains/deltaele/functions.php' not found or unable to stat
[Fri Jan 23 02:57:55.610381 2026] [php:error] [pid 15801] [client 20.205.10.3:0] script '/domains/astweb/auth.php' not found or unable to stat
[Fri Jan 23 02:57:55.813756 2026] [php:error] [pid 15801] [client 20.205.10.3:0] script '/domains/astweb/class-wp-lock.php' not found or unable to stat
[Fri Jan 23 02:57:56.017280 2026] [php:error] [pid 15801] [client 20.205.10.3:0] script '/domains/astweb/cookie.php' not found or unable to stat
[Fri Jan 23 02:57:56.231727 2026] [php:error] [pid 15801] [client 20.205.10.3:0] script '/domains/astweb/admin.php' not found or unable to stat
[Fri Jan 23 02:57:56.369498 2026] [php:error] [pid 15811] [client 20.219.130.224:0] script '/domains/deltaele/wp-add.php' not found or unable to stat
[Fri Jan 23 02:57:56.447064 2026] [php:error] [pid 15801] [client 20.205.10.3:0] script '/domains/astweb/baxa1.php' not found or unable to stat
[Fri Jan 23 02:57:57.061172 2026] [php:error] [pid 15811] [client 20.219.130.224:0] script '/domains/deltaele/0.php' not found or unable to stat
[Fri Jan 23 02:57:57.061313 2026] [php:error] [pid 15801] [client 20.205.10.3:0] script '/domains/astweb/xleet.php' not found or unable to stat
[Fri Jan 23 02:57:57.278299 2026] [php:error] [pid 15811] [client 20.219.130.224:0] script '/domains/deltaele/edit.php' not found or unable to stat
[Fri Jan 23 02:57:57.507871 2026] [php:error] [pid 15801] [client 20.205.10.3:0] script '/domains/astweb/about.php' not found or unable to stat
[Fri Jan 23 02:57:57.818487 2026] [php:error] [pid 15811] [client 20.219.130.224:0] script '/domains/deltaele/meta.php' not found or unable to stat
[Fri Jan 23 02:57:58.587251 2026] [php:error] [pid 15811] [client 20.219.130.224:0] script '/domains/deltaele/new.php' not found or unable to stat
[Fri Jan 23 02:57:58.762006 2026] [php:error] [pid 15801] [client 20.205.10.3:0] script '/domains/astweb/alfanew.php' not found or unable to stat
[Fri Jan 23 02:57:59.169594 2026] [php:error] [pid 15801] [client 20.205.10.3:0] script '/domains/astweb/22.php' not found or unable to stat
[Fri Jan 23 02:57:59.755648 2026] [php:error] [pid 15811] [client 20.219.130.224:0] script '/domains/deltaele/as.php' not found or unable to stat
[Fri Jan 23 02:57:59.779630 2026] [php:error] [pid 15801] [client 20.205.10.3:0] script '/domains/astweb/simple.php' not found or unable to stat
[Fri Jan 23 02:58:00.187441 2026] [php:error] [pid 15801] [client 20.205.10.3:0] script '/domains/astweb/admin.php' not found or unable to stat
[Fri Jan 23 02:58:00.400264 2026] [php:error] [pid 15801] [client 20.205.10.3:0] script '/domains/astweb/c99.php' not found or unable to stat
[Fri Jan 23 02:58:00.607346 2026] [php:error] [pid 15801] [client 20.205.10.3:0] script '/domains/astweb/file.php' not found or unable to stat
[Fri Jan 23 02:58:00.630414 2026] [php:error] [pid 15811] [client 20.219.130.224:0] script '/domains/deltaele/ds.php' not found or unable to stat
[Fri Jan 23 02:58:00.811054 2026] [php:error] [pid 15801] [client 20.205.10.3:0] script '/domains/astweb/b.php' not found or unable to stat
[Fri Jan 23 02:58:01.014655 2026] [php:error] [pid 15801] [client 20.205.10.3:0] script '/domains/astweb/classwithtostring.php' not found or unable to stat
[Fri Jan 23 02:58:01.082698 2026] [php:error] [pid 15811] [client 20.219.130.224:0] script '/domains/deltaele/error.php' not found or unable to stat
[Fri Jan 23 02:58:01.218107 2026] [php:error] [pid 15801] [client 20.205.10.3:0] script '/domains/astweb/css.php' not found or unable to stat
[Fri Jan 23 02:58:01.422406 2026] [php:error] [pid 15801] [client 20.205.10.3:0] script '/domains/astweb/flower.php' not found or unable to stat
[Fri Jan 23 02:58:01.726308 2026] [php:error] [pid 15811] [client 20.219.130.224:0] script '/domains/deltaele/gecko-new.php' not found or unable to stat
[Fri Jan 23 02:58:02.049581 2026] [php:error] [pid 15801] [client 20.205.10.3:0] script '/domains/astweb/jp.php' not found or unable to stat
[Fri Jan 23 02:58:02.261202 2026] [php:error] [pid 15801] [client 20.205.10.3:0] script '/domains/astweb/room.php' not found or unable to stat
[Fri Jan 23 02:58:02.317085 2026] [php:error] [pid 15811] [client 20.219.130.224:0] script '/domains/deltaele/randkeyword.php' not found or unable to stat
[Fri Jan 23 02:58:02.905008 2026] [php:error] [pid 15801] [client 20.205.10.3:0] script '/domains/astweb/12.php' not found or unable to stat
[Fri Jan 23 02:58:03.118399 2026] [php:error] [pid 15801] [client 20.205.10.3:0] script '/domains/astweb/404.php' not found or unable to stat
[Fri Jan 23 02:58:03.324111 2026] [php:error] [pid 15801] [client 20.205.10.3:0] script '/domains/astweb/disagreed.php' not found or unable to stat
[Fri Jan 23 02:58:03.443759 2026] [php:error] [pid 15811] [client 20.219.130.224:0] script '/domains/deltaele/NewFile.php' not found or unable to stat
[Fri Jan 23 02:58:03.732951 2026] [php:error] [pid 15801] [client 20.205.10.3:0] script '/domains/astweb/text.php' not found or unable to stat
[Fri Jan 23 02:58:03.997784 2026] [php:error] [pid 15811] [client 20.219.130.224:0] script '/domains/deltaele/goods.php' not found or unable to stat
[Fri Jan 23 02:58:04.724761 2026] [php:error] [pid 15811] [client 20.219.130.224:0] script '/domains/deltaele/simple.php' not found or unable to stat
[Fri Jan 23 02:58:05.370970 2026] [php:error] [pid 15801] [client 20.205.10.3:0] script '/domains/astweb/GOD.php' not found or unable to stat
[Fri Jan 23 02:58:05.781701 2026] [php:error] [pid 15801] [client 20.205.10.3:0] script '/domains/astweb/alfa-rex.php' not found or unable to stat
[Fri Jan 23 02:58:05.781728 2026] [php:error] [pid 15811] [client 20.219.130.224:0] script '/domains/deltaele/c.php' not found or unable to stat
[Fri Jan 23 02:58:05.985334 2026] [php:error] [pid 15801] [client 20.205.10.3:0] script '/domains/astweb/f35.php' not found or unable to stat
[Fri Jan 23 02:58:06.188920 2026] [php:error] [pid 15801] [client 20.205.10.3:0] script '/domains/astweb/feeds.php' not found or unable to stat
[Fri Jan 23 02:58:06.597354 2026] [php:error] [pid 15801] [client 20.205.10.3:0] script '/domains/astweb/favicon.php' not found or unable to stat
[Fri Jan 23 02:58:06.970315 2026] [php:error] [pid 15811] [client 20.219.130.224:0] script '/domains/deltaele/auth.php' not found or unable to stat
[Fri Jan 23 02:58:07.030500 2026] [php:error] [pid 15801] [client 20.205.10.3:0] script '/domains/astweb/hehe.php' not found or unable to stat
[Fri Jan 23 02:58:07.725182 2026] [php:error] [pid 15811] [client 20.219.130.224:0] script '/domains/deltaele/class-wp-lock.php' not found or unable to stat
[Fri Jan 23 02:58:07.970816 2026] [php:error] [pid 15811] [client 20.219.130.224:0] script '/domains/deltaele/cookie.php' not found or unable to stat
[Fri Jan 23 02:58:08.184157 2026] [php:error] [pid 15811] [client 20.219.130.224:0] script '/domains/deltaele/admin.php' not found or unable to stat
[Fri Jan 23 02:58:08.460376 2026] [php:error] [pid 15816] [client 20.205.10.3:0] script '/domains/astweb/user.php' not found or unable to stat
[Fri Jan 23 02:58:08.664686 2026] [php:error] [pid 15816] [client 20.205.10.3:0] script '/domains/astweb/autoload_classmap.php' not found or unable to stat
[Fri Jan 23 02:58:08.753585 2026] [php:error] [pid 15811] [client 20.219.130.224:0] script '/domains/deltaele/baxa1.php' not found or unable to stat
[Fri Jan 23 02:58:08.867510 2026] [php:error] [pid 15816] [client 20.205.10.3:0] script '/domains/astweb/files.php' not found or unable to stat
[Fri Jan 23 02:58:09.313341 2026] [php:error] [pid 15816] [client 20.205.10.3:0] script '/domains/astweb/about.php' not found or unable to stat
[Fri Jan 23 02:58:09.518656 2026] [php:error] [pid 15816] [client 20.205.10.3:0] script '/domains/astweb/al.php' not found or unable to stat
[Fri Jan 23 02:58:09.721624 2026] [php:error] [pid 15816] [client 20.205.10.3:0] script '/domains/astweb/byp.php' not found or unable to stat
[Fri Jan 23 02:58:10.145141 2026] [php:error] [pid 15816] [client 20.205.10.3:0] script '/domains/astweb/wander.php' not found or unable to stat
[Fri Jan 23 02:58:10.577159 2026] [php:error] [pid 15811] [client 20.219.130.224:0] script '/domains/deltaele/xleet.php' not found or unable to stat
[Fri Jan 23 02:58:10.998207 2026] [php:error] [pid 15816] [client 20.205.10.3:0] script '/domains/astweb/en.php' not found or unable to stat
[Fri Jan 23 02:58:11.202863 2026] [php:error] [pid 15816] [client 20.205.10.3:0] script '/domains/astweb/help.php' not found or unable to stat
[Fri Jan 23 02:58:11.252905 2026] [php:error] [pid 15811] [client 20.219.130.224:0] script '/domains/deltaele/about.php' not found or unable to stat
[Fri Jan 23 02:58:12.025642 2026] [php:error] [pid 15816] [client 20.205.10.3:0] script '/domains/astweb/control.php' not found or unable to stat
[Fri Jan 23 02:58:12.686292 2026] [php:error] [pid 15816] [client 20.205.10.3:0] script '/domains/astweb/radio.php' not found or unable to stat
[Fri Jan 23 02:58:12.890839 2026] [php:error] [pid 15816] [client 20.205.10.3:0] script '/domains/astweb/dropdown.php' not found or unable to stat
[Fri Jan 23 02:58:13.120865 2026] [php:error] [pid 15811] [client 20.219.130.224:0] script '/domains/deltaele/alfanew.php' not found or unable to stat
[Fri Jan 23 02:58:13.500954 2026] [php:error] [pid 15816] [client 20.205.10.3:0] script '/domains/astweb/wp-2019.php' not found or unable to stat
[Fri Jan 23 02:58:13.808978 2026] [php:error] [pid 15811] [client 20.219.130.224:0] script '/domains/deltaele/22.php' not found or unable to stat
[Fri Jan 23 02:58:13.915252 2026] [php:error] [pid 15816] [client 20.205.10.3:0] script '/domains/astweb/403.php' not found or unable to stat
[Fri Jan 23 02:58:14.117887 2026] [php:error] [pid 15816] [client 20.205.10.3:0] script '/domains/astweb/about.php' not found or unable to stat
[Fri Jan 23 02:58:14.319510 2026] [php:error] [pid 15816] [client 20.205.10.3:0] script '/domains/astweb/admin.php' not found or unable to stat
[Fri Jan 23 02:58:14.521504 2026] [php:error] [pid 15816] [client 20.205.10.3:0] script '/domains/astweb/as.php' not found or unable to stat
[Fri Jan 23 02:58:14.725499 2026] [php:error] [pid 15816] [client 20.205.10.3:0] script '/domains/astweb/autoload_classmap.php' not found or unable to stat
[Fri Jan 23 02:58:14.927062 2026] [php:error] [pid 15816] [client 20.205.10.3:0] script '/domains/astweb/classwithtostring.php' not found or unable to stat
[Fri Jan 23 02:58:14.965046 2026] [php:error] [pid 15811] [client 20.219.130.224:0] script '/domains/deltaele/simple.php' not found or unable to stat
[Fri Jan 23 02:58:15.128930 2026] [php:error] [pid 15816] [client 20.205.10.3:0] script '/domains/astweb/content.php' not found or unable to stat
[Fri Jan 23 02:58:15.332517 2026] [php:error] [pid 15816] [client 20.205.10.3:0] script '/domains/astweb/doc.php' not found or unable to stat
[Fri Jan 23 02:58:15.551584 2026] [php:error] [pid 15816] [client 20.205.10.3:0] script '/domains/astweb/dropdown.php' not found or unable to stat
[Fri Jan 23 02:58:15.762215 2026] [php:error] [pid 15816] [client 20.205.10.3:0] script '/domains/astweb/ee.php' not found or unable to stat
[Fri Jan 23 02:58:15.972504 2026] [php:error] [pid 15816] [client 20.205.10.3:0] script '/domains/astweb/images/wp-login.php' not found or unable to stat
[Fri Jan 23 02:58:16.175291 2026] [php:error] [pid 15816] [client 20.205.10.3:0] script '/domains/astweb/moon.php' not found or unable to stat
[Fri Jan 23 02:58:16.376745 2026] [php:error] [pid 15816] [client 20.205.10.3:0] script '/domains/astweb/new.php' not found or unable to stat
[Fri Jan 23 02:58:16.582645 2026] [php:error] [pid 15816] [client 20.205.10.3:0] script '/domains/astweb/radio.php' not found or unable to stat
[Fri Jan 23 02:58:16.626052 2026] [php:error] [pid 15811] [client 20.219.130.224:0] script '/domains/deltaele/admin.php' not found or unable to stat
[Fri Jan 23 02:58:16.786960 2026] [php:error] [pid 15816] [client 20.205.10.3:0] script '/domains/astweb/s.php' not found or unable to stat
[Fri Jan 23 02:58:16.989157 2026] [php:error] [pid 15816] [client 20.205.10.3:0] script '/domains/astweb/sim.php' not found or unable to stat
[Fri Jan 23 02:58:16.998618 2026] [php:error] [pid 15811] [client 20.219.130.224:0] script '/domains/deltaele/c99.php' not found or unable to stat
[Fri Jan 23 02:58:17.191371 2026] [php:error] [pid 15816] [client 20.205.10.3:0] script '/domains/astweb/simple.php' not found or unable to stat
[Fri Jan 23 02:58:17.210873 2026] [php:error] [pid 15811] [client 20.219.130.224:0] script '/domains/deltaele/file.php' not found or unable to stat
[Fri Jan 23 02:58:17.435219 2026] [php:error] [pid 15811] [client 20.219.130.224:0] script '/domains/deltaele/b.php' not found or unable to stat
[Fri Jan 23 02:58:17.595689 2026] [php:error] [pid 15816] [client 20.205.10.3:0] script '/domains/astweb/user.php' not found or unable to stat
[Fri Jan 23 02:58:17.798201 2026] [php:error] [pid 15816] [client 20.205.10.3:0] script '/domains/astweb/webadmin.php' not found or unable to stat
[Fri Jan 23 02:58:18.037673 2026] [php:error] [pid 15811] [client 20.219.130.224:0] script '/domains/deltaele/classwithtostring.php' not found or unable to stat
[Fri Jan 23 02:58:18.350252 2026] [php:error] [pid 15811] [client 20.219.130.224:0] script '/domains/deltaele/css.php' not found or unable to stat
[Fri Jan 23 02:58:18.572729 2026] [php:error] [pid 15811] [client 20.219.130.224:0] script '/domains/deltaele/flower.php' not found or unable to stat
[Fri Jan 23 02:58:19.237781 2026] [php:error] [pid 15816] [client 20.205.10.3:0] script '/domains/astweb/wp-config-sample.php' not found or unable to stat
[Fri Jan 23 02:58:19.440085 2026] [php:error] [pid 15816] [client 20.205.10.3:0] script '/domains/astweb/wp-configs.php' not found or unable to stat
[Fri Jan 23 02:58:19.650946 2026] [php:error] [pid 15816] [client 20.205.10.3:0] script '/domains/astweb/wp-conflg.php' not found or unable to stat
[Fri Jan 23 02:58:19.819225 2026] [php:error] [pid 15811] [client 20.219.130.224:0] script '/domains/deltaele/jp.php' not found or unable to stat
[Fri Jan 23 02:58:20.034005 2026] [php:error] [pid 15811] [client 20.219.130.224:0] script '/domains/deltaele/room.php' not found or unable to stat
[Fri Jan 23 02:58:20.864848 2026] [php:error] [pid 15816] [client 20.205.10.3:0] script '/domains/astweb/wp-mail.php' not found or unable to stat
[Fri Jan 23 02:58:21.067829 2026] [php:error] [pid 15816] [client 20.205.10.3:0] script '/domains/astweb/wsa.php' not found or unable to stat
[Fri Jan 23 02:58:21.173144 2026] [php:error] [pid 15811] [client 20.219.130.224:0] script '/domains/deltaele/12.php' not found or unable to stat
[Fri Jan 23 02:58:21.277391 2026] [php:error] [pid 15816] [client 20.205.10.3:0] script '/domains/astweb/xmlrpc.php' not found or unable to stat
[Fri Jan 23 02:58:21.397434 2026] [php:error] [pid 15811] [client 20.219.130.224:0] script '/domains/deltaele/404.php' not found or unable to stat
[Fri Jan 23 02:58:21.482139 2026] [php:error] [pid 15816] [client 20.205.10.3:0] script '/domains/astweb/ab.php' not found or unable to stat
[Fri Jan 23 02:58:21.683736 2026] [php:error] [pid 15816] [client 20.205.10.3:0] script '/domains/astweb/classwithtostring.php' not found or unable to stat
[Fri Jan 23 02:58:21.885803 2026] [php:error] [pid 15816] [client 20.205.10.3:0] script '/domains/astweb/version.php' not found or unable to stat
[Fri Jan 23 02:58:22.090158 2026] [php:error] [pid 15816] [client 20.205.10.3:0] script '/domains/astweb/xxx.php' not found or unable to stat
[Fri Jan 23 02:58:22.122337 2026] [php:error] [pid 15811] [client 20.219.130.224:0] script '/domains/deltaele/disagreed.php' not found or unable to stat
[Fri Jan 23 02:58:22.699003 2026] [php:error] [pid 15816] [client 20.205.10.3:0] script '/domains/astweb/1.php' not found or unable to stat
[Fri Jan 23 02:58:22.907951 2026] [php:error] [pid 15816] [client 20.205.10.3:0] script '/domains/astweb/themes.php' not found or unable to stat
[Fri Jan 23 02:58:23.368268 2026] [php:error] [pid 15811] [client 20.219.130.224:0] script '/domains/deltaele/text.php' not found or unable to stat
[Fri Jan 23 02:58:23.725646 2026] [php:error] [pid 15816] [client 20.205.10.3:0] script '/domains/astweb/b0.php' not found or unable to stat
[Fri Jan 23 02:58:23.927370 2026] [php:error] [pid 15816] [client 20.205.10.3:0] script '/domains/astweb/bala.php' not found or unable to stat
[Fri Jan 23 02:58:24.751972 2026] [php:error] [pid 15816] [client 20.205.10.3:0] script '/domains/astweb/xl2023.php.php' not found or unable to stat
[Fri Jan 23 02:58:25.766568 2026] [php:error] [pid 15816] [client 20.205.10.3:0] script '/domains/astweb/120f9.php' not found or unable to stat
[Fri Jan 23 02:58:25.981080 2026] [php:error] [pid 15816] [client 20.205.10.3:0] script '/domains/astweb/504.php' not found or unable to stat
[Fri Jan 23 02:58:26.183228 2026] [php:error] [pid 15816] [client 20.205.10.3:0] script '/domains/astweb/about.php' not found or unable to stat
[Fri Jan 23 02:58:26.385138 2026] [php:error] [pid 15816] [client 20.205.10.3:0] script '/domains/astweb/back.php' not found or unable to stat
[Fri Jan 23 02:58:26.587272 2026] [php:error] [pid 15816] [client 20.205.10.3:0] script '/domains/astweb/cong.php' not found or unable to stat
[Fri Jan 23 02:58:26.659106 2026] [php:error] [pid 15811] [client 20.219.130.224:0] script '/domains/deltaele/GOD.php' not found or unable to stat
[Fri Jan 23 02:58:26.789795 2026] [php:error] [pid 15816] [client 20.205.10.3:0] script '/domains/astweb/credits.php' not found or unable to stat
[Fri Jan 23 02:58:27.021014 2026] [php:error] [pid 15816] [client 20.205.10.3:0] script '/domains/astweb/credits.php' not found or unable to stat
[Fri Jan 23 02:58:27.082243 2026] [php:error] [pid 15811] [client 20.219.130.224:0] script '/domains/deltaele/alfa-rex.php' not found or unable to stat
[Fri Jan 23 02:58:27.222779 2026] [php:error] [pid 15816] [client 20.205.10.3:0] script '/domains/astweb/data.php' not found or unable to stat
[Fri Jan 23 02:58:27.429777 2026] [php:error] [pid 15816] [client 20.205.10.3:0] script '/domains/astweb/function.php' not found or unable to stat
[Fri Jan 23 02:58:27.631331 2026] [php:error] [pid 15816] [client 20.205.10.3:0] script '/domains/astweb/goods.php' not found or unable to stat
[Fri Jan 23 02:58:27.658854 2026] [php:error] [pid 15811] [client 20.219.130.224:0] script '/domains/deltaele/f35.php' not found or unable to stat
[Fri Jan 23 02:58:27.835096 2026] [php:error] [pid 15816] [client 20.205.10.3:0] script '/domains/astweb/gzak2w.php' not found or unable to stat
[Fri Jan 23 02:58:27.880267 2026] [php:error] [pid 15811] [client 20.219.130.224:0] script '/domains/deltaele/feeds.php' not found or unable to stat
[Fri Jan 23 02:58:28.046920 2026] [php:error] [pid 15816] [client 20.205.10.3:0] script '/domains/astweb/hehehehe.php' not found or unable to stat
[Fri Jan 23 02:58:28.657291 2026] [php:error] [pid 15816] [client 20.205.10.3:0] script '/domains/astweb/install.php' not found or unable to stat
[Fri Jan 23 02:58:28.692290 2026] [php:error] [pid 15811] [client 20.219.130.224:0] script '/domains/deltaele/favicon.php' not found or unable to stat
[Fri Jan 23 02:58:29.069061 2026] [php:error] [pid 15816] [client 20.205.10.3:0] script '/domains/astweb/ova.php' not found or unable to stat
[Fri Jan 23 02:58:29.694013 2026] [php:error] [pid 15811] [client 20.219.130.224:0] script '/domains/deltaele/hehe.php' not found or unable to stat
[Fri Jan 23 02:58:32.095769 2026] [php:error] [pid 15812] [client 20.219.130.224:0] script '/domains/deltaele/user.php' not found or unable to stat
[Fri Jan 23 02:58:32.612365 2026] [php:error] [pid 15812] [client 20.219.130.224:0] script '/domains/deltaele/autoload_classmap.php' not found or unable to stat
[Fri Jan 23 02:58:32.878853 2026] [php:error] [pid 15812] [client 20.219.130.224:0] script '/domains/deltaele/files.php' not found or unable to stat
[Fri Jan 23 02:58:34.161120 2026] [php:error] [pid 15812] [client 20.219.130.224:0] script '/domains/deltaele/about.php' not found or unable to stat
[Fri Jan 23 02:58:34.428508 2026] [php:error] [pid 15812] [client 20.219.130.224:0] script '/domains/deltaele/al.php' not found or unable to stat
[Fri Jan 23 02:58:34.649943 2026] [php:error] [pid 15801] [client 20.205.10.3:0] script '/domains/astweb/wp.php' not found or unable to stat
[Fri Jan 23 02:58:35.152196 2026] [php:error] [pid 15812] [client 20.219.130.224:0] script '/domains/deltaele/byp.php' not found or unable to stat
[Fri Jan 23 02:58:36.520179 2026] [php:error] [pid 15812] [client 20.219.130.224:0] script '/domains/deltaele/wander.php' not found or unable to stat
[Fri Jan 23 02:58:39.044589 2026] [php:error] [pid 15812] [client 20.219.130.224:0] script '/domains/deltaele/en.php' not found or unable to stat
[Fri Jan 23 02:58:39.534205 2026] [php:error] [pid 15812] [client 20.219.130.224:0] script '/domains/deltaele/help.php' not found or unable to stat
[Fri Jan 23 02:58:40.939951 2026] [php:error] [pid 15812] [client 20.219.130.224:0] script '/domains/deltaele/control.php' not found or unable to stat
[Fri Jan 23 02:58:42.054540 2026] [php:error] [pid 15812] [client 20.219.130.224:0] script '/domains/deltaele/radio.php' not found or unable to stat
[Fri Jan 23 02:58:42.590515 2026] [php:error] [pid 15812] [client 20.219.130.224:0] script '/domains/deltaele/dropdown.php' not found or unable to stat
[Fri Jan 23 02:58:44.317384 2026] [php:error] [pid 15812] [client 20.219.130.224:0] script '/domains/deltaele/wp-2019.php' not found or unable to stat
[Fri Jan 23 02:58:44.812334 2026] [php:error] [pid 15812] [client 20.219.130.224:0] script '/domains/deltaele/403.php' not found or unable to stat
[Fri Jan 23 02:58:45.054602 2026] [php:error] [pid 15812] [client 20.219.130.224:0] script '/domains/deltaele/about.php' not found or unable to stat
[Fri Jan 23 02:58:45.308247 2026] [php:error] [pid 15812] [client 20.219.130.224:0] script '/domains/deltaele/admin.php' not found or unable to stat
[Fri Jan 23 02:58:45.566764 2026] [php:error] [pid 15812] [client 20.219.130.224:0] script '/domains/deltaele/as.php' not found or unable to stat
[Fri Jan 23 02:58:45.844119 2026] [php:error] [pid 15812] [client 20.219.130.224:0] script '/domains/deltaele/autoload_classmap.php' not found or unable to stat
[Fri Jan 23 02:58:46.094466 2026] [php:error] [pid 15812] [client 20.219.130.224:0] script '/domains/deltaele/classwithtostring.php' not found or unable to stat
[Fri Jan 23 02:58:46.926230 2026] [php:error] [pid 15812] [client 20.219.130.224:0] script '/domains/deltaele/content.php' not found or unable to stat
[Fri Jan 23 02:58:47.533133 2026] [php:error] [pid 15812] [client 20.219.130.224:0] script '/domains/deltaele/doc.php' not found or unable to stat
[Fri Jan 23 02:58:47.930550 2026] [php:error] [pid 15812] [client 20.219.130.224:0] script '/domains/deltaele/dropdown.php' not found or unable to stat
[Fri Jan 23 02:58:48.307682 2026] [php:error] [pid 15812] [client 20.219.130.224:0] script '/domains/deltaele/ee.php' not found or unable to stat
[Fri Jan 23 02:58:48.840661 2026] [php:error] [pid 15821] [client 145.239.10.137:0] script '/domains/nlyfoods/x.php' not found or unable to stat, referer: http://nealeyfoods.com/x.php
[Fri Jan 23 02:58:49.247464 2026] [php:error] [pid 15812] [client 20.219.130.224:0] script '/domains/deltaele/moon.php' not found or unable to stat
[Fri Jan 23 02:58:49.498933 2026] [php:error] [pid 15812] [client 20.219.130.224:0] script '/domains/deltaele/new.php' not found or unable to stat
[Fri Jan 23 02:58:49.787610 2026] [php:error] [pid 15812] [client 20.219.130.224:0] script '/domains/deltaele/radio.php' not found or unable to stat
[Fri Jan 23 02:58:50.030268 2026] [php:error] [pid 15812] [client 20.219.130.224:0] script '/domains/deltaele/s.php' not found or unable to stat
[Fri Jan 23 02:58:50.277778 2026] [php:error] [pid 15812] [client 20.219.130.224:0] script '/domains/deltaele/sim.php' not found or unable to stat
[Fri Jan 23 02:58:50.850092 2026] [php:error] [pid 15812] [client 20.219.130.224:0] script '/domains/deltaele/simple.php' not found or unable to stat
[Fri Jan 23 02:58:51.963983 2026] [php:error] [pid 15812] [client 20.219.130.224:0] script '/domains/deltaele/user.php' not found or unable to stat
[Fri Jan 23 02:58:52.234767 2026] [php:error] [pid 15812] [client 20.219.130.224:0] script '/domains/deltaele/webadmin.php' not found or unable to stat
[Fri Jan 23 02:58:54.965418 2026] [php:error] [pid 15812] [client 20.219.130.224:0] script '/domains/deltaele/wp-config-sample.php' not found or unable to stat
[Fri Jan 23 02:58:55.681749 2026] [php:error] [pid 15812] [client 20.219.130.224:0] script '/domains/deltaele/wp-configs.php' not found or unable to stat
[Fri Jan 23 02:58:55.933783 2026] [php:error] [pid 15812] [client 20.219.130.224:0] script '/domains/deltaele/wp-conflg.php' not found or unable to stat
[Fri Jan 23 02:58:58.465404 2026] [php:error] [pid 15812] [client 20.219.130.224:0] script '/domains/deltaele/wp-mail.php' not found or unable to stat
[Fri Jan 23 02:58:58.714337 2026] [php:error] [pid 15812] [client 20.219.130.224:0] script '/domains/deltaele/wsa.php' not found or unable to stat
[Fri Jan 23 02:58:59.396589 2026] [php:error] [pid 15812] [client 20.219.130.224:0] script '/domains/deltaele/xmlrpc.php' not found or unable to stat
[Fri Jan 23 02:58:59.679874 2026] [php:error] [pid 15812] [client 20.219.130.224:0] script '/domains/deltaele/ab.php' not found or unable to stat
[Fri Jan 23 02:59:00.377619 2026] [php:error] [pid 15812] [client 20.219.130.224:0] script '/domains/deltaele/classwithtostring.php' not found or unable to stat
[Fri Jan 23 02:59:00.974536 2026] [php:error] [pid 15812] [client 20.219.130.224:0] script '/domains/deltaele/version.php' not found or unable to stat
[Fri Jan 23 02:59:01.223719 2026] [php:error] [pid 15812] [client 20.219.130.224:0] script '/domains/deltaele/xxx.php' not found or unable to stat
[Fri Jan 23 02:59:03.253847 2026] [php:error] [pid 15812] [client 20.219.130.224:0] script '/domains/deltaele/1.php' not found or unable to stat
[Fri Jan 23 02:59:03.900627 2026] [php:error] [pid 15812] [client 20.219.130.224:0] script '/domains/deltaele/themes.php' not found or unable to stat
[Fri Jan 23 02:59:05.342766 2026] [php:error] [pid 15812] [client 20.219.130.224:0] script '/domains/deltaele/b0.php' not found or unable to stat
[Fri Jan 23 02:59:05.962591 2026] [php:error] [pid 15812] [client 20.219.130.224:0] script '/domains/deltaele/bala.php' not found or unable to stat
[Fri Jan 23 02:59:07.000407 2026] [php:error] [pid 15812] [client 20.219.130.224:0] script '/domains/deltaele/xl2023.php.php' not found or unable to stat
[Fri Jan 23 02:59:08.272858 2026] [php:error] [pid 15812] [client 20.219.130.224:0] script '/domains/deltaele/120f9.php' not found or unable to stat
[Fri Jan 23 02:59:09.297053 2026] [php:error] [pid 15812] [client 20.219.130.224:0] script '/domains/deltaele/504.php' not found or unable to stat
[Fri Jan 23 02:59:09.899102 2026] [php:error] [pid 15812] [client 20.219.130.224:0] script '/domains/deltaele/about.php' not found or unable to stat
[Fri Jan 23 02:59:10.829698 2026] [php:error] [pid 15812] [client 20.219.130.224:0] script '/domains/deltaele/back.php' not found or unable to stat
[Fri Jan 23 02:59:11.652598 2026] [php:error] [pid 15812] [client 20.219.130.224:0] script '/domains/deltaele/cong.php' not found or unable to stat
[Fri Jan 23 02:59:11.895030 2026] [php:error] [pid 15812] [client 20.219.130.224:0] script '/domains/deltaele/credits.php' not found or unable to stat
[Fri Jan 23 02:59:12.157796 2026] [php:error] [pid 15812] [client 20.219.130.224:0] script '/domains/deltaele/credits.php' not found or unable to stat
[Fri Jan 23 02:59:12.835384 2026] [php:error] [pid 15812] [client 20.219.130.224:0] script '/domains/deltaele/data.php' not found or unable to stat
[Fri Jan 23 02:59:13.500592 2026] [php:error] [pid 15812] [client 20.219.130.224:0] script '/domains/deltaele/function.php' not found or unable to stat
[Fri Jan 23 02:59:13.753673 2026] [php:error] [pid 15812] [client 20.219.130.224:0] script '/domains/deltaele/goods.php' not found or unable to stat
[Fri Jan 23 02:59:13.999793 2026] [php:error] [pid 15812] [client 20.219.130.224:0] script '/domains/deltaele/gzak2w.php' not found or unable to stat
[Fri Jan 23 02:59:14.831451 2026] [php:error] [pid 15812] [client 20.219.130.224:0] script '/domains/deltaele/hehehehe.php' not found or unable to stat
[Fri Jan 23 02:59:16.256763 2026] [php:error] [pid 15812] [client 20.219.130.224:0] script '/domains/deltaele/install.php' not found or unable to stat
[Fri Jan 23 02:59:17.221550 2026] [php:error] [pid 15812] [client 20.219.130.224:0] script '/domains/deltaele/ova.php' not found or unable to stat
[Fri Jan 23 02:59:27.208384 2026] [php:error] [pid 15834] [client 20.219.130.224:0] script '/domains/deltaele/wp.php' not found or unable to stat
[Fri Jan 23 03:00:01.363389 2026] [php:error] [pid 15837] [client 52.178.176.146:0] script '/domains/system_default/rrr.php' not found or unable to stat
[Fri Jan 23 03:00:01.437269 2026] [php:error] [pid 15837] [client 52.178.176.146:0] script '/domains/system_default/kk.php' not found or unable to stat
[Fri Jan 23 03:00:01.511391 2026] [php:error] [pid 15837] [client 52.178.176.146:0] script '/domains/system_default/as.php' not found or unable to stat
[Fri Jan 23 03:00:01.585220 2026] [php:error] [pid 15837] [client 52.178.176.146:0] script '/domains/system_default/bless.php' not found or unable to stat
[Fri Jan 23 03:00:01.658754 2026] [php:error] [pid 15837] [client 52.178.176.146:0] script '/domains/system_default/style.php' not found or unable to stat
[Fri Jan 23 03:00:01.733817 2026] [php:error] [pid 15837] [client 52.178.176.146:0] script '/domains/system_default/cwclass.php' not found or unable to stat
[Fri Jan 23 03:00:01.807282 2026] [php:error] [pid 15837] [client 52.178.176.146:0] script '/domains/system_default/0x.php' not found or unable to stat
[Fri Jan 23 03:00:01.956188 2026] [php:error] [pid 15837] [client 52.178.176.146:0] script '/domains/system_default/404.php' not found or unable to stat
[Fri Jan 23 03:00:02.029424 2026] [php:error] [pid 15837] [client 52.178.176.146:0] script '/domains/system_default/goomaogm.php' not found or unable to stat
[Fri Jan 23 03:00:02.112297 2026] [php:error] [pid 15837] [client 52.178.176.146:0] script '/domains/system_default/Dede.php' not found or unable to stat
[Fri Jan 23 03:00:02.185723 2026] [php:error] [pid 15837] [client 52.178.176.146:0] script '/domains/system_default/dichku.php' not found or unable to stat
[Fri Jan 23 03:00:02.260597 2026] [php:error] [pid 15837] [client 52.178.176.146:0] script '/domains/system_default/h2a2ck.php' not found or unable to stat
[Fri Jan 23 03:00:02.335426 2026] [php:error] [pid 15837] [client 52.178.176.146:0] script '/domains/system_default/yr.PHP' not found or unable to stat
[Fri Jan 23 03:00:02.408803 2026] [php:error] [pid 15837] [client 52.178.176.146:0] script '/domains/system_default/Mks3.PhP' not found or unable to stat
[Fri Jan 23 03:00:02.495922 2026] [php:error] [pid 15837] [client 52.178.176.146:0] script '/domains/system_default/222.php' not found or unable to stat
[Fri Jan 23 03:00:02.570236 2026] [php:error] [pid 15837] [client 52.178.176.146:0] script '/domains/system_default/ty226.php' not found or unable to stat
[Fri Jan 23 03:00:02.643584 2026] [php:error] [pid 15837] [client 52.178.176.146:0] script '/domains/system_default/webadmin.php' not found or unable to stat
[Fri Jan 23 03:00:02.718305 2026] [php:error] [pid 15837] [client 52.178.176.146:0] script '/domains/system_default/pn.php' not found or unable to stat
[Fri Jan 23 03:00:02.792112 2026] [php:error] [pid 15837] [client 52.178.176.146:0] script '/domains/system_default/classwithtostring.php' not found or unable to stat
[Fri Jan 23 03:00:02.865811 2026] [php:error] [pid 15837] [client 52.178.176.146:0] script '/domains/system_default/img.php' not found or unable to stat
[Fri Jan 23 03:00:02.939069 2026] [php:error] [pid 15837] [client 52.178.176.146:0] script '/domains/system_default/ioxi-o.php' not found or unable to stat
[Fri Jan 23 03:00:03.012367 2026] [php:error] [pid 15837] [client 52.178.176.146:0] script '/domains/system_default/hans.php' not found or unable to stat
[Fri Jan 23 03:00:03.159073 2026] [php:error] [pid 15837] [client 52.178.176.146:0] script '/domains/system_default/wp-ana.php' not found or unable to stat
[Fri Jan 23 03:00:03.232944 2026] [php:error] [pid 15837] [client 52.178.176.146:0] script '/domains/system_default/info.php' not found or unable to stat
[Fri Jan 23 03:00:03.307382 2026] [php:error] [pid 15837] [client 52.178.176.146:0] script '/domains/system_default/tx1.php' not found or unable to stat
[Fri Jan 23 03:00:03.380619 2026] [php:error] [pid 15837] [client 52.178.176.146:0] script '/domains/system_default/lv.php' not found or unable to stat
[Fri Jan 23 03:00:03.453810 2026] [php:error] [pid 15837] [client 52.178.176.146:0] script '/domains/system_default/ccou.php' not found or unable to stat
[Fri Jan 23 03:00:03.527118 2026] [php:error] [pid 15837] [client 52.178.176.146:0] script '/domains/system_default/wsd.php' not found or unable to stat
[Fri Jan 23 03:00:03.600427 2026] [php:error] [pid 15837] [client 52.178.176.146:0] script '/domains/system_default/yvxhx.php' not found or unable to stat
[Fri Jan 23 03:00:03.673631 2026] [php:error] [pid 15837] [client 52.178.176.146:0] script '/domains/system_default/manager.php' not found or unable to stat
[Fri Jan 23 03:00:03.746784 2026] [php:error] [pid 15837] [client 52.178.176.146:0] script '/domains/system_default/wp-good.php' not found or unable to stat
[Fri Jan 23 03:00:03.819994 2026] [php:error] [pid 15837] [client 52.178.176.146:0] script '/domains/system_default/qing2.php' not found or unable to stat
[Fri Jan 23 03:00:03.893316 2026] [php:error] [pid 15837] [client 52.178.176.146:0] script '/domains/system_default/doo.php' not found or unable to stat
[Fri Jan 23 03:00:03.966548 2026] [php:error] [pid 15837] [client 52.178.176.146:0] script '/domains/system_default/moon.php' not found or unable to stat
[Fri Jan 23 03:00:04.039787 2026] [php:error] [pid 15837] [client 52.178.176.146:0] script '/domains/system_default/buy.php' not found or unable to stat
[Fri Jan 23 03:00:04.118028 2026] [php:error] [pid 15837] [client 52.178.176.146:0] script '/domains/system_default/9v6.php' not found or unable to stat
[Fri Jan 23 03:00:04.192111 2026] [php:error] [pid 15837] [client 52.178.176.146:0] script '/domains/system_default/dbc.php' not found or unable to stat
[Fri Jan 23 03:00:04.265917 2026] [php:error] [pid 15837] [client 52.178.176.146:0] script '/domains/system_default/log.php' not found or unable to stat
[Fri Jan 23 03:00:04.339089 2026] [php:error] [pid 15837] [client 52.178.176.146:0] script '/domains/system_default/shell20211028.php' not found or unable to stat
[Fri Jan 23 03:00:04.412320 2026] [php:error] [pid 15837] [client 52.178.176.146:0] script '/domains/system_default/1.php' not found or unable to stat
[Fri Jan 23 03:00:04.488551 2026] [php:error] [pid 15837] [client 52.178.176.146:0] script '/domains/system_default/ws36.php' not found or unable to stat
[Fri Jan 23 03:00:04.562021 2026] [php:error] [pid 15837] [client 52.178.176.146:0] script '/domains/system_default/file.php' not found or unable to stat
[Fri Jan 23 03:00:04.635351 2026] [php:error] [pid 15837] [client 52.178.176.146:0] script '/domains/system_default/rh.php' not found or unable to stat
[Fri Jan 23 03:00:04.708689 2026] [php:error] [pid 15837] [client 52.178.176.146:0] script '/domains/system_default/ova.php' not found or unable to stat
[Fri Jan 23 03:00:04.781880 2026] [php:error] [pid 15837] [client 52.178.176.146:0] script '/domains/system_default/siteheads.php' not found or unable to stat
[Fri Jan 23 03:00:04.855404 2026] [php:error] [pid 15837] [client 52.178.176.146:0] script '/domains/system_default/wp-links.php' not found or unable to stat
[Fri Jan 23 03:00:04.928718 2026] [php:error] [pid 15837] [client 52.178.176.146:0] script '/domains/system_default/zer.php' not found or unable to stat
[Fri Jan 23 03:00:05.003896 2026] [php:error] [pid 15837] [client 52.178.176.146:0] script '/domains/system_default/sid3.php' not found or unable to stat
[Fri Jan 23 03:00:05.077302 2026] [php:error] [pid 15837] [client 52.178.176.146:0] script '/domains/system_default/tinyfilemanager.php' not found or unable to stat
[Fri Jan 23 03:00:05.150551 2026] [php:error] [pid 15837] [client 52.178.176.146:0] script '/domains/system_default/galex.php' not found or unable to stat
[Fri Jan 23 03:00:05.224039 2026] [php:error] [pid 15837] [client 52.178.176.146:0] script '/domains/system_default/abcd.php' not found or unable to stat
[Fri Jan 23 03:00:05.297300 2026] [php:error] [pid 15837] [client 52.178.176.146:0] script '/domains/system_default/ant.php' not found or unable to stat
[Fri Jan 23 03:00:05.370750 2026] [php:error] [pid 15837] [client 52.178.176.146:0] script '/domains/system_default/O-Simple.php' not found or unable to stat
[Fri Jan 23 03:00:05.443838 2026] [php:error] [pid 15837] [client 52.178.176.146:0] script '/domains/system_default/0o0.php' not found or unable to stat
[Fri Jan 23 03:00:05.517141 2026] [php:error] [pid 15837] [client 52.178.176.146:0] script '/domains/system_default/gtc.php' not found or unable to stat
[Fri Jan 23 03:00:05.594441 2026] [php:error] [pid 15837] [client 52.178.176.146:0] script '/domains/system_default/content.php' not found or unable to stat
[Fri Jan 23 03:00:05.671913 2026] [php:error] [pid 15837] [client 52.178.176.146:0] script '/domains/system_default/support.php' not found or unable to stat
[Fri Jan 23 03:00:05.745181 2026] [php:error] [pid 15837] [client 52.178.176.146:0] script '/domains/system_default/styles.php' not found or unable to stat
[Fri Jan 23 03:00:05.818509 2026] [php:error] [pid 15837] [client 52.178.176.146:0] script '/domains/system_default/goods.php' not found or unable to stat
[Fri Jan 23 03:00:05.892032 2026] [php:error] [pid 15837] [client 52.178.176.146:0] script '/domains/system_default/403.php' not found or unable to stat
[Fri Jan 23 03:00:06.040659 2026] [php:error] [pid 15837] [client 52.178.176.146:0] script '/domains/system_default/class.api.php' not found or unable to stat
[Fri Jan 23 03:00:06.114323 2026] [php:error] [pid 15837] [client 52.178.176.146:0] script '/domains/system_default/az.php' not found or unable to stat
[Fri Jan 23 03:00:06.187454 2026] [php:error] [pid 15837] [client 52.178.176.146:0] script '/domains/system_default/155.php' not found or unable to stat
[Fri Jan 23 03:00:06.261454 2026] [php:error] [pid 15837] [client 52.178.176.146:0] script '/domains/system_default/oo.php' not found or unable to stat
[Fri Jan 23 03:00:06.334846 2026] [php:error] [pid 15837] [client 52.178.176.146:0] script '/domains/system_default/vx.php' not found or unable to stat
[Fri Jan 23 03:00:06.407987 2026] [php:error] [pid 15837] [client 52.178.176.146:0] script '/domains/system_default/geck.php' not found or unable to stat
[Fri Jan 23 03:00:06.481082 2026] [php:error] [pid 15837] [client 52.178.176.146:0] script '/domains/system_default/to.php' not found or unable to stat
[Fri Jan 23 03:00:06.554474 2026] [php:error] [pid 15837] [client 52.178.176.146:0] script '/domains/system_default/horeg.php' not found or unable to stat
[Fri Jan 23 03:00:06.627678 2026] [php:error] [pid 15837] [client 52.178.176.146:0] script '/domains/system_default/wen.php' not found or unable to stat
[Fri Jan 23 03:00:06.701198 2026] [php:error] [pid 15837] [client 52.178.176.146:0] script '/domains/system_default/menu.php' not found or unable to stat
[Fri Jan 23 03:00:06.775752 2026] [php:error] [pid 15837] [client 52.178.176.146:0] script '/domains/system_default/sfudq.php' not found or unable to stat
[Fri Jan 23 03:00:06.849164 2026] [php:error] [pid 15837] [client 52.178.176.146:0] script '/domains/system_default/file2.php' not found or unable to stat
[Fri Jan 23 03:00:06.922506 2026] [php:error] [pid 15837] [client 52.178.176.146:0] script '/domains/system_default/wp-22.php' not found or unable to stat
[Fri Jan 23 03:00:06.995950 2026] [php:error] [pid 15837] [client 52.178.176.146:0] script '/domains/system_default/asx.php' not found or unable to stat
[Fri Jan 23 03:00:07.069738 2026] [php:error] [pid 15837] [client 52.178.176.146:0] script '/domains/system_default/xa.php' not found or unable to stat
[Fri Jan 23 03:00:07.143027 2026] [php:error] [pid 15837] [client 52.178.176.146:0] script '/domains/system_default/dox.php' not found or unable to stat
[Fri Jan 23 03:00:07.217083 2026] [php:error] [pid 15837] [client 52.178.176.146:0] script '/domains/system_default/size.php' not found or unable to stat
[Fri Jan 23 03:00:07.291128 2026] [php:error] [pid 15837] [client 52.178.176.146:0] script '/domains/system_default/ng.php' not found or unable to stat
[Fri Jan 23 03:00:07.364320 2026] [php:error] [pid 15837] [client 52.178.176.146:0] script '/domains/system_default/a2.php' not found or unable to stat
[Fri Jan 23 03:00:07.438061 2026] [php:error] [pid 15837] [client 52.178.176.146:0] script '/domains/system_default/page.php' not found or unable to stat
[Fri Jan 23 03:00:07.511520 2026] [php:error] [pid 15837] [client 52.178.176.146:0] script '/domains/system_default/z60.php' not found or unable to stat
[Fri Jan 23 03:00:07.594399 2026] [php:error] [pid 15837] [client 52.178.176.146:0] script '/domains/system_default/sf.php' not found or unable to stat
[Fri Jan 23 03:00:07.667702 2026] [php:error] [pid 15837] [client 52.178.176.146:0] script '/domains/system_default/qual.php' not found or unable to stat
[Fri Jan 23 03:00:07.741099 2026] [php:error] [pid 15837] [client 52.178.176.146:0] script '/domains/system_default/12.php' not found or unable to stat
[Fri Jan 23 03:00:07.814288 2026] [php:error] [pid 15837] [client 52.178.176.146:0] script '/domains/system_default/s.php' not found or unable to stat
[Fri Jan 23 03:00:07.887789 2026] [php:error] [pid 15837] [client 52.178.176.146:0] script '/domains/system_default/cong.php' not found or unable to stat
[Fri Jan 23 03:00:07.968106 2026] [php:error] [pid 15837] [client 52.178.176.146:0] script '/domains/system_default/simple.php' not found or unable to stat
[Fri Jan 23 03:00:08.041646 2026] [php:error] [pid 15837] [client 52.178.176.146:0] script '/domains/system_default/11.php' not found or unable to stat
[Fri Jan 23 03:00:08.261791 2026] [php:error] [pid 15837] [client 52.178.176.146:0] script '/domains/system_default/upl.php' not found or unable to stat
[Fri Jan 23 03:00:08.334980 2026] [php:error] [pid 15837] [client 52.178.176.146:0] script '/domains/system_default/past.php' not found or unable to stat
[Fri Jan 23 03:00:08.408233 2026] [php:error] [pid 15837] [client 52.178.176.146:0] script '/domains/system_default/revision.php' not found or unable to stat
[Fri Jan 23 03:00:08.555191 2026] [php:error] [pid 15837] [client 52.178.176.146:0] script '/domains/system_default/test1.php' not found or unable to stat
[Fri Jan 23 03:00:08.628553 2026] [php:error] [pid 15837] [client 52.178.176.146:0] script '/domains/system_default/massby2.php' not found or unable to stat
[Fri Jan 23 03:00:08.716102 2026] [php:error] [pid 15837] [client 52.178.176.146:0] script '/domains/system_default/doc.php' not found or unable to stat
[Fri Jan 23 03:00:08.882753 2026] [php:error] [pid 15834] [client 52.178.176.146:0] script '/domains/system_default/abc.php' not found or unable to stat
[Fri Jan 23 03:00:08.953504 2026] [php:error] [pid 15834] [client 52.178.176.146:0] script '/domains/system_default/m.php' not found or unable to stat
[Fri Jan 23 03:00:09.094126 2026] [php:error] [pid 15834] [client 52.178.176.146:0] script '/domains/system_default/error.php' not found or unable to stat
[Fri Jan 23 03:00:09.165112 2026] [php:error] [pid 15834] [client 52.178.176.146:0] script '/domains/system_default/ma.php' not found or unable to stat
[Fri Jan 23 03:00:09.235780 2026] [php:error] [pid 15834] [client 52.178.176.146:0] script '/domains/system_default/mh.php' not found or unable to stat
[Fri Jan 23 03:00:09.306942 2026] [php:error] [pid 15834] [client 52.178.176.146:0] script '/domains/system_default/admin.php' not found or unable to stat
[Fri Jan 23 03:00:09.377670 2026] [php:error] [pid 15834] [client 52.178.176.146:0] script '/domains/system_default/dropdown.php' not found or unable to stat
[Fri Jan 23 03:00:09.448953 2026] [php:error] [pid 15834] [client 52.178.176.146:0] script '/domains/system_default/wp-configs.php' not found or unable to stat
[Fri Jan 23 03:00:09.521060 2026] [php:error] [pid 15834] [client 52.178.176.146:0] script '/domains/system_default/item.php' not found or unable to stat
[Fri Jan 23 03:00:09.591949 2026] [php:error] [pid 15834] [client 52.178.176.146:0] script '/domains/system_default/ws46.php' not found or unable to stat
[Fri Jan 23 03:00:09.662754 2026] [php:error] [pid 15834] [client 52.178.176.146:0] script '/domains/system_default/mini.php' not found or unable to stat
[Fri Jan 23 03:00:09.733474 2026] [php:error] [pid 15834] [client 52.178.176.146:0] script '/domains/system_default/gecko.php' not found or unable to stat
[Fri Jan 23 03:00:09.803936 2026] [php:error] [pid 15834] [client 52.178.176.146:0] script '/domains/system_default/x.php' not found or unable to stat
[Fri Jan 23 03:00:09.874563 2026] [php:error] [pid 15834] [client 52.178.176.146:0] script '/domains/system_default/lala.php' not found or unable to stat
[Fri Jan 23 03:01:21.218309 2026] [php:error] [pid 16219] [client 40.113.19.56:0] script '/domains/emsco1/blue.php' not found or unable to stat
[Fri Jan 23 03:01:21.289939 2026] [php:error] [pid 16219] [client 40.113.19.56:0] script '/domains/emsco1/xy.php' not found or unable to stat
[Fri Jan 23 03:01:21.361081 2026] [php:error] [pid 16219] [client 40.113.19.56:0] script '/domains/emsco1/xy.php' not found or unable to stat
[Fri Jan 23 03:01:21.436683 2026] [php:error] [pid 16219] [client 40.113.19.56:0] script '/domains/emsco1/riv.php' not found or unable to stat
[Fri Jan 23 03:01:21.508343 2026] [php:error] [pid 16219] [client 40.113.19.56:0] script '/domains/emsco1/kirin.php' not found or unable to stat
[Fri Jan 23 03:01:21.579704 2026] [php:error] [pid 16219] [client 40.113.19.56:0] script '/domains/emsco1/fs6.php' not found or unable to stat
[Fri Jan 23 03:01:21.652428 2026] [php:error] [pid 16219] [client 40.113.19.56:0] script '/domains/emsco1/asc.php' not found or unable to stat
[Fri Jan 23 03:01:21.731977 2026] [php:error] [pid 16219] [client 40.113.19.56:0] script '/domains/emsco1/acampa.php' not found or unable to stat
[Fri Jan 23 03:01:21.807035 2026] [php:error] [pid 16219] [client 40.113.19.56:0] script '/domains/emsco1/f355.php' not found or unable to stat
[Fri Jan 23 03:01:21.878919 2026] [php:error] [pid 16219] [client 40.113.19.56:0] script '/domains/emsco1/bgymj.php' not found or unable to stat
[Fri Jan 23 03:01:21.950505 2026] [php:error] [pid 16219] [client 40.113.19.56:0] script '/domains/emsco1/nf.php' not found or unable to stat
[Fri Jan 23 03:01:22.021941 2026] [php:error] [pid 16219] [client 40.113.19.56:0] script '/domains/emsco1/lala.php' not found or unable to stat
[Fri Jan 23 03:01:22.094373 2026] [php:error] [pid 16219] [client 40.113.19.56:0] script '/domains/emsco1/3r.php' not found or unable to stat
[Fri Jan 23 03:01:22.166121 2026] [php:error] [pid 16219] [client 40.113.19.56:0] script '/domains/emsco1/8xyz.php' not found or unable to stat
[Fri Jan 23 03:01:22.237911 2026] [php:error] [pid 16219] [client 40.113.19.56:0] script '/domains/emsco1/kairolin.php' not found or unable to stat
