[Fri Jan 23 01:09:05.613530 2026] [php:error] [pid 92131] [client 20.219.130.224:0] script '/domains/magicjim/about.php' not found or unable to stat
[Fri Jan 23 01:09:05.696201 2026] [php:error] [pid 92121] [client 20.42.209.0:0] script '/domains/system_suspended/yvxhx.php' not found or unable to stat
[Fri Jan 23 01:09:05.826236 2026] [php:error] [pid 92131] [client 20.219.130.224:0] script '/domains/magicjim/admin.php' not found or unable to stat
[Fri Jan 23 01:09:05.896417 2026] [php:error] [pid 92121] [client 20.42.209.0:0] script '/domains/system_suspended/manager.php' not found or unable to stat
[Fri Jan 23 01:09:06.042729 2026] [php:error] [pid 92131] [client 20.219.130.224:0] script '/domains/magicjim/as.php' not found or unable to stat
[Fri Jan 23 01:09:06.107057 2026] [php:error] [pid 92121] [client 20.42.209.0:0] script '/domains/system_suspended/wp-good.php' not found or unable to stat
[Fri Jan 23 01:09:06.248989 2026] [php:error] [pid 92131] [client 20.219.130.224:0] script '/domains/magicjim/autoload_classmap.php' not found or unable to stat
[Fri Jan 23 01:09:06.311591 2026] [php:error] [pid 92121] [client 20.42.209.0:0] script '/domains/system_suspended/qing2.php' not found or unable to stat
[Fri Jan 23 01:09:06.455697 2026] [php:error] [pid 92131] [client 20.219.130.224:0] script '/domains/magicjim/classwithtostring.php' not found or unable to stat
[Fri Jan 23 01:09:06.510750 2026] [php:error] [pid 92121] [client 20.42.209.0:0] script '/domains/system_suspended/doo.php' not found or unable to stat
[Fri Jan 23 01:09:06.675384 2026] [php:error] [pid 92131] [client 20.219.130.224:0] script '/domains/magicjim/content.php' not found or unable to stat
[Fri Jan 23 01:09:06.709819 2026] [php:error] [pid 92121] [client 20.42.209.0:0] script '/domains/system_suspended/moon.php' not found or unable to stat
[Fri Jan 23 01:09:06.886139 2026] [php:error] [pid 92131] [client 20.219.130.224:0] script '/domains/magicjim/doc.php' not found or unable to stat
[Fri Jan 23 01:09:06.917536 2026] [php:error] [pid 92121] [client 20.42.209.0:0] script '/domains/system_suspended/buy.php' not found or unable to stat
[Fri Jan 23 01:09:07.092175 2026] [php:error] [pid 92131] [client 20.219.130.224:0] script '/domains/magicjim/dropdown.php' not found or unable to stat
[Fri Jan 23 01:09:07.117535 2026] [php:error] [pid 92121] [client 20.42.209.0:0] script '/domains/system_suspended/9v6.php' not found or unable to stat
[Fri Jan 23 01:09:07.299294 2026] [php:error] [pid 92131] [client 20.219.130.224:0] script '/domains/magicjim/ee.php' not found or unable to stat
[Fri Jan 23 01:09:07.320544 2026] [php:error] [pid 92121] [client 20.42.209.0:0] script '/domains/system_suspended/dbc.php' not found or unable to stat
[Fri Jan 23 01:09:07.523251 2026] [php:error] [pid 92121] [client 20.42.209.0:0] script '/domains/system_suspended/log.php' not found or unable to stat
[Fri Jan 23 01:09:07.729298 2026] [php:error] [pid 92121] [client 20.42.209.0:0] script '/domains/system_suspended/shell20211028.php' not found or unable to stat
[Fri Jan 23 01:09:07.730262 2026] [php:error] [pid 92131] [client 20.219.130.224:0] script '/domains/magicjim/moon.php' not found or unable to stat
[Fri Jan 23 01:09:07.938397 2026] [php:error] [pid 92131] [client 20.219.130.224:0] script '/domains/magicjim/new.php' not found or unable to stat
[Fri Jan 23 01:09:07.939350 2026] [php:error] [pid 92121] [client 20.42.209.0:0] script '/domains/system_suspended/1.php' not found or unable to stat
[Fri Jan 23 01:09:08.138762 2026] [php:error] [pid 92121] [client 20.42.209.0:0] script '/domains/system_suspended/ws36.php' not found or unable to stat
[Fri Jan 23 01:09:08.144702 2026] [php:error] [pid 92131] [client 20.219.130.224:0] script '/domains/magicjim/radio.php' not found or unable to stat
[Fri Jan 23 01:09:08.338821 2026] [php:error] [pid 92121] [client 20.42.209.0:0] script '/domains/system_suspended/file.php' not found or unable to stat
[Fri Jan 23 01:09:08.352127 2026] [php:error] [pid 92131] [client 20.219.130.224:0] script '/domains/magicjim/s.php' not found or unable to stat
[Fri Jan 23 01:09:08.538043 2026] [php:error] [pid 92121] [client 20.42.209.0:0] script '/domains/system_suspended/rh.php' not found or unable to stat
[Fri Jan 23 01:09:08.573051 2026] [php:error] [pid 92131] [client 20.219.130.224:0] script '/domains/magicjim/sim.php' not found or unable to stat
[Fri Jan 23 01:09:08.737080 2026] [php:error] [pid 92121] [client 20.42.209.0:0] script '/domains/system_suspended/ova.php' not found or unable to stat
[Fri Jan 23 01:09:08.788728 2026] [php:error] [pid 92131] [client 20.219.130.224:0] script '/domains/magicjim/simple.php' not found or unable to stat
[Fri Jan 23 01:09:08.945765 2026] [php:error] [pid 92121] [client 20.42.209.0:0] script '/domains/system_suspended/siteheads.php' not found or unable to stat
[Fri Jan 23 01:09:09.148451 2026] [php:error] [pid 92121] [client 20.42.209.0:0] script '/domains/system_suspended/wp-links.php' not found or unable to stat
[Fri Jan 23 01:09:09.201434 2026] [php:error] [pid 92131] [client 20.219.130.224:0] script '/domains/magicjim/user.php' not found or unable to stat
[Fri Jan 23 01:09:09.348601 2026] [php:error] [pid 92121] [client 20.42.209.0:0] script '/domains/system_suspended/zer.php' not found or unable to stat
[Fri Jan 23 01:09:09.421244 2026] [php:error] [pid 92131] [client 20.219.130.224:0] script '/domains/magicjim/webadmin.php' not found or unable to stat
[Fri Jan 23 01:09:09.551876 2026] [php:error] [pid 92121] [client 20.42.209.0:0] script '/domains/system_suspended/sid3.php' not found or unable to stat
[Fri Jan 23 01:09:09.760113 2026] [php:error] [pid 92121] [client 20.42.209.0:0] script '/domains/system_suspended/tinyfilemanager.php' not found or unable to stat
[Fri Jan 23 01:09:09.984248 2026] [php:error] [pid 92121] [client 20.42.209.0:0] script '/domains/system_suspended/galex.php' not found or unable to stat
[Fri Jan 23 01:09:10.183182 2026] [php:error] [pid 92121] [client 20.42.209.0:0] script '/domains/system_suspended/abcd.php' not found or unable to stat
[Fri Jan 23 01:09:10.383646 2026] [php:error] [pid 92121] [client 20.42.209.0:0] script '/domains/system_suspended/ant.php' not found or unable to stat
[Fri Jan 23 01:09:10.583153 2026] [php:error] [pid 92121] [client 20.42.209.0:0] script '/domains/system_suspended/O-Simple.php' not found or unable to stat
[Fri Jan 23 01:09:10.783968 2026] [php:error] [pid 92121] [client 20.42.209.0:0] script '/domains/system_suspended/0o0.php' not found or unable to stat
[Fri Jan 23 01:09:10.878045 2026] [php:error] [pid 92131] [client 20.219.130.224:0] script '/domains/magicjim/wp-config-sample.php' not found or unable to stat
[Fri Jan 23 01:09:10.997185 2026] [php:error] [pid 92121] [client 20.42.209.0:0] script '/domains/system_suspended/gtc.php' not found or unable to stat
[Fri Jan 23 01:09:11.084663 2026] [php:error] [pid 92131] [client 20.219.130.224:0] script '/domains/magicjim/wp-configs.php' not found or unable to stat
[Fri Jan 23 01:09:11.210283 2026] [php:error] [pid 92121] [client 20.42.209.0:0] script '/domains/system_suspended/content.php' not found or unable to stat
[Fri Jan 23 01:09:11.291000 2026] [php:error] [pid 92131] [client 20.219.130.224:0] script '/domains/magicjim/wp-conflg.php' not found or unable to stat
[Fri Jan 23 01:09:11.418686 2026] [php:error] [pid 92121] [client 20.42.209.0:0] script '/domains/system_suspended/support.php' not found or unable to stat
[Fri Jan 23 01:09:11.618034 2026] [php:error] [pid 92121] [client 20.42.209.0:0] script '/domains/system_suspended/styles.php' not found or unable to stat
[Fri Jan 23 01:09:11.817212 2026] [php:error] [pid 92121] [client 20.42.209.0:0] script '/domains/system_suspended/goods.php' not found or unable to stat
[Fri Jan 23 01:09:12.017157 2026] [php:error] [pid 92121] [client 20.42.209.0:0] script '/domains/system_suspended/403.php' not found or unable to stat
[Fri Jan 23 01:09:12.426853 2026] [php:error] [pid 92121] [client 20.42.209.0:0] script '/domains/system_suspended/class.api.php' not found or unable to stat
[Fri Jan 23 01:09:12.565804 2026] [php:error] [pid 92131] [client 20.219.130.224:0] script '/domains/magicjim/wp-mail.php' not found or unable to stat
[Fri Jan 23 01:09:12.626204 2026] [php:error] [pid 92121] [client 20.42.209.0:0] script '/domains/system_suspended/az.php' not found or unable to stat
[Fri Jan 23 01:09:12.773340 2026] [php:error] [pid 92131] [client 20.219.130.224:0] script '/domains/magicjim/wsa.php' not found or unable to stat
[Fri Jan 23 01:09:12.831998 2026] [php:error] [pid 92121] [client 20.42.209.0:0] script '/domains/system_suspended/155.php' not found or unable to stat
[Fri Jan 23 01:09:12.982728 2026] [php:error] [pid 92131] [client 20.219.130.224:0] script '/domains/magicjim/xmlrpc.php' not found or unable to stat
[Fri Jan 23 01:09:13.084395 2026] [php:error] [pid 92121] [client 20.42.209.0:0] script '/domains/system_suspended/oo.php' not found or unable to stat
[Fri Jan 23 01:09:13.192331 2026] [php:error] [pid 92131] [client 20.219.130.224:0] script '/domains/magicjim/ab.php' not found or unable to stat
[Fri Jan 23 01:09:13.284860 2026] [php:error] [pid 92121] [client 20.42.209.0:0] script '/domains/system_suspended/vx.php' not found or unable to stat
[Fri Jan 23 01:09:13.410328 2026] [php:error] [pid 92131] [client 20.219.130.224:0] script '/domains/magicjim/classwithtostring.php' not found or unable to stat
[Fri Jan 23 01:09:13.491678 2026] [php:error] [pid 92121] [client 20.42.209.0:0] script '/domains/system_suspended/geck.php' not found or unable to stat
[Fri Jan 23 01:09:13.626733 2026] [php:error] [pid 92131] [client 20.219.130.224:0] script '/domains/magicjim/version.php' not found or unable to stat
[Fri Jan 23 01:09:13.690906 2026] [php:error] [pid 92121] [client 20.42.209.0:0] script '/domains/system_suspended/to.php' not found or unable to stat
[Fri Jan 23 01:09:13.836251 2026] [php:error] [pid 92131] [client 20.219.130.224:0] script '/domains/magicjim/xxx.php' not found or unable to stat
[Fri Jan 23 01:09:13.892735 2026] [php:error] [pid 92121] [client 20.42.209.0:0] script '/domains/system_suspended/horeg.php' not found or unable to stat
[Fri Jan 23 01:09:14.092414 2026] [php:error] [pid 92121] [client 20.42.209.0:0] script '/domains/system_suspended/wen.php' not found or unable to stat
[Fri Jan 23 01:09:14.299733 2026] [php:error] [pid 92121] [client 20.42.209.0:0] script '/domains/system_suspended/menu.php' not found or unable to stat
[Fri Jan 23 01:09:14.474457 2026] [php:error] [pid 92131] [client 20.219.130.224:0] script '/domains/magicjim/1.php' not found or unable to stat
[Fri Jan 23 01:09:14.499248 2026] [php:error] [pid 92121] [client 20.42.209.0:0] script '/domains/system_suspended/sfudq.php' not found or unable to stat
[Fri Jan 23 01:09:14.687981 2026] [php:error] [pid 92131] [client 20.219.130.224:0] script '/domains/magicjim/themes.php' not found or unable to stat
[Fri Jan 23 01:09:14.698547 2026] [php:error] [pid 92121] [client 20.42.209.0:0] script '/domains/system_suspended/file2.php' not found or unable to stat
[Fri Jan 23 01:09:14.897826 2026] [php:error] [pid 92121] [client 20.42.209.0:0] script '/domains/system_suspended/wp-22.php' not found or unable to stat
[Fri Jan 23 01:09:15.097128 2026] [php:error] [pid 92121] [client 20.42.209.0:0] script '/domains/system_suspended/asx.php' not found or unable to stat
[Fri Jan 23 01:09:15.296098 2026] [php:error] [pid 92121] [client 20.42.209.0:0] script '/domains/system_suspended/xa.php' not found or unable to stat
[Fri Jan 23 01:09:15.495249 2026] [php:error] [pid 92121] [client 20.42.209.0:0] script '/domains/system_suspended/dox.php' not found or unable to stat
[Fri Jan 23 01:09:15.554966 2026] [php:error] [pid 92131] [client 20.219.130.224:0] script '/domains/magicjim/b0.php' not found or unable to stat
[Fri Jan 23 01:09:15.694446 2026] [php:error] [pid 92121] [client 20.42.209.0:0] script '/domains/system_suspended/size.php' not found or unable to stat
[Fri Jan 23 01:09:15.824624 2026] [php:error] [pid 92131] [client 20.219.130.224:0] script '/domains/magicjim/bala.php' not found or unable to stat
[Fri Jan 23 01:09:15.893790 2026] [php:error] [pid 92121] [client 20.42.209.0:0] script '/domains/system_suspended/ng.php' not found or unable to stat
[Fri Jan 23 01:09:16.092895 2026] [php:error] [pid 92121] [client 20.42.209.0:0] script '/domains/system_suspended/a2.php' not found or unable to stat
[Fri Jan 23 01:09:16.292553 2026] [php:error] [pid 92121] [client 20.42.209.0:0] script '/domains/system_suspended/page.php' not found or unable to stat
[Fri Jan 23 01:09:16.497542 2026] [php:error] [pid 92121] [client 20.42.209.0:0] script '/domains/system_suspended/z60.php' not found or unable to stat
[Fri Jan 23 01:09:16.669543 2026] [php:error] [pid 92131] [client 20.219.130.224:0] script '/domains/magicjim/xl2023.php.php' not found or unable to stat
[Fri Jan 23 01:09:16.697566 2026] [php:error] [pid 92121] [client 20.42.209.0:0] script '/domains/system_suspended/sf.php' not found or unable to stat
[Fri Jan 23 01:09:16.896350 2026] [php:error] [pid 92121] [client 20.42.209.0:0] script '/domains/system_suspended/qual.php' not found or unable to stat
[Fri Jan 23 01:09:17.095470 2026] [php:error] [pid 92121] [client 20.42.209.0:0] script '/domains/system_suspended/12.php' not found or unable to stat
[Fri Jan 23 01:09:17.294233 2026] [php:error] [pid 92121] [client 20.42.209.0:0] script '/domains/system_suspended/s.php' not found or unable to stat
[Fri Jan 23 01:09:17.493388 2026] [php:error] [pid 92121] [client 20.42.209.0:0] script '/domains/system_suspended/cong.php' not found or unable to stat
[Fri Jan 23 01:09:17.693108 2026] [php:error] [pid 92121] [client 20.42.209.0:0] script '/domains/system_suspended/simple.php' not found or unable to stat
[Fri Jan 23 01:09:17.709033 2026] [php:error] [pid 92131] [client 20.219.130.224:0] script '/domains/magicjim/120f9.php' not found or unable to stat
[Fri Jan 23 01:09:17.893563 2026] [php:error] [pid 92121] [client 20.42.209.0:0] script '/domains/system_suspended/11.php' not found or unable to stat
[Fri Jan 23 01:09:17.915162 2026] [php:error] [pid 92131] [client 20.219.130.224:0] script '/domains/magicjim/504.php' not found or unable to stat
[Fri Jan 23 01:09:18.124238 2026] [php:error] [pid 92131] [client 20.219.130.224:0] script '/domains/magicjim/about.php' not found or unable to stat
[Fri Jan 23 01:09:18.346723 2026] [php:error] [pid 92131] [client 20.219.130.224:0] script '/domains/magicjim/back.php' not found or unable to stat
[Fri Jan 23 01:09:18.505498 2026] [php:error] [pid 92121] [client 20.42.209.0:0] script '/domains/system_suspended/upl.php' not found or unable to stat
[Fri Jan 23 01:09:18.554975 2026] [php:error] [pid 92131] [client 20.219.130.224:0] script '/domains/magicjim/cong.php' not found or unable to stat
[Fri Jan 23 01:09:18.707443 2026] [php:error] [pid 92121] [client 20.42.209.0:0] script '/domains/system_suspended/past.php' not found or unable to stat
[Fri Jan 23 01:09:18.761115 2026] [php:error] [pid 92131] [client 20.219.130.224:0] script '/domains/magicjim/credits.php' not found or unable to stat
[Fri Jan 23 01:09:18.906991 2026] [php:error] [pid 92121] [client 20.42.209.0:0] script '/domains/system_suspended/revision.php' not found or unable to stat
[Fri Jan 23 01:09:18.969058 2026] [php:error] [pid 92131] [client 20.219.130.224:0] script '/domains/magicjim/credits.php' not found or unable to stat
[Fri Jan 23 01:09:19.189577 2026] [php:error] [pid 92131] [client 20.219.130.224:0] script '/domains/magicjim/data.php' not found or unable to stat
[Fri Jan 23 01:09:19.306619 2026] [php:error] [pid 92121] [client 20.42.209.0:0] script '/domains/system_suspended/test1.php' not found or unable to stat
[Fri Jan 23 01:09:19.397308 2026] [php:error] [pid 92131] [client 20.219.130.224:0] script '/domains/magicjim/function.php' not found or unable to stat
[Fri Jan 23 01:09:19.505919 2026] [php:error] [pid 92121] [client 20.42.209.0:0] script '/domains/system_suspended/massby2.php' not found or unable to stat
[Fri Jan 23 01:09:19.605733 2026] [php:error] [pid 92131] [client 20.219.130.224:0] script '/domains/magicjim/goods.php' not found or unable to stat
[Fri Jan 23 01:09:19.705105 2026] [php:error] [pid 92121] [client 20.42.209.0:0] script '/domains/system_suspended/doc.php' not found or unable to stat
[Fri Jan 23 01:09:19.812184 2026] [php:error] [pid 92131] [client 20.219.130.224:0] script '/domains/magicjim/gzak2w.php' not found or unable to stat
[Fri Jan 23 01:09:20.018969 2026] [php:error] [pid 92131] [client 20.219.130.224:0] script '/domains/magicjim/hehehehe.php' not found or unable to stat
[Fri Jan 23 01:09:20.126339 2026] [php:error] [pid 92130] [client 20.42.209.0:0] script '/domains/system_suspended/abc.php' not found or unable to stat
[Fri Jan 23 01:09:20.345033 2026] [php:error] [pid 92130] [client 20.42.209.0:0] script '/domains/system_suspended/m.php' not found or unable to stat
[Fri Jan 23 01:09:20.660172 2026] [php:error] [pid 92131] [client 20.219.130.224:0] script '/domains/magicjim/install.php' not found or unable to stat
[Fri Jan 23 01:09:20.751976 2026] [php:error] [pid 92130] [client 20.42.209.0:0] script '/domains/system_suspended/error.php' not found or unable to stat
[Fri Jan 23 01:09:20.955187 2026] [php:error] [pid 92130] [client 20.42.209.0:0] script '/domains/system_suspended/ma.php' not found or unable to stat
[Fri Jan 23 01:09:21.100708 2026] [php:error] [pid 92131] [client 20.219.130.224:0] script '/domains/magicjim/ova.php' not found or unable to stat
[Fri Jan 23 01:09:21.171525 2026] [php:error] [pid 92130] [client 20.42.209.0:0] script '/domains/system_suspended/mh.php' not found or unable to stat
[Fri Jan 23 01:09:21.374182 2026] [php:error] [pid 92130] [client 20.42.209.0:0] script '/domains/system_suspended/admin.php' not found or unable to stat
[Fri Jan 23 01:09:21.575433 2026] [php:error] [pid 92130] [client 20.42.209.0:0] script '/domains/system_suspended/dropdown.php' not found or unable to stat
[Fri Jan 23 01:09:21.776471 2026] [php:error] [pid 92130] [client 20.42.209.0:0] script '/domains/system_suspended/wp-configs.php' not found or unable to stat
[Fri Jan 23 01:09:21.977439 2026] [php:error] [pid 92130] [client 20.42.209.0:0] script '/domains/system_suspended/item.php' not found or unable to stat
[Fri Jan 23 01:09:22.178471 2026] [php:error] [pid 92130] [client 20.42.209.0:0] script '/domains/system_suspended/ws46.php' not found or unable to stat
[Fri Jan 23 01:09:22.379481 2026] [php:error] [pid 92130] [client 20.42.209.0:0] script '/domains/system_suspended/mini.php' not found or unable to stat
[Fri Jan 23 01:09:22.580683 2026] [php:error] [pid 92130] [client 20.42.209.0:0] script '/domains/system_suspended/gecko.php' not found or unable to stat
[Fri Jan 23 01:09:22.781652 2026] [php:error] [pid 92130] [client 20.42.209.0:0] script '/domains/system_suspended/x.php' not found or unable to stat
[Fri Jan 23 01:09:22.982929 2026] [php:error] [pid 92130] [client 20.42.209.0:0] script '/domains/system_suspended/lala.php' not found or unable to stat
[Fri Jan 23 01:09:26.787030 2026] [php:error] [pid 92129] [client 20.219.130.224:0] script '/domains/magicjim/wp.php' not found or unable to stat
[Fri Jan 23 01:10:11.263111 2026] [php:error] [pid 92130] [client 52.231.65.207:0] script '/domains/brigadeweb/ioxi-o.php' not found or unable to stat
[Fri Jan 23 01:10:11.454610 2026] [php:error] [pid 92130] [client 52.231.65.207:0] script '/domains/brigadeweb/0x.php' not found or unable to stat
[Fri Jan 23 01:10:11.646830 2026] [php:error] [pid 92130] [client 52.231.65.207:0] script '/domains/brigadeweb/222.php' not found or unable to stat
[Fri Jan 23 01:10:11.839711 2026] [php:error] [pid 92130] [client 52.231.65.207:0] script '/domains/brigadeweb/aa.php' not found or unable to stat
[Fri Jan 23 01:10:12.031637 2026] [php:error] [pid 92130] [client 52.231.65.207:0] script '/domains/brigadeweb/abcd.php' not found or unable to stat
[Fri Jan 23 01:10:12.222990 2026] [php:error] [pid 92130] [client 52.231.65.207:0] script '/domains/brigadeweb/admin.php' not found or unable to stat
[Fri Jan 23 01:10:12.657775 2026] [php:error] [pid 92130] [client 52.231.65.207:0] script '/domains/brigadeweb/adminfuns.php' not found or unable to stat
[Fri Jan 23 01:10:12.849195 2026] [php:error] [pid 92130] [client 52.231.65.207:0] script '/domains/brigadeweb/akc.php' not found or unable to stat
[Fri Jan 23 01:10:13.041131 2026] [php:error] [pid 92130] [client 52.231.65.207:0] script '/domains/brigadeweb/buy.php' not found or unable to stat
[Fri Jan 23 01:10:13.232914 2026] [php:error] [pid 92130] [client 52.231.65.207:0] script '/domains/brigadeweb/cong.php' not found or unable to stat
[Fri Jan 23 01:10:13.423725 2026] [php:error] [pid 92130] [client 52.231.65.207:0] script '/domains/brigadeweb/ioxi-o.php' not found or unable to stat
[Fri Jan 23 01:10:13.824757 2026] [php:error] [pid 92130] [client 52.231.65.207:0] script '/domains/brigadeweb/db.php' not found or unable to stat
[Fri Jan 23 01:10:14.016608 2026] [php:error] [pid 92130] [client 52.231.65.207:0] script '/domains/brigadeweb/dropdown.php' not found or unable to stat
[Fri Jan 23 01:10:14.217104 2026] [php:error] [pid 92130] [client 52.231.65.207:0] script '/domains/brigadeweb/file.php' not found or unable to stat
[Fri Jan 23 01:10:14.420889 2026] [php:error] [pid 92130] [client 52.231.65.207:0] script '/domains/brigadeweb/goods.php' not found or unable to stat
[Fri Jan 23 01:10:14.612430 2026] [php:error] [pid 92130] [client 52.231.65.207:0] script '/domains/brigadeweb/hplfuns.php' not found or unable to stat
[Fri Jan 23 01:10:14.805327 2026] [php:error] [pid 92130] [client 52.231.65.207:0] script '/domains/brigadeweb/htaccess.php' not found or unable to stat
[Fri Jan 23 01:10:14.999028 2026] [php:error] [pid 92130] [client 52.231.65.207:0] script '/domains/brigadeweb/images/wso.php' not found or unable to stat
[Fri Jan 23 01:10:15.390028 2026] [php:error] [pid 92130] [client 52.231.65.207:0] script '/domains/brigadeweb/info.php' not found or unable to stat
[Fri Jan 23 01:10:15.581888 2026] [php:error] [pid 92130] [client 52.231.65.207:0] script '/domains/brigadeweb/profile.php' not found or unable to stat
[Fri Jan 23 01:10:15.773204 2026] [php:error] [pid 92130] [client 52.231.65.207:0] script '/domains/brigadeweb/sx.php' not found or unable to stat
[Fri Jan 23 01:10:16.503800 2026] [php:error] [pid 92132] [client 158.94.209.221:0] script '/domains/perless2web/wp-login.php' not found or unable to stat, referer: https://www.google.com/
[Fri Jan 23 01:10:17.499967 2026] [php:error] [pid 92121] [client 158.94.209.221:0] script '/domains/perless2web/wp-login.php' not found or unable to stat
[Fri Jan 23 01:10:19.821711 2026] [php:error] [pid 92130] [client 52.231.65.207:0] script '/domains/brigadeweb/wp-fclass.php' not found or unable to stat
[Fri Jan 23 01:10:23.142983 2026] [php:error] [pid 92130] [client 52.231.65.207:0] script '/domains/brigadeweb/wp-themes.php' not found or unable to stat
[Fri Jan 23 01:10:23.334041 2026] [php:error] [pid 92130] [client 52.231.65.207:0] script '/domains/brigadeweb/xmlrpc.php' not found or unable to stat
[Fri Jan 23 01:13:58.241707 2026] [php:error] [pid 92185] [client 4.194.157.152:0] script '/domains/brenties/wp-good.php' not found or unable to stat
[Fri Jan 23 01:13:58.469048 2026] [php:error] [pid 92185] [client 4.194.157.152:0] script '/domains/brenties/ioxi-o.php' not found or unable to stat
[Fri Jan 23 01:13:59.108828 2026] [php:error] [pid 92185] [client 4.194.157.152:0] script '/domains/brenties/file.php' not found or unable to stat
[Fri Jan 23 01:13:59.774736 2026] [php:error] [pid 92185] [client 4.194.157.152:0] script '/domains/brenties/wp-signin.php' not found or unable to stat
[Fri Jan 23 01:14:00.019229 2026] [php:error] [pid 92185] [client 4.194.157.152:0] script '/domains/brenties/abcd.php' not found or unable to stat
[Fri Jan 23 01:14:00.469681 2026] [php:error] [pid 92185] [client 4.194.157.152:0] script '/domains/brenties/about.php' not found or unable to stat
[Fri Jan 23 01:14:00.832899 2026] [php:error] [pid 92185] [client 4.194.157.152:0] script '/domains/brenties/bless.php' not found or unable to stat
[Fri Jan 23 01:14:01.480618 2026] [php:error] [pid 92185] [client 4.194.157.152:0] script '/domains/brenties/num.php' not found or unable to stat
[Fri Jan 23 01:14:01.700768 2026] [php:error] [pid 92185] [client 4.194.157.152:0] script '/domains/brenties/txets.php' not found or unable to stat
[Fri Jan 23 01:14:01.938869 2026] [php:error] [pid 92185] [client 4.194.157.152:0] script '/domains/brenties/wp-blog.php' not found or unable to stat
[Fri Jan 23 01:14:03.151495 2026] [php:error] [pid 92185] [client 4.194.157.152:0] script '/domains/brenties/wp.php' not found or unable to stat
[Fri Jan 23 01:14:03.454471 2026] [php:error] [pid 92185] [client 4.194.157.152:0] script '/domains/brenties/admin.php' not found or unable to stat
[Fri Jan 23 01:14:03.941233 2026] [php:error] [pid 92185] [client 4.194.157.152:0] script '/domains/brenties/adminfuns.php' not found or unable to stat
[Fri Jan 23 01:14:04.162137 2026] [php:error] [pid 92185] [client 4.194.157.152:0] script '/domains/brenties/chosen.php' not found or unable to stat
[Fri Jan 23 01:14:04.412690 2026] [php:error] [pid 92185] [client 4.194.157.152:0] script '/domains/brenties/classwithtostring.php' not found or unable to stat
[Fri Jan 23 01:14:04.639487 2026] [php:error] [pid 92185] [client 4.194.157.152:0] script '/domains/brenties/edit.php' not found or unable to stat
[Fri Jan 23 01:14:04.862297 2026] [php:error] [pid 92185] [client 4.194.157.152:0] script '/domains/brenties/goods.php' not found or unable to stat
[Fri Jan 23 01:14:05.100093 2026] [php:error] [pid 92185] [client 4.194.157.152:0] script '/domains/brenties/k.php' not found or unable to stat
[Fri Jan 23 01:14:08.516704 2026] [php:error] [pid 92185] [client 4.194.157.152:0] script '/domains/brenties/wp-user.php' not found or unable to stat
[Fri Jan 23 01:14:08.742026 2026] [php:error] [pid 92185] [client 4.194.157.152:0] script '/domains/brenties/404.php' not found or unable to stat
[Fri Jan 23 01:14:08.963953 2026] [php:error] [pid 92185] [client 4.194.157.152:0] script '/domains/brenties/akcc.php' not found or unable to stat
[Fri Jan 23 01:14:09.238485 2026] [php:error] [pid 92185] [client 4.194.157.152:0] script '/domains/brenties/gg.php' not found or unable to stat
[Fri Jan 23 01:14:09.629249 2026] [php:error] [pid 92185] [client 4.194.157.152:0] script '/domains/brenties/mah.php' not found or unable to stat
[Fri Jan 23 01:14:10.169546 2026] [php:error] [pid 92185] [client 4.194.157.152:0] script '/domains/brenties/new.php' not found or unable to stat
[Fri Jan 23 01:14:10.673442 2026] [php:error] [pid 92185] [client 4.194.157.152:0] script '/domains/brenties/themes.php' not found or unable to stat
[Fri Jan 23 01:15:40.324904 2026] [php:error] [pid 97835] [client 20.89.104.181:0] script '/domains/samscars/wp-2019.php' not found or unable to stat
[Fri Jan 23 01:15:40.532605 2026] [php:error] [pid 97835] [client 20.89.104.181:0] script '/domains/samscars/403.php' not found or unable to stat
[Fri Jan 23 01:15:40.693807 2026] [php:error] [pid 97835] [client 20.89.104.181:0] script '/domains/samscars/aaa.php' not found or unable to stat
[Fri Jan 23 01:15:41.387073 2026] [php:error] [pid 97835] [client 20.89.104.181:0] script '/domains/samscars/y.php' not found or unable to stat
[Fri Jan 23 01:15:41.716369 2026] [php:error] [pid 97835] [client 20.89.104.181:0] script '/domains/samscars/ggfi.php' not found or unable to stat
[Fri Jan 23 01:15:42.219622 2026] [php:error] [pid 97835] [client 20.89.104.181:0] script '/domains/samscars/buy.php' not found or unable to stat
[Fri Jan 23 01:15:42.396667 2026] [php:error] [pid 97835] [client 20.89.104.181:0] script '/domains/samscars/chosen.php' not found or unable to stat
[Fri Jan 23 01:15:42.558097 2026] [php:error] [pid 97835] [client 20.89.104.181:0] script '/domains/samscars/index.php' not found or unable to stat
[Fri Jan 23 01:15:42.723112 2026] [php:error] [pid 97835] [client 20.89.104.181:0] script '/domains/samscars/cron.php' not found or unable to stat
[Fri Jan 23 01:15:42.884798 2026] [php:error] [pid 97835] [client 20.89.104.181:0] script '/domains/samscars/functions.php' not found or unable to stat
[Fri Jan 23 01:15:43.561946 2026] [php:error] [pid 97835] [client 20.89.104.181:0] script '/domains/samscars/wp-add.php' not found or unable to stat
[Fri Jan 23 01:15:43.723662 2026] [php:error] [pid 97835] [client 20.89.104.181:0] script '/domains/samscars/0.php' not found or unable to stat
[Fri Jan 23 01:15:43.885261 2026] [php:error] [pid 97835] [client 20.89.104.181:0] script '/domains/samscars/edit.php' not found or unable to stat
[Fri Jan 23 01:15:44.077043 2026] [php:error] [pid 97835] [client 20.89.104.181:0] script '/domains/samscars/meta.php' not found or unable to stat
[Fri Jan 23 01:15:44.241968 2026] [php:error] [pid 97835] [client 20.89.104.181:0] script '/domains/samscars/new.php' not found or unable to stat
[Fri Jan 23 01:15:44.594060 2026] [php:error] [pid 97835] [client 20.89.104.181:0] script '/domains/samscars/as.php' not found or unable to stat
[Fri Jan 23 01:15:44.755245 2026] [php:error] [pid 97835] [client 20.89.104.181:0] script '/domains/samscars/ds.php' not found or unable to stat
[Fri Jan 23 01:15:44.929145 2026] [php:error] [pid 97835] [client 20.89.104.181:0] script '/domains/samscars/error.php' not found or unable to stat
[Fri Jan 23 01:15:45.115400 2026] [php:error] [pid 97835] [client 20.89.104.181:0] script '/domains/samscars/gecko-new.php' not found or unable to stat
[Fri Jan 23 01:15:45.311690 2026] [php:error] [pid 97835] [client 20.89.104.181:0] script '/domains/samscars/randkeyword.php' not found or unable to stat
[Fri Jan 23 01:15:45.813201 2026] [php:error] [pid 97835] [client 20.89.104.181:0] script '/domains/samscars/NewFile.php' not found or unable to stat
[Fri Jan 23 01:15:46.003285 2026] [php:error] [pid 97835] [client 20.89.104.181:0] script '/domains/samscars/goods.php' not found or unable to stat
[Fri Jan 23 01:15:46.172738 2026] [php:error] [pid 97835] [client 20.89.104.181:0] script '/domains/samscars/simple.php' not found or unable to stat
[Fri Jan 23 01:15:46.854667 2026] [php:error] [pid 97835] [client 20.89.104.181:0] script '/domains/samscars/c.php' not found or unable to stat
[Fri Jan 23 01:15:47.370234 2026] [php:error] [pid 97835] [client 20.89.104.181:0] script '/domains/samscars/auth.php' not found or unable to stat
[Fri Jan 23 01:15:47.532207 2026] [php:error] [pid 97835] [client 20.89.104.181:0] script '/domains/samscars/class-wp-lock.php' not found or unable to stat
[Fri Jan 23 01:15:47.695811 2026] [php:error] [pid 97835] [client 20.89.104.181:0] script '/domains/samscars/cookie.php' not found or unable to stat
[Fri Jan 23 01:15:47.858638 2026] [php:error] [pid 97835] [client 20.89.104.181:0] script '/domains/samscars/admin.php' not found or unable to stat
[Fri Jan 23 01:15:48.020142 2026] [php:error] [pid 97835] [client 20.89.104.181:0] script '/domains/samscars/baxa1.php' not found or unable to stat
[Fri Jan 23 01:15:48.561115 2026] [php:error] [pid 97835] [client 20.89.104.181:0] script '/domains/samscars/xleet.php' not found or unable to stat
[Fri Jan 23 01:15:48.908677 2026] [php:error] [pid 97835] [client 20.89.104.181:0] script '/domains/samscars/about.php' not found or unable to stat
[Fri Jan 23 01:15:49.929813 2026] [php:error] [pid 97835] [client 20.89.104.181:0] script '/domains/samscars/alfanew.php' not found or unable to stat
[Fri Jan 23 01:15:50.261205 2026] [php:error] [pid 97835] [client 20.89.104.181:0] script '/domains/samscars/22.php' not found or unable to stat
[Fri Jan 23 01:15:50.756920 2026] [php:error] [pid 97835] [client 20.89.104.181:0] script '/domains/samscars/simple.php' not found or unable to stat
[Fri Jan 23 01:15:51.096411 2026] [php:error] [pid 97835] [client 20.89.104.181:0] script '/domains/samscars/admin.php' not found or unable to stat
[Fri Jan 23 01:15:51.259624 2026] [php:error] [pid 97835] [client 20.89.104.181:0] script '/domains/samscars/c99.php' not found or unable to stat
[Fri Jan 23 01:15:51.421767 2026] [php:error] [pid 97835] [client 20.89.104.181:0] script '/domains/samscars/file.php' not found or unable to stat
[Fri Jan 23 01:15:51.589358 2026] [php:error] [pid 97835] [client 20.89.104.181:0] script '/domains/samscars/b.php' not found or unable to stat
[Fri Jan 23 01:15:51.755900 2026] [php:error] [pid 97835] [client 20.89.104.181:0] script '/domains/samscars/classwithtostring.php' not found or unable to stat
[Fri Jan 23 01:15:51.918339 2026] [php:error] [pid 97835] [client 20.89.104.181:0] script '/domains/samscars/css.php' not found or unable to stat
[Fri Jan 23 01:15:52.081001 2026] [php:error] [pid 97835] [client 20.89.104.181:0] script '/domains/samscars/flower.php' not found or unable to stat
[Fri Jan 23 01:15:52.591805 2026] [php:error] [pid 97835] [client 20.89.104.181:0] script '/domains/samscars/jp.php' not found or unable to stat
[Fri Jan 23 01:15:52.759057 2026] [php:error] [pid 97835] [client 20.89.104.181:0] script '/domains/samscars/room.php' not found or unable to stat
[Fri Jan 23 01:15:53.331687 2026] [php:error] [pid 97835] [client 20.89.104.181:0] script '/domains/samscars/12.php' not found or unable to stat
[Fri Jan 23 01:15:53.516266 2026] [php:error] [pid 97835] [client 20.89.104.181:0] script '/domains/samscars/404.php' not found or unable to stat
[Fri Jan 23 01:15:53.678252 2026] [php:error] [pid 97835] [client 20.89.104.181:0] script '/domains/samscars/disagreed.php' not found or unable to stat
[Fri Jan 23 01:15:54.017267 2026] [php:error] [pid 97835] [client 20.89.104.181:0] script '/domains/samscars/text.php' not found or unable to stat
[Fri Jan 23 01:15:55.384939 2026] [php:error] [pid 97835] [client 20.89.104.181:0] script '/domains/samscars/GOD.php' not found or unable to stat
[Fri Jan 23 01:15:55.724624 2026] [php:error] [pid 97835] [client 20.89.104.181:0] script '/domains/samscars/alfa-rex.php' not found or unable to stat
[Fri Jan 23 01:15:55.886848 2026] [php:error] [pid 97835] [client 20.89.104.181:0] script '/domains/samscars/f35.php' not found or unable to stat
[Fri Jan 23 01:15:56.047946 2026] [php:error] [pid 97835] [client 20.89.104.181:0] script '/domains/samscars/feeds.php' not found or unable to stat
[Fri Jan 23 01:15:56.423619 2026] [php:error] [pid 97835] [client 20.89.104.181:0] script '/domains/samscars/favicon.php' not found or unable to stat
[Fri Jan 23 01:15:56.783956 2026] [php:error] [pid 97835] [client 20.89.104.181:0] script '/domains/samscars/hehe.php' not found or unable to stat
[Fri Jan 23 01:15:57.963621 2026] [php:error] [pid 97851] [client 20.89.104.181:0] script '/domains/samscars/user.php' not found or unable to stat
[Fri Jan 23 01:15:58.142976 2026] [php:error] [pid 97851] [client 20.89.104.181:0] script '/domains/samscars/autoload_classmap.php' not found or unable to stat
[Fri Jan 23 01:15:58.313238 2026] [php:error] [pid 97851] [client 20.89.104.181:0] script '/domains/samscars/files.php' not found or unable to stat
[Fri Jan 23 01:15:58.653423 2026] [php:error] [pid 97851] [client 20.89.104.181:0] script '/domains/samscars/about.php' not found or unable to stat
[Fri Jan 23 01:15:58.833585 2026] [php:error] [pid 97851] [client 20.89.104.181:0] script '/domains/samscars/al.php' not found or unable to stat
[Fri Jan 23 01:15:59.019236 2026] [php:error] [pid 97851] [client 20.89.104.181:0] script '/domains/samscars/byp.php' not found or unable to stat
[Fri Jan 23 01:15:59.415619 2026] [php:error] [pid 97851] [client 20.89.104.181:0] script '/domains/samscars/wander.php' not found or unable to stat
[Fri Jan 23 01:16:00.137625 2026] [php:error] [pid 97851] [client 20.89.104.181:0] script '/domains/samscars/en.php' not found or unable to stat
[Fri Jan 23 01:16:00.337400 2026] [php:error] [pid 97851] [client 20.89.104.181:0] script '/domains/samscars/help.php' not found or unable to stat
[Fri Jan 23 01:16:01.025145 2026] [php:error] [pid 97851] [client 20.89.104.181:0] script '/domains/samscars/control.php' not found or unable to stat
[Fri Jan 23 01:16:01.565752 2026] [php:error] [pid 97851] [client 20.89.104.181:0] script '/domains/samscars/radio.php' not found or unable to stat
[Fri Jan 23 01:16:01.753750 2026] [php:error] [pid 97851] [client 20.89.104.181:0] script '/domains/samscars/dropdown.php' not found or unable to stat
[Fri Jan 23 01:16:02.265621 2026] [php:error] [pid 97851] [client 20.89.104.181:0] script '/domains/samscars/wp-2019.php' not found or unable to stat
[Fri Jan 23 01:16:02.620387 2026] [php:error] [pid 97851] [client 20.89.104.181:0] script '/domains/samscars/403.php' not found or unable to stat
[Fri Jan 23 01:16:02.790507 2026] [php:error] [pid 97851] [client 20.89.104.181:0] script '/domains/samscars/about.php' not found or unable to stat
[Fri Jan 23 01:16:02.964093 2026] [php:error] [pid 97851] [client 20.89.104.181:0] script '/domains/samscars/admin.php' not found or unable to stat
[Fri Jan 23 01:16:03.136092 2026] [php:error] [pid 97851] [client 20.89.104.181:0] script '/domains/samscars/as.php' not found or unable to stat
[Fri Jan 23 01:16:03.309080 2026] [php:error] [pid 97851] [client 20.89.104.181:0] script '/domains/samscars/autoload_classmap.php' not found or unable to stat
[Fri Jan 23 01:16:03.478168 2026] [php:error] [pid 97851] [client 20.89.104.181:0] script '/domains/samscars/classwithtostring.php' not found or unable to stat
[Fri Jan 23 01:16:03.655437 2026] [php:error] [pid 97851] [client 20.89.104.181:0] script '/domains/samscars/content.php' not found or unable to stat
[Fri Jan 23 01:16:03.831083 2026] [php:error] [pid 97851] [client 20.89.104.181:0] script '/domains/samscars/doc.php' not found or unable to stat
[Fri Jan 23 01:16:04.040404 2026] [php:error] [pid 97851] [client 20.89.104.181:0] script '/domains/samscars/dropdown.php' not found or unable to stat
[Fri Jan 23 01:16:04.234295 2026] [php:error] [pid 97851] [client 20.89.104.181:0] script '/domains/samscars/ee.php' not found or unable to stat
[Fri Jan 23 01:16:04.405996 2026] [php:error] [pid 97851] [client 20.89.104.181:0] script '/domains/samscars/images/wp-login.php' not found or unable to stat
[Fri Jan 23 01:16:04.576611 2026] [php:error] [pid 97851] [client 20.89.104.181:0] script '/domains/samscars/moon.php' not found or unable to stat
[Fri Jan 23 01:16:04.750895 2026] [php:error] [pid 97851] [client 20.89.104.181:0] script '/domains/samscars/new.php' not found or unable to stat
[Fri Jan 23 01:16:04.928725 2026] [php:error] [pid 97851] [client 20.89.104.181:0] script '/domains/samscars/radio.php' not found or unable to stat
[Fri Jan 23 01:16:05.110381 2026] [php:error] [pid 97851] [client 20.89.104.181:0] script '/domains/samscars/s.php' not found or unable to stat
[Fri Jan 23 01:16:05.280240 2026] [php:error] [pid 97851] [client 20.89.104.181:0] script '/domains/samscars/sim.php' not found or unable to stat
[Fri Jan 23 01:16:05.455932 2026] [php:error] [pid 97851] [client 20.89.104.181:0] script '/domains/samscars/simple.php' not found or unable to stat
[Fri Jan 23 01:16:05.796126 2026] [php:error] [pid 97851] [client 20.89.104.181:0] script '/domains/samscars/user.php' not found or unable to stat
[Fri Jan 23 01:16:05.968715 2026] [php:error] [pid 97851] [client 20.89.104.181:0] script '/domains/samscars/webadmin.php' not found or unable to stat
[Fri Jan 23 01:16:07.196163 2026] [php:error] [pid 97851] [client 20.89.104.181:0] script '/domains/samscars/wp-config-sample.php' not found or unable to stat
[Fri Jan 23 01:16:07.365639 2026] [php:error] [pid 97851] [client 20.89.104.181:0] script '/domains/samscars/wp-configs.php' not found or unable to stat
[Fri Jan 23 01:16:07.553074 2026] [php:error] [pid 97851] [client 20.89.104.181:0] script '/domains/samscars/wp-conflg.php' not found or unable to stat
[Fri Jan 23 01:16:07.913113 2026] [php:error] [pid 97861] [client 20.219.136.84:0] script '/domains/system_default/ioxi-o.php' not found or unable to stat
[Fri Jan 23 01:16:08.114916 2026] [php:error] [pid 97861] [client 20.219.136.84:0] script '/domains/system_default/0x.php' not found or unable to stat
[Fri Jan 23 01:16:08.318255 2026] [php:error] [pid 97861] [client 20.219.136.84:0] script '/domains/system_default/222.php' not found or unable to stat
[Fri Jan 23 01:16:08.520202 2026] [php:error] [pid 97861] [client 20.219.136.84:0] script '/domains/system_default/aa.php' not found or unable to stat
[Fri Jan 23 01:16:08.654725 2026] [php:error] [pid 97851] [client 20.89.104.181:0] script '/domains/samscars/wp-mail.php' not found or unable to stat
[Fri Jan 23 01:16:08.734191 2026] [php:error] [pid 97861] [client 20.219.136.84:0] script '/domains/system_default/abcd.php' not found or unable to stat
[Fri Jan 23 01:16:08.854117 2026] [php:error] [pid 97851] [client 20.89.104.181:0] script '/domains/samscars/wsa.php' not found or unable to stat
[Fri Jan 23 01:16:08.936000 2026] [php:error] [pid 97861] [client 20.219.136.84:0] script '/domains/system_default/admin.php' not found or unable to stat
[Fri Jan 23 01:16:09.051970 2026] [php:error] [pid 97851] [client 20.89.104.181:0] script '/domains/samscars/xmlrpc.php' not found or unable to stat
[Fri Jan 23 01:16:09.248137 2026] [php:error] [pid 97851] [client 20.89.104.181:0] script '/domains/samscars/ab.php' not found or unable to stat
[Fri Jan 23 01:16:09.347242 2026] [php:error] [pid 97861] [client 20.219.136.84:0] script '/domains/system_default/adminfuns.php' not found or unable to stat
[Fri Jan 23 01:16:09.426182 2026] [php:error] [pid 97851] [client 20.89.104.181:0] script '/domains/samscars/classwithtostring.php' not found or unable to stat
[Fri Jan 23 01:16:09.558068 2026] [php:error] [pid 97861] [client 20.219.136.84:0] script '/domains/system_default/akc.php' not found or unable to stat
[Fri Jan 23 01:16:09.626534 2026] [php:error] [pid 97851] [client 20.89.104.181:0] script '/domains/samscars/version.php' not found or unable to stat
[Fri Jan 23 01:16:09.760301 2026] [php:error] [pid 97861] [client 20.219.136.84:0] script '/domains/system_default/buy.php' not found or unable to stat
[Fri Jan 23 01:16:09.813365 2026] [php:error] [pid 97851] [client 20.89.104.181:0] script '/domains/samscars/xxx.php' not found or unable to stat
[Fri Jan 23 01:16:09.966143 2026] [php:error] [pid 97861] [client 20.219.136.84:0] script '/domains/system_default/cong.php' not found or unable to stat
[Fri Jan 23 01:16:10.168056 2026] [php:error] [pid 97861] [client 20.219.136.84:0] script '/domains/system_default/ioxi-o.php' not found or unable to stat
[Fri Jan 23 01:16:10.360489 2026] [php:error] [pid 97851] [client 20.89.104.181:0] script '/domains/samscars/1.php' not found or unable to stat
[Fri Jan 23 01:16:10.545377 2026] [php:error] [pid 97851] [client 20.89.104.181:0] script '/domains/samscars/themes.php' not found or unable to stat
[Fri Jan 23 01:16:10.574454 2026] [php:error] [pid 97861] [client 20.219.136.84:0] script '/domains/system_default/db.php' not found or unable to stat
[Fri Jan 23 01:16:10.788297 2026] [php:error] [pid 97861] [client 20.219.136.84:0] script '/domains/system_default/dropdown.php' not found or unable to stat
[Fri Jan 23 01:16:10.990360 2026] [php:error] [pid 97861] [client 20.219.136.84:0] script '/domains/system_default/file.php' not found or unable to stat
[Fri Jan 23 01:16:11.205219 2026] [php:error] [pid 97861] [client 20.219.136.84:0] script '/domains/system_default/goods.php' not found or unable to stat
[Fri Jan 23 01:16:11.272720 2026] [php:error] [pid 97851] [client 20.89.104.181:0] script '/domains/samscars/b0.php' not found or unable to stat
[Fri Jan 23 01:16:11.420269 2026] [php:error] [pid 97861] [client 20.219.136.84:0] script '/domains/system_default/hplfuns.php' not found or unable to stat
[Fri Jan 23 01:16:11.440895 2026] [php:error] [pid 97851] [client 20.89.104.181:0] script '/domains/samscars/bala.php' not found or unable to stat
[Fri Jan 23 01:16:11.636901 2026] [php:error] [pid 97861] [client 20.219.136.84:0] script '/domains/system_default/htaccess.php' not found or unable to stat
[Fri Jan 23 01:16:12.092547 2026] [php:error] [pid 97851] [client 20.89.104.181:0] script '/domains/samscars/xl2023.php.php' not found or unable to stat
[Fri Jan 23 01:16:12.306259 2026] [php:error] [pid 97861] [client 20.219.136.84:0] script '/domains/system_default/info.php' not found or unable to stat
[Fri Jan 23 01:16:12.526785 2026] [php:error] [pid 97861] [client 20.219.136.84:0] script '/domains/system_default/profile.php' not found or unable to stat
[Fri Jan 23 01:16:12.751778 2026] [php:error] [pid 97861] [client 20.219.136.84:0] script '/domains/system_default/sx.php' not found or unable to stat
[Fri Jan 23 01:16:12.935688 2026] [php:error] [pid 97851] [client 20.89.104.181:0] script '/domains/samscars/120f9.php' not found or unable to stat
[Fri Jan 23 01:16:13.175951 2026] [php:error] [pid 97851] [client 20.89.104.181:0] script '/domains/samscars/504.php' not found or unable to stat
[Fri Jan 23 01:16:13.336201 2026] [php:error] [pid 97851] [client 20.89.104.181:0] script '/domains/samscars/about.php' not found or unable to stat
[Fri Jan 23 01:16:13.543132 2026] [php:error] [pid 97851] [client 20.89.104.181:0] script '/domains/samscars/back.php' not found or unable to stat
[Fri Jan 23 01:16:13.751550 2026] [php:error] [pid 97851] [client 20.89.104.181:0] script '/domains/samscars/cong.php' not found or unable to stat
[Fri Jan 23 01:16:13.947071 2026] [php:error] [pid 97851] [client 20.89.104.181:0] script '/domains/samscars/credits.php' not found or unable to stat
[Fri Jan 23 01:16:14.137773 2026] [php:error] [pid 97851] [client 20.89.104.181:0] script '/domains/samscars/credits.php' not found or unable to stat
[Fri Jan 23 01:16:14.312086 2026] [php:error] [pid 97851] [client 20.89.104.181:0] script '/domains/samscars/data.php' not found or unable to stat
[Fri Jan 23 01:16:14.474060 2026] [php:error] [pid 97851] [client 20.89.104.181:0] script '/domains/samscars/function.php' not found or unable to stat
[Fri Jan 23 01:16:14.639409 2026] [php:error] [pid 97851] [client 20.89.104.181:0] script '/domains/samscars/goods.php' not found or unable to stat
[Fri Jan 23 01:16:14.799133 2026] [php:error] [pid 97851] [client 20.89.104.181:0] script '/domains/samscars/gzak2w.php' not found or unable to stat
[Fri Jan 23 01:16:14.991806 2026] [php:error] [pid 97851] [client 20.89.104.181:0] script '/domains/samscars/hehehehe.php' not found or unable to stat
[Fri Jan 23 01:16:15.488477 2026] [php:error] [pid 97851] [client 20.89.104.181:0] script '/domains/samscars/install.php' not found or unable to stat
[Fri Jan 23 01:16:15.833017 2026] [php:error] [pid 97851] [client 20.89.104.181:0] script '/domains/samscars/ova.php' not found or unable to stat
[Fri Jan 23 01:16:17.332522 2026] [php:error] [pid 97861] [client 20.219.136.84:0] script '/domains/system_default/wp-fclass.php' not found or unable to stat
[Fri Jan 23 01:16:20.612988 2026] [php:error] [pid 97866] [client 20.89.104.181:0] script '/domains/samscars/wp.php' not found or unable to stat
[Fri Jan 23 01:16:21.086150 2026] [php:error] [pid 97861] [client 20.219.136.84:0] script '/domains/system_default/wp-themes.php' not found or unable to stat
[Fri Jan 23 01:16:21.300890 2026] [php:error] [pid 97861] [client 20.219.136.84:0] script '/domains/system_default/xmlrpc.php' not found or unable to stat
[Fri Jan 23 01:17:18.641959 2026] [php:error] [pid 97875] [client 20.27.221.169:0] script '/domains/system_suspended/rrr.php' not found or unable to stat
[Fri Jan 23 01:17:18.824920 2026] [php:error] [pid 97875] [client 20.27.221.169:0] script '/domains/system_suspended/kk.php' not found or unable to stat
[Fri Jan 23 01:17:19.015099 2026] [php:error] [pid 97875] [client 20.27.221.169:0] script '/domains/system_suspended/as.php' not found or unable to stat
[Fri Jan 23 01:17:19.181853 2026] [php:error] [pid 97875] [client 20.27.221.169:0] script '/domains/system_suspended/bless.php' not found or unable to stat
[Fri Jan 23 01:17:19.356152 2026] [php:error] [pid 97875] [client 20.27.221.169:0] script '/domains/system_suspended/style.php' not found or unable to stat
[Fri Jan 23 01:17:19.522858 2026] [php:error] [pid 97875] [client 20.27.221.169:0] script '/domains/system_suspended/cwclass.php' not found or unable to stat
[Fri Jan 23 01:17:19.693196 2026] [php:error] [pid 97875] [client 20.27.221.169:0] script '/domains/system_suspended/0x.php' not found or unable to stat
[Fri Jan 23 01:17:20.026750 2026] [php:error] [pid 97875] [client 20.27.221.169:0] script '/domains/system_suspended/404.php' not found or unable to stat
[Fri Jan 23 01:17:20.197298 2026] [php:error] [pid 97875] [client 20.27.221.169:0] script '/domains/system_suspended/goomaogm.php' not found or unable to stat
[Fri Jan 23 01:17:20.392684 2026] [php:error] [pid 97875] [client 20.27.221.169:0] script '/domains/system_suspended/Dede.php' not found or unable to stat
[Fri Jan 23 01:17:20.573372 2026] [php:error] [pid 97875] [client 20.27.221.169:0] script '/domains/system_suspended/dichku.php' not found or unable to stat
[Fri Jan 23 01:17:20.740566 2026] [php:error] [pid 97875] [client 20.27.221.169:0] script '/domains/system_suspended/h2a2ck.php' not found or unable to stat
[Fri Jan 23 01:17:20.908004 2026] [php:error] [pid 97875] [client 20.27.221.169:0] script '/domains/system_suspended/yr.PHP' not found or unable to stat
[Fri Jan 23 01:17:21.074737 2026] [php:error] [pid 97875] [client 20.27.221.169:0] script '/domains/system_suspended/Mks3.PhP' not found or unable to stat
[Fri Jan 23 01:17:21.242391 2026] [php:error] [pid 97875] [client 20.27.221.169:0] script '/domains/system_suspended/222.php' not found or unable to stat
