[Fri Jan 23 03:10:47.074693 2026] [php:error] [pid 16420] [client 20.205.96.233:0] script '/domains/schellin/yellow.php' not found or unable to stat
[Fri Jan 23 03:10:47.108558 2026] [php:error] [pid 16394] [client 4.217.220.52:0] script '/domains/system_default/ws46.php' not found or unable to stat
[Fri Jan 23 03:10:47.276059 2026] [php:error] [pid 16420] [client 20.205.96.233:0] script '/domains/schellin/lala.php' not found or unable to stat
[Fri Jan 23 03:10:47.298655 2026] [php:error] [pid 16394] [client 4.217.220.52:0] script '/domains/system_default/ws43.php' not found or unable to stat
[Fri Jan 23 03:10:47.479010 2026] [php:error] [pid 16420] [client 20.205.96.233:0] script '/domains/schellin/file3.php' not found or unable to stat
[Fri Jan 23 03:10:47.485849 2026] [php:error] [pid 16394] [client 4.217.220.52:0] script '/domains/system_default/ws36.php' not found or unable to stat
[Fri Jan 23 03:10:47.674443 2026] [php:error] [pid 16394] [client 4.217.220.52:0] script '/domains/system_default/ws34.php' not found or unable to stat
[Fri Jan 23 03:10:47.684953 2026] [php:error] [pid 16420] [client 20.205.96.233:0] script '/domains/schellin/file17.php' not found or unable to stat
[Fri Jan 23 03:10:47.886531 2026] [php:error] [pid 16420] [client 20.205.96.233:0] script '/domains/schellin/shell.php' not found or unable to stat
[Fri Jan 23 03:10:48.087785 2026] [php:error] [pid 16420] [client 20.205.96.233:0] script '/domains/schellin/file15.php' not found or unable to stat
[Fri Jan 23 03:10:48.137105 2026] [php:error] [pid 16394] [client 4.217.220.52:0] script '/domains/system_default/rtx.php' not found or unable to stat
[Fri Jan 23 03:10:48.288862 2026] [php:error] [pid 16420] [client 20.205.96.233:0] script '/domains/schellin/file30.php' not found or unable to stat
[Fri Jan 23 03:10:48.327531 2026] [php:error] [pid 16394] [client 4.217.220.52:0] script '/domains/system_default/as.php' not found or unable to stat
[Fri Jan 23 03:10:48.491026 2026] [php:error] [pid 16420] [client 20.205.96.233:0] script '/domains/schellin/bless5.php' not found or unable to stat
[Fri Jan 23 03:10:48.515051 2026] [php:error] [pid 16394] [client 4.217.220.52:0] script '/domains/system_default/ova.php' not found or unable to stat
[Fri Jan 23 03:10:48.696108 2026] [php:error] [pid 16420] [client 20.205.96.233:0] script '/domains/schellin/wp-is.php' not found or unable to stat
[Fri Jan 23 03:10:48.703356 2026] [php:error] [pid 16394] [client 4.217.220.52:0] script '/domains/system_default/blox.php' not found or unable to stat
[Fri Jan 23 03:10:48.891848 2026] [php:error] [pid 16394] [client 4.217.220.52:0] script '/domains/system_default/vx.php' not found or unable to stat
[Fri Jan 23 03:10:48.897657 2026] [php:error] [pid 16420] [client 20.205.96.233:0] script '/domains/schellin/hook.php' not found or unable to stat
[Fri Jan 23 03:10:49.091037 2026] [php:error] [pid 16394] [client 4.217.220.52:0] script '/domains/system_default/mh.php' not found or unable to stat
[Fri Jan 23 03:10:49.098526 2026] [php:error] [pid 16420] [client 20.205.96.233:0] script '/domains/schellin/wp-configs.php' not found or unable to stat
[Fri Jan 23 03:10:49.285464 2026] [php:error] [pid 16394] [client 4.217.220.52:0] script '/domains/system_default/pn.php' not found or unable to stat
[Fri Jan 23 03:10:49.303540 2026] [php:error] [pid 16420] [client 20.205.96.233:0] script '/domains/schellin/mini.php' not found or unable to stat
[Fri Jan 23 03:10:49.478860 2026] [php:error] [pid 16394] [client 4.217.220.52:0] script '/domains/system_default/O-Simple.php' not found or unable to stat
[Fri Jan 23 03:10:49.505584 2026] [php:error] [pid 16420] [client 20.205.96.233:0] script '/domains/schellin/class19.php' not found or unable to stat
[Fri Jan 23 03:10:49.666815 2026] [php:error] [pid 16394] [client 4.217.220.52:0] script '/domains/system_default/smklh.php' not found or unable to stat
[Fri Jan 23 03:10:49.707323 2026] [php:error] [pid 16420] [client 20.205.96.233:0] script '/domains/schellin/plss3.php' not found or unable to stat
[Fri Jan 23 03:10:49.867337 2026] [php:error] [pid 16394] [client 4.217.220.52:0] script '/domains/system_default/mans.php' not found or unable to stat
[Fri Jan 23 03:10:49.919645 2026] [php:error] [pid 16420] [client 20.205.96.233:0] script '/domains/schellin/0x.php' not found or unable to stat
[Fri Jan 23 03:10:50.057434 2026] [php:error] [pid 16394] [client 4.217.220.52:0] script '/domains/system_default/horeg.php' not found or unable to stat
[Fri Jan 23 03:10:50.120862 2026] [php:error] [pid 16420] [client 20.205.96.233:0] script '/domains/schellin/file1.php' not found or unable to stat
[Fri Jan 23 03:10:50.245701 2026] [php:error] [pid 16394] [client 4.217.220.52:0] script '/domains/system_default/to.php' not found or unable to stat
[Fri Jan 23 03:10:50.322233 2026] [php:error] [pid 16420] [client 20.205.96.233:0] script '/domains/schellin/file8.php' not found or unable to stat
[Fri Jan 23 03:10:50.452872 2026] [php:error] [pid 16394] [client 4.217.220.52:0] script '/domains/system_default/wp-good.php' not found or unable to stat
[Fri Jan 23 03:10:50.523399 2026] [php:error] [pid 16420] [client 20.205.96.233:0] script '/domains/schellin/100.kb.php' not found or unable to stat
[Fri Jan 23 03:10:50.640102 2026] [php:error] [pid 16394] [client 4.217.220.52:0] script '/domains/system_default/fz.php' not found or unable to stat
[Fri Jan 23 03:10:50.724381 2026] [php:error] [pid 16420] [client 20.205.96.233:0] script '/domains/schellin/ppp.php' not found or unable to stat
[Fri Jan 23 03:10:50.828889 2026] [php:error] [pid 16394] [client 4.217.220.52:0] script '/domains/system_default/mini.php' not found or unable to stat
[Fri Jan 23 03:10:50.925653 2026] [php:error] [pid 16420] [client 20.205.96.233:0] script '/domains/schellin/tox.php' not found or unable to stat
[Fri Jan 23 03:10:51.016358 2026] [php:error] [pid 16394] [client 4.217.220.52:0] script '/domains/system_default/x.php' not found or unable to stat
[Fri Jan 23 03:10:51.127283 2026] [php:error] [pid 16420] [client 20.205.96.233:0] script '/domains/schellin/bless11.php' not found or unable to stat
[Fri Jan 23 03:10:51.204804 2026] [php:error] [pid 16394] [client 4.217.220.52:0] script '/domains/system_default/ioxi-o.php' not found or unable to stat
[Fri Jan 23 03:10:51.329720 2026] [php:error] [pid 16420] [client 20.205.96.233:0] script '/domains/schellin/030.php' not found or unable to stat
[Fri Jan 23 03:10:51.396687 2026] [php:error] [pid 16394] [client 4.217.220.52:0] script '/domains/system_default/xxxx.php' not found or unable to stat
[Fri Jan 23 03:10:51.535583 2026] [php:error] [pid 16420] [client 20.205.96.233:0] script '/domains/schellin/v4.php' not found or unable to stat
[Fri Jan 23 03:10:51.583767 2026] [php:error] [pid 16394] [client 4.217.220.52:0] script '/domains/system_default/moon.php' not found or unable to stat
[Fri Jan 23 03:10:51.737186 2026] [php:error] [pid 16420] [client 20.205.96.233:0] script '/domains/schellin/xxx.php' not found or unable to stat
[Fri Jan 23 03:10:51.823873 2026] [php:error] [pid 16394] [client 4.217.220.52:0] script '/domains/system_default/ws46.php' not found or unable to stat
[Fri Jan 23 03:10:51.942738 2026] [php:error] [pid 16420] [client 20.205.96.233:0] script '/domains/schellin/fs.php' not found or unable to stat
[Fri Jan 23 03:10:52.026266 2026] [php:error] [pid 16394] [client 4.217.220.52:0] script '/domains/system_default/wp-22.php' not found or unable to stat
[Fri Jan 23 03:10:52.146525 2026] [php:error] [pid 16420] [client 20.205.96.233:0] script '/domains/schellin/33.php' not found or unable to stat
[Fri Jan 23 03:10:52.213141 2026] [php:error] [pid 16394] [client 4.217.220.52:0] script '/domains/system_default/user.php' not found or unable to stat
[Fri Jan 23 03:10:52.349445 2026] [php:error] [pid 16420] [client 20.205.96.233:0] script '/domains/schellin/v2.php' not found or unable to stat
[Fri Jan 23 03:10:52.415555 2026] [php:error] [pid 16394] [client 4.217.220.52:0] script '/domains/system_default/classwithtostring.php' not found or unable to stat
[Fri Jan 23 03:10:52.550694 2026] [php:error] [pid 16420] [client 20.205.96.233:0] script '/domains/schellin/new4.php' not found or unable to stat
[Fri Jan 23 03:10:52.612131 2026] [php:error] [pid 16394] [client 4.217.220.52:0] script '/domains/system_default/content.php' not found or unable to stat
[Fri Jan 23 03:10:52.835873 2026] [php:error] [pid 16394] [client 4.217.220.52:0] script '/domains/system_default/wp-ana.php' not found or unable to stat
[Fri Jan 23 03:10:53.036877 2026] [php:error] [pid 16394] [client 4.217.220.52:0] script '/domains/system_default/cwclass.php' not found or unable to stat
[Fri Jan 23 03:10:53.224055 2026] [php:error] [pid 16394] [client 4.217.220.52:0] script '/domains/system_default/87.php' not found or unable to stat
[Fri Jan 23 03:10:53.411582 2026] [php:error] [pid 16394] [client 4.217.220.52:0] script '/domains/system_default/error.php' not found or unable to stat
[Fri Jan 23 03:10:53.598890 2026] [php:error] [pid 16394] [client 4.217.220.52:0] script '/domains/system_default/redi.php' not found or unable to stat
[Fri Jan 23 03:10:53.786251 2026] [php:error] [pid 16394] [client 4.217.220.52:0] script '/domains/system_default/wsd.php' not found or unable to stat
[Fri Jan 23 03:10:54.519044 2026] [php:error] [pid 16421] [client 4.217.220.52:0] script '/domains/system_default/image.php' not found or unable to stat
[Fri Jan 23 03:10:54.790986 2026] [php:error] [pid 16421] [client 4.217.220.52:0] script '/domains/system_default/abcd.php' not found or unable to stat
[Fri Jan 23 03:10:54.979561 2026] [php:error] [pid 16421] [client 4.217.220.52:0] script '/domains/system_default/indo.php' not found or unable to stat
[Fri Jan 23 03:10:55.168182 2026] [php:error] [pid 16421] [client 4.217.220.52:0] script '/domains/system_default/0xx.php' not found or unable to stat
[Fri Jan 23 03:10:55.363831 2026] [php:error] [pid 16421] [client 4.217.220.52:0] script '/domains/system_default/o.php' not found or unable to stat
[Fri Jan 23 03:10:55.552202 2026] [php:error] [pid 16421] [client 4.217.220.52:0] script '/domains/system_default/1.php' not found or unable to stat
[Fri Jan 23 03:10:55.747476 2026] [php:error] [pid 16421] [client 4.217.220.52:0] script '/domains/system_default/style.php' not found or unable to stat
[Fri Jan 23 03:10:56.484506 2026] [php:error] [pid 16421] [client 4.217.220.52:0] script '/domains/system_default/manager.php' not found or unable to stat
[Fri Jan 23 03:10:56.696114 2026] [php:error] [pid 16421] [client 4.217.220.52:0] script '/domains/system_default/bless.php' not found or unable to stat
[Fri Jan 23 03:10:56.891344 2026] [php:error] [pid 16421] [client 4.217.220.52:0] script '/domains/system_default/geck.php' not found or unable to stat
[Fri Jan 23 03:10:57.086900 2026] [php:error] [pid 16421] [client 4.217.220.52:0] script '/domains/system_default/wp-configs.php' not found or unable to stat
[Fri Jan 23 03:10:57.863525 2026] [php:error] [pid 16421] [client 4.217.220.52:0] script '/domains/system_default/file.php' not found or unable to stat
[Fri Jan 23 03:10:58.070582 2026] [php:error] [pid 16421] [client 4.217.220.52:0] script '/domains/system_default/11.php' not found or unable to stat
[Fri Jan 23 03:10:58.287472 2026] [php:error] [pid 16421] [client 4.217.220.52:0] script '/domains/system_default/s.php' not found or unable to stat
[Fri Jan 23 03:10:58.475942 2026] [php:error] [pid 16421] [client 4.217.220.52:0] script '/domains/system_default/sid3.php' not found or unable to stat
[Fri Jan 23 03:10:58.671350 2026] [php:error] [pid 16421] [client 4.217.220.52:0] script '/domains/system_default/ng.php' not found or unable to stat
[Fri Jan 23 03:10:58.888590 2026] [php:error] [pid 16421] [client 4.217.220.52:0] script '/domains/system_default/m.php' not found or unable to stat
[Fri Jan 23 03:10:59.076937 2026] [php:error] [pid 16421] [client 4.217.220.52:0] script '/domains/system_default/webix.php' not found or unable to stat
[Fri Jan 23 03:10:59.266303 2026] [php:error] [pid 16421] [client 4.217.220.52:0] script '/domains/system_default/az.php' not found or unable to stat
[Fri Jan 23 03:10:59.454799 2026] [php:error] [pid 16421] [client 4.217.220.52:0] script '/domains/system_default/hans.php' not found or unable to stat
[Fri Jan 23 03:10:59.650110 2026] [php:error] [pid 16421] [client 4.217.220.52:0] script '/domains/system_default/403.php' not found or unable to stat
[Fri Jan 23 03:10:59.845398 2026] [php:error] [pid 16421] [client 4.217.220.52:0] script '/domains/system_default/404.php' not found or unable to stat
[Fri Jan 23 03:11:00.527161 2026] [php:error] [pid 16421] [client 4.217.220.52:0] script '/domains/system_default/buy.php' not found or unable to stat
[Fri Jan 23 03:11:38.403023 2026] [php:error] [pid 16421] [client 20.205.10.3:0] script '/domains/tbarnhil/wp-good.php' not found or unable to stat
[Fri Jan 23 03:11:38.608105 2026] [php:error] [pid 16421] [client 20.205.10.3:0] script '/domains/tbarnhil/ioxi-o.php' not found or unable to stat
[Fri Jan 23 03:11:38.817026 2026] [php:error] [pid 16421] [client 20.205.10.3:0] script '/domains/tbarnhil/file.php' not found or unable to stat
[Fri Jan 23 03:11:39.236744 2026] [php:error] [pid 16421] [client 20.205.10.3:0] script '/domains/tbarnhil/wp-signin.php' not found or unable to stat
[Fri Jan 23 03:11:39.493104 2026] [php:error] [pid 16421] [client 20.205.10.3:0] script '/domains/tbarnhil/abcd.php' not found or unable to stat
[Fri Jan 23 03:11:39.904117 2026] [php:error] [pid 16421] [client 20.205.10.3:0] script '/domains/tbarnhil/about.php' not found or unable to stat
[Fri Jan 23 03:11:40.110290 2026] [php:error] [pid 16421] [client 20.205.10.3:0] script '/domains/tbarnhil/bless.php' not found or unable to stat
[Fri Jan 23 03:11:40.551970 2026] [php:error] [pid 16421] [client 20.205.10.3:0] script '/domains/tbarnhil/num.php' not found or unable to stat
[Fri Jan 23 03:11:40.767520 2026] [php:error] [pid 16421] [client 20.205.10.3:0] script '/domains/tbarnhil/txets.php' not found or unable to stat
[Fri Jan 23 03:11:40.973339 2026] [php:error] [pid 16421] [client 20.205.10.3:0] script '/domains/tbarnhil/wp-blog.php' not found or unable to stat
[Fri Jan 23 03:11:42.014429 2026] [php:error] [pid 16421] [client 20.205.10.3:0] script '/domains/tbarnhil/wp.php' not found or unable to stat
[Fri Jan 23 03:11:42.220849 2026] [php:error] [pid 16421] [client 20.205.10.3:0] script '/domains/tbarnhil/admin.php' not found or unable to stat
[Fri Jan 23 03:11:42.435797 2026] [php:error] [pid 16421] [client 20.205.10.3:0] script '/domains/tbarnhil/adminfuns.php' not found or unable to stat
[Fri Jan 23 03:11:42.651848 2026] [php:error] [pid 16421] [client 20.205.10.3:0] script '/domains/tbarnhil/chosen.php' not found or unable to stat
[Fri Jan 23 03:11:42.860982 2026] [php:error] [pid 16421] [client 20.205.10.3:0] script '/domains/tbarnhil/classwithtostring.php' not found or unable to stat
[Fri Jan 23 03:11:43.080735 2026] [php:error] [pid 16421] [client 20.205.10.3:0] script '/domains/tbarnhil/edit.php' not found or unable to stat
[Fri Jan 23 03:11:43.286261 2026] [php:error] [pid 16421] [client 20.205.10.3:0] script '/domains/tbarnhil/goods.php' not found or unable to stat
[Fri Jan 23 03:11:43.504683 2026] [php:error] [pid 16421] [client 20.205.10.3:0] script '/domains/tbarnhil/k.php' not found or unable to stat
[Fri Jan 23 03:11:45.672797 2026] [php:error] [pid 16421] [client 20.205.10.3:0] script '/domains/tbarnhil/wp-user.php' not found or unable to stat
[Fri Jan 23 03:11:45.887587 2026] [php:error] [pid 16421] [client 20.205.10.3:0] script '/domains/tbarnhil/404.php' not found or unable to stat
[Fri Jan 23 03:11:46.100524 2026] [php:error] [pid 16421] [client 20.205.10.3:0] script '/domains/tbarnhil/akcc.php' not found or unable to stat
[Fri Jan 23 03:11:46.428718 2026] [php:error] [pid 16421] [client 20.205.10.3:0] script '/domains/tbarnhil/gg.php' not found or unable to stat
[Fri Jan 23 03:11:46.633161 2026] [php:error] [pid 16421] [client 20.205.10.3:0] script '/domains/tbarnhil/mah.php' not found or unable to stat
[Fri Jan 23 03:11:46.860290 2026] [php:error] [pid 16421] [client 20.205.10.3:0] script '/domains/tbarnhil/new.php' not found or unable to stat
[Fri Jan 23 03:11:47.068850 2026] [php:error] [pid 16421] [client 20.205.10.3:0] script '/domains/tbarnhil/themes.php' not found or unable to stat
[Fri Jan 23 03:12:05.109934 2026] [core:crit] [pid 16436] (13)Permission denied: [client 144.76.32.120:0] AH00529: /domains/performancepartsinc/graphics/psd/.htaccess pcfg_openfile: unable to check htaccess file, ensure it is readable and that '/domains/performancepartsinc/graphics/psd/' is executable
[Fri Jan 23 03:12:34.217632 2026] [php:error] [pid 16434] [client 40.69.27.251:0] script '/domains/braniff/blue.php' not found or unable to stat
[Fri Jan 23 03:12:34.290702 2026] [php:error] [pid 16434] [client 40.69.27.251:0] script '/domains/braniff/xy.php' not found or unable to stat
[Fri Jan 23 03:12:34.363701 2026] [php:error] [pid 16434] [client 40.69.27.251:0] script '/domains/braniff/xy.php' not found or unable to stat
[Fri Jan 23 03:12:34.437332 2026] [php:error] [pid 16434] [client 40.69.27.251:0] script '/domains/braniff/riv.php' not found or unable to stat
[Fri Jan 23 03:12:34.510544 2026] [php:error] [pid 16434] [client 40.69.27.251:0] script '/domains/braniff/kirin.php' not found or unable to stat
[Fri Jan 23 03:12:34.583590 2026] [php:error] [pid 16434] [client 40.69.27.251:0] script '/domains/braniff/fs6.php' not found or unable to stat
[Fri Jan 23 03:12:34.657212 2026] [php:error] [pid 16434] [client 40.69.27.251:0] script '/domains/braniff/asc.php' not found or unable to stat
[Fri Jan 23 03:12:34.730311 2026] [php:error] [pid 16434] [client 40.69.27.251:0] script '/domains/braniff/acampa.php' not found or unable to stat
[Fri Jan 23 03:12:34.811907 2026] [php:error] [pid 16434] [client 40.69.27.251:0] script '/domains/braniff/f355.php' not found or unable to stat
[Fri Jan 23 03:12:34.885488 2026] [php:error] [pid 16434] [client 40.69.27.251:0] script '/domains/braniff/bgymj.php' not found or unable to stat
[Fri Jan 23 03:12:34.958826 2026] [php:error] [pid 16434] [client 40.69.27.251:0] script '/domains/braniff/nf.php' not found or unable to stat
[Fri Jan 23 03:12:35.032530 2026] [php:error] [pid 16434] [client 40.69.27.251:0] script '/domains/braniff/lala.php' not found or unable to stat
[Fri Jan 23 03:12:35.106040 2026] [php:error] [pid 16434] [client 40.69.27.251:0] script '/domains/braniff/3r.php' not found or unable to stat
[Fri Jan 23 03:12:35.179511 2026] [php:error] [pid 16434] [client 40.69.27.251:0] script '/domains/braniff/8xyz.php' not found or unable to stat
[Fri Jan 23 03:12:35.255057 2026] [php:error] [pid 16434] [client 40.69.27.251:0] script '/domains/braniff/kairolin.php' not found or unable to stat
[Fri Jan 23 03:12:35.328364 2026] [php:error] [pid 16434] [client 40.69.27.251:0] script '/domains/braniff/ioxi.php' not found or unable to stat
[Fri Jan 23 03:12:35.402110 2026] [php:error] [pid 16434] [client 40.69.27.251:0] script '/domains/braniff/xpwer1.php' not found or unable to stat
[Fri Jan 23 03:12:35.475162 2026] [php:error] [pid 16434] [client 40.69.27.251:0] script '/domains/braniff/about.php' not found or unable to stat
[Fri Jan 23 03:12:35.621999 2026] [php:error] [pid 16434] [client 40.69.27.251:0] script '/domains/braniff/13.php' not found or unable to stat
[Fri Jan 23 03:12:35.769016 2026] [php:error] [pid 16434] [client 40.69.27.251:0] script '/domains/braniff/admin.php' not found or unable to stat
[Fri Jan 23 03:12:35.989236 2026] [php:error] [pid 16434] [client 40.69.27.251:0] script '/domains/braniff/info.php' not found or unable to stat
[Fri Jan 23 03:12:36.062504 2026] [php:error] [pid 16434] [client 40.69.27.251:0] script '/domains/braniff/about.php' not found or unable to stat
[Fri Jan 23 03:12:36.209191 2026] [php:error] [pid 16434] [client 40.69.27.251:0] script '/domains/braniff/ss1.php' not found or unable to stat
[Fri Jan 23 03:12:36.356161 2026] [php:error] [pid 16434] [client 40.69.27.251:0] script '/domains/braniff/goods.php' not found or unable to stat
[Fri Jan 23 03:12:36.429246 2026] [php:error] [pid 16434] [client 40.69.27.251:0] script '/domains/braniff/admin.php' not found or unable to stat
[Fri Jan 23 03:12:36.503122 2026] [php:error] [pid 16434] [client 40.69.27.251:0] script '/domains/braniff/222.php' not found or unable to stat
[Fri Jan 23 03:12:36.576298 2026] [php:error] [pid 16434] [client 40.69.27.251:0] script '/domains/braniff/abcd.php' not found or unable to stat
[Fri Jan 23 03:12:36.722596 2026] [php:error] [pid 16434] [client 40.69.27.251:0] script '/domains/braniff/adminfuns.php' not found or unable to stat
[Fri Jan 23 03:12:36.818428 2026] [php:error] [pid 16434] [client 40.69.27.251:0] script '/domains/braniff/ioxi-o.php' not found or unable to stat
[Fri Jan 23 03:12:36.969480 2026] [php:error] [pid 16434] [client 40.69.27.251:0] script '/domains/braniff/goat.php' not found or unable to stat
[Fri Jan 23 03:12:37.115715 2026] [php:error] [pid 16434] [client 40.69.27.251:0] script '/domains/braniff/xx.php' not found or unable to stat
[Fri Jan 23 03:12:37.334469 2026] [php:error] [pid 16434] [client 40.69.27.251:0] script '/domains/braniff/f5.php' not found or unable to stat
[Fri Jan 23 03:12:37.407511 2026] [php:error] [pid 16434] [client 40.69.27.251:0] script '/domains/braniff/doc.php' not found or unable to stat
[Fri Jan 23 03:12:37.480829 2026] [php:error] [pid 16434] [client 40.69.27.251:0] script '/domains/braniff/xtride.php' not found or unable to stat
[Fri Jan 23 03:12:37.553883 2026] [php:error] [pid 16434] [client 40.69.27.251:0] script '/domains/braniff/flower.php' not found or unable to stat
[Fri Jan 23 03:12:37.628413 2026] [php:error] [pid 16434] [client 40.69.27.251:0] script '/domains/braniff/flower2.php' not found or unable to stat
[Fri Jan 23 03:12:37.703190 2026] [php:error] [pid 16434] [client 40.69.27.251:0] script '/domains/braniff/f6.php' not found or unable to stat
[Fri Jan 23 03:12:37.776397 2026] [php:error] [pid 16434] [client 40.69.27.251:0] script '/domains/braniff/edit.php' not found or unable to stat
[Fri Jan 23 03:12:37.849691 2026] [php:error] [pid 16434] [client 40.69.27.251:0] script '/domains/braniff/aa.php' not found or unable to stat
[Fri Jan 23 03:12:37.922989 2026] [php:error] [pid 16434] [client 40.69.27.251:0] script '/domains/braniff/ext.php' not found or unable to stat
[Fri Jan 23 03:12:38.147708 2026] [php:error] [pid 16434] [client 40.69.27.251:0] script '/domains/braniff/av.php' not found or unable to stat
[Fri Jan 23 03:12:38.293486 2026] [php:error] [pid 16434] [client 40.69.27.251:0] script '/domains/braniff/wsd.php' not found or unable to stat
[Fri Jan 23 03:12:38.473861 2026] [php:error] [pid 16434] [client 40.69.27.251:0] script '/domains/braniff/classwithtostring.php' not found or unable to stat
[Fri Jan 23 03:12:38.547090 2026] [php:error] [pid 16434] [client 40.69.27.251:0] script '/domains/braniff/file48.php' not found or unable to stat
[Fri Jan 23 03:12:38.694390 2026] [php:error] [pid 16434] [client 40.69.27.251:0] script '/domains/braniff/css.php' not found or unable to stat
[Fri Jan 23 03:12:38.767584 2026] [php:error] [pid 16434] [client 40.69.27.251:0] script '/domains/braniff/alfa.php' not found or unable to stat
[Fri Jan 23 03:12:38.842316 2026] [php:error] [pid 16434] [client 40.69.27.251:0] script '/domains/braniff/wen.php' not found or unable to stat
[Fri Jan 23 03:12:38.915503 2026] [php:error] [pid 16434] [client 40.69.27.251:0] script '/domains/braniff/x.php' not found or unable to stat
[Fri Jan 23 03:12:38.988753 2026] [php:error] [pid 16434] [client 40.69.27.251:0] script '/domains/braniff/xxxx.php' not found or unable to stat
[Fri Jan 23 03:12:39.061645 2026] [php:error] [pid 16434] [client 40.69.27.251:0] script '/domains/braniff/class.php' not found or unable to stat
[Fri Jan 23 03:12:39.208297 2026] [php:error] [pid 16434] [client 40.69.27.251:0] script '/domains/braniff/gec.php' not found or unable to stat
[Fri Jan 23 03:12:39.281398 2026] [php:error] [pid 16434] [client 40.69.27.251:0] script '/domains/braniff/f35.php' not found or unable to stat
[Fri Jan 23 03:12:39.427464 2026] [php:error] [pid 16434] [client 40.69.27.251:0] script '/domains/braniff/pp.php' not found or unable to stat
[Fri Jan 23 03:12:39.647451 2026] [php:error] [pid 16434] [client 40.69.27.251:0] script '/domains/braniff/lock360.php' not found or unable to stat
[Fri Jan 23 03:12:39.720570 2026] [php:error] [pid 16434] [client 40.69.27.251:0] script '/domains/braniff/galex.php' not found or unable to stat
[Fri Jan 23 03:12:39.793652 2026] [php:error] [pid 16434] [client 40.69.27.251:0] script '/domains/braniff/as.php' not found or unable to stat
[Fri Jan 23 03:12:39.866657 2026] [php:error] [pid 16434] [client 40.69.27.251:0] script '/domains/braniff/class-t.api.php' not found or unable to stat
[Fri Jan 23 03:12:39.939729 2026] [php:error] [pid 16434] [client 40.69.27.251:0] script '/domains/braniff/bipas.php' not found or unable to stat
[Fri Jan 23 03:12:40.012905 2026] [php:error] [pid 16434] [client 40.69.27.251:0] script '/domains/braniff/shoyo.php' not found or unable to stat
[Fri Jan 23 03:12:40.085692 2026] [php:error] [pid 16434] [client 40.69.27.251:0] script '/domains/braniff/admin.php' not found or unable to stat
[Fri Jan 23 03:12:40.170027 2026] [php:error] [pid 16434] [client 40.69.27.251:0] script '/domains/braniff/ar.php' not found or unable to stat
[Fri Jan 23 03:12:40.243109 2026] [php:error] [pid 16434] [client 40.69.27.251:0] script '/domains/braniff/blurbs18.php' not found or unable to stat
[Fri Jan 23 03:12:40.319168 2026] [php:error] [pid 16434] [client 40.69.27.251:0] script '/domains/braniff/radio.php' not found or unable to stat
[Fri Jan 23 03:12:40.392309 2026] [php:error] [pid 16434] [client 40.69.27.251:0] script '/domains/braniff/wp-good.php' not found or unable to stat
[Fri Jan 23 03:12:40.465434 2026] [php:error] [pid 16434] [client 40.69.27.251:0] script '/domains/braniff/bless14.php' not found or unable to stat
[Fri Jan 23 03:12:40.538743 2026] [php:error] [pid 16434] [client 40.69.27.251:0] script '/domains/braniff/ws13.php' not found or unable to stat
[Fri Jan 23 03:12:41.217207 2026] [php:error] [pid 16434] [client 40.69.27.251:0] script '/domains/braniff/zwso.php' not found or unable to stat
[Fri Jan 23 03:12:41.291224 2026] [php:error] [pid 16434] [client 40.69.27.251:0] script '/domains/braniff/autoload_classmap.php' not found or unable to stat
[Fri Jan 23 03:12:41.383921 2026] [php:error] [pid 16434] [client 40.69.27.251:0] script '/domains/braniff/bless.php' not found or unable to stat
[Fri Jan 23 03:12:41.463265 2026] [php:error] [pid 16434] [client 40.69.27.251:0] script '/domains/braniff/X7x.php' not found or unable to stat
[Fri Jan 23 03:12:41.536449 2026] [php:error] [pid 16434] [client 40.69.27.251:0] script '/domains/braniff/class20.php' not found or unable to stat
[Fri Jan 23 03:12:41.609388 2026] [php:error] [pid 16434] [client 40.69.27.251:0] script '/domains/braniff/lock360.php' not found or unable to stat
[Fri Jan 23 03:12:41.841145 2026] [php:error] [pid 16421] [client 40.69.27.251:0] script '/domains/braniff/themes.php' not found or unable to stat
[Fri Jan 23 03:12:41.912762 2026] [php:error] [pid 16421] [client 40.69.27.251:0] script '/domains/braniff/gifclass4.php' not found or unable to stat
[Fri Jan 23 03:12:41.984389 2026] [php:error] [pid 16421] [client 40.69.27.251:0] script '/domains/braniff/wag.php' not found or unable to stat
[Fri Jan 23 03:12:42.068271 2026] [php:error] [pid 16421] [client 40.69.27.251:0] script '/domains/braniff/xvent.php' not found or unable to stat
[Fri Jan 23 03:12:42.139861 2026] [php:error] [pid 16421] [client 40.69.27.251:0] script '/domains/braniff/wp-aaa.php' not found or unable to stat
[Fri Jan 23 03:12:42.211401 2026] [php:error] [pid 16421] [client 40.69.27.251:0] script '/domains/braniff/ut.php' not found or unable to stat
[Fri Jan 23 03:12:42.283676 2026] [php:error] [pid 16421] [client 40.69.27.251:0] script '/domains/braniff/class19.php' not found or unable to stat
[Fri Jan 23 03:12:42.356329 2026] [php:error] [pid 16421] [client 40.69.27.251:0] script '/domains/braniff/ooo.php' not found or unable to stat
[Fri Jan 23 03:12:42.427907 2026] [php:error] [pid 16421] [client 40.69.27.251:0] script '/domains/braniff/166.php' not found or unable to stat
[Fri Jan 23 03:12:42.499513 2026] [php:error] [pid 16421] [client 40.69.27.251:0] script '/domains/braniff/bypass.php' not found or unable to stat
[Fri Jan 23 03:12:42.573458 2026] [php:error] [pid 16421] [client 40.69.27.251:0] script '/domains/braniff/plss3.php' not found or unable to stat
[Fri Jan 23 03:12:42.645190 2026] [php:error] [pid 16421] [client 40.69.27.251:0] script '/domains/braniff/atomlib.php' not found or unable to stat
[Fri Jan 23 03:12:42.716720 2026] [php:error] [pid 16421] [client 40.69.27.251:0] script '/domains/braniff/we.php' not found or unable to stat
[Fri Jan 23 03:12:42.788212 2026] [php:error] [pid 16421] [client 40.69.27.251:0] script '/domains/braniff/admin.php' not found or unable to stat
[Fri Jan 23 03:12:42.862331 2026] [php:error] [pid 16421] [client 40.69.27.251:0] script '/domains/braniff/t.php' not found or unable to stat
[Fri Jan 23 03:12:42.933892 2026] [php:error] [pid 16421] [client 40.69.27.251:0] script '/domains/braniff/bp.php' not found or unable to stat
[Fri Jan 23 03:12:43.078371 2026] [php:error] [pid 16421] [client 40.69.27.251:0] script '/domains/braniff/geck.php' not found or unable to stat
[Fri Jan 23 03:12:43.150087 2026] [php:error] [pid 16421] [client 40.69.27.251:0] script '/domains/braniff/wpc.php' not found or unable to stat
[Fri Jan 23 03:12:43.221729 2026] [php:error] [pid 16421] [client 40.69.27.251:0] script '/domains/braniff/yellow.php' not found or unable to stat
[Fri Jan 23 03:12:43.293741 2026] [php:error] [pid 16421] [client 40.69.27.251:0] script '/domains/braniff/a.php' not found or unable to stat
[Fri Jan 23 03:12:43.366041 2026] [php:error] [pid 16421] [client 40.69.27.251:0] script '/domains/braniff/admins.php' not found or unable to stat
[Fri Jan 23 03:12:43.438356 2026] [php:error] [pid 16421] [client 40.69.27.251:0] script '/domains/braniff/wp-configs.php' not found or unable to stat
[Fri Jan 23 03:12:43.527043 2026] [php:error] [pid 16421] [client 40.69.27.251:0] script '/domains/braniff/thai.php' not found or unable to stat
[Fri Jan 23 03:12:43.598631 2026] [php:error] [pid 16421] [client 40.69.27.251:0] script '/domains/braniff/wp.php' not found or unable to stat
[Fri Jan 23 03:12:43.670285 2026] [php:error] [pid 16421] [client 40.69.27.251:0] script '/domains/braniff/fclas.php' not found or unable to stat
[Fri Jan 23 03:12:43.753513 2026] [php:error] [pid 16421] [client 40.69.27.251:0] script '/domains/braniff/main.php' not found or unable to stat
[Fri Jan 23 03:12:43.825184 2026] [php:error] [pid 16421] [client 40.69.27.251:0] script '/domains/braniff/a1.php' not found or unable to stat
[Fri Jan 23 03:12:43.901693 2026] [php:error] [pid 16421] [client 40.69.27.251:0] script '/domains/braniff/class.1.php' not found or unable to stat
[Fri Jan 23 03:12:43.972965 2026] [php:error] [pid 16421] [client 40.69.27.251:0] script '/domains/braniff/lala.php' not found or unable to stat
[Fri Jan 23 03:12:44.044596 2026] [php:error] [pid 16421] [client 40.69.27.251:0] script '/domains/braniff/tox.php' not found or unable to stat
[Fri Jan 23 03:12:44.122602 2026] [php:error] [pid 16421] [client 40.69.27.251:0] script '/domains/braniff/gg.php' not found or unable to stat
[Fri Jan 23 03:12:44.199633 2026] [php:error] [pid 16421] [client 40.69.27.251:0] script '/domains/braniff/aaa.php' not found or unable to stat
[Fri Jan 23 03:12:44.271154 2026] [php:error] [pid 16421] [client 40.69.27.251:0] script '/domains/braniff/a2.php' not found or unable to stat
[Fri Jan 23 03:12:44.501279 2026] [php:error] [pid 16421] [client 40.69.27.251:0] script '/domains/braniff/ee.php' not found or unable to stat
[Fri Jan 23 03:12:44.604062 2026] [php:error] [pid 16421] [client 40.69.27.251:0] script '/domains/braniff/alfanew.php' not found or unable to stat
[Fri Jan 23 03:12:44.906868 2026] [php:error] [pid 16421] [client 40.69.27.251:0] script '/domains/braniff/elaina.php' not found or unable to stat
[Fri Jan 23 03:12:44.981028 2026] [php:error] [pid 16421] [client 40.69.27.251:0] script '/domains/braniff/kr.php' not found or unable to stat
[Fri Jan 23 03:12:45.196472 2026] [php:error] [pid 16421] [client 40.69.27.251:0] script '/domains/braniff/aaaa.php' not found or unable to stat
[Fri Jan 23 03:12:45.271028 2026] [php:error] [pid 16421] [client 40.69.27.251:0] script '/domains/braniff/to.php' not found or unable to stat
[Fri Jan 23 03:12:45.343627 2026] [php:error] [pid 16421] [client 40.69.27.251:0] script '/domains/braniff/class-admin.php' not found or unable to stat
[Fri Jan 23 03:12:45.416598 2026] [php:error] [pid 16421] [client 40.69.27.251:0] script '/domains/braniff/nyan.php' not found or unable to stat
[Fri Jan 23 03:13:04.294487 2026] [php:error] [pid 16433] [client 20.219.130.224:0] script '/domains/antiqueweb1/2.php' not found or unable to stat
[Fri Jan 23 03:13:04.770730 2026] [php:error] [pid 16433] [client 20.219.130.224:0] script '/domains/antiqueweb1/a.php' not found or unable to stat
[Fri Jan 23 03:13:04.983417 2026] [php:error] [pid 16433] [client 20.219.130.224:0] script '/domains/antiqueweb1/aaa.php' not found or unable to stat
[Fri Jan 23 03:13:05.202759 2026] [php:error] [pid 16433] [client 20.219.130.224:0] script '/domains/antiqueweb1/ab.php' not found or unable to stat
[Fri Jan 23 03:13:05.421673 2026] [php:error] [pid 16433] [client 20.219.130.224:0] script '/domains/antiqueweb1/about.php' not found or unable to stat
[Fri Jan 23 03:13:05.855220 2026] [php:error] [pid 16433] [client 20.219.130.224:0] script '/domains/antiqueweb1/alfa.php' not found or unable to stat
[Fri Jan 23 03:13:06.069843 2026] [php:error] [pid 16433] [client 20.219.130.224:0] script '/domains/antiqueweb1/api.php' not found or unable to stat
[Fri Jan 23 03:13:06.395991 2026] [php:error] [pid 16433] [client 20.219.130.224:0] script '/domains/antiqueweb1/auth.php' not found or unable to stat
[Fri Jan 23 03:13:06.893051 2026] [php:error] [pid 16433] [client 20.219.130.224:0] script '/domains/antiqueweb1/classwithtostring.php' not found or unable to stat
[Fri Jan 23 03:13:07.299154 2026] [php:error] [pid 16433] [client 20.219.130.224:0] script '/domains/antiqueweb1/contents.php' not found or unable to stat
[Fri Jan 23 03:13:07.731705 2026] [php:error] [pid 16433] [client 20.219.130.224:0] script '/domains/antiqueweb1/default.php' not found or unable to stat
[Fri Jan 23 03:13:08.480345 2026] [php:error] [pid 16433] [client 20.219.130.224:0] script '/domains/antiqueweb1/favicon.php' not found or unable to stat
[Fri Jan 23 03:13:08.734616 2026] [php:error] [pid 16433] [client 20.219.130.224:0] script '/domains/antiqueweb1/hehe.php' not found or unable to stat
[Fri Jan 23 03:13:09.306706 2026] [php:error] [pid 16433] [client 20.219.130.224:0] script '/domains/antiqueweb1/index.php' not found or unable to stat
[Fri Jan 23 03:13:09.550117 2026] [php:error] [pid 16433] [client 20.219.130.224:0] script '/domains/antiqueweb1/info.php' not found or unable to stat
[Fri Jan 23 03:13:09.951659 2026] [php:error] [pid 16433] [client 20.219.130.224:0] script '/domains/antiqueweb1/k.php' not found or unable to stat
[Fri Jan 23 03:13:10.205878 2026] [php:error] [pid 16433] [client 20.219.130.224:0] script '/domains/antiqueweb1/lock360.php' not found or unable to stat
[Fri Jan 23 03:13:10.485284 2026] [php:error] [pid 16433] [client 20.219.130.224:0] script '/domains/antiqueweb1/log.php' not found or unable to stat
[Fri Jan 23 03:13:10.700460 2026] [php:error] [pid 16433] [client 20.219.130.224:0] script '/domains/antiqueweb1/man.php' not found or unable to stat
[Fri Jan 23 03:13:11.171700 2026] [php:error] [pid 16433] [client 20.219.130.224:0] script '/domains/antiqueweb1/post.php' not found or unable to stat
[Fri Jan 23 03:13:11.675262 2026] [php:error] [pid 16433] [client 20.219.130.224:0] script '/domains/antiqueweb1/root.php' not found or unable to stat
[Fri Jan 23 03:13:11.889062 2026] [php:error] [pid 16433] [client 20.219.130.224:0] script '/domains/antiqueweb1/shellv3.php' not found or unable to stat
[Fri Jan 23 03:13:12.393887 2026] [php:error] [pid 16433] [client 20.219.130.224:0] script '/domains/antiqueweb1/system.php' not found or unable to stat
[Fri Jan 23 03:13:12.799516 2026] [php:error] [pid 16433] [client 20.219.130.224:0] script '/domains/antiqueweb1/test.php' not found or unable to stat
[Fri Jan 23 03:13:13.020990 2026] [php:error] [pid 16433] [client 20.219.130.224:0] script '/domains/antiqueweb1/theme.php' not found or unable to stat
[Fri Jan 23 03:13:13.232920 2026] [php:error] [pid 16433] [client 20.219.130.224:0] script '/domains/antiqueweb1/wp-activat.php' not found or unable to stat
[Fri Jan 23 03:13:13.345392 2026] [php:error] [pid 16439] [client 4.194.157.152:0] script '/domains/conservation1/wp-good.php' not found or unable to stat
[Fri Jan 23 03:13:13.540491 2026] [php:error] [pid 16433] [client 20.219.130.224:0] script '/domains/antiqueweb1/wp-admin.php' not found or unable to stat
[Fri Jan 23 03:13:13.712374 2026] [php:error] [pid 16439] [client 4.194.157.152:0] script '/domains/conservation1/ioxi-o.php' not found or unable to stat
[Fri Jan 23 03:13:14.040911 2026] [php:error] [pid 16439] [client 4.194.157.152:0] script '/domains/conservation1/file.php' not found or unable to stat
[Fri Jan 23 03:13:14.500843 2026] [php:error] [pid 16439] [client 4.194.157.152:0] script '/domains/conservation1/wp-signin.php' not found or unable to stat
[Fri Jan 23 03:13:14.721451 2026] [php:error] [pid 16439] [client 4.194.157.152:0] script '/domains/conservation1/abcd.php' not found or unable to stat
[Fri Jan 23 03:13:14.761071 2026] [php:error] [pid 16433] [client 20.219.130.224:0] script '/domains/antiqueweb1/wp-blog.php' not found or unable to stat
[Fri Jan 23 03:13:15.046097 2026] [php:error] [pid 16433] [client 20.219.130.224:0] script '/domains/antiqueweb1/wp-conf.php' not found or unable to stat
[Fri Jan 23 03:13:15.322189 2026] [php:error] [pid 16439] [client 4.194.157.152:0] script '/domains/conservation1/about.php' not found or unable to stat
[Fri Jan 23 03:13:15.599382 2026] [php:error] [pid 16439] [client 4.194.157.152:0] script '/domains/conservation1/bless.php' not found or unable to stat
[Fri Jan 23 03:13:15.949198 2026] [php:error] [pid 16439] [client 4.194.157.152:0] script '/domains/conservation1/images/install.php' not found or unable to stat
[Fri Jan 23 03:13:16.179316 2026] [php:error] [pid 16439] [client 4.194.157.152:0] script '/domains/conservation1/num.php' not found or unable to stat
[Fri Jan 23 03:13:16.579562 2026] [php:error] [pid 16439] [client 4.194.157.152:0] script '/domains/conservation1/txets.php' not found or unable to stat
[Fri Jan 23 03:13:16.807362 2026] [php:error] [pid 16439] [client 4.194.157.152:0] script '/domains/conservation1/wp-blog.php' not found or unable to stat
[Fri Jan 23 03:13:17.392817 2026] [php:error] [pid 16433] [client 20.219.130.224:0] script '/domains/antiqueweb1/wp-file.php' not found or unable to stat
[Fri Jan 23 03:13:17.606758 2026] [php:error] [pid 16433] [client 20.219.130.224:0] script '/domains/antiqueweb1/wp-include.php' not found or unable to stat
[Fri Jan 23 03:13:18.131637 2026] [php:error] [pid 16439] [client 4.194.157.152:0] script '/domains/conservation1/wp.php' not found or unable to stat
[Fri Jan 23 03:13:18.354914 2026] [php:error] [pid 16439] [client 4.194.157.152:0] script '/domains/conservation1/admin.php' not found or unable to stat
[Fri Jan 23 03:13:18.577113 2026] [php:error] [pid 16439] [client 4.194.157.152:0] script '/domains/conservation1/adminfuns.php' not found or unable to stat
[Fri Jan 23 03:13:18.803508 2026] [php:error] [pid 16439] [client 4.194.157.152:0] script '/domains/conservation1/chosen.php' not found or unable to stat
[Fri Jan 23 03:13:19.042429 2026] [php:error] [pid 16439] [client 4.194.157.152:0] script '/domains/conservation1/classwithtostring.php' not found or unable to stat
[Fri Jan 23 03:13:19.404913 2026] [php:error] [pid 16439] [client 4.194.157.152:0] script '/domains/conservation1/edit.php' not found or unable to stat
[Fri Jan 23 03:13:19.636052 2026] [php:error] [pid 16439] [client 4.194.157.152:0] script '/domains/conservation1/goods.php' not found or unable to stat
[Fri Jan 23 03:13:19.860299 2026] [php:error] [pid 16439] [client 4.194.157.152:0] script '/domains/conservation1/k.php' not found or unable to stat
[Fri Jan 23 03:13:20.291320 2026] [php:error] [pid 16433] [client 20.219.130.224:0] script '/domains/antiqueweb1/wp-logs.php' not found or unable to stat
[Fri Jan 23 03:13:20.607853 2026] [php:error] [pid 16433] [client 20.219.130.224:0] script '/domains/antiqueweb1/xmlrpc.php' not found or unable to stat
[Fri Jan 23 03:13:21.955052 2026] [php:error] [pid 16439] [client 4.194.157.152:0] script '/domains/conservation1/wp-user.php' not found or unable to stat
[Fri Jan 23 03:13:22.187487 2026] [php:error] [pid 16439] [client 4.194.157.152:0] script '/domains/conservation1/404.php' not found or unable to stat
[Fri Jan 23 03:13:22.573833 2026] [php:error] [pid 16439] [client 4.194.157.152:0] script '/domains/conservation1/akcc.php' not found or unable to stat
[Fri Jan 23 03:13:22.611381 2026] [php:error] [pid 16433] [client 20.219.130.224:0] script '/domains/antiqueweb1/WSO.php' not found or unable to stat
[Fri Jan 23 03:13:22.987183 2026] [php:error] [pid 16439] [client 4.194.157.152:0] script '/domains/conservation1/gg.php' not found or unable to stat
[Fri Jan 23 03:13:23.453189 2026] [php:error] [pid 16439] [client 4.194.157.152:0] script '/domains/conservation1/mah.php' not found or unable to stat
[Fri Jan 23 03:13:23.692071 2026] [php:error] [pid 16439] [client 4.194.157.152:0] script '/domains/conservation1/new.php' not found or unable to stat
[Fri Jan 23 03:13:23.921192 2026] [php:error] [pid 16439] [client 4.194.157.152:0] script '/domains/conservation1/themes.php' not found or unable to stat
[Fri Jan 23 03:13:26.893021 2026] [php:error] [pid 16433] [client 20.219.130.224:0] script '/domains/antiqueweb1/goods.php' not found or unable to stat
[Fri Jan 23 03:13:27.768022 2026] [php:error] [pid 16433] [client 20.219.130.224:0] script '/domains/antiqueweb1/cgi-bin/wp-2019.php' not found or unable to stat
[Fri Jan 23 03:13:28.426214 2026] [php:error] [pid 16433] [client 20.219.130.224:0] script '/domains/antiqueweb1/edit.php' not found or unable to stat
[Fri Jan 23 03:13:29.072388 2026] [php:error] [pid 16443] [client 20.219.130.224:0] script '/domains/antiqueweb1/file5.php' not found or unable to stat
[Fri Jan 23 03:13:29.948510 2026] [php:error] [pid 16443] [client 20.219.130.224:0] script '/domains/antiqueweb1/aa.php' not found or unable to stat
[Fri Jan 23 03:13:31.922152 2026] [php:error] [pid 16443] [client 20.219.130.224:0] script '/domains/antiqueweb1/autoload_classmap.php' not found or unable to stat
[Fri Jan 23 03:13:34.822219 2026] [php:error] [pid 16443] [client 20.219.130.224:0] script '/domains/antiqueweb1/file.php' not found or unable to stat
[Fri Jan 23 03:13:36.298583 2026] [php:error] [pid 16443] [client 20.219.130.224:0] script '/domains/antiqueweb1/inputs.php' not found or unable to stat
[Fri Jan 23 03:13:36.947296 2026] [php:error] [pid 16443] [client 20.219.130.224:0] script '/domains/antiqueweb1/1.php' not found or unable to stat
[Fri Jan 23 03:13:41.709484 2026] [php:error] [pid 16443] [client 20.219.130.224:0] script '/domains/antiqueweb1/flower.php' not found or unable to stat
[Fri Jan 23 03:13:44.271751 2026] [php:error] [pid 16443] [client 20.219.130.224:0] script '/domains/antiqueweb1/cgi-bin/wp-login.php' not found or unable to stat
[Fri Jan 23 03:13:45.890915 2026] [php:error] [pid 16443] [client 20.219.130.224:0] script '/domains/antiqueweb1/ioxi-o.php' not found or unable to stat
[Fri Jan 23 03:13:46.114287 2026] [php:error] [pid 16443] [client 20.219.130.224:0] script '/domains/antiqueweb1/radio.php' not found or unable to stat
[Fri Jan 23 03:13:47.513980 2026] [php:error] [pid 16443] [client 20.219.130.224:0] script '/domains/antiqueweb1/admin.php' not found or unable to stat
[Fri Jan 23 03:13:47.731290 2026] [php:error] [pid 16443] [client 20.219.130.224:0] script '/domains/antiqueweb1/functions.php' not found or unable to stat
[Fri Jan 23 03:13:55.710625 2026] [php:error] [pid 16439] [client 4.190.200.66:0] script '/domains/trodine/wp-good.php' not found or unable to stat
[Fri Jan 23 03:13:55.921827 2026] [php:error] [pid 16439] [client 4.190.200.66:0] script '/domains/trodine/ioxi-o.php' not found or unable to stat
[Fri Jan 23 03:13:56.090142 2026] [php:error] [pid 16439] [client 4.190.200.66:0] script '/domains/trodine/file.php' not found or unable to stat
[Fri Jan 23 03:13:56.455939 2026] [php:error] [pid 16439] [client 4.190.200.66:0] script '/domains/trodine/wp-signin.php' not found or unable to stat
[Fri Jan 23 03:13:56.625925 2026] [php:error] [pid 16439] [client 4.190.200.66:0] script '/domains/trodine/abcd.php' not found or unable to stat
[Fri Jan 23 03:13:56.979971 2026] [php:error] [pid 16439] [client 4.190.200.66:0] script '/domains/trodine/about.php' not found or unable to stat
[Fri Jan 23 03:13:57.155767 2026] [php:error] [pid 16439] [client 4.190.200.66:0] script '/domains/trodine/bless.php' not found or unable to stat
[Fri Jan 23 03:13:57.338475 2026] [php:error] [pid 16439] [client 4.190.200.66:0] script '/domains/trodine/images/install.php' not found or unable to stat
[Fri Jan 23 03:13:57.595501 2026] [php:error] [pid 16439] [client 4.190.200.66:0] script '/domains/trodine/num.php' not found or unable to stat
[Fri Jan 23 03:13:57.768986 2026] [php:error] [pid 16439] [client 4.190.200.66:0] script '/domains/trodine/txets.php' not found or unable to stat
[Fri Jan 23 03:13:57.947688 2026] [php:error] [pid 16439] [client 4.190.200.66:0] script '/domains/trodine/wp-blog.php' not found or unable to stat
[Fri Jan 23 03:13:58.887349 2026] [php:error] [pid 16439] [client 4.190.200.66:0] script '/domains/trodine/wp.php' not found or unable to stat
[Fri Jan 23 03:13:59.057345 2026] [php:error] [pid 16439] [client 4.190.200.66:0] script '/domains/trodine/admin.php' not found or unable to stat
[Fri Jan 23 03:13:59.235528 2026] [php:error] [pid 16439] [client 4.190.200.66:0] script '/domains/trodine/adminfuns.php' not found or unable to stat
[Fri Jan 23 03:13:59.416815 2026] [php:error] [pid 16439] [client 4.190.200.66:0] script '/domains/trodine/chosen.php' not found or unable to stat
[Fri Jan 23 03:13:59.589114 2026] [php:error] [pid 16439] [client 4.190.200.66:0] script '/domains/trodine/classwithtostring.php' not found or unable to stat
[Fri Jan 23 03:13:59.765389 2026] [php:error] [pid 16439] [client 4.190.200.66:0] script '/domains/trodine/edit.php' not found or unable to stat
[Fri Jan 23 03:13:59.971234 2026] [php:error] [pid 16439] [client 4.190.200.66:0] script '/domains/trodine/goods.php' not found or unable to stat
[Fri Jan 23 03:14:00.145835 2026] [php:error] [pid 16439] [client 4.190.200.66:0] script '/domains/trodine/k.php' not found or unable to stat
[Fri Jan 23 03:14:01.915091 2026] [php:error] [pid 16439] [client 4.190.200.66:0] script '/domains/trodine/wp-user.php' not found or unable to stat
[Fri Jan 23 03:14:02.120901 2026] [php:error] [pid 16439] [client 4.190.200.66:0] script '/domains/trodine/404.php' not found or unable to stat
[Fri Jan 23 03:14:02.293618 2026] [php:error] [pid 16439] [client 4.190.200.66:0] script '/domains/trodine/akcc.php' not found or unable to stat
[Fri Jan 23 03:14:02.463529 2026] [php:error] [pid 16439] [client 4.190.200.66:0] script '/domains/trodine/gg.php' not found or unable to stat
[Fri Jan 23 03:14:02.660838 2026] [php:error] [pid 16439] [client 4.190.200.66:0] script '/domains/trodine/mah.php' not found or unable to stat
[Fri Jan 23 03:14:02.838918 2026] [php:error] [pid 16439] [client 4.190.200.66:0] script '/domains/trodine/new.php' not found or unable to stat
[Fri Jan 23 03:14:03.021558 2026] [php:error] [pid 16439] [client 4.190.200.66:0] script '/domains/trodine/themes.php' not found or unable to stat
[Fri Jan 23 03:15:17.253859 2026] [php:error] [pid 22084] [client 192.109.200.72:0] script '/domains/system_suspended/wp-login.php' not found or unable to stat, referer: https://www.google.com/
[Fri Jan 23 03:15:22.603671 2026] [php:error] [pid 16443] [client 192.109.200.72:0] script '/domains/system_suspended/wp-login.php' not found or unable to stat
[Fri Jan 23 03:16:11.003316 2026] [php:error] [pid 22081] [client 20.214.146.246:0] script '/domains/druckrey/wp-good.php' not found or unable to stat
[Fri Jan 23 03:16:11.191741 2026] [php:error] [pid 22081] [client 20.214.146.246:0] script '/domains/druckrey/ioxi-o.php' not found or unable to stat
[Fri Jan 23 03:16:11.386073 2026] [php:error] [pid 22081] [client 20.214.146.246:0] script '/domains/druckrey/file.php' not found or unable to stat
[Fri Jan 23 03:16:11.825998 2026] [php:error] [pid 22081] [client 20.214.146.246:0] script '/domains/druckrey/wp-signin.php' not found or unable to stat
[Fri Jan 23 03:16:12.069975 2026] [php:error] [pid 22081] [client 20.214.146.246:0] script '/domains/druckrey/abcd.php' not found or unable to stat
[Fri Jan 23 03:16:12.476620 2026] [php:error] [pid 22081] [client 20.214.146.246:0] script '/domains/druckrey/about.php' not found or unable to stat
[Fri Jan 23 03:16:12.670462 2026] [php:error] [pid 22081] [client 20.214.146.246:0] script '/domains/druckrey/bless.php' not found or unable to stat
