[Fri Jan 23 01:42:58.453992 2026] [php:error] [pid 98124] [client 20.205.10.3:0] script '/domains/system_default/autoload_classmap.php' not found or unable to stat
[Fri Jan 23 01:42:58.611616 2026] [php:error] [pid 98093] [client 20.89.104.181:0] script '/domains/system_suspended/gg.php' not found or unable to stat
[Fri Jan 23 01:42:58.697456 2026] [php:error] [pid 98124] [client 20.205.10.3:0] script '/domains/system_default/classwithtostring.php' not found or unable to stat
[Fri Jan 23 01:42:58.801074 2026] [php:error] [pid 98093] [client 20.89.104.181:0] script '/domains/system_suspended/mah.php' not found or unable to stat
[Fri Jan 23 01:42:58.910644 2026] [php:error] [pid 98124] [client 20.205.10.3:0] script '/domains/system_default/content.php' not found or unable to stat
[Fri Jan 23 01:42:59.019313 2026] [php:error] [pid 98093] [client 20.89.104.181:0] script '/domains/system_suspended/new.php' not found or unable to stat
[Fri Jan 23 01:42:59.165995 2026] [php:error] [pid 98124] [client 20.205.10.3:0] script '/domains/system_default/doc.php' not found or unable to stat
[Fri Jan 23 01:42:59.298192 2026] [php:error] [pid 98129] [client 4.194.157.152:0] script '/domains/egmaweb/wp-file.php' not found or unable to stat
[Fri Jan 23 01:42:59.415995 2026] [php:error] [pid 98124] [client 20.205.10.3:0] script '/domains/system_default/dropdown.php' not found or unable to stat
[Fri Jan 23 01:42:59.518418 2026] [php:error] [pid 98093] [client 20.89.104.181:0] script '/domains/system_suspended/themes.php' not found or unable to stat
[Fri Jan 23 01:42:59.590277 2026] [php:error] [pid 98129] [client 4.194.157.152:0] script '/domains/egmaweb/wp-include.php' not found or unable to stat
[Fri Jan 23 01:42:59.660208 2026] [php:error] [pid 98124] [client 20.205.10.3:0] script '/domains/system_default/ee.php' not found or unable to stat
[Fri Jan 23 01:43:00.259412 2026] [php:error] [pid 98124] [client 20.205.10.3:0] script '/domains/system_default/moon.php' not found or unable to stat
[Fri Jan 23 01:43:00.477171 2026] [php:error] [pid 98124] [client 20.205.10.3:0] script '/domains/system_default/new.php' not found or unable to stat
[Fri Jan 23 01:43:00.818041 2026] [php:error] [pid 98124] [client 20.205.10.3:0] script '/domains/system_default/radio.php' not found or unable to stat
[Fri Jan 23 01:43:01.077609 2026] [php:error] [pid 98124] [client 20.205.10.3:0] script '/domains/system_default/s.php' not found or unable to stat
[Fri Jan 23 01:43:01.383882 2026] [php:error] [pid 98124] [client 20.205.10.3:0] script '/domains/system_default/sim.php' not found or unable to stat
[Fri Jan 23 01:43:01.760057 2026] [php:error] [pid 98124] [client 20.205.10.3:0] script '/domains/system_default/simple.php' not found or unable to stat
[Fri Jan 23 01:43:02.413345 2026] [php:error] [pid 98124] [client 20.205.10.3:0] script '/domains/system_default/user.php' not found or unable to stat
[Fri Jan 23 01:43:02.674086 2026] [php:error] [pid 98129] [client 4.194.157.152:0] script '/domains/egmaweb/wp-logs.php' not found or unable to stat
[Fri Jan 23 01:43:02.696169 2026] [php:error] [pid 98124] [client 20.205.10.3:0] script '/domains/system_default/webadmin.php' not found or unable to stat
[Fri Jan 23 01:43:02.954171 2026] [php:error] [pid 98129] [client 4.194.157.152:0] script '/domains/egmaweb/xmlrpc.php' not found or unable to stat
[Fri Jan 23 01:43:04.881224 2026] [php:error] [pid 98124] [client 20.205.10.3:0] script '/domains/system_default/wp-config-sample.php' not found or unable to stat
[Fri Jan 23 01:43:05.097905 2026] [php:error] [pid 98124] [client 20.205.10.3:0] script '/domains/system_default/wp-configs.php' not found or unable to stat
[Fri Jan 23 01:43:05.320316 2026] [php:error] [pid 98124] [client 20.205.10.3:0] script '/domains/system_default/wp-conflg.php' not found or unable to stat
[Fri Jan 23 01:43:05.577624 2026] [php:error] [pid 98129] [client 4.194.157.152:0] script '/domains/egmaweb/WSO.php' not found or unable to stat
[Fri Jan 23 01:43:07.387499 2026] [php:error] [pid 98124] [client 20.205.10.3:0] script '/domains/system_default/wp-mail.php' not found or unable to stat
[Fri Jan 23 01:43:07.699034 2026] [php:error] [pid 98124] [client 20.205.10.3:0] script '/domains/system_default/wsa.php' not found or unable to stat
[Fri Jan 23 01:43:08.043817 2026] [php:error] [pid 98124] [client 20.205.10.3:0] script '/domains/system_default/xmlrpc.php' not found or unable to stat
[Fri Jan 23 01:43:08.422884 2026] [php:error] [pid 98124] [client 20.205.10.3:0] script '/domains/system_default/ab.php' not found or unable to stat
[Fri Jan 23 01:43:08.635207 2026] [php:error] [pid 98124] [client 20.205.10.3:0] script '/domains/system_default/classwithtostring.php' not found or unable to stat
[Fri Jan 23 01:43:08.848153 2026] [php:error] [pid 98124] [client 20.205.10.3:0] script '/domains/system_default/version.php' not found or unable to stat
[Fri Jan 23 01:43:09.280633 2026] [php:error] [pid 98124] [client 20.205.10.3:0] script '/domains/system_default/xxx.php' not found or unable to stat
[Fri Jan 23 01:43:10.414543 2026] [php:error] [pid 98124] [client 20.205.10.3:0] script '/domains/system_default/1.php' not found or unable to stat
[Fri Jan 23 01:43:10.626427 2026] [php:error] [pid 98124] [client 20.205.10.3:0] script '/domains/system_default/themes.php' not found or unable to stat
[Fri Jan 23 01:43:11.640618 2026] [php:error] [pid 98129] [client 4.194.157.152:0] script '/domains/egmaweb/goods.php' not found or unable to stat
[Fri Jan 23 01:43:11.729970 2026] [php:error] [pid 98124] [client 20.205.10.3:0] script '/domains/system_default/b0.php' not found or unable to stat
[Fri Jan 23 01:43:11.944632 2026] [php:error] [pid 98124] [client 20.205.10.3:0] script '/domains/system_default/bala.php' not found or unable to stat
[Fri Jan 23 01:43:12.476738 2026] [php:error] [pid 98123] [client 20.219.130.224:0] script '/domains/hand-hammerweb/wp-2019.php' not found or unable to stat
[Fri Jan 23 01:43:12.982710 2026] [php:error] [pid 98124] [client 20.205.10.3:0] script '/domains/system_default/xl2023.php.php' not found or unable to stat
[Fri Jan 23 01:43:13.039231 2026] [php:error] [pid 98123] [client 20.219.130.224:0] script '/domains/hand-hammerweb/403.php' not found or unable to stat
[Fri Jan 23 01:43:13.665927 2026] [php:error] [pid 98123] [client 20.219.130.224:0] script '/domains/hand-hammerweb/aaa.php' not found or unable to stat
[Fri Jan 23 01:43:13.891470 2026] [php:error] [pid 98129] [client 4.194.157.152:0] script '/domains/egmaweb/edit.php' not found or unable to stat
[Fri Jan 23 01:43:14.578644 2026] [php:error] [pid 98131] [client 4.194.157.152:0] script '/domains/egmaweb/file5.php' not found or unable to stat
[Fri Jan 23 01:43:14.608684 2026] [php:error] [pid 98124] [client 20.205.10.3:0] script '/domains/system_default/120f9.php' not found or unable to stat
[Fri Jan 23 01:43:14.980759 2026] [php:error] [pid 98124] [client 20.205.10.3:0] script '/domains/system_default/504.php' not found or unable to stat
[Fri Jan 23 01:43:15.037101 2026] [php:error] [pid 98123] [client 20.219.130.224:0] script '/domains/hand-hammerweb/y.php' not found or unable to stat
[Fri Jan 23 01:43:15.191144 2026] [php:error] [pid 98124] [client 20.205.10.3:0] script '/domains/system_default/about.php' not found or unable to stat
[Fri Jan 23 01:43:15.608513 2026] [php:error] [pid 98124] [client 20.205.10.3:0] script '/domains/system_default/back.php' not found or unable to stat
[Fri Jan 23 01:43:15.760721 2026] [php:error] [pid 98123] [client 20.219.130.224:0] script '/domains/hand-hammerweb/ggfi.php' not found or unable to stat
[Fri Jan 23 01:43:15.795426 2026] [authz_core:error] [pid 98125] [client 115.238.44.234:0] AH01630: client denied by server configuration: /
[Fri Jan 23 01:43:15.812904 2026] [php:error] [pid 98124] [client 20.205.10.3:0] script '/domains/system_default/cong.php' not found or unable to stat
[Fri Jan 23 01:43:15.869716 2026] [php:error] [pid 98131] [client 4.194.157.152:0] script '/domains/egmaweb/aa.php' not found or unable to stat
[Fri Jan 23 01:43:16.203010 2026] [php:error] [pid 98124] [client 20.205.10.3:0] script '/domains/system_default/credits.php' not found or unable to stat
[Fri Jan 23 01:43:16.265128 2026] [authz_core:error] [pid 98093] [client 115.238.44.234:0] AH01630: client denied by server configuration: /
[Fri Jan 23 01:43:16.438614 2026] [php:error] [pid 98123] [client 20.219.130.224:0] script '/domains/hand-hammerweb/buy.php' not found or unable to stat
[Fri Jan 23 01:43:16.477639 2026] [php:error] [pid 98124] [client 20.205.10.3:0] script '/domains/system_default/credits.php' not found or unable to stat
[Fri Jan 23 01:43:16.859964 2026] [php:error] [pid 98124] [client 20.205.10.3:0] script '/domains/system_default/data.php' not found or unable to stat
[Fri Jan 23 01:43:16.882724 2026] [php:error] [pid 98123] [client 20.219.130.224:0] script '/domains/hand-hammerweb/chosen.php' not found or unable to stat
[Fri Jan 23 01:43:17.159754 2026] [php:error] [pid 98124] [client 20.205.10.3:0] script '/domains/system_default/function.php' not found or unable to stat
[Fri Jan 23 01:43:17.230960 2026] [php:error] [pid 98123] [client 20.219.130.224:0] script '/domains/hand-hammerweb/index.php' not found or unable to stat
[Fri Jan 23 01:43:17.468534 2026] [php:error] [pid 98123] [client 20.219.130.224:0] script '/domains/hand-hammerweb/cron.php' not found or unable to stat
[Fri Jan 23 01:43:17.513401 2026] [php:error] [pid 98124] [client 20.205.10.3:0] script '/domains/system_default/goods.php' not found or unable to stat
[Fri Jan 23 01:43:17.684221 2026] [php:error] [pid 98123] [client 20.219.130.224:0] script '/domains/hand-hammerweb/functions.php' not found or unable to stat
[Fri Jan 23 01:43:17.951073 2026] [php:error] [pid 98124] [client 20.205.10.3:0] script '/domains/system_default/gzak2w.php' not found or unable to stat
[Fri Jan 23 01:43:18.159149 2026] [php:error] [pid 98124] [client 20.205.10.3:0] script '/domains/system_default/hehehehe.php' not found or unable to stat
[Fri Jan 23 01:43:18.424925 2026] [php:error] [pid 98131] [client 4.194.157.152:0] script '/domains/egmaweb/autoload_classmap.php' not found or unable to stat
[Fri Jan 23 01:43:19.008465 2026] [php:error] [pid 98123] [client 20.219.130.224:0] script '/domains/hand-hammerweb/wp-add.php' not found or unable to stat
[Fri Jan 23 01:43:19.127693 2026] [php:error] [pid 98124] [client 20.205.10.3:0] script '/domains/system_default/install.php' not found or unable to stat
[Fri Jan 23 01:43:19.540419 2026] [php:error] [pid 98123] [client 20.219.130.224:0] script '/domains/hand-hammerweb/0.php' not found or unable to stat
[Fri Jan 23 01:43:19.563032 2026] [php:error] [pid 98124] [client 20.205.10.3:0] script '/domains/system_default/ova.php' not found or unable to stat
[Fri Jan 23 01:43:19.919152 2026] [php:error] [pid 98123] [client 20.219.130.224:0] script '/domains/hand-hammerweb/edit.php' not found or unable to stat
[Fri Jan 23 01:43:20.134549 2026] [php:error] [pid 98123] [client 20.219.130.224:0] script '/domains/hand-hammerweb/meta.php' not found or unable to stat
[Fri Jan 23 01:43:20.349151 2026] [php:error] [pid 98123] [client 20.219.130.224:0] script '/domains/hand-hammerweb/new.php' not found or unable to stat
[Fri Jan 23 01:43:20.913028 2026] [php:error] [pid 98123] [client 20.219.130.224:0] script '/domains/hand-hammerweb/as.php' not found or unable to stat
[Fri Jan 23 01:43:21.127146 2026] [php:error] [pid 98123] [client 20.219.130.224:0] script '/domains/hand-hammerweb/ds.php' not found or unable to stat
[Fri Jan 23 01:43:21.762979 2026] [php:error] [pid 98123] [client 20.219.130.224:0] script '/domains/hand-hammerweb/error.php' not found or unable to stat
[Fri Jan 23 01:43:22.002070 2026] [php:error] [pid 98123] [client 20.219.130.224:0] script '/domains/hand-hammerweb/gecko-new.php' not found or unable to stat
[Fri Jan 23 01:43:22.223055 2026] [php:error] [pid 98123] [client 20.219.130.224:0] script '/domains/hand-hammerweb/randkeyword.php' not found or unable to stat
[Fri Jan 23 01:43:22.301681 2026] [php:error] [pid 98131] [client 4.194.157.152:0] script '/domains/egmaweb/file.php' not found or unable to stat
[Fri Jan 23 01:43:23.290514 2026] [php:error] [pid 98123] [client 20.219.130.224:0] script '/domains/hand-hammerweb/NewFile.php' not found or unable to stat
[Fri Jan 23 01:43:23.982590 2026] [php:error] [pid 98123] [client 20.219.130.224:0] script '/domains/hand-hammerweb/goods.php' not found or unable to stat
[Fri Jan 23 01:43:24.219190 2026] [php:error] [pid 98123] [client 20.219.130.224:0] script '/domains/hand-hammerweb/simple.php' not found or unable to stat
[Fri Jan 23 01:43:24.302024 2026] [php:error] [pid 98131] [client 4.194.157.152:0] script '/domains/egmaweb/inputs.php' not found or unable to stat
[Fri Jan 23 01:43:25.430164 2026] [php:error] [pid 98131] [client 4.194.157.152:0] script '/domains/egmaweb/1.php' not found or unable to stat
[Fri Jan 23 01:43:25.444268 2026] [php:error] [pid 98123] [client 20.219.130.224:0] script '/domains/hand-hammerweb/c.php' not found or unable to stat
[Fri Jan 23 01:43:26.355907 2026] [php:error] [pid 98123] [client 20.219.130.224:0] script '/domains/hand-hammerweb/auth.php' not found or unable to stat
[Fri Jan 23 01:43:26.990168 2026] [php:error] [pid 98123] [client 20.219.130.224:0] script '/domains/hand-hammerweb/class-wp-lock.php' not found or unable to stat
[Fri Jan 23 01:43:27.417556 2026] [php:error] [pid 98123] [client 20.219.130.224:0] script '/domains/hand-hammerweb/cookie.php' not found or unable to stat
[Fri Jan 23 01:43:27.637346 2026] [php:error] [pid 98123] [client 20.219.130.224:0] script '/domains/hand-hammerweb/admin.php' not found or unable to stat
[Fri Jan 23 01:43:27.856442 2026] [php:error] [pid 98123] [client 20.219.130.224:0] script '/domains/hand-hammerweb/baxa1.php' not found or unable to stat
[Fri Jan 23 01:43:28.077968 2026] [php:error] [pid 98132] [client 20.205.10.3:0] script '/domains/system_default/wp.php' not found or unable to stat
[Fri Jan 23 01:43:29.011771 2026] [php:error] [pid 98123] [client 20.219.130.224:0] script '/domains/hand-hammerweb/xleet.php' not found or unable to stat
[Fri Jan 23 01:43:30.034295 2026] [php:error] [pid 98123] [client 20.219.130.224:0] script '/domains/hand-hammerweb/about.php' not found or unable to stat
[Fri Jan 23 01:43:32.008936 2026] [php:error] [pid 98123] [client 20.219.130.224:0] script '/domains/hand-hammerweb/alfanew.php' not found or unable to stat
[Fri Jan 23 01:43:32.594578 2026] [php:error] [pid 98123] [client 20.219.130.224:0] script '/domains/hand-hammerweb/22.php' not found or unable to stat
[Fri Jan 23 01:43:33.153544 2026] [php:error] [pid 98131] [client 4.194.157.152:0] script '/domains/egmaweb/flower.php' not found or unable to stat
[Fri Jan 23 01:43:33.694688 2026] [php:error] [pid 98123] [client 20.219.130.224:0] script '/domains/hand-hammerweb/simple.php' not found or unable to stat
[Fri Jan 23 01:43:34.127407 2026] [php:error] [pid 98123] [client 20.219.130.224:0] script '/domains/hand-hammerweb/admin.php' not found or unable to stat
[Fri Jan 23 01:43:34.345038 2026] [php:error] [pid 98123] [client 20.219.130.224:0] script '/domains/hand-hammerweb/c99.php' not found or unable to stat
[Fri Jan 23 01:43:34.791438 2026] [php:error] [pid 98123] [client 20.219.130.224:0] script '/domains/hand-hammerweb/file.php' not found or unable to stat
[Fri Jan 23 01:43:35.043550 2026] [php:error] [pid 98123] [client 20.219.130.224:0] script '/domains/hand-hammerweb/b.php' not found or unable to stat
[Fri Jan 23 01:43:35.282737 2026] [php:error] [pid 98123] [client 20.219.130.224:0] script '/domains/hand-hammerweb/classwithtostring.php' not found or unable to stat
[Fri Jan 23 01:43:35.625769 2026] [php:error] [pid 98123] [client 20.219.130.224:0] script '/domains/hand-hammerweb/css.php' not found or unable to stat
[Fri Jan 23 01:43:35.846481 2026] [php:error] [pid 98123] [client 20.219.130.224:0] script '/domains/hand-hammerweb/flower.php' not found or unable to stat
[Fri Jan 23 01:43:36.902995 2026] [php:error] [pid 98123] [client 20.219.130.224:0] script '/domains/hand-hammerweb/jp.php' not found or unable to stat
[Fri Jan 23 01:43:37.165674 2026] [php:error] [pid 98123] [client 20.219.130.224:0] script '/domains/hand-hammerweb/room.php' not found or unable to stat
[Fri Jan 23 01:43:37.972889 2026] [php:error] [pid 98123] [client 20.219.130.224:0] script '/domains/hand-hammerweb/12.php' not found or unable to stat
[Fri Jan 23 01:43:38.191381 2026] [php:error] [pid 98123] [client 20.219.130.224:0] script '/domains/hand-hammerweb/404.php' not found or unable to stat
[Fri Jan 23 01:43:38.232916 2026] [php:error] [pid 98131] [client 4.194.157.152:0] script '/domains/egmaweb/ioxi-o.php' not found or unable to stat
[Fri Jan 23 01:43:38.411448 2026] [php:error] [pid 98123] [client 20.219.130.224:0] script '/domains/hand-hammerweb/disagreed.php' not found or unable to stat
[Fri Jan 23 01:43:38.458651 2026] [php:error] [pid 98131] [client 4.194.157.152:0] script '/domains/egmaweb/radio.php' not found or unable to stat
[Fri Jan 23 01:43:39.003369 2026] [php:error] [pid 98123] [client 20.219.130.224:0] script '/domains/hand-hammerweb/text.php' not found or unable to stat
[Fri Jan 23 01:43:40.459977 2026] [php:error] [pid 98131] [client 4.194.157.152:0] script '/domains/egmaweb/admin.php' not found or unable to stat
[Fri Jan 23 01:43:40.735332 2026] [php:error] [pid 98131] [client 4.194.157.152:0] script '/domains/egmaweb/functions.php' not found or unable to stat
[Fri Jan 23 01:43:41.633391 2026] [php:error] [pid 98123] [client 20.219.130.224:0] script '/domains/hand-hammerweb/GOD.php' not found or unable to stat
[Fri Jan 23 01:43:42.319578 2026] [php:error] [pid 98123] [client 20.219.130.224:0] script '/domains/hand-hammerweb/alfa-rex.php' not found or unable to stat
[Fri Jan 23 01:43:42.543744 2026] [php:error] [pid 98123] [client 20.219.130.224:0] script '/domains/hand-hammerweb/f35.php' not found or unable to stat
[Fri Jan 23 01:43:42.887337 2026] [php:error] [pid 98123] [client 20.219.130.224:0] script '/domains/hand-hammerweb/feeds.php' not found or unable to stat
[Fri Jan 23 01:43:43.886689 2026] [php:error] [pid 98123] [client 20.219.130.224:0] script '/domains/hand-hammerweb/favicon.php' not found or unable to stat
[Fri Jan 23 01:43:44.635994 2026] [php:error] [pid 98123] [client 20.219.130.224:0] script '/domains/hand-hammerweb/hehe.php' not found or unable to stat
[Fri Jan 23 01:43:46.527288 2026] [php:error] [pid 98128] [client 20.219.130.224:0] script '/domains/hand-hammerweb/user.php' not found or unable to stat
[Fri Jan 23 01:43:46.924443 2026] [php:error] [pid 98128] [client 20.219.130.224:0] script '/domains/hand-hammerweb/autoload_classmap.php' not found or unable to stat
[Fri Jan 23 01:43:47.205260 2026] [php:error] [pid 98128] [client 20.219.130.224:0] script '/domains/hand-hammerweb/files.php' not found or unable to stat
[Fri Jan 23 01:43:47.754075 2026] [php:error] [pid 98128] [client 20.219.130.224:0] script '/domains/hand-hammerweb/about.php' not found or unable to stat
[Fri Jan 23 01:43:48.013787 2026] [php:error] [pid 98128] [client 20.219.130.224:0] script '/domains/hand-hammerweb/al.php' not found or unable to stat
[Fri Jan 23 01:43:48.265987 2026] [php:error] [pid 98128] [client 20.219.130.224:0] script '/domains/hand-hammerweb/byp.php' not found or unable to stat
[Fri Jan 23 01:43:48.789701 2026] [php:error] [pid 98128] [client 20.219.130.224:0] script '/domains/hand-hammerweb/wander.php' not found or unable to stat
[Fri Jan 23 01:43:50.284721 2026] [php:error] [pid 98128] [client 20.219.130.224:0] script '/domains/hand-hammerweb/en.php' not found or unable to stat
[Fri Jan 23 01:43:50.539275 2026] [php:error] [pid 98128] [client 20.219.130.224:0] script '/domains/hand-hammerweb/help.php' not found or unable to stat
[Fri Jan 23 01:43:52.032675 2026] [php:error] [pid 98128] [client 20.219.130.224:0] script '/domains/hand-hammerweb/control.php' not found or unable to stat
[Fri Jan 23 01:43:53.170870 2026] [php:error] [pid 98128] [client 20.219.130.224:0] script '/domains/hand-hammerweb/radio.php' not found or unable to stat
[Fri Jan 23 01:43:53.423078 2026] [php:error] [pid 98128] [client 20.219.130.224:0] script '/domains/hand-hammerweb/dropdown.php' not found or unable to stat
[Fri Jan 23 01:43:54.230853 2026] [php:error] [pid 98128] [client 20.219.130.224:0] script '/domains/hand-hammerweb/wp-2019.php' not found or unable to stat
[Fri Jan 23 01:43:54.883249 2026] [php:error] [pid 98128] [client 20.219.130.224:0] script '/domains/hand-hammerweb/403.php' not found or unable to stat
[Fri Jan 23 01:43:55.137481 2026] [php:error] [pid 98128] [client 20.219.130.224:0] script '/domains/hand-hammerweb/about.php' not found or unable to stat
[Fri Jan 23 01:43:55.392017 2026] [php:error] [pid 98128] [client 20.219.130.224:0] script '/domains/hand-hammerweb/admin.php' not found or unable to stat
[Fri Jan 23 01:43:55.667080 2026] [php:error] [pid 98128] [client 20.219.130.224:0] script '/domains/hand-hammerweb/as.php' not found or unable to stat
[Fri Jan 23 01:43:55.921450 2026] [php:error] [pid 98128] [client 20.219.130.224:0] script '/domains/hand-hammerweb/autoload_classmap.php' not found or unable to stat
[Fri Jan 23 01:43:56.194891 2026] [php:error] [pid 98128] [client 20.219.130.224:0] script '/domains/hand-hammerweb/classwithtostring.php' not found or unable to stat
[Fri Jan 23 01:43:56.706186 2026] [php:error] [pid 98128] [client 20.219.130.224:0] script '/domains/hand-hammerweb/content.php' not found or unable to stat
[Fri Jan 23 01:43:56.976763 2026] [php:error] [pid 98128] [client 20.219.130.224:0] script '/domains/hand-hammerweb/doc.php' not found or unable to stat
[Fri Jan 23 01:43:56.984859 2026] [php:error] [pid 98137] [client 216.244.66.232:0] script '/domains/hdickens.enteract/kmnj.php' not found or unable to stat
[Fri Jan 23 01:43:57.255019 2026] [php:error] [pid 98128] [client 20.219.130.224:0] script '/domains/hand-hammerweb/dropdown.php' not found or unable to stat
[Fri Jan 23 01:43:57.610266 2026] [php:error] [pid 98128] [client 20.219.130.224:0] script '/domains/hand-hammerweb/ee.php' not found or unable to stat
[Fri Jan 23 01:43:57.925092 2026] [php:error] [pid 98128] [client 20.219.130.224:0] script '/domains/hand-hammerweb/images/wp-login.php' not found or unable to stat
[Fri Jan 23 01:43:58.195303 2026] [php:error] [pid 98128] [client 20.219.130.224:0] script '/domains/hand-hammerweb/moon.php' not found or unable to stat
[Fri Jan 23 01:43:58.699951 2026] [php:error] [pid 98128] [client 20.219.130.224:0] script '/domains/hand-hammerweb/new.php' not found or unable to stat
[Fri Jan 23 01:43:58.955771 2026] [php:error] [pid 98128] [client 20.219.130.224:0] script '/domains/hand-hammerweb/radio.php' not found or unable to stat
[Fri Jan 23 01:43:59.223027 2026] [php:error] [pid 98128] [client 20.219.130.224:0] script '/domains/hand-hammerweb/s.php' not found or unable to stat
[Fri Jan 23 01:43:59.480256 2026] [php:error] [pid 98128] [client 20.219.130.224:0] script '/domains/hand-hammerweb/sim.php' not found or unable to stat
[Fri Jan 23 01:43:59.753036 2026] [php:error] [pid 98128] [client 20.219.130.224:0] script '/domains/hand-hammerweb/simple.php' not found or unable to stat
[Fri Jan 23 01:44:00.674285 2026] [php:error] [pid 98128] [client 20.219.130.224:0] script '/domains/hand-hammerweb/user.php' not found or unable to stat
[Fri Jan 23 01:44:00.945819 2026] [php:error] [pid 98128] [client 20.219.130.224:0] script '/domains/hand-hammerweb/webadmin.php' not found or unable to stat
[Fri Jan 23 01:44:03.608497 2026] [php:error] [pid 98128] [client 20.219.130.224:0] script '/domains/hand-hammerweb/wp-config-sample.php' not found or unable to stat
[Fri Jan 23 01:44:03.884879 2026] [php:error] [pid 98128] [client 20.219.130.224:0] script '/domains/hand-hammerweb/wp-configs.php' not found or unable to stat
[Fri Jan 23 01:44:04.448660 2026] [php:error] [pid 98128] [client 20.219.130.224:0] script '/domains/hand-hammerweb/wp-conflg.php' not found or unable to stat
[Fri Jan 23 01:44:06.542932 2026] [php:error] [pid 98128] [client 20.219.130.224:0] script '/domains/hand-hammerweb/wp-mail.php' not found or unable to stat
[Fri Jan 23 01:44:06.794202 2026] [php:error] [pid 98128] [client 20.219.130.224:0] script '/domains/hand-hammerweb/wsa.php' not found or unable to stat
[Fri Jan 23 01:44:07.061753 2026] [php:error] [pid 98128] [client 20.219.130.224:0] script '/domains/hand-hammerweb/xmlrpc.php' not found or unable to stat
[Fri Jan 23 01:44:07.326463 2026] [php:error] [pid 98128] [client 20.219.130.224:0] script '/domains/hand-hammerweb/ab.php' not found or unable to stat
[Fri Jan 23 01:44:07.599966 2026] [php:error] [pid 98128] [client 20.219.130.224:0] script '/domains/hand-hammerweb/classwithtostring.php' not found or unable to stat
[Fri Jan 23 01:44:07.892802 2026] [php:error] [pid 98128] [client 20.219.130.224:0] script '/domains/hand-hammerweb/version.php' not found or unable to stat
[Fri Jan 23 01:44:08.417983 2026] [php:error] [pid 98128] [client 20.219.130.224:0] script '/domains/hand-hammerweb/xxx.php' not found or unable to stat
[Fri Jan 23 01:44:09.704505 2026] [php:error] [pid 98128] [client 20.219.130.224:0] script '/domains/hand-hammerweb/1.php' not found or unable to stat
[Fri Jan 23 01:44:10.045918 2026] [php:error] [pid 98128] [client 20.219.130.224:0] script '/domains/hand-hammerweb/themes.php' not found or unable to stat
[Fri Jan 23 01:44:11.298198 2026] [php:error] [pid 98128] [client 20.219.130.224:0] script '/domains/hand-hammerweb/b0.php' not found or unable to stat
[Fri Jan 23 01:44:11.571632 2026] [php:error] [pid 98128] [client 20.219.130.224:0] script '/domains/hand-hammerweb/bala.php' not found or unable to stat
[Fri Jan 23 01:44:13.016630 2026] [php:error] [pid 98128] [client 20.219.130.224:0] script '/domains/hand-hammerweb/xl2023.php.php' not found or unable to stat
[Fri Jan 23 01:44:14.608494 2026] [php:error] [pid 98128] [client 20.219.130.224:0] script '/domains/hand-hammerweb/120f9.php' not found or unable to stat
[Fri Jan 23 01:44:14.861500 2026] [php:error] [pid 98128] [client 20.219.130.224:0] script '/domains/hand-hammerweb/504.php' not found or unable to stat
[Fri Jan 23 01:44:15.300960 2026] [php:error] [pid 98128] [client 20.219.130.224:0] script '/domains/hand-hammerweb/about.php' not found or unable to stat
[Fri Jan 23 01:44:15.569051 2026] [php:error] [pid 98128] [client 20.219.130.224:0] script '/domains/hand-hammerweb/back.php' not found or unable to stat
[Fri Jan 23 01:44:15.827152 2026] [php:error] [pid 98128] [client 20.219.130.224:0] script '/domains/hand-hammerweb/cong.php' not found or unable to stat
[Fri Jan 23 01:44:16.139320 2026] [php:error] [pid 98128] [client 20.219.130.224:0] script '/domains/hand-hammerweb/credits.php' not found or unable to stat
[Fri Jan 23 01:44:16.413790 2026] [php:error] [pid 98128] [client 20.219.130.224:0] script '/domains/hand-hammerweb/credits.php' not found or unable to stat
[Fri Jan 23 01:44:16.700058 2026] [php:error] [pid 98128] [client 20.219.130.224:0] script '/domains/hand-hammerweb/data.php' not found or unable to stat
[Fri Jan 23 01:44:16.954212 2026] [php:error] [pid 98128] [client 20.219.130.224:0] script '/domains/hand-hammerweb/function.php' not found or unable to stat
[Fri Jan 23 01:44:17.229157 2026] [php:error] [pid 98128] [client 20.219.130.224:0] script '/domains/hand-hammerweb/goods.php' not found or unable to stat
[Fri Jan 23 01:44:17.483865 2026] [php:error] [pid 98128] [client 20.219.130.224:0] script '/domains/hand-hammerweb/gzak2w.php' not found or unable to stat
[Fri Jan 23 01:44:17.761014 2026] [php:error] [pid 98128] [client 20.219.130.224:0] script '/domains/hand-hammerweb/hehehehe.php' not found or unable to stat
[Fri Jan 23 01:44:18.643073 2026] [php:error] [pid 98128] [client 20.219.130.224:0] script '/domains/hand-hammerweb/install.php' not found or unable to stat
[Fri Jan 23 01:44:19.296796 2026] [php:error] [pid 98128] [client 20.219.130.224:0] script '/domains/hand-hammerweb/ova.php' not found or unable to stat
[Fri Jan 23 01:44:28.197928 2026] [php:error] [pid 3824] [client 20.219.130.224:0] script '/domains/hand-hammerweb/wp.php' not found or unable to stat
[Fri Jan 23 01:46:01.585638 2026] [php:error] [pid 3828] [client 20.28.217.16:0] script '/domains/system_default/wp-good.php' not found or unable to stat
[Fri Jan 23 01:46:01.784588 2026] [php:error] [pid 3828] [client 20.28.217.16:0] script '/domains/system_default/ioxi-o.php' not found or unable to stat
[Fri Jan 23 01:46:01.981597 2026] [php:error] [pid 3828] [client 20.28.217.16:0] script '/domains/system_default/file.php' not found or unable to stat
[Fri Jan 23 01:46:02.388007 2026] [php:error] [pid 3828] [client 20.28.217.16:0] script '/domains/system_default/wp-signin.php' not found or unable to stat
[Fri Jan 23 01:46:02.591286 2026] [php:error] [pid 3828] [client 20.28.217.16:0] script '/domains/system_default/abcd.php' not found or unable to stat
[Fri Jan 23 01:46:02.997456 2026] [php:error] [pid 3828] [client 20.28.217.16:0] script '/domains/system_default/about.php' not found or unable to stat
[Fri Jan 23 01:46:03.198435 2026] [php:error] [pid 3828] [client 20.28.217.16:0] script '/domains/system_default/bless.php' not found or unable to stat
[Fri Jan 23 01:46:03.693363 2026] [php:error] [pid 3828] [client 20.28.217.16:0] script '/domains/system_default/num.php' not found or unable to stat
[Fri Jan 23 01:46:03.898279 2026] [php:error] [pid 3828] [client 20.28.217.16:0] script '/domains/system_default/txets.php' not found or unable to stat
[Fri Jan 23 01:46:04.096575 2026] [php:error] [pid 3828] [client 20.28.217.16:0] script '/domains/system_default/wp-blog.php' not found or unable to stat
[Fri Jan 23 01:46:05.203914 2026] [php:error] [pid 3828] [client 20.28.217.16:0] script '/domains/system_default/wp.php' not found or unable to stat
[Fri Jan 23 01:46:05.415924 2026] [php:error] [pid 3828] [client 20.28.217.16:0] script '/domains/system_default/admin.php' not found or unable to stat
[Fri Jan 23 01:46:05.617347 2026] [php:error] [pid 3828] [client 20.28.217.16:0] script '/domains/system_default/adminfuns.php' not found or unable to stat
[Fri Jan 23 01:46:05.823711 2026] [php:error] [pid 3828] [client 20.28.217.16:0] script '/domains/system_default/chosen.php' not found or unable to stat
[Fri Jan 23 01:46:06.025379 2026] [php:error] [pid 3828] [client 20.28.217.16:0] script '/domains/system_default/classwithtostring.php' not found or unable to stat
[Fri Jan 23 01:46:06.224800 2026] [php:error] [pid 3828] [client 20.28.217.16:0] script '/domains/system_default/edit.php' not found or unable to stat
[Fri Jan 23 01:46:06.446534 2026] [php:error] [pid 3828] [client 20.28.217.16:0] script '/domains/system_default/goods.php' not found or unable to stat
[Fri Jan 23 01:46:06.655199 2026] [php:error] [pid 3828] [client 20.28.217.16:0] script '/domains/system_default/k.php' not found or unable to stat
[Fri Jan 23 01:46:08.514342 2026] [php:error] [pid 3828] [client 20.28.217.16:0] script '/domains/system_default/wp-user.php' not found or unable to stat
[Fri Jan 23 01:46:08.729091 2026] [php:error] [pid 3828] [client 20.28.217.16:0] script '/domains/system_default/404.php' not found or unable to stat
[Fri Jan 23 01:46:08.976151 2026] [php:error] [pid 3828] [client 20.28.217.16:0] script '/domains/system_default/akcc.php' not found or unable to stat
[Fri Jan 23 01:46:09.175843 2026] [php:error] [pid 3828] [client 20.28.217.16:0] script '/domains/system_default/gg.php' not found or unable to stat
[Fri Jan 23 01:46:09.382890 2026] [php:error] [pid 3828] [client 20.28.217.16:0] script '/domains/system_default/mah.php' not found or unable to stat
[Fri Jan 23 01:46:09.584520 2026] [php:error] [pid 3828] [client 20.28.217.16:0] script '/domains/system_default/new.php' not found or unable to stat
[Fri Jan 23 01:46:09.783119 2026] [php:error] [pid 3828] [client 20.28.217.16:0] script '/domains/system_default/themes.php' not found or unable to stat
[Fri Jan 23 01:46:23.601990 2026] [php:error] [pid 98138] [client 20.89.104.181:0] script '/domains/hofficer1/2.php' not found or unable to stat
[Fri Jan 23 01:46:23.954404 2026] [php:error] [pid 98138] [client 20.89.104.181:0] script '/domains/hofficer1/a.php' not found or unable to stat
[Fri Jan 23 01:46:24.190497 2026] [php:error] [pid 98138] [client 20.89.104.181:0] script '/domains/hofficer1/aaa.php' not found or unable to stat
[Fri Jan 23 01:46:24.354876 2026] [php:error] [pid 98138] [client 20.89.104.181:0] script '/domains/hofficer1/ab.php' not found or unable to stat
[Fri Jan 23 01:46:24.576827 2026] [php:error] [pid 98138] [client 20.89.104.181:0] script '/domains/hofficer1/about.php' not found or unable to stat
[Fri Jan 23 01:46:25.008789 2026] [php:error] [pid 98138] [client 20.89.104.181:0] script '/domains/hofficer1/alfa.php' not found or unable to stat
[Fri Jan 23 01:46:25.173154 2026] [php:error] [pid 98138] [client 20.89.104.181:0] script '/domains/hofficer1/api.php' not found or unable to stat
[Fri Jan 23 01:46:25.448597 2026] [php:error] [pid 98138] [client 20.89.104.181:0] script '/domains/hofficer1/auth.php' not found or unable to stat
[Fri Jan 23 01:46:25.856862 2026] [php:error] [pid 98138] [client 20.89.104.181:0] script '/domains/hofficer1/classwithtostring.php' not found or unable to stat
[Fri Jan 23 01:46:26.036812 2026] [php:error] [pid 98138] [client 20.89.104.181:0] script '/domains/hofficer1/contents.php' not found or unable to stat
[Fri Jan 23 01:46:26.445818 2026] [php:error] [pid 98138] [client 20.89.104.181:0] script '/domains/hofficer1/default.php' not found or unable to stat
[Fri Jan 23 01:46:26.975358 2026] [php:error] [pid 98138] [client 20.89.104.181:0] script '/domains/hofficer1/favicon.php' not found or unable to stat
[Fri Jan 23 01:46:27.141943 2026] [php:error] [pid 98138] [client 20.89.104.181:0] script '/domains/hofficer1/hehe.php' not found or unable to stat
[Fri Jan 23 01:46:27.541453 2026] [php:error] [pid 98138] [client 20.89.104.181:0] script '/domains/hofficer1/index.php' not found or unable to stat
[Fri Jan 23 01:46:27.730760 2026] [php:error] [pid 98138] [client 20.89.104.181:0] script '/domains/hofficer1/info.php' not found or unable to stat
[Fri Jan 23 01:46:27.907819 2026] [php:error] [pid 98138] [client 20.89.104.181:0] script '/domains/hofficer1/k.php' not found or unable to stat
[Fri Jan 23 01:46:28.227524 2026] [php:error] [pid 98138] [client 20.89.104.181:0] script '/domains/hofficer1/lock360.php' not found or unable to stat
[Fri Jan 23 01:46:28.407971 2026] [php:error] [pid 98138] [client 20.89.104.181:0] script '/domains/hofficer1/log.php' not found or unable to stat
[Fri Jan 23 01:46:28.604173 2026] [php:error] [pid 98138] [client 20.89.104.181:0] script '/domains/hofficer1/man.php' not found or unable to stat
[Fri Jan 23 01:46:29.032612 2026] [php:error] [pid 98138] [client 20.89.104.181:0] script '/domains/hofficer1/post.php' not found or unable to stat
[Fri Jan 23 01:46:29.358629 2026] [php:error] [pid 98138] [client 20.89.104.181:0] script '/domains/hofficer1/root.php' not found or unable to stat
[Fri Jan 23 01:46:29.611192 2026] [php:error] [pid 98138] [client 20.89.104.181:0] script '/domains/hofficer1/shellv3.php' not found or unable to stat
[Fri Jan 23 01:46:30.004852 2026] [php:error] [pid 98138] [client 20.89.104.181:0] script '/domains/hofficer1/system.php' not found or unable to stat
[Fri Jan 23 01:46:30.168374 2026] [php:error] [pid 98138] [client 20.89.104.181:0] script '/domains/hofficer1/test.php' not found or unable to stat
[Fri Jan 23 01:46:30.407069 2026] [php:error] [pid 98138] [client 20.89.104.181:0] script '/domains/hofficer1/theme.php' not found or unable to stat
[Fri Jan 23 01:46:30.663746 2026] [php:error] [pid 98138] [client 20.89.104.181:0] script '/domains/hofficer1/wp-activat.php' not found or unable to stat
[Fri Jan 23 01:46:30.840207 2026] [php:error] [pid 98138] [client 20.89.104.181:0] script '/domains/hofficer1/wp-admin.php' not found or unable to stat
[Fri Jan 23 01:46:32.011213 2026] [php:error] [pid 98138] [client 20.89.104.181:0] script '/domains/hofficer1/wp-blog.php' not found or unable to stat
[Fri Jan 23 01:46:32.191246 2026] [php:error] [pid 98138] [client 20.89.104.181:0] script '/domains/hofficer1/wp-conf.php' not found or unable to stat
[Fri Jan 23 01:46:34.602072 2026] [php:error] [pid 98138] [client 20.89.104.181:0] script '/domains/hofficer1/wp-file.php' not found or unable to stat
[Fri Jan 23 01:46:34.921198 2026] [php:error] [pid 98138] [client 20.89.104.181:0] script '/domains/hofficer1/wp-include.php' not found or unable to stat
[Fri Jan 23 01:46:37.661117 2026] [php:error] [pid 98138] [client 20.89.104.181:0] script '/domains/hofficer1/wp-logs.php' not found or unable to stat
[Fri Jan 23 01:46:37.825666 2026] [php:error] [pid 98138] [client 20.89.104.181:0] script '/domains/hofficer1/xmlrpc.php' not found or unable to stat
[Fri Jan 23 01:46:39.790330 2026] [php:error] [pid 98138] [client 20.89.104.181:0] script '/domains/hofficer1/WSO.php' not found or unable to stat
[Fri Jan 23 01:46:43.974104 2026] [php:error] [pid 98138] [client 20.89.104.181:0] script '/domains/hofficer1/goods.php' not found or unable to stat
[Fri Jan 23 01:46:45.811942 2026] [php:error] [pid 98138] [client 20.89.104.181:0] script '/domains/hofficer1/edit.php' not found or unable to stat
[Fri Jan 23 01:46:46.319066 2026] [php:error] [pid 3842] [client 20.89.104.181:0] script '/domains/hofficer1/file5.php' not found or unable to stat
[Fri Jan 23 01:46:47.403724 2026] [php:error] [pid 3842] [client 20.89.104.181:0] script '/domains/hofficer1/aa.php' not found or unable to stat
[Fri Jan 23 01:46:49.504359 2026] [php:error] [pid 3842] [client 20.89.104.181:0] script '/domains/hofficer1/autoload_classmap.php' not found or unable to stat
[Fri Jan 23 01:46:52.376665 2026] [php:error] [pid 3842] [client 20.89.104.181:0] script '/domains/hofficer1/file.php' not found or unable to stat
[Fri Jan 23 01:46:53.642022 2026] [php:error] [pid 3842] [client 20.89.104.181:0] script '/domains/hofficer1/inputs.php' not found or unable to stat
[Fri Jan 23 01:46:54.353229 2026] [php:error] [pid 3842] [client 20.89.104.181:0] script '/domains/hofficer1/1.php' not found or unable to stat
[Fri Jan 23 01:46:58.877832 2026] [php:error] [pid 3842] [client 20.89.104.181:0] script '/domains/hofficer1/flower.php' not found or unable to stat
[Fri Jan 23 01:47:02.607930 2026] [php:error] [pid 3842] [client 20.89.104.181:0] script '/domains/hofficer1/ioxi-o.php' not found or unable to stat
[Fri Jan 23 01:47:02.886131 2026] [php:error] [pid 3842] [client 20.89.104.181:0] script '/domains/hofficer1/radio.php' not found or unable to stat
[Fri Jan 23 01:47:04.170130 2026] [php:error] [pid 3842] [client 20.89.104.181:0] script '/domains/hofficer1/admin.php' not found or unable to stat
[Fri Jan 23 01:47:04.356259 2026] [php:error] [pid 3842] [client 20.89.104.181:0] script '/domains/hofficer1/functions.php' not found or unable to stat
[Fri Jan 23 01:47:28.363027 2026] [php:error] [pid 3835] [client 20.89.104.181:0] script '/domains/tennex/wp-good.php' not found or unable to stat
[Fri Jan 23 01:47:28.525997 2026] [php:error] [pid 3835] [client 20.89.104.181:0] script '/domains/tennex/ioxi-o.php' not found or unable to stat
[Fri Jan 23 01:47:28.868010 2026] [php:error] [pid 3835] [client 20.89.104.181:0] script '/domains/tennex/file.php' not found or unable to stat
[Fri Jan 23 01:47:29.431970 2026] [php:error] [pid 3835] [client 20.89.104.181:0] script '/domains/tennex/wp-signin.php' not found or unable to stat
[Fri Jan 23 01:47:29.617068 2026] [php:error] [pid 3835] [client 20.89.104.181:0] script '/domains/tennex/abcd.php' not found or unable to stat
[Fri Jan 23 01:47:30.246136 2026] [php:error] [pid 3835] [client 20.89.104.181:0] script '/domains/tennex/about.php' not found or unable to stat
[Fri Jan 23 01:47:30.423572 2026] [php:error] [pid 3835] [client 20.89.104.181:0] script '/domains/tennex/bless.php' not found or unable to stat
[Fri Jan 23 01:47:30.617629 2026] [php:error] [pid 3835] [client 20.89.104.181:0] script '/domains/tennex/images/install.php' not found or unable to stat
[Fri Jan 23 01:47:30.779074 2026] [php:error] [pid 3835] [client 20.89.104.181:0] script '/domains/tennex/num.php' not found or unable to stat
[Fri Jan 23 01:47:31.049559 2026] [php:error] [pid 3835] [client 20.89.104.181:0] script '/domains/tennex/txets.php' not found or unable to stat
[Fri Jan 23 01:47:31.279946 2026] [php:error] [pid 3835] [client 20.89.104.181:0] script '/domains/tennex/wp-blog.php' not found or unable to stat
[Fri Jan 23 01:47:32.483359 2026] [php:error] [pid 3835] [client 20.89.104.181:0] script '/domains/tennex/wp.php' not found or unable to stat
[Fri Jan 23 01:47:32.734951 2026] [php:error] [pid 3835] [client 20.89.104.181:0] script '/domains/tennex/admin.php' not found or unable to stat
[Fri Jan 23 01:47:32.922645 2026] [php:error] [pid 3835] [client 20.89.104.181:0] script '/domains/tennex/adminfuns.php' not found or unable to stat
[Fri Jan 23 01:47:33.098100 2026] [php:error] [pid 3835] [client 20.89.104.181:0] script '/domains/tennex/chosen.php' not found or unable to stat
[Fri Jan 23 01:47:33.273737 2026] [php:error] [pid 3835] [client 20.89.104.181:0] script '/domains/tennex/classwithtostring.php' not found or unable to stat
[Fri Jan 23 01:47:33.699048 2026] [php:error] [pid 3835] [client 20.89.104.181:0] script '/domains/tennex/edit.php' not found or unable to stat
[Fri Jan 23 01:47:34.047155 2026] [php:error] [pid 3835] [client 20.89.104.181:0] script '/domains/tennex/goods.php' not found or unable to stat
[Fri Jan 23 01:47:34.232412 2026] [php:error] [pid 3835] [client 20.89.104.181:0] script '/domains/tennex/k.php' not found or unable to stat
[Fri Jan 23 01:47:37.128710 2026] [php:error] [pid 3835] [client 20.89.104.181:0] script '/domains/tennex/wp-user.php' not found or unable to stat
[Fri Jan 23 01:47:37.300557 2026] [php:error] [pid 3835] [client 20.89.104.181:0] script '/domains/tennex/404.php' not found or unable to stat
[Fri Jan 23 01:47:37.501724 2026] [php:error] [pid 3835] [client 20.89.104.181:0] script '/domains/tennex/akcc.php' not found or unable to stat
[Fri Jan 23 01:47:37.662817 2026] [php:error] [pid 3835] [client 20.89.104.181:0] script '/domains/tennex/gg.php' not found or unable to stat
[Fri Jan 23 01:47:38.014908 2026] [php:error] [pid 3835] [client 20.89.104.181:0] script '/domains/tennex/mah.php' not found or unable to stat
[Fri Jan 23 01:47:38.179324 2026] [php:error] [pid 3835] [client 20.89.104.181:0] script '/domains/tennex/new.php' not found or unable to stat
[Fri Jan 23 01:47:38.639416 2026] [php:error] [pid 3835] [client 20.89.104.181:0] script '/domains/tennex/themes.php' not found or unable to stat
[Fri Jan 23 01:48:12.563959 2026] [php:error] [pid 3835] [client 20.205.10.3:0] script '/domains/viamonte3/wp-good.php' not found or unable to stat
[Fri Jan 23 01:48:12.779885 2026] [php:error] [pid 3835] [client 20.205.10.3:0] script '/domains/viamonte3/ioxi-o.php' not found or unable to stat
[Fri Jan 23 01:48:13.030873 2026] [php:error] [pid 3835] [client 20.205.10.3:0] script '/domains/viamonte3/file.php' not found or unable to stat
[Fri Jan 23 01:48:13.480454 2026] [php:error] [pid 3835] [client 20.205.10.3:0] script '/domains/viamonte3/wp-signin.php' not found or unable to stat
[Fri Jan 23 01:48:13.746216 2026] [php:error] [pid 3835] [client 20.205.10.3:0] script '/domains/viamonte3/abcd.php' not found or unable to stat
[Fri Jan 23 01:48:14.163327 2026] [php:error] [pid 3835] [client 20.205.10.3:0] script '/domains/viamonte3/about.php' not found or unable to stat
[Fri Jan 23 01:48:14.441819 2026] [php:error] [pid 3835] [client 20.205.10.3:0] script '/domains/viamonte3/bless.php' not found or unable to stat
[Fri Jan 23 01:48:14.651787 2026] [php:error] [pid 3835] [client 20.205.10.3:0] script '/domains/viamonte3/images/install.php' not found or unable to stat
[Fri Jan 23 01:48:14.855422 2026] [php:error] [pid 3835] [client 20.205.10.3:0] script '/domains/viamonte3/num.php' not found or unable to stat
[Fri Jan 23 01:48:15.233472 2026] [php:error] [pid 3835] [client 20.205.10.3:0] script '/domains/viamonte3/txets.php' not found or unable to stat
[Fri Jan 23 01:48:15.438669 2026] [php:error] [pid 3835] [client 20.205.10.3:0] script '/domains/viamonte3/wp-blog.php' not found or unable to stat
[Fri Jan 23 01:48:16.984911 2026] [php:error] [pid 3835] [client 20.205.10.3:0] script '/domains/viamonte3/wp.php' not found or unable to stat
[Fri Jan 23 01:48:17.192769 2026] [php:error] [pid 3835] [client 20.205.10.3:0] script '/domains/viamonte3/admin.php' not found or unable to stat
[Fri Jan 23 01:48:17.400750 2026] [php:error] [pid 3835] [client 20.205.10.3:0] script '/domains/viamonte3/adminfuns.php' not found or unable to stat
[Fri Jan 23 01:48:17.619024 2026] [php:error] [pid 3835] [client 20.205.10.3:0] script '/domains/viamonte3/chosen.php' not found or unable to stat
[Fri Jan 23 01:48:17.939843 2026] [php:error] [pid 3835] [client 20.205.10.3:0] script '/domains/viamonte3/classwithtostring.php' not found or unable to stat
[Fri Jan 23 01:48:18.189223 2026] [php:error] [pid 3835] [client 20.205.10.3:0] script '/domains/viamonte3/edit.php' not found or unable to stat
[Fri Jan 23 01:48:18.418930 2026] [php:error] [pid 3835] [client 20.205.10.3:0] script '/domains/viamonte3/goods.php' not found or unable to stat
[Fri Jan 23 01:48:18.623053 2026] [php:error] [pid 3835] [client 20.205.10.3:0] script '/domains/viamonte3/k.php' not found or unable to stat
[Fri Jan 23 01:48:20.787840 2026] [php:error] [pid 3835] [client 20.205.10.3:0] script '/domains/viamonte3/wp-user.php' not found or unable to stat
[Fri Jan 23 01:48:21.009042 2026] [php:error] [pid 3835] [client 20.205.10.3:0] script '/domains/viamonte3/404.php' not found or unable to stat
[Fri Jan 23 01:48:21.230213 2026] [php:error] [pid 3835] [client 20.205.10.3:0] script '/domains/viamonte3/akcc.php' not found or unable to stat
[Fri Jan 23 01:48:21.439263 2026] [php:error] [pid 3835] [client 20.205.10.3:0] script '/domains/viamonte3/gg.php' not found or unable to stat
[Fri Jan 23 01:48:21.644313 2026] [php:error] [pid 3835] [client 20.205.10.3:0] script '/domains/viamonte3/mah.php' not found or unable to stat
[Fri Jan 23 01:48:21.848393 2026] [php:error] [pid 3835] [client 20.205.10.3:0] script '/domains/viamonte3/new.php' not found or unable to stat
[Fri Jan 23 01:48:22.051372 2026] [php:error] [pid 3835] [client 20.205.10.3:0] script '/domains/viamonte3/themes.php' not found or unable to stat
[Fri Jan 23 01:48:38.694340 2026] [php:error] [pid 3864] [client 20.205.10.3:0] script '/domains/gohover/wp-2019.php' not found or unable to stat
[Fri Jan 23 01:48:38.897633 2026] [php:error] [pid 3864] [client 20.205.10.3:0] script '/domains/gohover/403.php' not found or unable to stat
[Fri Jan 23 01:48:39.099753 2026] [php:error] [pid 3864] [client 20.205.10.3:0] script '/domains/gohover/aaa.php' not found or unable to stat
[Fri Jan 23 01:48:39.920674 2026] [php:error] [pid 3864] [client 20.205.10.3:0] script '/domains/gohover/y.php' not found or unable to stat
[Fri Jan 23 01:48:40.333900 2026] [php:error] [pid 3864] [client 20.205.10.3:0] script '/domains/gohover/ggfi.php' not found or unable to stat
[Fri Jan 23 01:48:40.960996 2026] [php:error] [pid 3864] [client 20.205.10.3:0] script '/domains/gohover/buy.php' not found or unable to stat
[Fri Jan 23 01:48:41.170841 2026] [php:error] [pid 3864] [client 20.205.10.3:0] script '/domains/gohover/chosen.php' not found or unable to stat
[Fri Jan 23 01:48:41.376855 2026] [php:error] [pid 3864] [client 20.205.10.3:0] script '/domains/gohover/index.php' not found or unable to stat
[Fri Jan 23 01:48:41.579201 2026] [php:error] [pid 3864] [client 20.205.10.3:0] script '/domains/gohover/cron.php' not found or unable to stat
[Fri Jan 23 01:48:41.781463 2026] [php:error] [pid 3864] [client 20.205.10.3:0] script '/domains/gohover/functions.php' not found or unable to stat
[Fri Jan 23 01:48:42.621412 2026] [php:error] [pid 3864] [client 20.205.10.3:0] script '/domains/gohover/wp-add.php' not found or unable to stat
[Fri Jan 23 01:48:42.824680 2026] [php:error] [pid 3864] [client 20.205.10.3:0] script '/domains/gohover/0.php' not found or unable to stat
[Fri Jan 23 01:48:43.026905 2026] [php:error] [pid 3864] [client 20.205.10.3:0] script '/domains/gohover/edit.php' not found or unable to stat
[Fri Jan 23 01:48:43.255385 2026] [php:error] [pid 3864] [client 20.205.10.3:0] script '/domains/gohover/meta.php' not found or unable to stat
[Fri Jan 23 01:48:43.458276 2026] [php:error] [pid 3864] [client 20.205.10.3:0] script '/domains/gohover/new.php' not found or unable to stat
[Fri Jan 23 01:48:43.867084 2026] [php:error] [pid 3864] [client 20.205.10.3:0] script '/domains/gohover/as.php' not found or unable to stat
[Fri Jan 23 01:48:44.071481 2026] [php:error] [pid 3864] [client 20.205.10.3:0] script '/domains/gohover/ds.php' not found or unable to stat
[Fri Jan 23 01:48:44.282652 2026] [php:error] [pid 3864] [client 20.205.10.3:0] script '/domains/gohover/error.php' not found or unable to stat
[Fri Jan 23 01:48:44.488833 2026] [php:error] [pid 3864] [client 20.205.10.3:0] script '/domains/gohover/gecko-new.php' not found or unable to stat
[Fri Jan 23 01:48:44.694995 2026] [php:error] [pid 3864] [client 20.205.10.3:0] script '/domains/gohover/randkeyword.php' not found or unable to stat
[Fri Jan 23 01:48:45.312155 2026] [php:error] [pid 3864] [client 20.205.10.3:0] script '/domains/gohover/NewFile.php' not found or unable to stat
[Fri Jan 23 01:48:45.540138 2026] [php:error] [pid 3864] [client 20.205.10.3:0] script '/domains/gohover/goods.php' not found or unable to stat
