[Fri Jan 23 03:40:27.864079 2026] [php:error] [pid 22343] [client 20.205.10.3:0] script '/domains/davidbacker/adminfuns.php' not found or unable to stat
[Fri Jan 23 03:40:28.236981 2026] [php:error] [pid 22343] [client 20.205.10.3:0] script '/domains/davidbacker/chosen.php' not found or unable to stat
[Fri Jan 23 03:40:28.447177 2026] [php:error] [pid 22343] [client 20.205.10.3:0] script '/domains/davidbacker/classwithtostring.php' not found or unable to stat
[Fri Jan 23 03:40:28.658645 2026] [php:error] [pid 22343] [client 20.205.10.3:0] script '/domains/davidbacker/edit.php' not found or unable to stat
[Fri Jan 23 03:40:28.862978 2026] [php:error] [pid 22343] [client 20.205.10.3:0] script '/domains/davidbacker/goods.php' not found or unable to stat
[Fri Jan 23 03:40:29.073801 2026] [php:error] [pid 22343] [client 20.205.10.3:0] script '/domains/davidbacker/k.php' not found or unable to stat
[Fri Jan 23 03:40:29.184967 2026] [php:error] [pid 22338] [client 20.219.136.84:0] script '/domains/rextrav/ioxi-o.php' not found or unable to stat
[Fri Jan 23 03:40:29.393612 2026] [php:error] [pid 22338] [client 20.219.136.84:0] script '/domains/rextrav/0x.php' not found or unable to stat
[Fri Jan 23 03:40:29.602054 2026] [php:error] [pid 22338] [client 20.219.136.84:0] script '/domains/rextrav/222.php' not found or unable to stat
[Fri Jan 23 03:40:29.825038 2026] [php:error] [pid 22338] [client 20.219.136.84:0] script '/domains/rextrav/aa.php' not found or unable to stat
[Fri Jan 23 03:40:30.043925 2026] [php:error] [pid 22338] [client 20.219.136.84:0] script '/domains/rextrav/abcd.php' not found or unable to stat
[Fri Jan 23 03:40:30.256069 2026] [php:error] [pid 22338] [client 20.219.136.84:0] script '/domains/rextrav/admin.php' not found or unable to stat
[Fri Jan 23 03:40:30.716924 2026] [php:error] [pid 22338] [client 20.219.136.84:0] script '/domains/rextrav/adminfuns.php' not found or unable to stat
[Fri Jan 23 03:40:30.930775 2026] [php:error] [pid 22338] [client 20.219.136.84:0] script '/domains/rextrav/akc.php' not found or unable to stat
[Fri Jan 23 03:40:31.057410 2026] [php:error] [pid 22343] [client 20.205.10.3:0] script '/domains/davidbacker/wp-user.php' not found or unable to stat
[Fri Jan 23 03:40:31.157249 2026] [php:error] [pid 22338] [client 20.219.136.84:0] script '/domains/rextrav/buy.php' not found or unable to stat
[Fri Jan 23 03:40:31.272139 2026] [php:error] [pid 22343] [client 20.205.10.3:0] script '/domains/davidbacker/404.php' not found or unable to stat
[Fri Jan 23 03:40:31.373595 2026] [php:error] [pid 22338] [client 20.219.136.84:0] script '/domains/rextrav/cong.php' not found or unable to stat
[Fri Jan 23 03:40:31.484681 2026] [php:error] [pid 22343] [client 20.205.10.3:0] script '/domains/davidbacker/akcc.php' not found or unable to stat
[Fri Jan 23 03:40:31.595457 2026] [php:error] [pid 22338] [client 20.219.136.84:0] script '/domains/rextrav/ioxi-o.php' not found or unable to stat
[Fri Jan 23 03:40:31.692985 2026] [php:error] [pid 22343] [client 20.205.10.3:0] script '/domains/davidbacker/gg.php' not found or unable to stat
[Fri Jan 23 03:40:31.906694 2026] [php:error] [pid 22343] [client 20.205.10.3:0] script '/domains/davidbacker/mah.php' not found or unable to stat
[Fri Jan 23 03:40:32.044039 2026] [php:error] [pid 22338] [client 20.219.136.84:0] script '/domains/rextrav/db.php' not found or unable to stat
[Fri Jan 23 03:40:32.116237 2026] [php:error] [pid 22343] [client 20.205.10.3:0] script '/domains/davidbacker/new.php' not found or unable to stat
[Fri Jan 23 03:40:32.265536 2026] [php:error] [pid 22338] [client 20.219.136.84:0] script '/domains/rextrav/dropdown.php' not found or unable to stat
[Fri Jan 23 03:40:32.320715 2026] [php:error] [pid 22343] [client 20.205.10.3:0] script '/domains/davidbacker/themes.php' not found or unable to stat
[Fri Jan 23 03:40:32.477708 2026] [php:error] [pid 22338] [client 20.219.136.84:0] script '/domains/rextrav/file.php' not found or unable to stat
[Fri Jan 23 03:40:32.696851 2026] [php:error] [pid 22338] [client 20.219.136.84:0] script '/domains/rextrav/goods.php' not found or unable to stat
[Fri Jan 23 03:40:32.905557 2026] [php:error] [pid 22338] [client 20.219.136.84:0] script '/domains/rextrav/hplfuns.php' not found or unable to stat
[Fri Jan 23 03:40:33.118440 2026] [php:error] [pid 22338] [client 20.219.136.84:0] script '/domains/rextrav/htaccess.php' not found or unable to stat
[Fri Jan 23 03:40:33.407109 2026] [php:error] [pid 22332] [client 20.89.56.154:0] script '/domains/pookie.dnai/ol.php' not found or unable to stat
[Fri Jan 23 03:40:33.550431 2026] [php:error] [pid 22338] [client 20.219.136.84:0] script '/domains/rextrav/index/function.php' not found or unable to stat
[Fri Jan 23 03:40:33.563554 2026] [php:error] [pid 22332] [client 20.89.56.154:0] script '/domains/pookie.dnai/sikma.php' not found or unable to stat
[Fri Jan 23 03:40:33.719936 2026] [php:error] [pid 22332] [client 20.89.56.154:0] script '/domains/pookie.dnai/rh1.php' not found or unable to stat
[Fri Jan 23 03:40:33.759596 2026] [php:error] [pid 22338] [client 20.219.136.84:0] script '/domains/rextrav/info.php' not found or unable to stat
[Fri Jan 23 03:40:33.877434 2026] [php:error] [pid 22332] [client 20.89.56.154:0] script '/domains/pookie.dnai/sid3.php' not found or unable to stat
[Fri Jan 23 03:40:33.973928 2026] [php:error] [pid 22338] [client 20.219.136.84:0] script '/domains/rextrav/profile.php' not found or unable to stat
[Fri Jan 23 03:40:34.036382 2026] [php:error] [pid 22332] [client 20.89.56.154:0] script '/domains/pookie.dnai/okxh.php' not found or unable to stat
[Fri Jan 23 03:40:34.182745 2026] [php:error] [pid 22338] [client 20.219.136.84:0] script '/domains/rextrav/sx.php' not found or unable to stat
[Fri Jan 23 03:40:34.192762 2026] [php:error] [pid 22332] [client 20.89.56.154:0] script '/domains/pookie.dnai/krypton.php' not found or unable to stat
[Fri Jan 23 03:40:34.349272 2026] [php:error] [pid 22332] [client 20.89.56.154:0] script '/domains/pookie.dnai/zoo.php' not found or unable to stat
[Fri Jan 23 03:40:34.663860 2026] [php:error] [pid 22332] [client 20.89.56.154:0] script '/domains/pookie.dnai/maul.php' not found or unable to stat
[Fri Jan 23 03:40:35.135819 2026] [php:error] [pid 22332] [client 20.89.56.154:0] script '/domains/pookie.dnai/download.php' not found or unable to stat
[Fri Jan 23 03:40:35.292762 2026] [php:error] [pid 22332] [client 20.89.56.154:0] script '/domains/pookie.dnai/varb.php' not found or unable to stat
[Fri Jan 23 03:40:35.606435 2026] [php:error] [pid 22332] [client 20.89.56.154:0] script '/domains/pookie.dnai/tt.php' not found or unable to stat
[Fri Jan 23 03:40:35.762907 2026] [php:error] [pid 22332] [client 20.89.56.154:0] script '/domains/pookie.dnai/a5e0a.php' not found or unable to stat
[Fri Jan 23 03:40:35.929641 2026] [php:error] [pid 22332] [client 20.89.56.154:0] script '/domains/pookie.dnai/abc.php' not found or unable to stat
[Fri Jan 23 03:40:36.086225 2026] [php:error] [pid 22332] [client 20.89.56.154:0] script '/domains/pookie.dnai/55b76.php' not found or unable to stat
[Fri Jan 23 03:40:36.242764 2026] [php:error] [pid 22332] [client 20.89.56.154:0] script '/domains/pookie.dnai/rzki.php' not found or unable to stat
[Fri Jan 23 03:40:36.399938 2026] [php:error] [pid 22332] [client 20.89.56.154:0] script '/domains/pookie.dnai/acxx.php' not found or unable to stat
[Fri Jan 23 03:40:36.560494 2026] [php:error] [pid 22332] [client 20.89.56.154:0] script '/domains/pookie.dnai/d12.php' not found or unable to stat
[Fri Jan 23 03:40:36.716846 2026] [php:error] [pid 22332] [client 20.89.56.154:0] script '/domains/pookie.dnai/s.php' not found or unable to stat
[Fri Jan 23 03:40:36.873398 2026] [php:error] [pid 22332] [client 20.89.56.154:0] script '/domains/pookie.dnai/error_log.php' not found or unable to stat
[Fri Jan 23 03:40:37.186235 2026] [php:error] [pid 22332] [client 20.89.56.154:0] script '/domains/pookie.dnai/dox.php' not found or unable to stat
[Fri Jan 23 03:40:37.342975 2026] [php:error] [pid 22332] [client 20.89.56.154:0] script '/domains/pookie.dnai/ahax.php' not found or unable to stat
[Fri Jan 23 03:40:37.500709 2026] [php:error] [pid 22332] [client 20.89.56.154:0] script '/domains/pookie.dnai/lock360.php' not found or unable to stat
[Fri Jan 23 03:40:37.657317 2026] [php:error] [pid 22332] [client 20.89.56.154:0] script '/domains/pookie.dnai/6kUgr4yGzxN.php' not found or unable to stat
[Fri Jan 23 03:40:37.816050 2026] [php:error] [pid 22332] [client 20.89.56.154:0] script '/domains/pookie.dnai/wp.php' not found or unable to stat
[Fri Jan 23 03:40:37.977130 2026] [php:error] [pid 22332] [client 20.89.56.154:0] script '/domains/pookie.dnai/test1.php' not found or unable to stat
[Fri Jan 23 03:40:38.140279 2026] [php:error] [pid 22332] [client 20.89.56.154:0] script '/domains/pookie.dnai/clss.php' not found or unable to stat
[Fri Jan 23 03:40:38.307721 2026] [php:error] [pid 22332] [client 20.89.56.154:0] script '/domains/pookie.dnai/44.php' not found or unable to stat
[Fri Jan 23 03:40:38.463995 2026] [php:error] [pid 22332] [client 20.89.56.154:0] script '/domains/pookie.dnai/ii5file.php' not found or unable to stat
[Fri Jan 23 03:40:38.620515 2026] [php:error] [pid 22332] [client 20.89.56.154:0] script '/domains/pookie.dnai/ss.php' not found or unable to stat
[Fri Jan 23 03:40:38.673732 2026] [php:error] [pid 22338] [client 20.219.136.84:0] script '/domains/rextrav/wp-fclass.php' not found or unable to stat
[Fri Jan 23 03:40:38.776914 2026] [php:error] [pid 22332] [client 20.89.56.154:0] script '/domains/pookie.dnai/re.php' not found or unable to stat
[Fri Jan 23 03:40:38.933317 2026] [php:error] [pid 22332] [client 20.89.56.154:0] script '/domains/pookie.dnai/xsas.php' not found or unable to stat
[Fri Jan 23 03:40:39.089859 2026] [php:error] [pid 22332] [client 20.89.56.154:0] script '/domains/pookie.dnai/asus.php' not found or unable to stat
[Fri Jan 23 03:40:39.246335 2026] [php:error] [pid 22332] [client 20.89.56.154:0] script '/domains/pookie.dnai/wp-good.php' not found or unable to stat
[Fri Jan 23 03:40:39.402878 2026] [php:error] [pid 22332] [client 20.89.56.154:0] script '/domains/pookie.dnai/0x.php' not found or unable to stat
[Fri Jan 23 03:40:39.559436 2026] [php:error] [pid 22332] [client 20.89.56.154:0] script '/domains/pookie.dnai/domains.php' not found or unable to stat
[Fri Jan 23 03:40:39.715757 2026] [php:error] [pid 22332] [client 20.89.56.154:0] script '/domains/pookie.dnai/wp-goods.php' not found or unable to stat
[Fri Jan 23 03:40:39.873738 2026] [php:error] [pid 22332] [client 20.89.56.154:0] script '/domains/pookie.dnai/144.php' not found or unable to stat
[Fri Jan 23 03:40:40.030104 2026] [php:error] [pid 22332] [client 20.89.56.154:0] script '/domains/pookie.dnai/akcc.php' not found or unable to stat
[Fri Jan 23 03:40:40.203728 2026] [php:error] [pid 22332] [client 20.89.56.154:0] script '/domains/pookie.dnai/vanda.php' not found or unable to stat
[Fri Jan 23 03:40:40.361557 2026] [php:error] [pid 22332] [client 20.89.56.154:0] script '/domains/pookie.dnai/lib.php' not found or unable to stat
[Fri Jan 23 03:40:40.518165 2026] [php:error] [pid 22332] [client 20.89.56.154:0] script '/domains/pookie.dnai/zc-104.php' not found or unable to stat
[Fri Jan 23 03:40:40.674848 2026] [php:error] [pid 22332] [client 20.89.56.154:0] script '/domains/pookie.dnai/zc-729.php' not found or unable to stat
[Fri Jan 23 03:40:40.831524 2026] [php:error] [pid 22332] [client 20.89.56.154:0] script '/domains/pookie.dnai/bo.php' not found or unable to stat
[Fri Jan 23 03:40:40.988305 2026] [php:error] [pid 22332] [client 20.89.56.154:0] script '/domains/pookie.dnai/x.php' not found or unable to stat
[Fri Jan 23 03:40:41.144691 2026] [php:error] [pid 22332] [client 20.89.56.154:0] script '/domains/pookie.dnai/adminfuns.php' not found or unable to stat
[Fri Jan 23 03:40:41.301739 2026] [php:error] [pid 22332] [client 20.89.56.154:0] script '/domains/pookie.dnai/56c53.php' not found or unable to stat
[Fri Jan 23 03:40:41.458129 2026] [php:error] [pid 22332] [client 20.89.56.154:0] script '/domains/pookie.dnai/FII.php' not found or unable to stat
[Fri Jan 23 03:40:41.617040 2026] [php:error] [pid 22332] [client 20.89.56.154:0] script '/domains/pookie.dnai/wp-ac.php' not found or unable to stat
[Fri Jan 23 03:40:41.774445 2026] [php:error] [pid 22332] [client 20.89.56.154:0] script '/domains/pookie.dnai/atex1.php' not found or unable to stat
[Fri Jan 23 03:40:41.937197 2026] [php:error] [pid 22332] [client 20.89.56.154:0] script '/domains/pookie.dnai/blox.php' not found or unable to stat
[Fri Jan 23 03:40:42.096372 2026] [php:error] [pid 22332] [client 20.89.56.154:0] script '/domains/pookie.dnai/wp-64wscx6shd.php' not found or unable to stat
[Fri Jan 23 03:40:42.253075 2026] [php:error] [pid 22332] [client 20.89.56.154:0] script '/domains/pookie.dnai/gecko.php' not found or unable to stat
[Fri Jan 23 03:40:42.279888 2026] [php:error] [pid 22338] [client 20.219.136.84:0] script '/domains/rextrav/wp-themes.php' not found or unable to stat
[Fri Jan 23 03:40:42.409700 2026] [php:error] [pid 22332] [client 20.89.56.154:0] script '/domains/pookie.dnai/sxx.php' not found or unable to stat
[Fri Jan 23 03:40:42.499420 2026] [php:error] [pid 22338] [client 20.219.136.84:0] script '/domains/rextrav/xmlrpc.php' not found or unable to stat
[Fri Jan 23 03:40:42.570901 2026] [php:error] [pid 22332] [client 20.89.56.154:0] script '/domains/pookie.dnai/mode.php' not found or unable to stat
[Fri Jan 23 03:40:42.729007 2026] [php:error] [pid 22332] [client 20.89.56.154:0] script '/domains/pookie.dnai/z60.php' not found or unable to stat
[Fri Jan 23 03:40:42.888464 2026] [php:error] [pid 22332] [client 20.89.56.154:0] script '/domains/pookie.dnai/hehe.php' not found or unable to stat
[Fri Jan 23 03:40:43.053720 2026] [php:error] [pid 22332] [client 20.89.56.154:0] script '/domains/pookie.dnai/asd.php' not found or unable to stat
[Fri Jan 23 03:40:43.213054 2026] [php:error] [pid 22332] [client 20.89.56.154:0] script '/domains/pookie.dnai/5b9ac.php' not found or unable to stat
[Fri Jan 23 03:40:43.422011 2026] [php:error] [pid 22332] [client 20.89.56.154:0] script '/domains/pookie.dnai/k.php' not found or unable to stat
[Fri Jan 23 03:40:43.578733 2026] [php:error] [pid 22332] [client 20.89.56.154:0] script '/domains/pookie.dnai/edit.php' not found or unable to stat
[Fri Jan 23 03:40:43.749108 2026] [php:error] [pid 22332] [client 20.89.56.154:0] script '/domains/pookie.dnai/t.php' not found or unable to stat
[Fri Jan 23 03:40:43.905538 2026] [php:error] [pid 22332] [client 20.89.56.154:0] script '/domains/pookie.dnai/lm15.php' not found or unable to stat
[Fri Jan 23 03:40:44.062630 2026] [php:error] [pid 22332] [client 20.89.56.154:0] script '/domains/pookie.dnai/6kDPjgFTmvS.php' not found or unable to stat
[Fri Jan 23 03:40:44.219202 2026] [php:error] [pid 22332] [client 20.89.56.154:0] script '/domains/pookie.dnai/222.php' not found or unable to stat
[Fri Jan 23 03:40:44.375927 2026] [php:error] [pid 22332] [client 20.89.56.154:0] script '/domains/pookie.dnai/admin836.php' not found or unable to stat
[Fri Jan 23 03:40:44.532391 2026] [php:error] [pid 22332] [client 20.89.56.154:0] script '/domains/pookie.dnai/sx.php' not found or unable to stat
[Fri Jan 23 03:40:44.689004 2026] [php:error] [pid 22332] [client 20.89.56.154:0] script '/domains/pookie.dnai/lufix.php' not found or unable to stat
sendmail: invalid recipient `#'
[Fri Jan 23 03:41:55.664966 2026] [php:error] [pid 22366] [client 4.190.200.66:0] script '/domains/system_suspended/wp-2019.php' not found or unable to stat
[Fri Jan 23 03:41:56.165705 2026] [php:error] [pid 22366] [client 4.190.200.66:0] script '/domains/system_suspended/403.php' not found or unable to stat
[Fri Jan 23 03:41:56.604522 2026] [php:error] [pid 22366] [client 4.190.200.66:0] script '/domains/system_suspended/aaa.php' not found or unable to stat
[Fri Jan 23 03:41:57.578593 2026] [php:error] [pid 22366] [client 4.190.200.66:0] script '/domains/system_suspended/y.php' not found or unable to stat
[Fri Jan 23 03:41:58.728469 2026] [php:error] [pid 22366] [client 4.190.200.66:0] script '/domains/system_suspended/ggfi.php' not found or unable to stat
[Fri Jan 23 03:42:00.232628 2026] [php:error] [pid 22366] [client 4.190.200.66:0] script '/domains/system_suspended/buy.php' not found or unable to stat
[Fri Jan 23 03:42:00.699571 2026] [php:error] [pid 22366] [client 4.190.200.66:0] script '/domains/system_suspended/chosen.php' not found or unable to stat
[Fri Jan 23 03:42:00.884340 2026] [php:error] [pid 22366] [client 4.190.200.66:0] script '/domains/system_suspended/index.php' not found or unable to stat
[Fri Jan 23 03:42:01.577229 2026] [php:error] [pid 22366] [client 4.190.200.66:0] script '/domains/system_suspended/cron.php' not found or unable to stat
[Fri Jan 23 03:42:01.982387 2026] [php:error] [pid 22366] [client 4.190.200.66:0] script '/domains/system_suspended/functions.php' not found or unable to stat
[Fri Jan 23 03:42:03.665717 2026] [php:error] [pid 22366] [client 4.190.200.66:0] script '/domains/system_suspended/wp-add.php' not found or unable to stat
[Fri Jan 23 03:42:03.912822 2026] [php:error] [pid 22366] [client 4.190.200.66:0] script '/domains/system_suspended/0.php' not found or unable to stat
[Fri Jan 23 03:42:04.098471 2026] [php:error] [pid 22366] [client 4.190.200.66:0] script '/domains/system_suspended/edit.php' not found or unable to stat
[Fri Jan 23 03:42:04.451488 2026] [php:error] [pid 22366] [client 4.190.200.66:0] script '/domains/system_suspended/meta.php' not found or unable to stat
[Fri Jan 23 03:42:04.669177 2026] [php:error] [pid 22366] [client 4.190.200.66:0] script '/domains/system_suspended/new.php' not found or unable to stat
[Fri Jan 23 03:42:05.162511 2026] [php:error] [pid 22366] [client 4.190.200.66:0] script '/domains/system_suspended/as.php' not found or unable to stat
[Fri Jan 23 03:42:05.342721 2026] [php:error] [pid 22366] [client 4.190.200.66:0] script '/domains/system_suspended/ds.php' not found or unable to stat
[Fri Jan 23 03:42:05.672153 2026] [php:error] [pid 22366] [client 4.190.200.66:0] script '/domains/system_suspended/error.php' not found or unable to stat
[Fri Jan 23 03:42:06.012750 2026] [php:error] [pid 22366] [client 4.190.200.66:0] script '/domains/system_suspended/gecko-new.php' not found or unable to stat
[Fri Jan 23 03:42:06.326302 2026] [php:error] [pid 22366] [client 4.190.200.66:0] script '/domains/system_suspended/randkeyword.php' not found or unable to stat
[Fri Jan 23 03:42:07.141233 2026] [php:error] [pid 22366] [client 4.190.200.66:0] script '/domains/system_suspended/NewFile.php' not found or unable to stat
[Fri Jan 23 03:42:07.515842 2026] [php:error] [pid 22366] [client 4.190.200.66:0] script '/domains/system_suspended/goods.php' not found or unable to stat
[Fri Jan 23 03:42:07.945724 2026] [php:error] [pid 22366] [client 4.190.200.66:0] script '/domains/system_suspended/simple.php' not found or unable to stat
[Fri Jan 23 03:42:10.230398 2026] [php:error] [pid 22366] [client 4.190.200.66:0] script '/domains/system_suspended/c.php' not found or unable to stat
[Fri Jan 23 03:42:11.164732 2026] [php:error] [pid 22366] [client 4.190.200.66:0] script '/domains/system_suspended/auth.php' not found or unable to stat
[Fri Jan 23 03:42:11.672148 2026] [php:error] [pid 22366] [client 4.190.200.66:0] script '/domains/system_suspended/class-wp-lock.php' not found or unable to stat
[Fri Jan 23 03:42:12.072214 2026] [php:error] [pid 22366] [client 4.190.200.66:0] script '/domains/system_suspended/cookie.php' not found or unable to stat
[Fri Jan 23 03:42:12.515170 2026] [php:error] [pid 22366] [client 4.190.200.66:0] script '/domains/system_suspended/admin.php' not found or unable to stat
[Fri Jan 23 03:42:12.918376 2026] [php:error] [pid 22366] [client 4.190.200.66:0] script '/domains/system_suspended/baxa1.php' not found or unable to stat
[Fri Jan 23 03:42:14.095251 2026] [php:error] [pid 22366] [client 4.190.200.66:0] script '/domains/system_suspended/xleet.php' not found or unable to stat
[Fri Jan 23 03:42:14.658001 2026] [php:error] [pid 22366] [client 4.190.200.66:0] script '/domains/system_suspended/about.php' not found or unable to stat
[Fri Jan 23 03:42:16.126741 2026] [php:error] [pid 22366] [client 4.190.200.66:0] script '/domains/system_suspended/alfanew.php' not found or unable to stat
[Fri Jan 23 03:42:16.478606 2026] [php:error] [pid 22366] [client 4.190.200.66:0] script '/domains/system_suspended/22.php' not found or unable to stat
[Fri Jan 23 03:42:17.447823 2026] [php:error] [pid 22366] [client 4.190.200.66:0] script '/domains/system_suspended/simple.php' not found or unable to stat
[Fri Jan 23 03:42:18.139234 2026] [php:error] [pid 22366] [client 4.190.200.66:0] script '/domains/system_suspended/admin.php' not found or unable to stat
[Fri Jan 23 03:42:18.479457 2026] [php:error] [pid 22366] [client 4.190.200.66:0] script '/domains/system_suspended/c99.php' not found or unable to stat
[Fri Jan 23 03:42:18.791543 2026] [php:error] [pid 22366] [client 4.190.200.66:0] script '/domains/system_suspended/file.php' not found or unable to stat
[Fri Jan 23 03:42:19.011463 2026] [php:error] [pid 22366] [client 4.190.200.66:0] script '/domains/system_suspended/b.php' not found or unable to stat
[Fri Jan 23 03:42:19.441588 2026] [php:error] [pid 22366] [client 4.190.200.66:0] script '/domains/system_suspended/classwithtostring.php' not found or unable to stat
[Fri Jan 23 03:42:19.630785 2026] [php:error] [pid 22366] [client 4.190.200.66:0] script '/domains/system_suspended/css.php' not found or unable to stat
[Fri Jan 23 03:42:20.325288 2026] [php:error] [pid 22366] [client 4.190.200.66:0] script '/domains/system_suspended/flower.php' not found or unable to stat
[Fri Jan 23 03:42:20.953998 2026] [php:error] [pid 22366] [client 4.190.200.66:0] script '/domains/system_suspended/jp.php' not found or unable to stat
[Fri Jan 23 03:42:21.376827 2026] [php:error] [pid 22366] [client 4.190.200.66:0] script '/domains/system_suspended/room.php' not found or unable to stat
[Fri Jan 23 03:42:21.951188 2026] [php:error] [pid 22366] [client 4.190.200.66:0] script '/domains/system_suspended/12.php' not found or unable to stat
[Fri Jan 23 03:42:22.135814 2026] [php:error] [pid 22366] [client 4.190.200.66:0] script '/domains/system_suspended/404.php' not found or unable to stat
[Fri Jan 23 03:42:22.520706 2026] [php:error] [pid 22366] [client 4.190.200.66:0] script '/domains/system_suspended/disagreed.php' not found or unable to stat
[Fri Jan 23 03:42:22.891492 2026] [php:error] [pid 22366] [client 4.190.200.66:0] script '/domains/system_suspended/text.php' not found or unable to stat
[Fri Jan 23 03:42:25.543098 2026] [php:error] [pid 22366] [client 4.190.200.66:0] script '/domains/system_suspended/GOD.php' not found or unable to stat
[Fri Jan 23 03:42:26.347822 2026] [php:error] [pid 22366] [client 4.190.200.66:0] script '/domains/system_suspended/alfa-rex.php' not found or unable to stat
[Fri Jan 23 03:42:26.529409 2026] [php:error] [pid 22366] [client 4.190.200.66:0] script '/domains/system_suspended/f35.php' not found or unable to stat
[Fri Jan 23 03:42:27.074064 2026] [php:error] [pid 22366] [client 4.190.200.66:0] script '/domains/system_suspended/feeds.php' not found or unable to stat
[Fri Jan 23 03:42:27.826464 2026] [php:error] [pid 22366] [client 4.190.200.66:0] script '/domains/system_suspended/favicon.php' not found or unable to stat
[Fri Jan 23 03:42:28.413575 2026] [php:error] [pid 22366] [client 4.190.200.66:0] script '/domains/system_suspended/hehe.php' not found or unable to stat
[Fri Jan 23 03:42:30.088268 2026] [php:error] [pid 22367] [client 4.190.200.66:0] script '/domains/system_suspended/user.php' not found or unable to stat
[Fri Jan 23 03:42:30.262031 2026] [php:error] [pid 22367] [client 4.190.200.66:0] script '/domains/system_suspended/autoload_classmap.php' not found or unable to stat
[Fri Jan 23 03:42:30.665070 2026] [php:error] [pid 22367] [client 4.190.200.66:0] script '/domains/system_suspended/files.php' not found or unable to stat
[Fri Jan 23 03:42:31.161460 2026] [php:error] [pid 22367] [client 4.190.200.66:0] script '/domains/system_suspended/about.php' not found or unable to stat
[Fri Jan 23 03:42:31.514563 2026] [php:error] [pid 22367] [client 4.190.200.66:0] script '/domains/system_suspended/al.php' not found or unable to stat
[Fri Jan 23 03:42:31.792553 2026] [php:error] [pid 22367] [client 4.190.200.66:0] script '/domains/system_suspended/byp.php' not found or unable to stat
[Fri Jan 23 03:42:32.625760 2026] [php:error] [pid 22367] [client 4.190.200.66:0] script '/domains/system_suspended/wander.php' not found or unable to stat
[Fri Jan 23 03:42:33.474797 2026] [php:error] [pid 22367] [client 4.190.200.66:0] script '/domains/system_suspended/en.php' not found or unable to stat
[Fri Jan 23 03:42:33.974940 2026] [php:error] [pid 22367] [client 4.190.200.66:0] script '/domains/system_suspended/help.php' not found or unable to stat
[Fri Jan 23 03:42:35.509253 2026] [php:error] [pid 22367] [client 4.190.200.66:0] script '/domains/system_suspended/control.php' not found or unable to stat
[Fri Jan 23 03:42:36.286910 2026] [php:error] [pid 22367] [client 4.190.200.66:0] script '/domains/system_suspended/radio.php' not found or unable to stat
[Fri Jan 23 03:42:36.474095 2026] [php:error] [pid 22367] [client 4.190.200.66:0] script '/domains/system_suspended/dropdown.php' not found or unable to stat
[Fri Jan 23 03:42:37.168925 2026] [php:error] [pid 22367] [client 4.190.200.66:0] script '/domains/system_suspended/wp-2019.php' not found or unable to stat
[Fri Jan 23 03:42:37.888770 2026] [php:error] [pid 22367] [client 4.190.200.66:0] script '/domains/system_suspended/403.php' not found or unable to stat
[Fri Jan 23 03:42:38.325725 2026] [php:error] [pid 22367] [client 4.190.200.66:0] script '/domains/system_suspended/about.php' not found or unable to stat
[Fri Jan 23 03:42:38.505054 2026] [php:error] [pid 22367] [client 4.190.200.66:0] script '/domains/system_suspended/admin.php' not found or unable to stat
[Fri Jan 23 03:42:38.953622 2026] [php:error] [pid 22367] [client 4.190.200.66:0] script '/domains/system_suspended/as.php' not found or unable to stat
[Fri Jan 23 03:42:39.296419 2026] [php:error] [pid 22367] [client 4.190.200.66:0] script '/domains/system_suspended/autoload_classmap.php' not found or unable to stat
[Fri Jan 23 03:42:39.478037 2026] [php:error] [pid 22367] [client 4.190.200.66:0] script '/domains/system_suspended/classwithtostring.php' not found or unable to stat
[Fri Jan 23 03:42:39.828450 2026] [php:error] [pid 22367] [client 4.190.200.66:0] script '/domains/system_suspended/content.php' not found or unable to stat
[Fri Jan 23 03:42:40.015008 2026] [php:error] [pid 22367] [client 4.190.200.66:0] script '/domains/system_suspended/doc.php' not found or unable to stat
[Fri Jan 23 03:42:40.192790 2026] [php:error] [pid 22367] [client 4.190.200.66:0] script '/domains/system_suspended/dropdown.php' not found or unable to stat
[Fri Jan 23 03:42:40.467468 2026] [php:error] [pid 22367] [client 4.190.200.66:0] script '/domains/system_suspended/ee.php' not found or unable to stat
[Fri Jan 23 03:42:40.920772 2026] [php:error] [pid 22367] [client 4.190.200.66:0] script '/domains/system_suspended/moon.php' not found or unable to stat
[Fri Jan 23 03:42:41.198346 2026] [php:error] [pid 22367] [client 4.190.200.66:0] script '/domains/system_suspended/new.php' not found or unable to stat
[Fri Jan 23 03:42:41.518972 2026] [php:error] [pid 22367] [client 4.190.200.66:0] script '/domains/system_suspended/radio.php' not found or unable to stat
[Fri Jan 23 03:42:41.769540 2026] [php:error] [pid 22367] [client 4.190.200.66:0] script '/domains/system_suspended/s.php' not found or unable to stat
[Fri Jan 23 03:42:42.061661 2026] [php:error] [pid 22367] [client 4.190.200.66:0] script '/domains/system_suspended/sim.php' not found or unable to stat
[Fri Jan 23 03:42:42.355215 2026] [php:error] [pid 22367] [client 4.190.200.66:0] script '/domains/system_suspended/simple.php' not found or unable to stat
[Fri Jan 23 03:42:43.005748 2026] [php:error] [pid 22367] [client 4.190.200.66:0] script '/domains/system_suspended/user.php' not found or unable to stat
[Fri Jan 23 03:42:43.393799 2026] [php:error] [pid 22367] [client 4.190.200.66:0] script '/domains/system_suspended/webadmin.php' not found or unable to stat
[Fri Jan 23 03:42:45.231132 2026] [php:error] [pid 22367] [client 4.190.200.66:0] script '/domains/system_suspended/wp-config-sample.php' not found or unable to stat
[Fri Jan 23 03:42:45.505821 2026] [php:error] [pid 22367] [client 4.190.200.66:0] script '/domains/system_suspended/wp-configs.php' not found or unable to stat
[Fri Jan 23 03:42:45.750442 2026] [php:error] [pid 22367] [client 4.190.200.66:0] script '/domains/system_suspended/wp-conflg.php' not found or unable to stat
[Fri Jan 23 03:42:47.166429 2026] [php:error] [pid 22367] [client 4.190.200.66:0] script '/domains/system_suspended/wp-mail.php' not found or unable to stat
[Fri Jan 23 03:42:47.578660 2026] [php:error] [pid 22367] [client 4.190.200.66:0] script '/domains/system_suspended/wsa.php' not found or unable to stat
[Fri Jan 23 03:42:47.924440 2026] [php:error] [pid 22367] [client 4.190.200.66:0] script '/domains/system_suspended/xmlrpc.php' not found or unable to stat
[Fri Jan 23 03:42:48.101988 2026] [php:error] [pid 22367] [client 4.190.200.66:0] script '/domains/system_suspended/ab.php' not found or unable to stat
[Fri Jan 23 03:42:48.539299 2026] [php:error] [pid 22367] [client 4.190.200.66:0] script '/domains/system_suspended/classwithtostring.php' not found or unable to stat
[Fri Jan 23 03:42:48.888106 2026] [php:error] [pid 22367] [client 4.190.200.66:0] script '/domains/system_suspended/version.php' not found or unable to stat
[Fri Jan 23 03:42:49.060527 2026] [php:error] [pid 22367] [client 4.190.200.66:0] script '/domains/system_suspended/xxx.php' not found or unable to stat
[Fri Jan 23 03:42:50.074531 2026] [php:error] [pid 22367] [client 4.190.200.66:0] script '/domains/system_suspended/1.php' not found or unable to stat
[Fri Jan 23 03:42:50.391873 2026] [php:error] [pid 22367] [client 4.190.200.66:0] script '/domains/system_suspended/themes.php' not found or unable to stat
[Fri Jan 23 03:42:51.484520 2026] [php:error] [pid 22367] [client 4.190.200.66:0] script '/domains/system_suspended/b0.php' not found or unable to stat
[Fri Jan 23 03:42:51.661214 2026] [php:error] [pid 22367] [client 4.190.200.66:0] script '/domains/system_suspended/bala.php' not found or unable to stat
[Fri Jan 23 03:42:52.639668 2026] [php:error] [pid 22367] [client 4.190.200.66:0] script '/domains/system_suspended/xl2023.php.php' not found or unable to stat
[Fri Jan 23 03:42:54.014566 2026] [php:error] [pid 22367] [client 4.190.200.66:0] script '/domains/system_suspended/120f9.php' not found or unable to stat
[Fri Jan 23 03:42:54.326563 2026] [php:error] [pid 22367] [client 4.190.200.66:0] script '/domains/system_suspended/504.php' not found or unable to stat
[Fri Jan 23 03:42:54.607742 2026] [php:error] [pid 22367] [client 4.190.200.66:0] script '/domains/system_suspended/about.php' not found or unable to stat
[Fri Jan 23 03:42:54.881022 2026] [php:error] [pid 22367] [client 4.190.200.66:0] script '/domains/system_suspended/back.php' not found or unable to stat
[Fri Jan 23 03:42:55.067658 2026] [php:error] [pid 22367] [client 4.190.200.66:0] script '/domains/system_suspended/cong.php' not found or unable to stat
[Fri Jan 23 03:42:55.485506 2026] [php:error] [pid 22367] [client 4.190.200.66:0] script '/domains/system_suspended/credits.php' not found or unable to stat
[Fri Jan 23 03:42:55.978511 2026] [php:error] [pid 22367] [client 4.190.200.66:0] script '/domains/system_suspended/credits.php' not found or unable to stat
[Fri Jan 23 03:42:56.182792 2026] [php:error] [pid 22367] [client 4.190.200.66:0] script '/domains/system_suspended/data.php' not found or unable to stat
[Fri Jan 23 03:42:56.507104 2026] [php:error] [pid 22367] [client 4.190.200.66:0] script '/domains/system_suspended/function.php' not found or unable to stat
[Fri Jan 23 03:42:56.692230 2026] [php:error] [pid 22367] [client 4.190.200.66:0] script '/domains/system_suspended/goods.php' not found or unable to stat
[Fri Jan 23 03:42:56.883387 2026] [php:error] [pid 22367] [client 4.190.200.66:0] script '/domains/system_suspended/gzak2w.php' not found or unable to stat
[Fri Jan 23 03:42:57.361136 2026] [php:error] [pid 22367] [client 4.190.200.66:0] script '/domains/system_suspended/hehehehe.php' not found or unable to stat
[Fri Jan 23 03:42:58.038330 2026] [php:error] [pid 22367] [client 4.190.200.66:0] script '/domains/system_suspended/install.php' not found or unable to stat
[Fri Jan 23 03:42:58.408738 2026] [php:error] [pid 22367] [client 4.190.200.66:0] script '/domains/system_suspended/ova.php' not found or unable to stat
[Fri Jan 23 03:43:05.881544 2026] [php:error] [pid 22370] [client 4.190.200.66:0] script '/domains/system_suspended/wp.php' not found or unable to stat
[Fri Jan 23 03:43:06.219387 2026] [php:error] [pid 22379] [client 20.28.217.16:0] script '/domains/rextrav/wp-good.php' not found or unable to stat
[Fri Jan 23 03:43:06.523407 2026] [php:error] [pid 22379] [client 20.28.217.16:0] script '/domains/rextrav/ioxi-o.php' not found or unable to stat
[Fri Jan 23 03:43:06.727944 2026] [php:error] [pid 22379] [client 20.28.217.16:0] script '/domains/rextrav/file.php' not found or unable to stat
[Fri Jan 23 03:43:07.279353 2026] [php:error] [pid 22379] [client 20.28.217.16:0] script '/domains/rextrav/wp-signin.php' not found or unable to stat
[Fri Jan 23 03:43:07.489046 2026] [php:error] [pid 22379] [client 20.28.217.16:0] script '/domains/rextrav/abcd.php' not found or unable to stat
[Fri Jan 23 03:43:07.983665 2026] [php:error] [pid 22379] [client 20.28.217.16:0] script '/domains/rextrav/about.php' not found or unable to stat
[Fri Jan 23 03:43:08.186807 2026] [php:error] [pid 22379] [client 20.28.217.16:0] script '/domains/rextrav/bless.php' not found or unable to stat
[Fri Jan 23 03:43:08.593393 2026] [php:error] [pid 22379] [client 20.28.217.16:0] script '/domains/rextrav/num.php' not found or unable to stat
[Fri Jan 23 03:43:08.796375 2026] [php:error] [pid 22379] [client 20.28.217.16:0] script '/domains/rextrav/txets.php' not found or unable to stat
[Fri Jan 23 03:43:09.002196 2026] [php:error] [pid 22379] [client 20.28.217.16:0] script '/domains/rextrav/wp-blog.php' not found or unable to stat
[Fri Jan 23 03:43:10.048919 2026] [php:error] [pid 22379] [client 20.28.217.16:0] script '/domains/rextrav/wp.php' not found or unable to stat
[Fri Jan 23 03:43:10.252903 2026] [php:error] [pid 22379] [client 20.28.217.16:0] script '/domains/rextrav/admin.php' not found or unable to stat
[Fri Jan 23 03:43:10.454046 2026] [php:error] [pid 22379] [client 20.28.217.16:0] script '/domains/rextrav/adminfuns.php' not found or unable to stat
[Fri Jan 23 03:43:10.661907 2026] [php:error] [pid 22379] [client 20.28.217.16:0] script '/domains/rextrav/chosen.php' not found or unable to stat
[Fri Jan 23 03:43:10.869276 2026] [php:error] [pid 22379] [client 20.28.217.16:0] script '/domains/rextrav/classwithtostring.php' not found or unable to stat
[Fri Jan 23 03:43:11.072940 2026] [php:error] [pid 22379] [client 20.28.217.16:0] script '/domains/rextrav/edit.php' not found or unable to stat
[Fri Jan 23 03:43:11.281907 2026] [php:error] [pid 22379] [client 20.28.217.16:0] script '/domains/rextrav/goods.php' not found or unable to stat
[Fri Jan 23 03:43:11.495904 2026] [php:error] [pid 22379] [client 20.28.217.16:0] script '/domains/rextrav/k.php' not found or unable to stat
[Fri Jan 23 03:43:13.349192 2026] [php:error] [pid 22379] [client 20.28.217.16:0] script '/domains/rextrav/wp-user.php' not found or unable to stat
[Fri Jan 23 03:43:13.552382 2026] [php:error] [pid 22379] [client 20.28.217.16:0] script '/domains/rextrav/404.php' not found or unable to stat
[Fri Jan 23 03:43:13.754852 2026] [php:error] [pid 22379] [client 20.28.217.16:0] script '/domains/rextrav/akcc.php' not found or unable to stat
[Fri Jan 23 03:43:13.957572 2026] [php:error] [pid 22379] [client 20.28.217.16:0] script '/domains/rextrav/gg.php' not found or unable to stat
[Fri Jan 23 03:43:14.159909 2026] [php:error] [pid 22379] [client 20.28.217.16:0] script '/domains/rextrav/mah.php' not found or unable to stat
[Fri Jan 23 03:43:14.373967 2026] [php:error] [pid 22379] [client 20.28.217.16:0] script '/domains/rextrav/new.php' not found or unable to stat
[Fri Jan 23 03:43:14.582815 2026] [php:error] [pid 22379] [client 20.28.217.16:0] script '/domains/rextrav/themes.php' not found or unable to stat
[Fri Jan 23 03:43:39.646155 2026] [php:error] [pid 22367] [client 4.190.195.218:0] script '/domains/tcrlle/aa.php' not found or unable to stat
[Fri Jan 23 03:43:39.814404 2026] [php:error] [pid 22367] [client 4.190.195.218:0] script '/domains/tcrlle/about.php' not found or unable to stat
[Fri Jan 23 03:43:39.980935 2026] [php:error] [pid 22367] [client 4.190.195.218:0] script '/domains/tcrlle/adminfuns.php' not found or unable to stat
[Fri Jan 23 03:43:40.157343 2026] [php:error] [pid 22367] [client 4.190.195.218:0] script '/domains/tcrlle/bolt.php' not found or unable to stat
[Fri Jan 23 03:43:40.323971 2026] [php:error] [pid 22367] [client 4.190.195.218:0] script '/domains/tcrlle/buy.php' not found or unable to stat
[Fri Jan 23 03:43:40.492016 2026] [php:error] [pid 22367] [client 4.190.195.218:0] script '/domains/tcrlle/goods.php' not found or unable to stat
[Fri Jan 23 03:43:40.660465 2026] [php:error] [pid 22367] [client 4.190.195.218:0] script '/domains/tcrlle/deepseek_d.php' not found or unable to stat
[Fri Jan 23 03:43:40.826865 2026] [php:error] [pid 22367] [client 4.190.195.218:0] script '/domains/tcrlle/file.php' not found or unable to stat
[Fri Jan 23 03:43:40.993118 2026] [php:error] [pid 22367] [client 4.190.195.218:0] script '/domains/tcrlle/ioxi-o.php' not found or unable to stat
[Fri Jan 23 03:43:41.337819 2026] [php:error] [pid 22367] [client 4.190.195.218:0] script '/domains/tcrlle/test1.php' not found or unable to stat
[Fri Jan 23 03:43:41.509767 2026] [php:error] [pid 22367] [client 4.190.195.218:0] script '/domains/tcrlle/elp.php' not found or unable to stat
[Fri Jan 23 03:43:42.181134 2026] [php:error] [pid 22367] [client 4.190.195.218:0] script '/domains/tcrlle/xmlrpc.php' not found or unable to stat
[Fri Jan 23 03:43:42.288286 2026] [php:error] [pid 22379] [client 20.219.130.224:0] script '/domains/gk3c/wp-2019.php' not found or unable to stat
[Fri Jan 23 03:43:42.349769 2026] [php:error] [pid 22367] [client 4.190.195.218:0] script '/domains/tcrlle/inputs.php' not found or unable to stat
[Fri Jan 23 03:43:42.516851 2026] [php:error] [pid 22379] [client 20.219.130.224:0] script '/domains/gk3c/403.php' not found or unable to stat
[Fri Jan 23 03:43:42.527681 2026] [php:error] [pid 22367] [client 4.190.195.218:0] script '/domains/tcrlle/classsmtps.php' not found or unable to stat
[Fri Jan 23 03:43:42.694274 2026] [php:error] [pid 22367] [client 4.190.195.218:0] script '/domains/tcrlle/wp-trackback.php' not found or unable to stat
[Fri Jan 23 03:43:42.725235 2026] [php:error] [pid 22379] [client 20.219.130.224:0] script '/domains/gk3c/aaa.php' not found or unable to stat
[Fri Jan 23 03:43:42.860395 2026] [php:error] [pid 22367] [client 4.190.195.218:0] script '/domains/tcrlle/wp-cron.php' not found or unable to stat
[Fri Jan 23 03:43:43.035950 2026] [php:error] [pid 22367] [client 4.190.195.218:0] script '/domains/tcrlle/wp-load.php' not found or unable to stat
[Fri Jan 23 03:43:43.203143 2026] [php:error] [pid 22367] [client 4.190.195.218:0] script '/domains/tcrlle/wp-mail.php' not found or unable to stat
[Fri Jan 23 03:43:43.372695 2026] [php:error] [pid 22367] [client 4.190.195.218:0] script '/domains/tcrlle/wp-activate.php' not found or unable to stat
[Fri Jan 23 03:43:43.542650 2026] [php:error] [pid 22367] [client 4.190.195.218:0] script '/domains/tcrlle/plugins.php' not found or unable to stat
[Fri Jan 23 03:43:43.555539 2026] [php:error] [pid 22379] [client 20.219.130.224:0] script '/domains/gk3c/y.php' not found or unable to stat
[Fri Jan 23 03:43:43.709338 2026] [php:error] [pid 22367] [client 4.190.195.218:0] script '/domains/tcrlle/admin.php' not found or unable to stat
[Fri Jan 23 03:43:43.887577 2026] [php:error] [pid 22367] [client 4.190.195.218:0] script '/domains/tcrlle/atomlib.php' not found or unable to stat
[Fri Jan 23 03:43:43.969334 2026] [php:error] [pid 22379] [client 20.219.130.224:0] script '/domains/gk3c/ggfi.php' not found or unable to stat
[Fri Jan 23 03:43:44.054143 2026] [php:error] [pid 22367] [client 4.190.195.218:0] script '/domains/tcrlle/simple.php' not found or unable to stat
[Fri Jan 23 03:43:44.221625 2026] [php:error] [pid 22367] [client 4.190.195.218:0] script '/domains/tcrlle/log.php' not found or unable to stat
[Fri Jan 23 03:43:44.387912 2026] [php:error] [pid 22367] [client 4.190.195.218:0] script '/domains/tcrlle/lufix.php' not found or unable to stat
[Fri Jan 23 03:43:44.554069 2026] [php:error] [pid 22367] [client 4.190.195.218:0] script '/domains/tcrlle/content.php' not found or unable to stat
[Fri Jan 23 03:43:44.608253 2026] [php:error] [pid 22379] [client 20.219.130.224:0] script '/domains/gk3c/buy.php' not found or unable to stat
[Fri Jan 23 03:43:44.720538 2026] [php:error] [pid 22367] [client 4.190.195.218:0] script '/domains/tcrlle/wp.php' not found or unable to stat
[Fri Jan 23 03:43:44.815899 2026] [php:error] [pid 22379] [client 20.219.130.224:0] script '/domains/gk3c/chosen.php' not found or unable to stat
[Fri Jan 23 03:43:44.906573 2026] [php:error] [pid 22367] [client 4.190.195.218:0] script '/domains/tcrlle/wp-conflg.php' not found or unable to stat
[Fri Jan 23 03:43:45.022414 2026] [php:error] [pid 22379] [client 20.219.130.224:0] script '/domains/gk3c/index.php' not found or unable to stat
[Fri Jan 23 03:43:45.072860 2026] [php:error] [pid 22367] [client 4.190.195.218:0] script '/domains/tcrlle/404.php' not found or unable to stat
[Fri Jan 23 03:43:45.229340 2026] [php:error] [pid 22379] [client 20.219.130.224:0] script '/domains/gk3c/cron.php' not found or unable to stat
[Fri Jan 23 03:43:45.248197 2026] [php:error] [pid 22367] [client 4.190.195.218:0] script '/domains/tcrlle/updates.php' not found or unable to stat
[Fri Jan 23 03:43:45.419165 2026] [php:error] [pid 22367] [client 4.190.195.218:0] script '/domains/tcrlle/radio.php' not found or unable to stat
[Fri Jan 23 03:43:45.478896 2026] [php:error] [pid 22379] [client 20.219.130.224:0] script '/domains/gk3c/functions.php' not found or unable to stat
[Fri Jan 23 03:43:45.594306 2026] [php:error] [pid 22367] [client 4.190.195.218:0] script '/domains/tcrlle/xmrlpc.php' not found or unable to stat
[Fri Jan 23 03:43:45.760388 2026] [php:error] [pid 22367] [client 4.190.195.218:0] script '/domains/tcrlle/moon.php' not found or unable to stat
[Fri Jan 23 03:43:45.926630 2026] [php:error] [pid 22367] [client 4.190.195.218:0] script '/domains/tcrlle/blog.php' not found or unable to stat
[Fri Jan 23 03:43:46.100783 2026] [php:error] [pid 22367] [client 4.190.195.218:0] script '/domains/tcrlle/themes.php' not found or unable to stat
[Fri Jan 23 03:43:46.267046 2026] [php:error] [pid 22367] [client 4.190.195.218:0] script '/domains/tcrlle/ini.php' not found or unable to stat
[Fri Jan 23 03:43:46.353637 2026] [php:error] [pid 22379] [client 20.219.130.224:0] script '/domains/gk3c/wp-add.php' not found or unable to stat
[Fri Jan 23 03:43:46.435055 2026] [php:error] [pid 22367] [client 4.190.195.218:0] script '/domains/tcrlle/as.php' not found or unable to stat
[Fri Jan 23 03:43:46.562726 2026] [php:error] [pid 22379] [client 20.219.130.224:0] script '/domains/gk3c/0.php' not found or unable to stat
[Fri Jan 23 03:43:46.602682 2026] [php:error] [pid 22367] [client 4.190.195.218:0] script '/domains/tcrlle/ws.php' not found or unable to stat
[Fri Jan 23 03:43:46.778701 2026] [php:error] [pid 22367] [client 4.190.195.218:0] script '/domains/tcrlle/dropdown.php' not found or unable to stat
[Fri Jan 23 03:43:46.807314 2026] [php:error] [pid 22379] [client 20.219.130.224:0] script '/domains/gk3c/edit.php' not found or unable to stat
[Fri Jan 23 03:43:46.954645 2026] [php:error] [pid 22367] [client 4.190.195.218:0] script '/domains/tcrlle/makeasmtp.php' not found or unable to stat
[Fri Jan 23 03:43:47.013236 2026] [php:error] [pid 22379] [client 20.219.130.224:0] script '/domains/gk3c/meta.php' not found or unable to stat
[Fri Jan 23 03:43:47.128733 2026] [php:error] [pid 22367] [client 4.190.195.218:0] script '/domains/tcrlle/alfanew.php' not found or unable to stat
[Fri Jan 23 03:43:47.220423 2026] [php:error] [pid 22379] [client 20.219.130.224:0] script '/domains/gk3c/new.php' not found or unable to stat
[Fri Jan 23 03:43:47.295035 2026] [php:error] [pid 22367] [client 4.190.195.218:0] script '/domains/tcrlle/fw.php' not found or unable to stat
[Fri Jan 23 03:43:47.461509 2026] [php:error] [pid 22367] [client 4.190.195.218:0] script '/domains/tcrlle/install.php' not found or unable to stat
[Fri Jan 23 03:43:47.627808 2026] [php:error] [pid 22367] [client 4.190.195.218:0] script '/domains/tcrlle/chosen.php' not found or unable to stat
[Fri Jan 23 03:43:47.653693 2026] [php:error] [pid 22379] [client 20.219.130.224:0] script '/domains/gk3c/as.php' not found or unable to stat
[Fri Jan 23 03:43:47.860358 2026] [php:error] [pid 22379] [client 20.219.130.224:0] script '/domains/gk3c/ds.php' not found or unable to stat
[Fri Jan 23 03:43:48.067995 2026] [php:error] [pid 22379] [client 20.219.130.224:0] script '/domains/gk3c/error.php' not found or unable to stat
[Fri Jan 23 03:43:48.303811 2026] [php:error] [pid 22379] [client 20.219.130.224:0] script '/domains/gk3c/gecko-new.php' not found or unable to stat
[Fri Jan 23 03:43:48.514242 2026] [php:error] [pid 22379] [client 20.219.130.224:0] script '/domains/gk3c/randkeyword.php' not found or unable to stat
[Fri Jan 23 03:43:49.137992 2026] [php:error] [pid 22379] [client 20.219.130.224:0] script '/domains/gk3c/NewFile.php' not found or unable to stat
[Fri Jan 23 03:43:49.348448 2026] [php:error] [pid 22379] [client 20.219.130.224:0] script '/domains/gk3c/goods.php' not found or unable to stat
[Fri Jan 23 03:43:49.554488 2026] [php:error] [pid 22379] [client 20.219.130.224:0] script '/domains/gk3c/simple.php' not found or unable to stat
[Fri Jan 23 03:43:50.389631 2026] [php:error] [pid 22379] [client 20.219.130.224:0] script '/domains/gk3c/c.php' not found or unable to stat
[Fri Jan 23 03:43:51.009509 2026] [php:error] [pid 22379] [client 20.219.130.224:0] script '/domains/gk3c/auth.php' not found or unable to stat
[Fri Jan 23 03:43:51.216878 2026] [php:error] [pid 22379] [client 20.219.130.224:0] script '/domains/gk3c/class-wp-lock.php' not found or unable to stat
[Fri Jan 23 03:43:51.424588 2026] [php:error] [pid 22379] [client 20.219.130.224:0] script '/domains/gk3c/cookie.php' not found or unable to stat
[Fri Jan 23 03:43:51.630827 2026] [php:error] [pid 22379] [client 20.219.130.224:0] script '/domains/gk3c/admin.php' not found or unable to stat
[Fri Jan 23 03:43:51.836907 2026] [php:error] [pid 22379] [client 20.219.130.224:0] script '/domains/gk3c/baxa1.php' not found or unable to stat
[Fri Jan 23 03:43:52.478889 2026] [php:error] [pid 22379] [client 20.219.130.224:0] script '/domains/gk3c/xleet.php' not found or unable to stat
[Fri Jan 23 03:43:52.893850 2026] [php:error] [pid 22379] [client 20.219.130.224:0] script '/domains/gk3c/about.php' not found or unable to stat
[Fri Jan 23 03:43:54.195752 2026] [php:error] [pid 22379] [client 20.219.130.224:0] script '/domains/gk3c/alfanew.php' not found or unable to stat
[Fri Jan 23 03:43:54.607847 2026] [php:error] [pid 22379] [client 20.219.130.224:0] script '/domains/gk3c/22.php' not found or unable to stat
[Fri Jan 23 03:43:55.224714 2026] [php:error] [pid 22379] [client 20.219.130.224:0] script '/domains/gk3c/simple.php' not found or unable to stat
[Fri Jan 23 03:43:55.638291 2026] [php:error] [pid 22379] [client 20.219.130.224:0] script '/domains/gk3c/admin.php' not found or unable to stat
[Fri Jan 23 03:43:55.848568 2026] [php:error] [pid 22379] [client 20.219.130.224:0] script '/domains/gk3c/c99.php' not found or unable to stat
[Fri Jan 23 03:43:56.074025 2026] [php:error] [pid 22379] [client 20.219.130.224:0] script '/domains/gk3c/file.php' not found or unable to stat
[Fri Jan 23 03:43:56.281568 2026] [php:error] [pid 22379] [client 20.219.130.224:0] script '/domains/gk3c/b.php' not found or unable to stat
[Fri Jan 23 03:43:56.487552 2026] [php:error] [pid 22379] [client 20.219.130.224:0] script '/domains/gk3c/classwithtostring.php' not found or unable to stat
[Fri Jan 23 03:43:56.694010 2026] [php:error] [pid 22379] [client 20.219.130.224:0] script '/domains/gk3c/css.php' not found or unable to stat
[Fri Jan 23 03:43:56.902280 2026] [php:error] [pid 22379] [client 20.219.130.224:0] script '/domains/gk3c/flower.php' not found or unable to stat
[Fri Jan 23 03:43:57.524664 2026] [php:error] [pid 22379] [client 20.219.130.224:0] script '/domains/gk3c/jp.php' not found or unable to stat
[Fri Jan 23 03:43:57.730580 2026] [php:error] [pid 22379] [client 20.219.130.224:0] script '/domains/gk3c/room.php' not found or unable to stat
[Fri Jan 23 03:43:58.360960 2026] [php:error] [pid 22379] [client 20.219.130.224:0] script '/domains/gk3c/12.php' not found or unable to stat
[Fri Jan 23 03:43:58.567021 2026] [php:error] [pid 22379] [client 20.219.130.224:0] script '/domains/gk3c/404.php' not found or unable to stat
