[Wed Jan 21 02:04:26.653832 2026] [php:error] [pid 22236] [client 4.194.34.171:0] script '/domains/ferguson.interport/wp-activat.php' not found or unable to stat
[Wed Jan 21 02:04:26.880524 2026] [php:error] [pid 22236] [client 4.194.34.171:0] script '/domains/ferguson.interport/wp-admin.php' not found or unable to stat
[Wed Jan 21 02:04:28.022319 2026] [php:error] [pid 22236] [client 4.194.34.171:0] script '/domains/ferguson.interport/wp-blog.php' not found or unable to stat
[Wed Jan 21 02:04:28.249586 2026] [php:error] [pid 22236] [client 4.194.34.171:0] script '/domains/ferguson.interport/wp-conf.php' not found or unable to stat
[Wed Jan 21 02:04:30.511402 2026] [php:error] [pid 22236] [client 4.194.34.171:0] script '/domains/ferguson.interport/wp-file.php' not found or unable to stat
[Wed Jan 21 02:04:30.741729 2026] [php:error] [pid 22236] [client 4.194.34.171:0] script '/domains/ferguson.interport/wp-include.php' not found or unable to stat
[Wed Jan 21 02:04:33.254932 2026] [php:error] [pid 22236] [client 4.194.34.171:0] script '/domains/ferguson.interport/wp-logs.php' not found or unable to stat
[Wed Jan 21 02:04:33.481806 2026] [php:error] [pid 22236] [client 4.194.34.171:0] script '/domains/ferguson.interport/xmlrpc.php' not found or unable to stat
[Wed Jan 21 02:04:35.534977 2026] [php:error] [pid 22236] [client 4.194.34.171:0] script '/domains/ferguson.interport/WSO.php' not found or unable to stat
[Wed Jan 21 02:04:39.871641 2026] [php:error] [pid 22236] [client 4.194.34.171:0] script '/domains/ferguson.interport/goods.php' not found or unable to stat
[Wed Jan 21 02:04:41.468948 2026] [php:error] [pid 22236] [client 4.194.34.171:0] script '/domains/ferguson.interport/edit.php' not found or unable to stat
[Wed Jan 21 02:04:42.142381 2026] [php:error] [pid 22237] [client 4.194.34.171:0] script '/domains/ferguson.interport/file5.php' not found or unable to stat
[Wed Jan 21 02:04:43.046783 2026] [php:error] [pid 22237] [client 4.194.34.171:0] script '/domains/ferguson.interport/aa.php' not found or unable to stat
[Wed Jan 21 02:04:43.265894 2026] [php:error] [pid 22239] [client 20.89.17.172:0] script '/domains/tennex/ioxi-o.php' not found or unable to stat
[Wed Jan 21 02:04:43.430626 2026] [php:error] [pid 22239] [client 20.89.17.172:0] script '/domains/tennex/0x.php' not found or unable to stat
[Wed Jan 21 02:04:43.472365 2026] [php:error] [pid 22231] [client 142.248.80.123:0] script '/domains/emsco1/xmlrpc.php' not found or unable to stat
[Wed Jan 21 02:04:43.592142 2026] [php:error] [pid 22239] [client 20.89.17.172:0] script '/domains/tennex/222.php' not found or unable to stat
[Wed Jan 21 02:04:43.756536 2026] [php:error] [pid 22239] [client 20.89.17.172:0] script '/domains/tennex/aa.php' not found or unable to stat
[Wed Jan 21 02:04:43.923218 2026] [php:error] [pid 22239] [client 20.89.17.172:0] script '/domains/tennex/abcd.php' not found or unable to stat
[Wed Jan 21 02:04:44.088712 2026] [php:error] [pid 22239] [client 20.89.17.172:0] script '/domains/tennex/admin.php' not found or unable to stat
[Wed Jan 21 02:04:44.411866 2026] [php:error] [pid 22239] [client 20.89.17.172:0] script '/domains/tennex/adminfuns.php' not found or unable to stat
[Wed Jan 21 02:04:44.571778 2026] [php:error] [pid 22239] [client 20.89.17.172:0] script '/domains/tennex/akc.php' not found or unable to stat
[Wed Jan 21 02:04:44.731677 2026] [php:error] [pid 22239] [client 20.89.17.172:0] script '/domains/tennex/buy.php' not found or unable to stat
[Wed Jan 21 02:04:44.892798 2026] [php:error] [pid 22239] [client 20.89.17.172:0] script '/domains/tennex/cong.php' not found or unable to stat
[Wed Jan 21 02:04:45.052504 2026] [php:error] [pid 22239] [client 20.89.17.172:0] script '/domains/tennex/ioxi-o.php' not found or unable to stat
[Wed Jan 21 02:04:45.067718 2026] [php:error] [pid 22237] [client 4.194.34.171:0] script '/domains/ferguson.interport/autoload_classmap.php' not found or unable to stat
[Wed Jan 21 02:04:45.374261 2026] [php:error] [pid 22239] [client 20.89.17.172:0] script '/domains/tennex/db.php' not found or unable to stat
[Wed Jan 21 02:04:45.534293 2026] [php:error] [pid 22239] [client 20.89.17.172:0] script '/domains/tennex/dropdown.php' not found or unable to stat
[Wed Jan 21 02:04:45.714614 2026] [php:error] [pid 22239] [client 20.89.17.172:0] script '/domains/tennex/file.php' not found or unable to stat
[Wed Jan 21 02:04:45.879848 2026] [php:error] [pid 22239] [client 20.89.17.172:0] script '/domains/tennex/goods.php' not found or unable to stat
[Wed Jan 21 02:04:46.039852 2026] [php:error] [pid 22239] [client 20.89.17.172:0] script '/domains/tennex/hplfuns.php' not found or unable to stat
[Wed Jan 21 02:04:46.199600 2026] [php:error] [pid 22239] [client 20.89.17.172:0] script '/domains/tennex/htaccess.php' not found or unable to stat
[Wed Jan 21 02:04:46.360855 2026] [php:error] [pid 22239] [client 20.89.17.172:0] script '/domains/tennex/images/wso.php' not found or unable to stat
[Wed Jan 21 02:04:46.692327 2026] [php:error] [pid 22239] [client 20.89.17.172:0] script '/domains/tennex/info.php' not found or unable to stat
[Wed Jan 21 02:04:46.865432 2026] [php:error] [pid 22239] [client 20.89.17.172:0] script '/domains/tennex/profile.php' not found or unable to stat
[Wed Jan 21 02:04:47.031424 2026] [php:error] [pid 22239] [client 20.89.17.172:0] script '/domains/tennex/sx.php' not found or unable to stat
[Wed Jan 21 02:04:47.992535 2026] [php:error] [pid 22237] [client 4.194.34.171:0] script '/domains/ferguson.interport/file.php' not found or unable to stat
[Wed Jan 21 02:04:49.353334 2026] [php:error] [pid 22237] [client 4.194.34.171:0] script '/domains/ferguson.interport/inputs.php' not found or unable to stat
[Wed Jan 21 02:04:50.031261 2026] [php:error] [pid 22237] [client 4.194.34.171:0] script '/domains/ferguson.interport/1.php' not found or unable to stat
[Wed Jan 21 02:04:50.457524 2026] [php:error] [pid 22239] [client 20.89.17.172:0] script '/domains/tennex/wp-fclass.php' not found or unable to stat
[Wed Jan 21 02:04:53.235744 2026] [php:error] [pid 22239] [client 20.89.17.172:0] script '/domains/tennex/wp-themes.php' not found or unable to stat
[Wed Jan 21 02:04:53.405636 2026] [php:error] [pid 22239] [client 20.89.17.172:0] script '/domains/tennex/xmlrpc.php' not found or unable to stat
[Wed Jan 21 02:04:54.327816 2026] [php:error] [pid 22237] [client 4.194.34.171:0] script '/domains/ferguson.interport/flower.php' not found or unable to stat
[Wed Jan 21 02:04:56.373486 2026] [php:error] [pid 22223] [client 20.196.90.228:0] script '/domains/davidbacker/aa.php' not found or unable to stat
[Wed Jan 21 02:04:56.562517 2026] [php:error] [pid 22223] [client 20.196.90.228:0] script '/domains/davidbacker/about.php' not found or unable to stat
[Wed Jan 21 02:04:56.751409 2026] [php:error] [pid 22223] [client 20.196.90.228:0] script '/domains/davidbacker/adminfuns.php' not found or unable to stat
[Wed Jan 21 02:04:56.942580 2026] [php:error] [pid 22223] [client 20.196.90.228:0] script '/domains/davidbacker/bolt.php' not found or unable to stat
[Wed Jan 21 02:04:57.131867 2026] [php:error] [pid 22223] [client 20.196.90.228:0] script '/domains/davidbacker/buy.php' not found or unable to stat
[Wed Jan 21 02:04:57.321048 2026] [php:error] [pid 22223] [client 20.196.90.228:0] script '/domains/davidbacker/goods.php' not found or unable to stat
[Wed Jan 21 02:04:57.509793 2026] [php:error] [pid 22223] [client 20.196.90.228:0] script '/domains/davidbacker/deepseek_d.php' not found or unable to stat
[Wed Jan 21 02:04:57.698765 2026] [php:error] [pid 22223] [client 20.196.90.228:0] script '/domains/davidbacker/file.php' not found or unable to stat
[Wed Jan 21 02:04:57.889480 2026] [php:error] [pid 22223] [client 20.196.90.228:0] script '/domains/davidbacker/ioxi-o.php' not found or unable to stat
[Wed Jan 21 02:04:58.162851 2026] [php:error] [pid 22237] [client 4.194.34.171:0] script '/domains/ferguson.interport/ioxi-o.php' not found or unable to stat
[Wed Jan 21 02:04:58.267444 2026] [php:error] [pid 22223] [client 20.196.90.228:0] script '/domains/davidbacker/test1.php' not found or unable to stat
[Wed Jan 21 02:04:58.386151 2026] [php:error] [pid 22237] [client 4.194.34.171:0] script '/domains/ferguson.interport/radio.php' not found or unable to stat
[Wed Jan 21 02:04:58.457149 2026] [php:error] [pid 22223] [client 20.196.90.228:0] script '/domains/davidbacker/elp.php' not found or unable to stat
[Wed Jan 21 02:04:59.215409 2026] [php:error] [pid 22223] [client 20.196.90.228:0] script '/domains/davidbacker/xmlrpc.php' not found or unable to stat
[Wed Jan 21 02:04:59.407740 2026] [php:error] [pid 22223] [client 20.196.90.228:0] script '/domains/davidbacker/inputs.php' not found or unable to stat
[Wed Jan 21 02:04:59.596542 2026] [php:error] [pid 22223] [client 20.196.90.228:0] script '/domains/davidbacker/classsmtps.php' not found or unable to stat
[Wed Jan 21 02:04:59.747457 2026] [php:error] [pid 22237] [client 4.194.34.171:0] script '/domains/ferguson.interport/admin.php' not found or unable to stat
[Wed Jan 21 02:04:59.785568 2026] [php:error] [pid 22223] [client 20.196.90.228:0] script '/domains/davidbacker/wp-trackback.php' not found or unable to stat
[Wed Jan 21 02:04:59.974932 2026] [php:error] [pid 22223] [client 20.196.90.228:0] script '/domains/davidbacker/wp-cron.php' not found or unable to stat
[Wed Jan 21 02:04:59.980600 2026] [php:error] [pid 22237] [client 4.194.34.171:0] script '/domains/ferguson.interport/functions.php' not found or unable to stat
[Wed Jan 21 02:05:00.164058 2026] [php:error] [pid 22223] [client 20.196.90.228:0] script '/domains/davidbacker/wp-load.php' not found or unable to stat
[Wed Jan 21 02:05:00.355673 2026] [php:error] [pid 22223] [client 20.196.90.228:0] script '/domains/davidbacker/wp-mail.php' not found or unable to stat
[Wed Jan 21 02:05:00.544570 2026] [php:error] [pid 22223] [client 20.196.90.228:0] script '/domains/davidbacker/wp-activate.php' not found or unable to stat
[Wed Jan 21 02:05:00.733489 2026] [php:error] [pid 22223] [client 20.196.90.228:0] script '/domains/davidbacker/plugins.php' not found or unable to stat
[Wed Jan 21 02:05:00.922767 2026] [php:error] [pid 22223] [client 20.196.90.228:0] script '/domains/davidbacker/admin.php' not found or unable to stat
[Wed Jan 21 02:05:01.112031 2026] [php:error] [pid 22223] [client 20.196.90.228:0] script '/domains/davidbacker/atomlib.php' not found or unable to stat
[Wed Jan 21 02:05:01.301936 2026] [php:error] [pid 22223] [client 20.196.90.228:0] script '/domains/davidbacker/simple.php' not found or unable to stat
[Wed Jan 21 02:05:01.492562 2026] [php:error] [pid 22223] [client 20.196.90.228:0] script '/domains/davidbacker/log.php' not found or unable to stat
[Wed Jan 21 02:05:01.681895 2026] [php:error] [pid 22223] [client 20.196.90.228:0] script '/domains/davidbacker/lufix.php' not found or unable to stat
[Wed Jan 21 02:05:01.871741 2026] [php:error] [pid 22223] [client 20.196.90.228:0] script '/domains/davidbacker/content.php' not found or unable to stat
[Wed Jan 21 02:05:02.060831 2026] [php:error] [pid 22223] [client 20.196.90.228:0] script '/domains/davidbacker/wp.php' not found or unable to stat
[Wed Jan 21 02:05:02.250134 2026] [php:error] [pid 22223] [client 20.196.90.228:0] script '/domains/davidbacker/wp-conflg.php' not found or unable to stat
[Wed Jan 21 02:05:02.439247 2026] [php:error] [pid 22223] [client 20.196.90.228:0] script '/domains/davidbacker/404.php' not found or unable to stat
[Wed Jan 21 02:05:02.630449 2026] [php:error] [pid 22223] [client 20.196.90.228:0] script '/domains/davidbacker/updates.php' not found or unable to stat
[Wed Jan 21 02:05:02.819532 2026] [php:error] [pid 22223] [client 20.196.90.228:0] script '/domains/davidbacker/radio.php' not found or unable to stat
[Wed Jan 21 02:05:03.008594 2026] [php:error] [pid 22223] [client 20.196.90.228:0] script '/domains/davidbacker/xmrlpc.php' not found or unable to stat
[Wed Jan 21 02:05:03.202902 2026] [php:error] [pid 22223] [client 20.196.90.228:0] script '/domains/davidbacker/moon.php' not found or unable to stat
[Wed Jan 21 02:05:03.392012 2026] [php:error] [pid 22223] [client 20.196.90.228:0] script '/domains/davidbacker/blog.php' not found or unable to stat
[Wed Jan 21 02:05:03.580962 2026] [php:error] [pid 22223] [client 20.196.90.228:0] script '/domains/davidbacker/themes.php' not found or unable to stat
[Wed Jan 21 02:05:03.771498 2026] [php:error] [pid 22223] [client 20.196.90.228:0] script '/domains/davidbacker/ini.php' not found or unable to stat
[Wed Jan 21 02:05:03.960598 2026] [php:error] [pid 22223] [client 20.196.90.228:0] script '/domains/davidbacker/as.php' not found or unable to stat
[Wed Jan 21 02:05:04.149584 2026] [php:error] [pid 22223] [client 20.196.90.228:0] script '/domains/davidbacker/ws.php' not found or unable to stat
[Wed Jan 21 02:05:04.340109 2026] [php:error] [pid 22223] [client 20.196.90.228:0] script '/domains/davidbacker/dropdown.php' not found or unable to stat
[Wed Jan 21 02:05:04.529222 2026] [php:error] [pid 22223] [client 20.196.90.228:0] script '/domains/davidbacker/makeasmtp.php' not found or unable to stat
[Wed Jan 21 02:05:04.722803 2026] [php:error] [pid 22223] [client 20.196.90.228:0] script '/domains/davidbacker/alfanew.php' not found or unable to stat
[Wed Jan 21 02:05:04.911900 2026] [php:error] [pid 22223] [client 20.196.90.228:0] script '/domains/davidbacker/fw.php' not found or unable to stat
[Wed Jan 21 02:05:05.104988 2026] [php:error] [pid 22223] [client 20.196.90.228:0] script '/domains/davidbacker/install.php' not found or unable to stat
[Wed Jan 21 02:05:05.297883 2026] [php:error] [pid 22223] [client 20.196.90.228:0] script '/domains/davidbacker/chosen.php' not found or unable to stat
[Wed Jan 21 02:05:21.993264 2026] [php:error] [pid 22241] [client 20.89.17.172:0] script '/domains/lover/aa.php' not found or unable to stat
[Wed Jan 21 02:05:22.160733 2026] [php:error] [pid 22241] [client 20.89.17.172:0] script '/domains/lover/about.php' not found or unable to stat
[Wed Jan 21 02:05:22.321790 2026] [php:error] [pid 22241] [client 20.89.17.172:0] script '/domains/lover/adminfuns.php' not found or unable to stat
[Wed Jan 21 02:05:22.483415 2026] [php:error] [pid 22241] [client 20.89.17.172:0] script '/domains/lover/bolt.php' not found or unable to stat
[Wed Jan 21 02:05:22.643594 2026] [php:error] [pid 22241] [client 20.89.17.172:0] script '/domains/lover/buy.php' not found or unable to stat
[Wed Jan 21 02:05:22.809157 2026] [php:error] [pid 22241] [client 20.89.17.172:0] script '/domains/lover/goods.php' not found or unable to stat
[Wed Jan 21 02:05:22.970009 2026] [php:error] [pid 22241] [client 20.89.17.172:0] script '/domains/lover/deepseek_d.php' not found or unable to stat
[Wed Jan 21 02:05:23.130612 2026] [php:error] [pid 22241] [client 20.89.17.172:0] script '/domains/lover/file.php' not found or unable to stat
[Wed Jan 21 02:05:23.311276 2026] [php:error] [pid 22241] [client 20.89.17.172:0] script '/domains/lover/ioxi-o.php' not found or unable to stat
[Wed Jan 21 02:05:23.632330 2026] [php:error] [pid 22241] [client 20.89.17.172:0] script '/domains/lover/test1.php' not found or unable to stat
[Wed Jan 21 02:05:23.794064 2026] [php:error] [pid 22241] [client 20.89.17.172:0] script '/domains/lover/elp.php' not found or unable to stat
[Wed Jan 21 02:05:24.447361 2026] [php:error] [pid 22241] [client 20.89.17.172:0] script '/domains/lover/xmlrpc.php' not found or unable to stat
[Wed Jan 21 02:05:24.615562 2026] [php:error] [pid 22241] [client 20.89.17.172:0] script '/domains/lover/inputs.php' not found or unable to stat
[Wed Jan 21 02:05:24.775890 2026] [php:error] [pid 22241] [client 20.89.17.172:0] script '/domains/lover/classsmtps.php' not found or unable to stat
[Wed Jan 21 02:05:24.936169 2026] [php:error] [pid 22241] [client 20.89.17.172:0] script '/domains/lover/wp-trackback.php' not found or unable to stat
[Wed Jan 21 02:05:25.096157 2026] [php:error] [pid 22241] [client 20.89.17.172:0] script '/domains/lover/wp-cron.php' not found or unable to stat
[Wed Jan 21 02:05:25.266425 2026] [php:error] [pid 22241] [client 20.89.17.172:0] script '/domains/lover/wp-load.php' not found or unable to stat
[Wed Jan 21 02:05:25.428995 2026] [php:error] [pid 22241] [client 20.89.17.172:0] script '/domains/lover/wp-mail.php' not found or unable to stat
[Wed Jan 21 02:05:25.592651 2026] [php:error] [pid 22241] [client 20.89.17.172:0] script '/domains/lover/wp-activate.php' not found or unable to stat
[Wed Jan 21 02:05:25.753100 2026] [php:error] [pid 22241] [client 20.89.17.172:0] script '/domains/lover/plugins.php' not found or unable to stat
[Wed Jan 21 02:05:25.913314 2026] [php:error] [pid 22241] [client 20.89.17.172:0] script '/domains/lover/admin.php' not found or unable to stat
[Wed Jan 21 02:05:26.073488 2026] [php:error] [pid 22241] [client 20.89.17.172:0] script '/domains/lover/atomlib.php' not found or unable to stat
[Wed Jan 21 02:05:26.233742 2026] [php:error] [pid 22241] [client 20.89.17.172:0] script '/domains/lover/simple.php' not found or unable to stat
[Wed Jan 21 02:05:26.397103 2026] [php:error] [pid 22241] [client 20.89.17.172:0] script '/domains/lover/log.php' not found or unable to stat
[Wed Jan 21 02:05:26.557542 2026] [php:error] [pid 22241] [client 20.89.17.172:0] script '/domains/lover/lufix.php' not found or unable to stat
[Wed Jan 21 02:05:26.717718 2026] [php:error] [pid 22241] [client 20.89.17.172:0] script '/domains/lover/content.php' not found or unable to stat
[Wed Jan 21 02:05:26.878164 2026] [php:error] [pid 22241] [client 20.89.17.172:0] script '/domains/lover/wp.php' not found or unable to stat
[Wed Jan 21 02:05:27.039516 2026] [php:error] [pid 22241] [client 20.89.17.172:0] script '/domains/lover/wp-conflg.php' not found or unable to stat
[Wed Jan 21 02:05:27.202285 2026] [php:error] [pid 22241] [client 20.89.17.172:0] script '/domains/lover/404.php' not found or unable to stat
[Wed Jan 21 02:05:27.363026 2026] [php:error] [pid 22241] [client 20.89.17.172:0] script '/domains/lover/updates.php' not found or unable to stat
[Wed Jan 21 02:05:27.523158 2026] [php:error] [pid 22241] [client 20.89.17.172:0] script '/domains/lover/radio.php' not found or unable to stat
[Wed Jan 21 02:05:27.683288 2026] [php:error] [pid 22241] [client 20.89.17.172:0] script '/domains/lover/xmrlpc.php' not found or unable to stat
[Wed Jan 21 02:05:27.843687 2026] [php:error] [pid 22241] [client 20.89.17.172:0] script '/domains/lover/moon.php' not found or unable to stat
[Wed Jan 21 02:05:28.003963 2026] [php:error] [pid 22241] [client 20.89.17.172:0] script '/domains/lover/blog.php' not found or unable to stat
[Wed Jan 21 02:05:28.163976 2026] [php:error] [pid 22241] [client 20.89.17.172:0] script '/domains/lover/themes.php' not found or unable to stat
[Wed Jan 21 02:05:28.331007 2026] [php:error] [pid 22241] [client 20.89.17.172:0] script '/domains/lover/ini.php' not found or unable to stat
[Wed Jan 21 02:05:28.492804 2026] [php:error] [pid 22241] [client 20.89.17.172:0] script '/domains/lover/as.php' not found or unable to stat
[Wed Jan 21 02:05:28.652947 2026] [php:error] [pid 22241] [client 20.89.17.172:0] script '/domains/lover/ws.php' not found or unable to stat
[Wed Jan 21 02:05:28.820327 2026] [php:error] [pid 22241] [client 20.89.17.172:0] script '/domains/lover/dropdown.php' not found or unable to stat
[Wed Jan 21 02:05:28.981630 2026] [php:error] [pid 22241] [client 20.89.17.172:0] script '/domains/lover/makeasmtp.php' not found or unable to stat
[Wed Jan 21 02:05:29.141869 2026] [php:error] [pid 22241] [client 20.89.17.172:0] script '/domains/lover/alfanew.php' not found or unable to stat
[Wed Jan 21 02:05:29.315760 2026] [php:error] [pid 22241] [client 20.89.17.172:0] script '/domains/lover/fw.php' not found or unable to stat
[Wed Jan 21 02:05:29.478898 2026] [php:error] [pid 22241] [client 20.89.17.172:0] script '/domains/lover/install.php' not found or unable to stat
[Wed Jan 21 02:05:29.639262 2026] [php:error] [pid 22241] [client 20.89.17.172:0] script '/domains/lover/chosen.php' not found or unable to stat
[Wed Jan 21 02:06:08.491873 2026] [php:error] [pid 22248] [client 20.192.24.172:0] script '/domains/emsco1/ioxi-o.php' not found or unable to stat
[Wed Jan 21 02:06:08.705037 2026] [php:error] [pid 22248] [client 20.192.24.172:0] script '/domains/emsco1/0x.php' not found or unable to stat
[Wed Jan 21 02:06:08.926772 2026] [php:error] [pid 22248] [client 20.192.24.172:0] script '/domains/emsco1/222.php' not found or unable to stat
[Wed Jan 21 02:06:09.138975 2026] [php:error] [pid 22248] [client 20.192.24.172:0] script '/domains/emsco1/aa.php' not found or unable to stat
[Wed Jan 21 02:06:09.353168 2026] [php:error] [pid 22248] [client 20.192.24.172:0] script '/domains/emsco1/abcd.php' not found or unable to stat
[Wed Jan 21 02:06:09.565952 2026] [php:error] [pid 22248] [client 20.192.24.172:0] script '/domains/emsco1/admin.php' not found or unable to stat
[Wed Jan 21 02:06:09.990584 2026] [php:error] [pid 22248] [client 20.192.24.172:0] script '/domains/emsco1/adminfuns.php' not found or unable to stat
[Wed Jan 21 02:06:10.216990 2026] [php:error] [pid 22248] [client 20.192.24.172:0] script '/domains/emsco1/akc.php' not found or unable to stat
[Wed Jan 21 02:06:10.432511 2026] [php:error] [pid 22248] [client 20.192.24.172:0] script '/domains/emsco1/buy.php' not found or unable to stat
[Wed Jan 21 02:06:10.644473 2026] [php:error] [pid 22248] [client 20.192.24.172:0] script '/domains/emsco1/cong.php' not found or unable to stat
[Wed Jan 21 02:06:10.856387 2026] [php:error] [pid 22248] [client 20.192.24.172:0] script '/domains/emsco1/ioxi-o.php' not found or unable to stat
[Wed Jan 21 02:06:11.293928 2026] [php:error] [pid 22248] [client 20.192.24.172:0] script '/domains/emsco1/db.php' not found or unable to stat
[Wed Jan 21 02:06:11.514744 2026] [php:error] [pid 22248] [client 20.192.24.172:0] script '/domains/emsco1/dropdown.php' not found or unable to stat
[Wed Jan 21 02:06:11.726651 2026] [php:error] [pid 22248] [client 20.192.24.172:0] script '/domains/emsco1/file.php' not found or unable to stat
[Wed Jan 21 02:06:11.938416 2026] [php:error] [pid 22248] [client 20.192.24.172:0] script '/domains/emsco1/goods.php' not found or unable to stat
[Wed Jan 21 02:06:12.150324 2026] [php:error] [pid 22248] [client 20.192.24.172:0] script '/domains/emsco1/hplfuns.php' not found or unable to stat
[Wed Jan 21 02:06:12.362615 2026] [php:error] [pid 22248] [client 20.192.24.172:0] script '/domains/emsco1/htaccess.php' not found or unable to stat
[Wed Jan 21 02:06:12.998861 2026] [php:error] [pid 22248] [client 20.192.24.172:0] script '/domains/emsco1/info.php' not found or unable to stat
[Wed Jan 21 02:06:13.211758 2026] [php:error] [pid 22248] [client 20.192.24.172:0] script '/domains/emsco1/profile.php' not found or unable to stat
[Wed Jan 21 02:06:13.423875 2026] [php:error] [pid 22248] [client 20.192.24.172:0] script '/domains/emsco1/sx.php' not found or unable to stat
[Wed Jan 21 02:06:17.997428 2026] [php:error] [pid 22248] [client 20.192.24.172:0] script '/domains/emsco1/wp-fclass.php' not found or unable to stat
[Wed Jan 21 02:06:21.691795 2026] [php:error] [pid 22248] [client 20.192.24.172:0] script '/domains/emsco1/wp-themes.php' not found or unable to stat
[Wed Jan 21 02:06:21.904009 2026] [php:error] [pid 22248] [client 20.192.24.172:0] script '/domains/emsco1/xmlrpc.php' not found or unable to stat
[Wed Jan 21 02:06:47.399744 2026] [php:error] [pid 22250] [client 45.148.10.159:0] script '/domains/hand-hammerweb/phpinfo.php' not found or unable to stat
[Wed Jan 21 02:06:59.667529 2026] [php:error] [pid 22249] [client 20.192.24.172:0] script '/domains/system_suspended/aa.php' not found or unable to stat
[Wed Jan 21 02:06:59.905105 2026] [php:error] [pid 22249] [client 20.192.24.172:0] script '/domains/system_suspended/about.php' not found or unable to stat
[Wed Jan 21 02:07:00.143993 2026] [php:error] [pid 22249] [client 20.192.24.172:0] script '/domains/system_suspended/adminfuns.php' not found or unable to stat
[Wed Jan 21 02:07:00.381667 2026] [php:error] [pid 22249] [client 20.192.24.172:0] script '/domains/system_suspended/bolt.php' not found or unable to stat
[Wed Jan 21 02:07:00.631263 2026] [php:error] [pid 22249] [client 20.192.24.172:0] script '/domains/system_suspended/buy.php' not found or unable to stat
[Wed Jan 21 02:07:00.868574 2026] [php:error] [pid 22249] [client 20.192.24.172:0] script '/domains/system_suspended/goods.php' not found or unable to stat
[Wed Jan 21 02:07:01.105916 2026] [php:error] [pid 22249] [client 20.192.24.172:0] script '/domains/system_suspended/deepseek_d.php' not found or unable to stat
[Wed Jan 21 02:07:01.343256 2026] [php:error] [pid 22249] [client 20.192.24.172:0] script '/domains/system_suspended/file.php' not found or unable to stat
[Wed Jan 21 02:07:01.580779 2026] [php:error] [pid 22249] [client 20.192.24.172:0] script '/domains/system_suspended/ioxi-o.php' not found or unable to stat
[Wed Jan 21 02:07:02.056194 2026] [php:error] [pid 22249] [client 20.192.24.172:0] script '/domains/system_suspended/test1.php' not found or unable to stat
[Wed Jan 21 02:07:02.293725 2026] [php:error] [pid 22249] [client 20.192.24.172:0] script '/domains/system_suspended/elp.php' not found or unable to stat
[Wed Jan 21 02:07:03.255643 2026] [php:error] [pid 22249] [client 20.192.24.172:0] script '/domains/system_suspended/xmlrpc.php' not found or unable to stat
[Wed Jan 21 02:07:03.493248 2026] [php:error] [pid 22249] [client 20.192.24.172:0] script '/domains/system_suspended/inputs.php' not found or unable to stat
[Wed Jan 21 02:07:03.730498 2026] [php:error] [pid 22249] [client 20.192.24.172:0] script '/domains/system_suspended/classsmtps.php' not found or unable to stat
[Wed Jan 21 02:07:03.967667 2026] [php:error] [pid 22249] [client 20.192.24.172:0] script '/domains/system_suspended/wp-trackback.php' not found or unable to stat
[Wed Jan 21 02:07:04.206291 2026] [php:error] [pid 22249] [client 20.192.24.172:0] script '/domains/system_suspended/wp-cron.php' not found or unable to stat
[Wed Jan 21 02:07:04.444414 2026] [php:error] [pid 22249] [client 20.192.24.172:0] script '/domains/system_suspended/wp-load.php' not found or unable to stat
[Wed Jan 21 02:07:04.682285 2026] [php:error] [pid 22249] [client 20.192.24.172:0] script '/domains/system_suspended/wp-mail.php' not found or unable to stat
[Wed Jan 21 02:07:04.923247 2026] [php:error] [pid 22249] [client 20.192.24.172:0] script '/domains/system_suspended/wp-activate.php' not found or unable to stat
[Wed Jan 21 02:07:05.167170 2026] [php:error] [pid 22249] [client 20.192.24.172:0] script '/domains/system_suspended/plugins.php' not found or unable to stat
[Wed Jan 21 02:07:05.404921 2026] [php:error] [pid 22249] [client 20.192.24.172:0] script '/domains/system_suspended/admin.php' not found or unable to stat
[Wed Jan 21 02:07:05.642060 2026] [php:error] [pid 22249] [client 20.192.24.172:0] script '/domains/system_suspended/atomlib.php' not found or unable to stat
[Wed Jan 21 02:07:05.879330 2026] [php:error] [pid 22249] [client 20.192.24.172:0] script '/domains/system_suspended/simple.php' not found or unable to stat
[Wed Jan 21 02:07:06.119123 2026] [php:error] [pid 22249] [client 20.192.24.172:0] script '/domains/system_suspended/log.php' not found or unable to stat
[Wed Jan 21 02:07:06.356856 2026] [php:error] [pid 22249] [client 20.192.24.172:0] script '/domains/system_suspended/lufix.php' not found or unable to stat
[Wed Jan 21 02:07:06.594186 2026] [php:error] [pid 22249] [client 20.192.24.172:0] script '/domains/system_suspended/content.php' not found or unable to stat
[Wed Jan 21 02:07:06.832358 2026] [php:error] [pid 22249] [client 20.192.24.172:0] script '/domains/system_suspended/wp.php' not found or unable to stat
[Wed Jan 21 02:07:07.074220 2026] [php:error] [pid 22249] [client 20.192.24.172:0] script '/domains/system_suspended/wp-conflg.php' not found or unable to stat
[Wed Jan 21 02:07:07.315833 2026] [php:error] [pid 22249] [client 20.192.24.172:0] script '/domains/system_suspended/404.php' not found or unable to stat
[Wed Jan 21 02:07:07.552979 2026] [php:error] [pid 22249] [client 20.192.24.172:0] script '/domains/system_suspended/updates.php' not found or unable to stat
[Wed Jan 21 02:07:07.791138 2026] [php:error] [pid 22249] [client 20.192.24.172:0] script '/domains/system_suspended/radio.php' not found or unable to stat
[Wed Jan 21 02:07:08.028346 2026] [php:error] [pid 22249] [client 20.192.24.172:0] script '/domains/system_suspended/xmrlpc.php' not found or unable to stat
[Wed Jan 21 02:07:08.265337 2026] [php:error] [pid 22249] [client 20.192.24.172:0] script '/domains/system_suspended/moon.php' not found or unable to stat
[Wed Jan 21 02:07:08.502406 2026] [php:error] [pid 22249] [client 20.192.24.172:0] script '/domains/system_suspended/blog.php' not found or unable to stat
[Wed Jan 21 02:07:08.739936 2026] [php:error] [pid 22249] [client 20.192.24.172:0] script '/domains/system_suspended/themes.php' not found or unable to stat
[Wed Jan 21 02:07:08.977404 2026] [php:error] [pid 22249] [client 20.192.24.172:0] script '/domains/system_suspended/ini.php' not found or unable to stat
[Wed Jan 21 02:07:09.216855 2026] [php:error] [pid 22249] [client 20.192.24.172:0] script '/domains/system_suspended/as.php' not found or unable to stat
[Wed Jan 21 02:07:09.454594 2026] [php:error] [pid 22249] [client 20.192.24.172:0] script '/domains/system_suspended/ws.php' not found or unable to stat
[Wed Jan 21 02:07:09.691715 2026] [php:error] [pid 22249] [client 20.192.24.172:0] script '/domains/system_suspended/dropdown.php' not found or unable to stat
[Wed Jan 21 02:07:09.938263 2026] [php:error] [pid 22249] [client 20.192.24.172:0] script '/domains/system_suspended/makeasmtp.php' not found or unable to stat
[Wed Jan 21 02:07:10.176824 2026] [php:error] [pid 22249] [client 20.192.24.172:0] script '/domains/system_suspended/alfanew.php' not found or unable to stat
[Wed Jan 21 02:07:10.415197 2026] [php:error] [pid 22249] [client 20.192.24.172:0] script '/domains/system_suspended/fw.php' not found or unable to stat
[Wed Jan 21 02:07:10.655579 2026] [php:error] [pid 22249] [client 20.192.24.172:0] script '/domains/system_suspended/install.php' not found or unable to stat
[Wed Jan 21 02:07:10.903189 2026] [php:error] [pid 22249] [client 20.192.24.172:0] script '/domains/system_suspended/chosen.php' not found or unable to stat
[Wed Jan 21 02:07:14.417900 2026] [php:error] [pid 22250] [client 45.148.10.159:0] script '/domains/hand-hammerweb/_phpinfo.php' not found or unable to stat
[Wed Jan 21 02:07:15.954992 2026] [php:error] [pid 22235] [client 134.199.194.75:0] script '/domains/rnachum/wp-login.php' not found or unable to stat
[Wed Jan 21 02:07:16.043170 2026] [php:error] [pid 22260] [client 134.199.194.75:0] script '/domains/rnachum/wp-login.php' not found or unable to stat
[Wed Jan 21 02:07:16.371287 2026] [php:error] [pid 22261] [client 134.199.194.75:0] script '/domains/rnachum/wp-login.php' not found or unable to stat, referer: https://t.co/
[Wed Jan 21 02:07:16.459552 2026] [php:error] [pid 22258] [client 134.199.194.75:0] script '/domains/rnachum/wp-login.php' not found or unable to stat, referer: https://www.google.com/search?q=wordpress
[Wed Jan 21 02:07:25.638904 2026] [php:error] [pid 22249] [client 40.83.72.58:0] script '/domains/aatweb/ioxi-o.php' not found or unable to stat
[Wed Jan 21 02:07:25.850345 2026] [php:error] [pid 22249] [client 40.83.72.58:0] script '/domains/aatweb/0x.php' not found or unable to stat
[Wed Jan 21 02:07:26.057986 2026] [php:error] [pid 22249] [client 40.83.72.58:0] script '/domains/aatweb/222.php' not found or unable to stat
[Wed Jan 21 02:07:26.081955 2026] [php:error] [pid 22258] [client 45.148.10.159:0] script '/domains/hand-hammerweb/wp-config.php.bak' not found or unable to stat
[Wed Jan 21 02:07:26.169130 2026] [php:error] [pid 22258] [client 45.148.10.159:0] script '/domains/hand-hammerweb/info.php' not found or unable to stat
[Wed Jan 21 02:07:26.266396 2026] [php:error] [pid 22249] [client 40.83.72.58:0] script '/domains/aatweb/aa.php' not found or unable to stat
[Wed Jan 21 02:07:26.482126 2026] [php:error] [pid 22249] [client 40.83.72.58:0] script '/domains/aatweb/abcd.php' not found or unable to stat
[Wed Jan 21 02:07:26.690073 2026] [php:error] [pid 22249] [client 40.83.72.58:0] script '/domains/aatweb/admin.php' not found or unable to stat
[Wed Jan 21 02:07:27.114774 2026] [php:error] [pid 22249] [client 40.83.72.58:0] script '/domains/aatweb/adminfuns.php' not found or unable to stat
[Wed Jan 21 02:07:27.323119 2026] [php:error] [pid 22249] [client 40.83.72.58:0] script '/domains/aatweb/akc.php' not found or unable to stat
[Wed Jan 21 02:07:27.533859 2026] [php:error] [pid 22249] [client 40.83.72.58:0] script '/domains/aatweb/buy.php' not found or unable to stat
[Wed Jan 21 02:07:27.751697 2026] [php:error] [pid 22249] [client 40.83.72.58:0] script '/domains/aatweb/cong.php' not found or unable to stat
[Wed Jan 21 02:07:27.973158 2026] [php:error] [pid 22249] [client 40.83.72.58:0] script '/domains/aatweb/ioxi-o.php' not found or unable to stat
[Wed Jan 21 02:07:28.400410 2026] [php:error] [pid 22249] [client 40.83.72.58:0] script '/domains/aatweb/db.php' not found or unable to stat
[Wed Jan 21 02:07:28.561800 2026] [php:error] [pid 22251] [client 45.148.10.159:0] script '/domains/hand-hammerweb/server_info.php' not found or unable to stat
[Wed Jan 21 02:07:28.607887 2026] [php:error] [pid 22249] [client 40.83.72.58:0] script '/domains/aatweb/dropdown.php' not found or unable to stat
[Wed Jan 21 02:07:28.664153 2026] [php:error] [pid 22251] [client 45.148.10.159:0] script '/domains/hand-hammerweb/app_dev.php' not found or unable to stat
[Wed Jan 21 02:07:28.758673 2026] [php:error] [pid 22251] [client 45.148.10.159:0] script '/domains/hand-hammerweb/test.php' not found or unable to stat
[Wed Jan 21 02:07:28.826746 2026] [php:error] [pid 22249] [client 40.83.72.58:0] script '/domains/aatweb/file.php' not found or unable to stat
[Wed Jan 21 02:07:28.850289 2026] [access_compat:error] [pid 22251] [client 45.148.10.159:0] AH01797: client denied by server configuration: /domains/hand-hammerweb/server-info
[Wed Jan 21 02:07:28.931255 2026] [php:error] [pid 22251] [client 45.148.10.159:0] script '/domains/hand-hammerweb/server-info.php' not found or unable to stat
[Wed Jan 21 02:07:29.047646 2026] [php:error] [pid 22249] [client 40.83.72.58:0] script '/domains/aatweb/goods.php' not found or unable to stat
[Wed Jan 21 02:07:29.262857 2026] [php:error] [pid 22249] [client 40.83.72.58:0] script '/domains/aatweb/hplfuns.php' not found or unable to stat
[Wed Jan 21 02:07:29.470300 2026] [php:error] [pid 22249] [client 40.83.72.58:0] script '/domains/aatweb/htaccess.php' not found or unable to stat
[Wed Jan 21 02:07:29.678694 2026] [php:error] [pid 22249] [client 40.83.72.58:0] script '/domains/aatweb/images/wso.php' not found or unable to stat
[Wed Jan 21 02:07:30.093780 2026] [php:error] [pid 22249] [client 40.83.72.58:0] script '/domains/aatweb/info.php' not found or unable to stat
[Wed Jan 21 02:07:30.317435 2026] [php:error] [pid 22249] [client 40.83.72.58:0] script '/domains/aatweb/profile.php' not found or unable to stat
[Wed Jan 21 02:07:30.529153 2026] [php:error] [pid 22249] [client 40.83.72.58:0] script '/domains/aatweb/sx.php' not found or unable to stat
[Wed Jan 21 02:07:35.039816 2026] [php:error] [pid 22249] [client 40.83.72.58:0] script '/domains/aatweb/wp-fclass.php' not found or unable to stat
[Wed Jan 21 02:07:37.649303 2026] [php:error] [pid 22263] [client 20.89.17.172:0] script '/domains/bfitpro2/2.php' not found or unable to stat
[Wed Jan 21 02:07:38.036164 2026] [php:error] [pid 22263] [client 20.89.17.172:0] script '/domains/bfitpro2/a.php' not found or unable to stat
[Wed Jan 21 02:07:38.201649 2026] [php:error] [pid 22263] [client 20.89.17.172:0] script '/domains/bfitpro2/aaa.php' not found or unable to stat
[Wed Jan 21 02:07:38.363456 2026] [php:error] [pid 22263] [client 20.89.17.172:0] script '/domains/bfitpro2/ab.php' not found or unable to stat
[Wed Jan 21 02:07:38.524811 2026] [php:error] [pid 22263] [client 20.89.17.172:0] script '/domains/bfitpro2/about.php' not found or unable to stat
[Wed Jan 21 02:07:38.649933 2026] [php:error] [pid 22249] [client 40.83.72.58:0] script '/domains/aatweb/wp-themes.php' not found or unable to stat
[Wed Jan 21 02:07:38.858826 2026] [php:error] [pid 22249] [client 40.83.72.58:0] script '/domains/aatweb/xmlrpc.php' not found or unable to stat
[Wed Jan 21 02:07:38.860361 2026] [php:error] [pid 22263] [client 20.89.17.172:0] script '/domains/bfitpro2/alfa.php' not found or unable to stat
[Wed Jan 21 02:07:39.021120 2026] [php:error] [pid 22263] [client 20.89.17.172:0] script '/domains/bfitpro2/api.php' not found or unable to stat
[Wed Jan 21 02:07:39.180970 2026] [php:error] [pid 22263] [client 20.89.17.172:0] script '/domains/bfitpro2/auth.php' not found or unable to stat
[Wed Jan 21 02:07:39.538084 2026] [php:error] [pid 22263] [client 20.89.17.172:0] script '/domains/bfitpro2/classwithtostring.php' not found or unable to stat
[Wed Jan 21 02:07:39.706500 2026] [php:error] [pid 22263] [client 20.89.17.172:0] script '/domains/bfitpro2/contents.php' not found or unable to stat
[Wed Jan 21 02:07:40.037362 2026] [php:error] [pid 22263] [client 20.89.17.172:0] script '/domains/bfitpro2/default.php' not found or unable to stat
[Wed Jan 21 02:07:40.555424 2026] [php:error] [pid 22263] [client 20.89.17.172:0] script '/domains/bfitpro2/favicon.php' not found or unable to stat
[Wed Jan 21 02:07:40.736515 2026] [php:error] [pid 22263] [client 20.89.17.172:0] script '/domains/bfitpro2/hehe.php' not found or unable to stat
[Wed Jan 21 02:07:41.084888 2026] [php:error] [pid 22263] [client 20.89.17.172:0] script '/domains/bfitpro2/index.php' not found or unable to stat
[Wed Jan 21 02:07:41.269007 2026] [php:error] [pid 22263] [client 20.89.17.172:0] script '/domains/bfitpro2/info.php' not found or unable to stat
[Wed Jan 21 02:07:41.431161 2026] [php:error] [pid 22263] [client 20.89.17.172:0] script '/domains/bfitpro2/k.php' not found or unable to stat
[Wed Jan 21 02:07:41.604885 2026] [php:error] [pid 22263] [client 20.89.17.172:0] script '/domains/bfitpro2/lock360.php' not found or unable to stat
[Wed Jan 21 02:07:41.767400 2026] [php:error] [pid 22263] [client 20.89.17.172:0] script '/domains/bfitpro2/log.php' not found or unable to stat
[Wed Jan 21 02:07:41.930368 2026] [php:error] [pid 22263] [client 20.89.17.172:0] script '/domains/bfitpro2/man.php' not found or unable to stat
[Wed Jan 21 02:07:42.275230 2026] [php:error] [pid 22263] [client 20.89.17.172:0] script '/domains/bfitpro2/post.php' not found or unable to stat
[Wed Jan 21 02:07:42.611325 2026] [php:error] [pid 22263] [client 20.89.17.172:0] script '/domains/bfitpro2/root.php' not found or unable to stat
[Wed Jan 21 02:07:42.730565 2026] [php:error] [pid 22251] [client 4.190.210.95:0] script '/domains/system_cancel/aa.php' not found or unable to stat
[Wed Jan 21 02:07:42.771538 2026] [php:error] [pid 22263] [client 20.89.17.172:0] script '/domains/bfitpro2/shellv3.php' not found or unable to stat
[Wed Jan 21 02:07:42.903508 2026] [php:error] [pid 22251] [client 4.190.210.95:0] script '/domains/system_cancel/about.php' not found or unable to stat
[Wed Jan 21 02:07:43.070676 2026] [php:error] [pid 22251] [client 4.190.210.95:0] script '/domains/system_cancel/adminfuns.php' not found or unable to stat
[Wed Jan 21 02:07:43.103497 2026] [php:error] [pid 22263] [client 20.89.17.172:0] script '/domains/bfitpro2/system.php' not found or unable to stat
[Wed Jan 21 02:07:43.268207 2026] [php:error] [pid 22263] [client 20.89.17.172:0] script '/domains/bfitpro2/test.php' not found or unable to stat
[Wed Jan 21 02:07:43.430864 2026] [php:error] [pid 22263] [client 20.89.17.172:0] script '/domains/bfitpro2/theme.php' not found or unable to stat
[Wed Jan 21 02:07:43.614152 2026] [php:error] [pid 22263] [client 20.89.17.172:0] script '/domains/bfitpro2/wp-activat.php' not found or unable to stat
[Wed Jan 21 02:07:43.775805 2026] [php:error] [pid 22263] [client 20.89.17.172:0] script '/domains/bfitpro2/wp-admin.php' not found or unable to stat
[Wed Jan 21 02:07:43.787056 2026] [php:error] [pid 22251] [client 4.190.210.95:0] script '/domains/system_cancel/deepseek_d.php' not found or unable to stat
[Wed Jan 21 02:07:44.135407 2026] [php:error] [pid 22251] [client 4.190.210.95:0] script '/domains/system_cancel/ioxi-o.php' not found or unable to stat
[Wed Jan 21 02:07:44.483109 2026] [php:error] [pid 22251] [client 4.190.210.95:0] script '/domains/system_cancel/test1.php' not found or unable to stat
[Wed Jan 21 02:07:44.650051 2026] [php:error] [pid 22251] [client 4.190.210.95:0] script '/domains/system_cancel/elp.php' not found or unable to stat
[Wed Jan 21 02:07:44.652545 2026] [php:error] [pid 22263] [client 20.89.17.172:0] script '/domains/bfitpro2/wp-blog.php' not found or unable to stat
[Wed Jan 21 02:07:44.835342 2026] [php:error] [pid 22263] [client 20.89.17.172:0] script '/domains/bfitpro2/wp-conf.php' not found or unable to stat
[Wed Jan 21 02:07:45.345010 2026] [php:error] [pid 22251] [client 4.190.210.95:0] script '/domains/system_cancel/xmlrpc.php' not found or unable to stat
[Wed Jan 21 02:07:45.521982 2026] [php:error] [pid 22251] [client 4.190.210.95:0] script '/domains/system_cancel/inputs.php' not found or unable to stat
[Wed Jan 21 02:07:45.689088 2026] [php:error] [pid 22251] [client 4.190.210.95:0] script '/domains/system_cancel/classsmtps.php' not found or unable to stat
[Wed Jan 21 02:07:46.513590 2026] [php:error] [pid 22263] [client 20.89.17.172:0] script '/domains/bfitpro2/wp-file.php' not found or unable to stat
[Wed Jan 21 02:07:46.682767 2026] [php:error] [pid 22263] [client 20.89.17.172:0] script '/domains/bfitpro2/wp-include.php' not found or unable to stat
[Wed Jan 21 02:07:46.893341 2026] [php:error] [pid 22251] [client 4.190.210.95:0] script '/domains/system_cancel/admin.php' not found or unable to stat
[Wed Jan 21 02:07:47.060289 2026] [php:error] [pid 22251] [client 4.190.210.95:0] script '/domains/system_cancel/atomlib.php' not found or unable to stat
[Wed Jan 21 02:07:47.396056 2026] [php:error] [pid 22251] [client 4.190.210.95:0] script '/domains/system_cancel/log.php' not found or unable to stat
[Wed Jan 21 02:07:47.562818 2026] [php:error] [pid 22251] [client 4.190.210.95:0] script '/domains/system_cancel/lufix.php' not found or unable to stat
[Wed Jan 21 02:07:47.743459 2026] [php:error] [pid 22251] [client 4.190.210.95:0] script '/domains/system_cancel/content.php' not found or unable to stat
[Wed Jan 21 02:07:48.559038 2026] [php:error] [pid 22263] [client 20.89.17.172:0] script '/domains/bfitpro2/wp-logs.php' not found or unable to stat
[Wed Jan 21 02:07:48.604447 2026] [php:error] [pid 22251] [client 4.190.210.95:0] script '/domains/system_cancel/radio.php' not found or unable to stat
[Wed Jan 21 02:07:48.738341 2026] [php:error] [pid 22263] [client 20.89.17.172:0] script '/domains/bfitpro2/xmlrpc.php' not found or unable to stat
[Wed Jan 21 02:07:48.778543 2026] [php:error] [pid 22251] [client 4.190.210.95:0] script '/domains/system_cancel/xmrlpc.php' not found or unable to stat
[Wed Jan 21 02:07:48.947082 2026] [php:error] [pid 22251] [client 4.190.210.95:0] script '/domains/system_cancel/moon.php' not found or unable to stat
[Wed Jan 21 02:07:49.289386 2026] [php:error] [pid 22251] [client 4.190.210.95:0] script '/domains/system_cancel/themes.php' not found or unable to stat
[Wed Jan 21 02:07:49.456936 2026] [php:error] [pid 22251] [client 4.190.210.95:0] script '/domains/system_cancel/ini.php' not found or unable to stat
[Wed Jan 21 02:07:49.630776 2026] [php:error] [pid 22251] [client 4.190.210.95:0] script '/domains/system_cancel/as.php' not found or unable to stat
[Wed Jan 21 02:07:49.974865 2026] [php:error] [pid 22251] [client 4.190.210.95:0] script '/domains/system_cancel/dropdown.php' not found or unable to stat
[Wed Jan 21 02:07:50.142209 2026] [php:error] [pid 22251] [client 4.190.210.95:0] script '/domains/system_cancel/makeasmtp.php' not found or unable to stat
[Wed Jan 21 02:07:50.243944 2026] [php:error] [pid 22263] [client 20.89.17.172:0] script '/domains/bfitpro2/WSO.php' not found or unable to stat
[Wed Jan 21 02:07:50.309897 2026] [php:error] [pid 22251] [client 4.190.210.95:0] script '/domains/system_cancel/alfanew.php' not found or unable to stat
[Wed Jan 21 02:07:50.657827 2026] [php:error] [pid 22251] [client 4.190.210.95:0] script '/domains/system_cancel/install.php' not found or unable to stat
[Wed Jan 21 02:07:50.837430 2026] [php:error] [pid 22251] [client 4.190.210.95:0] script '/domains/system_cancel/chosen.php' not found or unable to stat
[Wed Jan 21 02:07:53.524814 2026] [php:error] [pid 22263] [client 20.89.17.172:0] script '/domains/bfitpro2/goods.php' not found or unable to stat
[Wed Jan 21 02:07:54.212714 2026] [php:error] [pid 22263] [client 20.89.17.172:0] script '/domains/bfitpro2/cgi-bin/wp-2019.php' not found or unable to stat
[Wed Jan 21 02:07:54.369607 2026] [php:error] [pid 22249] [client 102.165.48.48:0] script '/domains/quintet/xmlrpc.php' not found or unable to stat
[Wed Jan 21 02:07:54.709126 2026] [php:error] [pid 22263] [client 20.89.17.172:0] script '/domains/bfitpro2/edit.php' not found or unable to stat
[Wed Jan 21 02:07:55.206435 2026] [php:error] [pid 22254] [client 20.89.17.172:0] script '/domains/bfitpro2/file5.php' not found or unable to stat
[Wed Jan 21 02:07:55.863158 2026] [php:error] [pid 22254] [client 20.89.17.172:0] script '/domains/bfitpro2/aa.php' not found or unable to stat
[Wed Jan 21 02:07:57.104016 2026] [php:error] [pid 22262] [client 20.192.24.172:0] script '/domains/schellin/aa.php' not found or unable to stat
[Wed Jan 21 02:07:57.338378 2026] [php:error] [pid 22254] [client 20.89.17.172:0] script '/domains/bfitpro2/autoload_classmap.php' not found or unable to stat
[Wed Jan 21 02:07:57.359861 2026] [php:error] [pid 22262] [client 20.192.24.172:0] script '/domains/schellin/about.php' not found or unable to stat
[Wed Jan 21 02:07:57.611836 2026] [php:error] [pid 22262] [client 20.192.24.172:0] script '/domains/schellin/adminfuns.php' not found or unable to stat
[Wed Jan 21 02:07:57.861274 2026] [php:error] [pid 22262] [client 20.192.24.172:0] script '/domains/schellin/bolt.php' not found or unable to stat
[Wed Jan 21 02:07:58.109342 2026] [php:error] [pid 22262] [client 20.192.24.172:0] script '/domains/schellin/buy.php' not found or unable to stat
[Wed Jan 21 02:07:58.352307 2026] [php:error] [pid 22262] [client 20.192.24.172:0] script '/domains/schellin/goods.php' not found or unable to stat
[Wed Jan 21 02:07:58.595291 2026] [php:error] [pid 22262] [client 20.192.24.172:0] script '/domains/schellin/deepseek_d.php' not found or unable to stat
[Wed Jan 21 02:07:58.839724 2026] [php:error] [pid 22262] [client 20.192.24.172:0] script '/domains/schellin/file.php' not found or unable to stat
[Wed Jan 21 02:07:59.084153 2026] [php:error] [pid 22262] [client 20.192.24.172:0] script '/domains/schellin/ioxi-o.php' not found or unable to stat
[Wed Jan 21 02:07:59.567460 2026] [php:error] [pid 22254] [client 20.89.17.172:0] script '/domains/bfitpro2/file.php' not found or unable to stat
[Wed Jan 21 02:07:59.570480 2026] [php:error] [pid 22262] [client 20.192.24.172:0] script '/domains/schellin/test1.php' not found or unable to stat
[Wed Jan 21 02:07:59.818834 2026] [php:error] [pid 22262] [client 20.192.24.172:0] script '/domains/schellin/elp.php' not found or unable to stat
[Wed Jan 21 02:08:00.551975 2026] [php:error] [pid 22254] [client 20.89.17.172:0] script '/domains/bfitpro2/inputs.php' not found or unable to stat
[Wed Jan 21 02:08:00.825109 2026] [php:error] [pid 22262] [client 20.192.24.172:0] script '/domains/schellin/xmlrpc.php' not found or unable to stat
[Wed Jan 21 02:08:01.049655 2026] [php:error] [pid 22254] [client 20.89.17.172:0] script '/domains/bfitpro2/1.php' not found or unable to stat
[Wed Jan 21 02:08:01.068239 2026] [php:error] [pid 22262] [client 20.192.24.172:0] script '/domains/schellin/inputs.php' not found or unable to stat
[Wed Jan 21 02:08:01.311452 2026] [php:error] [pid 22262] [client 20.192.24.172:0] script '/domains/schellin/classsmtps.php' not found or unable to stat
[Wed Jan 21 02:08:01.554629 2026] [php:error] [pid 22262] [client 20.192.24.172:0] script '/domains/schellin/wp-trackback.php' not found or unable to stat
[Wed Jan 21 02:08:01.797554 2026] [php:error] [pid 22262] [client 20.192.24.172:0] script '/domains/schellin/wp-cron.php' not found or unable to stat
[Wed Jan 21 02:08:02.056248 2026] [php:error] [pid 22262] [client 20.192.24.172:0] script '/domains/schellin/wp-load.php' not found or unable to stat
[Wed Jan 21 02:08:02.299456 2026] [php:error] [pid 22262] [client 20.192.24.172:0] script '/domains/schellin/wp-mail.php' not found or unable to stat
[Wed Jan 21 02:08:02.543361 2026] [php:error] [pid 22262] [client 20.192.24.172:0] script '/domains/schellin/wp-activate.php' not found or unable to stat
[Wed Jan 21 02:08:02.786435 2026] [php:error] [pid 22262] [client 20.192.24.172:0] script '/domains/schellin/plugins.php' not found or unable to stat
[Wed Jan 21 02:08:03.029150 2026] [php:error] [pid 22262] [client 20.192.24.172:0] script '/domains/schellin/admin.php' not found or unable to stat
[Wed Jan 21 02:08:03.273339 2026] [php:error] [pid 22262] [client 20.192.24.172:0] script '/domains/schellin/atomlib.php' not found or unable to stat
[Wed Jan 21 02:08:03.519025 2026] [php:error] [pid 22262] [client 20.192.24.172:0] script '/domains/schellin/simple.php' not found or unable to stat
