[Wed Jan 21 04:17:17.205400 2026] [php:error] [pid 52203] [client 4.197.162.185:0] script '/domains/awciii/goods.php' not found or unable to stat
[Wed Jan 21 04:17:17.404151 2026] [php:error] [pid 52203] [client 4.197.162.185:0] script '/domains/awciii/hplfuns.php' not found or unable to stat
[Wed Jan 21 04:17:17.605192 2026] [php:error] [pid 52203] [client 4.197.162.185:0] script '/domains/awciii/htaccess.php' not found or unable to stat
[Wed Jan 21 04:17:18.196859 2026] [php:error] [pid 52203] [client 4.197.162.185:0] script '/domains/awciii/info.php' not found or unable to stat
[Wed Jan 21 04:17:18.394480 2026] [php:error] [pid 52203] [client 4.197.162.185:0] script '/domains/awciii/profile.php' not found or unable to stat
[Wed Jan 21 04:17:18.592015 2026] [php:error] [pid 52203] [client 4.197.162.185:0] script '/domains/awciii/sx.php' not found or unable to stat
[Wed Jan 21 04:17:22.769167 2026] [php:error] [pid 52203] [client 4.197.162.185:0] script '/domains/awciii/wp-fclass.php' not found or unable to stat
[Wed Jan 21 04:17:26.179042 2026] [php:error] [pid 52203] [client 4.197.162.185:0] script '/domains/awciii/wp-themes.php' not found or unable to stat
[Wed Jan 21 04:17:26.376321 2026] [php:error] [pid 52203] [client 4.197.162.185:0] script '/domains/awciii/xmlrpc.php' not found or unable to stat
[Wed Jan 21 04:17:30.419506 2026] [php:error] [pid 52213] [client 106.192.238.195:0] script '/domains/antiqueweb1/xmlrpc.php' not found or unable to stat
[Wed Jan 21 04:17:35.950434 2026] [php:error] [pid 52195] [client 145.239.10.137:0] script '/domains/davidbacker/1a.php' not found or unable to stat, referer: http://newstudio.com/1a.php
[Wed Jan 21 04:20:33.438966 2026] [php:error] [pid 52246] [client 4.194.34.171:0] script '/domains/system_default/ioxi-o.php' not found or unable to stat
[Wed Jan 21 04:20:33.668232 2026] [php:error] [pid 52246] [client 4.194.34.171:0] script '/domains/system_default/0x.php' not found or unable to stat
[Wed Jan 21 04:20:33.903409 2026] [php:error] [pid 52246] [client 4.194.34.171:0] script '/domains/system_default/222.php' not found or unable to stat
[Wed Jan 21 04:20:34.131577 2026] [php:error] [pid 52246] [client 4.194.34.171:0] script '/domains/system_default/aa.php' not found or unable to stat
[Wed Jan 21 04:20:34.361484 2026] [php:error] [pid 52246] [client 4.194.34.171:0] script '/domains/system_default/abcd.php' not found or unable to stat
[Wed Jan 21 04:20:34.600483 2026] [php:error] [pid 52246] [client 4.194.34.171:0] script '/domains/system_default/admin.php' not found or unable to stat
[Wed Jan 21 04:20:35.058983 2026] [php:error] [pid 52246] [client 4.194.34.171:0] script '/domains/system_default/adminfuns.php' not found or unable to stat
[Wed Jan 21 04:20:35.303873 2026] [php:error] [pid 52246] [client 4.194.34.171:0] script '/domains/system_default/akc.php' not found or unable to stat
[Wed Jan 21 04:20:35.532160 2026] [php:error] [pid 52246] [client 4.194.34.171:0] script '/domains/system_default/buy.php' not found or unable to stat
[Wed Jan 21 04:20:35.775813 2026] [php:error] [pid 52246] [client 4.194.34.171:0] script '/domains/system_default/cong.php' not found or unable to stat
[Wed Jan 21 04:20:36.006276 2026] [php:error] [pid 52246] [client 4.194.34.171:0] script '/domains/system_default/ioxi-o.php' not found or unable to stat
[Wed Jan 21 04:20:36.465544 2026] [php:error] [pid 52246] [client 4.194.34.171:0] script '/domains/system_default/db.php' not found or unable to stat
[Wed Jan 21 04:20:36.694260 2026] [php:error] [pid 52246] [client 4.194.34.171:0] script '/domains/system_default/dropdown.php' not found or unable to stat
[Wed Jan 21 04:20:36.922387 2026] [php:error] [pid 52246] [client 4.194.34.171:0] script '/domains/system_default/file.php' not found or unable to stat
[Wed Jan 21 04:20:37.164017 2026] [php:error] [pid 52246] [client 4.194.34.171:0] script '/domains/system_default/goods.php' not found or unable to stat
[Wed Jan 21 04:20:37.393345 2026] [php:error] [pid 52246] [client 4.194.34.171:0] script '/domains/system_default/hplfuns.php' not found or unable to stat
[Wed Jan 21 04:20:37.621806 2026] [php:error] [pid 52246] [client 4.194.34.171:0] script '/domains/system_default/htaccess.php' not found or unable to stat
[Wed Jan 21 04:20:38.316857 2026] [php:error] [pid 52246] [client 4.194.34.171:0] script '/domains/system_default/info.php' not found or unable to stat
[Wed Jan 21 04:20:38.545379 2026] [php:error] [pid 52246] [client 4.194.34.171:0] script '/domains/system_default/profile.php' not found or unable to stat
[Wed Jan 21 04:20:38.774203 2026] [php:error] [pid 52246] [client 4.194.34.171:0] script '/domains/system_default/sx.php' not found or unable to stat
[Wed Jan 21 04:20:43.661852 2026] [php:error] [pid 52246] [client 4.194.34.171:0] script '/domains/system_default/wp-fclass.php' not found or unable to stat
[Wed Jan 21 04:20:47.601943 2026] [php:error] [pid 52246] [client 4.194.34.171:0] script '/domains/system_default/wp-themes.php' not found or unable to stat
[Wed Jan 21 04:20:47.830080 2026] [php:error] [pid 52246] [client 4.194.34.171:0] script '/domains/system_default/xmlrpc.php' not found or unable to stat
[Wed Jan 21 04:21:01.806397 2026] [php:error] [pid 52250] [client 134.199.194.75:0] script '/domains/emsco1/wp-login.php' not found or unable to stat
[Wed Jan 21 04:21:01.881747 2026] [php:error] [pid 52246] [client 134.199.194.75:0] script '/domains/emsco1/wp-login.php' not found or unable to stat
[Wed Jan 21 04:21:02.214470 2026] [php:error] [pid 52240] [client 134.199.194.75:0] script '/domains/emsco1/wp-login.php' not found or unable to stat, referer: https://wordpress.org/
[Wed Jan 21 04:21:02.291720 2026] [php:error] [pid 52250] [client 134.199.194.75:0] script '/domains/emsco1/wp-login.php' not found or unable to stat, referer: https://www.facebook.com/
[Wed Jan 21 04:21:23.887529 2026] [php:error] [pid 52258] [client 223.235.166.0:0] script '/domains/larrysr/xmlrpc.php' not found or unable to stat
[Wed Jan 21 04:23:15.597742 2026] [core:crit] [pid 52256] (13)Permission denied: [client 216.244.66.247:0] AH00529: /domains/performancepartsinc/graphics/psd/.htaccess pcfg_openfile: unable to check htaccess file, ensure it is readable and that '/domains/performancepartsinc/graphics/psd/' is executable
[Wed Jan 21 04:23:27.451841 2026] [php:error] [pid 52248] [client 20.89.17.172:0] script '/domains/lover/WSO.php' not found or unable to stat
[Wed Jan 21 04:23:30.703177 2026] [php:error] [pid 52248] [client 20.89.17.172:0] script '/domains/lover/goods.php' not found or unable to stat
[Wed Jan 21 04:23:31.879096 2026] [php:error] [pid 52248] [client 20.89.17.172:0] script '/domains/lover/edit.php' not found or unable to stat
[Wed Jan 21 04:23:32.038947 2026] [php:error] [pid 52248] [client 20.89.17.172:0] script '/domains/lover/file5.php' not found or unable to stat
[Wed Jan 21 04:23:32.683483 2026] [php:error] [pid 52248] [client 20.89.17.172:0] script '/domains/lover/aa.php' not found or unable to stat
[Wed Jan 21 04:23:34.154066 2026] [php:error] [pid 52248] [client 20.89.17.172:0] script '/domains/lover/autoload_classmap.php' not found or unable to stat
[Wed Jan 21 04:23:36.249246 2026] [php:error] [pid 52248] [client 20.89.17.172:0] script '/domains/lover/file.php' not found or unable to stat
[Wed Jan 21 04:23:37.220406 2026] [php:error] [pid 52248] [client 20.89.17.172:0] script '/domains/lover/inputs.php' not found or unable to stat
[Wed Jan 21 04:23:37.699278 2026] [php:error] [pid 52248] [client 20.89.17.172:0] script '/domains/lover/1.php' not found or unable to stat
[Wed Jan 21 04:23:40.764520 2026] [php:error] [pid 52248] [client 20.89.17.172:0] script '/domains/lover/flower.php' not found or unable to stat
[Wed Jan 21 04:23:43.872204 2026] [php:error] [pid 52270] [client 20.89.17.172:0] script '/domains/lover/ioxi-o.php' not found or unable to stat
[Wed Jan 21 04:23:44.031842 2026] [php:error] [pid 52270] [client 20.89.17.172:0] script '/domains/lover/radio.php' not found or unable to stat
[Wed Jan 21 04:23:45.006223 2026] [php:error] [pid 52270] [client 20.89.17.172:0] script '/domains/lover/admin.php' not found or unable to stat
[Wed Jan 21 04:23:45.165915 2026] [php:error] [pid 52270] [client 20.89.17.172:0] script '/domains/lover/functions.php' not found or unable to stat
[Wed Jan 21 04:23:54.907586 2026] [php:error] [pid 52269] [client 4.190.210.95:0] script '/domains/rextrav/ioxi-o.php' not found or unable to stat
[Wed Jan 21 04:23:55.084759 2026] [php:error] [pid 52269] [client 4.190.210.95:0] script '/domains/rextrav/0x.php' not found or unable to stat
[Wed Jan 21 04:23:55.258721 2026] [php:error] [pid 52269] [client 4.190.210.95:0] script '/domains/rextrav/222.php' not found or unable to stat
[Wed Jan 21 04:23:55.431566 2026] [php:error] [pid 52269] [client 4.190.210.95:0] script '/domains/rextrav/aa.php' not found or unable to stat
[Wed Jan 21 04:23:55.600422 2026] [php:error] [pid 52269] [client 4.190.210.95:0] script '/domains/rextrav/abcd.php' not found or unable to stat
[Wed Jan 21 04:23:55.777813 2026] [php:error] [pid 52269] [client 4.190.210.95:0] script '/domains/rextrav/admin.php' not found or unable to stat
[Wed Jan 21 04:23:56.112302 2026] [php:error] [pid 52269] [client 4.190.210.95:0] script '/domains/rextrav/adminfuns.php' not found or unable to stat
[Wed Jan 21 04:23:56.279904 2026] [php:error] [pid 52269] [client 4.190.210.95:0] script '/domains/rextrav/akc.php' not found or unable to stat
[Wed Jan 21 04:23:56.446774 2026] [php:error] [pid 52269] [client 4.190.210.95:0] script '/domains/rextrav/buy.php' not found or unable to stat
[Wed Jan 21 04:23:56.614580 2026] [php:error] [pid 52269] [client 4.190.210.95:0] script '/domains/rextrav/cong.php' not found or unable to stat
[Wed Jan 21 04:23:56.781000 2026] [php:error] [pid 52269] [client 4.190.210.95:0] script '/domains/rextrav/ioxi-o.php' not found or unable to stat
[Wed Jan 21 04:23:57.115947 2026] [php:error] [pid 52269] [client 4.190.210.95:0] script '/domains/rextrav/db.php' not found or unable to stat
[Wed Jan 21 04:23:57.282946 2026] [php:error] [pid 52269] [client 4.190.210.95:0] script '/domains/rextrav/dropdown.php' not found or unable to stat
[Wed Jan 21 04:23:57.449910 2026] [php:error] [pid 52269] [client 4.190.210.95:0] script '/domains/rextrav/file.php' not found or unable to stat
[Wed Jan 21 04:23:57.629904 2026] [php:error] [pid 52269] [client 4.190.210.95:0] script '/domains/rextrav/goods.php' not found or unable to stat
[Wed Jan 21 04:23:57.796674 2026] [php:error] [pid 52269] [client 4.190.210.95:0] script '/domains/rextrav/hplfuns.php' not found or unable to stat
[Wed Jan 21 04:23:57.963167 2026] [php:error] [pid 52269] [client 4.190.210.95:0] script '/domains/rextrav/htaccess.php' not found or unable to stat
[Wed Jan 21 04:23:58.310521 2026] [php:error] [pid 52269] [client 4.190.210.95:0] script '/domains/rextrav/index/function.php' not found or unable to stat
[Wed Jan 21 04:23:58.486193 2026] [php:error] [pid 52269] [client 4.190.210.95:0] script '/domains/rextrav/info.php' not found or unable to stat
[Wed Jan 21 04:23:58.654540 2026] [php:error] [pid 52269] [client 4.190.210.95:0] script '/domains/rextrav/profile.php' not found or unable to stat
[Wed Jan 21 04:23:58.821816 2026] [php:error] [pid 52269] [client 4.190.210.95:0] script '/domains/rextrav/sx.php' not found or unable to stat
[Wed Jan 21 04:24:02.415620 2026] [php:error] [pid 52269] [client 4.190.210.95:0] script '/domains/rextrav/wp-fclass.php' not found or unable to stat
[Wed Jan 21 04:24:05.319294 2026] [php:error] [pid 52269] [client 4.190.210.95:0] script '/domains/rextrav/wp-themes.php' not found or unable to stat
[Wed Jan 21 04:24:05.491277 2026] [php:error] [pid 52269] [client 4.190.210.95:0] script '/domains/rextrav/xmlrpc.php' not found or unable to stat
[Wed Jan 21 04:24:09.279178 2026] [php:error] [pid 52281] [client 143.14.6.66:0] script '/domains/hdickens.enteract/kmnj.php' not found or unable to stat
[Wed Jan 21 04:24:12.005936 2026] [php:error] [pid 52280] [client 143.14.6.58:0] script '/domains/hdickens.enteract/kmnj.php' not found or unable to stat
[Wed Jan 21 04:24:13.351392 2026] [php:error] [pid 52273] [client 143.14.6.43:0] script '/domains/hdickens.enteract/kmnj.php' not found or unable to stat
[Wed Jan 21 04:25:31.545067 2026] [php:error] [pid 52269] [client 34.13.162.207:0] script '/domains/hdickens.enteract/kmnj.php' not found or unable to stat
[Wed Jan 21 04:26:01.371925 2026] [php:error] [pid 52293] [client 4.194.34.171:0] script '/domains/pauljbrock/ioxi-o.php' not found or unable to stat
[Wed Jan 21 04:26:01.602932 2026] [php:error] [pid 52293] [client 4.194.34.171:0] script '/domains/pauljbrock/0x.php' not found or unable to stat
[Wed Jan 21 04:26:01.836452 2026] [php:error] [pid 52293] [client 4.194.34.171:0] script '/domains/pauljbrock/222.php' not found or unable to stat
[Wed Jan 21 04:26:02.067263 2026] [php:error] [pid 52293] [client 4.194.34.171:0] script '/domains/pauljbrock/aa.php' not found or unable to stat
[Wed Jan 21 04:26:02.228015 2026] [php:error] [pid 52299] [client 20.196.90.228:0] script '/domains/emsco1/2.php' not found or unable to stat
[Wed Jan 21 04:26:02.299248 2026] [php:error] [pid 52293] [client 4.194.34.171:0] script '/domains/pauljbrock/abcd.php' not found or unable to stat
[Wed Jan 21 04:26:02.530105 2026] [php:error] [pid 52293] [client 4.194.34.171:0] script '/domains/pauljbrock/admin.php' not found or unable to stat
[Wed Jan 21 04:26:02.604306 2026] [php:error] [pid 52299] [client 20.196.90.228:0] script '/domains/emsco1/a.php' not found or unable to stat
[Wed Jan 21 04:26:02.792330 2026] [php:error] [pid 52299] [client 20.196.90.228:0] script '/domains/emsco1/aaa.php' not found or unable to stat
[Wed Jan 21 04:26:02.981147 2026] [php:error] [pid 52299] [client 20.196.90.228:0] script '/domains/emsco1/ab.php' not found or unable to stat
[Wed Jan 21 04:26:03.003647 2026] [php:error] [pid 52293] [client 4.194.34.171:0] script '/domains/pauljbrock/adminfuns.php' not found or unable to stat
[Wed Jan 21 04:26:03.169076 2026] [php:error] [pid 52299] [client 20.196.90.228:0] script '/domains/emsco1/about.php' not found or unable to stat
[Wed Jan 21 04:26:03.234483 2026] [php:error] [pid 52293] [client 4.194.34.171:0] script '/domains/pauljbrock/akc.php' not found or unable to stat
[Wed Jan 21 04:26:03.465481 2026] [php:error] [pid 52293] [client 4.194.34.171:0] script '/domains/pauljbrock/buy.php' not found or unable to stat
[Wed Jan 21 04:26:03.547596 2026] [php:error] [pid 52299] [client 20.196.90.228:0] script '/domains/emsco1/alfa.php' not found or unable to stat
[Wed Jan 21 04:26:03.705243 2026] [php:error] [pid 52293] [client 4.194.34.171:0] script '/domains/pauljbrock/cong.php' not found or unable to stat
[Wed Jan 21 04:26:03.735099 2026] [php:error] [pid 52299] [client 20.196.90.228:0] script '/domains/emsco1/api.php' not found or unable to stat
[Wed Jan 21 04:26:03.922681 2026] [php:error] [pid 52299] [client 20.196.90.228:0] script '/domains/emsco1/auth.php' not found or unable to stat
[Wed Jan 21 04:26:03.935783 2026] [php:error] [pid 52293] [client 4.194.34.171:0] script '/domains/pauljbrock/ioxi-o.php' not found or unable to stat
[Wed Jan 21 04:26:04.302447 2026] [php:error] [pid 52299] [client 20.196.90.228:0] script '/domains/emsco1/classwithtostring.php' not found or unable to stat
[Wed Jan 21 04:26:04.397005 2026] [php:error] [pid 52293] [client 4.194.34.171:0] script '/domains/pauljbrock/db.php' not found or unable to stat
[Wed Jan 21 04:26:04.491155 2026] [php:error] [pid 52299] [client 20.196.90.228:0] script '/domains/emsco1/contents.php' not found or unable to stat
[Wed Jan 21 04:26:04.628025 2026] [php:error] [pid 52293] [client 4.194.34.171:0] script '/domains/pauljbrock/dropdown.php' not found or unable to stat
[Wed Jan 21 04:26:04.859493 2026] [php:error] [pid 52293] [client 4.194.34.171:0] script '/domains/pauljbrock/file.php' not found or unable to stat
[Wed Jan 21 04:26:04.868241 2026] [php:error] [pid 52299] [client 20.196.90.228:0] script '/domains/emsco1/default.php' not found or unable to stat
[Wed Jan 21 04:26:05.101208 2026] [php:error] [pid 52293] [client 4.194.34.171:0] script '/domains/pauljbrock/goods.php' not found or unable to stat
[Wed Jan 21 04:26:05.332395 2026] [php:error] [pid 52293] [client 4.194.34.171:0] script '/domains/pauljbrock/hplfuns.php' not found or unable to stat
[Wed Jan 21 04:26:05.437120 2026] [php:error] [pid 52299] [client 20.196.90.228:0] script '/domains/emsco1/favicon.php' not found or unable to stat
[Wed Jan 21 04:26:05.570315 2026] [php:error] [pid 52293] [client 4.194.34.171:0] script '/domains/pauljbrock/htaccess.php' not found or unable to stat
[Wed Jan 21 04:26:05.627186 2026] [php:error] [pid 52299] [client 20.196.90.228:0] script '/domains/emsco1/hehe.php' not found or unable to stat
[Wed Jan 21 04:26:05.802017 2026] [php:error] [pid 52293] [client 4.194.34.171:0] script '/domains/pauljbrock/images/wso.php' not found or unable to stat
[Wed Jan 21 04:26:06.019328 2026] [php:error] [pid 52299] [client 20.196.90.228:0] script '/domains/emsco1/index.php' not found or unable to stat
[Wed Jan 21 04:26:06.206917 2026] [php:error] [pid 52299] [client 20.196.90.228:0] script '/domains/emsco1/info.php' not found or unable to stat
[Wed Jan 21 04:26:06.264665 2026] [php:error] [pid 52293] [client 4.194.34.171:0] script '/domains/pauljbrock/info.php' not found or unable to stat
[Wed Jan 21 04:26:06.394359 2026] [php:error] [pid 52299] [client 20.196.90.228:0] script '/domains/emsco1/k.php' not found or unable to stat
[Wed Jan 21 04:26:06.500811 2026] [php:error] [pid 52293] [client 4.194.34.171:0] script '/domains/pauljbrock/profile.php' not found or unable to stat
[Wed Jan 21 04:26:06.582244 2026] [php:error] [pid 52299] [client 20.196.90.228:0] script '/domains/emsco1/lock360.php' not found or unable to stat
[Wed Jan 21 04:26:06.731757 2026] [php:error] [pid 52293] [client 4.194.34.171:0] script '/domains/pauljbrock/sx.php' not found or unable to stat
[Wed Jan 21 04:26:06.769923 2026] [php:error] [pid 52299] [client 20.196.90.228:0] script '/domains/emsco1/log.php' not found or unable to stat
[Wed Jan 21 04:26:06.959973 2026] [php:error] [pid 52299] [client 20.196.90.228:0] script '/domains/emsco1/man.php' not found or unable to stat
[Wed Jan 21 04:26:07.349072 2026] [php:error] [pid 52299] [client 20.196.90.228:0] script '/domains/emsco1/post.php' not found or unable to stat
[Wed Jan 21 04:26:07.724331 2026] [php:error] [pid 52299] [client 20.196.90.228:0] script '/domains/emsco1/root.php' not found or unable to stat
[Wed Jan 21 04:26:07.911982 2026] [php:error] [pid 52299] [client 20.196.90.228:0] script '/domains/emsco1/shellv3.php' not found or unable to stat
[Wed Jan 21 04:26:08.287352 2026] [php:error] [pid 52299] [client 20.196.90.228:0] script '/domains/emsco1/system.php' not found or unable to stat
[Wed Jan 21 04:26:08.481794 2026] [php:error] [pid 52299] [client 20.196.90.228:0] script '/domains/emsco1/test.php' not found or unable to stat
[Wed Jan 21 04:26:08.676737 2026] [php:error] [pid 52299] [client 20.196.90.228:0] script '/domains/emsco1/theme.php' not found or unable to stat
[Wed Jan 21 04:26:08.865076 2026] [php:error] [pid 52299] [client 20.196.90.228:0] script '/domains/emsco1/wp-activat.php' not found or unable to stat
[Wed Jan 21 04:26:09.052656 2026] [php:error] [pid 52299] [client 20.196.90.228:0] script '/domains/emsco1/wp-admin.php' not found or unable to stat
[Wed Jan 21 04:26:09.995062 2026] [php:error] [pid 52299] [client 20.196.90.228:0] script '/domains/emsco1/wp-blog.php' not found or unable to stat
[Wed Jan 21 04:26:10.182719 2026] [php:error] [pid 52299] [client 20.196.90.228:0] script '/domains/emsco1/wp-conf.php' not found or unable to stat
[Wed Jan 21 04:26:11.654975 2026] [php:error] [pid 52293] [client 4.194.34.171:0] script '/domains/pauljbrock/wp-fclass.php' not found or unable to stat
[Wed Jan 21 04:26:12.087864 2026] [php:error] [pid 52299] [client 20.196.90.228:0] script '/domains/emsco1/wp-file.php' not found or unable to stat
[Wed Jan 21 04:26:12.275568 2026] [php:error] [pid 52299] [client 20.196.90.228:0] script '/domains/emsco1/wp-include.php' not found or unable to stat
[Wed Jan 21 04:26:14.759422 2026] [php:error] [pid 52299] [client 20.196.90.228:0] script '/domains/emsco1/wp-logs.php' not found or unable to stat
[Wed Jan 21 04:26:14.946698 2026] [php:error] [pid 52299] [client 20.196.90.228:0] script '/domains/emsco1/xmlrpc.php' not found or unable to stat
[Wed Jan 21 04:26:15.664799 2026] [php:error] [pid 52293] [client 4.194.34.171:0] script '/domains/pauljbrock/wp-themes.php' not found or unable to stat
[Wed Jan 21 04:26:15.895712 2026] [php:error] [pid 52293] [client 4.194.34.171:0] script '/domains/pauljbrock/xmlrpc.php' not found or unable to stat
[Wed Jan 21 04:26:16.185568 2026] [php:error] [pid 52297] [client 4.241.184.25:0] script '/domains/system_suspended/class.php' not found or unable to stat
[Wed Jan 21 04:26:16.347869 2026] [php:error] [pid 52297] [client 4.241.184.25:0] script '/domains/system_suspended/lm13.php' not found or unable to stat
[Wed Jan 21 04:26:16.528893 2026] [php:error] [pid 52297] [client 4.241.184.25:0] script '/domains/system_suspended/1aa.php' not found or unable to stat
[Wed Jan 21 04:26:16.650278 2026] [php:error] [pid 52299] [client 20.196.90.228:0] script '/domains/emsco1/WSO.php' not found or unable to stat
[Wed Jan 21 04:26:16.691297 2026] [php:error] [pid 52297] [client 4.241.184.25:0] script '/domains/system_suspended/menu.php' not found or unable to stat
[Wed Jan 21 04:26:16.857623 2026] [php:error] [pid 52297] [client 4.241.184.25:0] script '/domains/system_suspended/mail.php' not found or unable to stat
[Wed Jan 21 04:26:17.019983 2026] [php:error] [pid 52297] [client 4.241.184.25:0] script '/domains/system_suspended/v3.php' not found or unable to stat
[Wed Jan 21 04:26:17.182288 2026] [php:error] [pid 52297] [client 4.241.184.25:0] script '/domains/system_suspended/ilex.php' not found or unable to stat
[Wed Jan 21 04:26:17.346206 2026] [php:error] [pid 52297] [client 4.241.184.25:0] script '/domains/system_suspended/wto.php' not found or unable to stat
[Wed Jan 21 04:26:17.508901 2026] [php:error] [pid 52297] [client 4.241.184.25:0] script '/domains/system_suspended/777.php' not found or unable to stat
[Wed Jan 21 04:26:18.025859 2026] [php:error] [pid 52297] [client 4.241.184.25:0] script '/domains/system_suspended/file88.php' not found or unable to stat
[Wed Jan 21 04:26:18.190958 2026] [php:error] [pid 52297] [client 4.241.184.25:0] script '/domains/system_suspended/flower.php' not found or unable to stat
[Wed Jan 21 04:26:18.356309 2026] [php:error] [pid 52297] [client 4.241.184.25:0] script '/domains/system_suspended/ffile.php' not found or unable to stat
[Wed Jan 21 04:26:18.551950 2026] [php:error] [pid 52297] [client 4.241.184.25:0] script '/domains/system_suspended/p.php' not found or unable to stat
[Wed Jan 21 04:26:18.715032 2026] [php:error] [pid 52297] [client 4.241.184.25:0] script '/domains/system_suspended/000.php' not found or unable to stat
[Wed Jan 21 04:26:18.877494 2026] [php:error] [pid 52297] [client 4.241.184.25:0] script '/domains/system_suspended/403.php' not found or unable to stat
[Wed Jan 21 04:26:19.044068 2026] [php:error] [pid 52297] [client 4.241.184.25:0] script '/domains/system_suspended/class20.php' not found or unable to stat
[Wed Jan 21 04:26:19.366540 2026] [php:error] [pid 52297] [client 4.241.184.25:0] script '/domains/system_suspended/lol.php' not found or unable to stat
[Wed Jan 21 04:26:19.539478 2026] [php:error] [pid 52297] [client 4.241.184.25:0] script '/domains/system_suspended/cc.php' not found or unable to stat
[Wed Jan 21 04:26:19.717293 2026] [php:error] [pid 52297] [client 4.241.184.25:0] script '/domains/system_suspended/o.php' not found or unable to stat
[Wed Jan 21 04:26:19.879601 2026] [php:error] [pid 52297] [client 4.241.184.25:0] script '/domains/system_suspended/aaa.php' not found or unable to stat
[Wed Jan 21 04:26:20.045183 2026] [php:error] [pid 52297] [client 4.241.184.25:0] script '/domains/system_suspended/n.php' not found or unable to stat
[Wed Jan 21 04:26:20.217960 2026] [php:error] [pid 52297] [client 4.241.184.25:0] script '/domains/system_suspended/666.php' not found or unable to stat
[Wed Jan 21 04:26:20.245367 2026] [php:error] [pid 52299] [client 20.196.90.228:0] script '/domains/emsco1/goods.php' not found or unable to stat
[Wed Jan 21 04:26:20.380187 2026] [php:error] [pid 52297] [client 4.241.184.25:0] script '/domains/system_suspended/fileas.php' not found or unable to stat
[Wed Jan 21 04:26:20.551583 2026] [php:error] [pid 52297] [client 4.241.184.25:0] script '/domains/system_suspended/cccc.php' not found or unable to stat
[Wed Jan 21 04:26:20.713752 2026] [php:error] [pid 52297] [client 4.241.184.25:0] script '/domains/system_suspended/CLA.php' not found or unable to stat
[Wed Jan 21 04:26:20.876153 2026] [php:error] [pid 52297] [client 4.241.184.25:0] script '/domains/system_suspended/wfile.php' not found or unable to stat
[Wed Jan 21 04:26:21.082190 2026] [php:error] [pid 52297] [client 4.241.184.25:0] script '/domains/system_suspended/abc.php' not found or unable to stat
[Wed Jan 21 04:26:21.244491 2026] [php:error] [pid 52297] [client 4.241.184.25:0] script '/domains/system_suspended/wb.php' not found or unable to stat
[Wed Jan 21 04:26:21.406787 2026] [php:error] [pid 52297] [client 4.241.184.25:0] script '/domains/system_suspended/mds.php' not found or unable to stat
[Wed Jan 21 04:26:21.434756 2026] [php:error] [pid 52306] [client 134.199.194.75:0] script '/domains/memanuel/wp-login.php' not found or unable to stat, referer: https://www.google.com/
[Wed Jan 21 04:26:21.506151 2026] [php:error] [pid 52302] [client 134.199.194.75:0] script '/domains/memanuel/wp-login.php' not found or unable to stat
[Wed Jan 21 04:26:21.568883 2026] [php:error] [pid 52297] [client 4.241.184.25:0] script '/domains/system_suspended/mlex.php' not found or unable to stat
[Wed Jan 21 04:26:21.572997 2026] [php:error] [pid 52299] [client 20.196.90.228:0] script '/domains/emsco1/edit.php' not found or unable to stat
[Wed Jan 21 04:26:21.718586 2026] [php:error] [pid 52299] [client 134.199.194.75:0] script '/domains/memanuel/wp-login.php' not found or unable to stat, referer: https://wordpress.org/
[Wed Jan 21 04:26:21.843049 2026] [php:error] [pid 52302] [client 134.199.194.75:0] script '/domains/memanuel/wp-login.php' not found or unable to stat, referer: https://www.google.com/
[Wed Jan 21 04:26:22.145698 2026] [php:error] [pid 52306] [client 20.196.90.228:0] script '/domains/emsco1/file5.php' not found or unable to stat
[Wed Jan 21 04:26:22.544441 2026] [php:error] [pid 52297] [client 4.241.184.25:0] script '/domains/system_suspended/a2.php' not found or unable to stat
[Wed Jan 21 04:26:22.707446 2026] [php:error] [pid 52297] [client 4.241.184.25:0] script '/domains/system_suspended/222.php' not found or unable to stat
[Wed Jan 21 04:26:22.873430 2026] [php:error] [pid 52297] [client 4.241.184.25:0] script '/domains/system_suspended/inde.php' not found or unable to stat
[Wed Jan 21 04:26:22.909946 2026] [php:error] [pid 52306] [client 20.196.90.228:0] script '/domains/emsco1/aa.php' not found or unable to stat
[Wed Jan 21 04:26:23.036260 2026] [php:error] [pid 52297] [client 4.241.184.25:0] script '/domains/system_suspended/1.php' not found or unable to stat
[Wed Jan 21 04:26:23.217301 2026] [php:error] [pid 52297] [client 4.241.184.25:0] script '/domains/system_suspended/vee.php' not found or unable to stat
[Wed Jan 21 04:26:23.379516 2026] [php:error] [pid 52297] [client 4.241.184.25:0] script '/domains/system_suspended/wcas.php' not found or unable to stat
[Wed Jan 21 04:26:23.541643 2026] [php:error] [pid 52297] [client 4.241.184.25:0] script '/domains/system_suspended/k.php' not found or unable to stat
[Wed Jan 21 04:26:23.703893 2026] [php:error] [pid 52297] [client 4.241.184.25:0] script '/domains/system_suspended/finny.php' not found or unable to stat
[Wed Jan 21 04:26:23.866499 2026] [php:error] [pid 52297] [client 4.241.184.25:0] script '/domains/system_suspended/ws45.php' not found or unable to stat
[Wed Jan 21 04:26:24.029711 2026] [php:error] [pid 52297] [client 4.241.184.25:0] script '/domains/system_suspended/build.php' not found or unable to stat
[Wed Jan 21 04:26:24.193922 2026] [php:error] [pid 52297] [client 4.241.184.25:0] script '/domains/system_suspended/ws33.php' not found or unable to stat
[Wed Jan 21 04:26:24.365859 2026] [php:error] [pid 52297] [client 4.241.184.25:0] script '/domains/system_suspended/klex.php' not found or unable to stat
[Wed Jan 21 04:26:24.528660 2026] [php:error] [pid 52297] [client 4.241.184.25:0] script '/domains/system_suspended/ws34.php' not found or unable to stat
[Wed Jan 21 04:26:24.630622 2026] [php:error] [pid 52306] [client 20.196.90.228:0] script '/domains/emsco1/autoload_classmap.php' not found or unable to stat
[Wed Jan 21 04:26:24.698117 2026] [php:error] [pid 52297] [client 4.241.184.25:0] script '/domains/system_suspended/alpa.php' not found or unable to stat
[Wed Jan 21 04:26:24.863732 2026] [php:error] [pid 52297] [client 4.241.184.25:0] script '/domains/system_suspended/file2.php' not found or unable to stat
[Wed Jan 21 04:26:25.025718 2026] [php:error] [pid 52297] [client 4.241.184.25:0] script '/domains/system_suspended/444.php' not found or unable to stat
[Wed Jan 21 04:26:25.188754 2026] [php:error] [pid 52297] [client 4.241.184.25:0] script '/domains/system_suspended/pp.php' not found or unable to stat
[Wed Jan 21 04:26:25.529826 2026] [php:error] [pid 52297] [client 4.241.184.25:0] script '/domains/system_suspended/2.php' not found or unable to stat
[Wed Jan 21 04:26:25.708657 2026] [php:error] [pid 52297] [client 4.241.184.25:0] script '/domains/system_suspended/ws38.php' not found or unable to stat
[Wed Jan 21 04:26:25.880240 2026] [php:error] [pid 52297] [client 4.241.184.25:0] script '/domains/system_suspended/555.php' not found or unable to stat
[Wed Jan 21 04:26:26.043028 2026] [php:error] [pid 52297] [client 4.241.184.25:0] script '/domains/system_suspended/bless.php' not found or unable to stat
[Wed Jan 21 04:26:26.205539 2026] [php:error] [pid 52297] [client 4.241.184.25:0] script '/domains/system_suspended/bolt.php' not found or unable to stat
[Wed Jan 21 04:26:26.367653 2026] [php:error] [pid 52297] [client 4.241.184.25:0] script '/domains/system_suspended/error.php' not found or unable to stat
[Wed Jan 21 04:26:26.529975 2026] [php:error] [pid 52297] [client 4.241.184.25:0] script '/domains/system_suspended/he.php' not found or unable to stat
[Wed Jan 21 04:26:26.700169 2026] [php:error] [pid 52297] [client 4.241.184.25:0] script '/domains/system_suspended/cfile.php' not found or unable to stat
[Wed Jan 21 04:26:26.863373 2026] [php:error] [pid 52297] [client 4.241.184.25:0] script '/domains/system_suspended/doti.php' not found or unable to stat
[Wed Jan 21 04:26:27.031701 2026] [php:error] [pid 52297] [client 4.241.184.25:0] script '/domains/system_suspended/sko.php' not found or unable to stat
[Wed Jan 21 04:26:27.118193 2026] [php:error] [pid 52306] [client 20.196.90.228:0] script '/domains/emsco1/file.php' not found or unable to stat
[Wed Jan 21 04:26:27.194017 2026] [php:error] [pid 52297] [client 4.241.184.25:0] script '/domains/system_suspended/gmo.php' not found or unable to stat
[Wed Jan 21 04:26:27.387078 2026] [php:error] [pid 52297] [client 4.241.184.25:0] script '/domains/system_suspended/ws37.php' not found or unable to stat
[Wed Jan 21 04:26:27.566962 2026] [php:error] [pid 52297] [client 4.241.184.25:0] script '/domains/system_suspended/geck.php' not found or unable to stat
[Wed Jan 21 04:26:27.729376 2026] [php:error] [pid 52297] [client 4.241.184.25:0] script '/domains/system_suspended/nfile.php' not found or unable to stat
[Wed Jan 21 04:26:27.955594 2026] [php:error] [pid 52297] [client 4.241.184.25:0] script '/domains/system_suspended/file32.php' not found or unable to stat
[Wed Jan 21 04:26:28.258787 2026] [php:error] [pid 52306] [client 20.196.90.228:0] script '/domains/emsco1/inputs.php' not found or unable to stat
[Wed Jan 21 04:26:28.308396 2026] [php:error] [pid 52297] [client 4.241.184.25:0] script '/domains/system_suspended/class9.php' not found or unable to stat
[Wed Jan 21 04:26:28.471086 2026] [php:error] [pid 52297] [client 4.241.184.25:0] script '/domains/system_suspended/031.php' not found or unable to stat
[Wed Jan 21 04:26:28.633990 2026] [php:error] [pid 52297] [client 4.241.184.25:0] script '/domains/system_suspended/file4.php' not found or unable to stat
[Wed Jan 21 04:26:28.797303 2026] [php:error] [pid 52297] [client 4.241.184.25:0] script '/domains/system_suspended/file5.php' not found or unable to stat
[Wed Jan 21 04:26:28.827662 2026] [php:error] [pid 52306] [client 20.196.90.228:0] script '/domains/emsco1/1.php' not found or unable to stat
[Wed Jan 21 04:26:28.959522 2026] [php:error] [pid 52297] [client 4.241.184.25:0] script '/domains/system_suspended/tx38.php' not found or unable to stat
[Wed Jan 21 04:26:29.122170 2026] [php:error] [pid 52297] [client 4.241.184.25:0] script '/domains/system_suspended/404.php' not found or unable to stat
[Wed Jan 21 04:26:29.284463 2026] [php:error] [pid 52297] [client 4.241.184.25:0] script '/domains/system_suspended/bless3.php' not found or unable to stat
[Wed Jan 21 04:26:29.446803 2026] [php:error] [pid 52297] [client 4.241.184.25:0] script '/domains/system_suspended/xxxx.php' not found or unable to stat
[Wed Jan 21 04:26:29.611539 2026] [php:error] [pid 52297] [client 4.241.184.25:0] script '/domains/system_suspended/akk.php' not found or unable to stat
[Wed Jan 21 04:26:29.787021 2026] [php:error] [pid 52297] [client 4.241.184.25:0] script '/domains/system_suspended/aa.php' not found or unable to stat
[Wed Jan 21 04:26:29.949145 2026] [php:error] [pid 52297] [client 4.241.184.25:0] script '/domains/system_suspended/x7.php' not found or unable to stat
[Wed Jan 21 04:26:30.114395 2026] [php:error] [pid 52297] [client 4.241.184.25:0] script '/domains/system_suspended/ws36.php' not found or unable to stat
[Wed Jan 21 04:26:30.279600 2026] [php:error] [pid 52297] [client 4.241.184.25:0] script '/domains/system_suspended/0x0x.php' not found or unable to stat
[Wed Jan 21 04:26:30.442539 2026] [php:error] [pid 52297] [client 4.241.184.25:0] script '/domains/system_suspended/xx.php' not found or unable to stat
[Wed Jan 21 04:26:30.607304 2026] [php:error] [pid 52297] [client 4.241.184.25:0] script '/domains/system_suspended/file.php' not found or unable to stat
[Wed Jan 21 04:26:30.769601 2026] [php:error] [pid 52297] [client 4.241.184.25:0] script '/domains/system_suspended/card.php' not found or unable to stat
[Wed Jan 21 04:26:30.933067 2026] [php:error] [pid 52297] [client 4.241.184.25:0] script '/domains/system_suspended/size.php' not found or unable to stat
[Wed Jan 21 04:26:31.095591 2026] [php:error] [pid 52297] [client 4.241.184.25:0] script '/domains/system_suspended/class629.php' not found or unable to stat
[Wed Jan 21 04:26:31.260916 2026] [php:error] [pid 52297] [client 4.241.184.25:0] script '/domains/system_suspended/file9.php' not found or unable to stat
[Wed Jan 21 04:26:31.387720 2026] [php:error] [pid 52302] [client 4.190.210.95:0] script '/domains/system_suspended/2.php' not found or unable to stat
[Wed Jan 21 04:26:31.423405 2026] [php:error] [pid 52297] [client 4.241.184.25:0] script '/domains/system_suspended/moon.php' not found or unable to stat
[Wed Jan 21 04:26:31.601759 2026] [php:error] [pid 52297] [client 4.241.184.25:0] script '/domains/system_suspended/file18.php' not found or unable to stat
[Wed Jan 21 04:26:31.764100 2026] [php:error] [pid 52297] [client 4.241.184.25:0] script '/domains/system_suspended/file21.php' not found or unable to stat
[Wed Jan 21 04:26:31.926588 2026] [php:error] [pid 52297] [client 4.241.184.25:0] script '/domains/system_suspended/xxw.php' not found or unable to stat
[Wed Jan 21 04:26:32.091397 2026] [php:error] [pid 52297] [client 4.241.184.25:0] script '/domains/system_suspended/racs3.php' not found or unable to stat
[Wed Jan 21 04:26:32.254129 2026] [php:error] [pid 52297] [client 4.241.184.25:0] script '/domains/system_suspended/wsd.php' not found or unable to stat
[Wed Jan 21 04:26:32.416650 2026] [php:error] [pid 52297] [client 4.241.184.25:0] script '/domains/system_suspended/333.php' not found or unable to stat
[Wed Jan 21 04:26:32.452193 2026] [php:error] [pid 52306] [client 20.196.90.228:0] script '/domains/emsco1/flower.php' not found or unable to stat
[Wed Jan 21 04:26:32.590128 2026] [php:error] [pid 52297] [client 4.241.184.25:0] script '/domains/system_suspended/12.php' not found or unable to stat
[Wed Jan 21 04:26:32.728321 2026] [php:error] [pid 52302] [client 4.190.210.95:0] script '/domains/system_suspended/aaa.php' not found or unable to stat
[Wed Jan 21 04:26:32.763534 2026] [php:error] [pid 52297] [client 4.241.184.25:0] script '/domains/system_suspended/moon3.php' not found or unable to stat
[Wed Jan 21 04:26:32.904785 2026] [php:error] [pid 52302] [client 4.190.210.95:0] script '/domains/system_suspended/ab.php' not found or unable to stat
[Wed Jan 21 04:26:32.926151 2026] [php:error] [pid 52297] [client 4.241.184.25:0] script '/domains/system_suspended/tor.php' not found or unable to stat
[Wed Jan 21 04:26:33.073646 2026] [php:error] [pid 52302] [client 4.190.210.95:0] script '/domains/system_suspended/about.php' not found or unable to stat
[Wed Jan 21 04:26:33.088322 2026] [php:error] [pid 52297] [client 4.241.184.25:0] script '/domains/system_suspended/haa.php' not found or unable to stat
[Wed Jan 21 04:26:33.260587 2026] [php:error] [pid 52297] [client 4.241.184.25:0] script '/domains/system_suspended/f6.php' not found or unable to stat
[Wed Jan 21 04:26:33.416212 2026] [php:error] [pid 52302] [client 4.190.210.95:0] script '/domains/system_suspended/alfa.php' not found or unable to stat
[Wed Jan 21 04:26:33.422734 2026] [php:error] [pid 52297] [client 4.241.184.25:0] script '/domains/system_suspended/asas.php' not found or unable to stat
[Wed Jan 21 04:26:33.585620 2026] [php:error] [pid 52297] [client 4.241.184.25:0] script '/domains/system_suspended/x.php' not found or unable to stat
[Wed Jan 21 04:26:33.594995 2026] [php:error] [pid 52302] [client 4.190.210.95:0] script '/domains/system_suspended/api.php' not found or unable to stat
[Wed Jan 21 04:26:33.750906 2026] [php:error] [pid 52297] [client 4.241.184.25:0] script '/domains/system_suspended/ava.php' not found or unable to stat
[Wed Jan 21 04:26:33.763708 2026] [php:error] [pid 52302] [client 4.190.210.95:0] script '/domains/system_suspended/auth.php' not found or unable to stat
[Wed Jan 21 04:26:33.932383 2026] [php:error] [pid 52297] [client 4.241.184.25:0] script '/domains/system_suspended/ton.php' not found or unable to stat
[Wed Jan 21 04:26:34.101032 2026] [php:error] [pid 52302] [client 4.190.210.95:0] script '/domains/system_suspended/classwithtostring.php' not found or unable to stat
[Wed Jan 21 04:26:34.101325 2026] [php:error] [pid 52297] [client 4.241.184.25:0] script '/domains/system_suspended/v1.php' not found or unable to stat
[Wed Jan 21 04:26:34.263912 2026] [php:error] [pid 52297] [client 4.241.184.25:0] script '/domains/system_suspended/111.php' not found or unable to stat
[Wed Jan 21 04:26:34.271094 2026] [php:error] [pid 52302] [client 4.190.210.95:0] script '/domains/system_suspended/contents.php' not found or unable to stat
[Wed Jan 21 04:26:34.618002 2026] [php:error] [pid 52302] [client 4.190.210.95:0] script '/domains/system_suspended/default.php' not found or unable to stat
[Wed Jan 21 04:26:34.800387 2026] [php:error] [pid 52293] [client 4.241.184.25:0] script '/domains/system_suspended/an7.php' not found or unable to stat
[Wed Jan 21 04:26:34.958989 2026] [php:error] [pid 52293] [client 4.241.184.25:0] script '/domains/system_suspended/xeqdlun.php' not found or unable to stat
[Wed Jan 21 04:26:35.116457 2026] [php:error] [pid 52293] [client 4.241.184.25:0] script '/domains/system_suspended/acp.php' not found or unable to stat
[Wed Jan 21 04:26:35.125292 2026] [php:error] [pid 52302] [client 4.190.210.95:0] script '/domains/system_suspended/favicon.php' not found or unable to stat
[Wed Jan 21 04:26:35.274388 2026] [php:error] [pid 52293] [client 4.241.184.25:0] script '/domains/system_suspended/yellow.php' not found or unable to stat
[Wed Jan 21 04:26:35.312912 2026] [php:error] [pid 52302] [client 4.190.210.95:0] script '/domains/system_suspended/hehe.php' not found or unable to stat
[Wed Jan 21 04:26:35.439349 2026] [php:error] [pid 52293] [client 4.241.184.25:0] script '/domains/system_suspended/lala.php' not found or unable to stat
[Wed Jan 21 04:26:35.611380 2026] [php:error] [pid 52293] [client 4.241.184.25:0] script '/domains/system_suspended/file3.php' not found or unable to stat
[Wed Jan 21 04:26:35.650454 2026] [php:error] [pid 52302] [client 4.190.210.95:0] script '/domains/system_suspended/index.php' not found or unable to stat
[Wed Jan 21 04:26:35.676837 2026] [php:error] [pid 52306] [client 20.196.90.228:0] script '/domains/emsco1/ioxi-o.php' not found or unable to stat
[Wed Jan 21 04:26:35.819243 2026] [php:error] [pid 52302] [client 4.190.210.95:0] script '/domains/system_suspended/info.php' not found or unable to stat
[Wed Jan 21 04:26:35.866677 2026] [php:error] [pid 52306] [client 20.196.90.228:0] script '/domains/emsco1/radio.php' not found or unable to stat
[Wed Jan 21 04:26:35.988090 2026] [php:error] [pid 52302] [client 4.190.210.95:0] script '/domains/system_suspended/k.php' not found or unable to stat
[Wed Jan 21 04:26:36.166699 2026] [php:error] [pid 52302] [client 4.190.210.95:0] script '/domains/system_suspended/lock360.php' not found or unable to stat
[Wed Jan 21 04:26:36.185777 2026] [php:error] [pid 52293] [client 4.241.184.25:0] script '/domains/system_suspended/file17.php' not found or unable to stat
[Wed Jan 21 04:26:36.343985 2026] [php:error] [pid 52293] [client 4.241.184.25:0] script '/domains/system_suspended/shell.php' not found or unable to stat
[Wed Jan 21 04:26:36.347314 2026] [php:error] [pid 52302] [client 4.190.210.95:0] script '/domains/system_suspended/log.php' not found or unable to stat
[Wed Jan 21 04:26:36.502168 2026] [php:error] [pid 52293] [client 4.241.184.25:0] script '/domains/system_suspended/file15.php' not found or unable to stat
[Wed Jan 21 04:26:36.515928 2026] [php:error] [pid 52302] [client 4.190.210.95:0] script '/domains/system_suspended/man.php' not found or unable to stat
[Wed Jan 21 04:26:36.695216 2026] [php:error] [pid 52293] [client 4.241.184.25:0] script '/domains/system_suspended/file30.php' not found or unable to stat
[Wed Jan 21 04:26:36.853407 2026] [php:error] [pid 52302] [client 4.190.210.95:0] script '/domains/system_suspended/post.php' not found or unable to stat
[Wed Jan 21 04:26:36.855043 2026] [php:error] [pid 52293] [client 4.241.184.25:0] script '/domains/system_suspended/bless5.php' not found or unable to stat
[Wed Jan 21 04:26:37.004699 2026] [php:error] [pid 52306] [client 20.196.90.228:0] script '/domains/emsco1/admin.php' not found or unable to stat
[Wed Jan 21 04:26:37.139822 2026] [php:error] [pid 52293] [client 4.241.184.25:0] script '/domains/system_suspended/wp-is.php' not found or unable to stat
[Wed Jan 21 04:26:37.195181 2026] [php:error] [pid 52306] [client 20.196.90.228:0] script '/domains/emsco1/functions.php' not found or unable to stat
[Wed Jan 21 04:26:37.205434 2026] [php:error] [pid 52302] [client 4.190.210.95:0] script '/domains/system_suspended/root.php' not found or unable to stat
[Wed Jan 21 04:26:37.297878 2026] [php:error] [pid 52293] [client 4.241.184.25:0] script '/domains/system_suspended/hook.php' not found or unable to stat
[Wed Jan 21 04:26:37.374035 2026] [php:error] [pid 52302] [client 4.190.210.95:0] script '/domains/system_suspended/shellv3.php' not found or unable to stat
[Wed Jan 21 04:26:37.455552 2026] [php:error] [pid 52293] [client 4.241.184.25:0] script '/domains/system_suspended/wp-configs.php' not found or unable to stat
[Wed Jan 21 04:26:37.636242 2026] [php:error] [pid 52293] [client 4.241.184.25:0] script '/domains/system_suspended/mini.php' not found or unable to stat
[Wed Jan 21 04:26:37.711491 2026] [php:error] [pid 52302] [client 4.190.210.95:0] script '/domains/system_suspended/system.php' not found or unable to stat
[Wed Jan 21 04:26:37.803836 2026] [php:error] [pid 52293] [client 4.241.184.25:0] script '/domains/system_suspended/class19.php' not found or unable to stat
[Wed Jan 21 04:26:37.880207 2026] [php:error] [pid 52302] [client 4.190.210.95:0] script '/domains/system_suspended/test.php' not found or unable to stat
[Wed Jan 21 04:26:37.963186 2026] [php:error] [pid 52293] [client 4.241.184.25:0] script '/domains/system_suspended/plss3.php' not found or unable to stat
[Wed Jan 21 04:26:38.062595 2026] [php:error] [pid 52302] [client 4.190.210.95:0] script '/domains/system_suspended/theme.php' not found or unable to stat
[Wed Jan 21 04:26:38.232693 2026] [php:error] [pid 52302] [client 4.190.210.95:0] script '/domains/system_suspended/wp-activat.php' not found or unable to stat
[Wed Jan 21 04:26:38.402884 2026] [php:error] [pid 52302] [client 4.190.210.95:0] script '/domains/system_suspended/wp-admin.php' not found or unable to stat
[Wed Jan 21 04:26:38.419007 2026] [php:error] [pid 52293] [client 4.241.184.25:0] script '/domains/system_suspended/0x.php' not found or unable to stat
[Wed Jan 21 04:26:38.583684 2026] [php:error] [pid 52293] [client 4.241.184.25:0] script '/domains/system_suspended/file1.php' not found or unable to stat
[Wed Jan 21 04:26:38.741529 2026] [php:error] [pid 52293] [client 4.241.184.25:0] script '/domains/system_suspended/file8.php' not found or unable to stat
[Wed Jan 21 04:26:38.899002 2026] [php:error] [pid 52293] [client 4.241.184.25:0] script '/domains/system_suspended/100.kb.php' not found or unable to stat
[Wed Jan 21 04:26:39.058237 2026] [php:error] [pid 52293] [client 4.241.184.25:0] script '/domains/system_suspended/ppp.php' not found or unable to stat
[Wed Jan 21 04:26:39.215943 2026] [php:error] [pid 52293] [client 4.241.184.25:0] script '/domains/system_suspended/tox.php' not found or unable to stat
[Wed Jan 21 04:26:39.252786 2026] [php:error] [pid 52302] [client 4.190.210.95:0] script '/domains/system_suspended/wp-blog.php' not found or unable to stat
[Wed Jan 21 04:26:39.373829 2026] [php:error] [pid 52293] [client 4.241.184.25:0] script '/domains/system_suspended/bless11.php' not found or unable to stat
[Wed Jan 21 04:26:39.424991 2026] [php:error] [pid 52302] [client 4.190.210.95:0] script '/domains/system_suspended/wp-conf.php' not found or unable to stat
[Wed Jan 21 04:26:39.531590 2026] [php:error] [pid 52293] [client 4.241.184.25:0] script '/domains/system_suspended/030.php' not found or unable to stat
[Wed Jan 21 04:26:39.689441 2026] [php:error] [pid 52293] [client 4.241.184.25:0] script '/domains/system_suspended/v4.php' not found or unable to stat
[Wed Jan 21 04:26:39.847209 2026] [php:error] [pid 52293] [client 4.241.184.25:0] script '/domains/system_suspended/xxx.php' not found or unable to stat
[Wed Jan 21 04:26:40.005915 2026] [php:error] [pid 52293] [client 4.241.184.25:0] script '/domains/system_suspended/fs.php' not found or unable to stat
[Wed Jan 21 04:26:40.182690 2026] [php:error] [pid 52293] [client 4.241.184.25:0] script '/domains/system_suspended/33.php' not found or unable to stat
[Wed Jan 21 04:26:40.340188 2026] [php:error] [pid 52293] [client 4.241.184.25:0] script '/domains/system_suspended/v2.php' not found or unable to stat
[Wed Jan 21 04:26:40.502747 2026] [php:error] [pid 52293] [client 4.241.184.25:0] script '/domains/system_suspended/new4.php' not found or unable to stat
[Wed Jan 21 04:26:41.130154 2026] [php:error] [pid 52302] [client 4.190.210.95:0] script '/domains/system_suspended/wp-file.php' not found or unable to stat
[Wed Jan 21 04:26:41.300366 2026] [php:error] [pid 52302] [client 4.190.210.95:0] script '/domains/system_suspended/wp-include.php' not found or unable to stat
[Wed Jan 21 04:26:43.217101 2026] [php:error] [pid 52302] [client 4.190.210.95:0] script '/domains/system_suspended/wp-logs.php' not found or unable to stat
[Wed Jan 21 04:26:43.388185 2026] [php:error] [pid 52302] [client 4.190.210.95:0] script '/domains/system_suspended/xmlrpc.php' not found or unable to stat
[Wed Jan 21 04:26:44.962699 2026] [php:error] [pid 52302] [client 4.190.210.95:0] script '/domains/system_suspended/WSO.php' not found or unable to stat
[Wed Jan 21 04:26:48.215727 2026] [php:error] [pid 52302] [client 4.190.210.95:0] script '/domains/system_suspended/goods.php' not found or unable to stat
[Wed Jan 21 04:26:49.415535 2026] [php:error] [pid 52302] [client 4.190.210.95:0] script '/domains/system_suspended/edit.php' not found or unable to stat
[Wed Jan 21 04:26:49.915387 2026] [php:error] [pid 52299] [client 4.190.210.95:0] script '/domains/system_suspended/file5.php' not found or unable to stat
[Wed Jan 21 04:26:50.584301 2026] [php:error] [pid 52299] [client 4.190.210.95:0] script '/domains/system_suspended/aa.php' not found or unable to stat
[Wed Jan 21 04:26:52.103210 2026] [php:error] [pid 52299] [client 4.190.210.95:0] script '/domains/system_suspended/autoload_classmap.php' not found or unable to stat
[Wed Jan 21 04:26:54.283311 2026] [php:error] [pid 52299] [client 4.190.210.95:0] script '/domains/system_suspended/file.php' not found or unable to stat
[Wed Jan 21 04:26:55.283293 2026] [php:error] [pid 52299] [client 4.190.210.95:0] script '/domains/system_suspended/inputs.php' not found or unable to stat
