[Wed Jan 21 01:11:28.710672 2026] [php:error] [pid 10440] [client 20.192.24.172:0] script '/domains/fdcarter/about.php' not found or unable to stat
[Wed Jan 21 01:11:28.923900 2026] [php:error] [pid 10440] [client 20.192.24.172:0] script '/domains/fdcarter/adminfuns.php' not found or unable to stat
[Wed Jan 21 01:11:29.137256 2026] [php:error] [pid 10440] [client 20.192.24.172:0] script '/domains/fdcarter/bolt.php' not found or unable to stat
[Wed Jan 21 01:11:29.351552 2026] [php:error] [pid 10440] [client 20.192.24.172:0] script '/domains/fdcarter/buy.php' not found or unable to stat
[Wed Jan 21 01:11:29.567284 2026] [php:error] [pid 10440] [client 20.192.24.172:0] script '/domains/fdcarter/goods.php' not found or unable to stat
[Wed Jan 21 01:11:29.788488 2026] [php:error] [pid 10440] [client 20.192.24.172:0] script '/domains/fdcarter/deepseek_d.php' not found or unable to stat
[Wed Jan 21 01:11:30.002353 2026] [php:error] [pid 10440] [client 20.192.24.172:0] script '/domains/fdcarter/file.php' not found or unable to stat
[Wed Jan 21 01:11:30.216131 2026] [php:error] [pid 10440] [client 20.192.24.172:0] script '/domains/fdcarter/ioxi-o.php' not found or unable to stat
[Wed Jan 21 01:11:30.220763 2026] [php:error] [pid 10431] [client 20.196.90.228:0] script '/domains/conservation1/2.php' not found or unable to stat
[Wed Jan 21 01:11:30.599324 2026] [php:error] [pid 10431] [client 20.196.90.228:0] script '/domains/conservation1/a.php' not found or unable to stat
[Wed Jan 21 01:11:30.644056 2026] [php:error] [pid 10440] [client 20.192.24.172:0] script '/domains/fdcarter/test1.php' not found or unable to stat
[Wed Jan 21 01:11:30.788747 2026] [php:error] [pid 10431] [client 20.196.90.228:0] script '/domains/conservation1/aaa.php' not found or unable to stat
[Wed Jan 21 01:11:30.867751 2026] [php:error] [pid 10440] [client 20.192.24.172:0] script '/domains/fdcarter/elp.php' not found or unable to stat
[Wed Jan 21 01:11:30.977921 2026] [php:error] [pid 10431] [client 20.196.90.228:0] script '/domains/conservation1/ab.php' not found or unable to stat
[Wed Jan 21 01:11:31.167338 2026] [php:error] [pid 10431] [client 20.196.90.228:0] script '/domains/conservation1/about.php' not found or unable to stat
[Wed Jan 21 01:11:31.546775 2026] [php:error] [pid 10431] [client 20.196.90.228:0] script '/domains/conservation1/alfa.php' not found or unable to stat
[Wed Jan 21 01:11:31.736143 2026] [php:error] [pid 10431] [client 20.196.90.228:0] script '/domains/conservation1/api.php' not found or unable to stat
[Wed Jan 21 01:11:31.751988 2026] [php:error] [pid 10440] [client 20.192.24.172:0] script '/domains/fdcarter/xmlrpc.php' not found or unable to stat
[Wed Jan 21 01:11:31.925104 2026] [php:error] [pid 10431] [client 20.196.90.228:0] script '/domains/conservation1/auth.php' not found or unable to stat
[Wed Jan 21 01:11:31.974201 2026] [php:error] [pid 10440] [client 20.192.24.172:0] script '/domains/fdcarter/inputs.php' not found or unable to stat
[Wed Jan 21 01:11:32.187097 2026] [php:error] [pid 10440] [client 20.192.24.172:0] script '/domains/fdcarter/classsmtps.php' not found or unable to stat
[Wed Jan 21 01:11:32.303967 2026] [php:error] [pid 10431] [client 20.196.90.228:0] script '/domains/conservation1/classwithtostring.php' not found or unable to stat
[Wed Jan 21 01:11:32.399876 2026] [php:error] [pid 10440] [client 20.192.24.172:0] script '/domains/fdcarter/wp-trackback.php' not found or unable to stat
[Wed Jan 21 01:11:32.493258 2026] [php:error] [pid 10431] [client 20.196.90.228:0] script '/domains/conservation1/contents.php' not found or unable to stat
[Wed Jan 21 01:11:32.612915 2026] [php:error] [pid 10440] [client 20.192.24.172:0] script '/domains/fdcarter/wp-cron.php' not found or unable to stat
[Wed Jan 21 01:11:32.827171 2026] [php:error] [pid 10440] [client 20.192.24.172:0] script '/domains/fdcarter/wp-load.php' not found or unable to stat
[Wed Jan 21 01:11:32.871821 2026] [php:error] [pid 10431] [client 20.196.90.228:0] script '/domains/conservation1/default.php' not found or unable to stat
[Wed Jan 21 01:11:33.045016 2026] [php:error] [pid 10440] [client 20.192.24.172:0] script '/domains/fdcarter/wp-mail.php' not found or unable to stat
[Wed Jan 21 01:11:33.264371 2026] [php:error] [pid 10440] [client 20.192.24.172:0] script '/domains/fdcarter/wp-activate.php' not found or unable to stat
[Wed Jan 21 01:11:33.439176 2026] [php:error] [pid 10431] [client 20.196.90.228:0] script '/domains/conservation1/favicon.php' not found or unable to stat
[Wed Jan 21 01:11:33.490279 2026] [php:error] [pid 10440] [client 20.192.24.172:0] script '/domains/fdcarter/plugins.php' not found or unable to stat
[Wed Jan 21 01:11:33.628481 2026] [php:error] [pid 10431] [client 20.196.90.228:0] script '/domains/conservation1/hehe.php' not found or unable to stat
[Wed Jan 21 01:11:33.713893 2026] [php:error] [pid 10440] [client 20.192.24.172:0] script '/domains/fdcarter/admin.php' not found or unable to stat
[Wed Jan 21 01:11:33.933235 2026] [php:error] [pid 10440] [client 20.192.24.172:0] script '/domains/fdcarter/atomlib.php' not found or unable to stat
[Wed Jan 21 01:11:34.006793 2026] [php:error] [pid 10431] [client 20.196.90.228:0] script '/domains/conservation1/index.php' not found or unable to stat
[Wed Jan 21 01:11:34.158602 2026] [php:error] [pid 10440] [client 20.192.24.172:0] script '/domains/fdcarter/simple.php' not found or unable to stat
[Wed Jan 21 01:11:34.195801 2026] [php:error] [pid 10431] [client 20.196.90.228:0] script '/domains/conservation1/info.php' not found or unable to stat
[Wed Jan 21 01:11:34.373782 2026] [php:error] [pid 10440] [client 20.192.24.172:0] script '/domains/fdcarter/log.php' not found or unable to stat
[Wed Jan 21 01:11:34.385277 2026] [php:error] [pid 10431] [client 20.196.90.228:0] script '/domains/conservation1/k.php' not found or unable to stat
[Wed Jan 21 01:11:34.575399 2026] [php:error] [pid 10431] [client 20.196.90.228:0] script '/domains/conservation1/lock360.php' not found or unable to stat
[Wed Jan 21 01:11:34.594493 2026] [php:error] [pid 10440] [client 20.192.24.172:0] script '/domains/fdcarter/lufix.php' not found or unable to stat
[Wed Jan 21 01:11:34.764720 2026] [php:error] [pid 10431] [client 20.196.90.228:0] script '/domains/conservation1/log.php' not found or unable to stat
[Wed Jan 21 01:11:34.812095 2026] [php:error] [pid 10440] [client 20.192.24.172:0] script '/domains/fdcarter/content.php' not found or unable to stat
[Wed Jan 21 01:11:34.953688 2026] [php:error] [pid 10431] [client 20.196.90.228:0] script '/domains/conservation1/man.php' not found or unable to stat
[Wed Jan 21 01:11:35.024787 2026] [php:error] [pid 10440] [client 20.192.24.172:0] script '/domains/fdcarter/wp.php' not found or unable to stat
[Wed Jan 21 01:11:35.237840 2026] [php:error] [pid 10440] [client 20.192.24.172:0] script '/domains/fdcarter/wp-conflg.php' not found or unable to stat
[Wed Jan 21 01:11:35.331860 2026] [php:error] [pid 10431] [client 20.196.90.228:0] script '/domains/conservation1/post.php' not found or unable to stat
[Wed Jan 21 01:11:35.450933 2026] [php:error] [pid 10440] [client 20.192.24.172:0] script '/domains/fdcarter/404.php' not found or unable to stat
[Wed Jan 21 01:11:35.665587 2026] [php:error] [pid 10440] [client 20.192.24.172:0] script '/domains/fdcarter/updates.php' not found or unable to stat
[Wed Jan 21 01:11:35.715018 2026] [php:error] [pid 10431] [client 20.196.90.228:0] script '/domains/conservation1/root.php' not found or unable to stat
[Wed Jan 21 01:11:35.879050 2026] [php:error] [pid 10440] [client 20.192.24.172:0] script '/domains/fdcarter/radio.php' not found or unable to stat
[Wed Jan 21 01:11:35.903909 2026] [php:error] [pid 10431] [client 20.196.90.228:0] script '/domains/conservation1/shellv3.php' not found or unable to stat
[Wed Jan 21 01:11:36.092068 2026] [php:error] [pid 10440] [client 20.192.24.172:0] script '/domains/fdcarter/xmrlpc.php' not found or unable to stat
[Wed Jan 21 01:11:36.283204 2026] [php:error] [pid 10431] [client 20.196.90.228:0] script '/domains/conservation1/system.php' not found or unable to stat
[Wed Jan 21 01:11:36.309233 2026] [php:error] [pid 10440] [client 20.192.24.172:0] script '/domains/fdcarter/moon.php' not found or unable to stat
[Wed Jan 21 01:11:36.472374 2026] [php:error] [pid 10431] [client 20.196.90.228:0] script '/domains/conservation1/test.php' not found or unable to stat
[Wed Jan 21 01:11:36.522434 2026] [php:error] [pid 10440] [client 20.192.24.172:0] script '/domains/fdcarter/blog.php' not found or unable to stat
[Wed Jan 21 01:11:36.661515 2026] [php:error] [pid 10431] [client 20.196.90.228:0] script '/domains/conservation1/theme.php' not found or unable to stat
[Wed Jan 21 01:11:36.748771 2026] [php:error] [pid 10440] [client 20.192.24.172:0] script '/domains/fdcarter/themes.php' not found or unable to stat
[Wed Jan 21 01:11:36.851041 2026] [php:error] [pid 10431] [client 20.196.90.228:0] script '/domains/conservation1/wp-activat.php' not found or unable to stat
[Wed Jan 21 01:11:36.966434 2026] [php:error] [pid 10440] [client 20.192.24.172:0] script '/domains/fdcarter/ini.php' not found or unable to stat
[Wed Jan 21 01:11:37.042105 2026] [php:error] [pid 10431] [client 20.196.90.228:0] script '/domains/conservation1/wp-admin.php' not found or unable to stat
[Wed Jan 21 01:11:37.189379 2026] [php:error] [pid 10440] [client 20.192.24.172:0] script '/domains/fdcarter/as.php' not found or unable to stat
[Wed Jan 21 01:11:37.414898 2026] [php:error] [pid 10440] [client 20.192.24.172:0] script '/domains/fdcarter/ws.php' not found or unable to stat
[Wed Jan 21 01:11:37.633676 2026] [php:error] [pid 10440] [client 20.192.24.172:0] script '/domains/fdcarter/dropdown.php' not found or unable to stat
[Wed Jan 21 01:11:37.849600 2026] [php:error] [pid 10440] [client 20.192.24.172:0] script '/domains/fdcarter/makeasmtp.php' not found or unable to stat
[Wed Jan 21 01:11:37.987856 2026] [php:error] [pid 10431] [client 20.196.90.228:0] script '/domains/conservation1/wp-blog.php' not found or unable to stat
[Wed Jan 21 01:11:38.070912 2026] [php:error] [pid 10440] [client 20.192.24.172:0] script '/domains/fdcarter/alfanew.php' not found or unable to stat
[Wed Jan 21 01:11:38.176970 2026] [php:error] [pid 10431] [client 20.196.90.228:0] script '/domains/conservation1/wp-conf.php' not found or unable to stat
[Wed Jan 21 01:11:38.297948 2026] [php:error] [pid 10440] [client 20.192.24.172:0] script '/domains/fdcarter/fw.php' not found or unable to stat
[Wed Jan 21 01:11:38.521782 2026] [php:error] [pid 10440] [client 20.192.24.172:0] script '/domains/fdcarter/install.php' not found or unable to stat
[Wed Jan 21 01:11:38.734866 2026] [php:error] [pid 10440] [client 20.192.24.172:0] script '/domains/fdcarter/chosen.php' not found or unable to stat
[Wed Jan 21 01:11:40.069844 2026] [php:error] [pid 10431] [client 20.196.90.228:0] script '/domains/conservation1/wp-file.php' not found or unable to stat
[Wed Jan 21 01:11:40.260058 2026] [php:error] [pid 10431] [client 20.196.90.228:0] script '/domains/conservation1/wp-include.php' not found or unable to stat
[Wed Jan 21 01:11:42.344654 2026] [php:error] [pid 10431] [client 20.196.90.228:0] script '/domains/conservation1/wp-logs.php' not found or unable to stat
[Wed Jan 21 01:11:42.535019 2026] [php:error] [pid 10431] [client 20.196.90.228:0] script '/domains/conservation1/xmlrpc.php' not found or unable to stat
[Wed Jan 21 01:11:44.240523 2026] [php:error] [pid 10431] [client 20.196.90.228:0] script '/domains/conservation1/WSO.php' not found or unable to stat
[Wed Jan 21 01:11:47.838109 2026] [php:error] [pid 10431] [client 20.196.90.228:0] script '/domains/conservation1/goods.php' not found or unable to stat
[Wed Jan 21 01:11:49.177290 2026] [php:error] [pid 10431] [client 20.196.90.228:0] script '/domains/conservation1/edit.php' not found or unable to stat
[Wed Jan 21 01:11:49.731989 2026] [php:error] [pid 10442] [client 20.196.90.228:0] script '/domains/conservation1/file5.php' not found or unable to stat
[Wed Jan 21 01:11:50.484847 2026] [php:error] [pid 10442] [client 20.196.90.228:0] script '/domains/conservation1/aa.php' not found or unable to stat
[Wed Jan 21 01:11:52.205888 2026] [php:error] [pid 10442] [client 20.196.90.228:0] script '/domains/conservation1/autoload_classmap.php' not found or unable to stat
[Wed Jan 21 01:11:54.652331 2026] [php:error] [pid 10442] [client 20.196.90.228:0] script '/domains/conservation1/file.php' not found or unable to stat
[Wed Jan 21 01:11:55.793713 2026] [php:error] [pid 10442] [client 20.196.90.228:0] script '/domains/conservation1/inputs.php' not found or unable to stat
[Wed Jan 21 01:11:56.347661 2026] [php:error] [pid 10442] [client 20.196.90.228:0] script '/domains/conservation1/1.php' not found or unable to stat
[Wed Jan 21 01:11:59.838628 2026] [php:error] [pid 10442] [client 20.196.90.228:0] script '/domains/conservation1/flower.php' not found or unable to stat
[Wed Jan 21 01:12:02.929866 2026] [php:error] [pid 10442] [client 20.196.90.228:0] script '/domains/conservation1/ioxi-o.php' not found or unable to stat
[Wed Jan 21 01:12:03.111578 2026] [php:error] [pid 10442] [client 20.196.90.228:0] script '/domains/conservation1/radio.php' not found or unable to stat
[Wed Jan 21 01:12:04.231363 2026] [php:error] [pid 10442] [client 20.196.90.228:0] script '/domains/conservation1/admin.php' not found or unable to stat
[Wed Jan 21 01:12:04.421196 2026] [php:error] [pid 10442] [client 20.196.90.228:0] script '/domains/conservation1/functions.php' not found or unable to stat
[Wed Jan 21 01:12:14.697011 2026] [php:error] [pid 10447] [client 65.52.167.153:0] script '/domains/conservation1/aa.php' not found or unable to stat
[Wed Jan 21 01:12:14.908765 2026] [php:error] [pid 10447] [client 65.52.167.153:0] script '/domains/conservation1/about.php' not found or unable to stat
[Wed Jan 21 01:12:15.148148 2026] [php:error] [pid 10447] [client 65.52.167.153:0] script '/domains/conservation1/adminfuns.php' not found or unable to stat
[Wed Jan 21 01:12:15.381429 2026] [php:error] [pid 10447] [client 65.52.167.153:0] script '/domains/conservation1/bolt.php' not found or unable to stat
[Wed Jan 21 01:12:15.593545 2026] [php:error] [pid 10447] [client 65.52.167.153:0] script '/domains/conservation1/buy.php' not found or unable to stat
[Wed Jan 21 01:12:15.826387 2026] [php:error] [pid 10447] [client 65.52.167.153:0] script '/domains/conservation1/goods.php' not found or unable to stat
[Wed Jan 21 01:12:16.058979 2026] [php:error] [pid 10447] [client 65.52.167.153:0] script '/domains/conservation1/deepseek_d.php' not found or unable to stat
[Wed Jan 21 01:12:16.270795 2026] [php:error] [pid 10447] [client 65.52.167.153:0] script '/domains/conservation1/file.php' not found or unable to stat
[Wed Jan 21 01:12:16.484084 2026] [php:error] [pid 10447] [client 65.52.167.153:0] script '/domains/conservation1/ioxi-o.php' not found or unable to stat
[Wed Jan 21 01:12:16.922969 2026] [php:error] [pid 10447] [client 65.52.167.153:0] script '/domains/conservation1/test1.php' not found or unable to stat
[Wed Jan 21 01:12:17.136233 2026] [php:error] [pid 10447] [client 65.52.167.153:0] script '/domains/conservation1/elp.php' not found or unable to stat
[Wed Jan 21 01:12:17.999097 2026] [php:error] [pid 10447] [client 65.52.167.153:0] script '/domains/conservation1/xmlrpc.php' not found or unable to stat
[Wed Jan 21 01:12:18.211979 2026] [php:error] [pid 10447] [client 65.52.167.153:0] script '/domains/conservation1/inputs.php' not found or unable to stat
[Wed Jan 21 01:12:18.433624 2026] [php:error] [pid 10447] [client 65.52.167.153:0] script '/domains/conservation1/classsmtps.php' not found or unable to stat
[Wed Jan 21 01:12:18.646435 2026] [php:error] [pid 10447] [client 65.52.167.153:0] script '/domains/conservation1/wp-trackback.php' not found or unable to stat
[Wed Jan 21 01:12:18.858939 2026] [php:error] [pid 10447] [client 65.52.167.153:0] script '/domains/conservation1/wp-cron.php' not found or unable to stat
[Wed Jan 21 01:12:19.071112 2026] [php:error] [pid 10447] [client 65.52.167.153:0] script '/domains/conservation1/wp-load.php' not found or unable to stat
[Wed Jan 21 01:12:19.283455 2026] [php:error] [pid 10447] [client 65.52.167.153:0] script '/domains/conservation1/wp-mail.php' not found or unable to stat
[Wed Jan 21 01:12:19.504890 2026] [php:error] [pid 10447] [client 65.52.167.153:0] script '/domains/conservation1/wp-activate.php' not found or unable to stat
[Wed Jan 21 01:12:19.725059 2026] [php:error] [pid 10447] [client 65.52.167.153:0] script '/domains/conservation1/plugins.php' not found or unable to stat
[Wed Jan 21 01:12:19.936883 2026] [php:error] [pid 10447] [client 65.52.167.153:0] script '/domains/conservation1/admin.php' not found or unable to stat
[Wed Jan 21 01:12:20.163332 2026] [php:error] [pid 10447] [client 65.52.167.153:0] script '/domains/conservation1/atomlib.php' not found or unable to stat
[Wed Jan 21 01:12:20.380486 2026] [php:error] [pid 10447] [client 65.52.167.153:0] script '/domains/conservation1/simple.php' not found or unable to stat
[Wed Jan 21 01:12:20.605154 2026] [php:error] [pid 10447] [client 65.52.167.153:0] script '/domains/conservation1/log.php' not found or unable to stat
[Wed Jan 21 01:12:20.833500 2026] [php:error] [pid 10447] [client 65.52.167.153:0] script '/domains/conservation1/lufix.php' not found or unable to stat
[Wed Jan 21 01:12:21.047660 2026] [php:error] [pid 10447] [client 65.52.167.153:0] script '/domains/conservation1/content.php' not found or unable to stat
[Wed Jan 21 01:12:21.277667 2026] [php:error] [pid 10447] [client 65.52.167.153:0] script '/domains/conservation1/wp.php' not found or unable to stat
[Wed Jan 21 01:12:21.490933 2026] [php:error] [pid 10447] [client 65.52.167.153:0] script '/domains/conservation1/wp-conflg.php' not found or unable to stat
[Wed Jan 21 01:12:21.713863 2026] [php:error] [pid 10447] [client 65.52.167.153:0] script '/domains/conservation1/404.php' not found or unable to stat
[Wed Jan 21 01:12:21.926225 2026] [php:error] [pid 10447] [client 65.52.167.153:0] script '/domains/conservation1/updates.php' not found or unable to stat
[Wed Jan 21 01:12:22.137859 2026] [php:error] [pid 10447] [client 65.52.167.153:0] script '/domains/conservation1/radio.php' not found or unable to stat
[Wed Jan 21 01:12:22.376449 2026] [php:error] [pid 10447] [client 65.52.167.153:0] script '/domains/conservation1/xmrlpc.php' not found or unable to stat
[Wed Jan 21 01:12:22.588758 2026] [php:error] [pid 10447] [client 65.52.167.153:0] script '/domains/conservation1/moon.php' not found or unable to stat
[Wed Jan 21 01:12:22.802014 2026] [php:error] [pid 10447] [client 65.52.167.153:0] script '/domains/conservation1/blog.php' not found or unable to stat
[Wed Jan 21 01:12:23.014252 2026] [php:error] [pid 10447] [client 65.52.167.153:0] script '/domains/conservation1/themes.php' not found or unable to stat
[Wed Jan 21 01:12:23.227020 2026] [php:error] [pid 10447] [client 65.52.167.153:0] script '/domains/conservation1/ini.php' not found or unable to stat
[Wed Jan 21 01:12:23.442088 2026] [php:error] [pid 10447] [client 65.52.167.153:0] script '/domains/conservation1/as.php' not found or unable to stat
[Wed Jan 21 01:12:23.654436 2026] [php:error] [pid 10447] [client 65.52.167.153:0] script '/domains/conservation1/ws.php' not found or unable to stat
[Wed Jan 21 01:12:23.866360 2026] [php:error] [pid 10447] [client 65.52.167.153:0] script '/domains/conservation1/dropdown.php' not found or unable to stat
[Wed Jan 21 01:12:24.085913 2026] [php:error] [pid 10447] [client 65.52.167.153:0] script '/domains/conservation1/makeasmtp.php' not found or unable to stat
[Wed Jan 21 01:12:24.311158 2026] [php:error] [pid 10447] [client 65.52.167.153:0] script '/domains/conservation1/alfanew.php' not found or unable to stat
[Wed Jan 21 01:12:24.524007 2026] [php:error] [pid 10447] [client 65.52.167.153:0] script '/domains/conservation1/fw.php' not found or unable to stat
[Wed Jan 21 01:12:24.748950 2026] [php:error] [pid 10447] [client 65.52.167.153:0] script '/domains/conservation1/install.php' not found or unable to stat
[Wed Jan 21 01:12:24.973052 2026] [php:error] [pid 10447] [client 65.52.167.153:0] script '/domains/conservation1/chosen.php' not found or unable to stat
[Wed Jan 21 01:13:19.026308 2026] [php:error] [pid 10467] [client 20.222.16.238:0] script '/domains/ceonlinenews/aa.php' not found or unable to stat
[Wed Jan 21 01:13:19.185820 2026] [php:error] [pid 10467] [client 20.222.16.238:0] script '/domains/ceonlinenews/about.php' not found or unable to stat
[Wed Jan 21 01:13:19.346834 2026] [php:error] [pid 10467] [client 20.222.16.238:0] script '/domains/ceonlinenews/adminfuns.php' not found or unable to stat
[Wed Jan 21 01:13:19.506158 2026] [php:error] [pid 10467] [client 20.222.16.238:0] script '/domains/ceonlinenews/bolt.php' not found or unable to stat
[Wed Jan 21 01:13:19.665369 2026] [php:error] [pid 10467] [client 20.222.16.238:0] script '/domains/ceonlinenews/buy.php' not found or unable to stat
[Wed Jan 21 01:13:19.827992 2026] [php:error] [pid 10467] [client 20.222.16.238:0] script '/domains/ceonlinenews/goods.php' not found or unable to stat
[Wed Jan 21 01:13:19.987190 2026] [php:error] [pid 10467] [client 20.222.16.238:0] script '/domains/ceonlinenews/deepseek_d.php' not found or unable to stat
[Wed Jan 21 01:13:20.146312 2026] [php:error] [pid 10467] [client 20.222.16.238:0] script '/domains/ceonlinenews/file.php' not found or unable to stat
[Wed Jan 21 01:13:20.305470 2026] [php:error] [pid 10467] [client 20.222.16.238:0] script '/domains/ceonlinenews/ioxi-o.php' not found or unable to stat
[Wed Jan 21 01:13:20.623620 2026] [php:error] [pid 10467] [client 20.222.16.238:0] script '/domains/ceonlinenews/test1.php' not found or unable to stat
[Wed Jan 21 01:13:20.782607 2026] [php:error] [pid 10467] [client 20.222.16.238:0] script '/domains/ceonlinenews/elp.php' not found or unable to stat
[Wed Jan 21 01:13:21.418008 2026] [php:error] [pid 10467] [client 20.222.16.238:0] script '/domains/ceonlinenews/xmlrpc.php' not found or unable to stat
[Wed Jan 21 01:13:21.577114 2026] [php:error] [pid 10467] [client 20.222.16.238:0] script '/domains/ceonlinenews/inputs.php' not found or unable to stat
[Wed Jan 21 01:13:21.735878 2026] [php:error] [pid 10467] [client 20.222.16.238:0] script '/domains/ceonlinenews/classsmtps.php' not found or unable to stat
[Wed Jan 21 01:13:21.894547 2026] [php:error] [pid 10467] [client 20.222.16.238:0] script '/domains/ceonlinenews/wp-trackback.php' not found or unable to stat
[Wed Jan 21 01:13:22.059424 2026] [php:error] [pid 10467] [client 20.222.16.238:0] script '/domains/ceonlinenews/wp-cron.php' not found or unable to stat
[Wed Jan 21 01:13:22.220869 2026] [php:error] [pid 10467] [client 20.222.16.238:0] script '/domains/ceonlinenews/wp-load.php' not found or unable to stat
[Wed Jan 21 01:13:22.380990 2026] [php:error] [pid 10467] [client 20.222.16.238:0] script '/domains/ceonlinenews/wp-mail.php' not found or unable to stat
[Wed Jan 21 01:13:22.540322 2026] [php:error] [pid 10467] [client 20.222.16.238:0] script '/domains/ceonlinenews/wp-activate.php' not found or unable to stat
[Wed Jan 21 01:13:22.699668 2026] [php:error] [pid 10467] [client 20.222.16.238:0] script '/domains/ceonlinenews/plugins.php' not found or unable to stat
[Wed Jan 21 01:13:22.858689 2026] [php:error] [pid 10467] [client 20.222.16.238:0] script '/domains/ceonlinenews/admin.php' not found or unable to stat
[Wed Jan 21 01:13:23.018016 2026] [php:error] [pid 10467] [client 20.222.16.238:0] script '/domains/ceonlinenews/atomlib.php' not found or unable to stat
[Wed Jan 21 01:13:23.177093 2026] [php:error] [pid 10467] [client 20.222.16.238:0] script '/domains/ceonlinenews/simple.php' not found or unable to stat
[Wed Jan 21 01:13:23.336729 2026] [php:error] [pid 10467] [client 20.222.16.238:0] script '/domains/ceonlinenews/log.php' not found or unable to stat
[Wed Jan 21 01:13:23.495735 2026] [php:error] [pid 10467] [client 20.222.16.238:0] script '/domains/ceonlinenews/lufix.php' not found or unable to stat
[Wed Jan 21 01:13:23.654594 2026] [php:error] [pid 10467] [client 20.222.16.238:0] script '/domains/ceonlinenews/content.php' not found or unable to stat
[Wed Jan 21 01:13:23.813476 2026] [php:error] [pid 10467] [client 20.222.16.238:0] script '/domains/ceonlinenews/wp.php' not found or unable to stat
[Wed Jan 21 01:13:23.975735 2026] [php:error] [pid 10467] [client 20.222.16.238:0] script '/domains/ceonlinenews/wp-conflg.php' not found or unable to stat
[Wed Jan 21 01:13:24.134718 2026] [php:error] [pid 10467] [client 20.222.16.238:0] script '/domains/ceonlinenews/404.php' not found or unable to stat
[Wed Jan 21 01:13:24.293725 2026] [php:error] [pid 10467] [client 20.222.16.238:0] script '/domains/ceonlinenews/updates.php' not found or unable to stat
[Wed Jan 21 01:13:24.453026 2026] [php:error] [pid 10467] [client 20.222.16.238:0] script '/domains/ceonlinenews/radio.php' not found or unable to stat
[Wed Jan 21 01:13:24.612364 2026] [php:error] [pid 10467] [client 20.222.16.238:0] script '/domains/ceonlinenews/xmrlpc.php' not found or unable to stat
[Wed Jan 21 01:13:24.771390 2026] [php:error] [pid 10467] [client 20.222.16.238:0] script '/domains/ceonlinenews/moon.php' not found or unable to stat
[Wed Jan 21 01:13:24.935299 2026] [php:error] [pid 10467] [client 20.222.16.238:0] script '/domains/ceonlinenews/blog.php' not found or unable to stat
[Wed Jan 21 01:13:25.099801 2026] [php:error] [pid 10467] [client 20.222.16.238:0] script '/domains/ceonlinenews/themes.php' not found or unable to stat
[Wed Jan 21 01:13:25.260830 2026] [php:error] [pid 10467] [client 20.222.16.238:0] script '/domains/ceonlinenews/ini.php' not found or unable to stat
[Wed Jan 21 01:13:25.420388 2026] [php:error] [pid 10467] [client 20.222.16.238:0] script '/domains/ceonlinenews/as.php' not found or unable to stat
[Wed Jan 21 01:13:25.580874 2026] [php:error] [pid 10467] [client 20.222.16.238:0] script '/domains/ceonlinenews/ws.php' not found or unable to stat
[Wed Jan 21 01:13:25.739987 2026] [php:error] [pid 10467] [client 20.222.16.238:0] script '/domains/ceonlinenews/dropdown.php' not found or unable to stat
[Wed Jan 21 01:13:25.899433 2026] [php:error] [pid 10467] [client 20.222.16.238:0] script '/domains/ceonlinenews/makeasmtp.php' not found or unable to stat
[Wed Jan 21 01:13:26.058487 2026] [php:error] [pid 10467] [client 20.222.16.238:0] script '/domains/ceonlinenews/alfanew.php' not found or unable to stat
[Wed Jan 21 01:13:26.217706 2026] [php:error] [pid 10467] [client 20.222.16.238:0] script '/domains/ceonlinenews/fw.php' not found or unable to stat
[Wed Jan 21 01:13:26.376659 2026] [php:error] [pid 10467] [client 20.222.16.238:0] script '/domains/ceonlinenews/install.php' not found or unable to stat
[Wed Jan 21 01:13:26.535646 2026] [php:error] [pid 10467] [client 20.222.16.238:0] script '/domains/ceonlinenews/chosen.php' not found or unable to stat
[Wed Jan 21 01:13:51.912693 2026] [php:error] [pid 10469] [client 4.190.210.95:0] script '/domains/fifibear/ioxi-o.php' not found or unable to stat
[Wed Jan 21 01:13:52.079108 2026] [php:error] [pid 10469] [client 4.190.210.95:0] script '/domains/fifibear/0x.php' not found or unable to stat
[Wed Jan 21 01:13:52.246444 2026] [php:error] [pid 10469] [client 4.190.210.95:0] script '/domains/fifibear/222.php' not found or unable to stat
[Wed Jan 21 01:13:52.412277 2026] [php:error] [pid 10469] [client 4.190.210.95:0] script '/domains/fifibear/aa.php' not found or unable to stat
[Wed Jan 21 01:13:52.578379 2026] [php:error] [pid 10469] [client 4.190.210.95:0] script '/domains/fifibear/abcd.php' not found or unable to stat
[Wed Jan 21 01:13:52.748523 2026] [php:error] [pid 10469] [client 4.190.210.95:0] script '/domains/fifibear/admin.php' not found or unable to stat
[Wed Jan 21 01:13:53.092875 2026] [php:error] [pid 10469] [client 4.190.210.95:0] script '/domains/fifibear/adminfuns.php' not found or unable to stat
[Wed Jan 21 01:13:53.258527 2026] [php:error] [pid 10469] [client 4.190.210.95:0] script '/domains/fifibear/akc.php' not found or unable to stat
[Wed Jan 21 01:13:53.436839 2026] [php:error] [pid 10469] [client 4.190.210.95:0] script '/domains/fifibear/buy.php' not found or unable to stat
[Wed Jan 21 01:13:53.602491 2026] [php:error] [pid 10469] [client 4.190.210.95:0] script '/domains/fifibear/cong.php' not found or unable to stat
[Wed Jan 21 01:13:53.767917 2026] [php:error] [pid 10469] [client 4.190.210.95:0] script '/domains/fifibear/ioxi-o.php' not found or unable to stat
[Wed Jan 21 01:13:54.107290 2026] [php:error] [pid 10469] [client 4.190.210.95:0] script '/domains/fifibear/db.php' not found or unable to stat
[Wed Jan 21 01:13:54.273104 2026] [php:error] [pid 10469] [client 4.190.210.95:0] script '/domains/fifibear/dropdown.php' not found or unable to stat
[Wed Jan 21 01:13:54.439105 2026] [php:error] [pid 10469] [client 4.190.210.95:0] script '/domains/fifibear/file.php' not found or unable to stat
[Wed Jan 21 01:13:54.616187 2026] [php:error] [pid 10469] [client 4.190.210.95:0] script '/domains/fifibear/goods.php' not found or unable to stat
[Wed Jan 21 01:13:54.781898 2026] [php:error] [pid 10469] [client 4.190.210.95:0] script '/domains/fifibear/hplfuns.php' not found or unable to stat
[Wed Jan 21 01:13:54.947686 2026] [php:error] [pid 10469] [client 4.190.210.95:0] script '/domains/fifibear/htaccess.php' not found or unable to stat
[Wed Jan 21 01:13:55.452268 2026] [php:error] [pid 10469] [client 4.190.210.95:0] script '/domains/fifibear/info.php' not found or unable to stat
[Wed Jan 21 01:13:55.630310 2026] [php:error] [pid 10469] [client 4.190.210.95:0] script '/domains/fifibear/profile.php' not found or unable to stat
[Wed Jan 21 01:13:55.796111 2026] [php:error] [pid 10469] [client 4.190.210.95:0] script '/domains/fifibear/sx.php' not found or unable to stat
[Wed Jan 21 01:13:59.344355 2026] [php:error] [pid 10469] [client 4.190.210.95:0] script '/domains/fifibear/wp-fclass.php' not found or unable to stat
[Wed Jan 21 01:14:02.233817 2026] [php:error] [pid 10469] [client 4.190.210.95:0] script '/domains/fifibear/wp-themes.php' not found or unable to stat
[Wed Jan 21 01:14:02.420613 2026] [php:error] [pid 10469] [client 4.190.210.95:0] script '/domains/fifibear/xmlrpc.php' not found or unable to stat
[Wed Jan 21 01:14:04.024789 2026] [php:error] [pid 10467] [client 52.147.68.140:0] script '/domains/apunderkofler/ioxi-o.php' not found or unable to stat
[Wed Jan 21 01:14:04.201039 2026] [php:error] [pid 10467] [client 52.147.68.140:0] script '/domains/apunderkofler/0x.php' not found or unable to stat
[Wed Jan 21 01:14:04.367798 2026] [php:error] [pid 10467] [client 52.147.68.140:0] script '/domains/apunderkofler/222.php' not found or unable to stat
[Wed Jan 21 01:14:04.551358 2026] [php:error] [pid 10467] [client 52.147.68.140:0] script '/domains/apunderkofler/aa.php' not found or unable to stat
[Wed Jan 21 01:14:04.719603 2026] [php:error] [pid 10467] [client 52.147.68.140:0] script '/domains/apunderkofler/abcd.php' not found or unable to stat
[Wed Jan 21 01:14:04.895872 2026] [php:error] [pid 10467] [client 52.147.68.140:0] script '/domains/apunderkofler/admin.php' not found or unable to stat
[Wed Jan 21 01:14:05.240380 2026] [php:error] [pid 10467] [client 52.147.68.140:0] script '/domains/apunderkofler/adminfuns.php' not found or unable to stat
[Wed Jan 21 01:14:05.409031 2026] [php:error] [pid 10467] [client 52.147.68.140:0] script '/domains/apunderkofler/akc.php' not found or unable to stat
[Wed Jan 21 01:14:05.576210 2026] [php:error] [pid 10467] [client 52.147.68.140:0] script '/domains/apunderkofler/buy.php' not found or unable to stat
[Wed Jan 21 01:14:05.753933 2026] [php:error] [pid 10467] [client 52.147.68.140:0] script '/domains/apunderkofler/cong.php' not found or unable to stat
[Wed Jan 21 01:14:05.920909 2026] [php:error] [pid 10467] [client 52.147.68.140:0] script '/domains/apunderkofler/ioxi-o.php' not found or unable to stat
[Wed Jan 21 01:14:06.260519 2026] [php:error] [pid 10467] [client 52.147.68.140:0] script '/domains/apunderkofler/db.php' not found or unable to stat
[Wed Jan 21 01:14:06.427489 2026] [php:error] [pid 10467] [client 52.147.68.140:0] script '/domains/apunderkofler/dropdown.php' not found or unable to stat
[Wed Jan 21 01:14:06.602929 2026] [php:error] [pid 10467] [client 52.147.68.140:0] script '/domains/apunderkofler/file.php' not found or unable to stat
[Wed Jan 21 01:14:06.771261 2026] [php:error] [pid 10467] [client 52.147.68.140:0] script '/domains/apunderkofler/goods.php' not found or unable to stat
[Wed Jan 21 01:14:06.947523 2026] [php:error] [pid 10467] [client 52.147.68.140:0] script '/domains/apunderkofler/hplfuns.php' not found or unable to stat
[Wed Jan 21 01:14:07.115047 2026] [php:error] [pid 10467] [client 52.147.68.140:0] script '/domains/apunderkofler/htaccess.php' not found or unable to stat
[Wed Jan 21 01:14:07.283073 2026] [php:error] [pid 10467] [client 52.147.68.140:0] script '/domains/apunderkofler/images/wso.php' not found or unable to stat
[Wed Jan 21 01:14:07.625547 2026] [php:error] [pid 10467] [client 52.147.68.140:0] script '/domains/apunderkofler/info.php' not found or unable to stat
[Wed Jan 21 01:14:07.802371 2026] [php:error] [pid 10467] [client 52.147.68.140:0] script '/domains/apunderkofler/profile.php' not found or unable to stat
[Wed Jan 21 01:14:07.969520 2026] [php:error] [pid 10467] [client 52.147.68.140:0] script '/domains/apunderkofler/sx.php' not found or unable to stat
[Wed Jan 21 01:14:11.546537 2026] [php:error] [pid 10467] [client 52.147.68.140:0] script '/domains/apunderkofler/wp-fclass.php' not found or unable to stat
[Wed Jan 21 01:14:14.439867 2026] [php:error] [pid 10467] [client 52.147.68.140:0] script '/domains/apunderkofler/wp-themes.php' not found or unable to stat
[Wed Jan 21 01:14:14.607002 2026] [php:error] [pid 10467] [client 52.147.68.140:0] script '/domains/apunderkofler/xmlrpc.php' not found or unable to stat
[Wed Jan 21 01:14:38.602986 2026] [core:error] [pid 16102] [client 217.113.196.156:0] AH10244: invalid URI path (/../files/install.exe)
[Wed Jan 21 01:14:43.599027 2026] [php:error] [pid 16101] [client 20.89.17.172:0] script '/domains/system_default/ioxi-o.php' not found or unable to stat
[Wed Jan 21 01:14:43.760940 2026] [php:error] [pid 16101] [client 20.89.17.172:0] script '/domains/system_default/0x.php' not found or unable to stat
[Wed Jan 21 01:14:43.931740 2026] [php:error] [pid 16101] [client 20.89.17.172:0] script '/domains/system_default/222.php' not found or unable to stat
[Wed Jan 21 01:14:44.096703 2026] [php:error] [pid 16101] [client 20.89.17.172:0] script '/domains/system_default/aa.php' not found or unable to stat
[Wed Jan 21 01:14:44.258975 2026] [php:error] [pid 16101] [client 20.89.17.172:0] script '/domains/system_default/abcd.php' not found or unable to stat
[Wed Jan 21 01:14:44.426757 2026] [php:error] [pid 16101] [client 20.89.17.172:0] script '/domains/system_default/admin.php' not found or unable to stat
[Wed Jan 21 01:14:44.755378 2026] [php:error] [pid 16101] [client 20.89.17.172:0] script '/domains/system_default/adminfuns.php' not found or unable to stat
[Wed Jan 21 01:14:44.916710 2026] [php:error] [pid 16101] [client 20.89.17.172:0] script '/domains/system_default/akc.php' not found or unable to stat
[Wed Jan 21 01:14:45.077747 2026] [php:error] [pid 16101] [client 20.89.17.172:0] script '/domains/system_default/buy.php' not found or unable to stat
[Wed Jan 21 01:14:45.238897 2026] [php:error] [pid 16101] [client 20.89.17.172:0] script '/domains/system_default/cong.php' not found or unable to stat
[Wed Jan 21 01:14:45.399996 2026] [php:error] [pid 16101] [client 20.89.17.172:0] script '/domains/system_default/ioxi-o.php' not found or unable to stat
[Wed Jan 21 01:14:45.736314 2026] [php:error] [pid 16101] [client 20.89.17.172:0] script '/domains/system_default/db.php' not found or unable to stat
[Wed Jan 21 01:14:45.897672 2026] [php:error] [pid 16101] [client 20.89.17.172:0] script '/domains/system_default/dropdown.php' not found or unable to stat
[Wed Jan 21 01:14:46.058883 2026] [php:error] [pid 16101] [client 20.89.17.172:0] script '/domains/system_default/file.php' not found or unable to stat
[Wed Jan 21 01:14:46.220046 2026] [php:error] [pid 16101] [client 20.89.17.172:0] script '/domains/system_default/goods.php' not found or unable to stat
[Wed Jan 21 01:14:46.381289 2026] [php:error] [pid 16101] [client 20.89.17.172:0] script '/domains/system_default/hplfuns.php' not found or unable to stat
[Wed Jan 21 01:14:46.547437 2026] [php:error] [pid 16101] [client 20.89.17.172:0] script '/domains/system_default/htaccess.php' not found or unable to stat
[Wed Jan 21 01:14:47.034701 2026] [php:error] [pid 16101] [client 20.89.17.172:0] script '/domains/system_default/info.php' not found or unable to stat
[Wed Jan 21 01:14:47.196087 2026] [php:error] [pid 16101] [client 20.89.17.172:0] script '/domains/system_default/profile.php' not found or unable to stat
[Wed Jan 21 01:14:47.357278 2026] [php:error] [pid 16101] [client 20.89.17.172:0] script '/domains/system_default/sx.php' not found or unable to stat
[Wed Jan 21 01:14:50.792515 2026] [php:error] [pid 16101] [client 20.89.17.172:0] script '/domains/system_default/wp-fclass.php' not found or unable to stat
[Wed Jan 21 01:14:53.006378 2026] [php:error] [pid 16115] [client 4.194.34.171:0] script '/domains/system_default/ioxi-o.php' not found or unable to stat
[Wed Jan 21 01:14:53.237424 2026] [php:error] [pid 16115] [client 4.194.34.171:0] script '/domains/system_default/0x.php' not found or unable to stat
[Wed Jan 21 01:14:53.476995 2026] [php:error] [pid 16115] [client 4.194.34.171:0] script '/domains/system_default/222.php' not found or unable to stat
[Wed Jan 21 01:14:53.578020 2026] [php:error] [pid 16101] [client 20.89.17.172:0] script '/domains/system_default/wp-themes.php' not found or unable to stat
[Wed Jan 21 01:14:53.713791 2026] [php:error] [pid 16115] [client 4.194.34.171:0] script '/domains/system_default/aa.php' not found or unable to stat
[Wed Jan 21 01:14:53.738955 2026] [php:error] [pid 16101] [client 20.89.17.172:0] script '/domains/system_default/xmlrpc.php' not found or unable to stat
[Wed Jan 21 01:14:53.953905 2026] [php:error] [pid 16115] [client 4.194.34.171:0] script '/domains/system_default/abcd.php' not found or unable to stat
[Wed Jan 21 01:14:54.186641 2026] [php:error] [pid 16115] [client 4.194.34.171:0] script '/domains/system_default/admin.php' not found or unable to stat
[Wed Jan 21 01:14:54.664081 2026] [php:error] [pid 16115] [client 4.194.34.171:0] script '/domains/system_default/adminfuns.php' not found or unable to stat
[Wed Jan 21 01:14:54.895641 2026] [php:error] [pid 16115] [client 4.194.34.171:0] script '/domains/system_default/akc.php' not found or unable to stat
[Wed Jan 21 01:14:55.126829 2026] [php:error] [pid 16115] [client 4.194.34.171:0] script '/domains/system_default/buy.php' not found or unable to stat
[Wed Jan 21 01:14:55.370534 2026] [php:error] [pid 16115] [client 4.194.34.171:0] script '/domains/system_default/cong.php' not found or unable to stat
[Wed Jan 21 01:14:55.601920 2026] [php:error] [pid 16115] [client 4.194.34.171:0] script '/domains/system_default/ioxi-o.php' not found or unable to stat
[Wed Jan 21 01:14:56.075332 2026] [php:error] [pid 16115] [client 4.194.34.171:0] script '/domains/system_default/db.php' not found or unable to stat
[Wed Jan 21 01:14:56.306266 2026] [php:error] [pid 16115] [client 4.194.34.171:0] script '/domains/system_default/dropdown.php' not found or unable to stat
[Wed Jan 21 01:14:56.538724 2026] [php:error] [pid 16115] [client 4.194.34.171:0] script '/domains/system_default/file.php' not found or unable to stat
[Wed Jan 21 01:14:56.782371 2026] [php:error] [pid 16115] [client 4.194.34.171:0] script '/domains/system_default/goods.php' not found or unable to stat
[Wed Jan 21 01:14:57.013830 2026] [php:error] [pid 16115] [client 4.194.34.171:0] script '/domains/system_default/hplfuns.php' not found or unable to stat
[Wed Jan 21 01:14:57.245144 2026] [php:error] [pid 16115] [client 4.194.34.171:0] script '/domains/system_default/htaccess.php' not found or unable to stat
[Wed Jan 21 01:14:57.965985 2026] [php:error] [pid 16115] [client 4.194.34.171:0] script '/domains/system_default/info.php' not found or unable to stat
[Wed Jan 21 01:14:58.208000 2026] [php:error] [pid 16115] [client 4.194.34.171:0] script '/domains/system_default/profile.php' not found or unable to stat
[Wed Jan 21 01:14:58.439419 2026] [php:error] [pid 16115] [client 4.194.34.171:0] script '/domains/system_default/sx.php' not found or unable to stat
[Wed Jan 21 01:15:02.405170 2026] [php:error] [pid 16116] [client 4.194.64.69:0] script '/domains/rnachum/aa.php' not found or unable to stat
[Wed Jan 21 01:15:02.634895 2026] [php:error] [pid 16116] [client 4.194.64.69:0] script '/domains/rnachum/about.php' not found or unable to stat
[Wed Jan 21 01:15:02.863376 2026] [php:error] [pid 16116] [client 4.194.64.69:0] script '/domains/rnachum/adminfuns.php' not found or unable to stat
[Wed Jan 21 01:15:03.090994 2026] [php:error] [pid 16116] [client 4.194.64.69:0] script '/domains/rnachum/bolt.php' not found or unable to stat
[Wed Jan 21 01:15:03.318816 2026] [php:error] [pid 16116] [client 4.194.64.69:0] script '/domains/rnachum/buy.php' not found or unable to stat
[Wed Jan 21 01:15:03.367735 2026] [php:error] [pid 16115] [client 4.194.34.171:0] script '/domains/system_default/wp-fclass.php' not found or unable to stat
[Wed Jan 21 01:15:03.559207 2026] [php:error] [pid 16116] [client 4.194.64.69:0] script '/domains/rnachum/goods.php' not found or unable to stat
[Wed Jan 21 01:15:03.786881 2026] [php:error] [pid 16116] [client 4.194.64.69:0] script '/domains/rnachum/deepseek_d.php' not found or unable to stat
[Wed Jan 21 01:15:04.016044 2026] [php:error] [pid 16116] [client 4.194.64.69:0] script '/domains/rnachum/file.php' not found or unable to stat
[Wed Jan 21 01:15:04.248528 2026] [php:error] [pid 16116] [client 4.194.64.69:0] script '/domains/rnachum/ioxi-o.php' not found or unable to stat
[Wed Jan 21 01:15:04.707162 2026] [php:error] [pid 16116] [client 4.194.64.69:0] script '/domains/rnachum/test1.php' not found or unable to stat
[Wed Jan 21 01:15:04.944773 2026] [php:error] [pid 16116] [client 4.194.64.69:0] script '/domains/rnachum/elp.php' not found or unable to stat
[Wed Jan 21 01:15:05.862237 2026] [php:error] [pid 16116] [client 4.194.64.69:0] script '/domains/rnachum/xmlrpc.php' not found or unable to stat
[Wed Jan 21 01:15:06.090041 2026] [php:error] [pid 16116] [client 4.194.64.69:0] script '/domains/rnachum/inputs.php' not found or unable to stat
[Wed Jan 21 01:15:06.317688 2026] [php:error] [pid 16116] [client 4.194.64.69:0] script '/domains/rnachum/classsmtps.php' not found or unable to stat
[Wed Jan 21 01:15:06.557452 2026] [php:error] [pid 16116] [client 4.194.64.69:0] script '/domains/rnachum/wp-trackback.php' not found or unable to stat
[Wed Jan 21 01:15:06.784991 2026] [php:error] [pid 16116] [client 4.194.64.69:0] script '/domains/rnachum/wp-cron.php' not found or unable to stat
[Wed Jan 21 01:15:07.013084 2026] [php:error] [pid 16116] [client 4.194.64.69:0] script '/domains/rnachum/wp-load.php' not found or unable to stat
[Wed Jan 21 01:15:07.247995 2026] [php:error] [pid 16116] [client 4.194.64.69:0] script '/domains/rnachum/wp-mail.php' not found or unable to stat
[Wed Jan 21 01:15:07.380259 2026] [php:error] [pid 16115] [client 4.194.34.171:0] script '/domains/system_default/wp-themes.php' not found or unable to stat
[Wed Jan 21 01:15:07.477875 2026] [php:error] [pid 16116] [client 4.194.64.69:0] script '/domains/rnachum/wp-activate.php' not found or unable to stat
[Wed Jan 21 01:15:07.611646 2026] [php:error] [pid 16115] [client 4.194.34.171:0] script '/domains/system_default/xmlrpc.php' not found or unable to stat
[Wed Jan 21 01:15:07.705428 2026] [php:error] [pid 16116] [client 4.194.64.69:0] script '/domains/rnachum/plugins.php' not found or unable to stat
[Wed Jan 21 01:15:07.933658 2026] [php:error] [pid 16116] [client 4.194.64.69:0] script '/domains/rnachum/admin.php' not found or unable to stat
[Wed Jan 21 01:15:08.172700 2026] [php:error] [pid 16116] [client 4.194.64.69:0] script '/domains/rnachum/atomlib.php' not found or unable to stat
[Wed Jan 21 01:15:08.400437 2026] [php:error] [pid 16116] [client 4.194.64.69:0] script '/domains/rnachum/simple.php' not found or unable to stat
[Wed Jan 21 01:15:08.628285 2026] [php:error] [pid 16116] [client 4.194.64.69:0] script '/domains/rnachum/log.php' not found or unable to stat
[Wed Jan 21 01:15:08.859793 2026] [php:error] [pid 16116] [client 4.194.64.69:0] script '/domains/rnachum/lufix.php' not found or unable to stat
[Wed Jan 21 01:15:09.088703 2026] [php:error] [pid 16116] [client 4.194.64.69:0] script '/domains/rnachum/content.php' not found or unable to stat
[Wed Jan 21 01:15:09.316546 2026] [php:error] [pid 16116] [client 4.194.64.69:0] script '/domains/rnachum/wp.php' not found or unable to stat
[Wed Jan 21 01:15:09.545218 2026] [php:error] [pid 16116] [client 4.194.64.69:0] script '/domains/rnachum/wp-conflg.php' not found or unable to stat
[Wed Jan 21 01:15:09.784605 2026] [php:error] [pid 16116] [client 4.194.64.69:0] script '/domains/rnachum/404.php' not found or unable to stat
[Wed Jan 21 01:15:10.013433 2026] [php:error] [pid 16116] [client 4.194.64.69:0] script '/domains/rnachum/updates.php' not found or unable to stat
[Wed Jan 21 01:15:10.242463 2026] [php:error] [pid 16116] [client 4.194.64.69:0] script '/domains/rnachum/radio.php' not found or unable to stat
[Wed Jan 21 01:15:10.477822 2026] [php:error] [pid 16116] [client 4.194.64.69:0] script '/domains/rnachum/xmrlpc.php' not found or unable to stat
[Wed Jan 21 01:15:10.706182 2026] [php:error] [pid 16116] [client 4.194.64.69:0] script '/domains/rnachum/moon.php' not found or unable to stat
[Wed Jan 21 01:15:10.934032 2026] [php:error] [pid 16116] [client 4.194.64.69:0] script '/domains/rnachum/blog.php' not found or unable to stat
[Wed Jan 21 01:15:11.174240 2026] [php:error] [pid 16116] [client 4.194.64.69:0] script '/domains/rnachum/themes.php' not found or unable to stat
[Wed Jan 21 01:15:11.402425 2026] [php:error] [pid 16116] [client 4.194.64.69:0] script '/domains/rnachum/ini.php' not found or unable to stat
[Wed Jan 21 01:15:11.631026 2026] [php:error] [pid 16116] [client 4.194.64.69:0] script '/domains/rnachum/as.php' not found or unable to stat
[Wed Jan 21 01:15:11.866051 2026] [php:error] [pid 16116] [client 4.194.64.69:0] script '/domains/rnachum/ws.php' not found or unable to stat
[Wed Jan 21 01:15:12.094274 2026] [php:error] [pid 16116] [client 4.194.64.69:0] script '/domains/rnachum/dropdown.php' not found or unable to stat
[Wed Jan 21 01:15:12.321949 2026] [php:error] [pid 16116] [client 4.194.64.69:0] script '/domains/rnachum/makeasmtp.php' not found or unable to stat
[Wed Jan 21 01:15:12.550172 2026] [php:error] [pid 16116] [client 4.194.64.69:0] script '/domains/rnachum/alfanew.php' not found or unable to stat
[Wed Jan 21 01:15:12.781497 2026] [php:error] [pid 16116] [client 4.194.64.69:0] script '/domains/rnachum/fw.php' not found or unable to stat
[Wed Jan 21 01:15:13.009119 2026] [php:error] [pid 16116] [client 4.194.64.69:0] script '/domains/rnachum/install.php' not found or unable to stat
[Wed Jan 21 01:15:13.240317 2026] [php:error] [pid 16116] [client 4.194.64.69:0] script '/domains/rnachum/chosen.php' not found or unable to stat
[Wed Jan 21 01:16:02.222688 2026] [php:error] [pid 16116] [client 4.213.18.145:0] script '/domains/system_suspended/aa.php' not found or unable to stat
[Wed Jan 21 01:16:02.438885 2026] [php:error] [pid 16116] [client 4.213.18.145:0] script '/domains/system_suspended/about.php' not found or unable to stat
[Wed Jan 21 01:16:02.654146 2026] [php:error] [pid 16116] [client 4.213.18.145:0] script '/domains/system_suspended/adminfuns.php' not found or unable to stat
[Wed Jan 21 01:16:02.869328 2026] [php:error] [pid 16116] [client 4.213.18.145:0] script '/domains/system_suspended/bolt.php' not found or unable to stat
[Wed Jan 21 01:16:03.082936 2026] [php:error] [pid 16116] [client 4.213.18.145:0] script '/domains/system_suspended/buy.php' not found or unable to stat
[Wed Jan 21 01:16:03.296673 2026] [php:error] [pid 16116] [client 4.213.18.145:0] script '/domains/system_suspended/goods.php' not found or unable to stat
[Wed Jan 21 01:16:03.516477 2026] [php:error] [pid 16116] [client 4.213.18.145:0] script '/domains/system_suspended/deepseek_d.php' not found or unable to stat
[Wed Jan 21 01:16:03.748177 2026] [php:error] [pid 16116] [client 4.213.18.145:0] script '/domains/system_suspended/file.php' not found or unable to stat
[Wed Jan 21 01:16:03.967327 2026] [php:error] [pid 16116] [client 4.213.18.145:0] script '/domains/system_suspended/ioxi-o.php' not found or unable to stat
[Wed Jan 21 01:16:04.405744 2026] [php:error] [pid 16116] [client 4.213.18.145:0] script '/domains/system_suspended/test1.php' not found or unable to stat
[Wed Jan 21 01:16:04.630545 2026] [php:error] [pid 16116] [client 4.213.18.145:0] script '/domains/system_suspended/elp.php' not found or unable to stat
[Wed Jan 21 01:16:05.525853 2026] [php:error] [pid 16116] [client 4.213.18.145:0] script '/domains/system_suspended/xmlrpc.php' not found or unable to stat
[Wed Jan 21 01:16:05.739562 2026] [php:error] [pid 16116] [client 4.213.18.145:0] script '/domains/system_suspended/inputs.php' not found or unable to stat
[Wed Jan 21 01:16:05.954591 2026] [php:error] [pid 16116] [client 4.213.18.145:0] script '/domains/system_suspended/classsmtps.php' not found or unable to stat
