[Wed Jan 21 02:49:10.855094 2026] [php:error] [pid 33984] [client 4.194.34.171:0] script '/domains/markrose/ioxi-o.php' not found or unable to stat
[Wed Jan 21 02:49:11.075517 2026] [php:error] [pid 33984] [client 4.194.34.171:0] script '/domains/markrose/0x.php' not found or unable to stat
[Wed Jan 21 02:49:11.296217 2026] [php:error] [pid 33984] [client 4.194.34.171:0] script '/domains/markrose/222.php' not found or unable to stat
[Wed Jan 21 02:49:11.516543 2026] [php:error] [pid 33984] [client 4.194.34.171:0] script '/domains/markrose/aa.php' not found or unable to stat
[Wed Jan 21 02:49:11.743791 2026] [php:error] [pid 33984] [client 4.194.34.171:0] script '/domains/markrose/abcd.php' not found or unable to stat
[Wed Jan 21 02:49:11.891355 2026] [php:error] [pid 33982] [client 4.197.240.79:0] script '/domains/telacomp/ioxi-o.php' not found or unable to stat
[Wed Jan 21 02:49:11.965674 2026] [php:error] [pid 33984] [client 4.194.34.171:0] script '/domains/markrose/admin.php' not found or unable to stat
[Wed Jan 21 02:49:12.090970 2026] [php:error] [pid 33982] [client 4.197.240.79:0] script '/domains/telacomp/0x.php' not found or unable to stat
[Wed Jan 21 02:49:12.292665 2026] [php:error] [pid 33982] [client 4.197.240.79:0] script '/domains/telacomp/222.php' not found or unable to stat
[Wed Jan 21 02:49:12.415732 2026] [php:error] [pid 33984] [client 4.194.34.171:0] script '/domains/markrose/adminfuns.php' not found or unable to stat
[Wed Jan 21 02:49:12.492336 2026] [php:error] [pid 33982] [client 4.197.240.79:0] script '/domains/telacomp/aa.php' not found or unable to stat
[Wed Jan 21 02:49:12.640670 2026] [php:error] [pid 33984] [client 4.194.34.171:0] script '/domains/markrose/akc.php' not found or unable to stat
[Wed Jan 21 02:49:12.691833 2026] [php:error] [pid 33982] [client 4.197.240.79:0] script '/domains/telacomp/abcd.php' not found or unable to stat
[Wed Jan 21 02:49:12.861693 2026] [php:error] [pid 33984] [client 4.194.34.171:0] script '/domains/markrose/buy.php' not found or unable to stat
[Wed Jan 21 02:49:12.899245 2026] [php:error] [pid 33982] [client 4.197.240.79:0] script '/domains/telacomp/admin.php' not found or unable to stat
[Wed Jan 21 02:49:13.087309 2026] [php:error] [pid 33984] [client 4.194.34.171:0] script '/domains/markrose/cong.php' not found or unable to stat
[Wed Jan 21 02:49:13.298545 2026] [php:error] [pid 33982] [client 4.197.240.79:0] script '/domains/telacomp/adminfuns.php' not found or unable to stat
[Wed Jan 21 02:49:13.307448 2026] [php:error] [pid 33984] [client 4.194.34.171:0] script '/domains/markrose/ioxi-o.php' not found or unable to stat
[Wed Jan 21 02:49:13.506875 2026] [php:error] [pid 33982] [client 4.197.240.79:0] script '/domains/telacomp/akc.php' not found or unable to stat
[Wed Jan 21 02:49:13.707527 2026] [php:error] [pid 33982] [client 4.197.240.79:0] script '/domains/telacomp/buy.php' not found or unable to stat
[Wed Jan 21 02:49:13.755217 2026] [php:error] [pid 33984] [client 4.194.34.171:0] script '/domains/markrose/db.php' not found or unable to stat
[Wed Jan 21 02:49:13.915753 2026] [php:error] [pid 33982] [client 4.197.240.79:0] script '/domains/telacomp/cong.php' not found or unable to stat
[Wed Jan 21 02:49:13.976150 2026] [php:error] [pid 33984] [client 4.194.34.171:0] script '/domains/markrose/dropdown.php' not found or unable to stat
[Wed Jan 21 02:49:14.115007 2026] [php:error] [pid 33982] [client 4.197.240.79:0] script '/domains/telacomp/ioxi-o.php' not found or unable to stat
[Wed Jan 21 02:49:14.196653 2026] [php:error] [pid 33984] [client 4.194.34.171:0] script '/domains/markrose/file.php' not found or unable to stat
[Wed Jan 21 02:49:14.417052 2026] [php:error] [pid 33984] [client 4.194.34.171:0] script '/domains/markrose/goods.php' not found or unable to stat
[Wed Jan 21 02:49:14.526351 2026] [php:error] [pid 33982] [client 4.197.240.79:0] script '/domains/telacomp/db.php' not found or unable to stat
[Wed Jan 21 02:49:14.640006 2026] [php:error] [pid 33984] [client 4.194.34.171:0] script '/domains/markrose/hplfuns.php' not found or unable to stat
[Wed Jan 21 02:49:14.728007 2026] [php:error] [pid 33982] [client 4.197.240.79:0] script '/domains/telacomp/dropdown.php' not found or unable to stat
[Wed Jan 21 02:49:14.860860 2026] [php:error] [pid 33984] [client 4.194.34.171:0] script '/domains/markrose/htaccess.php' not found or unable to stat
[Wed Jan 21 02:49:14.931671 2026] [php:error] [pid 33982] [client 4.197.240.79:0] script '/domains/telacomp/file.php' not found or unable to stat
[Wed Jan 21 02:49:15.132479 2026] [php:error] [pid 33982] [client 4.197.240.79:0] script '/domains/telacomp/goods.php' not found or unable to stat
[Wed Jan 21 02:49:15.339587 2026] [php:error] [pid 33982] [client 4.197.240.79:0] script '/domains/telacomp/hplfuns.php' not found or unable to stat
[Wed Jan 21 02:49:15.531659 2026] [php:error] [pid 33984] [client 4.194.34.171:0] script '/domains/markrose/info.php' not found or unable to stat
[Wed Jan 21 02:49:15.539003 2026] [php:error] [pid 33982] [client 4.197.240.79:0] script '/domains/telacomp/htaccess.php' not found or unable to stat
[Wed Jan 21 02:49:15.755186 2026] [php:error] [pid 33982] [client 4.197.240.79:0] script '/domains/telacomp/images/wso.php' not found or unable to stat
[Wed Jan 21 02:49:15.760210 2026] [php:error] [pid 33984] [client 4.194.34.171:0] script '/domains/markrose/profile.php' not found or unable to stat
[Wed Jan 21 02:49:15.980446 2026] [php:error] [pid 33984] [client 4.194.34.171:0] script '/domains/markrose/sx.php' not found or unable to stat
[Wed Jan 21 02:49:16.168473 2026] [php:error] [pid 33982] [client 4.197.240.79:0] script '/domains/telacomp/info.php' not found or unable to stat
[Wed Jan 21 02:49:16.383339 2026] [php:error] [pid 33982] [client 4.197.240.79:0] script '/domains/telacomp/profile.php' not found or unable to stat
[Wed Jan 21 02:49:16.588299 2026] [php:error] [pid 33982] [client 4.197.240.79:0] script '/domains/telacomp/sx.php' not found or unable to stat
[Wed Jan 21 02:49:20.690798 2026] [php:error] [pid 33984] [client 4.194.34.171:0] script '/domains/markrose/wp-fclass.php' not found or unable to stat
[Wed Jan 21 02:49:20.838802 2026] [php:error] [pid 33982] [client 4.197.240.79:0] script '/domains/telacomp/wp-fclass.php' not found or unable to stat
[Wed Jan 21 02:49:24.315465 2026] [php:error] [pid 33982] [client 4.197.240.79:0] script '/domains/telacomp/wp-themes.php' not found or unable to stat
[Wed Jan 21 02:49:24.367447 2026] [php:error] [pid 33987] [client 136.144.19.87:0] script '/domains/system_default/xmlrpc.php' not found or unable to stat
[Wed Jan 21 02:49:24.464036 2026] [php:error] [pid 33984] [client 4.194.34.171:0] script '/domains/markrose/wp-themes.php' not found or unable to stat
[Wed Jan 21 02:49:24.514898 2026] [php:error] [pid 33982] [client 4.197.240.79:0] script '/domains/telacomp/xmlrpc.php' not found or unable to stat
[Wed Jan 21 02:49:24.684427 2026] [php:error] [pid 33984] [client 4.194.34.171:0] script '/domains/markrose/xmlrpc.php' not found or unable to stat
[Wed Jan 21 02:49:42.782142 2026] [php:error] [pid 33995] [client 102.165.48.48:0] script '/domains/miles.interport/xmlrpc.php' not found or unable to stat
[Wed Jan 21 02:49:59.271585 2026] [php:error] [pid 33996] [client 195.210.106.9:0] script '/domains/hdickens.enteract/xmlrpc.php' not found or unable to stat
[Wed Jan 21 02:50:07.911078 2026] [php:error] [pid 33984] [client 4.194.107.19:0] script '/domains/system_default/class.php' not found or unable to stat
[Wed Jan 21 02:50:08.134866 2026] [php:error] [pid 33984] [client 4.194.107.19:0] script '/domains/system_default/lm13.php' not found or unable to stat
[Wed Jan 21 02:50:08.359002 2026] [php:error] [pid 33984] [client 4.194.107.19:0] script '/domains/system_default/1aa.php' not found or unable to stat
[Wed Jan 21 02:50:08.582650 2026] [php:error] [pid 33984] [client 4.194.107.19:0] script '/domains/system_default/menu.php' not found or unable to stat
[Wed Jan 21 02:50:08.806051 2026] [php:error] [pid 33984] [client 4.194.107.19:0] script '/domains/system_default/mail.php' not found or unable to stat
[Wed Jan 21 02:50:09.030930 2026] [php:error] [pid 33984] [client 4.194.107.19:0] script '/domains/system_default/v3.php' not found or unable to stat
[Wed Jan 21 02:50:09.254941 2026] [php:error] [pid 33984] [client 4.194.107.19:0] script '/domains/system_default/ilex.php' not found or unable to stat
[Wed Jan 21 02:50:09.479713 2026] [php:error] [pid 33984] [client 4.194.107.19:0] script '/domains/system_default/wto.php' not found or unable to stat
[Wed Jan 21 02:50:09.704177 2026] [php:error] [pid 33984] [client 4.194.107.19:0] script '/domains/system_default/777.php' not found or unable to stat
[Wed Jan 21 02:50:09.936531 2026] [php:error] [pid 33984] [client 4.194.107.19:0] script '/domains/system_default/file88.php' not found or unable to stat
[Wed Jan 21 02:50:10.160978 2026] [php:error] [pid 33984] [client 4.194.107.19:0] script '/domains/system_default/flower.php' not found or unable to stat
[Wed Jan 21 02:50:10.384358 2026] [php:error] [pid 33984] [client 4.194.107.19:0] script '/domains/system_default/ffile.php' not found or unable to stat
[Wed Jan 21 02:50:10.609914 2026] [php:error] [pid 33984] [client 4.194.107.19:0] script '/domains/system_default/p.php' not found or unable to stat
[Wed Jan 21 02:50:10.833685 2026] [php:error] [pid 33984] [client 4.194.107.19:0] script '/domains/system_default/000.php' not found or unable to stat
[Wed Jan 21 02:50:11.057436 2026] [php:error] [pid 33984] [client 4.194.107.19:0] script '/domains/system_default/403.php' not found or unable to stat
[Wed Jan 21 02:50:11.281228 2026] [php:error] [pid 33984] [client 4.194.107.19:0] script '/domains/system_default/class20.php' not found or unable to stat
[Wed Jan 21 02:50:11.507570 2026] [php:error] [pid 33984] [client 4.194.107.19:0] script '/domains/system_default/lol.php' not found or unable to stat
[Wed Jan 21 02:50:11.731056 2026] [php:error] [pid 33984] [client 4.194.107.19:0] script '/domains/system_default/cc.php' not found or unable to stat
[Wed Jan 21 02:50:11.961914 2026] [php:error] [pid 33984] [client 4.194.107.19:0] script '/domains/system_default/o.php' not found or unable to stat
[Wed Jan 21 02:50:12.205282 2026] [php:error] [pid 33984] [client 4.194.107.19:0] script '/domains/system_default/aaa.php' not found or unable to stat
[Wed Jan 21 02:50:12.431018 2026] [php:error] [pid 33984] [client 4.194.107.19:0] script '/domains/system_default/n.php' not found or unable to stat
[Wed Jan 21 02:50:12.665089 2026] [php:error] [pid 33984] [client 4.194.107.19:0] script '/domains/system_default/666.php' not found or unable to stat
[Wed Jan 21 02:50:12.892856 2026] [php:error] [pid 33984] [client 4.194.107.19:0] script '/domains/system_default/fileas.php' not found or unable to stat
[Wed Jan 21 02:50:13.117256 2026] [php:error] [pid 33984] [client 4.194.107.19:0] script '/domains/system_default/cccc.php' not found or unable to stat
[Wed Jan 21 02:50:13.350263 2026] [php:error] [pid 33984] [client 4.194.107.19:0] script '/domains/system_default/CLA.php' not found or unable to stat
[Wed Jan 21 02:50:13.588627 2026] [php:error] [pid 33984] [client 4.194.107.19:0] script '/domains/system_default/wfile.php' not found or unable to stat
[Wed Jan 21 02:50:13.813098 2026] [php:error] [pid 33984] [client 4.194.107.19:0] script '/domains/system_default/abc.php' not found or unable to stat
[Wed Jan 21 02:50:14.036997 2026] [php:error] [pid 33984] [client 4.194.107.19:0] script '/domains/system_default/wb.php' not found or unable to stat
[Wed Jan 21 02:50:14.261334 2026] [php:error] [pid 33984] [client 4.194.107.19:0] script '/domains/system_default/mds.php' not found or unable to stat
[Wed Jan 21 02:50:14.484842 2026] [php:error] [pid 33984] [client 4.194.107.19:0] script '/domains/system_default/mlex.php' not found or unable to stat
[Wed Jan 21 02:50:15.606056 2026] [php:error] [pid 33984] [client 4.194.107.19:0] script '/domains/system_default/a2.php' not found or unable to stat
[Wed Jan 21 02:50:15.829924 2026] [php:error] [pid 33984] [client 4.194.107.19:0] script '/domains/system_default/222.php' not found or unable to stat
[Wed Jan 21 02:50:16.053440 2026] [php:error] [pid 33984] [client 4.194.107.19:0] script '/domains/system_default/inde.php' not found or unable to stat
[Wed Jan 21 02:50:16.287282 2026] [php:error] [pid 33984] [client 4.194.107.19:0] script '/domains/system_default/1.php' not found or unable to stat
[Wed Jan 21 02:50:16.512423 2026] [php:error] [pid 33984] [client 4.194.107.19:0] script '/domains/system_default/vee.php' not found or unable to stat
[Wed Jan 21 02:50:16.736949 2026] [php:error] [pid 33984] [client 4.194.107.19:0] script '/domains/system_default/wcas.php' not found or unable to stat
[Wed Jan 21 02:50:16.960355 2026] [php:error] [pid 33984] [client 4.194.107.19:0] script '/domains/system_default/k.php' not found or unable to stat
[Wed Jan 21 02:50:17.183856 2026] [php:error] [pid 33984] [client 4.194.107.19:0] script '/domains/system_default/finny.php' not found or unable to stat
[Wed Jan 21 02:50:17.412062 2026] [php:error] [pid 33984] [client 4.194.107.19:0] script '/domains/system_default/ws45.php' not found or unable to stat
[Wed Jan 21 02:50:17.636820 2026] [php:error] [pid 33984] [client 4.194.107.19:0] script '/domains/system_default/build.php' not found or unable to stat
[Wed Jan 21 02:50:17.863857 2026] [php:error] [pid 33984] [client 4.194.107.19:0] script '/domains/system_default/ws33.php' not found or unable to stat
[Wed Jan 21 02:50:18.089163 2026] [php:error] [pid 33984] [client 4.194.107.19:0] script '/domains/system_default/klex.php' not found or unable to stat
[Wed Jan 21 02:50:18.312651 2026] [php:error] [pid 33984] [client 4.194.107.19:0] script '/domains/system_default/ws34.php' not found or unable to stat
[Wed Jan 21 02:50:18.536396 2026] [php:error] [pid 33984] [client 4.194.107.19:0] script '/domains/system_default/alpa.php' not found or unable to stat
[Wed Jan 21 02:50:18.759995 2026] [php:error] [pid 33984] [client 4.194.107.19:0] script '/domains/system_default/file2.php' not found or unable to stat
[Wed Jan 21 02:50:18.998796 2026] [php:error] [pid 33984] [client 4.194.107.19:0] script '/domains/system_default/444.php' not found or unable to stat
[Wed Jan 21 02:50:19.222438 2026] [php:error] [pid 33984] [client 4.194.107.19:0] script '/domains/system_default/pp.php' not found or unable to stat
[Wed Jan 21 02:50:19.446552 2026] [php:error] [pid 33984] [client 4.194.107.19:0] script '/domains/system_default/2.php' not found or unable to stat
[Wed Jan 21 02:50:19.670096 2026] [php:error] [pid 33984] [client 4.194.107.19:0] script '/domains/system_default/ws38.php' not found or unable to stat
[Wed Jan 21 02:50:19.893733 2026] [php:error] [pid 33984] [client 4.194.107.19:0] script '/domains/system_default/555.php' not found or unable to stat
[Wed Jan 21 02:50:20.117586 2026] [php:error] [pid 33984] [client 4.194.107.19:0] script '/domains/system_default/bless.php' not found or unable to stat
[Wed Jan 21 02:50:20.341961 2026] [php:error] [pid 33984] [client 4.194.107.19:0] script '/domains/system_default/bolt.php' not found or unable to stat
[Wed Jan 21 02:50:20.566063 2026] [php:error] [pid 33984] [client 4.194.107.19:0] script '/domains/system_default/error.php' not found or unable to stat
[Wed Jan 21 02:50:20.789903 2026] [php:error] [pid 33984] [client 4.194.107.19:0] script '/domains/system_default/he.php' not found or unable to stat
[Wed Jan 21 02:50:21.013488 2026] [php:error] [pid 33984] [client 4.194.107.19:0] script '/domains/system_default/cfile.php' not found or unable to stat
[Wed Jan 21 02:50:21.237287 2026] [php:error] [pid 33984] [client 4.194.107.19:0] script '/domains/system_default/doti.php' not found or unable to stat
[Wed Jan 21 02:50:21.461719 2026] [php:error] [pid 33984] [client 4.194.107.19:0] script '/domains/system_default/sko.php' not found or unable to stat
[Wed Jan 21 02:50:21.685525 2026] [php:error] [pid 33984] [client 4.194.107.19:0] script '/domains/system_default/gmo.php' not found or unable to stat
[Wed Jan 21 02:50:21.937116 2026] [php:error] [pid 33984] [client 4.194.107.19:0] script '/domains/system_default/ws37.php' not found or unable to stat
[Wed Jan 21 02:50:22.161437 2026] [php:error] [pid 33984] [client 4.194.107.19:0] script '/domains/system_default/geck.php' not found or unable to stat
[Wed Jan 21 02:50:22.385095 2026] [php:error] [pid 33984] [client 4.194.107.19:0] script '/domains/system_default/nfile.php' not found or unable to stat
[Wed Jan 21 02:50:22.609027 2026] [php:error] [pid 33984] [client 4.194.107.19:0] script '/domains/system_default/file32.php' not found or unable to stat
[Wed Jan 21 02:50:22.832476 2026] [php:error] [pid 33984] [client 4.194.107.19:0] script '/domains/system_default/class9.php' not found or unable to stat
[Wed Jan 21 02:50:23.055927 2026] [php:error] [pid 33984] [client 4.194.107.19:0] script '/domains/system_default/031.php' not found or unable to stat
[Wed Jan 21 02:50:23.282524 2026] [php:error] [pid 33984] [client 4.194.107.19:0] script '/domains/system_default/file4.php' not found or unable to stat
[Wed Jan 21 02:50:23.509456 2026] [php:error] [pid 33984] [client 4.194.107.19:0] script '/domains/system_default/file5.php' not found or unable to stat
[Wed Jan 21 02:50:23.733313 2026] [php:error] [pid 33984] [client 4.194.107.19:0] script '/domains/system_default/tx38.php' not found or unable to stat
[Wed Jan 21 02:50:23.988022 2026] [php:error] [pid 33984] [client 4.194.107.19:0] script '/domains/system_default/404.php' not found or unable to stat
[Wed Jan 21 02:50:24.212360 2026] [php:error] [pid 33984] [client 4.194.107.19:0] script '/domains/system_default/bless3.php' not found or unable to stat
[Wed Jan 21 02:50:24.451012 2026] [php:error] [pid 33984] [client 4.194.107.19:0] script '/domains/system_default/xxxx.php' not found or unable to stat
[Wed Jan 21 02:50:24.674427 2026] [php:error] [pid 33984] [client 4.194.107.19:0] script '/domains/system_default/akk.php' not found or unable to stat
[Wed Jan 21 02:50:24.898362 2026] [php:error] [pid 33984] [client 4.194.107.19:0] script '/domains/system_default/aa.php' not found or unable to stat
[Wed Jan 21 02:50:25.132283 2026] [php:error] [pid 33984] [client 4.194.107.19:0] script '/domains/system_default/x7.php' not found or unable to stat
[Wed Jan 21 02:50:25.355859 2026] [php:error] [pid 33984] [client 4.194.107.19:0] script '/domains/system_default/ws36.php' not found or unable to stat
[Wed Jan 21 02:50:25.579615 2026] [php:error] [pid 33984] [client 4.194.107.19:0] script '/domains/system_default/0x0x.php' not found or unable to stat
[Wed Jan 21 02:50:25.805034 2026] [php:error] [pid 33984] [client 4.194.107.19:0] script '/domains/system_default/xx.php' not found or unable to stat
[Wed Jan 21 02:50:26.028429 2026] [php:error] [pid 33984] [client 4.194.107.19:0] script '/domains/system_default/file.php' not found or unable to stat
[Wed Jan 21 02:50:26.252281 2026] [php:error] [pid 33984] [client 4.194.107.19:0] script '/domains/system_default/card.php' not found or unable to stat
[Wed Jan 21 02:50:26.476138 2026] [php:error] [pid 33984] [client 4.194.107.19:0] script '/domains/system_default/size.php' not found or unable to stat
[Wed Jan 21 02:50:26.700054 2026] [php:error] [pid 33984] [client 4.194.107.19:0] script '/domains/system_default/class629.php' not found or unable to stat
[Wed Jan 21 02:50:26.923750 2026] [php:error] [pid 33984] [client 4.194.107.19:0] script '/domains/system_default/file9.php' not found or unable to stat
[Wed Jan 21 02:50:27.148065 2026] [php:error] [pid 33984] [client 4.194.107.19:0] script '/domains/system_default/moon.php' not found or unable to stat
[Wed Jan 21 02:50:27.378387 2026] [php:error] [pid 33984] [client 4.194.107.19:0] script '/domains/system_default/file18.php' not found or unable to stat
[Wed Jan 21 02:50:27.603248 2026] [php:error] [pid 33984] [client 4.194.107.19:0] script '/domains/system_default/file21.php' not found or unable to stat
[Wed Jan 21 02:50:27.826831 2026] [php:error] [pid 33984] [client 4.194.107.19:0] script '/domains/system_default/xxw.php' not found or unable to stat
[Wed Jan 21 02:50:28.052665 2026] [php:error] [pid 33984] [client 4.194.107.19:0] script '/domains/system_default/racs3.php' not found or unable to stat
[Wed Jan 21 02:50:28.279252 2026] [php:error] [pid 33984] [client 4.194.107.19:0] script '/domains/system_default/wsd.php' not found or unable to stat
[Wed Jan 21 02:50:28.503162 2026] [php:error] [pid 33984] [client 4.194.107.19:0] script '/domains/system_default/333.php' not found or unable to stat
[Wed Jan 21 02:50:28.726660 2026] [php:error] [pid 33984] [client 4.194.107.19:0] script '/domains/system_default/12.php' not found or unable to stat
[Wed Jan 21 02:50:28.952588 2026] [php:error] [pid 33984] [client 4.194.107.19:0] script '/domains/system_default/moon3.php' not found or unable to stat
[Wed Jan 21 02:50:29.189790 2026] [php:error] [pid 33984] [client 4.194.107.19:0] script '/domains/system_default/tor.php' not found or unable to stat
[Wed Jan 21 02:50:29.413394 2026] [php:error] [pid 33984] [client 4.194.107.19:0] script '/domains/system_default/haa.php' not found or unable to stat
[Wed Jan 21 02:50:29.636912 2026] [php:error] [pid 33984] [client 4.194.107.19:0] script '/domains/system_default/f6.php' not found or unable to stat
[Wed Jan 21 02:50:29.877141 2026] [php:error] [pid 33984] [client 4.194.107.19:0] script '/domains/system_default/asas.php' not found or unable to stat
[Wed Jan 21 02:50:30.103547 2026] [php:error] [pid 33984] [client 4.194.107.19:0] script '/domains/system_default/x.php' not found or unable to stat
[Wed Jan 21 02:50:30.328402 2026] [php:error] [pid 33984] [client 4.194.107.19:0] script '/domains/system_default/ava.php' not found or unable to stat
[Wed Jan 21 02:50:30.552671 2026] [php:error] [pid 33984] [client 4.194.107.19:0] script '/domains/system_default/ton.php' not found or unable to stat
[Wed Jan 21 02:50:30.777058 2026] [php:error] [pid 33984] [client 4.194.107.19:0] script '/domains/system_default/v1.php' not found or unable to stat
[Wed Jan 21 02:50:31.003447 2026] [php:error] [pid 33984] [client 4.194.107.19:0] script '/domains/system_default/111.php' not found or unable to stat
[Wed Jan 21 02:50:31.456547 2026] [php:error] [pid 33998] [client 4.194.107.19:0] script '/domains/system_default/an7.php' not found or unable to stat
[Wed Jan 21 02:50:31.683568 2026] [php:error] [pid 33998] [client 4.194.107.19:0] script '/domains/system_default/xeqdlun.php' not found or unable to stat
[Wed Jan 21 02:50:31.910151 2026] [php:error] [pid 33998] [client 4.194.107.19:0] script '/domains/system_default/acp.php' not found or unable to stat
[Wed Jan 21 02:50:32.138793 2026] [php:error] [pid 33998] [client 4.194.107.19:0] script '/domains/system_default/yellow.php' not found or unable to stat
[Wed Jan 21 02:50:32.366072 2026] [php:error] [pid 33998] [client 4.194.107.19:0] script '/domains/system_default/lala.php' not found or unable to stat
[Wed Jan 21 02:50:32.607308 2026] [php:error] [pid 33998] [client 4.194.107.19:0] script '/domains/system_default/file3.php' not found or unable to stat
[Wed Jan 21 02:50:32.834583 2026] [php:error] [pid 33998] [client 4.194.107.19:0] script '/domains/system_default/file17.php' not found or unable to stat
[Wed Jan 21 02:50:33.062236 2026] [php:error] [pid 33998] [client 4.194.107.19:0] script '/domains/system_default/shell.php' not found or unable to stat
[Wed Jan 21 02:50:33.289268 2026] [php:error] [pid 33998] [client 4.194.107.19:0] script '/domains/system_default/file15.php' not found or unable to stat
[Wed Jan 21 02:50:33.519364 2026] [php:error] [pid 33998] [client 4.194.107.19:0] script '/domains/system_default/file30.php' not found or unable to stat
[Wed Jan 21 02:50:33.746761 2026] [php:error] [pid 33998] [client 4.194.107.19:0] script '/domains/system_default/bless5.php' not found or unable to stat
[Wed Jan 21 02:50:33.973865 2026] [php:error] [pid 33998] [client 4.194.107.19:0] script '/domains/system_default/wp-is.php' not found or unable to stat
[Wed Jan 21 02:50:34.201002 2026] [php:error] [pid 33998] [client 4.194.107.19:0] script '/domains/system_default/hook.php' not found or unable to stat
[Wed Jan 21 02:50:34.428181 2026] [php:error] [pid 33998] [client 4.194.107.19:0] script '/domains/system_default/wp-configs.php' not found or unable to stat
[Wed Jan 21 02:50:34.655076 2026] [php:error] [pid 33998] [client 4.194.107.19:0] script '/domains/system_default/mini.php' not found or unable to stat
[Wed Jan 21 02:50:34.882747 2026] [php:error] [pid 33998] [client 4.194.107.19:0] script '/domains/system_default/class19.php' not found or unable to stat
[Wed Jan 21 02:50:35.109520 2026] [php:error] [pid 33998] [client 4.194.107.19:0] script '/domains/system_default/plss3.php' not found or unable to stat
[Wed Jan 21 02:50:35.336288 2026] [php:error] [pid 33998] [client 4.194.107.19:0] script '/domains/system_default/0x.php' not found or unable to stat
[Wed Jan 21 02:50:35.563885 2026] [php:error] [pid 33998] [client 4.194.107.19:0] script '/domains/system_default/file1.php' not found or unable to stat
[Wed Jan 21 02:50:35.802320 2026] [php:error] [pid 33998] [client 4.194.107.19:0] script '/domains/system_default/file8.php' not found or unable to stat
[Wed Jan 21 02:50:36.028916 2026] [php:error] [pid 33998] [client 4.194.107.19:0] script '/domains/system_default/100.kb.php' not found or unable to stat
[Wed Jan 21 02:50:36.272787 2026] [php:error] [pid 33998] [client 4.194.107.19:0] script '/domains/system_default/ppp.php' not found or unable to stat
[Wed Jan 21 02:50:36.500189 2026] [php:error] [pid 33998] [client 4.194.107.19:0] script '/domains/system_default/tox.php' not found or unable to stat
[Wed Jan 21 02:50:36.726543 2026] [php:error] [pid 33998] [client 4.194.107.19:0] script '/domains/system_default/bless11.php' not found or unable to stat
[Wed Jan 21 02:50:36.961362 2026] [php:error] [pid 33998] [client 4.194.107.19:0] script '/domains/system_default/030.php' not found or unable to stat
[Wed Jan 21 02:50:37.296966 2026] [php:error] [pid 33998] [client 4.194.107.19:0] script '/domains/system_default/v4.php' not found or unable to stat
[Wed Jan 21 02:50:37.536942 2026] [php:error] [pid 33998] [client 4.194.107.19:0] script '/domains/system_default/xxx.php' not found or unable to stat
[Wed Jan 21 02:50:37.769018 2026] [php:error] [pid 33998] [client 4.194.107.19:0] script '/domains/system_default/fs.php' not found or unable to stat
[Wed Jan 21 02:50:37.999874 2026] [php:error] [pid 33998] [client 4.194.107.19:0] script '/domains/system_default/33.php' not found or unable to stat
[Wed Jan 21 02:50:38.297785 2026] [php:error] [pid 33998] [client 4.194.107.19:0] script '/domains/system_default/v2.php' not found or unable to stat
[Wed Jan 21 02:50:38.522283 2026] [php:error] [pid 34003] [client 4.197.162.185:0] script '/domains/rnachum/2.php' not found or unable to stat
[Wed Jan 21 02:50:38.524241 2026] [php:error] [pid 33998] [client 4.194.107.19:0] script '/domains/system_default/new4.php' not found or unable to stat
[Wed Jan 21 02:50:38.923591 2026] [php:error] [pid 34003] [client 4.197.162.185:0] script '/domains/rnachum/a.php' not found or unable to stat
[Wed Jan 21 02:50:39.125983 2026] [php:error] [pid 34003] [client 4.197.162.185:0] script '/domains/rnachum/aaa.php' not found or unable to stat
[Wed Jan 21 02:50:39.326393 2026] [php:error] [pid 34003] [client 4.197.162.185:0] script '/domains/rnachum/ab.php' not found or unable to stat
[Wed Jan 21 02:50:39.527564 2026] [php:error] [pid 34003] [client 4.197.162.185:0] script '/domains/rnachum/about.php' not found or unable to stat
[Wed Jan 21 02:50:39.930605 2026] [php:error] [pid 34003] [client 4.197.162.185:0] script '/domains/rnachum/alfa.php' not found or unable to stat
[Wed Jan 21 02:50:40.131393 2026] [php:error] [pid 34003] [client 4.197.162.185:0] script '/domains/rnachum/api.php' not found or unable to stat
[Wed Jan 21 02:50:40.331638 2026] [php:error] [pid 34003] [client 4.197.162.185:0] script '/domains/rnachum/auth.php' not found or unable to stat
[Wed Jan 21 02:50:40.732294 2026] [php:error] [pid 34003] [client 4.197.162.185:0] script '/domains/rnachum/classwithtostring.php' not found or unable to stat
[Wed Jan 21 02:50:40.932730 2026] [php:error] [pid 34003] [client 4.197.162.185:0] script '/domains/rnachum/contents.php' not found or unable to stat
[Wed Jan 21 02:50:41.336707 2026] [php:error] [pid 34003] [client 4.197.162.185:0] script '/domains/rnachum/default.php' not found or unable to stat
[Wed Jan 21 02:50:41.938397 2026] [php:error] [pid 34003] [client 4.197.162.185:0] script '/domains/rnachum/favicon.php' not found or unable to stat
[Wed Jan 21 02:50:42.138692 2026] [php:error] [pid 34003] [client 4.197.162.185:0] script '/domains/rnachum/hehe.php' not found or unable to stat
[Wed Jan 21 02:50:42.540954 2026] [php:error] [pid 34003] [client 4.197.162.185:0] script '/domains/rnachum/index.php' not found or unable to stat
[Wed Jan 21 02:50:42.741188 2026] [php:error] [pid 34003] [client 4.197.162.185:0] script '/domains/rnachum/info.php' not found or unable to stat
[Wed Jan 21 02:50:42.941729 2026] [php:error] [pid 34003] [client 4.197.162.185:0] script '/domains/rnachum/k.php' not found or unable to stat
[Wed Jan 21 02:50:43.142486 2026] [php:error] [pid 34003] [client 4.197.162.185:0] script '/domains/rnachum/lock360.php' not found or unable to stat
[Wed Jan 21 02:50:43.343163 2026] [php:error] [pid 34003] [client 4.197.162.185:0] script '/domains/rnachum/log.php' not found or unable to stat
[Wed Jan 21 02:50:43.543586 2026] [php:error] [pid 34003] [client 4.197.162.185:0] script '/domains/rnachum/man.php' not found or unable to stat
[Wed Jan 21 02:50:43.944211 2026] [php:error] [pid 34003] [client 4.197.162.185:0] script '/domains/rnachum/post.php' not found or unable to stat
[Wed Jan 21 02:50:44.344846 2026] [php:error] [pid 34003] [client 4.197.162.185:0] script '/domains/rnachum/root.php' not found or unable to stat
[Wed Jan 21 02:50:44.546082 2026] [php:error] [pid 34003] [client 4.197.162.185:0] script '/domains/rnachum/shellv3.php' not found or unable to stat
[Wed Jan 21 02:50:44.947921 2026] [php:error] [pid 34003] [client 4.197.162.185:0] script '/domains/rnachum/system.php' not found or unable to stat
[Wed Jan 21 02:50:45.148117 2026] [php:error] [pid 34003] [client 4.197.162.185:0] script '/domains/rnachum/test.php' not found or unable to stat
[Wed Jan 21 02:50:45.348420 2026] [php:error] [pid 34003] [client 4.197.162.185:0] script '/domains/rnachum/theme.php' not found or unable to stat
[Wed Jan 21 02:50:45.550445 2026] [php:error] [pid 34003] [client 4.197.162.185:0] script '/domains/rnachum/wp-activat.php' not found or unable to stat
[Wed Jan 21 02:50:45.750727 2026] [php:error] [pid 34003] [client 4.197.162.185:0] script '/domains/rnachum/wp-admin.php' not found or unable to stat
[Wed Jan 21 02:50:46.755607 2026] [php:error] [pid 34003] [client 4.197.162.185:0] script '/domains/rnachum/wp-blog.php' not found or unable to stat
[Wed Jan 21 02:50:46.956341 2026] [php:error] [pid 34003] [client 4.197.162.185:0] script '/domains/rnachum/wp-conf.php' not found or unable to stat
[Wed Jan 21 02:50:48.966615 2026] [php:error] [pid 34003] [client 4.197.162.185:0] script '/domains/rnachum/wp-file.php' not found or unable to stat
[Wed Jan 21 02:50:49.166888 2026] [php:error] [pid 34003] [client 4.197.162.185:0] script '/domains/rnachum/wp-include.php' not found or unable to stat
[Wed Jan 21 02:50:51.379550 2026] [php:error] [pid 34003] [client 4.197.162.185:0] script '/domains/rnachum/wp-logs.php' not found or unable to stat
[Wed Jan 21 02:50:51.583862 2026] [php:error] [pid 34003] [client 4.197.162.185:0] script '/domains/rnachum/xmlrpc.php' not found or unable to stat
[Wed Jan 21 02:50:53.388305 2026] [php:error] [pid 34003] [client 4.197.162.185:0] script '/domains/rnachum/WSO.php' not found or unable to stat
[Wed Jan 21 02:50:57.196966 2026] [php:error] [pid 34003] [client 4.197.162.185:0] script '/domains/rnachum/goods.php' not found or unable to stat
[Wed Jan 21 02:50:57.209422 2026] [php:error] [pid 33996] [client 20.196.90.228:0] script '/domains/bburke/ioxi-o.php' not found or unable to stat
[Wed Jan 21 02:50:57.390478 2026] [php:error] [pid 33996] [client 20.196.90.228:0] script '/domains/bburke/0x.php' not found or unable to stat
[Wed Jan 21 02:50:57.590874 2026] [php:error] [pid 33996] [client 20.196.90.228:0] script '/domains/bburke/222.php' not found or unable to stat
[Wed Jan 21 02:50:57.772309 2026] [php:error] [pid 33996] [client 20.196.90.228:0] script '/domains/bburke/aa.php' not found or unable to stat
[Wed Jan 21 02:50:57.970069 2026] [php:error] [pid 33996] [client 20.196.90.228:0] script '/domains/bburke/abcd.php' not found or unable to stat
[Wed Jan 21 02:50:58.153289 2026] [php:error] [pid 33996] [client 20.196.90.228:0] script '/domains/bburke/admin.php' not found or unable to stat
[Wed Jan 21 02:50:58.517348 2026] [php:error] [pid 33996] [client 20.196.90.228:0] script '/domains/bburke/adminfuns.php' not found or unable to stat
[Wed Jan 21 02:50:58.604500 2026] [php:error] [pid 34003] [client 4.197.162.185:0] script '/domains/rnachum/edit.php' not found or unable to stat
[Wed Jan 21 02:50:58.698638 2026] [php:error] [pid 33996] [client 20.196.90.228:0] script '/domains/bburke/akc.php' not found or unable to stat
[Wed Jan 21 02:50:58.879985 2026] [php:error] [pid 33996] [client 20.196.90.228:0] script '/domains/bburke/buy.php' not found or unable to stat
[Wed Jan 21 02:50:59.061293 2026] [php:error] [pid 33996] [client 20.196.90.228:0] script '/domains/bburke/cong.php' not found or unable to stat
[Wed Jan 21 02:50:59.198574 2026] [php:error] [pid 33984] [client 4.197.162.185:0] script '/domains/rnachum/file5.php' not found or unable to stat
[Wed Jan 21 02:50:59.242726 2026] [php:error] [pid 33996] [client 20.196.90.228:0] script '/domains/bburke/ioxi-o.php' not found or unable to stat
[Wed Jan 21 02:50:59.606662 2026] [php:error] [pid 33996] [client 20.196.90.228:0] script '/domains/bburke/db.php' not found or unable to stat
[Wed Jan 21 02:50:59.791386 2026] [php:error] [pid 33996] [client 20.196.90.228:0] script '/domains/bburke/dropdown.php' not found or unable to stat
[Wed Jan 21 02:50:59.981391 2026] [php:error] [pid 33996] [client 20.196.90.228:0] script '/domains/bburke/file.php' not found or unable to stat
[Wed Jan 21 02:50:59.988036 2026] [php:error] [pid 33984] [client 4.197.162.185:0] script '/domains/rnachum/aa.php' not found or unable to stat
[Wed Jan 21 02:51:00.171590 2026] [php:error] [pid 33996] [client 20.196.90.228:0] script '/domains/bburke/goods.php' not found or unable to stat
[Wed Jan 21 02:51:00.360643 2026] [php:error] [pid 33996] [client 20.196.90.228:0] script '/domains/bburke/hplfuns.php' not found or unable to stat
[Wed Jan 21 02:51:00.541776 2026] [php:error] [pid 33996] [client 20.196.90.228:0] script '/domains/bburke/htaccess.php' not found or unable to stat
[Wed Jan 21 02:51:00.730266 2026] [php:error] [pid 33996] [client 20.196.90.228:0] script '/domains/bburke/images/wso.php' not found or unable to stat
[Wed Jan 21 02:51:01.092526 2026] [php:error] [pid 33996] [client 20.196.90.228:0] script '/domains/bburke/info.php' not found or unable to stat
[Wed Jan 21 02:51:01.273738 2026] [php:error] [pid 33996] [client 20.196.90.228:0] script '/domains/bburke/profile.php' not found or unable to stat
[Wed Jan 21 02:51:01.455188 2026] [php:error] [pid 33996] [client 20.196.90.228:0] script '/domains/bburke/sx.php' not found or unable to stat
[Wed Jan 21 02:51:01.771831 2026] [php:error] [pid 33984] [client 4.197.162.185:0] script '/domains/rnachum/autoload_classmap.php' not found or unable to stat
[Wed Jan 21 02:51:04.335459 2026] [php:error] [pid 33984] [client 4.197.162.185:0] script '/domains/rnachum/file.php' not found or unable to stat
[Wed Jan 21 02:51:05.293757 2026] [php:error] [pid 33996] [client 20.196.90.228:0] script '/domains/bburke/wp-fclass.php' not found or unable to stat
[Wed Jan 21 02:51:05.510174 2026] [php:error] [pid 33984] [client 4.197.162.185:0] script '/domains/rnachum/inputs.php' not found or unable to stat
[Wed Jan 21 02:51:05.719950 2026] [php:error] [pid 33991] [client 20.89.17.172:0] script '/domains/carynm/ioxi-o.php' not found or unable to stat
[Wed Jan 21 02:51:05.885044 2026] [php:error] [pid 33991] [client 20.89.17.172:0] script '/domains/carynm/0x.php' not found or unable to stat
[Wed Jan 21 02:51:06.049960 2026] [php:error] [pid 33991] [client 20.89.17.172:0] script '/domains/carynm/222.php' not found or unable to stat
[Wed Jan 21 02:51:06.103404 2026] [php:error] [pid 33984] [client 4.197.162.185:0] script '/domains/rnachum/1.php' not found or unable to stat
[Wed Jan 21 02:51:06.224854 2026] [php:error] [pid 33991] [client 20.89.17.172:0] script '/domains/carynm/aa.php' not found or unable to stat
[Wed Jan 21 02:51:06.390067 2026] [php:error] [pid 33991] [client 20.89.17.172:0] script '/domains/carynm/abcd.php' not found or unable to stat
[Wed Jan 21 02:51:06.555247 2026] [php:error] [pid 33991] [client 20.89.17.172:0] script '/domains/carynm/admin.php' not found or unable to stat
[Wed Jan 21 02:51:06.900532 2026] [php:error] [pid 33991] [client 20.89.17.172:0] script '/domains/carynm/adminfuns.php' not found or unable to stat
[Wed Jan 21 02:51:07.078255 2026] [php:error] [pid 33991] [client 20.89.17.172:0] script '/domains/carynm/akc.php' not found or unable to stat
[Wed Jan 21 02:51:07.243216 2026] [php:error] [pid 33991] [client 20.89.17.172:0] script '/domains/carynm/buy.php' not found or unable to stat
[Wed Jan 21 02:51:07.408394 2026] [php:error] [pid 33991] [client 20.89.17.172:0] script '/domains/carynm/cong.php' not found or unable to stat
[Wed Jan 21 02:51:07.585922 2026] [php:error] [pid 33991] [client 20.89.17.172:0] script '/domains/carynm/ioxi-o.php' not found or unable to stat
[Wed Jan 21 02:51:07.758264 2026] [php:error] [pid 33991] [client 20.89.17.172:0] script '/domains/carynm/css/classwithtostring.php' not found or unable to stat
[Wed Jan 21 02:51:07.923028 2026] [php:error] [pid 33991] [client 20.89.17.172:0] script '/domains/carynm/db.php' not found or unable to stat
[Wed Jan 21 02:51:08.087762 2026] [php:error] [pid 33991] [client 20.89.17.172:0] script '/domains/carynm/dropdown.php' not found or unable to stat
[Wed Jan 21 02:51:08.252824 2026] [php:error] [pid 33991] [client 20.89.17.172:0] script '/domains/carynm/file.php' not found or unable to stat
[Wed Jan 21 02:51:08.419437 2026] [php:error] [pid 33991] [client 20.89.17.172:0] script '/domains/carynm/goods.php' not found or unable to stat
[Wed Jan 21 02:51:08.441587 2026] [php:error] [pid 33996] [client 20.196.90.228:0] script '/domains/bburke/wp-themes.php' not found or unable to stat
[Wed Jan 21 02:51:08.585879 2026] [php:error] [pid 33991] [client 20.89.17.172:0] script '/domains/carynm/hplfuns.php' not found or unable to stat
[Wed Jan 21 02:51:08.629847 2026] [php:error] [pid 33996] [client 20.196.90.228:0] script '/domains/bburke/xmlrpc.php' not found or unable to stat
[Wed Jan 21 02:51:08.751134 2026] [php:error] [pid 33991] [client 20.89.17.172:0] script '/domains/carynm/htaccess.php' not found or unable to stat
[Wed Jan 21 02:51:08.917234 2026] [php:error] [pid 33991] [client 20.89.17.172:0] script '/domains/carynm/images/wso.php' not found or unable to stat
[Wed Jan 21 02:51:09.247408 2026] [php:error] [pid 33991] [client 20.89.17.172:0] script '/domains/carynm/info.php' not found or unable to stat
[Wed Jan 21 02:51:09.412437 2026] [php:error] [pid 33991] [client 20.89.17.172:0] script '/domains/carynm/profile.php' not found or unable to stat
[Wed Jan 21 02:51:09.577437 2026] [php:error] [pid 33991] [client 20.89.17.172:0] script '/domains/carynm/sx.php' not found or unable to stat
[Wed Jan 21 02:51:09.827300 2026] [php:error] [pid 33984] [client 4.197.162.185:0] script '/domains/rnachum/flower.php' not found or unable to stat
[Wed Jan 21 02:51:13.111220 2026] [php:error] [pid 33991] [client 20.89.17.172:0] script '/domains/carynm/wp-fclass.php' not found or unable to stat
[Wed Jan 21 02:51:13.160957 2026] [php:error] [pid 33984] [client 4.197.162.185:0] script '/domains/rnachum/ioxi-o.php' not found or unable to stat
[Wed Jan 21 02:51:13.356364 2026] [php:error] [pid 33984] [client 4.197.162.185:0] script '/domains/rnachum/radio.php' not found or unable to stat
[Wed Jan 21 02:51:14.528935 2026] [php:error] [pid 33984] [client 4.197.162.185:0] script '/domains/rnachum/admin.php' not found or unable to stat
[Wed Jan 21 02:51:14.724712 2026] [php:error] [pid 33984] [client 4.197.162.185:0] script '/domains/rnachum/functions.php' not found or unable to stat
[Wed Jan 21 02:51:15.946979 2026] [php:error] [pid 33991] [client 20.89.17.172:0] script '/domains/carynm/wp-themes.php' not found or unable to stat
[Wed Jan 21 02:51:16.111861 2026] [php:error] [pid 33991] [client 20.89.17.172:0] script '/domains/carynm/xmlrpc.php' not found or unable to stat
[Wed Jan 21 02:51:39.353761 2026] [php:error] [pid 33996] [client 104.28.235.57:0] script '/domains/samscars/style.php' not found or unable to stat
[Wed Jan 21 02:51:39.891214 2026] [php:error] [pid 33996] [client 104.28.235.57:0] script '/domains/samscars/chosen.php' not found or unable to stat
[Wed Jan 21 02:51:39.986879 2026] [php:error] [pid 33996] [client 104.28.235.57:0] script '/domains/samscars/file.php' not found or unable to stat
[Wed Jan 21 02:51:40.081238 2026] [php:error] [pid 33996] [client 104.28.235.57:0] script '/domains/samscars/flower.php' not found or unable to stat
[Wed Jan 21 02:51:40.219268 2026] [php:error] [pid 33996] [client 104.28.235.57:0] script '/domains/samscars/gifclass.php' not found or unable to stat
[Wed Jan 21 02:51:40.312892 2026] [php:error] [pid 33996] [client 104.28.235.57:0] script '/domains/samscars/bless.php' not found or unable to stat
[Wed Jan 21 02:51:40.422859 2026] [php:error] [pid 33996] [client 104.28.235.57:0] script '/domains/samscars/class-t.api.php' not found or unable to stat
[Wed Jan 21 02:51:40.531131 2026] [php:error] [pid 33996] [client 104.28.235.57:0] script '/domains/samscars/blurbs.php' not found or unable to stat
[Wed Jan 21 02:51:40.625738 2026] [php:error] [pid 33996] [client 104.28.235.57:0] script '/domains/samscars/akcc.php' not found or unable to stat
[Wed Jan 21 02:51:40.734020 2026] [php:error] [pid 33996] [client 104.28.235.57:0] script '/domains/samscars/abcd.php' not found or unable to stat
[Wed Jan 21 02:51:40.828401 2026] [php:error] [pid 33996] [client 104.28.235.57:0] script '/domains/samscars/shelp.php' not found or unable to stat
[Wed Jan 21 02:51:40.967045 2026] [php:error] [pid 33996] [client 104.28.235.57:0] script '/domains/samscars/cord.php' not found or unable to stat
[Wed Jan 21 02:51:41.065439 2026] [php:error] [pid 33996] [client 104.28.235.57:0] script '/domains/samscars/dex.php' not found or unable to stat
[Wed Jan 21 02:51:41.256447 2026] [php:error] [pid 33996] [client 104.28.235.57:0] script '/domains/samscars/file2.php' not found or unable to stat
[Wed Jan 21 02:51:41.352979 2026] [php:error] [pid 33996] [client 104.28.235.57:0] script '/domains/samscars/zwso.php' not found or unable to stat
[Wed Jan 21 02:51:41.642815 2026] [php:error] [pid 33996] [client 104.28.235.57:0] script '/domains/samscars/bolt.php' not found or unable to stat
[Wed Jan 21 02:51:41.754504 2026] [php:error] [pid 33996] [client 104.28.235.57:0] script '/domains/samscars/shlo.php' not found or unable to stat
[Wed Jan 21 02:51:41.863297 2026] [php:error] [pid 33996] [client 104.28.235.57:0] script '/domains/samscars/133.php' not found or unable to stat
[Wed Jan 21 02:51:41.976097 2026] [php:error] [pid 33996] [client 104.28.235.57:0] script '/domains/samscars/ahax.php' not found or unable to stat
[Wed Jan 21 02:51:42.085649 2026] [php:error] [pid 33996] [client 104.28.235.57:0] script '/domains/samscars/php8.php' not found or unable to stat
[Wed Jan 21 02:51:42.192919 2026] [php:error] [pid 33996] [client 104.28.235.57:0] script '/domains/samscars/lufix1.php' not found or unable to stat
[Wed Jan 21 02:51:42.291544 2026] [php:error] [pid 33996] [client 104.28.235.57:0] script '/domains/samscars/witmm.php' not found or unable to stat
[Wed Jan 21 02:51:42.774203 2026] [php:error] [pid 33996] [client 104.28.235.57:0] script '/domains/samscars/ioxi-o.php' not found or unable to stat
[Wed Jan 21 02:51:42.898428 2026] [php:error] [pid 33996] [client 104.28.235.57:0] script '/domains/samscars/222.php' not found or unable to stat
[Wed Jan 21 02:51:42.994429 2026] [php:error] [pid 33996] [client 104.28.235.57:0] script '/domains/samscars/files.php' not found or unable to stat
[Wed Jan 21 02:51:43.108564 2026] [php:error] [pid 33996] [client 104.28.235.57:0] script '/domains/samscars/wp-editor.php' not found or unable to stat
[Wed Jan 21 02:51:43.203548 2026] [php:error] [pid 33996] [client 104.28.235.57:0] script '/domains/samscars/txets.php' not found or unable to stat
[Wed Jan 21 02:51:43.520498 2026] [php:error] [pid 33996] [client 104.28.235.57:0] script '/domains/samscars/postnews.php' not found or unable to stat
[Wed Jan 21 02:52:12.518247 2026] [php:error] [pid 33984] [client 35.237.152.208:0] script '/domains/micra/xmlrpc.php' not found or unable to stat
[Wed Jan 21 02:52:18.619229 2026] [php:error] [pid 34017] [client 103.217.190.26:0] script '/domains/astrosfm/admin.php' not found or unable to stat
[Wed Jan 21 02:52:54.789503 2026] [php:error] [pid 33996] [client 185.177.72.49:0] script '/domains/abtechsci/phpinfo.php' not found or unable to stat
[Wed Jan 21 02:53:04.925865 2026] [cgi:error] [pid 33991] [client 185.177.72.49:0] AH02811: stderr from /domains/abtechsci/sysinfo.cgi: script not found or unable to stat
[Wed Jan 21 02:53:08.377064 2026] [php:error] [pid 34016] [client 65.52.167.153:0] script '/domains/system_suspended/ioxi-o.php' not found or unable to stat
[Wed Jan 21 02:53:08.592402 2026] [php:error] [pid 34016] [client 65.52.167.153:0] script '/domains/system_suspended/0x.php' not found or unable to stat
[Wed Jan 21 02:53:08.808520 2026] [php:error] [pid 34016] [client 65.52.167.153:0] script '/domains/system_suspended/222.php' not found or unable to stat
[Wed Jan 21 02:53:09.016242 2026] [php:error] [pid 34016] [client 65.52.167.153:0] script '/domains/system_suspended/aa.php' not found or unable to stat
[Wed Jan 21 02:53:09.223853 2026] [php:error] [pid 34016] [client 65.52.167.153:0] script '/domains/system_suspended/abcd.php' not found or unable to stat
[Wed Jan 21 02:53:09.431694 2026] [php:error] [pid 34016] [client 65.52.167.153:0] script '/domains/system_suspended/admin.php' not found or unable to stat
[Wed Jan 21 02:53:09.866815 2026] [php:error] [pid 34016] [client 65.52.167.153:0] script '/domains/system_suspended/adminfuns.php' not found or unable to stat
[Wed Jan 21 02:53:10.074341 2026] [php:error] [pid 34016] [client 65.52.167.153:0] script '/domains/system_suspended/akc.php' not found or unable to stat
[Wed Jan 21 02:53:10.281806 2026] [php:error] [pid 34016] [client 65.52.167.153:0] script '/domains/system_suspended/buy.php' not found or unable to stat
[Wed Jan 21 02:53:10.492455 2026] [php:error] [pid 34016] [client 65.52.167.153:0] script '/domains/system_suspended/cong.php' not found or unable to stat
[Wed Jan 21 02:53:10.699754 2026] [php:error] [pid 34016] [client 65.52.167.153:0] script '/domains/system_suspended/ioxi-o.php' not found or unable to stat
[Wed Jan 21 02:53:11.153624 2026] [php:error] [pid 34016] [client 65.52.167.153:0] script '/domains/system_suspended/db.php' not found or unable to stat
[Wed Jan 21 02:53:11.361160 2026] [php:error] [pid 34016] [client 65.52.167.153:0] script '/domains/system_suspended/dropdown.php' not found or unable to stat
[Wed Jan 21 02:53:11.579131 2026] [php:error] [pid 34016] [client 65.52.167.153:0] script '/domains/system_suspended/file.php' not found or unable to stat
[Wed Jan 21 02:53:11.786573 2026] [php:error] [pid 34016] [client 65.52.167.153:0] script '/domains/system_suspended/goods.php' not found or unable to stat
[Wed Jan 21 02:53:11.997738 2026] [php:error] [pid 34016] [client 65.52.167.153:0] script '/domains/system_suspended/hplfuns.php' not found or unable to stat
[Wed Jan 21 02:53:12.219268 2026] [php:error] [pid 34016] [client 65.52.167.153:0] script '/domains/system_suspended/htaccess.php' not found or unable to stat
[Wed Jan 21 02:53:12.861005 2026] [php:error] [pid 34016] [client 65.52.167.153:0] script '/domains/system_suspended/info.php' not found or unable to stat
[Wed Jan 21 02:53:13.069428 2026] [php:error] [pid 34016] [client 65.52.167.153:0] script '/domains/system_suspended/profile.php' not found or unable to stat
[Wed Jan 21 02:53:13.280662 2026] [php:error] [pid 34016] [client 65.52.167.153:0] script '/domains/system_suspended/sx.php' not found or unable to stat
[Wed Jan 21 02:53:17.805017 2026] [php:error] [pid 34016] [client 65.52.167.153:0] script '/domains/system_suspended/wp-fclass.php' not found or unable to stat
[Wed Jan 21 02:53:21.391817 2026] [php:error] [pid 34016] [client 65.52.167.153:0] script '/domains/system_suspended/wp-themes.php' not found or unable to stat
[Wed Jan 21 02:53:21.605039 2026] [php:error] [pid 34016] [client 65.52.167.153:0] script '/domains/system_suspended/xmlrpc.php' not found or unable to stat
[Wed Jan 21 02:53:22.263509 2026] [php:error] [pid 33991] [client 51.79.137.237:0] script '/domains/ecernstelectric/xmlrpc.php' not found or unable to stat
[Wed Jan 21 02:54:32.670209 2026] [php:error] [pid 34026] [client 216.244.66.232:0] script '/domains/hdickens.enteract/kmnj.php' not found or unable to stat
