[Wed Jan 21 00:57:08.231368 2026] [php:error] [pid 10248] [client 4.194.34.171:0] script '/domains/king1969/admin.php' not found or unable to stat
[Wed Jan 21 00:57:08.460077 2026] [php:error] [pid 10248] [client 4.194.34.171:0] script '/domains/king1969/atomlib.php' not found or unable to stat
[Wed Jan 21 00:57:08.688536 2026] [php:error] [pid 10248] [client 4.194.34.171:0] script '/domains/king1969/simple.php' not found or unable to stat
[Wed Jan 21 00:57:08.920696 2026] [php:error] [pid 10248] [client 4.194.34.171:0] script '/domains/king1969/log.php' not found or unable to stat
[Wed Jan 21 00:57:09.150430 2026] [php:error] [pid 10248] [client 4.194.34.171:0] script '/domains/king1969/lufix.php' not found or unable to stat
[Wed Jan 21 00:57:09.379689 2026] [php:error] [pid 10248] [client 4.194.34.171:0] script '/domains/king1969/content.php' not found or unable to stat
[Wed Jan 21 00:57:09.608450 2026] [php:error] [pid 10248] [client 4.194.34.171:0] script '/domains/king1969/wp.php' not found or unable to stat
[Wed Jan 21 00:57:09.836696 2026] [php:error] [pid 10248] [client 4.194.34.171:0] script '/domains/king1969/wp-conflg.php' not found or unable to stat
[Wed Jan 21 00:57:10.069194 2026] [php:error] [pid 10248] [client 4.194.34.171:0] script '/domains/king1969/404.php' not found or unable to stat
[Wed Jan 21 00:57:10.318750 2026] [php:error] [pid 10248] [client 4.194.34.171:0] script '/domains/king1969/updates.php' not found or unable to stat
[Wed Jan 21 00:57:10.554633 2026] [php:error] [pid 10248] [client 4.194.34.171:0] script '/domains/king1969/radio.php' not found or unable to stat
[Wed Jan 21 00:57:10.784635 2026] [php:error] [pid 10248] [client 4.194.34.171:0] script '/domains/king1969/xmrlpc.php' not found or unable to stat
[Wed Jan 21 00:57:11.032982 2026] [php:error] [pid 10248] [client 4.194.34.171:0] script '/domains/king1969/moon.php' not found or unable to stat
[Wed Jan 21 00:57:11.261240 2026] [php:error] [pid 10248] [client 4.194.34.171:0] script '/domains/king1969/blog.php' not found or unable to stat
[Wed Jan 21 00:57:11.489443 2026] [php:error] [pid 10248] [client 4.194.34.171:0] script '/domains/king1969/themes.php' not found or unable to stat
[Wed Jan 21 00:57:11.721361 2026] [php:error] [pid 10248] [client 4.194.34.171:0] script '/domains/king1969/ini.php' not found or unable to stat
[Wed Jan 21 00:57:11.949566 2026] [php:error] [pid 10248] [client 4.194.34.171:0] script '/domains/king1969/as.php' not found or unable to stat
[Wed Jan 21 00:57:12.184387 2026] [php:error] [pid 10248] [client 4.194.34.171:0] script '/domains/king1969/ws.php' not found or unable to stat
[Wed Jan 21 00:57:12.412642 2026] [php:error] [pid 10248] [client 4.194.34.171:0] script '/domains/king1969/dropdown.php' not found or unable to stat
[Wed Jan 21 00:57:12.648569 2026] [php:error] [pid 10248] [client 4.194.34.171:0] script '/domains/king1969/makeasmtp.php' not found or unable to stat
[Wed Jan 21 00:57:12.876773 2026] [php:error] [pid 10248] [client 4.194.34.171:0] script '/domains/king1969/alfanew.php' not found or unable to stat
[Wed Jan 21 00:57:13.105619 2026] [php:error] [pid 10248] [client 4.194.34.171:0] script '/domains/king1969/fw.php' not found or unable to stat
[Wed Jan 21 00:57:13.337302 2026] [php:error] [pid 10248] [client 4.194.34.171:0] script '/domains/king1969/install.php' not found or unable to stat
[Wed Jan 21 00:57:13.566042 2026] [php:error] [pid 10248] [client 4.194.34.171:0] script '/domains/king1969/chosen.php' not found or unable to stat
[Wed Jan 21 00:58:04.208109 2026] [php:error] [pid 10282] [client 52.184.97.233:0] script '/domains/davidbacker/eee.php' not found or unable to stat
[Wed Jan 21 00:58:04.423081 2026] [php:error] [pid 10282] [client 52.184.97.233:0] script '/domains/davidbacker/webadmin.php' not found or unable to stat
[Wed Jan 21 00:58:04.637616 2026] [php:error] [pid 10282] [client 52.184.97.233:0] script '/domains/davidbacker/galex.php' not found or unable to stat
[Wed Jan 21 00:58:04.866776 2026] [php:error] [pid 10282] [client 52.184.97.233:0] script '/domains/davidbacker/tinyfilemanager.php' not found or unable to stat
[Wed Jan 21 00:58:05.120557 2026] [php:error] [pid 10282] [client 52.184.97.233:0] script '/domains/davidbacker/class.api.php' not found or unable to stat
[Wed Jan 21 00:58:05.434538 2026] [php:error] [pid 10282] [client 52.184.97.233:0] script '/domains/davidbacker/support.php' not found or unable to stat
[Wed Jan 21 00:58:06.201226 2026] [php:error] [pid 10282] [client 52.184.97.233:0] script '/domains/davidbacker/dox.php' not found or unable to stat
[Wed Jan 21 00:58:06.415871 2026] [php:error] [pid 10282] [client 52.184.97.233:0] script '/domains/davidbacker/siteheads.php' not found or unable to stat
[Wed Jan 21 00:58:06.631017 2026] [php:error] [pid 10282] [client 52.184.97.233:0] script '/domains/davidbacker/0x.php' not found or unable to stat
[Wed Jan 21 00:58:07.059624 2026] [php:error] [pid 10282] [client 52.184.97.233:0] script '/domains/davidbacker/wp-logout.php' not found or unable to stat
[Wed Jan 21 00:58:07.274247 2026] [php:error] [pid 10282] [client 52.184.97.233:0] script '/domains/davidbacker/87.php' not found or unable to stat
[Wed Jan 21 00:58:07.489431 2026] [php:error] [pid 10282] [client 52.184.97.233:0] script '/domains/davidbacker/0o0.php' not found or unable to stat
[Wed Jan 21 00:58:08.192830 2026] [php:error] [pid 10282] [client 52.184.97.233:0] script '/domains/davidbacker/lv.php' not found or unable to stat
[Wed Jan 21 00:58:08.408593 2026] [php:error] [pid 10282] [client 52.184.97.233:0] script '/domains/davidbacker/dropdown.php' not found or unable to stat
[Wed Jan 21 00:58:08.622717 2026] [php:error] [pid 10282] [client 52.184.97.233:0] script '/domains/davidbacker/wsheet1.php' not found or unable to stat
[Wed Jan 21 00:58:09.100517 2026] [php:error] [pid 10282] [client 52.184.97.233:0] script '/domains/davidbacker/size.php' not found or unable to stat
[Wed Jan 21 00:58:09.328940 2026] [php:error] [pid 10282] [client 52.184.97.233:0] script '/domains/davidbacker/ms-users.php' not found or unable to stat
[Wed Jan 21 00:58:09.768232 2026] [php:error] [pid 10282] [client 52.184.97.233:0] script '/domains/davidbacker/revision.php' not found or unable to stat
[Wed Jan 21 00:58:10.008375 2026] [php:error] [pid 10282] [client 52.184.97.233:0] script '/domains/davidbacker/12.php' not found or unable to stat
[Wed Jan 21 00:58:11.441751 2026] [php:error] [pid 10282] [client 52.184.97.233:0] script '/domains/davidbacker/img.php' not found or unable to stat
[Wed Jan 21 00:58:11.655994 2026] [php:error] [pid 10282] [client 52.184.97.233:0] script '/domains/davidbacker/menu.php' not found or unable to stat
[Wed Jan 21 00:58:11.872283 2026] [php:error] [pid 10282] [client 52.184.97.233:0] script '/domains/davidbacker/tinyfilemanager.php' not found or unable to stat
[Wed Jan 21 00:58:12.109773 2026] [php:error] [pid 10282] [client 52.184.97.233:0] script '/domains/davidbacker/test1.php' not found or unable to stat
[Wed Jan 21 00:58:12.323954 2026] [php:error] [pid 10282] [client 52.184.97.233:0] script '/domains/davidbacker/shell20211028.php' not found or unable to stat
[Wed Jan 21 00:58:12.548518 2026] [php:error] [pid 10282] [client 52.184.97.233:0] script '/domains/davidbacker/ton.php' not found or unable to stat
[Wed Jan 21 00:58:13.608242 2026] [php:error] [pid 10282] [client 52.184.97.233:0] script '/domains/davidbacker/item.php' not found or unable to stat
[Wed Jan 21 00:58:13.824929 2026] [php:error] [pid 10282] [client 52.184.97.233:0] script '/domains/davidbacker/lala.php' not found or unable to stat
[Wed Jan 21 00:58:14.277961 2026] [php:error] [pid 10282] [client 52.184.97.233:0] script '/domains/davidbacker/page.php' not found or unable to stat
[Wed Jan 21 00:58:14.491777 2026] [php:error] [pid 10282] [client 52.184.97.233:0] script '/domains/davidbacker/tempfuns.php' not found or unable to stat
[Wed Jan 21 00:58:14.759903 2026] [php:error] [pid 10282] [client 52.184.97.233:0] script '/domains/davidbacker/past.php' not found or unable to stat
[Wed Jan 21 00:58:15.644106 2026] [php:error] [pid 10282] [client 52.184.97.233:0] script '/domains/davidbacker/log.php' not found or unable to stat
[Wed Jan 21 00:58:15.860955 2026] [php:error] [pid 10282] [client 52.184.97.233:0] script '/domains/davidbacker/wen.php' not found or unable to stat
[Wed Jan 21 00:58:16.298587 2026] [php:error] [pid 10282] [client 52.184.97.233:0] script '/domains/davidbacker/sf.php' not found or unable to stat
[Wed Jan 21 00:58:16.517947 2026] [php:error] [pid 10282] [client 52.184.97.233:0] script '/domains/davidbacker/simple.php' not found or unable to stat
[Wed Jan 21 00:58:16.731863 2026] [php:error] [pid 10282] [client 52.184.97.233:0] script '/domains/davidbacker/admiin.php' not found or unable to stat
[Wed Jan 21 00:58:16.948815 2026] [php:error] [pid 10282] [client 52.184.97.233:0] script '/domains/davidbacker/9v6.php' not found or unable to stat
[Wed Jan 21 00:58:17.186192 2026] [php:error] [pid 10282] [client 52.184.97.233:0] script '/domains/davidbacker/doc.php' not found or unable to stat
[Wed Jan 21 00:58:17.407294 2026] [php:error] [pid 10282] [client 52.184.97.233:0] script '/domains/davidbacker/ha.php' not found or unable to stat
[Wed Jan 21 00:58:17.621153 2026] [php:error] [pid 10282] [client 52.184.97.233:0] script '/domains/davidbacker/F0x.php' not found or unable to stat
[Wed Jan 21 00:58:17.839227 2026] [php:error] [pid 10282] [client 52.184.97.233:0] script '/domains/davidbacker/file2.php' not found or unable to stat
[Wed Jan 21 00:58:18.062634 2026] [php:error] [pid 10282] [client 52.184.97.233:0] script '/domains/davidbacker/cong.php' not found or unable to stat
[Wed Jan 21 00:58:18.286751 2026] [php:error] [pid 10282] [client 52.184.97.233:0] script '/domains/davidbacker/a2.php' not found or unable to stat
[Wed Jan 21 00:58:18.502400 2026] [php:error] [pid 10282] [client 52.184.97.233:0] script '/domains/davidbacker/up4.php' not found or unable to stat
[Wed Jan 21 00:58:18.722847 2026] [php:error] [pid 10282] [client 52.184.97.233:0] script '/domains/davidbacker/gtc.php' not found or unable to stat
[Wed Jan 21 00:58:18.940189 2026] [php:error] [pid 10282] [client 52.184.97.233:0] script '/domains/davidbacker/dbc.php' not found or unable to stat
[Wed Jan 21 00:58:19.202357 2026] [php:error] [pid 10282] [client 52.184.97.233:0] script '/domains/davidbacker/xa.php' not found or unable to stat
[Wed Jan 21 00:58:19.420328 2026] [php:error] [pid 10282] [client 52.184.97.233:0] script '/domains/davidbacker/content.php' not found or unable to stat
[Wed Jan 21 00:58:19.654268 2026] [php:error] [pid 10282] [client 52.184.97.233:0] script '/domains/davidbacker/oo.php' not found or unable to stat
[Wed Jan 21 00:58:19.879419 2026] [php:error] [pid 10282] [client 52.184.97.233:0] script '/domains/davidbacker/ws35.php' not found or unable to stat
[Wed Jan 21 00:58:20.097534 2026] [php:error] [pid 10282] [client 52.184.97.233:0] script '/domains/davidbacker/222.php' not found or unable to stat
[Wed Jan 21 00:58:20.336327 2026] [php:error] [pid 10282] [client 52.184.97.233:0] script '/domains/davidbacker/z60.php' not found or unable to stat
[Wed Jan 21 00:58:20.557924 2026] [php:error] [pid 10282] [client 52.184.97.233:0] script '/domains/davidbacker/wp-freya.php' not found or unable to stat
[Wed Jan 21 00:58:20.780551 2026] [php:error] [pid 10282] [client 52.184.97.233:0] script '/domains/davidbacker/ccou.php' not found or unable to stat
[Wed Jan 21 00:58:21.400309 2026] [php:error] [pid 10290] [client 20.89.56.154:0] script '/domains/nsmd2/eee.php' not found or unable to stat
[Wed Jan 21 00:58:21.464305 2026] [php:error] [pid 10282] [client 52.184.97.233:0] script '/domains/davidbacker/abc.php' not found or unable to stat
[Wed Jan 21 00:58:21.557640 2026] [php:error] [pid 10290] [client 20.89.56.154:0] script '/domains/nsmd2/webadmin.php' not found or unable to stat
[Wed Jan 21 00:58:21.687526 2026] [php:error] [pid 10282] [client 52.184.97.233:0] script '/domains/davidbacker/ant.php' not found or unable to stat
[Wed Jan 21 00:58:21.715230 2026] [php:error] [pid 10290] [client 20.89.56.154:0] script '/domains/nsmd2/galex.php' not found or unable to stat
[Wed Jan 21 00:58:21.872836 2026] [php:error] [pid 10290] [client 20.89.56.154:0] script '/domains/nsmd2/tinyfilemanager.php' not found or unable to stat
[Wed Jan 21 00:58:21.902534 2026] [php:error] [pid 10282] [client 52.184.97.233:0] script '/domains/davidbacker/ma.php' not found or unable to stat
[Wed Jan 21 00:58:22.030781 2026] [php:error] [pid 10290] [client 20.89.56.154:0] script '/domains/nsmd2/class.api.php' not found or unable to stat
[Wed Jan 21 00:58:22.117076 2026] [php:error] [pid 10282] [client 52.184.97.233:0] script '/domains/davidbacker/gecko.php' not found or unable to stat
[Wed Jan 21 00:58:22.189096 2026] [php:error] [pid 10290] [client 20.89.56.154:0] script '/domains/nsmd2/support.php' not found or unable to stat
[Wed Jan 21 00:58:22.337757 2026] [php:error] [pid 10282] [client 52.184.97.233:0] script '/domains/davidbacker/ws29.php' not found or unable to stat
[Wed Jan 21 00:58:22.503370 2026] [php:error] [pid 10290] [client 20.89.56.154:0] script '/domains/nsmd2/dox.php' not found or unable to stat
[Wed Jan 21 00:58:22.593148 2026] [php:error] [pid 10282] [client 52.184.97.233:0] script '/domains/davidbacker/1100.php' not found or unable to stat
[Wed Jan 21 00:58:22.660588 2026] [php:error] [pid 10290] [client 20.89.56.154:0] script '/domains/nsmd2/siteheads.php' not found or unable to stat
[Wed Jan 21 00:58:22.818093 2026] [php:error] [pid 10290] [client 20.89.56.154:0] script '/domains/nsmd2/0x.php' not found or unable to stat
[Wed Jan 21 00:58:22.818529 2026] [php:error] [pid 10282] [client 52.184.97.233:0] script '/domains/davidbacker/ws46.php' not found or unable to stat
[Wed Jan 21 00:58:23.032556 2026] [php:error] [pid 10282] [client 52.184.97.233:0] script '/domains/davidbacker/ws43.php' not found or unable to stat
[Wed Jan 21 00:58:23.133179 2026] [php:error] [pid 10290] [client 20.89.56.154:0] script '/domains/nsmd2/wp-logout.php' not found or unable to stat
[Wed Jan 21 00:58:23.249593 2026] [php:error] [pid 10282] [client 52.184.97.233:0] script '/domains/davidbacker/ws36.php' not found or unable to stat
[Wed Jan 21 00:58:23.290601 2026] [php:error] [pid 10290] [client 20.89.56.154:0] script '/domains/nsmd2/87.php' not found or unable to stat
[Wed Jan 21 00:58:23.447824 2026] [php:error] [pid 10290] [client 20.89.56.154:0] script '/domains/nsmd2/0o0.php' not found or unable to stat
[Wed Jan 21 00:58:23.463172 2026] [php:error] [pid 10282] [client 52.184.97.233:0] script '/domains/davidbacker/ws34.php' not found or unable to stat
[Wed Jan 21 00:58:23.605246 2026] [php:error] [pid 10290] [client 20.89.56.154:0] script '/domains/nsmd2/lv.php' not found or unable to stat
[Wed Jan 21 00:58:23.677151 2026] [php:error] [pid 10282] [client 52.184.97.233:0] script '/domains/davidbacker/rtx.php' not found or unable to stat
[Wed Jan 21 00:58:23.762702 2026] [php:error] [pid 10290] [client 20.89.56.154:0] script '/domains/nsmd2/dropdown.php' not found or unable to stat
[Wed Jan 21 00:58:23.890861 2026] [php:error] [pid 10282] [client 52.184.97.233:0] script '/domains/davidbacker/as.php' not found or unable to stat
[Wed Jan 21 00:58:23.920096 2026] [php:error] [pid 10290] [client 20.89.56.154:0] script '/domains/nsmd2/wsheet1.php' not found or unable to stat
[Wed Jan 21 00:58:24.143176 2026] [php:error] [pid 10282] [client 52.184.97.233:0] script '/domains/davidbacker/ova.php' not found or unable to stat
[Wed Jan 21 00:58:24.235223 2026] [php:error] [pid 10290] [client 20.89.56.154:0] script '/domains/nsmd2/size.php' not found or unable to stat
[Wed Jan 21 00:58:24.359353 2026] [php:error] [pid 10282] [client 52.184.97.233:0] script '/domains/davidbacker/blox.php' not found or unable to stat
[Wed Jan 21 00:58:24.392849 2026] [php:error] [pid 10290] [client 20.89.56.154:0] script '/domains/nsmd2/ms-users.php' not found or unable to stat
[Wed Jan 21 00:58:24.575478 2026] [php:error] [pid 10282] [client 52.184.97.233:0] script '/domains/davidbacker/vx.php' not found or unable to stat
[Wed Jan 21 00:58:24.708874 2026] [php:error] [pid 10290] [client 20.89.56.154:0] script '/domains/nsmd2/revision.php' not found or unable to stat
[Wed Jan 21 00:58:24.792733 2026] [php:error] [pid 10282] [client 52.184.97.233:0] script '/domains/davidbacker/mh.php' not found or unable to stat
[Wed Jan 21 00:58:24.866412 2026] [php:error] [pid 10290] [client 20.89.56.154:0] script '/domains/nsmd2/12.php' not found or unable to stat
[Wed Jan 21 00:58:25.006815 2026] [php:error] [pid 10282] [client 52.184.97.233:0] script '/domains/davidbacker/pn.php' not found or unable to stat
[Wed Jan 21 00:58:25.066131 2026] [php:error] [pid 10277] [client 4.194.34.171:0] script '/domains/assetenhance/2.php' not found or unable to stat
[Wed Jan 21 00:58:25.182165 2026] [php:error] [pid 10290] [client 20.89.56.154:0] script '/domains/nsmd2/img.php' not found or unable to stat
[Wed Jan 21 00:58:25.220734 2026] [php:error] [pid 10282] [client 52.184.97.233:0] script '/domains/davidbacker/O-Simple.php' not found or unable to stat
[Wed Jan 21 00:58:25.339582 2026] [php:error] [pid 10290] [client 20.89.56.154:0] script '/domains/nsmd2/menu.php' not found or unable to stat
[Wed Jan 21 00:58:25.435445 2026] [php:error] [pid 10282] [client 52.184.97.233:0] script '/domains/davidbacker/smklh.php' not found or unable to stat
[Wed Jan 21 00:58:25.502602 2026] [php:error] [pid 10290] [client 20.89.56.154:0] script '/domains/nsmd2/tinyfilemanager.php' not found or unable to stat
[Wed Jan 21 00:58:25.524417 2026] [php:error] [pid 10277] [client 4.194.34.171:0] script '/domains/assetenhance/a.php' not found or unable to stat
[Wed Jan 21 00:58:25.649485 2026] [php:error] [pid 10282] [client 52.184.97.233:0] script '/domains/davidbacker/mans.php' not found or unable to stat
[Wed Jan 21 00:58:25.659987 2026] [php:error] [pid 10290] [client 20.89.56.154:0] script '/domains/nsmd2/test1.php' not found or unable to stat
[Wed Jan 21 00:58:25.760264 2026] [php:error] [pid 10277] [client 4.194.34.171:0] script '/domains/assetenhance/aaa.php' not found or unable to stat
[Wed Jan 21 00:58:25.817441 2026] [php:error] [pid 10290] [client 20.89.56.154:0] script '/domains/nsmd2/shell20211028.php' not found or unable to stat
[Wed Jan 21 00:58:25.863724 2026] [php:error] [pid 10282] [client 52.184.97.233:0] script '/domains/davidbacker/horeg.php' not found or unable to stat
[Wed Jan 21 00:58:25.974707 2026] [php:error] [pid 10290] [client 20.89.56.154:0] script '/domains/nsmd2/ton.php' not found or unable to stat
[Wed Jan 21 00:58:25.989204 2026] [php:error] [pid 10277] [client 4.194.34.171:0] script '/domains/assetenhance/ab.php' not found or unable to stat
[Wed Jan 21 00:58:26.092779 2026] [php:error] [pid 10282] [client 52.184.97.233:0] script '/domains/davidbacker/to.php' not found or unable to stat
[Wed Jan 21 00:58:26.133036 2026] [php:error] [pid 10290] [client 20.89.56.154:0] script '/domains/nsmd2/item.php' not found or unable to stat
[Wed Jan 21 00:58:26.221472 2026] [php:error] [pid 10277] [client 4.194.34.171:0] script '/domains/assetenhance/about.php' not found or unable to stat
[Wed Jan 21 00:58:26.290428 2026] [php:error] [pid 10290] [client 20.89.56.154:0] script '/domains/nsmd2/lala.php' not found or unable to stat
[Wed Jan 21 00:58:26.311227 2026] [php:error] [pid 10282] [client 52.184.97.233:0] script '/domains/davidbacker/wp-good.php' not found or unable to stat
[Wed Jan 21 00:58:26.525478 2026] [php:error] [pid 10282] [client 52.184.97.233:0] script '/domains/davidbacker/fz.php' not found or unable to stat
[Wed Jan 21 00:58:26.606491 2026] [php:error] [pid 10290] [client 20.89.56.154:0] script '/domains/nsmd2/page.php' not found or unable to stat
[Wed Jan 21 00:58:26.686855 2026] [php:error] [pid 10277] [client 4.194.34.171:0] script '/domains/assetenhance/alfa.php' not found or unable to stat
[Wed Jan 21 00:58:26.739182 2026] [php:error] [pid 10282] [client 52.184.97.233:0] script '/domains/davidbacker/mini.php' not found or unable to stat
[Wed Jan 21 00:58:26.763877 2026] [php:error] [pid 10290] [client 20.89.56.154:0] script '/domains/nsmd2/tempfuns.php' not found or unable to stat
[Wed Jan 21 00:58:26.916646 2026] [php:error] [pid 10277] [client 4.194.34.171:0] script '/domains/assetenhance/api.php' not found or unable to stat
[Wed Jan 21 00:58:26.920914 2026] [php:error] [pid 10290] [client 20.89.56.154:0] script '/domains/nsmd2/past.php' not found or unable to stat
[Wed Jan 21 00:58:26.956689 2026] [php:error] [pid 10282] [client 52.184.97.233:0] script '/domains/davidbacker/x.php' not found or unable to stat
[Wed Jan 21 00:58:27.078124 2026] [php:error] [pid 10290] [client 20.89.56.154:0] script '/domains/nsmd2/log.php' not found or unable to stat
[Wed Jan 21 00:58:27.145859 2026] [php:error] [pid 10277] [client 4.194.34.171:0] script '/domains/assetenhance/auth.php' not found or unable to stat
[Wed Jan 21 00:58:27.170256 2026] [php:error] [pid 10282] [client 52.184.97.233:0] script '/domains/davidbacker/ioxi-o.php' not found or unable to stat
[Wed Jan 21 00:58:27.235338 2026] [php:error] [pid 10290] [client 20.89.56.154:0] script '/domains/nsmd2/wen.php' not found or unable to stat
[Wed Jan 21 00:58:27.383912 2026] [php:error] [pid 10282] [client 52.184.97.233:0] script '/domains/davidbacker/xxxx.php' not found or unable to stat
[Wed Jan 21 00:58:27.549498 2026] [php:error] [pid 10290] [client 20.89.56.154:0] script '/domains/nsmd2/sf.php' not found or unable to stat
[Wed Jan 21 00:58:27.604058 2026] [php:error] [pid 10277] [client 4.194.34.171:0] script '/domains/assetenhance/classwithtostring.php' not found or unable to stat
[Wed Jan 21 00:58:27.611882 2026] [php:error] [pid 10282] [client 52.184.97.233:0] script '/domains/davidbacker/moon.php' not found or unable to stat
[Wed Jan 21 00:58:27.706968 2026] [php:error] [pid 10290] [client 20.89.56.154:0] script '/domains/nsmd2/simple.php' not found or unable to stat
[Wed Jan 21 00:58:27.833178 2026] [php:error] [pid 10277] [client 4.194.34.171:0] script '/domains/assetenhance/contents.php' not found or unable to stat
[Wed Jan 21 00:58:27.835572 2026] [php:error] [pid 10282] [client 52.184.97.233:0] script '/domains/davidbacker/ws46.php' not found or unable to stat
[Wed Jan 21 00:58:27.864288 2026] [php:error] [pid 10290] [client 20.89.56.154:0] script '/domains/nsmd2/admiin.php' not found or unable to stat
[Wed Jan 21 00:58:28.022440 2026] [php:error] [pid 10290] [client 20.89.56.154:0] script '/domains/nsmd2/9v6.php' not found or unable to stat
[Wed Jan 21 00:58:28.049969 2026] [php:error] [pid 10282] [client 52.184.97.233:0] script '/domains/davidbacker/wp-22.php' not found or unable to stat
[Wed Jan 21 00:58:28.179691 2026] [php:error] [pid 10290] [client 20.89.56.154:0] script '/domains/nsmd2/doc.php' not found or unable to stat
[Wed Jan 21 00:58:28.291054 2026] [php:error] [pid 10277] [client 4.194.34.171:0] script '/domains/assetenhance/default.php' not found or unable to stat
[Wed Jan 21 00:58:28.336851 2026] [php:error] [pid 10290] [client 20.89.56.154:0] script '/domains/nsmd2/ha.php' not found or unable to stat
[Wed Jan 21 00:58:28.494355 2026] [php:error] [pid 10290] [client 20.89.56.154:0] script '/domains/nsmd2/F0x.php' not found or unable to stat
[Wed Jan 21 00:58:28.651600 2026] [php:error] [pid 10290] [client 20.89.56.154:0] script '/domains/nsmd2/file2.php' not found or unable to stat
[Wed Jan 21 00:58:28.813510 2026] [php:error] [pid 10290] [client 20.89.56.154:0] script '/domains/nsmd2/cong.php' not found or unable to stat
[Wed Jan 21 00:58:28.834590 2026] [php:error] [pid 10282] [client 52.184.97.233:0] script '/domains/davidbacker/user.php' not found or unable to stat
[Wed Jan 21 00:58:28.983044 2026] [php:error] [pid 10277] [client 4.194.34.171:0] script '/domains/assetenhance/favicon.php' not found or unable to stat
[Wed Jan 21 00:58:28.985203 2026] [php:error] [pid 10290] [client 20.89.56.154:0] script '/domains/nsmd2/a2.php' not found or unable to stat
[Wed Jan 21 00:58:29.053911 2026] [php:error] [pid 10282] [client 52.184.97.233:0] script '/domains/davidbacker/classwithtostring.php' not found or unable to stat
[Wed Jan 21 00:58:29.142437 2026] [php:error] [pid 10290] [client 20.89.56.154:0] script '/domains/nsmd2/up4.php' not found or unable to stat
[Wed Jan 21 00:58:29.213094 2026] [php:error] [pid 10277] [client 4.194.34.171:0] script '/domains/assetenhance/hehe.php' not found or unable to stat
[Wed Jan 21 00:58:29.279405 2026] [php:error] [pid 10282] [client 52.184.97.233:0] script '/domains/davidbacker/content.php' not found or unable to stat
[Wed Jan 21 00:58:29.299856 2026] [php:error] [pid 10290] [client 20.89.56.154:0] script '/domains/nsmd2/gtc.php' not found or unable to stat
[Wed Jan 21 00:58:29.457395 2026] [php:error] [pid 10290] [client 20.89.56.154:0] script '/domains/nsmd2/dbc.php' not found or unable to stat
[Wed Jan 21 00:58:29.614630 2026] [php:error] [pid 10290] [client 20.89.56.154:0] script '/domains/nsmd2/xa.php' not found or unable to stat
[Wed Jan 21 00:58:29.673506 2026] [php:error] [pid 10277] [client 4.194.34.171:0] script '/domains/assetenhance/index.php' not found or unable to stat
[Wed Jan 21 00:58:29.771919 2026] [php:error] [pid 10290] [client 20.89.56.154:0] script '/domains/nsmd2/content.php' not found or unable to stat
[Wed Jan 21 00:58:29.902629 2026] [php:error] [pid 10277] [client 4.194.34.171:0] script '/domains/assetenhance/info.php' not found or unable to stat
[Wed Jan 21 00:58:29.930236 2026] [php:error] [pid 10290] [client 20.89.56.154:0] script '/domains/nsmd2/oo.php' not found or unable to stat
[Wed Jan 21 00:58:30.088428 2026] [php:error] [pid 10290] [client 20.89.56.154:0] script '/domains/nsmd2/ws35.php' not found or unable to stat
[Wed Jan 21 00:58:30.135283 2026] [php:error] [pid 10277] [client 4.194.34.171:0] script '/domains/assetenhance/k.php' not found or unable to stat
[Wed Jan 21 00:58:30.246688 2026] [php:error] [pid 10290] [client 20.89.56.154:0] script '/domains/nsmd2/222.php' not found or unable to stat
[Wed Jan 21 00:58:30.251910 2026] [php:error] [pid 10282] [client 52.184.97.233:0] script '/domains/davidbacker/wp-ana.php' not found or unable to stat
[Wed Jan 21 00:58:30.364325 2026] [php:error] [pid 10277] [client 4.194.34.171:0] script '/domains/assetenhance/lock360.php' not found or unable to stat
[Wed Jan 21 00:58:30.403799 2026] [php:error] [pid 10290] [client 20.89.56.154:0] script '/domains/nsmd2/z60.php' not found or unable to stat
[Wed Jan 21 00:58:30.472109 2026] [php:error] [pid 10282] [client 52.184.97.233:0] script '/domains/davidbacker/cwclass.php' not found or unable to stat
[Wed Jan 21 00:58:30.561891 2026] [php:error] [pid 10290] [client 20.89.56.154:0] script '/domains/nsmd2/wp-freya.php' not found or unable to stat
[Wed Jan 21 00:58:30.593371 2026] [php:error] [pid 10277] [client 4.194.34.171:0] script '/domains/assetenhance/log.php' not found or unable to stat
[Wed Jan 21 00:58:30.698714 2026] [php:error] [pid 10282] [client 52.184.97.233:0] script '/domains/davidbacker/87.php' not found or unable to stat
[Wed Jan 21 00:58:30.719727 2026] [php:error] [pid 10290] [client 20.89.56.154:0] script '/domains/nsmd2/ccou.php' not found or unable to stat
[Wed Jan 21 00:58:30.822635 2026] [php:error] [pid 10277] [client 4.194.34.171:0] script '/domains/assetenhance/man.php' not found or unable to stat
[Wed Jan 21 00:58:30.877306 2026] [php:error] [pid 10290] [client 20.89.56.154:0] script '/domains/nsmd2/abc.php' not found or unable to stat
[Wed Jan 21 00:58:30.925837 2026] [php:error] [pid 10282] [client 52.184.97.233:0] script '/domains/davidbacker/error.php' not found or unable to stat
[Wed Jan 21 00:58:31.034690 2026] [php:error] [pid 10290] [client 20.89.56.154:0] script '/domains/nsmd2/ant.php' not found or unable to stat
[Wed Jan 21 00:58:31.140678 2026] [php:error] [pid 10282] [client 52.184.97.233:0] script '/domains/davidbacker/redi.php' not found or unable to stat
[Wed Jan 21 00:58:31.191806 2026] [php:error] [pid 10290] [client 20.89.56.154:0] script '/domains/nsmd2/ma.php' not found or unable to stat
[Wed Jan 21 00:58:31.281804 2026] [php:error] [pid 10277] [client 4.194.34.171:0] script '/domains/assetenhance/post.php' not found or unable to stat
[Wed Jan 21 00:58:31.349038 2026] [php:error] [pid 10290] [client 20.89.56.154:0] script '/domains/nsmd2/gecko.php' not found or unable to stat
[Wed Jan 21 00:58:31.506420 2026] [php:error] [pid 10290] [client 20.89.56.154:0] script '/domains/nsmd2/ws29.php' not found or unable to stat
[Wed Jan 21 00:58:31.663794 2026] [php:error] [pid 10290] [client 20.89.56.154:0] script '/domains/nsmd2/1100.php' not found or unable to stat
[Wed Jan 21 00:58:31.741828 2026] [php:error] [pid 10277] [client 4.194.34.171:0] script '/domains/assetenhance/root.php' not found or unable to stat
[Wed Jan 21 00:58:31.821165 2026] [php:error] [pid 10290] [client 20.89.56.154:0] script '/domains/nsmd2/ws46.php' not found or unable to stat
[Wed Jan 21 00:58:31.971190 2026] [php:error] [pid 10277] [client 4.194.34.171:0] script '/domains/assetenhance/shellv3.php' not found or unable to stat
[Wed Jan 21 00:58:31.978291 2026] [php:error] [pid 10290] [client 20.89.56.154:0] script '/domains/nsmd2/ws43.php' not found or unable to stat
[Wed Jan 21 00:58:32.108160 2026] [php:error] [pid 10282] [client 52.184.97.233:0] script '/domains/davidbacker/wsd.php' not found or unable to stat
[Wed Jan 21 00:58:32.135423 2026] [php:error] [pid 10290] [client 20.89.56.154:0] script '/domains/nsmd2/ws36.php' not found or unable to stat
[Wed Jan 21 00:58:32.292709 2026] [php:error] [pid 10290] [client 20.89.56.154:0] script '/domains/nsmd2/ws34.php' not found or unable to stat
[Wed Jan 21 00:58:32.429442 2026] [php:error] [pid 10277] [client 4.194.34.171:0] script '/domains/assetenhance/system.php' not found or unable to stat
[Wed Jan 21 00:58:32.449848 2026] [php:error] [pid 10290] [client 20.89.56.154:0] script '/domains/nsmd2/rtx.php' not found or unable to stat
[Wed Jan 21 00:58:32.607808 2026] [php:error] [pid 10290] [client 20.89.56.154:0] script '/domains/nsmd2/as.php' not found or unable to stat
[Wed Jan 21 00:58:32.659113 2026] [php:error] [pid 10277] [client 4.194.34.171:0] script '/domains/assetenhance/test.php' not found or unable to stat
[Wed Jan 21 00:58:32.765103 2026] [php:error] [pid 10290] [client 20.89.56.154:0] script '/domains/nsmd2/ova.php' not found or unable to stat
[Wed Jan 21 00:58:32.888525 2026] [php:error] [pid 10277] [client 4.194.34.171:0] script '/domains/assetenhance/theme.php' not found or unable to stat
[Wed Jan 21 00:58:32.923768 2026] [php:error] [pid 10290] [client 20.89.56.154:0] script '/domains/nsmd2/blox.php' not found or unable to stat
[Wed Jan 21 00:58:33.083735 2026] [php:error] [pid 10290] [client 20.89.56.154:0] script '/domains/nsmd2/vx.php' not found or unable to stat
[Wed Jan 21 00:58:33.117685 2026] [php:error] [pid 10277] [client 4.194.34.171:0] script '/domains/assetenhance/wp-activat.php' not found or unable to stat
[Wed Jan 21 00:58:33.242390 2026] [php:error] [pid 10290] [client 20.89.56.154:0] script '/domains/nsmd2/mh.php' not found or unable to stat
[Wed Jan 21 00:58:33.363292 2026] [php:error] [pid 10277] [client 4.194.34.171:0] script '/domains/assetenhance/wp-admin.php' not found or unable to stat
[Wed Jan 21 00:58:33.399990 2026] [php:error] [pid 10290] [client 20.89.56.154:0] script '/domains/nsmd2/pn.php' not found or unable to stat
[Wed Jan 21 00:58:33.557500 2026] [php:error] [pid 10290] [client 20.89.56.154:0] script '/domains/nsmd2/O-Simple.php' not found or unable to stat
[Wed Jan 21 00:58:33.720845 2026] [php:error] [pid 10290] [client 20.89.56.154:0] script '/domains/nsmd2/smklh.php' not found or unable to stat
[Wed Jan 21 00:58:33.721857 2026] [php:error] [pid 10282] [client 52.184.97.233:0] script '/domains/davidbacker/image.php' not found or unable to stat
[Wed Jan 21 00:58:33.878277 2026] [php:error] [pid 10290] [client 20.89.56.154:0] script '/domains/nsmd2/mans.php' not found or unable to stat
[Wed Jan 21 00:58:33.931847 2026] [php:error] [pid 10282] [client 52.184.97.233:0] script '/domains/davidbacker/abcd.php' not found or unable to stat
[Wed Jan 21 00:58:34.035413 2026] [php:error] [pid 10290] [client 20.89.56.154:0] script '/domains/nsmd2/horeg.php' not found or unable to stat
[Wed Jan 21 00:58:34.141870 2026] [php:error] [pid 10282] [client 52.184.97.233:0] script '/domains/davidbacker/indo.php' not found or unable to stat
[Wed Jan 21 00:58:34.192608 2026] [php:error] [pid 10290] [client 20.89.56.154:0] script '/domains/nsmd2/to.php' not found or unable to stat
[Wed Jan 21 00:58:34.349955 2026] [php:error] [pid 10290] [client 20.89.56.154:0] script '/domains/nsmd2/wp-good.php' not found or unable to stat
[Wed Jan 21 00:58:34.355299 2026] [php:error] [pid 10282] [client 52.184.97.233:0] script '/domains/davidbacker/0xx.php' not found or unable to stat
[Wed Jan 21 00:58:34.507685 2026] [php:error] [pid 10290] [client 20.89.56.154:0] script '/domains/nsmd2/fz.php' not found or unable to stat
[Wed Jan 21 00:58:34.510464 2026] [php:error] [pid 10277] [client 4.194.34.171:0] script '/domains/assetenhance/wp-blog.php' not found or unable to stat
[Wed Jan 21 00:58:34.565696 2026] [php:error] [pid 10282] [client 52.184.97.233:0] script '/domains/davidbacker/o.php' not found or unable to stat
[Wed Jan 21 00:58:34.665236 2026] [php:error] [pid 10290] [client 20.89.56.154:0] script '/domains/nsmd2/mini.php' not found or unable to stat
[Wed Jan 21 00:58:34.739481 2026] [php:error] [pid 10277] [client 4.194.34.171:0] script '/domains/assetenhance/wp-conf.php' not found or unable to stat
[Wed Jan 21 00:58:34.794303 2026] [php:error] [pid 10282] [client 52.184.97.233:0] script '/domains/davidbacker/1.php' not found or unable to stat
[Wed Jan 21 00:58:34.822581 2026] [php:error] [pid 10290] [client 20.89.56.154:0] script '/domains/nsmd2/x.php' not found or unable to stat
[Wed Jan 21 00:58:34.979911 2026] [php:error] [pid 10290] [client 20.89.56.154:0] script '/domains/nsmd2/ioxi-o.php' not found or unable to stat
[Wed Jan 21 00:58:35.031460 2026] [php:error] [pid 10282] [client 52.184.97.233:0] script '/domains/davidbacker/style.php' not found or unable to stat
[Wed Jan 21 00:58:35.137108 2026] [php:error] [pid 10290] [client 20.89.56.154:0] script '/domains/nsmd2/xxxx.php' not found or unable to stat
[Wed Jan 21 00:58:35.256395 2026] [php:error] [pid 10282] [client 52.184.97.233:0] script '/domains/davidbacker/manager.php' not found or unable to stat
[Wed Jan 21 00:58:35.296584 2026] [php:error] [pid 10290] [client 20.89.56.154:0] script '/domains/nsmd2/moon.php' not found or unable to stat
[Wed Jan 21 00:58:35.453408 2026] [php:error] [pid 10290] [client 20.89.56.154:0] script '/domains/nsmd2/ws46.php' not found or unable to stat
[Wed Jan 21 00:58:35.469685 2026] [php:error] [pid 10282] [client 52.184.97.233:0] script '/domains/davidbacker/bless.php' not found or unable to stat
[Wed Jan 21 00:58:35.610743 2026] [php:error] [pid 10290] [client 20.89.56.154:0] script '/domains/nsmd2/wp-22.php' not found or unable to stat
[Wed Jan 21 00:58:35.680152 2026] [php:error] [pid 10282] [client 52.184.97.233:0] script '/domains/davidbacker/geck.php' not found or unable to stat
[Wed Jan 21 00:58:35.768113 2026] [php:error] [pid 10290] [client 20.89.56.154:0] script '/domains/nsmd2/user.php' not found or unable to stat
[Wed Jan 21 00:58:35.890279 2026] [php:error] [pid 10282] [client 52.184.97.233:0] script '/domains/davidbacker/wp-configs.php' not found or unable to stat
[Wed Jan 21 00:58:35.927517 2026] [php:error] [pid 10290] [client 20.89.56.154:0] script '/domains/nsmd2/classwithtostring.php' not found or unable to stat
[Wed Jan 21 00:58:36.084525 2026] [php:error] [pid 10290] [client 20.89.56.154:0] script '/domains/nsmd2/content.php' not found or unable to stat
[Wed Jan 21 00:58:36.103411 2026] [php:error] [pid 10282] [client 52.184.97.233:0] script '/domains/davidbacker/file.php' not found or unable to stat
[Wed Jan 21 00:58:36.242342 2026] [php:error] [pid 10290] [client 20.89.56.154:0] script '/domains/nsmd2/wp-ana.php' not found or unable to stat
[Wed Jan 21 00:58:36.328126 2026] [php:error] [pid 10282] [client 52.184.97.233:0] script '/domains/davidbacker/11.php' not found or unable to stat
[Wed Jan 21 00:58:36.399596 2026] [php:error] [pid 10290] [client 20.89.56.154:0] script '/domains/nsmd2/cwclass.php' not found or unable to stat
[Wed Jan 21 00:58:36.554294 2026] [php:error] [pid 10282] [client 52.184.97.233:0] script '/domains/davidbacker/s.php' not found or unable to stat
[Wed Jan 21 00:58:36.556653 2026] [php:error] [pid 10290] [client 20.89.56.154:0] script '/domains/nsmd2/87.php' not found or unable to stat
[Wed Jan 21 00:58:36.713967 2026] [php:error] [pid 10290] [client 20.89.56.154:0] script '/domains/nsmd2/error.php' not found or unable to stat
[Wed Jan 21 00:58:36.764354 2026] [php:error] [pid 10282] [client 52.184.97.233:0] script '/domains/davidbacker/sid3.php' not found or unable to stat
[Wed Jan 21 00:58:36.871123 2026] [php:error] [pid 10290] [client 20.89.56.154:0] script '/domains/nsmd2/redi.php' not found or unable to stat
[Wed Jan 21 00:58:36.975659 2026] [php:error] [pid 10282] [client 52.184.97.233:0] script '/domains/davidbacker/ng.php' not found or unable to stat
[Wed Jan 21 00:58:37.028294 2026] [php:error] [pid 10290] [client 20.89.56.154:0] script '/domains/nsmd2/wsd.php' not found or unable to stat
[Wed Jan 21 00:58:37.047171 2026] [php:error] [pid 10277] [client 4.194.34.171:0] script '/domains/assetenhance/wp-file.php' not found or unable to stat
[Wed Jan 21 00:58:37.187563 2026] [php:error] [pid 10282] [client 52.184.97.233:0] script '/domains/davidbacker/m.php' not found or unable to stat
[Wed Jan 21 00:58:37.276515 2026] [php:error] [pid 10277] [client 4.194.34.171:0] script '/domains/assetenhance/wp-include.php' not found or unable to stat
[Wed Jan 21 00:58:37.359934 2026] [php:error] [pid 10274] [client 20.89.56.154:0] script '/domains/nsmd2/image.php' not found or unable to stat
[Wed Jan 21 00:58:37.405114 2026] [php:error] [pid 10282] [client 52.184.97.233:0] script '/domains/davidbacker/webix.php' not found or unable to stat
[Wed Jan 21 00:58:37.519714 2026] [php:error] [pid 10274] [client 20.89.56.154:0] script '/domains/nsmd2/abcd.php' not found or unable to stat
[Wed Jan 21 00:58:37.625370 2026] [php:error] [pid 10282] [client 52.184.97.233:0] script '/domains/davidbacker/az.php' not found or unable to stat
[Wed Jan 21 00:58:37.676968 2026] [php:error] [pid 10274] [client 20.89.56.154:0] script '/domains/nsmd2/indo.php' not found or unable to stat
[Wed Jan 21 00:58:37.834440 2026] [php:error] [pid 10274] [client 20.89.56.154:0] script '/domains/nsmd2/0xx.php' not found or unable to stat
[Wed Jan 21 00:58:37.835414 2026] [php:error] [pid 10282] [client 52.184.97.233:0] script '/domains/davidbacker/hans.php' not found or unable to stat
[Wed Jan 21 00:58:37.992379 2026] [php:error] [pid 10274] [client 20.89.56.154:0] script '/domains/nsmd2/o.php' not found or unable to stat
[Wed Jan 21 00:58:38.045604 2026] [php:error] [pid 10282] [client 52.184.97.233:0] script '/domains/davidbacker/403.php' not found or unable to stat
[Wed Jan 21 00:58:38.150020 2026] [php:error] [pid 10274] [client 20.89.56.154:0] script '/domains/nsmd2/1.php' not found or unable to stat
[Wed Jan 21 00:58:38.258155 2026] [php:error] [pid 10282] [client 52.184.97.233:0] script '/domains/davidbacker/404.php' not found or unable to stat
[Wed Jan 21 00:58:38.308537 2026] [php:error] [pid 10274] [client 20.89.56.154:0] script '/domains/nsmd2/style.php' not found or unable to stat
[Wed Jan 21 00:58:38.466077 2026] [php:error] [pid 10274] [client 20.89.56.154:0] script '/domains/nsmd2/manager.php' not found or unable to stat
[Wed Jan 21 00:58:38.498342 2026] [php:error] [pid 10282] [client 52.184.97.233:0] script '/domains/davidbacker/buy.php' not found or unable to stat
[Wed Jan 21 00:58:38.624038 2026] [php:error] [pid 10274] [client 20.89.56.154:0] script '/domains/nsmd2/bless.php' not found or unable to stat
[Wed Jan 21 00:58:38.781903 2026] [php:error] [pid 10274] [client 20.89.56.154:0] script '/domains/nsmd2/geck.php' not found or unable to stat
[Wed Jan 21 00:58:38.939324 2026] [php:error] [pid 10274] [client 20.89.56.154:0] script '/domains/nsmd2/wp-configs.php' not found or unable to stat
[Wed Jan 21 00:58:39.098882 2026] [php:error] [pid 10274] [client 20.89.56.154:0] script '/domains/nsmd2/file.php' not found or unable to stat
[Wed Jan 21 00:58:39.256680 2026] [php:error] [pid 10274] [client 20.89.56.154:0] script '/domains/nsmd2/11.php' not found or unable to stat
[Wed Jan 21 00:58:39.414079 2026] [php:error] [pid 10274] [client 20.89.56.154:0] script '/domains/nsmd2/s.php' not found or unable to stat
[Wed Jan 21 00:58:39.571923 2026] [php:error] [pid 10274] [client 20.89.56.154:0] script '/domains/nsmd2/sid3.php' not found or unable to stat
[Wed Jan 21 00:58:39.730914 2026] [php:error] [pid 10274] [client 20.89.56.154:0] script '/domains/nsmd2/ng.php' not found or unable to stat
[Wed Jan 21 00:58:39.815165 2026] [php:error] [pid 10277] [client 4.194.34.171:0] script '/domains/assetenhance/wp-logs.php' not found or unable to stat
[Wed Jan 21 00:58:39.889024 2026] [php:error] [pid 10274] [client 20.89.56.154:0] script '/domains/nsmd2/m.php' not found or unable to stat
[Wed Jan 21 00:58:40.044282 2026] [php:error] [pid 10277] [client 4.194.34.171:0] script '/domains/assetenhance/xmlrpc.php' not found or unable to stat
[Wed Jan 21 00:58:40.046616 2026] [php:error] [pid 10274] [client 20.89.56.154:0] script '/domains/nsmd2/webix.php' not found or unable to stat
[Wed Jan 21 00:58:40.204579 2026] [php:error] [pid 10274] [client 20.89.56.154:0] script '/domains/nsmd2/az.php' not found or unable to stat
[Wed Jan 21 00:58:40.362810 2026] [php:error] [pid 10274] [client 20.89.56.154:0] script '/domains/nsmd2/hans.php' not found or unable to stat
[Wed Jan 21 00:58:40.520458 2026] [php:error] [pid 10274] [client 20.89.56.154:0] script '/domains/nsmd2/403.php' not found or unable to stat
[Wed Jan 21 00:58:40.678167 2026] [php:error] [pid 10274] [client 20.89.56.154:0] script '/domains/nsmd2/404.php' not found or unable to stat
[Wed Jan 21 00:58:40.836995 2026] [php:error] [pid 10274] [client 20.89.56.154:0] script '/domains/nsmd2/buy.php' not found or unable to stat
[Wed Jan 21 00:58:42.107585 2026] [php:error] [pid 10277] [client 4.194.34.171:0] script '/domains/assetenhance/WSO.php' not found or unable to stat
[Wed Jan 21 00:58:46.478713 2026] [php:error] [pid 10277] [client 4.194.34.171:0] script '/domains/assetenhance/goods.php' not found or unable to stat
[Wed Jan 21 00:58:48.088600 2026] [php:error] [pid 10277] [client 4.194.34.171:0] script '/domains/assetenhance/edit.php' not found or unable to stat
[Wed Jan 21 00:58:48.770271 2026] [php:error] [pid 10282] [client 4.194.34.171:0] script '/domains/assetenhance/file5.php' not found or unable to stat
[Wed Jan 21 00:58:49.684243 2026] [php:error] [pid 10282] [client 4.194.34.171:0] script '/domains/assetenhance/aa.php' not found or unable to stat
[Wed Jan 21 00:58:51.748190 2026] [php:error] [pid 10282] [client 4.194.34.171:0] script '/domains/assetenhance/autoload_classmap.php' not found or unable to stat
[Wed Jan 21 00:58:54.715826 2026] [php:error] [pid 10282] [client 4.194.34.171:0] script '/domains/assetenhance/file.php' not found or unable to stat
[Wed Jan 21 00:58:56.097780 2026] [php:error] [pid 10282] [client 4.194.34.171:0] script '/domains/assetenhance/inputs.php' not found or unable to stat
[Wed Jan 21 00:58:56.784681 2026] [php:error] [pid 10282] [client 4.194.34.171:0] script '/domains/assetenhance/1.php' not found or unable to stat
[Wed Jan 21 00:59:01.123147 2026] [php:error] [pid 10282] [client 4.194.34.171:0] script '/domains/assetenhance/flower.php' not found or unable to stat
[Wed Jan 21 00:59:01.922256 2026] [php:error] [pid 10289] [client 4.197.162.185:0] script '/domains/koenig.interport/WSO.php' not found or unable to stat
[Wed Jan 21 00:59:05.031556 2026] [php:error] [pid 10282] [client 4.194.34.171:0] script '/domains/assetenhance/ioxi-o.php' not found or unable to stat
[Wed Jan 21 00:59:05.259801 2026] [php:error] [pid 10282] [client 4.194.34.171:0] script '/domains/assetenhance/radio.php' not found or unable to stat
[Wed Jan 21 00:59:05.977108 2026] [php:error] [pid 10289] [client 4.197.162.185:0] script '/domains/koenig.interport/goods.php' not found or unable to stat
[Wed Jan 21 00:59:06.636899 2026] [php:error] [pid 10282] [client 4.194.34.171:0] script '/domains/assetenhance/admin.php' not found or unable to stat
[Wed Jan 21 00:59:06.865126 2026] [php:error] [pid 10282] [client 4.194.34.171:0] script '/domains/assetenhance/functions.php' not found or unable to stat
[Wed Jan 21 00:59:07.457298 2026] [php:error] [pid 10289] [client 4.197.162.185:0] script '/domains/koenig.interport/edit.php' not found or unable to stat
[Wed Jan 21 00:59:07.667859 2026] [php:error] [pid 10289] [client 4.197.162.185:0] script '/domains/koenig.interport/file5.php' not found or unable to stat
[Wed Jan 21 00:59:08.517125 2026] [php:error] [pid 10289] [client 4.197.162.185:0] script '/domains/koenig.interport/aa.php' not found or unable to stat
[Wed Jan 21 00:59:10.423057 2026] [php:error] [pid 10289] [client 4.197.162.185:0] script '/domains/koenig.interport/autoload_classmap.php' not found or unable to stat
[Wed Jan 21 00:59:13.177400 2026] [php:error] [pid 10289] [client 4.197.162.185:0] script '/domains/koenig.interport/file.php' not found or unable to stat
[Wed Jan 21 00:59:14.452865 2026] [php:error] [pid 10289] [client 4.197.162.185:0] script '/domains/koenig.interport/inputs.php' not found or unable to stat
[Wed Jan 21 00:59:15.090763 2026] [php:error] [pid 10289] [client 4.197.162.185:0] script '/domains/koenig.interport/1.php' not found or unable to stat
[Wed Jan 21 00:59:19.113554 2026] [php:error] [pid 10289] [client 4.197.162.185:0] script '/domains/koenig.interport/flower.php' not found or unable to stat
[Wed Jan 21 00:59:23.107165 2026] [php:error] [pid 10295] [client 4.197.162.185:0] script '/domains/koenig.interport/ioxi-o.php' not found or unable to stat
[Wed Jan 21 00:59:23.311205 2026] [php:error] [pid 10295] [client 4.197.162.185:0] script '/domains/koenig.interport/radio.php' not found or unable to stat
[Wed Jan 21 00:59:24.522118 2026] [php:error] [pid 10295] [client 4.197.162.185:0] script '/domains/koenig.interport/admin.php' not found or unable to stat
[Wed Jan 21 00:59:24.723459 2026] [php:error] [pid 10295] [client 4.197.162.185:0] script '/domains/koenig.interport/functions.php' not found or unable to stat
[Wed Jan 21 00:59:26.695677 2026] [php:error] [pid 10296] [client 4.217.181.220:0] script '/domains/assetenhance/ioxi-o.php' not found or unable to stat
[Wed Jan 21 00:59:26.880256 2026] [php:error] [pid 10296] [client 4.217.181.220:0] script '/domains/assetenhance/0x.php' not found or unable to stat
[Wed Jan 21 00:59:27.064097 2026] [php:error] [pid 10296] [client 4.217.181.220:0] script '/domains/assetenhance/222.php' not found or unable to stat
[Wed Jan 21 00:59:27.247406 2026] [php:error] [pid 10296] [client 4.217.181.220:0] script '/domains/assetenhance/aa.php' not found or unable to stat
[Wed Jan 21 00:59:27.431126 2026] [php:error] [pid 10296] [client 4.217.181.220:0] script '/domains/assetenhance/abcd.php' not found or unable to stat
[Wed Jan 21 00:59:27.614622 2026] [php:error] [pid 10296] [client 4.217.181.220:0] script '/domains/assetenhance/admin.php' not found or unable to stat
[Wed Jan 21 00:59:27.996903 2026] [php:error] [pid 10296] [client 4.217.181.220:0] script '/domains/assetenhance/adminfuns.php' not found or unable to stat
[Wed Jan 21 00:59:28.187419 2026] [php:error] [pid 10296] [client 4.217.181.220:0] script '/domains/assetenhance/akc.php' not found or unable to stat
[Wed Jan 21 00:59:28.371161 2026] [php:error] [pid 10296] [client 4.217.181.220:0] script '/domains/assetenhance/buy.php' not found or unable to stat
[Wed Jan 21 00:59:28.554341 2026] [php:error] [pid 10296] [client 4.217.181.220:0] script '/domains/assetenhance/cong.php' not found or unable to stat
[Wed Jan 21 00:59:28.737490 2026] [php:error] [pid 10296] [client 4.217.181.220:0] script '/domains/assetenhance/ioxi-o.php' not found or unable to stat
[Wed Jan 21 00:59:29.105918 2026] [php:error] [pid 10296] [client 4.217.181.220:0] script '/domains/assetenhance/db.php' not found or unable to stat
[Wed Jan 21 00:59:29.293627 2026] [php:error] [pid 10296] [client 4.217.181.220:0] script '/domains/assetenhance/dropdown.php' not found or unable to stat
[Wed Jan 21 00:59:29.476978 2026] [php:error] [pid 10296] [client 4.217.181.220:0] script '/domains/assetenhance/file.php' not found or unable to stat
[Wed Jan 21 00:59:29.668887 2026] [php:error] [pid 10296] [client 4.217.181.220:0] script '/domains/assetenhance/goods.php' not found or unable to stat
[Wed Jan 21 00:59:29.854835 2026] [php:error] [pid 10296] [client 4.217.181.220:0] script '/domains/assetenhance/hplfuns.php' not found or unable to stat
[Wed Jan 21 00:59:30.039106 2026] [php:error] [pid 10296] [client 4.217.181.220:0] script '/domains/assetenhance/htaccess.php' not found or unable to stat
[Wed Jan 21 00:59:30.229167 2026] [php:error] [pid 10296] [client 4.217.181.220:0] script '/domains/assetenhance/images/wso.php' not found or unable to stat
[Wed Jan 21 00:59:30.607602 2026] [php:error] [pid 10296] [client 4.217.181.220:0] script '/domains/assetenhance/info.php' not found or unable to stat
[Wed Jan 21 00:59:30.802240 2026] [php:error] [pid 10296] [client 4.217.181.220:0] script '/domains/assetenhance/profile.php' not found or unable to stat
