[Wed Jan 21 02:22:55.379650 2026] [php:error] [pid 28056] [client 20.192.24.172:0] script '/domains/pauljbrock/abcd.php' not found or unable to stat
[Wed Jan 21 02:22:55.626744 2026] [php:error] [pid 28056] [client 20.192.24.172:0] script '/domains/pauljbrock/admin.php' not found or unable to stat
[Wed Jan 21 02:22:56.120673 2026] [php:error] [pid 28056] [client 20.192.24.172:0] script '/domains/pauljbrock/adminfuns.php' not found or unable to stat
[Wed Jan 21 02:22:56.384179 2026] [php:error] [pid 28056] [client 20.192.24.172:0] script '/domains/pauljbrock/akc.php' not found or unable to stat
[Wed Jan 21 02:22:56.632406 2026] [php:error] [pid 28056] [client 20.192.24.172:0] script '/domains/pauljbrock/buy.php' not found or unable to stat
[Wed Jan 21 02:22:56.880229 2026] [php:error] [pid 28056] [client 20.192.24.172:0] script '/domains/pauljbrock/cong.php' not found or unable to stat
[Wed Jan 21 02:22:57.127169 2026] [php:error] [pid 28056] [client 20.192.24.172:0] script '/domains/pauljbrock/ioxi-o.php' not found or unable to stat
[Wed Jan 21 02:22:57.623992 2026] [php:error] [pid 28056] [client 20.192.24.172:0] script '/domains/pauljbrock/db.php' not found or unable to stat
[Wed Jan 21 02:22:57.871351 2026] [php:error] [pid 28056] [client 20.192.24.172:0] script '/domains/pauljbrock/dropdown.php' not found or unable to stat
[Wed Jan 21 02:22:58.119583 2026] [php:error] [pid 28056] [client 20.192.24.172:0] script '/domains/pauljbrock/file.php' not found or unable to stat
[Wed Jan 21 02:22:58.366706 2026] [php:error] [pid 28056] [client 20.192.24.172:0] script '/domains/pauljbrock/goods.php' not found or unable to stat
[Wed Jan 21 02:22:58.613743 2026] [php:error] [pid 28056] [client 20.192.24.172:0] script '/domains/pauljbrock/hplfuns.php' not found or unable to stat
[Wed Jan 21 02:22:58.864891 2026] [php:error] [pid 28056] [client 20.192.24.172:0] script '/domains/pauljbrock/htaccess.php' not found or unable to stat
[Wed Jan 21 02:22:59.113800 2026] [php:error] [pid 28056] [client 20.192.24.172:0] script '/domains/pauljbrock/images/wso.php' not found or unable to stat
[Wed Jan 21 02:22:59.613219 2026] [php:error] [pid 28056] [client 20.192.24.172:0] script '/domains/pauljbrock/info.php' not found or unable to stat
[Wed Jan 21 02:22:59.862970 2026] [php:error] [pid 28056] [client 20.192.24.172:0] script '/domains/pauljbrock/profile.php' not found or unable to stat
[Wed Jan 21 02:23:00.109926 2026] [php:error] [pid 28056] [client 20.192.24.172:0] script '/domains/pauljbrock/sx.php' not found or unable to stat
[Wed Jan 21 02:23:05.362658 2026] [php:error] [pid 28056] [client 20.192.24.172:0] script '/domains/pauljbrock/wp-fclass.php' not found or unable to stat
[Wed Jan 21 02:23:09.596662 2026] [php:error] [pid 28056] [client 20.192.24.172:0] script '/domains/pauljbrock/wp-themes.php' not found or unable to stat
[Wed Jan 21 02:23:09.843615 2026] [php:error] [pid 28056] [client 20.192.24.172:0] script '/domains/pauljbrock/xmlrpc.php' not found or unable to stat
[Wed Jan 21 02:23:43.934742 2026] [php:error] [pid 28096] [client 20.89.17.172:0] script '/domains/msintl/ioxi-o.php' not found or unable to stat
[Wed Jan 21 02:23:44.116132 2026] [php:error] [pid 28096] [client 20.89.17.172:0] script '/domains/msintl/0x.php' not found or unable to stat
[Wed Jan 21 02:23:44.284585 2026] [php:error] [pid 28096] [client 20.89.17.172:0] script '/domains/msintl/222.php' not found or unable to stat
[Wed Jan 21 02:23:44.444465 2026] [php:error] [pid 28096] [client 20.89.17.172:0] script '/domains/msintl/aa.php' not found or unable to stat
[Wed Jan 21 02:23:44.620990 2026] [php:error] [pid 28096] [client 20.89.17.172:0] script '/domains/msintl/abcd.php' not found or unable to stat
[Wed Jan 21 02:23:44.780316 2026] [php:error] [pid 28096] [client 20.89.17.172:0] script '/domains/msintl/admin.php' not found or unable to stat
[Wed Jan 21 02:23:45.100322 2026] [php:error] [pid 28096] [client 20.89.17.172:0] script '/domains/msintl/adminfuns.php' not found or unable to stat
[Wed Jan 21 02:23:45.296936 2026] [php:error] [pid 28096] [client 20.89.17.172:0] script '/domains/msintl/akc.php' not found or unable to stat
[Wed Jan 21 02:23:45.357262 2026] [php:error] [pid 28080] [client 40.65.177.112:0] script '/domains/abtechsci/eee.php' not found or unable to stat
[Wed Jan 21 02:23:45.456367 2026] [php:error] [pid 28096] [client 20.89.17.172:0] script '/domains/msintl/buy.php' not found or unable to stat
[Wed Jan 21 02:23:45.600425 2026] [php:error] [pid 28080] [client 40.65.177.112:0] script '/domains/abtechsci/webadmin.php' not found or unable to stat
[Wed Jan 21 02:23:45.615927 2026] [php:error] [pid 28096] [client 20.89.17.172:0] script '/domains/msintl/cong.php' not found or unable to stat
[Wed Jan 21 02:23:45.781217 2026] [php:error] [pid 28096] [client 20.89.17.172:0] script '/domains/msintl/ioxi-o.php' not found or unable to stat
[Wed Jan 21 02:23:45.834522 2026] [php:error] [pid 28080] [client 40.65.177.112:0] script '/domains/abtechsci/galex.php' not found or unable to stat
[Wed Jan 21 02:23:46.141431 2026] [php:error] [pid 28096] [client 20.89.17.172:0] script '/domains/msintl/db.php' not found or unable to stat
[Wed Jan 21 02:23:46.301130 2026] [php:error] [pid 28096] [client 20.89.17.172:0] script '/domains/msintl/dropdown.php' not found or unable to stat
[Wed Jan 21 02:23:46.334330 2026] [php:error] [pid 28080] [client 40.65.177.112:0] script '/domains/abtechsci/tinyfilemanager.php' not found or unable to stat
[Wed Jan 21 02:23:46.471490 2026] [php:error] [pid 28096] [client 20.89.17.172:0] script '/domains/msintl/file.php' not found or unable to stat
[Wed Jan 21 02:23:46.558158 2026] [php:error] [pid 28080] [client 40.65.177.112:0] script '/domains/abtechsci/class.api.php' not found or unable to stat
[Wed Jan 21 02:23:46.630640 2026] [php:error] [pid 28096] [client 20.89.17.172:0] script '/domains/msintl/goods.php' not found or unable to stat
[Wed Jan 21 02:23:46.789843 2026] [php:error] [pid 28096] [client 20.89.17.172:0] script '/domains/msintl/hplfuns.php' not found or unable to stat
[Wed Jan 21 02:23:46.796316 2026] [php:error] [pid 28080] [client 40.65.177.112:0] script '/domains/abtechsci/support.php' not found or unable to stat
[Wed Jan 21 02:23:46.957677 2026] [php:error] [pid 28096] [client 20.89.17.172:0] script '/domains/msintl/htaccess.php' not found or unable to stat
[Wed Jan 21 02:23:47.117793 2026] [php:error] [pid 28096] [client 20.89.17.172:0] script '/domains/msintl/images/wso.php' not found or unable to stat
[Wed Jan 21 02:23:47.275749 2026] [php:error] [pid 28080] [client 40.65.177.112:0] script '/domains/abtechsci/dox.php' not found or unable to stat
[Wed Jan 21 02:23:47.458361 2026] [php:error] [pid 28096] [client 20.89.17.172:0] script '/domains/msintl/info.php' not found or unable to stat
[Wed Jan 21 02:23:47.514375 2026] [php:error] [pid 28080] [client 40.65.177.112:0] script '/domains/abtechsci/siteheads.php' not found or unable to stat
[Wed Jan 21 02:23:47.617636 2026] [php:error] [pid 28096] [client 20.89.17.172:0] script '/domains/msintl/profile.php' not found or unable to stat
[Wed Jan 21 02:23:47.739346 2026] [php:error] [pid 28080] [client 40.65.177.112:0] script '/domains/abtechsci/0x.php' not found or unable to stat
[Wed Jan 21 02:23:47.776658 2026] [php:error] [pid 28096] [client 20.89.17.172:0] script '/domains/msintl/sx.php' not found or unable to stat
[Wed Jan 21 02:23:48.746248 2026] [php:error] [pid 28080] [client 40.65.177.112:0] script '/domains/abtechsci/wp-logout.php' not found or unable to stat
[Wed Jan 21 02:23:48.970367 2026] [php:error] [pid 28080] [client 40.65.177.112:0] script '/domains/abtechsci/87.php' not found or unable to stat
[Wed Jan 21 02:23:49.665240 2026] [php:error] [pid 28080] [client 40.65.177.112:0] script '/domains/abtechsci/0o0.php' not found or unable to stat
[Wed Jan 21 02:23:50.124675 2026] [php:error] [pid 28080] [client 40.65.177.112:0] script '/domains/abtechsci/lv.php' not found or unable to stat
[Wed Jan 21 02:23:50.353563 2026] [php:error] [pid 28080] [client 40.65.177.112:0] script '/domains/abtechsci/dropdown.php' not found or unable to stat
[Wed Jan 21 02:23:50.578473 2026] [php:error] [pid 28080] [client 40.65.177.112:0] script '/domains/abtechsci/wsheet1.php' not found or unable to stat
[Wed Jan 21 02:23:51.246372 2026] [php:error] [pid 28096] [client 20.89.17.172:0] script '/domains/msintl/wp-fclass.php' not found or unable to stat
[Wed Jan 21 02:23:51.380641 2026] [php:error] [pid 28080] [client 40.65.177.112:0] script '/domains/abtechsci/size.php' not found or unable to stat
[Wed Jan 21 02:23:51.628609 2026] [php:error] [pid 28080] [client 40.65.177.112:0] script '/domains/abtechsci/ms-users.php' not found or unable to stat
[Wed Jan 21 02:23:52.113809 2026] [php:error] [pid 28080] [client 40.65.177.112:0] script '/domains/abtechsci/revision.php' not found or unable to stat
[Wed Jan 21 02:23:52.433475 2026] [php:error] [pid 28080] [client 40.65.177.112:0] script '/domains/abtechsci/12.php' not found or unable to stat
[Wed Jan 21 02:23:52.947686 2026] [php:error] [pid 28080] [client 40.65.177.112:0] script '/domains/abtechsci/img.php' not found or unable to stat
[Wed Jan 21 02:23:53.174355 2026] [php:error] [pid 28080] [client 40.65.177.112:0] script '/domains/abtechsci/menu.php' not found or unable to stat
[Wed Jan 21 02:23:53.564350 2026] [php:error] [pid 28100] [client 103.24.87.107:0] script '/domains/pookie.dnai/xmlrpc.php' not found or unable to stat
[Wed Jan 21 02:23:53.577931 2026] [php:error] [pid 28080] [client 40.65.177.112:0] script '/domains/abtechsci/tinyfilemanager.php' not found or unable to stat
[Wed Jan 21 02:23:54.007027 2026] [php:error] [pid 28080] [client 40.65.177.112:0] script '/domains/abtechsci/test1.php' not found or unable to stat
[Wed Jan 21 02:23:54.010180 2026] [php:error] [pid 28096] [client 20.89.17.172:0] script '/domains/msintl/wp-themes.php' not found or unable to stat
[Wed Jan 21 02:23:54.169525 2026] [php:error] [pid 28096] [client 20.89.17.172:0] script '/domains/msintl/xmlrpc.php' not found or unable to stat
[Wed Jan 21 02:23:54.231566 2026] [php:error] [pid 28080] [client 40.65.177.112:0] script '/domains/abtechsci/shell20211028.php' not found or unable to stat
[Wed Jan 21 02:23:54.455769 2026] [php:error] [pid 28080] [client 40.65.177.112:0] script '/domains/abtechsci/ton.php' not found or unable to stat
[Wed Jan 21 02:23:54.680283 2026] [php:error] [pid 28080] [client 40.65.177.112:0] script '/domains/abtechsci/item.php' not found or unable to stat
[Wed Jan 21 02:23:54.905787 2026] [php:error] [pid 28080] [client 40.65.177.112:0] script '/domains/abtechsci/lala.php' not found or unable to stat
[Wed Jan 21 02:23:55.384201 2026] [php:error] [pid 28080] [client 40.65.177.112:0] script '/domains/abtechsci/page.php' not found or unable to stat
[Wed Jan 21 02:23:55.608541 2026] [php:error] [pid 28080] [client 40.65.177.112:0] script '/domains/abtechsci/tempfuns.php' not found or unable to stat
[Wed Jan 21 02:23:55.834077 2026] [php:error] [pid 28080] [client 40.65.177.112:0] script '/domains/abtechsci/past.php' not found or unable to stat
[Wed Jan 21 02:23:56.369772 2026] [php:error] [pid 28080] [client 40.65.177.112:0] script '/domains/abtechsci/log.php' not found or unable to stat
[Wed Jan 21 02:23:56.594326 2026] [php:error] [pid 28080] [client 40.65.177.112:0] script '/domains/abtechsci/wen.php' not found or unable to stat
[Wed Jan 21 02:23:57.060384 2026] [php:error] [pid 28080] [client 40.65.177.112:0] script '/domains/abtechsci/sf.php' not found or unable to stat
[Wed Jan 21 02:23:57.284179 2026] [php:error] [pid 28080] [client 40.65.177.112:0] script '/domains/abtechsci/simple.php' not found or unable to stat
[Wed Jan 21 02:23:57.508471 2026] [php:error] [pid 28080] [client 40.65.177.112:0] script '/domains/abtechsci/admiin.php' not found or unable to stat
[Wed Jan 21 02:23:57.732431 2026] [php:error] [pid 28080] [client 40.65.177.112:0] script '/domains/abtechsci/9v6.php' not found or unable to stat
[Wed Jan 21 02:23:57.956724 2026] [php:error] [pid 28080] [client 40.65.177.112:0] script '/domains/abtechsci/doc.php' not found or unable to stat
[Wed Jan 21 02:23:58.181021 2026] [php:error] [pid 28080] [client 40.65.177.112:0] script '/domains/abtechsci/ha.php' not found or unable to stat
[Wed Jan 21 02:23:58.405451 2026] [php:error] [pid 28080] [client 40.65.177.112:0] script '/domains/abtechsci/F0x.php' not found or unable to stat
[Wed Jan 21 02:23:58.643296 2026] [php:error] [pid 28080] [client 40.65.177.112:0] script '/domains/abtechsci/file2.php' not found or unable to stat
[Wed Jan 21 02:23:58.870401 2026] [php:error] [pid 28080] [client 40.65.177.112:0] script '/domains/abtechsci/cong.php' not found or unable to stat
[Wed Jan 21 02:23:59.124752 2026] [php:error] [pid 28080] [client 40.65.177.112:0] script '/domains/abtechsci/a2.php' not found or unable to stat
[Wed Jan 21 02:23:59.395264 2026] [php:error] [pid 28080] [client 40.65.177.112:0] script '/domains/abtechsci/up4.php' not found or unable to stat
[Wed Jan 21 02:23:59.619155 2026] [php:error] [pid 28080] [client 40.65.177.112:0] script '/domains/abtechsci/gtc.php' not found or unable to stat
[Wed Jan 21 02:23:59.856633 2026] [php:error] [pid 28080] [client 40.65.177.112:0] script '/domains/abtechsci/dbc.php' not found or unable to stat
[Wed Jan 21 02:24:00.080616 2026] [php:error] [pid 28080] [client 40.65.177.112:0] script '/domains/abtechsci/xa.php' not found or unable to stat
[Wed Jan 21 02:24:00.305166 2026] [php:error] [pid 28080] [client 40.65.177.112:0] script '/domains/abtechsci/content.php' not found or unable to stat
[Wed Jan 21 02:24:00.576638 2026] [php:error] [pid 28080] [client 40.65.177.112:0] script '/domains/abtechsci/oo.php' not found or unable to stat
[Wed Jan 21 02:24:00.801209 2026] [php:error] [pid 28080] [client 40.65.177.112:0] script '/domains/abtechsci/ws35.php' not found or unable to stat
[Wed Jan 21 02:24:01.396098 2026] [php:error] [pid 28080] [client 40.65.177.112:0] script '/domains/abtechsci/222.php' not found or unable to stat
[Wed Jan 21 02:24:01.620149 2026] [php:error] [pid 28080] [client 40.65.177.112:0] script '/domains/abtechsci/z60.php' not found or unable to stat
[Wed Jan 21 02:24:01.844214 2026] [php:error] [pid 28080] [client 40.65.177.112:0] script '/domains/abtechsci/wp-freya.php' not found or unable to stat
[Wed Jan 21 02:24:02.346515 2026] [php:error] [pid 28080] [client 40.65.177.112:0] script '/domains/abtechsci/ccou.php' not found or unable to stat
[Wed Jan 21 02:24:03.347235 2026] [php:error] [pid 28080] [client 40.65.177.112:0] script '/domains/abtechsci/ant.php' not found or unable to stat
[Wed Jan 21 02:24:03.571966 2026] [php:error] [pid 28080] [client 40.65.177.112:0] script '/domains/abtechsci/ma.php' not found or unable to stat
[Wed Jan 21 02:24:03.796973 2026] [php:error] [pid 28080] [client 40.65.177.112:0] script '/domains/abtechsci/gecko.php' not found or unable to stat
[Wed Jan 21 02:24:04.113743 2026] [php:error] [pid 28080] [client 40.65.177.112:0] script '/domains/abtechsci/ws29.php' not found or unable to stat
[Wed Jan 21 02:24:04.342796 2026] [php:error] [pid 28080] [client 40.65.177.112:0] script '/domains/abtechsci/1100.php' not found or unable to stat
[Wed Jan 21 02:24:04.567620 2026] [php:error] [pid 28080] [client 40.65.177.112:0] script '/domains/abtechsci/ws46.php' not found or unable to stat
[Wed Jan 21 02:24:04.791658 2026] [php:error] [pid 28080] [client 40.65.177.112:0] script '/domains/abtechsci/ws43.php' not found or unable to stat
[Wed Jan 21 02:24:05.016223 2026] [php:error] [pid 28080] [client 40.65.177.112:0] script '/domains/abtechsci/ws36.php' not found or unable to stat
[Wed Jan 21 02:24:05.259728 2026] [php:error] [pid 28080] [client 40.65.177.112:0] script '/domains/abtechsci/ws34.php' not found or unable to stat
[Wed Jan 21 02:24:05.484017 2026] [php:error] [pid 28080] [client 40.65.177.112:0] script '/domains/abtechsci/rtx.php' not found or unable to stat
[Wed Jan 21 02:24:05.709374 2026] [php:error] [pid 28080] [client 40.65.177.112:0] script '/domains/abtechsci/as.php' not found or unable to stat
[Wed Jan 21 02:24:05.936954 2026] [php:error] [pid 28080] [client 40.65.177.112:0] script '/domains/abtechsci/ova.php' not found or unable to stat
[Wed Jan 21 02:24:06.903817 2026] [php:error] [pid 28080] [client 40.65.177.112:0] script '/domains/abtechsci/blox.php' not found or unable to stat
[Wed Jan 21 02:24:07.803663 2026] [php:error] [pid 28080] [client 40.65.177.112:0] script '/domains/abtechsci/vx.php' not found or unable to stat
[Wed Jan 21 02:24:08.070010 2026] [php:error] [pid 28080] [client 40.65.177.112:0] script '/domains/abtechsci/mh.php' not found or unable to stat
[Wed Jan 21 02:24:08.304648 2026] [php:error] [pid 28080] [client 40.65.177.112:0] script '/domains/abtechsci/pn.php' not found or unable to stat
[Wed Jan 21 02:24:08.528939 2026] [php:error] [pid 28080] [client 40.65.177.112:0] script '/domains/abtechsci/O-Simple.php' not found or unable to stat
[Wed Jan 21 02:24:08.757585 2026] [php:error] [pid 28080] [client 40.65.177.112:0] script '/domains/abtechsci/smklh.php' not found or unable to stat
[Wed Jan 21 02:24:09.484659 2026] [php:error] [pid 28080] [client 40.65.177.112:0] script '/domains/abtechsci/mans.php' not found or unable to stat
[Wed Jan 21 02:24:09.957684 2026] [php:error] [pid 28080] [client 40.65.177.112:0] script '/domains/abtechsci/horeg.php' not found or unable to stat
[Wed Jan 21 02:24:10.182495 2026] [php:error] [pid 28080] [client 40.65.177.112:0] script '/domains/abtechsci/to.php' not found or unable to stat
[Wed Jan 21 02:24:10.406712 2026] [php:error] [pid 28080] [client 40.65.177.112:0] script '/domains/abtechsci/wp-good.php' not found or unable to stat
[Wed Jan 21 02:24:10.647659 2026] [php:error] [pid 28080] [client 40.65.177.112:0] script '/domains/abtechsci/fz.php' not found or unable to stat
[Wed Jan 21 02:24:10.871423 2026] [php:error] [pid 28080] [client 40.65.177.112:0] script '/domains/abtechsci/mini.php' not found or unable to stat
[Wed Jan 21 02:24:11.098274 2026] [php:error] [pid 28080] [client 40.65.177.112:0] script '/domains/abtechsci/x.php' not found or unable to stat
[Wed Jan 21 02:24:11.322569 2026] [php:error] [pid 28080] [client 40.65.177.112:0] script '/domains/abtechsci/ioxi-o.php' not found or unable to stat
[Wed Jan 21 02:24:11.546699 2026] [php:error] [pid 28080] [client 40.65.177.112:0] script '/domains/abtechsci/xxxx.php' not found or unable to stat
[Wed Jan 21 02:24:11.796124 2026] [php:error] [pid 28080] [client 40.65.177.112:0] script '/domains/abtechsci/moon.php' not found or unable to stat
[Wed Jan 21 02:24:13.682006 2026] [php:error] [pid 28080] [client 40.65.177.112:0] script '/domains/abtechsci/ws46.php' not found or unable to stat
[Wed Jan 21 02:24:13.913206 2026] [php:error] [pid 28080] [client 40.65.177.112:0] script '/domains/abtechsci/wp-22.php' not found or unable to stat
[Wed Jan 21 02:24:14.139824 2026] [php:error] [pid 28080] [client 40.65.177.112:0] script '/domains/abtechsci/user.php' not found or unable to stat
[Wed Jan 21 02:24:14.436641 2026] [php:error] [pid 28080] [client 40.65.177.112:0] script '/domains/abtechsci/classwithtostring.php' not found or unable to stat
[Wed Jan 21 02:24:14.660357 2026] [php:error] [pid 28080] [client 40.65.177.112:0] script '/domains/abtechsci/content.php' not found or unable to stat
[Wed Jan 21 02:24:15.325062 2026] [php:error] [pid 28080] [client 40.65.177.112:0] script '/domains/abtechsci/wp-ana.php' not found or unable to stat
[Wed Jan 21 02:24:16.066902 2026] [php:error] [pid 28080] [client 40.65.177.112:0] script '/domains/abtechsci/cwclass.php' not found or unable to stat
[Wed Jan 21 02:24:16.343563 2026] [php:error] [pid 28080] [client 40.65.177.112:0] script '/domains/abtechsci/87.php' not found or unable to stat
[Wed Jan 21 02:24:16.575610 2026] [php:error] [pid 28080] [client 40.65.177.112:0] script '/domains/abtechsci/error.php' not found or unable to stat
[Wed Jan 21 02:24:16.799466 2026] [php:error] [pid 28080] [client 40.65.177.112:0] script '/domains/abtechsci/redi.php' not found or unable to stat
[Wed Jan 21 02:24:17.074934 2026] [php:error] [pid 28080] [client 40.65.177.112:0] script '/domains/abtechsci/wsd.php' not found or unable to stat
[Wed Jan 21 02:24:17.816991 2026] [php:error] [pid 28098] [client 40.65.177.112:0] script '/domains/abtechsci/image.php' not found or unable to stat
[Wed Jan 21 02:24:18.206006 2026] [php:error] [pid 28098] [client 40.65.177.112:0] script '/domains/abtechsci/abcd.php' not found or unable to stat
[Wed Jan 21 02:24:18.441923 2026] [php:error] [pid 28098] [client 40.65.177.112:0] script '/domains/abtechsci/indo.php' not found or unable to stat
[Wed Jan 21 02:24:18.689202 2026] [php:error] [pid 28098] [client 40.65.177.112:0] script '/domains/abtechsci/0xx.php' not found or unable to stat
[Wed Jan 21 02:24:18.922927 2026] [php:error] [pid 28098] [client 40.65.177.112:0] script '/domains/abtechsci/o.php' not found or unable to stat
[Wed Jan 21 02:24:19.156990 2026] [php:error] [pid 28098] [client 40.65.177.112:0] script '/domains/abtechsci/1.php' not found or unable to stat
[Wed Jan 21 02:24:19.390369 2026] [php:error] [pid 28098] [client 40.65.177.112:0] script '/domains/abtechsci/style.php' not found or unable to stat
[Wed Jan 21 02:24:19.624274 2026] [php:error] [pid 28098] [client 40.65.177.112:0] script '/domains/abtechsci/manager.php' not found or unable to stat
[Wed Jan 21 02:24:19.864573 2026] [php:error] [pid 28098] [client 40.65.177.112:0] script '/domains/abtechsci/bless.php' not found or unable to stat
[Wed Jan 21 02:24:20.099220 2026] [php:error] [pid 28098] [client 40.65.177.112:0] script '/domains/abtechsci/geck.php' not found or unable to stat
[Wed Jan 21 02:24:20.341416 2026] [php:error] [pid 28098] [client 40.65.177.112:0] script '/domains/abtechsci/wp-configs.php' not found or unable to stat
[Wed Jan 21 02:24:20.575324 2026] [php:error] [pid 28098] [client 40.65.177.112:0] script '/domains/abtechsci/file.php' not found or unable to stat
[Wed Jan 21 02:24:20.889495 2026] [php:error] [pid 28098] [client 40.65.177.112:0] script '/domains/abtechsci/11.php' not found or unable to stat
[Wed Jan 21 02:24:21.126298 2026] [php:error] [pid 28098] [client 40.65.177.112:0] script '/domains/abtechsci/s.php' not found or unable to stat
[Wed Jan 21 02:24:21.361777 2026] [php:error] [pid 28098] [client 40.65.177.112:0] script '/domains/abtechsci/sid3.php' not found or unable to stat
[Wed Jan 21 02:24:21.853402 2026] [php:error] [pid 28098] [client 40.65.177.112:0] script '/domains/abtechsci/ng.php' not found or unable to stat
[Wed Jan 21 02:24:22.285146 2026] [php:error] [pid 28098] [client 40.65.177.112:0] script '/domains/abtechsci/m.php' not found or unable to stat
[Wed Jan 21 02:24:22.519791 2026] [php:error] [pid 28098] [client 40.65.177.112:0] script '/domains/abtechsci/webix.php' not found or unable to stat
[Wed Jan 21 02:24:22.880648 2026] [php:error] [pid 28098] [client 40.65.177.112:0] script '/domains/abtechsci/az.php' not found or unable to stat
[Wed Jan 21 02:24:23.114771 2026] [php:error] [pid 28098] [client 40.65.177.112:0] script '/domains/abtechsci/hans.php' not found or unable to stat
[Wed Jan 21 02:24:23.365267 2026] [php:error] [pid 28098] [client 40.65.177.112:0] script '/domains/abtechsci/403.php' not found or unable to stat
[Wed Jan 21 02:24:23.601852 2026] [php:error] [pid 28098] [client 40.65.177.112:0] script '/domains/abtechsci/404.php' not found or unable to stat
[Wed Jan 21 02:24:23.837215 2026] [php:error] [pid 28098] [client 40.65.177.112:0] script '/domains/abtechsci/buy.php' not found or unable to stat
[Wed Jan 21 02:24:49.485799 2026] [core:crit] [pid 28110] (13)Permission denied: [client 47.128.35.84:0] AH00529: /domains/performancepartsinc/graphics/psd/.htaccess pcfg_openfile: unable to check htaccess file, ensure it is readable and that '/domains/performancepartsinc/graphics/psd/' is executable
[Wed Jan 21 02:25:22.558102 2026] [php:error] [pid 28121] [client 89.187.187.72:0] script '/domains/viamonte3/xmlrpc.php' not found or unable to stat
[Wed Jan 21 02:25:26.446698 2026] [php:error] [pid 28120] [client 129.150.55.223:0] script '/domains/fryer/wp-login.php' not found or unable to stat
[Wed Jan 21 02:25:27.022254 2026] [php:error] [pid 28122] [client 129.150.55.223:0] script '/domains/fryer/wp-login.php' not found or unable to stat, referer: https://www.google.com/search?q=wordpress
[Wed Jan 21 02:25:28.422873 2026] [php:error] [pid 28100] [client 129.150.55.223:0] script '/domains/fryer/wp-login.php' not found or unable to stat
[Wed Jan 21 02:25:28.933570 2026] [php:error] [pid 28117] [client 129.150.55.223:0] script '/domains/fryer/wp-login.php' not found or unable to stat, referer: https://www.google.com/search?q=wordpress
[Wed Jan 21 02:26:26.888406 2026] [php:error] [pid 28127] [client 4.194.217.214:0] script '/domains/fifibear/eee.php' not found or unable to stat
[Wed Jan 21 02:26:27.111967 2026] [php:error] [pid 28127] [client 4.194.217.214:0] script '/domains/fifibear/webadmin.php' not found or unable to stat
[Wed Jan 21 02:26:27.335304 2026] [php:error] [pid 28127] [client 4.194.217.214:0] script '/domains/fifibear/galex.php' not found or unable to stat
[Wed Jan 21 02:26:27.560199 2026] [php:error] [pid 28127] [client 4.194.217.214:0] script '/domains/fifibear/tinyfilemanager.php' not found or unable to stat
[Wed Jan 21 02:26:27.784108 2026] [php:error] [pid 28127] [client 4.194.217.214:0] script '/domains/fifibear/class.api.php' not found or unable to stat
[Wed Jan 21 02:26:28.007304 2026] [php:error] [pid 28127] [client 4.194.217.214:0] script '/domains/fifibear/support.php' not found or unable to stat
[Wed Jan 21 02:26:28.453915 2026] [php:error] [pid 28127] [client 4.194.217.214:0] script '/domains/fifibear/dox.php' not found or unable to stat
[Wed Jan 21 02:26:28.679984 2026] [php:error] [pid 28127] [client 4.194.217.214:0] script '/domains/fifibear/siteheads.php' not found or unable to stat
[Wed Jan 21 02:26:28.903772 2026] [php:error] [pid 28127] [client 4.194.217.214:0] script '/domains/fifibear/0x.php' not found or unable to stat
[Wed Jan 21 02:26:29.353288 2026] [php:error] [pid 28127] [client 4.194.217.214:0] script '/domains/fifibear/wp-logout.php' not found or unable to stat
[Wed Jan 21 02:26:29.591954 2026] [php:error] [pid 28127] [client 4.194.217.214:0] script '/domains/fifibear/87.php' not found or unable to stat
[Wed Jan 21 02:26:29.819100 2026] [php:error] [pid 28127] [client 4.194.217.214:0] script '/domains/fifibear/0o0.php' not found or unable to stat
[Wed Jan 21 02:26:30.052346 2026] [php:error] [pid 28127] [client 4.194.217.214:0] script '/domains/fifibear/lv.php' not found or unable to stat
[Wed Jan 21 02:26:30.275979 2026] [php:error] [pid 28127] [client 4.194.217.214:0] script '/domains/fifibear/dropdown.php' not found or unable to stat
[Wed Jan 21 02:26:30.518277 2026] [php:error] [pid 28127] [client 4.194.217.214:0] script '/domains/fifibear/wsheet1.php' not found or unable to stat
[Wed Jan 21 02:26:30.971339 2026] [php:error] [pid 28127] [client 4.194.217.214:0] script '/domains/fifibear/size.php' not found or unable to stat
[Wed Jan 21 02:26:31.194780 2026] [php:error] [pid 28127] [client 4.194.217.214:0] script '/domains/fifibear/ms-users.php' not found or unable to stat
[Wed Jan 21 02:26:31.671125 2026] [php:error] [pid 28127] [client 4.194.217.214:0] script '/domains/fifibear/revision.php' not found or unable to stat
[Wed Jan 21 02:26:31.899810 2026] [php:error] [pid 28127] [client 4.194.217.214:0] script '/domains/fifibear/12.php' not found or unable to stat
[Wed Jan 21 02:26:32.111606 2026] [core:crit] [pid 28125] (13)Permission denied: [client 216.244.66.241:0] AH00529: /domains/dcarlone/test/web/.htaccess pcfg_openfile: unable to check htaccess file, ensure it is readable and that '/domains/dcarlone/test/web/' is executable
[Wed Jan 21 02:26:32.348976 2026] [php:error] [pid 28127] [client 4.194.217.214:0] script '/domains/fifibear/img.php' not found or unable to stat
[Wed Jan 21 02:26:32.600678 2026] [php:error] [pid 28127] [client 4.194.217.214:0] script '/domains/fifibear/menu.php' not found or unable to stat
[Wed Jan 21 02:26:32.823975 2026] [php:error] [pid 28127] [client 4.194.217.214:0] script '/domains/fifibear/tinyfilemanager.php' not found or unable to stat
[Wed Jan 21 02:26:33.047907 2026] [php:error] [pid 28127] [client 4.194.217.214:0] script '/domains/fifibear/test1.php' not found or unable to stat
[Wed Jan 21 02:26:33.271436 2026] [php:error] [pid 28127] [client 4.194.217.214:0] script '/domains/fifibear/shell20211028.php' not found or unable to stat
[Wed Jan 21 02:26:33.494880 2026] [php:error] [pid 28127] [client 4.194.217.214:0] script '/domains/fifibear/ton.php' not found or unable to stat
[Wed Jan 21 02:26:33.731621 2026] [php:error] [pid 28127] [client 4.194.217.214:0] script '/domains/fifibear/item.php' not found or unable to stat
[Wed Jan 21 02:26:33.958106 2026] [php:error] [pid 28127] [client 4.194.217.214:0] script '/domains/fifibear/lala.php' not found or unable to stat
[Wed Jan 21 02:26:34.410679 2026] [php:error] [pid 28127] [client 4.194.217.214:0] script '/domains/fifibear/page.php' not found or unable to stat
[Wed Jan 21 02:26:34.655942 2026] [php:error] [pid 28127] [client 4.194.217.214:0] script '/domains/fifibear/tempfuns.php' not found or unable to stat
[Wed Jan 21 02:26:34.880067 2026] [php:error] [pid 28127] [client 4.194.217.214:0] script '/domains/fifibear/past.php' not found or unable to stat
[Wed Jan 21 02:26:35.106826 2026] [php:error] [pid 28127] [client 4.194.217.214:0] script '/domains/fifibear/log.php' not found or unable to stat
[Wed Jan 21 02:26:35.335954 2026] [php:error] [pid 28127] [client 4.194.217.214:0] script '/domains/fifibear/wen.php' not found or unable to stat
[Wed Jan 21 02:26:35.798313 2026] [php:error] [pid 28127] [client 4.194.217.214:0] script '/domains/fifibear/sf.php' not found or unable to stat
[Wed Jan 21 02:26:36.035081 2026] [php:error] [pid 28127] [client 4.194.217.214:0] script '/domains/fifibear/simple.php' not found or unable to stat
[Wed Jan 21 02:26:36.260415 2026] [php:error] [pid 28127] [client 4.194.217.214:0] script '/domains/fifibear/admiin.php' not found or unable to stat
[Wed Jan 21 02:26:36.483780 2026] [php:error] [pid 28127] [client 4.194.217.214:0] script '/domains/fifibear/9v6.php' not found or unable to stat
[Wed Jan 21 02:26:36.730815 2026] [php:error] [pid 28127] [client 4.194.217.214:0] script '/domains/fifibear/doc.php' not found or unable to stat
[Wed Jan 21 02:26:36.955682 2026] [php:error] [pid 28127] [client 4.194.217.214:0] script '/domains/fifibear/ha.php' not found or unable to stat
[Wed Jan 21 02:26:37.179014 2026] [php:error] [pid 28127] [client 4.194.217.214:0] script '/domains/fifibear/F0x.php' not found or unable to stat
[Wed Jan 21 02:26:37.406956 2026] [php:error] [pid 28127] [client 4.194.217.214:0] script '/domains/fifibear/file2.php' not found or unable to stat
[Wed Jan 21 02:26:37.630480 2026] [php:error] [pid 28127] [client 4.194.217.214:0] script '/domains/fifibear/cong.php' not found or unable to stat
[Wed Jan 21 02:26:37.863843 2026] [php:error] [pid 28127] [client 4.194.217.214:0] script '/domains/fifibear/a2.php' not found or unable to stat
[Wed Jan 21 02:26:38.098442 2026] [php:error] [pid 28127] [client 4.194.217.214:0] script '/domains/fifibear/up4.php' not found or unable to stat
[Wed Jan 21 02:26:38.321871 2026] [php:error] [pid 28127] [client 4.194.217.214:0] script '/domains/fifibear/gtc.php' not found or unable to stat
[Wed Jan 21 02:26:38.545113 2026] [php:error] [pid 28127] [client 4.194.217.214:0] script '/domains/fifibear/dbc.php' not found or unable to stat
[Wed Jan 21 02:26:38.768364 2026] [php:error] [pid 28127] [client 4.194.217.214:0] script '/domains/fifibear/xa.php' not found or unable to stat
[Wed Jan 21 02:26:38.991767 2026] [php:error] [pid 28127] [client 4.194.217.214:0] script '/domains/fifibear/content.php' not found or unable to stat
[Wed Jan 21 02:26:39.217482 2026] [php:error] [pid 28127] [client 4.194.217.214:0] script '/domains/fifibear/oo.php' not found or unable to stat
[Wed Jan 21 02:26:39.440903 2026] [php:error] [pid 28127] [client 4.194.217.214:0] script '/domains/fifibear/ws35.php' not found or unable to stat
[Wed Jan 21 02:26:39.664132 2026] [php:error] [pid 28127] [client 4.194.217.214:0] script '/domains/fifibear/222.php' not found or unable to stat
[Wed Jan 21 02:26:39.888328 2026] [php:error] [pid 28127] [client 4.194.217.214:0] script '/domains/fifibear/z60.php' not found or unable to stat
[Wed Jan 21 02:26:40.115224 2026] [php:error] [pid 28127] [client 4.194.217.214:0] script '/domains/fifibear/wp-freya.php' not found or unable to stat
[Wed Jan 21 02:26:40.339049 2026] [php:error] [pid 28127] [client 4.194.217.214:0] script '/domains/fifibear/ccou.php' not found or unable to stat
[Wed Jan 21 02:26:40.567555 2026] [php:error] [pid 28127] [client 4.194.217.214:0] script '/domains/fifibear/abc.php' not found or unable to stat
[Wed Jan 21 02:26:40.791258 2026] [php:error] [pid 28127] [client 4.194.217.214:0] script '/domains/fifibear/ant.php' not found or unable to stat
[Wed Jan 21 02:26:41.014923 2026] [php:error] [pid 28127] [client 4.194.217.214:0] script '/domains/fifibear/ma.php' not found or unable to stat
[Wed Jan 21 02:26:41.237921 2026] [php:error] [pid 28127] [client 4.194.217.214:0] script '/domains/fifibear/gecko.php' not found or unable to stat
[Wed Jan 21 02:26:41.461179 2026] [php:error] [pid 28127] [client 4.194.217.214:0] script '/domains/fifibear/ws29.php' not found or unable to stat
[Wed Jan 21 02:26:41.684886 2026] [php:error] [pid 28127] [client 4.194.217.214:0] script '/domains/fifibear/1100.php' not found or unable to stat
[Wed Jan 21 02:26:41.909174 2026] [php:error] [pid 28127] [client 4.194.217.214:0] script '/domains/fifibear/ws46.php' not found or unable to stat
[Wed Jan 21 02:26:42.133544 2026] [php:error] [pid 28127] [client 4.194.217.214:0] script '/domains/fifibear/ws43.php' not found or unable to stat
[Wed Jan 21 02:26:42.357516 2026] [php:error] [pid 28127] [client 4.194.217.214:0] script '/domains/fifibear/ws36.php' not found or unable to stat
[Wed Jan 21 02:26:42.582653 2026] [php:error] [pid 28127] [client 4.194.217.214:0] script '/domains/fifibear/ws34.php' not found or unable to stat
[Wed Jan 21 02:26:42.717136 2026] [php:error] [pid 28132] [client 20.89.17.172:0] script '/domains/hungariantasteweb/aa.php' not found or unable to stat
[Wed Jan 21 02:26:42.807873 2026] [php:error] [pid 28127] [client 4.194.217.214:0] script '/domains/fifibear/rtx.php' not found or unable to stat
[Wed Jan 21 02:26:42.875982 2026] [php:error] [pid 28132] [client 20.89.17.172:0] script '/domains/hungariantasteweb/about.php' not found or unable to stat
[Wed Jan 21 02:26:43.016601 2026] [php:error] [pid 28125] [client 4.197.240.79:0] script '/domains/system_default/aa.php' not found or unable to stat
[Wed Jan 21 02:26:43.031376 2026] [php:error] [pid 28127] [client 4.194.217.214:0] script '/domains/fifibear/as.php' not found or unable to stat
[Wed Jan 21 02:26:43.045897 2026] [php:error] [pid 28132] [client 20.89.17.172:0] script '/domains/hungariantasteweb/adminfuns.php' not found or unable to stat
[Wed Jan 21 02:26:43.208024 2026] [php:error] [pid 28132] [client 20.89.17.172:0] script '/domains/hungariantasteweb/bolt.php' not found or unable to stat
[Wed Jan 21 02:26:43.214860 2026] [php:error] [pid 28125] [client 4.197.240.79:0] script '/domains/system_default/about.php' not found or unable to stat
[Wed Jan 21 02:26:43.256088 2026] [php:error] [pid 28127] [client 4.194.217.214:0] script '/domains/fifibear/ova.php' not found or unable to stat
[Wed Jan 21 02:26:43.376499 2026] [php:error] [pid 28132] [client 20.89.17.172:0] script '/domains/hungariantasteweb/buy.php' not found or unable to stat
[Wed Jan 21 02:26:43.413188 2026] [php:error] [pid 28125] [client 4.197.240.79:0] script '/domains/system_default/adminfuns.php' not found or unable to stat
[Wed Jan 21 02:26:43.479672 2026] [php:error] [pid 28127] [client 4.194.217.214:0] script '/domains/fifibear/blox.php' not found or unable to stat
[Wed Jan 21 02:26:43.546391 2026] [php:error] [pid 28132] [client 20.89.17.172:0] script '/domains/hungariantasteweb/goods.php' not found or unable to stat
[Wed Jan 21 02:26:43.624654 2026] [php:error] [pid 28125] [client 4.197.240.79:0] script '/domains/system_default/bolt.php' not found or unable to stat
[Wed Jan 21 02:26:43.703124 2026] [php:error] [pid 28127] [client 4.194.217.214:0] script '/domains/fifibear/vx.php' not found or unable to stat
[Wed Jan 21 02:26:43.709466 2026] [php:error] [pid 28132] [client 20.89.17.172:0] script '/domains/hungariantasteweb/deepseek_d.php' not found or unable to stat
[Wed Jan 21 02:26:43.824569 2026] [php:error] [pid 28125] [client 4.197.240.79:0] script '/domains/system_default/buy.php' not found or unable to stat
[Wed Jan 21 02:26:43.873422 2026] [php:error] [pid 28132] [client 20.89.17.172:0] script '/domains/hungariantasteweb/file.php' not found or unable to stat
[Wed Jan 21 02:26:43.926474 2026] [php:error] [pid 28127] [client 4.194.217.214:0] script '/domains/fifibear/mh.php' not found or unable to stat
[Wed Jan 21 02:26:44.029141 2026] [php:error] [pid 28125] [client 4.197.240.79:0] script '/domains/system_default/goods.php' not found or unable to stat
[Wed Jan 21 02:26:44.033567 2026] [php:error] [pid 28132] [client 20.89.17.172:0] script '/domains/hungariantasteweb/ioxi-o.php' not found or unable to stat
[Wed Jan 21 02:26:44.149732 2026] [php:error] [pid 28127] [client 4.194.217.214:0] script '/domains/fifibear/pn.php' not found or unable to stat
[Wed Jan 21 02:26:44.228546 2026] [php:error] [pid 28125] [client 4.197.240.79:0] script '/domains/system_default/deepseek_d.php' not found or unable to stat
[Wed Jan 21 02:26:44.373290 2026] [php:error] [pid 28127] [client 4.194.217.214:0] script '/domains/fifibear/O-Simple.php' not found or unable to stat
[Wed Jan 21 02:26:44.373722 2026] [php:error] [pid 28132] [client 20.89.17.172:0] script '/domains/hungariantasteweb/test1.php' not found or unable to stat
[Wed Jan 21 02:26:44.426700 2026] [php:error] [pid 28125] [client 4.197.240.79:0] script '/domains/system_default/file.php' not found or unable to stat
[Wed Jan 21 02:26:44.533053 2026] [php:error] [pid 28132] [client 20.89.17.172:0] script '/domains/hungariantasteweb/elp.php' not found or unable to stat
[Wed Jan 21 02:26:44.596989 2026] [php:error] [pid 28127] [client 4.194.217.214:0] script '/domains/fifibear/smklh.php' not found or unable to stat
[Wed Jan 21 02:26:44.636110 2026] [php:error] [pid 28125] [client 4.197.240.79:0] script '/domains/system_default/ioxi-o.php' not found or unable to stat
[Wed Jan 21 02:26:44.820368 2026] [php:error] [pid 28127] [client 4.194.217.214:0] script '/domains/fifibear/mans.php' not found or unable to stat
[Wed Jan 21 02:26:45.034091 2026] [php:error] [pid 28125] [client 4.197.240.79:0] script '/domains/system_default/test1.php' not found or unable to stat
[Wed Jan 21 02:26:45.043557 2026] [php:error] [pid 28127] [client 4.194.217.214:0] script '/domains/fifibear/horeg.php' not found or unable to stat
[Wed Jan 21 02:26:45.216996 2026] [php:error] [pid 28132] [client 20.89.17.172:0] script '/domains/hungariantasteweb/xmlrpc.php' not found or unable to stat
[Wed Jan 21 02:26:45.235852 2026] [php:error] [pid 28125] [client 4.197.240.79:0] script '/domains/system_default/elp.php' not found or unable to stat
[Wed Jan 21 02:26:45.266704 2026] [php:error] [pid 28127] [client 4.194.217.214:0] script '/domains/fifibear/to.php' not found or unable to stat
[Wed Jan 21 02:26:45.376296 2026] [php:error] [pid 28132] [client 20.89.17.172:0] script '/domains/hungariantasteweb/inputs.php' not found or unable to stat
[Wed Jan 21 02:26:45.489727 2026] [php:error] [pid 28127] [client 4.194.217.214:0] script '/domains/fifibear/wp-good.php' not found or unable to stat
[Wed Jan 21 02:26:45.535033 2026] [php:error] [pid 28132] [client 20.89.17.172:0] script '/domains/hungariantasteweb/classsmtps.php' not found or unable to stat
[Wed Jan 21 02:26:45.695297 2026] [php:error] [pid 28132] [client 20.89.17.172:0] script '/domains/hungariantasteweb/wp-trackback.php' not found or unable to stat
[Wed Jan 21 02:26:45.713463 2026] [php:error] [pid 28127] [client 4.194.217.214:0] script '/domains/fifibear/fz.php' not found or unable to stat
[Wed Jan 21 02:26:45.854272 2026] [php:error] [pid 28132] [client 20.89.17.172:0] script '/domains/hungariantasteweb/wp-cron.php' not found or unable to stat
[Wed Jan 21 02:26:45.936833 2026] [php:error] [pid 28127] [client 4.194.217.214:0] script '/domains/fifibear/mini.php' not found or unable to stat
[Wed Jan 21 02:26:46.013426 2026] [php:error] [pid 28132] [client 20.89.17.172:0] script '/domains/hungariantasteweb/wp-load.php' not found or unable to stat
[Wed Jan 21 02:26:46.028741 2026] [php:error] [pid 28125] [client 4.197.240.79:0] script '/domains/system_default/xmlrpc.php' not found or unable to stat
[Wed Jan 21 02:26:46.160294 2026] [php:error] [pid 28127] [client 4.194.217.214:0] script '/domains/fifibear/x.php' not found or unable to stat
[Wed Jan 21 02:26:46.183613 2026] [php:error] [pid 28132] [client 20.89.17.172:0] script '/domains/hungariantasteweb/wp-mail.php' not found or unable to stat
[Wed Jan 21 02:26:46.226725 2026] [php:error] [pid 28125] [client 4.197.240.79:0] script '/domains/system_default/inputs.php' not found or unable to stat
[Wed Jan 21 02:26:46.344400 2026] [php:error] [pid 28132] [client 20.89.17.172:0] script '/domains/hungariantasteweb/wp-activate.php' not found or unable to stat
[Wed Jan 21 02:26:46.383399 2026] [php:error] [pid 28127] [client 4.194.217.214:0] script '/domains/fifibear/ioxi-o.php' not found or unable to stat
[Wed Jan 21 02:26:46.430427 2026] [php:error] [pid 28125] [client 4.197.240.79:0] script '/domains/system_default/classsmtps.php' not found or unable to stat
[Wed Jan 21 02:26:46.503838 2026] [php:error] [pid 28132] [client 20.89.17.172:0] script '/domains/hungariantasteweb/plugins.php' not found or unable to stat
[Wed Jan 21 02:26:46.607218 2026] [php:error] [pid 28127] [client 4.194.217.214:0] script '/domains/fifibear/xxxx.php' not found or unable to stat
[Wed Jan 21 02:26:46.629117 2026] [php:error] [pid 28125] [client 4.197.240.79:0] script '/domains/system_default/wp-trackback.php' not found or unable to stat
[Wed Jan 21 02:26:46.662964 2026] [php:error] [pid 28132] [client 20.89.17.172:0] script '/domains/hungariantasteweb/admin.php' not found or unable to stat
[Wed Jan 21 02:26:46.827380 2026] [php:error] [pid 28125] [client 4.197.240.79:0] script '/domains/system_default/wp-cron.php' not found or unable to stat
[Wed Jan 21 02:26:46.830233 2026] [php:error] [pid 28127] [client 4.194.217.214:0] script '/domains/fifibear/moon.php' not found or unable to stat
[Wed Jan 21 02:26:46.841944 2026] [php:error] [pid 28132] [client 20.89.17.172:0] script '/domains/hungariantasteweb/atomlib.php' not found or unable to stat
[Wed Jan 21 02:26:47.018680 2026] [php:error] [pid 28132] [client 20.89.17.172:0] script '/domains/hungariantasteweb/simple.php' not found or unable to stat
[Wed Jan 21 02:26:47.035787 2026] [php:error] [pid 28125] [client 4.197.240.79:0] script '/domains/system_default/wp-load.php' not found or unable to stat
[Wed Jan 21 02:26:47.052952 2026] [php:error] [pid 28127] [client 4.194.217.214:0] script '/domains/fifibear/ws46.php' not found or unable to stat
[Wed Jan 21 02:26:47.177563 2026] [php:error] [pid 28132] [client 20.89.17.172:0] script '/domains/hungariantasteweb/log.php' not found or unable to stat
[Wed Jan 21 02:26:47.233855 2026] [php:error] [pid 28125] [client 4.197.240.79:0] script '/domains/system_default/wp-mail.php' not found or unable to stat
[Wed Jan 21 02:26:47.276180 2026] [php:error] [pid 28127] [client 4.194.217.214:0] script '/domains/fifibear/wp-22.php' not found or unable to stat
[Wed Jan 21 02:26:47.338596 2026] [php:error] [pid 28132] [client 20.89.17.172:0] script '/domains/hungariantasteweb/lufix.php' not found or unable to stat
[Wed Jan 21 02:26:47.431912 2026] [php:error] [pid 28125] [client 4.197.240.79:0] script '/domains/system_default/wp-activate.php' not found or unable to stat
[Wed Jan 21 02:26:47.499742 2026] [php:error] [pid 28127] [client 4.194.217.214:0] script '/domains/fifibear/user.php' not found or unable to stat
[Wed Jan 21 02:26:47.500173 2026] [php:error] [pid 28132] [client 20.89.17.172:0] script '/domains/hungariantasteweb/content.php' not found or unable to stat
[Wed Jan 21 02:26:47.639139 2026] [php:error] [pid 28125] [client 4.197.240.79:0] script '/domains/system_default/plugins.php' not found or unable to stat
[Wed Jan 21 02:26:47.660052 2026] [php:error] [pid 28132] [client 20.89.17.172:0] script '/domains/hungariantasteweb/wp.php' not found or unable to stat
[Wed Jan 21 02:26:47.723010 2026] [php:error] [pid 28127] [client 4.194.217.214:0] script '/domains/fifibear/classwithtostring.php' not found or unable to stat
[Wed Jan 21 02:26:47.818947 2026] [php:error] [pid 28132] [client 20.89.17.172:0] script '/domains/hungariantasteweb/wp-conflg.php' not found or unable to stat
[Wed Jan 21 02:26:47.838424 2026] [php:error] [pid 28125] [client 4.197.240.79:0] script '/domains/system_default/admin.php' not found or unable to stat
[Wed Jan 21 02:26:47.946311 2026] [php:error] [pid 28127] [client 4.194.217.214:0] script '/domains/fifibear/content.php' not found or unable to stat
[Wed Jan 21 02:26:47.985246 2026] [php:error] [pid 28132] [client 20.89.17.172:0] script '/domains/hungariantasteweb/404.php' not found or unable to stat
[Wed Jan 21 02:26:48.047078 2026] [php:error] [pid 28125] [client 4.197.240.79:0] script '/domains/system_default/atomlib.php' not found or unable to stat
[Wed Jan 21 02:26:48.144037 2026] [php:error] [pid 28132] [client 20.89.17.172:0] script '/domains/hungariantasteweb/updates.php' not found or unable to stat
[Wed Jan 21 02:26:48.171169 2026] [php:error] [pid 28127] [client 4.194.217.214:0] script '/domains/fifibear/wp-ana.php' not found or unable to stat
[Wed Jan 21 02:26:48.245421 2026] [php:error] [pid 28125] [client 4.197.240.79:0] script '/domains/system_default/simple.php' not found or unable to stat
[Wed Jan 21 02:26:48.302955 2026] [php:error] [pid 28132] [client 20.89.17.172:0] script '/domains/hungariantasteweb/radio.php' not found or unable to stat
[Wed Jan 21 02:26:48.394684 2026] [php:error] [pid 28127] [client 4.194.217.214:0] script '/domains/fifibear/cwclass.php' not found or unable to stat
[Wed Jan 21 02:26:48.443470 2026] [php:error] [pid 28125] [client 4.197.240.79:0] script '/domains/system_default/log.php' not found or unable to stat
[Wed Jan 21 02:26:48.462554 2026] [php:error] [pid 28132] [client 20.89.17.172:0] script '/domains/hungariantasteweb/xmrlpc.php' not found or unable to stat
[Wed Jan 21 02:26:48.619117 2026] [php:error] [pid 28127] [client 4.194.217.214:0] script '/domains/fifibear/87.php' not found or unable to stat
[Wed Jan 21 02:26:48.631657 2026] [php:error] [pid 28132] [client 20.89.17.172:0] script '/domains/hungariantasteweb/moon.php' not found or unable to stat
[Wed Jan 21 02:26:48.649510 2026] [php:error] [pid 28125] [client 4.197.240.79:0] script '/domains/system_default/lufix.php' not found or unable to stat
[Wed Jan 21 02:26:48.800306 2026] [php:error] [pid 28132] [client 20.89.17.172:0] script '/domains/hungariantasteweb/blog.php' not found or unable to stat
[Wed Jan 21 02:26:48.842440 2026] [php:error] [pid 28127] [client 4.194.217.214:0] script '/domains/fifibear/error.php' not found or unable to stat
[Wed Jan 21 02:26:48.849005 2026] [php:error] [pid 28125] [client 4.197.240.79:0] script '/domains/system_default/content.php' not found or unable to stat
[Wed Jan 21 02:26:48.959366 2026] [php:error] [pid 28132] [client 20.89.17.172:0] script '/domains/hungariantasteweb/themes.php' not found or unable to stat
[Wed Jan 21 02:26:49.048727 2026] [php:error] [pid 28125] [client 4.197.240.79:0] script '/domains/system_default/wp.php' not found or unable to stat
[Wed Jan 21 02:26:49.066523 2026] [php:error] [pid 28127] [client 4.194.217.214:0] script '/domains/fifibear/redi.php' not found or unable to stat
[Wed Jan 21 02:26:49.118186 2026] [php:error] [pid 28132] [client 20.89.17.172:0] script '/domains/hungariantasteweb/ini.php' not found or unable to stat
[Wed Jan 21 02:26:49.252271 2026] [php:error] [pid 28125] [client 4.197.240.79:0] script '/domains/system_default/wp-conflg.php' not found or unable to stat
[Wed Jan 21 02:26:49.276786 2026] [php:error] [pid 28132] [client 20.89.17.172:0] script '/domains/hungariantasteweb/as.php' not found or unable to stat
[Wed Jan 21 02:26:49.289477 2026] [php:error] [pid 28127] [client 4.194.217.214:0] script '/domains/fifibear/wsd.php' not found or unable to stat
[Wed Jan 21 02:26:49.451131 2026] [php:error] [pid 28125] [client 4.197.240.79:0] script '/domains/system_default/404.php' not found or unable to stat
[Wed Jan 21 02:26:49.452372 2026] [php:error] [pid 28132] [client 20.89.17.172:0] script '/domains/hungariantasteweb/ws.php' not found or unable to stat
[Wed Jan 21 02:26:49.611338 2026] [php:error] [pid 28132] [client 20.89.17.172:0] script '/domains/hungariantasteweb/dropdown.php' not found or unable to stat
[Wed Jan 21 02:26:49.657207 2026] [php:error] [pid 28125] [client 4.197.240.79:0] script '/domains/system_default/updates.php' not found or unable to stat
[Wed Jan 21 02:26:49.753207 2026] [php:error] [pid 28126] [client 4.194.217.214:0] script '/domains/fifibear/image.php' not found or unable to stat
[Wed Jan 21 02:26:49.770191 2026] [php:error] [pid 28132] [client 20.89.17.172:0] script '/domains/hungariantasteweb/makeasmtp.php' not found or unable to stat
