[Wed Jan 21 01:48:41.094143 2026] [php:error] [pid 22083] [client 20.196.90.228:0] script '/domains/vangoghagainweb/aa.php' not found or unable to stat
[Wed Jan 21 01:48:41.284096 2026] [php:error] [pid 22083] [client 20.196.90.228:0] script '/domains/vangoghagainweb/about.php' not found or unable to stat
[Wed Jan 21 01:48:41.473930 2026] [php:error] [pid 22083] [client 20.196.90.228:0] script '/domains/vangoghagainweb/adminfuns.php' not found or unable to stat
[Wed Jan 21 01:48:41.665556 2026] [php:error] [pid 22083] [client 20.196.90.228:0] script '/domains/vangoghagainweb/bolt.php' not found or unable to stat
[Wed Jan 21 01:48:41.862590 2026] [php:error] [pid 22083] [client 20.196.90.228:0] script '/domains/vangoghagainweb/buy.php' not found or unable to stat
[Wed Jan 21 01:48:42.052651 2026] [php:error] [pid 22083] [client 20.196.90.228:0] script '/domains/vangoghagainweb/goods.php' not found or unable to stat
[Wed Jan 21 01:48:42.242891 2026] [php:error] [pid 22083] [client 20.196.90.228:0] script '/domains/vangoghagainweb/deepseek_d.php' not found or unable to stat
[Wed Jan 21 01:48:42.433406 2026] [php:error] [pid 22083] [client 20.196.90.228:0] script '/domains/vangoghagainweb/file.php' not found or unable to stat
[Wed Jan 21 01:48:42.623491 2026] [php:error] [pid 22083] [client 20.196.90.228:0] script '/domains/vangoghagainweb/ioxi-o.php' not found or unable to stat
[Wed Jan 21 01:48:43.010155 2026] [php:error] [pid 22083] [client 20.196.90.228:0] script '/domains/vangoghagainweb/test1.php' not found or unable to stat
[Wed Jan 21 01:48:43.200005 2026] [php:error] [pid 22083] [client 20.196.90.228:0] script '/domains/vangoghagainweb/elp.php' not found or unable to stat
[Wed Jan 21 01:48:43.969990 2026] [php:error] [pid 22083] [client 20.196.90.228:0] script '/domains/vangoghagainweb/xmlrpc.php' not found or unable to stat
[Wed Jan 21 01:48:44.160230 2026] [php:error] [pid 22083] [client 20.196.90.228:0] script '/domains/vangoghagainweb/inputs.php' not found or unable to stat
[Wed Jan 21 01:48:44.355704 2026] [php:error] [pid 22083] [client 20.196.90.228:0] script '/domains/vangoghagainweb/classsmtps.php' not found or unable to stat
[Wed Jan 21 01:48:44.556794 2026] [php:error] [pid 22083] [client 20.196.90.228:0] script '/domains/vangoghagainweb/wp-trackback.php' not found or unable to stat
[Wed Jan 21 01:48:44.746999 2026] [php:error] [pid 22083] [client 20.196.90.228:0] script '/domains/vangoghagainweb/wp-cron.php' not found or unable to stat
[Wed Jan 21 01:48:44.937230 2026] [php:error] [pid 22083] [client 20.196.90.228:0] script '/domains/vangoghagainweb/wp-load.php' not found or unable to stat
[Wed Jan 21 01:48:45.135412 2026] [php:error] [pid 22083] [client 20.196.90.228:0] script '/domains/vangoghagainweb/wp-mail.php' not found or unable to stat
[Wed Jan 21 01:48:45.325480 2026] [php:error] [pid 22083] [client 20.196.90.228:0] script '/domains/vangoghagainweb/wp-activate.php' not found or unable to stat
[Wed Jan 21 01:48:45.515398 2026] [php:error] [pid 22083] [client 20.196.90.228:0] script '/domains/vangoghagainweb/plugins.php' not found or unable to stat
[Wed Jan 21 01:48:45.705508 2026] [php:error] [pid 22083] [client 20.196.90.228:0] script '/domains/vangoghagainweb/admin.php' not found or unable to stat
[Wed Jan 21 01:48:45.895750 2026] [php:error] [pid 22083] [client 20.196.90.228:0] script '/domains/vangoghagainweb/atomlib.php' not found or unable to stat
[Wed Jan 21 01:48:46.086374 2026] [php:error] [pid 22083] [client 20.196.90.228:0] script '/domains/vangoghagainweb/simple.php' not found or unable to stat
[Wed Jan 21 01:48:46.276409 2026] [php:error] [pid 22083] [client 20.196.90.228:0] script '/domains/vangoghagainweb/log.php' not found or unable to stat
[Wed Jan 21 01:48:46.466399 2026] [php:error] [pid 22083] [client 20.196.90.228:0] script '/domains/vangoghagainweb/lufix.php' not found or unable to stat
[Wed Jan 21 01:48:46.658419 2026] [php:error] [pid 22083] [client 20.196.90.228:0] script '/domains/vangoghagainweb/content.php' not found or unable to stat
[Wed Jan 21 01:48:46.848145 2026] [php:error] [pid 22083] [client 20.196.90.228:0] script '/domains/vangoghagainweb/wp.php' not found or unable to stat
[Wed Jan 21 01:48:47.038758 2026] [php:error] [pid 22083] [client 20.196.90.228:0] script '/domains/vangoghagainweb/wp-conflg.php' not found or unable to stat
[Wed Jan 21 01:48:47.229611 2026] [php:error] [pid 22083] [client 20.196.90.228:0] script '/domains/vangoghagainweb/404.php' not found or unable to stat
[Wed Jan 21 01:48:47.430503 2026] [php:error] [pid 22083] [client 20.196.90.228:0] script '/domains/vangoghagainweb/updates.php' not found or unable to stat
[Wed Jan 21 01:48:47.620544 2026] [php:error] [pid 22083] [client 20.196.90.228:0] script '/domains/vangoghagainweb/radio.php' not found or unable to stat
[Wed Jan 21 01:48:47.810238 2026] [php:error] [pid 22083] [client 20.196.90.228:0] script '/domains/vangoghagainweb/xmrlpc.php' not found or unable to stat
[Wed Jan 21 01:48:48.000092 2026] [php:error] [pid 22083] [client 20.196.90.228:0] script '/domains/vangoghagainweb/moon.php' not found or unable to stat
[Wed Jan 21 01:48:48.189883 2026] [php:error] [pid 22083] [client 20.196.90.228:0] script '/domains/vangoghagainweb/blog.php' not found or unable to stat
[Wed Jan 21 01:48:48.381356 2026] [php:error] [pid 22083] [client 20.196.90.228:0] script '/domains/vangoghagainweb/themes.php' not found or unable to stat
[Wed Jan 21 01:48:48.572061 2026] [php:error] [pid 22083] [client 20.196.90.228:0] script '/domains/vangoghagainweb/ini.php' not found or unable to stat
[Wed Jan 21 01:48:48.762741 2026] [php:error] [pid 22083] [client 20.196.90.228:0] script '/domains/vangoghagainweb/as.php' not found or unable to stat
[Wed Jan 21 01:48:48.975168 2026] [php:error] [pid 22083] [client 20.196.90.228:0] script '/domains/vangoghagainweb/ws.php' not found or unable to stat
[Wed Jan 21 01:48:49.167531 2026] [php:error] [pid 22083] [client 20.196.90.228:0] script '/domains/vangoghagainweb/dropdown.php' not found or unable to stat
[Wed Jan 21 01:48:49.361152 2026] [php:error] [pid 22083] [client 20.196.90.228:0] script '/domains/vangoghagainweb/makeasmtp.php' not found or unable to stat
[Wed Jan 21 01:48:49.551108 2026] [php:error] [pid 22083] [client 20.196.90.228:0] script '/domains/vangoghagainweb/alfanew.php' not found or unable to stat
[Wed Jan 21 01:48:49.741268 2026] [php:error] [pid 22083] [client 20.196.90.228:0] script '/domains/vangoghagainweb/fw.php' not found or unable to stat
[Wed Jan 21 01:48:49.930890 2026] [php:error] [pid 22083] [client 20.196.90.228:0] script '/domains/vangoghagainweb/install.php' not found or unable to stat
[Wed Jan 21 01:48:50.122386 2026] [php:error] [pid 22083] [client 20.196.90.228:0] script '/domains/vangoghagainweb/chosen.php' not found or unable to stat
[Wed Jan 21 01:49:11.382968 2026] [php:error] [pid 22080] [client 20.196.90.228:0] script '/domains/afglcweb/2.php' not found or unable to stat
[Wed Jan 21 01:49:11.759363 2026] [php:error] [pid 22080] [client 20.196.90.228:0] script '/domains/afglcweb/a.php' not found or unable to stat
[Wed Jan 21 01:49:11.946851 2026] [php:error] [pid 22080] [client 20.196.90.228:0] script '/domains/afglcweb/aaa.php' not found or unable to stat
[Wed Jan 21 01:49:12.134696 2026] [php:error] [pid 22080] [client 20.196.90.228:0] script '/domains/afglcweb/ab.php' not found or unable to stat
[Wed Jan 21 01:49:12.323108 2026] [php:error] [pid 22080] [client 20.196.90.228:0] script '/domains/afglcweb/about.php' not found or unable to stat
[Wed Jan 21 01:49:12.699780 2026] [php:error] [pid 22080] [client 20.196.90.228:0] script '/domains/afglcweb/alfa.php' not found or unable to stat
[Wed Jan 21 01:49:12.887363 2026] [php:error] [pid 22080] [client 20.196.90.228:0] script '/domains/afglcweb/api.php' not found or unable to stat
[Wed Jan 21 01:49:13.074987 2026] [php:error] [pid 22080] [client 20.196.90.228:0] script '/domains/afglcweb/auth.php' not found or unable to stat
[Wed Jan 21 01:49:13.450215 2026] [php:error] [pid 22080] [client 20.196.90.228:0] script '/domains/afglcweb/classwithtostring.php' not found or unable to stat
[Wed Jan 21 01:49:13.638341 2026] [php:error] [pid 22080] [client 20.196.90.228:0] script '/domains/afglcweb/contents.php' not found or unable to stat
[Wed Jan 21 01:49:13.826921 2026] [php:error] [pid 22080] [client 20.196.90.228:0] script '/domains/afglcweb/css/index.php' not found or unable to stat
[Wed Jan 21 01:49:14.015533 2026] [php:error] [pid 22080] [client 20.196.90.228:0] script '/domains/afglcweb/default.php' not found or unable to stat
[Wed Jan 21 01:49:14.580313 2026] [php:error] [pid 22080] [client 20.196.90.228:0] script '/domains/afglcweb/favicon.php' not found or unable to stat
[Wed Jan 21 01:49:14.768278 2026] [php:error] [pid 22080] [client 20.196.90.228:0] script '/domains/afglcweb/hehe.php' not found or unable to stat
[Wed Jan 21 01:49:15.144073 2026] [php:error] [pid 22080] [client 20.196.90.228:0] script '/domains/afglcweb/index.php' not found or unable to stat
[Wed Jan 21 01:49:15.332676 2026] [php:error] [pid 22080] [client 20.196.90.228:0] script '/domains/afglcweb/info.php' not found or unable to stat
[Wed Jan 21 01:49:15.521714 2026] [php:error] [pid 22080] [client 20.196.90.228:0] script '/domains/afglcweb/k.php' not found or unable to stat
[Wed Jan 21 01:49:15.710094 2026] [php:error] [pid 22080] [client 20.196.90.228:0] script '/domains/afglcweb/lock360.php' not found or unable to stat
[Wed Jan 21 01:49:15.897979 2026] [php:error] [pid 22080] [client 20.196.90.228:0] script '/domains/afglcweb/log.php' not found or unable to stat
[Wed Jan 21 01:49:16.091930 2026] [php:error] [pid 22080] [client 20.196.90.228:0] script '/domains/afglcweb/man.php' not found or unable to stat
[Wed Jan 21 01:49:16.468082 2026] [php:error] [pid 22080] [client 20.196.90.228:0] script '/domains/afglcweb/post.php' not found or unable to stat
[Wed Jan 21 01:49:16.854203 2026] [php:error] [pid 22080] [client 20.196.90.228:0] script '/domains/afglcweb/root.php' not found or unable to stat
[Wed Jan 21 01:49:17.042089 2026] [php:error] [pid 22080] [client 20.196.90.228:0] script '/domains/afglcweb/shellv3.php' not found or unable to stat
[Wed Jan 21 01:49:17.418752 2026] [php:error] [pid 22080] [client 20.196.90.228:0] script '/domains/afglcweb/system.php' not found or unable to stat
[Wed Jan 21 01:49:17.611156 2026] [php:error] [pid 22080] [client 20.196.90.228:0] script '/domains/afglcweb/test.php' not found or unable to stat
[Wed Jan 21 01:49:17.808397 2026] [php:error] [pid 22080] [client 20.196.90.228:0] script '/domains/afglcweb/theme.php' not found or unable to stat
[Wed Jan 21 01:49:17.996924 2026] [php:error] [pid 22080] [client 20.196.90.228:0] script '/domains/afglcweb/wp-activat.php' not found or unable to stat
[Wed Jan 21 01:49:18.184590 2026] [php:error] [pid 22080] [client 20.196.90.228:0] script '/domains/afglcweb/wp-admin.php' not found or unable to stat
[Wed Jan 21 01:49:19.128500 2026] [php:error] [pid 22080] [client 20.196.90.228:0] script '/domains/afglcweb/wp-blog.php' not found or unable to stat
[Wed Jan 21 01:49:19.316569 2026] [php:error] [pid 22080] [client 20.196.90.228:0] script '/domains/afglcweb/wp-conf.php' not found or unable to stat
[Wed Jan 21 01:49:21.199853 2026] [php:error] [pid 22080] [client 20.196.90.228:0] script '/domains/afglcweb/wp-file.php' not found or unable to stat
[Wed Jan 21 01:49:21.392320 2026] [php:error] [pid 22080] [client 20.196.90.228:0] script '/domains/afglcweb/wp-include.php' not found or unable to stat
[Wed Jan 21 01:49:23.478218 2026] [php:error] [pid 22080] [client 20.196.90.228:0] script '/domains/afglcweb/wp-logs.php' not found or unable to stat
[Wed Jan 21 01:49:23.667836 2026] [php:error] [pid 22080] [client 20.196.90.228:0] script '/domains/afglcweb/xmlrpc.php' not found or unable to stat
[Wed Jan 21 01:49:25.380495 2026] [php:error] [pid 22080] [client 20.196.90.228:0] script '/domains/afglcweb/WSO.php' not found or unable to stat
[Wed Jan 21 01:49:28.987830 2026] [php:error] [pid 22080] [client 20.196.90.228:0] script '/domains/afglcweb/goods.php' not found or unable to stat
[Wed Jan 21 01:49:30.317436 2026] [php:error] [pid 22080] [client 20.196.90.228:0] script '/domains/afglcweb/edit.php' not found or unable to stat
[Wed Jan 21 01:49:30.889111 2026] [php:error] [pid 22076] [client 20.196.90.228:0] script '/domains/afglcweb/file5.php' not found or unable to stat
[Wed Jan 21 01:49:31.650948 2026] [php:error] [pid 22076] [client 20.196.90.228:0] script '/domains/afglcweb/aa.php' not found or unable to stat
[Wed Jan 21 01:49:33.365680 2026] [php:error] [pid 22076] [client 20.196.90.228:0] script '/domains/afglcweb/autoload_classmap.php' not found or unable to stat
[Wed Jan 21 01:49:35.836226 2026] [php:error] [pid 22076] [client 20.196.90.228:0] script '/domains/afglcweb/file.php' not found or unable to stat
[Wed Jan 21 01:49:36.310048 2026] [php:error] [pid 22082] [client 4.190.210.95:0] script '/domains/viamonte3/2.php' not found or unable to stat
[Wed Jan 21 01:49:36.672504 2026] [php:error] [pid 22082] [client 4.190.210.95:0] script '/domains/viamonte3/a.php' not found or unable to stat
[Wed Jan 21 01:49:36.842268 2026] [php:error] [pid 22082] [client 4.190.210.95:0] script '/domains/viamonte3/aaa.php' not found or unable to stat
[Wed Jan 21 01:49:36.975521 2026] [php:error] [pid 22076] [client 20.196.90.228:0] script '/domains/afglcweb/inputs.php' not found or unable to stat
[Wed Jan 21 01:49:37.014595 2026] [php:error] [pid 22082] [client 4.190.210.95:0] script '/domains/viamonte3/ab.php' not found or unable to stat
[Wed Jan 21 01:49:37.188584 2026] [php:error] [pid 22082] [client 4.190.210.95:0] script '/domains/viamonte3/about.php' not found or unable to stat
[Wed Jan 21 01:49:37.542260 2026] [php:error] [pid 22082] [client 4.190.210.95:0] script '/domains/viamonte3/alfa.php' not found or unable to stat
[Wed Jan 21 01:49:37.545836 2026] [php:error] [pid 22076] [client 20.196.90.228:0] script '/domains/afglcweb/1.php' not found or unable to stat
[Wed Jan 21 01:49:37.711615 2026] [php:error] [pid 22082] [client 4.190.210.95:0] script '/domains/viamonte3/api.php' not found or unable to stat
[Wed Jan 21 01:49:37.888703 2026] [php:error] [pid 22082] [client 4.190.210.95:0] script '/domains/viamonte3/auth.php' not found or unable to stat
[Wed Jan 21 01:49:38.242267 2026] [php:error] [pid 22082] [client 4.190.210.95:0] script '/domains/viamonte3/classwithtostring.php' not found or unable to stat
[Wed Jan 21 01:49:38.422015 2026] [php:error] [pid 22082] [client 4.190.210.95:0] script '/domains/viamonte3/contents.php' not found or unable to stat
[Wed Jan 21 01:49:38.777513 2026] [php:error] [pid 22082] [client 4.190.210.95:0] script '/domains/viamonte3/default.php' not found or unable to stat
[Wed Jan 21 01:49:39.328480 2026] [php:error] [pid 22082] [client 4.190.210.95:0] script '/domains/viamonte3/favicon.php' not found or unable to stat
[Wed Jan 21 01:49:39.496891 2026] [php:error] [pid 22082] [client 4.190.210.95:0] script '/domains/viamonte3/hehe.php' not found or unable to stat
[Wed Jan 21 01:49:39.869076 2026] [php:error] [pid 22082] [client 4.190.210.95:0] script '/domains/viamonte3/index.php' not found or unable to stat
[Wed Jan 21 01:49:40.046050 2026] [php:error] [pid 22082] [client 4.190.210.95:0] script '/domains/viamonte3/info.php' not found or unable to stat
[Wed Jan 21 01:49:40.214661 2026] [php:error] [pid 22082] [client 4.190.210.95:0] script '/domains/viamonte3/k.php' not found or unable to stat
[Wed Jan 21 01:49:40.398250 2026] [php:error] [pid 22082] [client 4.190.210.95:0] script '/domains/viamonte3/lock360.php' not found or unable to stat
[Wed Jan 21 01:49:40.585174 2026] [php:error] [pid 22082] [client 4.190.210.95:0] script '/domains/viamonte3/log.php' not found or unable to stat
[Wed Jan 21 01:49:40.763968 2026] [php:error] [pid 22082] [client 4.190.210.95:0] script '/domains/viamonte3/man.php' not found or unable to stat
[Wed Jan 21 01:49:41.119281 2026] [php:error] [pid 22082] [client 4.190.210.95:0] script '/domains/viamonte3/post.php' not found or unable to stat
[Wed Jan 21 01:49:41.151929 2026] [php:error] [pid 22076] [client 20.196.90.228:0] script '/domains/afglcweb/flower.php' not found or unable to stat
[Wed Jan 21 01:49:41.492764 2026] [php:error] [pid 22082] [client 4.190.210.95:0] script '/domains/viamonte3/root.php' not found or unable to stat
[Wed Jan 21 01:49:41.665620 2026] [php:error] [pid 22082] [client 4.190.210.95:0] script '/domains/viamonte3/shellv3.php' not found or unable to stat
[Wed Jan 21 01:49:42.026222 2026] [php:error] [pid 22082] [client 4.190.210.95:0] script '/domains/viamonte3/system.php' not found or unable to stat
[Wed Jan 21 01:49:42.196198 2026] [php:error] [pid 22082] [client 4.190.210.95:0] script '/domains/viamonte3/test.php' not found or unable to stat
[Wed Jan 21 01:49:42.370244 2026] [php:error] [pid 22082] [client 4.190.210.95:0] script '/domains/viamonte3/theme.php' not found or unable to stat
[Wed Jan 21 01:49:42.543781 2026] [php:error] [pid 22082] [client 4.190.210.95:0] script '/domains/viamonte3/wp-activat.php' not found or unable to stat
[Wed Jan 21 01:49:42.714730 2026] [php:error] [pid 22082] [client 4.190.210.95:0] script '/domains/viamonte3/wp-admin.php' not found or unable to stat
[Wed Jan 21 01:49:43.622487 2026] [php:error] [pid 22082] [client 4.190.210.95:0] script '/domains/viamonte3/wp-blog.php' not found or unable to stat
[Wed Jan 21 01:49:43.799672 2026] [php:error] [pid 22082] [client 4.190.210.95:0] script '/domains/viamonte3/wp-conf.php' not found or unable to stat
[Wed Jan 21 01:49:44.385863 2026] [php:error] [pid 22076] [client 20.196.90.228:0] script '/domains/afglcweb/ioxi-o.php' not found or unable to stat
[Wed Jan 21 01:49:44.575624 2026] [php:error] [pid 22076] [client 20.196.90.228:0] script '/domains/afglcweb/radio.php' not found or unable to stat
[Wed Jan 21 01:49:45.560738 2026] [php:error] [pid 22082] [client 4.190.210.95:0] script '/domains/viamonte3/wp-file.php' not found or unable to stat
[Wed Jan 21 01:49:45.721588 2026] [php:error] [pid 22076] [client 20.196.90.228:0] script '/domains/afglcweb/admin.php' not found or unable to stat
[Wed Jan 21 01:49:45.730037 2026] [php:error] [pid 22082] [client 4.190.210.95:0] script '/domains/viamonte3/wp-include.php' not found or unable to stat
[Wed Jan 21 01:49:45.911618 2026] [php:error] [pid 22076] [client 20.196.90.228:0] script '/domains/afglcweb/functions.php' not found or unable to stat
[Wed Jan 21 01:49:47.670839 2026] [php:error] [pid 22082] [client 4.190.210.95:0] script '/domains/viamonte3/wp-logs.php' not found or unable to stat
[Wed Jan 21 01:49:47.839412 2026] [php:error] [pid 22082] [client 4.190.210.95:0] script '/domains/viamonte3/xmlrpc.php' not found or unable to stat
[Wed Jan 21 01:49:49.376823 2026] [php:error] [pid 22082] [client 4.190.210.95:0] script '/domains/viamonte3/WSO.php' not found or unable to stat
[Wed Jan 21 01:49:52.650595 2026] [php:error] [pid 22082] [client 4.190.210.95:0] script '/domains/viamonte3/goods.php' not found or unable to stat
[Wed Jan 21 01:49:53.854779 2026] [php:error] [pid 22082] [client 4.190.210.95:0] script '/domains/viamonte3/edit.php' not found or unable to stat
[Wed Jan 21 01:49:54.354146 2026] [php:error] [pid 22088] [client 4.190.210.95:0] script '/domains/viamonte3/file5.php' not found or unable to stat
[Wed Jan 21 01:49:55.019930 2026] [php:error] [pid 22088] [client 4.190.210.95:0] script '/domains/viamonte3/aa.php' not found or unable to stat
[Wed Jan 21 01:49:56.544160 2026] [php:error] [pid 22088] [client 4.190.210.95:0] script '/domains/viamonte3/autoload_classmap.php' not found or unable to stat
[Wed Jan 21 01:49:58.745643 2026] [php:error] [pid 22088] [client 4.190.210.95:0] script '/domains/viamonte3/file.php' not found or unable to stat
[Wed Jan 21 01:49:59.750303 2026] [php:error] [pid 22088] [client 4.190.210.95:0] script '/domains/viamonte3/inputs.php' not found or unable to stat
[Wed Jan 21 01:50:00.262026 2026] [php:error] [pid 22088] [client 4.190.210.95:0] script '/domains/viamonte3/1.php' not found or unable to stat
[Wed Jan 21 01:50:03.499596 2026] [php:error] [pid 22088] [client 4.190.210.95:0] script '/domains/viamonte3/flower.php' not found or unable to stat
[Wed Jan 21 01:50:06.395975 2026] [php:error] [pid 22088] [client 4.190.210.95:0] script '/domains/viamonte3/ioxi-o.php' not found or unable to stat
[Wed Jan 21 01:50:06.561189 2026] [php:error] [pid 22088] [client 4.190.210.95:0] script '/domains/viamonte3/radio.php' not found or unable to stat
[Wed Jan 21 01:50:07.573647 2026] [php:error] [pid 22088] [client 4.190.210.95:0] script '/domains/viamonte3/admin.php' not found or unable to stat
[Wed Jan 21 01:50:07.742572 2026] [php:error] [pid 22088] [client 4.190.210.95:0] script '/domains/viamonte3/functions.php' not found or unable to stat
[Wed Jan 21 01:50:13.927933 2026] [php:error] [pid 22088] [client 145.239.10.137:0] script '/domains/system_suspended/1a.php' not found or unable to stat, referer: http://andrewpastorino.com/1a.php
[Wed Jan 21 01:50:21.395827 2026] [php:error] [pid 22102] [client 4.194.64.69:0] script '/domains/windsorweb/ioxi-o.php' not found or unable to stat
[Wed Jan 21 01:50:21.630932 2026] [php:error] [pid 22102] [client 4.194.64.69:0] script '/domains/windsorweb/0x.php' not found or unable to stat
[Wed Jan 21 01:50:21.866214 2026] [php:error] [pid 22102] [client 4.194.64.69:0] script '/domains/windsorweb/222.php' not found or unable to stat
[Wed Jan 21 01:50:22.101367 2026] [php:error] [pid 22102] [client 4.194.64.69:0] script '/domains/windsorweb/aa.php' not found or unable to stat
[Wed Jan 21 01:50:22.337506 2026] [php:error] [pid 22102] [client 4.194.64.69:0] script '/domains/windsorweb/abcd.php' not found or unable to stat
[Wed Jan 21 01:50:22.574909 2026] [php:error] [pid 22102] [client 4.194.64.69:0] script '/domains/windsorweb/admin.php' not found or unable to stat
[Wed Jan 21 01:50:23.046335 2026] [php:error] [pid 22102] [client 4.194.64.69:0] script '/domains/windsorweb/adminfuns.php' not found or unable to stat
[Wed Jan 21 01:50:23.291030 2026] [php:error] [pid 22102] [client 4.194.64.69:0] script '/domains/windsorweb/akc.php' not found or unable to stat
[Wed Jan 21 01:50:23.525925 2026] [php:error] [pid 22102] [client 4.194.64.69:0] script '/domains/windsorweb/buy.php' not found or unable to stat
[Wed Jan 21 01:50:23.764051 2026] [php:error] [pid 22102] [client 4.194.64.69:0] script '/domains/windsorweb/cong.php' not found or unable to stat
[Wed Jan 21 01:50:23.999441 2026] [php:error] [pid 22102] [client 4.194.64.69:0] script '/domains/windsorweb/ioxi-o.php' not found or unable to stat
[Wed Jan 21 01:50:24.469205 2026] [php:error] [pid 22102] [client 4.194.64.69:0] script '/domains/windsorweb/db.php' not found or unable to stat
[Wed Jan 21 01:50:24.709906 2026] [php:error] [pid 22102] [client 4.194.64.69:0] script '/domains/windsorweb/dropdown.php' not found or unable to stat
[Wed Jan 21 01:50:24.945284 2026] [php:error] [pid 22102] [client 4.194.64.69:0] script '/domains/windsorweb/file.php' not found or unable to stat
[Wed Jan 21 01:50:25.187512 2026] [php:error] [pid 22102] [client 4.194.64.69:0] script '/domains/windsorweb/goods.php' not found or unable to stat
[Wed Jan 21 01:50:25.422878 2026] [php:error] [pid 22102] [client 4.194.64.69:0] script '/domains/windsorweb/hplfuns.php' not found or unable to stat
[Wed Jan 21 01:50:25.668033 2026] [php:error] [pid 22102] [client 4.194.64.69:0] script '/domains/windsorweb/htaccess.php' not found or unable to stat
[Wed Jan 21 01:50:25.907653 2026] [php:error] [pid 22102] [client 4.194.64.69:0] script '/domains/windsorweb/images/wso.php' not found or unable to stat
[Wed Jan 21 01:50:26.393662 2026] [php:error] [pid 22102] [client 4.194.64.69:0] script '/domains/windsorweb/info.php' not found or unable to stat
[Wed Jan 21 01:50:26.641748 2026] [php:error] [pid 22102] [client 4.194.64.69:0] script '/domains/windsorweb/profile.php' not found or unable to stat
[Wed Jan 21 01:50:26.876829 2026] [php:error] [pid 22102] [client 4.194.64.69:0] script '/domains/windsorweb/sx.php' not found or unable to stat
[Wed Jan 21 01:50:31.889663 2026] [php:error] [pid 22102] [client 4.194.64.69:0] script '/domains/windsorweb/wp-fclass.php' not found or unable to stat
[Wed Jan 21 01:50:35.920749 2026] [php:error] [pid 22102] [client 4.194.64.69:0] script '/domains/windsorweb/wp-themes.php' not found or unable to stat
[Wed Jan 21 01:50:36.156103 2026] [php:error] [pid 22102] [client 4.194.64.69:0] script '/domains/windsorweb/xmlrpc.php' not found or unable to stat
[Wed Jan 21 01:52:00.217158 2026] [php:error] [pid 22123] [client 20.89.17.172:0] script '/domains/nsmd2/2.php' not found or unable to stat
[Wed Jan 21 01:52:00.566336 2026] [php:error] [pid 22123] [client 20.89.17.172:0] script '/domains/nsmd2/a.php' not found or unable to stat
[Wed Jan 21 01:52:00.733180 2026] [php:error] [pid 22123] [client 20.89.17.172:0] script '/domains/nsmd2/aaa.php' not found or unable to stat
[Wed Jan 21 01:52:00.900345 2026] [php:error] [pid 22123] [client 20.89.17.172:0] script '/domains/nsmd2/ab.php' not found or unable to stat
[Wed Jan 21 01:52:01.069185 2026] [php:error] [pid 22123] [client 20.89.17.172:0] script '/domains/nsmd2/about.php' not found or unable to stat
[Wed Jan 21 01:52:01.431976 2026] [php:error] [pid 22123] [client 20.89.17.172:0] script '/domains/nsmd2/alfa.php' not found or unable to stat
[Wed Jan 21 01:52:01.598945 2026] [php:error] [pid 22123] [client 20.89.17.172:0] script '/domains/nsmd2/api.php' not found or unable to stat
[Wed Jan 21 01:52:01.621957 2026] [php:error] [pid 22121] [client 4.190.210.95:0] script '/domains/fifibear/2.php' not found or unable to stat
[Wed Jan 21 01:52:01.765936 2026] [php:error] [pid 22123] [client 20.89.17.172:0] script '/domains/nsmd2/auth.php' not found or unable to stat
[Wed Jan 21 01:52:01.994200 2026] [php:error] [pid 22121] [client 4.190.210.95:0] script '/domains/fifibear/a.php' not found or unable to stat
[Wed Jan 21 01:52:02.116815 2026] [php:error] [pid 22123] [client 20.89.17.172:0] script '/domains/nsmd2/classwithtostring.php' not found or unable to stat
[Wed Jan 21 01:52:02.184767 2026] [php:error] [pid 22121] [client 4.190.210.95:0] script '/domains/fifibear/aaa.php' not found or unable to stat
[Wed Jan 21 01:52:02.299877 2026] [php:error] [pid 22123] [client 20.89.17.172:0] script '/domains/nsmd2/contents.php' not found or unable to stat
[Wed Jan 21 01:52:02.369025 2026] [php:error] [pid 22121] [client 4.190.210.95:0] script '/domains/fifibear/ab.php' not found or unable to stat
[Wed Jan 21 01:52:02.555344 2026] [php:error] [pid 22121] [client 4.190.210.95:0] script '/domains/fifibear/about.php' not found or unable to stat
[Wed Jan 21 01:52:02.643490 2026] [php:error] [pid 22123] [client 20.89.17.172:0] script '/domains/nsmd2/default.php' not found or unable to stat
[Wed Jan 21 01:52:02.902205 2026] [php:error] [pid 22121] [client 4.190.210.95:0] script '/domains/fifibear/alfa.php' not found or unable to stat
[Wed Jan 21 01:52:03.087063 2026] [php:error] [pid 22121] [client 4.190.210.95:0] script '/domains/fifibear/api.php' not found or unable to stat
[Wed Jan 21 01:52:03.157647 2026] [php:error] [pid 22123] [client 20.89.17.172:0] script '/domains/nsmd2/favicon.php' not found or unable to stat
[Wed Jan 21 01:52:03.275791 2026] [php:error] [pid 22121] [client 4.190.210.95:0] script '/domains/fifibear/auth.php' not found or unable to stat
[Wed Jan 21 01:52:03.336644 2026] [php:error] [pid 22123] [client 20.89.17.172:0] script '/domains/nsmd2/hehe.php' not found or unable to stat
[Wed Jan 21 01:52:03.655350 2026] [php:error] [pid 22121] [client 4.190.210.95:0] script '/domains/fifibear/classwithtostring.php' not found or unable to stat
[Wed Jan 21 01:52:03.671275 2026] [php:error] [pid 22123] [client 20.89.17.172:0] script '/domains/nsmd2/index.php' not found or unable to stat
[Wed Jan 21 01:52:03.834276 2026] [php:error] [pid 22121] [client 4.190.210.95:0] script '/domains/fifibear/contents.php' not found or unable to stat
[Wed Jan 21 01:52:03.837913 2026] [php:error] [pid 22123] [client 20.89.17.172:0] script '/domains/nsmd2/info.php' not found or unable to stat
[Wed Jan 21 01:52:04.005841 2026] [php:error] [pid 22123] [client 20.89.17.172:0] script '/domains/nsmd2/k.php' not found or unable to stat
[Wed Jan 21 01:52:04.178167 2026] [php:error] [pid 22123] [client 20.89.17.172:0] script '/domains/nsmd2/lock360.php' not found or unable to stat
[Wed Jan 21 01:52:04.209664 2026] [php:error] [pid 22121] [client 4.190.210.95:0] script '/domains/fifibear/default.php' not found or unable to stat
[Wed Jan 21 01:52:04.344991 2026] [php:error] [pid 22123] [client 20.89.17.172:0] script '/domains/nsmd2/log.php' not found or unable to stat
[Wed Jan 21 01:52:04.511754 2026] [php:error] [pid 22123] [client 20.89.17.172:0] script '/domains/nsmd2/man.php' not found or unable to stat
[Wed Jan 21 01:52:04.742206 2026] [php:error] [pid 22121] [client 4.190.210.95:0] script '/domains/fifibear/favicon.php' not found or unable to stat
[Wed Jan 21 01:52:04.854491 2026] [php:error] [pid 22123] [client 20.89.17.172:0] script '/domains/nsmd2/post.php' not found or unable to stat
[Wed Jan 21 01:52:04.917320 2026] [php:error] [pid 22121] [client 4.190.210.95:0] script '/domains/fifibear/hehe.php' not found or unable to stat
[Wed Jan 21 01:52:05.188853 2026] [php:error] [pid 22123] [client 20.89.17.172:0] script '/domains/nsmd2/root.php' not found or unable to stat
[Wed Jan 21 01:52:05.269939 2026] [php:error] [pid 22121] [client 4.190.210.95:0] script '/domains/fifibear/index.php' not found or unable to stat
[Wed Jan 21 01:52:05.357328 2026] [php:error] [pid 22123] [client 20.89.17.172:0] script '/domains/nsmd2/shellv3.php' not found or unable to stat
[Wed Jan 21 01:52:05.455062 2026] [php:error] [pid 22121] [client 4.190.210.95:0] script '/domains/fifibear/info.php' not found or unable to stat
[Wed Jan 21 01:52:05.677317 2026] [php:error] [pid 22121] [client 4.190.210.95:0] script '/domains/fifibear/k.php' not found or unable to stat
[Wed Jan 21 01:52:05.701767 2026] [php:error] [pid 22123] [client 20.89.17.172:0] script '/domains/nsmd2/system.php' not found or unable to stat
[Wed Jan 21 01:52:05.844160 2026] [php:error] [pid 22121] [client 4.190.210.95:0] script '/domains/fifibear/lock360.php' not found or unable to stat
[Wed Jan 21 01:52:05.868386 2026] [php:error] [pid 22123] [client 20.89.17.172:0] script '/domains/nsmd2/test.php' not found or unable to stat
[Wed Jan 21 01:52:06.024157 2026] [php:error] [pid 22121] [client 4.190.210.95:0] script '/domains/fifibear/log.php' not found or unable to stat
[Wed Jan 21 01:52:06.038111 2026] [php:error] [pid 22123] [client 20.89.17.172:0] script '/domains/nsmd2/theme.php' not found or unable to stat
[Wed Jan 21 01:52:06.204927 2026] [php:error] [pid 22123] [client 20.89.17.172:0] script '/domains/nsmd2/wp-activat.php' not found or unable to stat
[Wed Jan 21 01:52:06.206371 2026] [php:error] [pid 22121] [client 4.190.210.95:0] script '/domains/fifibear/man.php' not found or unable to stat
[Wed Jan 21 01:52:06.372068 2026] [php:error] [pid 22123] [client 20.89.17.172:0] script '/domains/nsmd2/wp-admin.php' not found or unable to stat
[Wed Jan 21 01:52:06.551702 2026] [php:error] [pid 22121] [client 4.190.210.95:0] script '/domains/fifibear/post.php' not found or unable to stat
[Wed Jan 21 01:52:06.889325 2026] [php:error] [pid 22121] [client 4.190.210.95:0] script '/domains/fifibear/root.php' not found or unable to stat
[Wed Jan 21 01:52:07.057578 2026] [php:error] [pid 22121] [client 4.190.210.95:0] script '/domains/fifibear/shellv3.php' not found or unable to stat
[Wed Jan 21 01:52:07.218282 2026] [php:error] [pid 22123] [client 20.89.17.172:0] script '/domains/nsmd2/wp-blog.php' not found or unable to stat
[Wed Jan 21 01:52:07.385087 2026] [php:error] [pid 22123] [client 20.89.17.172:0] script '/domains/nsmd2/wp-conf.php' not found or unable to stat
[Wed Jan 21 01:52:07.401156 2026] [php:error] [pid 22121] [client 4.190.210.95:0] script '/domains/fifibear/system.php' not found or unable to stat
[Wed Jan 21 01:52:07.585175 2026] [php:error] [pid 22121] [client 4.190.210.95:0] script '/domains/fifibear/test.php' not found or unable to stat
[Wed Jan 21 01:52:07.775524 2026] [php:error] [pid 22121] [client 4.190.210.95:0] script '/domains/fifibear/theme.php' not found or unable to stat
[Wed Jan 21 01:52:07.960344 2026] [php:error] [pid 22121] [client 4.190.210.95:0] script '/domains/fifibear/wp-activat.php' not found or unable to stat
[Wed Jan 21 01:52:08.145000 2026] [php:error] [pid 22121] [client 4.190.210.95:0] script '/domains/fifibear/wp-admin.php' not found or unable to stat
[Wed Jan 21 01:52:09.021941 2026] [php:error] [pid 22121] [client 4.190.210.95:0] script '/domains/fifibear/wp-blog.php' not found or unable to stat
[Wed Jan 21 01:52:09.081820 2026] [php:error] [pid 22123] [client 20.89.17.172:0] script '/domains/nsmd2/wp-file.php' not found or unable to stat
[Wed Jan 21 01:52:09.204715 2026] [php:error] [pid 22121] [client 4.190.210.95:0] script '/domains/fifibear/wp-conf.php' not found or unable to stat
[Wed Jan 21 01:52:09.248493 2026] [php:error] [pid 22123] [client 20.89.17.172:0] script '/domains/nsmd2/wp-include.php' not found or unable to stat
[Wed Jan 21 01:52:10.952671 2026] [php:error] [pid 22121] [client 4.190.210.95:0] script '/domains/fifibear/wp-file.php' not found or unable to stat
[Wed Jan 21 01:52:11.103933 2026] [php:error] [pid 22123] [client 20.89.17.172:0] script '/domains/nsmd2/wp-logs.php' not found or unable to stat
[Wed Jan 21 01:52:11.119921 2026] [php:error] [pid 22121] [client 4.190.210.95:0] script '/domains/fifibear/wp-include.php' not found or unable to stat
[Wed Jan 21 01:52:11.270641 2026] [php:error] [pid 22123] [client 20.89.17.172:0] script '/domains/nsmd2/xmlrpc.php' not found or unable to stat
[Wed Jan 21 01:52:12.790009 2026] [php:error] [pid 22123] [client 20.89.17.172:0] script '/domains/nsmd2/WSO.php' not found or unable to stat
[Wed Jan 21 01:52:13.121228 2026] [php:error] [pid 22121] [client 4.190.210.95:0] script '/domains/fifibear/wp-logs.php' not found or unable to stat
[Wed Jan 21 01:52:13.301388 2026] [php:error] [pid 22121] [client 4.190.210.95:0] script '/domains/fifibear/xmlrpc.php' not found or unable to stat
[Wed Jan 21 01:52:14.895216 2026] [php:error] [pid 22121] [client 4.190.210.95:0] script '/domains/fifibear/WSO.php' not found or unable to stat
[Wed Jan 21 01:52:15.981385 2026] [php:error] [pid 22123] [client 20.89.17.172:0] script '/domains/nsmd2/goods.php' not found or unable to stat
[Wed Jan 21 01:52:17.160917 2026] [php:error] [pid 22123] [client 20.89.17.172:0] script '/domains/nsmd2/edit.php' not found or unable to stat
[Wed Jan 21 01:52:17.666139 2026] [php:error] [pid 22131] [client 20.89.17.172:0] script '/domains/nsmd2/file5.php' not found or unable to stat
[Wed Jan 21 01:52:18.356918 2026] [php:error] [pid 22131] [client 20.89.17.172:0] script '/domains/nsmd2/aa.php' not found or unable to stat
[Wed Jan 21 01:52:18.529422 2026] [php:error] [pid 22121] [client 4.190.210.95:0] script '/domains/fifibear/goods.php' not found or unable to stat
[Wed Jan 21 01:52:19.832652 2026] [php:error] [pid 22121] [client 4.190.210.95:0] script '/domains/fifibear/edit.php' not found or unable to stat
[Wed Jan 21 01:52:19.893079 2026] [php:error] [pid 22131] [client 20.89.17.172:0] script '/domains/nsmd2/autoload_classmap.php' not found or unable to stat
[Wed Jan 21 01:52:20.378903 2026] [php:error] [pid 22118] [client 4.190.210.95:0] script '/domains/fifibear/file5.php' not found or unable to stat
[Wed Jan 21 01:52:21.107980 2026] [php:error] [pid 22118] [client 4.190.210.95:0] script '/domains/fifibear/aa.php' not found or unable to stat
[Wed Jan 21 01:52:22.122258 2026] [php:error] [pid 22131] [client 20.89.17.172:0] script '/domains/nsmd2/file.php' not found or unable to stat
[Wed Jan 21 01:52:22.771223 2026] [php:error] [pid 22118] [client 4.190.210.95:0] script '/domains/fifibear/autoload_classmap.php' not found or unable to stat
[Wed Jan 21 01:52:23.160709 2026] [php:error] [pid 22131] [client 20.89.17.172:0] script '/domains/nsmd2/inputs.php' not found or unable to stat
[Wed Jan 21 01:52:23.669535 2026] [php:error] [pid 22131] [client 20.89.17.172:0] script '/domains/nsmd2/1.php' not found or unable to stat
[Wed Jan 21 01:52:25.176715 2026] [php:error] [pid 22118] [client 4.190.210.95:0] script '/domains/fifibear/file.php' not found or unable to stat
[Wed Jan 21 01:52:26.362822 2026] [php:error] [pid 22118] [client 4.190.210.95:0] script '/domains/fifibear/inputs.php' not found or unable to stat
[Wed Jan 21 01:52:26.955742 2026] [php:error] [pid 22118] [client 4.190.210.95:0] script '/domains/fifibear/1.php' not found or unable to stat
[Wed Jan 21 01:52:26.959601 2026] [php:error] [pid 22131] [client 20.89.17.172:0] script '/domains/nsmd2/flower.php' not found or unable to stat
[Wed Jan 21 01:52:29.900270 2026] [php:error] [pid 22131] [client 20.89.17.172:0] script '/domains/nsmd2/ioxi-o.php' not found or unable to stat
[Wed Jan 21 01:52:30.087298 2026] [php:error] [pid 22131] [client 20.89.17.172:0] script '/domains/nsmd2/radio.php' not found or unable to stat
[Wed Jan 21 01:52:30.680007 2026] [php:error] [pid 22118] [client 4.190.210.95:0] script '/domains/fifibear/flower.php' not found or unable to stat
[Wed Jan 21 01:52:31.109098 2026] [php:error] [pid 22131] [client 20.89.17.172:0] script '/domains/nsmd2/admin.php' not found or unable to stat
[Wed Jan 21 01:52:31.279098 2026] [php:error] [pid 22131] [client 20.89.17.172:0] script '/domains/nsmd2/functions.php' not found or unable to stat
[Wed Jan 21 01:52:31.660076 2026] [php:error] [pid 22130] [client 106.215.161.193:0] script '/domains/fbardin/xmlrpc.php' not found or unable to stat
[Wed Jan 21 01:52:33.898831 2026] [php:error] [pid 22118] [client 4.190.210.95:0] script '/domains/fifibear/ioxi-o.php' not found or unable to stat
[Wed Jan 21 01:52:34.108039 2026] [php:error] [pid 22118] [client 4.190.210.95:0] script '/domains/fifibear/radio.php' not found or unable to stat
[Wed Jan 21 01:52:35.237076 2026] [php:error] [pid 22118] [client 4.190.210.95:0] script '/domains/fifibear/admin.php' not found or unable to stat
[Wed Jan 21 01:52:35.405403 2026] [php:error] [pid 22118] [client 4.190.210.95:0] script '/domains/fifibear/functions.php' not found or unable to stat
[Wed Jan 21 01:53:06.291219 2026] [php:error] [pid 22135] [client 154.47.20.226:0] script '/domains/covertcomic/wp-login.php' not found or unable to stat
[Wed Jan 21 01:53:28.596509 2026] [php:error] [pid 22118] [client 145.239.10.137:0] script '/domains/hdickens.enteract/x.php' not found or unable to stat, referer: http://hollydickens.com/x.php
[Wed Jan 21 01:53:49.976039 2026] [php:error] [pid 22134] [client 4.217.181.220:0] script '/domains/micra/aa.php' not found or unable to stat
[Wed Jan 21 01:53:50.160118 2026] [php:error] [pid 22134] [client 4.217.181.220:0] script '/domains/micra/about.php' not found or unable to stat
[Wed Jan 21 01:53:50.343500 2026] [php:error] [pid 22134] [client 4.217.181.220:0] script '/domains/micra/adminfuns.php' not found or unable to stat
[Wed Jan 21 01:53:50.529694 2026] [php:error] [pid 22134] [client 4.217.181.220:0] script '/domains/micra/bolt.php' not found or unable to stat
[Wed Jan 21 01:53:50.713720 2026] [php:error] [pid 22134] [client 4.217.181.220:0] script '/domains/micra/buy.php' not found or unable to stat
[Wed Jan 21 01:53:50.899909 2026] [php:error] [pid 22134] [client 4.217.181.220:0] script '/domains/micra/goods.php' not found or unable to stat
[Wed Jan 21 01:53:51.096684 2026] [php:error] [pid 22134] [client 4.217.181.220:0] script '/domains/micra/deepseek_d.php' not found or unable to stat
[Wed Jan 21 01:53:51.294913 2026] [php:error] [pid 22134] [client 4.217.181.220:0] script '/domains/micra/file.php' not found or unable to stat
[Wed Jan 21 01:53:51.478656 2026] [php:error] [pid 22134] [client 4.217.181.220:0] script '/domains/micra/ioxi-o.php' not found or unable to stat
[Wed Jan 21 01:53:51.856247 2026] [php:error] [pid 22134] [client 4.217.181.220:0] script '/domains/micra/test1.php' not found or unable to stat
[Wed Jan 21 01:53:52.043800 2026] [php:error] [pid 22134] [client 4.217.181.220:0] script '/domains/micra/elp.php' not found or unable to stat
[Wed Jan 21 01:53:52.808578 2026] [php:error] [pid 22134] [client 4.217.181.220:0] script '/domains/micra/xmlrpc.php' not found or unable to stat
[Wed Jan 21 01:53:52.995046 2026] [php:error] [pid 22134] [client 4.217.181.220:0] script '/domains/micra/inputs.php' not found or unable to stat
[Wed Jan 21 01:53:53.183756 2026] [php:error] [pid 22134] [client 4.217.181.220:0] script '/domains/micra/classsmtps.php' not found or unable to stat
[Wed Jan 21 01:53:53.379876 2026] [php:error] [pid 22134] [client 4.217.181.220:0] script '/domains/micra/wp-trackback.php' not found or unable to stat
[Wed Jan 21 01:53:53.563817 2026] [php:error] [pid 22134] [client 4.217.181.220:0] script '/domains/micra/wp-cron.php' not found or unable to stat
[Wed Jan 21 01:53:53.750411 2026] [php:error] [pid 22134] [client 4.217.181.220:0] script '/domains/micra/wp-load.php' not found or unable to stat
[Wed Jan 21 01:53:53.943407 2026] [php:error] [pid 22134] [client 4.217.181.220:0] script '/domains/micra/wp-mail.php' not found or unable to stat
[Wed Jan 21 01:53:54.134086 2026] [php:error] [pid 22134] [client 4.217.181.220:0] script '/domains/micra/wp-activate.php' not found or unable to stat
[Wed Jan 21 01:53:54.318758 2026] [php:error] [pid 22134] [client 4.217.181.220:0] script '/domains/micra/plugins.php' not found or unable to stat
[Wed Jan 21 01:53:54.508270 2026] [php:error] [pid 22134] [client 4.217.181.220:0] script '/domains/micra/admin.php' not found or unable to stat
[Wed Jan 21 01:53:54.701918 2026] [php:error] [pid 22134] [client 4.217.181.220:0] script '/domains/micra/atomlib.php' not found or unable to stat
[Wed Jan 21 01:53:54.886545 2026] [php:error] [pid 22134] [client 4.217.181.220:0] script '/domains/micra/simple.php' not found or unable to stat
[Wed Jan 21 01:53:55.071528 2026] [php:error] [pid 22134] [client 4.217.181.220:0] script '/domains/micra/log.php' not found or unable to stat
[Wed Jan 21 01:53:55.263470 2026] [php:error] [pid 22134] [client 4.217.181.220:0] script '/domains/micra/lufix.php' not found or unable to stat
[Wed Jan 21 01:53:55.449558 2026] [php:error] [pid 22134] [client 4.217.181.220:0] script '/domains/micra/content.php' not found or unable to stat
[Wed Jan 21 01:53:55.648913 2026] [php:error] [pid 22134] [client 4.217.181.220:0] script '/domains/micra/wp.php' not found or unable to stat
[Wed Jan 21 01:53:55.838804 2026] [php:error] [pid 22134] [client 4.217.181.220:0] script '/domains/micra/wp-conflg.php' not found or unable to stat
[Wed Jan 21 01:53:56.027540 2026] [php:error] [pid 22134] [client 4.217.181.220:0] script '/domains/micra/404.php' not found or unable to stat
[Wed Jan 21 01:53:56.211349 2026] [php:error] [pid 22134] [client 4.217.181.220:0] script '/domains/micra/updates.php' not found or unable to stat
[Wed Jan 21 01:53:56.404851 2026] [php:error] [pid 22134] [client 4.217.181.220:0] script '/domains/micra/radio.php' not found or unable to stat
[Wed Jan 21 01:53:56.596378 2026] [php:error] [pid 22134] [client 4.217.181.220:0] script '/domains/micra/xmrlpc.php' not found or unable to stat
[Wed Jan 21 01:53:56.780826 2026] [php:error] [pid 22134] [client 4.217.181.220:0] script '/domains/micra/moon.php' not found or unable to stat
[Wed Jan 21 01:53:56.966461 2026] [php:error] [pid 22134] [client 4.217.181.220:0] script '/domains/micra/blog.php' not found or unable to stat
[Wed Jan 21 01:53:57.151874 2026] [php:error] [pid 22134] [client 4.217.181.220:0] script '/domains/micra/themes.php' not found or unable to stat
[Wed Jan 21 01:53:57.343768 2026] [php:error] [pid 22134] [client 4.217.181.220:0] script '/domains/micra/ini.php' not found or unable to stat
[Wed Jan 21 01:53:57.530063 2026] [php:error] [pid 22134] [client 4.217.181.220:0] script '/domains/micra/as.php' not found or unable to stat
[Wed Jan 21 01:53:57.715289 2026] [php:error] [pid 22134] [client 4.217.181.220:0] script '/domains/micra/ws.php' not found or unable to stat
[Wed Jan 21 01:53:57.898673 2026] [php:error] [pid 22134] [client 4.217.181.220:0] script '/domains/micra/dropdown.php' not found or unable to stat
[Wed Jan 21 01:53:58.093102 2026] [php:error] [pid 22134] [client 4.217.181.220:0] script '/domains/micra/makeasmtp.php' not found or unable to stat
[Wed Jan 21 01:53:58.276586 2026] [php:error] [pid 22134] [client 4.217.181.220:0] script '/domains/micra/alfanew.php' not found or unable to stat
[Wed Jan 21 01:53:58.475155 2026] [php:error] [pid 22134] [client 4.217.181.220:0] script '/domains/micra/fw.php' not found or unable to stat
[Wed Jan 21 01:53:58.664494 2026] [php:error] [pid 22134] [client 4.217.181.220:0] script '/domains/micra/install.php' not found or unable to stat
[Wed Jan 21 01:53:58.848364 2026] [php:error] [pid 22134] [client 4.217.181.220:0] script '/domains/micra/chosen.php' not found or unable to stat
[Wed Jan 21 01:54:30.788288 2026] [core:crit] [pid 22121] (13)Permission denied: [client 216.244.66.247:0] AH00529: /domains/performancepartsinc/graphics/psd/.htaccess pcfg_openfile: unable to check htaccess file, ensure it is readable and that '/domains/performancepartsinc/graphics/psd/' is executable
[Wed Jan 21 01:54:58.993584 2026] [php:error] [pid 22131] [client 158.173.154.45:0] script '/domains/brenties/wp-login.php' not found or unable to stat
[Wed Jan 21 01:55:17.751832 2026] [php:error] [pid 22118] [client 52.147.68.140:0] script '/domains/domilici/ioxi-o.php' not found or unable to stat
[Wed Jan 21 01:55:17.918212 2026] [php:error] [pid 22118] [client 52.147.68.140:0] script '/domains/domilici/0x.php' not found or unable to stat
[Wed Jan 21 01:55:18.082989 2026] [php:error] [pid 22118] [client 52.147.68.140:0] script '/domains/domilici/222.php' not found or unable to stat
[Wed Jan 21 01:55:18.247761 2026] [php:error] [pid 22118] [client 52.147.68.140:0] script '/domains/domilici/aa.php' not found or unable to stat
[Wed Jan 21 01:55:18.415990 2026] [php:error] [pid 22118] [client 52.147.68.140:0] script '/domains/domilici/abcd.php' not found or unable to stat
[Wed Jan 21 01:55:18.581708 2026] [php:error] [pid 22118] [client 52.147.68.140:0] script '/domains/domilici/admin.php' not found or unable to stat
[Wed Jan 21 01:55:18.913062 2026] [php:error] [pid 22118] [client 52.147.68.140:0] script '/domains/domilici/adminfuns.php' not found or unable to stat
[Wed Jan 21 01:55:19.087425 2026] [php:error] [pid 22118] [client 52.147.68.140:0] script '/domains/domilici/akc.php' not found or unable to stat
[Wed Jan 21 01:55:19.252295 2026] [php:error] [pid 22118] [client 52.147.68.140:0] script '/domains/domilici/buy.php' not found or unable to stat
[Wed Jan 21 01:55:19.416952 2026] [php:error] [pid 22118] [client 52.147.68.140:0] script '/domains/domilici/cong.php' not found or unable to stat
[Wed Jan 21 01:55:19.590096 2026] [php:error] [pid 22118] [client 52.147.68.140:0] script '/domains/domilici/ioxi-o.php' not found or unable to stat
[Wed Jan 21 01:55:19.919818 2026] [php:error] [pid 22118] [client 52.147.68.140:0] script '/domains/domilici/db.php' not found or unable to stat
[Wed Jan 21 01:55:20.096506 2026] [php:error] [pid 22118] [client 52.147.68.140:0] script '/domains/domilici/dropdown.php' not found or unable to stat
[Wed Jan 21 01:55:20.261444 2026] [php:error] [pid 22118] [client 52.147.68.140:0] script '/domains/domilici/file.php' not found or unable to stat
[Wed Jan 21 01:55:20.426334 2026] [php:error] [pid 22118] [client 52.147.68.140:0] script '/domains/domilici/goods.php' not found or unable to stat
[Wed Jan 21 01:55:20.599695 2026] [php:error] [pid 22118] [client 52.147.68.140:0] script '/domains/domilici/hplfuns.php' not found or unable to stat
[Wed Jan 21 01:55:20.765857 2026] [php:error] [pid 22118] [client 52.147.68.140:0] script '/domains/domilici/htaccess.php' not found or unable to stat
[Wed Jan 21 01:55:21.268967 2026] [php:error] [pid 22118] [client 52.147.68.140:0] script '/domains/domilici/info.php' not found or unable to stat
[Wed Jan 21 01:55:21.434946 2026] [php:error] [pid 22118] [client 52.147.68.140:0] script '/domains/domilici/profile.php' not found or unable to stat
[Wed Jan 21 01:55:21.599967 2026] [php:error] [pid 22118] [client 52.147.68.140:0] script '/domains/domilici/sx.php' not found or unable to stat
[Wed Jan 21 01:55:25.134119 2026] [php:error] [pid 22118] [client 52.147.68.140:0] script '/domains/domilici/wp-fclass.php' not found or unable to stat
[Wed Jan 21 01:55:27.983632 2026] [php:error] [pid 22118] [client 52.147.68.140:0] script '/domains/domilici/wp-themes.php' not found or unable to stat
[Wed Jan 21 01:55:28.148456 2026] [php:error] [pid 22118] [client 52.147.68.140:0] script '/domains/domilici/xmlrpc.php' not found or unable to stat
[Wed Jan 21 01:56:38.359308 2026] [php:error] [pid 22163] [client 4.197.167.136:0] script '/domains/system_default/class.php' not found or unable to stat
[Wed Jan 21 01:56:38.561304 2026] [php:error] [pid 22163] [client 4.197.167.136:0] script '/domains/system_default/lm13.php' not found or unable to stat
[Wed Jan 21 01:56:38.910765 2026] [php:error] [pid 22163] [client 4.197.167.136:0] script '/domains/system_default/1aa.php' not found or unable to stat
[Wed Jan 21 01:56:39.127628 2026] [php:error] [pid 22163] [client 4.197.167.136:0] script '/domains/system_default/menu.php' not found or unable to stat
[Wed Jan 21 01:56:39.330008 2026] [php:error] [pid 22163] [client 4.197.167.136:0] script '/domains/system_default/mail.php' not found or unable to stat
