[Wed Jan 21 02:35:00.500411 2026] [php:error] [pid 28210] [client 4.241.216.217:0] script '/domains/cccweb/eee.php' not found or unable to stat
[Wed Jan 21 02:35:00.658832 2026] [php:error] [pid 28210] [client 4.241.216.217:0] script '/domains/cccweb/webadmin.php' not found or unable to stat
[Wed Jan 21 02:35:00.801843 2026] [php:error] [pid 28220] [client 4.241.216.217:0] script '/domains/smartny/webadmin.php' not found or unable to stat
[Wed Jan 21 02:35:00.816581 2026] [php:error] [pid 28210] [client 4.241.216.217:0] script '/domains/cccweb/galex.php' not found or unable to stat
[Wed Jan 21 02:35:00.983831 2026] [php:error] [pid 28210] [client 4.241.216.217:0] script '/domains/cccweb/tinyfilemanager.php' not found or unable to stat
[Wed Jan 21 02:35:01.141932 2026] [php:error] [pid 28210] [client 4.241.216.217:0] script '/domains/cccweb/class.api.php' not found or unable to stat
[Wed Jan 21 02:35:01.299983 2026] [php:error] [pid 28210] [client 4.241.216.217:0] script '/domains/cccweb/support.php' not found or unable to stat
[Wed Jan 21 02:35:01.960897 2026] [php:error] [pid 28220] [client 4.241.216.217:0] script '/domains/smartny/galex.php' not found or unable to stat
[Wed Jan 21 02:35:01.980881 2026] [php:error] [pid 28210] [client 4.241.216.217:0] script '/domains/cccweb/dox.php' not found or unable to stat
[Wed Jan 21 02:35:02.138816 2026] [php:error] [pid 28210] [client 4.241.216.217:0] script '/domains/cccweb/siteheads.php' not found or unable to stat
[Wed Jan 21 02:35:02.301390 2026] [php:error] [pid 28210] [client 4.241.216.217:0] script '/domains/cccweb/0x.php' not found or unable to stat
[Wed Jan 21 02:35:02.640677 2026] [php:error] [pid 28210] [client 4.241.216.217:0] script '/domains/cccweb/wp-logout.php' not found or unable to stat
[Wed Jan 21 02:35:02.799201 2026] [php:error] [pid 28210] [client 4.241.216.217:0] script '/domains/cccweb/87.php' not found or unable to stat
[Wed Jan 21 02:35:02.958603 2026] [php:error] [pid 28210] [client 4.241.216.217:0] script '/domains/cccweb/0o0.php' not found or unable to stat
[Wed Jan 21 02:35:03.118982 2026] [php:error] [pid 28210] [client 4.241.216.217:0] script '/domains/cccweb/lv.php' not found or unable to stat
[Wed Jan 21 02:35:03.285328 2026] [php:error] [pid 28220] [client 4.241.216.217:0] script '/domains/smartny/tinyfilemanager.php' not found or unable to stat
[Wed Jan 21 02:35:03.321136 2026] [php:error] [pid 28210] [client 4.241.216.217:0] script '/domains/cccweb/dropdown.php' not found or unable to stat
[Wed Jan 21 02:35:03.499171 2026] [php:error] [pid 28210] [client 4.241.216.217:0] script '/domains/cccweb/wsheet1.php' not found or unable to stat
[Wed Jan 21 02:35:03.822054 2026] [php:error] [pid 28210] [client 4.241.216.217:0] script '/domains/cccweb/size.php' not found or unable to stat
[Wed Jan 21 02:35:03.980068 2026] [php:error] [pid 28210] [client 4.241.216.217:0] script '/domains/cccweb/ms-users.php' not found or unable to stat
[Wed Jan 21 02:35:04.296159 2026] [php:error] [pid 28210] [client 4.241.216.217:0] script '/domains/cccweb/revision.php' not found or unable to stat
[Wed Jan 21 02:35:04.454011 2026] [php:error] [pid 28210] [client 4.241.216.217:0] script '/domains/cccweb/12.php' not found or unable to stat
[Wed Jan 21 02:35:04.606236 2026] [php:error] [pid 28220] [client 4.241.216.217:0] script '/domains/smartny/class.api.php' not found or unable to stat
[Wed Jan 21 02:35:04.771267 2026] [php:error] [pid 28210] [client 4.241.216.217:0] script '/domains/cccweb/img.php' not found or unable to stat
[Wed Jan 21 02:35:04.929304 2026] [php:error] [pid 28210] [client 4.241.216.217:0] script '/domains/cccweb/menu.php' not found or unable to stat
[Wed Jan 21 02:35:05.086933 2026] [php:error] [pid 28210] [client 4.241.216.217:0] script '/domains/cccweb/tinyfilemanager.php' not found or unable to stat
[Wed Jan 21 02:35:05.244994 2026] [php:error] [pid 28210] [client 4.241.216.217:0] script '/domains/cccweb/test1.php' not found or unable to stat
[Wed Jan 21 02:35:05.413547 2026] [php:error] [pid 28210] [client 4.241.216.217:0] script '/domains/cccweb/shell20211028.php' not found or unable to stat
[Wed Jan 21 02:35:05.575989 2026] [php:error] [pid 28210] [client 4.241.216.217:0] script '/domains/cccweb/ton.php' not found or unable to stat
[Wed Jan 21 02:35:05.809700 2026] [php:error] [pid 28220] [client 4.241.216.217:0] script '/domains/smartny/support.php' not found or unable to stat
[Wed Jan 21 02:35:05.823551 2026] [php:error] [pid 28210] [client 4.241.216.217:0] script '/domains/cccweb/item.php' not found or unable to stat
[Wed Jan 21 02:35:06.018144 2026] [php:error] [pid 28210] [client 4.241.216.217:0] script '/domains/cccweb/lala.php' not found or unable to stat
[Wed Jan 21 02:35:06.400844 2026] [php:error] [pid 28210] [client 4.241.216.217:0] script '/domains/cccweb/page.php' not found or unable to stat
[Wed Jan 21 02:35:06.558939 2026] [php:error] [pid 28210] [client 4.241.216.217:0] script '/domains/cccweb/tempfuns.php' not found or unable to stat
[Wed Jan 21 02:35:06.717190 2026] [php:error] [pid 28210] [client 4.241.216.217:0] script '/domains/cccweb/past.php' not found or unable to stat
[Wed Jan 21 02:35:06.875722 2026] [php:error] [pid 28210] [client 4.241.216.217:0] script '/domains/cccweb/log.php' not found or unable to stat
[Wed Jan 21 02:35:07.039270 2026] [php:error] [pid 28210] [client 4.241.216.217:0] script '/domains/cccweb/wen.php' not found or unable to stat
[Wed Jan 21 02:35:07.372244 2026] [php:error] [pid 28210] [client 4.241.216.217:0] script '/domains/cccweb/sf.php' not found or unable to stat
[Wed Jan 21 02:35:07.530239 2026] [php:error] [pid 28210] [client 4.241.216.217:0] script '/domains/cccweb/simple.php' not found or unable to stat
[Wed Jan 21 02:35:07.979782 2026] [php:error] [pid 28210] [client 4.241.216.217:0] script '/domains/cccweb/admiin.php' not found or unable to stat
[Wed Jan 21 02:35:08.675533 2026] [php:error] [pid 28210] [client 4.241.216.217:0] script '/domains/cccweb/9v6.php' not found or unable to stat
[Wed Jan 21 02:35:08.833449 2026] [php:error] [pid 28210] [client 4.241.216.217:0] script '/domains/cccweb/doc.php' not found or unable to stat
[Wed Jan 21 02:35:08.992061 2026] [php:error] [pid 28210] [client 4.241.216.217:0] script '/domains/cccweb/ha.php' not found or unable to stat
[Wed Jan 21 02:35:09.155593 2026] [php:error] [pid 28210] [client 4.241.216.217:0] script '/domains/cccweb/F0x.php' not found or unable to stat
[Wed Jan 21 02:35:09.313637 2026] [php:error] [pid 28210] [client 4.241.216.217:0] script '/domains/cccweb/file2.php' not found or unable to stat
[Wed Jan 21 02:35:09.471602 2026] [php:error] [pid 28210] [client 4.241.216.217:0] script '/domains/cccweb/cong.php' not found or unable to stat
[Wed Jan 21 02:35:09.571125 2026] [php:error] [pid 28220] [client 4.241.216.217:0] script '/domains/smartny/dox.php' not found or unable to stat
[Wed Jan 21 02:35:09.630126 2026] [php:error] [pid 28210] [client 4.241.216.217:0] script '/domains/cccweb/a2.php' not found or unable to stat
[Wed Jan 21 02:35:09.795305 2026] [php:error] [pid 28210] [client 4.241.216.217:0] script '/domains/cccweb/up4.php' not found or unable to stat
[Wed Jan 21 02:35:09.958611 2026] [php:error] [pid 28210] [client 4.241.216.217:0] script '/domains/cccweb/gtc.php' not found or unable to stat
[Wed Jan 21 02:35:10.117183 2026] [php:error] [pid 28210] [client 4.241.216.217:0] script '/domains/cccweb/dbc.php' not found or unable to stat
[Wed Jan 21 02:35:10.275581 2026] [php:error] [pid 28210] [client 4.241.216.217:0] script '/domains/cccweb/xa.php' not found or unable to stat
[Wed Jan 21 02:35:10.485145 2026] [php:error] [pid 28210] [client 4.241.216.217:0] script '/domains/cccweb/content.php' not found or unable to stat
[Wed Jan 21 02:35:10.644336 2026] [php:error] [pid 28210] [client 4.241.216.217:0] script '/domains/cccweb/oo.php' not found or unable to stat
[Wed Jan 21 02:35:10.810800 2026] [php:error] [pid 28210] [client 4.241.216.217:0] script '/domains/cccweb/ws35.php' not found or unable to stat
[Wed Jan 21 02:35:10.969621 2026] [php:error] [pid 28210] [client 4.241.216.217:0] script '/domains/cccweb/222.php' not found or unable to stat
[Wed Jan 21 02:35:11.132112 2026] [php:error] [pid 28210] [client 4.241.216.217:0] script '/domains/cccweb/z60.php' not found or unable to stat
[Wed Jan 21 02:35:11.290488 2026] [php:error] [pid 28210] [client 4.241.216.217:0] script '/domains/cccweb/wp-freya.php' not found or unable to stat
[Wed Jan 21 02:35:11.448306 2026] [php:error] [pid 28210] [client 4.241.216.217:0] script '/domains/cccweb/ccou.php' not found or unable to stat
[Wed Jan 21 02:35:11.587746 2026] [php:error] [pid 28220] [client 4.241.216.217:0] script '/domains/smartny/siteheads.php' not found or unable to stat
[Wed Jan 21 02:35:11.808801 2026] [php:error] [pid 28210] [client 4.241.216.217:0] script '/domains/cccweb/abc.php' not found or unable to stat
[Wed Jan 21 02:35:11.967137 2026] [php:error] [pid 28210] [client 4.241.216.217:0] script '/domains/cccweb/ant.php' not found or unable to stat
[Wed Jan 21 02:35:12.125580 2026] [php:error] [pid 28210] [client 4.241.216.217:0] script '/domains/cccweb/ma.php' not found or unable to stat
[Wed Jan 21 02:35:12.285320 2026] [php:error] [pid 28210] [client 4.241.216.217:0] script '/domains/cccweb/gecko.php' not found or unable to stat
[Wed Jan 21 02:35:12.443451 2026] [php:error] [pid 28210] [client 4.241.216.217:0] script '/domains/cccweb/ws29.php' not found or unable to stat
[Wed Jan 21 02:35:12.621990 2026] [php:error] [pid 28210] [client 4.241.216.217:0] script '/domains/cccweb/1100.php' not found or unable to stat
[Wed Jan 21 02:35:12.792011 2026] [php:error] [pid 28210] [client 4.241.216.217:0] script '/domains/cccweb/ws46.php' not found or unable to stat
[Wed Jan 21 02:35:13.041441 2026] [php:error] [pid 28220] [client 4.241.216.217:0] script '/domains/smartny/0x.php' not found or unable to stat
[Wed Jan 21 02:35:13.540023 2026] [php:error] [pid 28210] [client 4.241.216.217:0] script '/domains/cccweb/ws43.php' not found or unable to stat
[Wed Jan 21 02:35:14.273517 2026] [php:error] [pid 28210] [client 4.241.216.217:0] script '/domains/cccweb/ws36.php' not found or unable to stat
[Wed Jan 21 02:35:14.450791 2026] [php:error] [pid 28210] [client 4.241.216.217:0] script '/domains/cccweb/ws34.php' not found or unable to stat
[Wed Jan 21 02:35:14.608513 2026] [php:error] [pid 28210] [client 4.241.216.217:0] script '/domains/cccweb/rtx.php' not found or unable to stat
[Wed Jan 21 02:35:14.766686 2026] [php:error] [pid 28210] [client 4.241.216.217:0] script '/domains/cccweb/as.php' not found or unable to stat
[Wed Jan 21 02:35:14.925063 2026] [php:error] [pid 28210] [client 4.241.216.217:0] script '/domains/cccweb/ova.php' not found or unable to stat
[Wed Jan 21 02:35:15.770948 2026] [php:error] [pid 28210] [client 4.241.216.217:0] script '/domains/cccweb/blox.php' not found or unable to stat
[Wed Jan 21 02:35:15.893518 2026] [php:error] [pid 28220] [client 4.241.216.217:0] script '/domains/smartny/wp-logout.php' not found or unable to stat
[Wed Jan 21 02:35:15.928774 2026] [php:error] [pid 28210] [client 4.241.216.217:0] script '/domains/cccweb/vx.php' not found or unable to stat
[Wed Jan 21 02:35:16.467117 2026] [php:error] [pid 28210] [client 4.241.216.217:0] script '/domains/cccweb/mh.php' not found or unable to stat
[Wed Jan 21 02:35:16.643815 2026] [php:error] [pid 28210] [client 4.241.216.217:0] script '/domains/cccweb/pn.php' not found or unable to stat
[Wed Jan 21 02:35:16.804443 2026] [php:error] [pid 28210] [client 4.241.216.217:0] script '/domains/cccweb/O-Simple.php' not found or unable to stat
[Wed Jan 21 02:35:16.962578 2026] [php:error] [pid 28210] [client 4.241.216.217:0] script '/domains/cccweb/smklh.php' not found or unable to stat
[Wed Jan 21 02:35:17.120706 2026] [php:error] [pid 28210] [client 4.241.216.217:0] script '/domains/cccweb/mans.php' not found or unable to stat
[Wed Jan 21 02:35:17.278710 2026] [php:error] [pid 28210] [client 4.241.216.217:0] script '/domains/cccweb/horeg.php' not found or unable to stat
[Wed Jan 21 02:35:17.342963 2026] [php:error] [pid 28220] [client 4.241.216.217:0] script '/domains/smartny/87.php' not found or unable to stat
[Wed Jan 21 02:35:17.436437 2026] [php:error] [pid 28210] [client 4.241.216.217:0] script '/domains/cccweb/to.php' not found or unable to stat
[Wed Jan 21 02:35:17.594252 2026] [php:error] [pid 28210] [client 4.241.216.217:0] script '/domains/cccweb/wp-good.php' not found or unable to stat
[Wed Jan 21 02:35:17.767666 2026] [php:error] [pid 28210] [client 4.241.216.217:0] script '/domains/cccweb/fz.php' not found or unable to stat
[Wed Jan 21 02:35:17.925741 2026] [php:error] [pid 28210] [client 4.241.216.217:0] script '/domains/cccweb/mini.php' not found or unable to stat
[Wed Jan 21 02:35:18.083646 2026] [php:error] [pid 28210] [client 4.241.216.217:0] script '/domains/cccweb/x.php' not found or unable to stat
[Wed Jan 21 02:35:18.249830 2026] [php:error] [pid 28210] [client 4.241.216.217:0] script '/domains/cccweb/ioxi-o.php' not found or unable to stat
[Wed Jan 21 02:35:18.408413 2026] [php:error] [pid 28210] [client 4.241.216.217:0] script '/domains/cccweb/xxxx.php' not found or unable to stat
[Wed Jan 21 02:35:18.566469 2026] [php:error] [pid 28210] [client 4.241.216.217:0] script '/domains/cccweb/moon.php' not found or unable to stat
[Wed Jan 21 02:35:18.724394 2026] [php:error] [pid 28210] [client 4.241.216.217:0] script '/domains/cccweb/ws46.php' not found or unable to stat
[Wed Jan 21 02:35:18.905261 2026] [php:error] [pid 28210] [client 4.241.216.217:0] script '/domains/cccweb/wp-22.php' not found or unable to stat
[Wed Jan 21 02:35:19.065066 2026] [php:error] [pid 28210] [client 4.241.216.217:0] script '/domains/cccweb/user.php' not found or unable to stat
[Wed Jan 21 02:35:19.224112 2026] [php:error] [pid 28210] [client 4.241.216.217:0] script '/domains/cccweb/classwithtostring.php' not found or unable to stat
[Wed Jan 21 02:35:19.391887 2026] [php:error] [pid 28210] [client 4.241.216.217:0] script '/domains/cccweb/content.php' not found or unable to stat
[Wed Jan 21 02:35:19.550377 2026] [php:error] [pid 28210] [client 4.241.216.217:0] script '/domains/cccweb/wp-ana.php' not found or unable to stat
[Wed Jan 21 02:35:19.781884 2026] [php:error] [pid 28220] [client 4.241.216.217:0] script '/domains/smartny/0o0.php' not found or unable to stat
[Wed Jan 21 02:35:20.022211 2026] [php:error] [pid 28210] [client 4.241.216.217:0] script '/domains/cccweb/cwclass.php' not found or unable to stat
[Wed Jan 21 02:35:20.183915 2026] [php:error] [pid 28210] [client 4.241.216.217:0] script '/domains/cccweb/87.php' not found or unable to stat
[Wed Jan 21 02:35:20.342240 2026] [php:error] [pid 28210] [client 4.241.216.217:0] script '/domains/cccweb/error.php' not found or unable to stat
[Wed Jan 21 02:35:20.500021 2026] [php:error] [pid 28210] [client 4.241.216.217:0] script '/domains/cccweb/redi.php' not found or unable to stat
[Wed Jan 21 02:35:20.659809 2026] [php:error] [pid 28210] [client 4.241.216.217:0] script '/domains/cccweb/wsd.php' not found or unable to stat
[Wed Jan 21 02:35:21.983481 2026] [php:error] [pid 28233] [client 4.241.216.217:0] script '/domains/cccweb/image.php' not found or unable to stat
[Wed Jan 21 02:35:22.067705 2026] [php:error] [pid 28220] [client 4.241.216.217:0] script '/domains/smartny/lv.php' not found or unable to stat
[Wed Jan 21 02:35:22.156572 2026] [php:error] [pid 28233] [client 4.241.216.217:0] script '/domains/cccweb/abcd.php' not found or unable to stat
[Wed Jan 21 02:35:22.540276 2026] [php:error] [pid 28233] [client 4.241.216.217:0] script '/domains/cccweb/indo.php' not found or unable to stat
[Wed Jan 21 02:35:22.740802 2026] [php:error] [pid 28233] [client 4.241.216.217:0] script '/domains/cccweb/0xx.php' not found or unable to stat
[Wed Jan 21 02:35:22.907870 2026] [php:error] [pid 28233] [client 4.241.216.217:0] script '/domains/cccweb/o.php' not found or unable to stat
[Wed Jan 21 02:35:23.071436 2026] [php:error] [pid 28233] [client 4.241.216.217:0] script '/domains/cccweb/1.php' not found or unable to stat
[Wed Jan 21 02:35:23.247252 2026] [php:error] [pid 28233] [client 4.241.216.217:0] script '/domains/cccweb/style.php' not found or unable to stat
[Wed Jan 21 02:35:23.411230 2026] [php:error] [pid 28233] [client 4.241.216.217:0] script '/domains/cccweb/manager.php' not found or unable to stat
[Wed Jan 21 02:35:23.576873 2026] [php:error] [pid 28233] [client 4.241.216.217:0] script '/domains/cccweb/bless.php' not found or unable to stat
[Wed Jan 21 02:35:23.740361 2026] [php:error] [pid 28233] [client 4.241.216.217:0] script '/domains/cccweb/geck.php' not found or unable to stat
[Wed Jan 21 02:35:23.903212 2026] [php:error] [pid 28233] [client 4.241.216.217:0] script '/domains/cccweb/wp-configs.php' not found or unable to stat
[Wed Jan 21 02:35:24.083678 2026] [php:error] [pid 28220] [client 4.241.216.217:0] script '/domains/smartny/dropdown.php' not found or unable to stat
[Wed Jan 21 02:35:24.094552 2026] [php:error] [pid 28233] [client 4.241.216.217:0] script '/domains/cccweb/file.php' not found or unable to stat
[Wed Jan 21 02:35:24.257558 2026] [php:error] [pid 28233] [client 4.241.216.217:0] script '/domains/cccweb/11.php' not found or unable to stat
[Wed Jan 21 02:35:24.420422 2026] [php:error] [pid 28233] [client 4.241.216.217:0] script '/domains/cccweb/s.php' not found or unable to stat
[Wed Jan 21 02:35:24.584351 2026] [php:error] [pid 28233] [client 4.241.216.217:0] script '/domains/cccweb/sid3.php' not found or unable to stat
[Wed Jan 21 02:35:24.753488 2026] [php:error] [pid 28233] [client 4.241.216.217:0] script '/domains/cccweb/ng.php' not found or unable to stat
[Wed Jan 21 02:35:24.941726 2026] [php:error] [pid 28233] [client 4.241.216.217:0] script '/domains/cccweb/m.php' not found or unable to stat
[Wed Jan 21 02:35:25.109205 2026] [php:error] [pid 28233] [client 4.241.216.217:0] script '/domains/cccweb/webix.php' not found or unable to stat
[Wed Jan 21 02:35:25.268404 2026] [php:error] [pid 28220] [client 4.241.216.217:0] script '/domains/smartny/wsheet1.php' not found or unable to stat
[Wed Jan 21 02:35:25.272339 2026] [php:error] [pid 28233] [client 4.241.216.217:0] script '/domains/cccweb/az.php' not found or unable to stat
[Wed Jan 21 02:35:25.435654 2026] [php:error] [pid 28233] [client 4.241.216.217:0] script '/domains/cccweb/hans.php' not found or unable to stat
[Wed Jan 21 02:35:25.635892 2026] [php:error] [pid 28233] [client 4.241.216.217:0] script '/domains/cccweb/403.php' not found or unable to stat
[Wed Jan 21 02:35:25.817970 2026] [php:error] [pid 28233] [client 4.241.216.217:0] script '/domains/cccweb/404.php' not found or unable to stat
[Wed Jan 21 02:35:25.981940 2026] [php:error] [pid 28233] [client 4.241.216.217:0] script '/domains/cccweb/buy.php' not found or unable to stat
[Wed Jan 21 02:35:28.367500 2026] [php:error] [pid 28220] [client 4.241.216.217:0] script '/domains/smartny/size.php' not found or unable to stat
[Wed Jan 21 02:35:29.645065 2026] [php:error] [pid 28232] [client 4.217.183.253:0] script '/domains/hans.interport/class-t.api.php' not found or unable to stat
[Wed Jan 21 02:35:29.837211 2026] [php:error] [pid 28232] [client 4.217.183.253:0] script '/domains/hans.interport/zwso.php' not found or unable to stat
[Wed Jan 21 02:35:30.230350 2026] [php:error] [pid 28232] [client 4.217.183.253:0] script '/domains/hans.interport/class19.php' not found or unable to stat
[Wed Jan 21 02:35:30.419969 2026] [php:error] [pid 28220] [client 4.241.216.217:0] script '/domains/smartny/ms-users.php' not found or unable to stat
[Wed Jan 21 02:35:30.422413 2026] [php:error] [pid 28232] [client 4.217.183.253:0] script '/domains/hans.interport/class20.php' not found or unable to stat
[Wed Jan 21 02:35:30.613877 2026] [php:error] [pid 28232] [client 4.217.183.253:0] script '/domains/hans.interport/admin.php' not found or unable to stat
[Wed Jan 21 02:35:30.806486 2026] [php:error] [pid 28232] [client 4.217.183.253:0] script '/domains/hans.interport/randkeyword.php' not found or unable to stat
[Wed Jan 21 02:35:31.012860 2026] [php:error] [pid 28232] [client 4.217.183.253:0] script '/domains/hans.interport/fwe.php' not found or unable to stat
[Wed Jan 21 02:35:31.396375 2026] [php:error] [pid 28232] [client 4.217.183.253:0] script '/domains/hans.interport/g.php' not found or unable to stat
[Wed Jan 21 02:35:31.588011 2026] [php:error] [pid 28232] [client 4.217.183.253:0] script '/domains/hans.interport/tx1.php' not found or unable to stat
[Wed Jan 21 02:35:31.787472 2026] [php:error] [pid 28232] [client 4.217.183.253:0] script '/domains/hans.interport/xv.php' not found or unable to stat
[Wed Jan 21 02:35:31.979972 2026] [php:error] [pid 28232] [client 4.217.183.253:0] script '/domains/hans.interport/x56.php' not found or unable to stat
[Wed Jan 21 02:35:32.173038 2026] [php:error] [pid 28232] [client 4.217.183.253:0] script '/domains/hans.interport/htaccess.php' not found or unable to stat
[Wed Jan 21 02:35:32.364580 2026] [php:error] [pid 28232] [client 4.217.183.253:0] script '/domains/hans.interport/readme.php' not found or unable to stat
[Wed Jan 21 02:35:32.556097 2026] [php:error] [pid 28232] [client 4.217.183.253:0] script '/domains/hans.interport/x50.php' not found or unable to stat
[Wed Jan 21 02:35:32.747755 2026] [php:error] [pid 28232] [client 4.217.183.253:0] script '/domains/hans.interport/fv.php' not found or unable to stat
[Wed Jan 21 02:35:32.942529 2026] [php:error] [pid 28232] [client 4.217.183.253:0] script '/domains/hans.interport/file.php' not found or unable to stat
[Wed Jan 21 02:35:32.987457 2026] [php:error] [pid 28220] [client 4.241.216.217:0] script '/domains/smartny/revision.php' not found or unable to stat
[Wed Jan 21 02:35:33.141352 2026] [php:error] [pid 28232] [client 4.217.183.253:0] script '/domains/hans.interport/lsd.php' not found or unable to stat
[Wed Jan 21 02:35:33.333983 2026] [php:error] [pid 28232] [client 4.217.183.253:0] script '/domains/hans.interport/as.php' not found or unable to stat
[Wed Jan 21 02:35:33.525650 2026] [php:error] [pid 28232] [client 4.217.183.253:0] script '/domains/hans.interport/wsd.php' not found or unable to stat
[Wed Jan 21 02:35:33.718093 2026] [php:error] [pid 28232] [client 4.217.183.253:0] script '/domains/hans.interport/gtc.php' not found or unable to stat
[Wed Jan 21 02:35:33.874169 2026] [php:error] [pid 28220] [client 4.241.216.217:0] script '/domains/smartny/12.php' not found or unable to stat
[Wed Jan 21 02:35:33.909790 2026] [php:error] [pid 28232] [client 4.217.183.253:0] script '/domains/hans.interport/atx.php' not found or unable to stat
[Wed Jan 21 02:35:34.102144 2026] [php:error] [pid 28232] [client 4.217.183.253:0] script '/domains/hans.interport/z60.php' not found or unable to stat
[Wed Jan 21 02:35:34.301148 2026] [php:error] [pid 28232] [client 4.217.183.253:0] script '/domains/hans.interport/403.php' not found or unable to stat
[Wed Jan 21 02:35:34.492905 2026] [php:error] [pid 28232] [client 4.217.183.253:0] script '/domains/hans.interport/m.php' not found or unable to stat
[Wed Jan 21 02:35:34.685572 2026] [php:error] [pid 28232] [client 4.217.183.253:0] script '/domains/hans.interport/themes.php' not found or unable to stat
[Wed Jan 21 02:35:35.072619 2026] [php:error] [pid 28228] [client 4.190.210.95:0] script '/domains/sjsachs/aa.php' not found or unable to stat
[Wed Jan 21 02:35:35.241540 2026] [php:error] [pid 28228] [client 4.190.210.95:0] script '/domains/sjsachs/about.php' not found or unable to stat
[Wed Jan 21 02:35:35.281401 2026] [php:error] [pid 28232] [client 4.217.183.253:0] script '/domains/hans.interport/click.php' not found or unable to stat
[Wed Jan 21 02:35:35.412547 2026] [php:error] [pid 28228] [client 4.190.210.95:0] script '/domains/sjsachs/adminfuns.php' not found or unable to stat
[Wed Jan 21 02:35:35.473167 2026] [php:error] [pid 28232] [client 4.217.183.253:0] script '/domains/hans.interport/install.php' not found or unable to stat
[Wed Jan 21 02:35:35.578879 2026] [php:error] [pid 28228] [client 4.190.210.95:0] script '/domains/sjsachs/bolt.php' not found or unable to stat
[Wed Jan 21 02:35:35.665130 2026] [php:error] [pid 28232] [client 4.217.183.253:0] script '/domains/hans.interport/lv.php' not found or unable to stat
[Wed Jan 21 02:35:35.744962 2026] [php:error] [pid 28228] [client 4.190.210.95:0] script '/domains/sjsachs/buy.php' not found or unable to stat
[Wed Jan 21 02:35:35.857311 2026] [php:error] [pid 28232] [client 4.217.183.253:0] script '/domains/hans.interport/simple.php' not found or unable to stat
[Wed Jan 21 02:35:35.911450 2026] [php:error] [pid 28228] [client 4.190.210.95:0] script '/domains/sjsachs/goods.php' not found or unable to stat
[Wed Jan 21 02:35:36.049553 2026] [php:error] [pid 28232] [client 4.217.183.253:0] script '/domains/hans.interport/css.php' not found or unable to stat
[Wed Jan 21 02:35:36.094180 2026] [php:error] [pid 28228] [client 4.190.210.95:0] script '/domains/sjsachs/deepseek_d.php' not found or unable to stat
[Wed Jan 21 02:35:36.242105 2026] [php:error] [pid 28232] [client 4.217.183.253:0] script '/domains/hans.interport/cong.php' not found or unable to stat
[Wed Jan 21 02:35:36.266324 2026] [php:error] [pid 28228] [client 4.190.210.95:0] script '/domains/sjsachs/file.php' not found or unable to stat
[Wed Jan 21 02:35:36.432029 2026] [php:error] [pid 28228] [client 4.190.210.95:0] script '/domains/sjsachs/ioxi-o.php' not found or unable to stat
[Wed Jan 21 02:35:36.625964 2026] [php:error] [pid 28232] [client 4.217.183.253:0] script '/domains/hans.interport/cong.php' not found or unable to stat
[Wed Jan 21 02:35:36.749050 2026] [php:error] [pid 28220] [client 4.241.216.217:0] script '/domains/smartny/img.php' not found or unable to stat
[Wed Jan 21 02:35:36.775874 2026] [php:error] [pid 28228] [client 4.190.210.95:0] script '/domains/sjsachs/test1.php' not found or unable to stat
[Wed Jan 21 02:35:36.817893 2026] [php:error] [pid 28232] [client 4.217.183.253:0] script '/domains/hans.interport/w.php' not found or unable to stat
[Wed Jan 21 02:35:36.953379 2026] [php:error] [pid 28228] [client 4.190.210.95:0] script '/domains/sjsachs/elp.php' not found or unable to stat
[Wed Jan 21 02:35:37.009564 2026] [php:error] [pid 28232] [client 4.217.183.253:0] script '/domains/hans.interport/404.php' not found or unable to stat
[Wed Jan 21 02:35:37.210269 2026] [php:error] [pid 28232] [client 4.217.183.253:0] script '/domains/hans.interport/ioxi-o.php' not found or unable to stat
[Wed Jan 21 02:35:37.404042 2026] [php:error] [pid 28232] [client 4.217.183.253:0] script '/domains/hans.interport/0x.php' not found or unable to stat
[Wed Jan 21 02:35:37.506100 2026] [php:error] [pid 28220] [client 4.241.216.217:0] script '/domains/smartny/menu.php' not found or unable to stat
[Wed Jan 21 02:35:37.595201 2026] [php:error] [pid 28232] [client 4.217.183.253:0] script '/domains/hans.interport/css.php' not found or unable to stat
[Wed Jan 21 02:35:37.635158 2026] [php:error] [pid 28228] [client 4.190.210.95:0] script '/domains/sjsachs/xmlrpc.php' not found or unable to stat
[Wed Jan 21 02:35:37.786675 2026] [php:error] [pid 28232] [client 4.217.183.253:0] script '/domains/hans.interport/222.php' not found or unable to stat
[Wed Jan 21 02:35:37.800590 2026] [php:error] [pid 28228] [client 4.190.210.95:0] script '/domains/sjsachs/inputs.php' not found or unable to stat
[Wed Jan 21 02:35:37.965950 2026] [php:error] [pid 28228] [client 4.190.210.95:0] script '/domains/sjsachs/classsmtps.php' not found or unable to stat
[Wed Jan 21 02:35:38.138587 2026] [php:error] [pid 28228] [client 4.190.210.95:0] script '/domains/sjsachs/wp-trackback.php' not found or unable to stat
[Wed Jan 21 02:35:38.169172 2026] [php:error] [pid 28232] [client 4.217.183.253:0] script '/domains/hans.interport/admin.php' not found or unable to stat
[Wed Jan 21 02:35:38.309150 2026] [php:error] [pid 28228] [client 4.190.210.95:0] script '/domains/sjsachs/wp-cron.php' not found or unable to stat
[Wed Jan 21 02:35:38.474514 2026] [php:error] [pid 28228] [client 4.190.210.95:0] script '/domains/sjsachs/wp-load.php' not found or unable to stat
[Wed Jan 21 02:35:38.558169 2026] [php:error] [pid 28232] [client 4.217.183.253:0] script '/domains/hans.interport/classwithtostring.php' not found or unable to stat
[Wed Jan 21 02:35:38.568699 2026] [php:error] [pid 28220] [client 4.241.216.217:0] script '/domains/smartny/tinyfilemanager.php' not found or unable to stat
[Wed Jan 21 02:35:38.642913 2026] [php:error] [pid 28228] [client 4.190.210.95:0] script '/domains/sjsachs/wp-mail.php' not found or unable to stat
[Wed Jan 21 02:35:38.750039 2026] [php:error] [pid 28232] [client 4.217.183.253:0] script '/domains/hans.interport/abcd.php' not found or unable to stat
[Wed Jan 21 02:35:38.809501 2026] [php:error] [pid 28228] [client 4.190.210.95:0] script '/domains/sjsachs/wp-activate.php' not found or unable to stat
[Wed Jan 21 02:35:38.941783 2026] [php:error] [pid 28232] [client 4.217.183.253:0] script '/domains/hans.interport/autoload_classmap.php' not found or unable to stat
[Wed Jan 21 02:35:38.975101 2026] [php:error] [pid 28228] [client 4.190.210.95:0] script '/domains/sjsachs/plugins.php' not found or unable to stat
[Wed Jan 21 02:35:39.133525 2026] [php:error] [pid 28232] [client 4.217.183.253:0] script '/domains/hans.interport/inputs.php' not found or unable to stat
[Wed Jan 21 02:35:39.153464 2026] [php:error] [pid 28228] [client 4.190.210.95:0] script '/domains/sjsachs/admin.php' not found or unable to stat
[Wed Jan 21 02:35:39.319011 2026] [php:error] [pid 28228] [client 4.190.210.95:0] script '/domains/sjsachs/atomlib.php' not found or unable to stat
[Wed Jan 21 02:35:39.324894 2026] [php:error] [pid 28232] [client 4.217.183.253:0] script '/domains/hans.interport/about.php' not found or unable to stat
[Wed Jan 21 02:35:39.385025 2026] [php:error] [pid 28220] [client 4.241.216.217:0] script '/domains/smartny/test1.php' not found or unable to stat
[Wed Jan 21 02:35:39.484506 2026] [php:error] [pid 28228] [client 4.190.210.95:0] script '/domains/sjsachs/simple.php' not found or unable to stat
[Wed Jan 21 02:35:39.516340 2026] [php:error] [pid 28232] [client 4.217.183.253:0] script '/domains/hans.interport/alfa.php' not found or unable to stat
[Wed Jan 21 02:35:39.650304 2026] [php:error] [pid 28228] [client 4.190.210.95:0] script '/domains/sjsachs/log.php' not found or unable to stat
[Wed Jan 21 02:35:39.815760 2026] [php:error] [pid 28228] [client 4.190.210.95:0] script '/domains/sjsachs/lufix.php' not found or unable to stat
[Wed Jan 21 02:35:39.997796 2026] [php:error] [pid 28228] [client 4.190.210.95:0] script '/domains/sjsachs/content.php' not found or unable to stat
[Wed Jan 21 02:35:40.163372 2026] [php:error] [pid 28228] [client 4.190.210.95:0] script '/domains/sjsachs/wp.php' not found or unable to stat
[Wed Jan 21 02:35:40.241034 2026] [php:error] [pid 28220] [client 4.241.216.217:0] script '/domains/smartny/shell20211028.php' not found or unable to stat
[Wed Jan 21 02:35:40.332215 2026] [php:error] [pid 28228] [client 4.190.210.95:0] script '/domains/sjsachs/wp-conflg.php' not found or unable to stat
[Wed Jan 21 02:35:40.479420 2026] [php:error] [pid 28232] [client 4.217.183.253:0] script '/domains/hans.interport/manager.php' not found or unable to stat
[Wed Jan 21 02:35:40.498503 2026] [php:error] [pid 28228] [client 4.190.210.95:0] script '/domains/sjsachs/404.php' not found or unable to stat
[Wed Jan 21 02:35:40.664844 2026] [php:error] [pid 28228] [client 4.190.210.95:0] script '/domains/sjsachs/updates.php' not found or unable to stat
[Wed Jan 21 02:35:40.674596 2026] [php:error] [pid 28232] [client 4.217.183.253:0] script '/domains/hans.interport/item.php' not found or unable to stat
[Wed Jan 21 02:35:40.831437 2026] [php:error] [pid 28228] [client 4.190.210.95:0] script '/domains/sjsachs/radio.php' not found or unable to stat
[Wed Jan 21 02:35:40.949442 2026] [php:error] [pid 28220] [client 4.241.216.217:0] script '/domains/smartny/ton.php' not found or unable to stat
[Wed Jan 21 02:35:40.997090 2026] [php:error] [pid 28228] [client 4.190.210.95:0] script '/domains/sjsachs/xmrlpc.php' not found or unable to stat
[Wed Jan 21 02:35:41.081128 2026] [php:error] [pid 28232] [client 4.217.183.253:0] script '/domains/hans.interport/404.php' not found or unable to stat
[Wed Jan 21 02:35:41.170425 2026] [php:error] [pid 28228] [client 4.190.210.95:0] script '/domains/sjsachs/moon.php' not found or unable to stat
[Wed Jan 21 02:35:41.273229 2026] [php:error] [pid 28232] [client 4.217.183.253:0] script '/domains/hans.interport/mail.php' not found or unable to stat
[Wed Jan 21 02:35:41.341038 2026] [php:error] [pid 28228] [client 4.190.210.95:0] script '/domains/sjsachs/blog.php' not found or unable to stat
[Wed Jan 21 02:35:41.507236 2026] [php:error] [pid 28228] [client 4.190.210.95:0] script '/domains/sjsachs/themes.php' not found or unable to stat
[Wed Jan 21 02:35:41.657040 2026] [php:error] [pid 28232] [client 4.217.183.253:0] script '/domains/hans.interport/sx.php' not found or unable to stat
[Wed Jan 21 02:35:41.684721 2026] [php:error] [pid 28228] [client 4.190.210.95:0] script '/domains/sjsachs/ini.php' not found or unable to stat
[Wed Jan 21 02:35:41.702830 2026] [php:error] [pid 28220] [client 4.241.216.217:0] script '/domains/smartny/item.php' not found or unable to stat
[Wed Jan 21 02:35:41.850488 2026] [php:error] [pid 28228] [client 4.190.210.95:0] script '/domains/sjsachs/as.php' not found or unable to stat
[Wed Jan 21 02:35:42.015973 2026] [php:error] [pid 28228] [client 4.190.210.95:0] script '/domains/sjsachs/ws.php' not found or unable to stat
[Wed Jan 21 02:35:42.039964 2026] [php:error] [pid 28232] [client 4.217.183.253:0] script '/domains/hans.interport/alfa.php' not found or unable to stat
[Wed Jan 21 02:35:42.184147 2026] [php:error] [pid 28228] [client 4.190.210.95:0] script '/domains/sjsachs/dropdown.php' not found or unable to stat
[Wed Jan 21 02:35:42.231662 2026] [php:error] [pid 28232] [client 4.217.183.253:0] script '/domains/hans.interport/1.php' not found or unable to stat
[Wed Jan 21 02:35:42.349793 2026] [php:error] [pid 28228] [client 4.190.210.95:0] script '/domains/sjsachs/makeasmtp.php' not found or unable to stat
[Wed Jan 21 02:35:42.443186 2026] [php:error] [pid 28232] [client 4.217.183.253:0] script '/domains/hans.interport/byp.php' not found or unable to stat
[Wed Jan 21 02:35:42.515511 2026] [php:error] [pid 28228] [client 4.190.210.95:0] script '/domains/sjsachs/alfanew.php' not found or unable to stat
[Wed Jan 21 02:35:42.634795 2026] [php:error] [pid 28232] [client 4.217.183.253:0] script '/domains/hans.interport/wp-trackback.php' not found or unable to stat
[Wed Jan 21 02:35:42.699734 2026] [php:error] [pid 28228] [client 4.190.210.95:0] script '/domains/sjsachs/fw.php' not found or unable to stat
[Wed Jan 21 02:35:42.867689 2026] [php:error] [pid 28228] [client 4.190.210.95:0] script '/domains/sjsachs/install.php' not found or unable to stat
[Wed Jan 21 02:35:43.036167 2026] [php:error] [pid 28228] [client 4.190.210.95:0] script '/domains/sjsachs/chosen.php' not found or unable to stat
[Wed Jan 21 02:35:43.408604 2026] [php:error] [pid 28232] [client 4.217.183.253:0] script '/domains/hans.interport/gmo.php' not found or unable to stat
[Wed Jan 21 02:35:44.138638 2026] [php:error] [pid 28220] [client 4.241.216.217:0] script '/domains/smartny/lala.php' not found or unable to stat
[Wed Jan 21 02:35:45.620156 2026] [php:error] [pid 28232] [client 4.217.183.253:0] script '/domains/hans.interport/ww1.php' not found or unable to stat
[Wed Jan 21 02:35:46.777608 2026] [php:error] [pid 28248] [client 4.217.183.253:0] script '/domains/hans.interport/security.php' not found or unable to stat
[Wed Jan 21 02:35:47.401741 2026] [php:error] [pid 28220] [client 4.241.216.217:0] script '/domains/smartny/page.php' not found or unable to stat
[Wed Jan 21 02:35:48.388834 2026] [php:error] [pid 28220] [client 4.241.216.217:0] script '/domains/smartny/tempfuns.php' not found or unable to stat
[Wed Jan 21 02:35:49.066111 2026] [php:error] [pid 28248] [client 4.217.183.253:0] script '/domains/hans.interport/class.php' not found or unable to stat
[Wed Jan 21 02:35:49.119415 2026] [php:error] [pid 28220] [client 4.241.216.217:0] script '/domains/smartny/past.php' not found or unable to stat
[Wed Jan 21 02:35:49.274624 2026] [php:error] [pid 28248] [client 4.217.183.253:0] script '/domains/hans.interport/bless5.php' not found or unable to stat
[Wed Jan 21 02:35:49.845336 2026] [php:error] [pid 28248] [client 4.217.183.253:0] script '/domains/hans.interport/lock360.php' not found or unable to stat
[Wed Jan 21 02:35:50.033432 2026] [php:error] [pid 28248] [client 4.217.183.253:0] script '/domains/hans.interport/f35.php' not found or unable to stat
[Wed Jan 21 02:35:50.126532 2026] [php:error] [pid 28220] [client 4.241.216.217:0] script '/domains/smartny/log.php' not found or unable to stat
[Wed Jan 21 02:35:50.224711 2026] [php:error] [pid 28248] [client 4.217.183.253:0] script '/domains/hans.interport/ioxi-o1.php' not found or unable to stat
[Wed Jan 21 02:35:50.414685 2026] [php:error] [pid 28248] [client 4.217.183.253:0] script '/domains/hans.interport/juuuu.php' not found or unable to stat
[Wed Jan 21 02:35:50.602351 2026] [php:error] [pid 28248] [client 4.217.183.253:0] script '/domains/hans.interport/ha.php' not found or unable to stat
[Wed Jan 21 02:35:50.742751 2026] [php:error] [pid 28220] [client 4.241.216.217:0] script '/domains/smartny/wen.php' not found or unable to stat
[Wed Jan 21 02:35:50.790021 2026] [php:error] [pid 28248] [client 4.217.183.253:0] script '/domains/hans.interport/gg.php' not found or unable to stat
[Wed Jan 21 02:35:50.980783 2026] [php:error] [pid 28248] [client 4.217.183.253:0] script '/domains/hans.interport/we2.php' not found or unable to stat
[Wed Jan 21 02:35:51.169419 2026] [php:error] [pid 28248] [client 4.217.183.253:0] script '/domains/hans.interport/04.php' not found or unable to stat
[Wed Jan 21 02:35:51.358197 2026] [php:error] [pid 28248] [client 4.217.183.253:0] script '/domains/hans.interport/333.php' not found or unable to stat
[Wed Jan 21 02:35:51.545952 2026] [php:error] [pid 28248] [client 4.217.183.253:0] script '/domains/hans.interport/520.php' not found or unable to stat
[Wed Jan 21 02:35:51.734055 2026] [php:error] [pid 28248] [client 4.217.183.253:0] script '/domains/hans.interport/ar.php' not found or unable to stat
[Wed Jan 21 02:35:51.927650 2026] [php:error] [pid 28248] [client 4.217.183.253:0] script '/domains/hans.interport/x.php' not found or unable to stat
[Wed Jan 21 02:35:52.123045 2026] [php:error] [pid 28248] [client 4.217.183.253:0] script '/domains/hans.interport/xx.php' not found or unable to stat
[Wed Jan 21 02:35:52.311330 2026] [php:error] [pid 28248] [client 4.217.183.253:0] script '/domains/hans.interport/gifclass4.php' not found or unable to stat
[Wed Jan 21 02:35:52.506934 2026] [php:error] [pid 28248] [client 4.217.183.253:0] script '/domains/hans.interport/2clas.php' not found or unable to stat
[Wed Jan 21 02:35:52.696352 2026] [php:error] [pid 28248] [client 4.217.183.253:0] script '/domains/hans.interport/ave.php' not found or unable to stat
[Wed Jan 21 02:35:52.887488 2026] [php:error] [pid 28248] [client 4.217.183.253:0] script '/domains/hans.interport/wrt.php' not found or unable to stat
[Wed Jan 21 02:35:53.075325 2026] [php:error] [pid 28248] [client 4.217.183.253:0] script '/domains/hans.interport/bibil.php' not found or unable to stat
[Wed Jan 21 02:35:53.263050 2026] [php:error] [pid 28248] [client 4.217.183.253:0] script '/domains/hans.interport/radio.php' not found or unable to stat
[Wed Jan 21 02:35:53.450820 2026] [php:error] [pid 28248] [client 4.217.183.253:0] script '/domains/hans.interport/files.php' not found or unable to stat
[Wed Jan 21 02:35:53.654797 2026] [php:error] [pid 28248] [client 4.217.183.253:0] script '/domains/hans.interport/file7.php' not found or unable to stat
[Wed Jan 21 02:35:53.829855 2026] [php:error] [pid 28220] [client 4.241.216.217:0] script '/domains/smartny/sf.php' not found or unable to stat
[Wed Jan 21 02:35:53.842624 2026] [php:error] [pid 28248] [client 4.217.183.253:0] script '/domains/hans.interport/gifclass.php' not found or unable to stat
[Wed Jan 21 02:35:54.217813 2026] [php:error] [pid 28248] [client 4.217.183.253:0] script '/domains/hans.interport/nox.php' not found or unable to stat
[Wed Jan 21 02:35:54.405771 2026] [php:error] [pid 28248] [client 4.217.183.253:0] script '/domains/hans.interport/file48.php' not found or unable to stat
[Wed Jan 21 02:35:54.518108 2026] [php:error] [pid 28220] [client 4.241.216.217:0] script '/domains/smartny/simple.php' not found or unable to stat
[Wed Jan 21 02:35:54.593432 2026] [php:error] [pid 28248] [client 4.217.183.253:0] script '/domains/hans.interport/info.php' not found or unable to stat
[Wed Jan 21 02:35:54.782689 2026] [php:error] [pid 28248] [client 4.217.183.253:0] script '/domains/hans.interport/class9.php' not found or unable to stat
[Wed Jan 21 02:35:54.972806 2026] [php:error] [pid 28248] [client 4.217.183.253:0] script '/domains/hans.interport/la.php' not found or unable to stat
[Wed Jan 21 02:35:55.160880 2026] [php:error] [pid 28248] [client 4.217.183.253:0] script '/domains/hans.interport/bless11.php' not found or unable to stat
[Wed Jan 21 02:35:55.349194 2026] [php:error] [pid 28248] [client 4.217.183.253:0] script '/domains/hans.interport/ccou.php' not found or unable to stat
[Wed Jan 21 02:35:55.537331 2026] [php:error] [pid 28248] [client 4.217.183.253:0] script '/domains/hans.interport/ton.php' not found or unable to stat
[Wed Jan 21 02:35:55.724791 2026] [php:error] [pid 28248] [client 4.217.183.253:0] script '/domains/hans.interport/403.php' not found or unable to stat
[Wed Jan 21 02:35:55.913464 2026] [php:error] [pid 28248] [client 4.217.183.253:0] script '/domains/hans.interport/file9.php' not found or unable to stat
[Wed Jan 21 02:35:56.105956 2026] [php:error] [pid 28248] [client 4.217.183.253:0] script '/domains/hans.interport/ac.php' not found or unable to stat
[Wed Jan 21 02:35:56.309379 2026] [php:error] [pid 28220] [client 4.241.216.217:0] script '/domains/smartny/admiin.php' not found or unable to stat
[Wed Jan 21 02:35:56.327005 2026] [php:error] [pid 28248] [client 4.217.183.253:0] script '/domains/hans.interport/new4.php' not found or unable to stat
[Wed Jan 21 02:35:56.826686 2026] [php:error] [pid 28248] [client 4.217.183.253:0] script '/domains/hans.interport/pop.php' not found or unable to stat
[Wed Jan 21 02:35:57.017351 2026] [php:error] [pid 28248] [client 4.217.183.253:0] script '/domains/hans.interport/az.php' not found or unable to stat
[Wed Jan 21 02:35:57.206938 2026] [php:error] [pid 28248] [client 4.217.183.253:0] script '/domains/hans.interport/xaz.php' not found or unable to stat
[Wed Jan 21 02:35:57.279744 2026] [php:error] [pid 28220] [client 4.241.216.217:0] script '/domains/smartny/9v6.php' not found or unable to stat
[Wed Jan 21 02:35:57.395100 2026] [php:error] [pid 28248] [client 4.217.183.253:0] script '/domains/hans.interport/up4.php' not found or unable to stat
[Wed Jan 21 02:35:57.588411 2026] [php:error] [pid 28248] [client 4.217.183.253:0] script '/domains/hans.interport/1aa.php' not found or unable to stat
[Wed Jan 21 02:35:57.776226 2026] [php:error] [pid 28248] [client 4.217.183.253:0] script '/domains/hans.interport/elp.php' not found or unable to stat
[Wed Jan 21 02:35:57.964771 2026] [php:error] [pid 28248] [client 4.217.183.253:0] script '/domains/hans.interport/wtz.php' not found or unable to stat
[Wed Jan 21 02:35:58.154978 2026] [php:error] [pid 28248] [client 4.217.183.253:0] script '/domains/hans.interport/galex.php' not found or unable to stat
[Wed Jan 21 02:35:58.353608 2026] [php:error] [pid 28248] [client 4.217.183.253:0] script '/domains/hans.interport/xb.php' not found or unable to stat
[Wed Jan 21 02:35:58.371371 2026] [php:error] [pid 28220] [client 4.241.216.217:0] script '/domains/smartny/doc.php' not found or unable to stat
[Wed Jan 21 02:35:58.541708 2026] [php:error] [pid 28248] [client 4.217.183.253:0] script '/domains/hans.interport/ova.php' not found or unable to stat
[Wed Jan 21 02:35:58.729923 2026] [php:error] [pid 28248] [client 4.217.183.253:0] script '/domains/hans.interport/vx.php' not found or unable to stat
[Wed Jan 21 02:35:58.918492 2026] [php:error] [pid 28248] [client 4.217.183.253:0] script '/domains/hans.interport/rh.php' not found or unable to stat
[Wed Jan 21 02:36:00.754241 2026] [php:error] [pid 28220] [client 4.241.216.217:0] script '/domains/smartny/ha.php' not found or unable to stat
[Wed Jan 21 02:36:02.873952 2026] [php:error] [pid 28220] [client 4.241.216.217:0] script '/domains/smartny/F0x.php' not found or unable to stat
[Wed Jan 21 02:36:04.073757 2026] [php:error] [pid 28220] [client 4.241.216.217:0] script '/domains/smartny/file2.php' not found or unable to stat
[Wed Jan 21 02:36:05.060711 2026] [php:error] [pid 28220] [client 4.241.216.217:0] script '/domains/smartny/cong.php' not found or unable to stat
[Wed Jan 21 02:36:05.970642 2026] [php:error] [pid 28220] [client 4.241.216.217:0] script '/domains/smartny/a2.php' not found or unable to stat
[Wed Jan 21 02:36:06.687397 2026] [php:error] [pid 28242] [client 52.178.176.146:0] script '/domains/lover/eee.php' not found or unable to stat
[Wed Jan 21 02:36:06.760576 2026] [php:error] [pid 28242] [client 52.178.176.146:0] script '/domains/lover/webadmin.php' not found or unable to stat
[Wed Jan 21 02:36:06.841655 2026] [php:error] [pid 28242] [client 52.178.176.146:0] script '/domains/lover/galex.php' not found or unable to stat
[Wed Jan 21 02:36:06.846054 2026] [php:error] [pid 28220] [client 4.241.216.217:0] script '/domains/smartny/up4.php' not found or unable to stat
[Wed Jan 21 02:36:06.914813 2026] [php:error] [pid 28242] [client 52.178.176.146:0] script '/domains/lover/tinyfilemanager.php' not found or unable to stat
[Wed Jan 21 02:36:06.989704 2026] [php:error] [pid 28242] [client 52.178.176.146:0] script '/domains/lover/class.api.php' not found or unable to stat
[Wed Jan 21 02:36:07.063529 2026] [php:error] [pid 28242] [client 52.178.176.146:0] script '/domains/lover/support.php' not found or unable to stat
[Wed Jan 21 02:36:07.211538 2026] [php:error] [pid 28242] [client 52.178.176.146:0] script '/domains/lover/dox.php' not found or unable to stat
[Wed Jan 21 02:36:07.285233 2026] [php:error] [pid 28242] [client 52.178.176.146:0] script '/domains/lover/siteheads.php' not found or unable to stat
[Wed Jan 21 02:36:07.359162 2026] [php:error] [pid 28242] [client 52.178.176.146:0] script '/domains/lover/0x.php' not found or unable to stat
[Wed Jan 21 02:36:07.505611 2026] [php:error] [pid 28242] [client 52.178.176.146:0] script '/domains/lover/wp-logout.php' not found or unable to stat
[Wed Jan 21 02:36:07.589008 2026] [php:error] [pid 28242] [client 52.178.176.146:0] script '/domains/lover/87.php' not found or unable to stat
[Wed Jan 21 02:36:07.667274 2026] [php:error] [pid 28242] [client 52.178.176.146:0] script '/domains/lover/0o0.php' not found or unable to stat
[Wed Jan 21 02:36:07.708457 2026] [php:error] [pid 28220] [client 4.241.216.217:0] script '/domains/smartny/gtc.php' not found or unable to stat
[Wed Jan 21 02:36:07.740678 2026] [php:error] [pid 28242] [client 52.178.176.146:0] script '/domains/lover/lv.php' not found or unable to stat
[Wed Jan 21 02:36:07.814051 2026] [php:error] [pid 28242] [client 52.178.176.146:0] script '/domains/lover/dropdown.php' not found or unable to stat
[Wed Jan 21 02:36:07.887253 2026] [php:error] [pid 28242] [client 52.178.176.146:0] script '/domains/lover/wsheet1.php' not found or unable to stat
[Wed Jan 21 02:36:08.034442 2026] [php:error] [pid 28242] [client 52.178.176.146:0] script '/domains/lover/size.php' not found or unable to stat
[Wed Jan 21 02:36:08.107491 2026] [php:error] [pid 28242] [client 52.178.176.146:0] script '/domains/lover/ms-users.php' not found or unable to stat
[Wed Jan 21 02:36:08.254050 2026] [php:error] [pid 28242] [client 52.178.176.146:0] script '/domains/lover/revision.php' not found or unable to stat
[Wed Jan 21 02:36:08.327593 2026] [php:error] [pid 28242] [client 52.178.176.146:0] script '/domains/lover/12.php' not found or unable to stat
[Wed Jan 21 02:36:08.473775 2026] [php:error] [pid 28242] [client 52.178.176.146:0] script '/domains/lover/img.php' not found or unable to stat
[Wed Jan 21 02:36:08.547080 2026] [php:error] [pid 28242] [client 52.178.176.146:0] script '/domains/lover/menu.php' not found or unable to stat
[Wed Jan 21 02:36:08.619889 2026] [php:error] [pid 28242] [client 52.178.176.146:0] script '/domains/lover/tinyfilemanager.php' not found or unable to stat
[Wed Jan 21 02:36:08.693352 2026] [php:error] [pid 28242] [client 52.178.176.146:0] script '/domains/lover/test1.php' not found or unable to stat
[Wed Jan 21 02:36:08.720383 2026] [php:error] [pid 28220] [client 4.241.216.217:0] script '/domains/smartny/dbc.php' not found or unable to stat
[Wed Jan 21 02:36:08.766314 2026] [php:error] [pid 28242] [client 52.178.176.146:0] script '/domains/lover/shell20211028.php' not found or unable to stat
[Wed Jan 21 02:36:08.839299 2026] [php:error] [pid 28242] [client 52.178.176.146:0] script '/domains/lover/ton.php' not found or unable to stat
[Wed Jan 21 02:36:08.912380 2026] [php:error] [pid 28242] [client 52.178.176.146:0] script '/domains/lover/item.php' not found or unable to stat
[Wed Jan 21 02:36:08.985547 2026] [php:error] [pid 28242] [client 52.178.176.146:0] script '/domains/lover/lala.php' not found or unable to stat
