[Wed Jan 21 03:29:10.694931 2026] [php:error] [pid 40266] [client 4.190.210.95:0] script '/domains/bels/wp-mail.php' not found or unable to stat
[Wed Jan 21 03:29:10.862401 2026] [php:error] [pid 40266] [client 4.190.210.95:0] script '/domains/bels/wp-activate.php' not found or unable to stat
[Wed Jan 21 03:29:11.035386 2026] [php:error] [pid 40266] [client 4.190.210.95:0] script '/domains/bels/plugins.php' not found or unable to stat
[Wed Jan 21 03:29:11.202450 2026] [php:error] [pid 40266] [client 4.190.210.95:0] script '/domains/bels/admin.php' not found or unable to stat
[Wed Jan 21 03:29:11.370688 2026] [php:error] [pid 40266] [client 4.190.210.95:0] script '/domains/bels/atomlib.php' not found or unable to stat
[Wed Jan 21 03:29:11.537687 2026] [php:error] [pid 40266] [client 4.190.210.95:0] script '/domains/bels/simple.php' not found or unable to stat
[Wed Jan 21 03:29:11.705132 2026] [php:error] [pid 40266] [client 4.190.210.95:0] script '/domains/bels/log.php' not found or unable to stat
[Wed Jan 21 03:29:11.872795 2026] [php:error] [pid 40266] [client 4.190.210.95:0] script '/domains/bels/lufix.php' not found or unable to stat
[Wed Jan 21 03:29:12.040043 2026] [php:error] [pid 40266] [client 4.190.210.95:0] script '/domains/bels/content.php' not found or unable to stat
[Wed Jan 21 03:29:12.223536 2026] [php:error] [pid 40266] [client 4.190.210.95:0] script '/domains/bels/wp.php' not found or unable to stat
[Wed Jan 21 03:29:12.399832 2026] [php:error] [pid 40266] [client 4.190.210.95:0] script '/domains/bels/wp-conflg.php' not found or unable to stat
[Wed Jan 21 03:29:12.567243 2026] [php:error] [pid 40266] [client 4.190.210.95:0] script '/domains/bels/404.php' not found or unable to stat
[Wed Jan 21 03:29:12.734920 2026] [php:error] [pid 40266] [client 4.190.210.95:0] script '/domains/bels/updates.php' not found or unable to stat
[Wed Jan 21 03:29:12.902175 2026] [php:error] [pid 40266] [client 4.190.210.95:0] script '/domains/bels/radio.php' not found or unable to stat
[Wed Jan 21 03:29:13.070713 2026] [php:error] [pid 40266] [client 4.190.210.95:0] script '/domains/bels/xmrlpc.php' not found or unable to stat
[Wed Jan 21 03:29:13.243131 2026] [php:error] [pid 40266] [client 4.190.210.95:0] script '/domains/bels/moon.php' not found or unable to stat
[Wed Jan 21 03:29:13.416941 2026] [php:error] [pid 40266] [client 4.190.210.95:0] script '/domains/bels/blog.php' not found or unable to stat
[Wed Jan 21 03:29:13.591840 2026] [php:error] [pid 40266] [client 4.190.210.95:0] script '/domains/bels/themes.php' not found or unable to stat
[Wed Jan 21 03:29:13.768970 2026] [php:error] [pid 40266] [client 4.190.210.95:0] script '/domains/bels/ini.php' not found or unable to stat
[Wed Jan 21 03:29:13.944620 2026] [php:error] [pid 40266] [client 4.190.210.95:0] script '/domains/bels/as.php' not found or unable to stat
[Wed Jan 21 03:29:14.111417 2026] [php:error] [pid 40266] [client 4.190.210.95:0] script '/domains/bels/ws.php' not found or unable to stat
[Wed Jan 21 03:29:14.279002 2026] [php:error] [pid 40266] [client 4.190.210.95:0] script '/domains/bels/dropdown.php' not found or unable to stat
[Wed Jan 21 03:29:14.446123 2026] [php:error] [pid 40266] [client 4.190.210.95:0] script '/domains/bels/makeasmtp.php' not found or unable to stat
[Wed Jan 21 03:29:14.617594 2026] [php:error] [pid 40266] [client 4.190.210.95:0] script '/domains/bels/alfanew.php' not found or unable to stat
[Wed Jan 21 03:29:14.793985 2026] [php:error] [pid 40266] [client 4.190.210.95:0] script '/domains/bels/fw.php' not found or unable to stat
[Wed Jan 21 03:29:14.967560 2026] [php:error] [pid 40266] [client 4.190.210.95:0] script '/domains/bels/install.php' not found or unable to stat
[Wed Jan 21 03:29:15.134528 2026] [php:error] [pid 40266] [client 4.190.210.95:0] script '/domains/bels/chosen.php' not found or unable to stat
[Wed Jan 21 03:29:25.313441 2026] [core:crit] [pid 40279] (13)Permission denied: [client 216.244.66.241:0] AH00529: /domains/dcarlone/test/web/.htaccess pcfg_openfile: unable to check htaccess file, ensure it is readable and that '/domains/dcarlone/test/web/' is executable
[Wed Jan 21 03:30:33.615011 2026] [php:error] [pid 40292] [client 103.77.106.57:0] script '/domains/ecernstelectric/xmlrpc.php' not found or unable to stat
[Wed Jan 21 03:30:39.623918 2026] [php:error] [pid 40283] [client 65.52.167.153:0] script '/domains/pbuilder/2.php' not found or unable to stat
[Wed Jan 21 03:30:40.048645 2026] [php:error] [pid 40283] [client 65.52.167.153:0] script '/domains/pbuilder/a.php' not found or unable to stat
[Wed Jan 21 03:30:40.259567 2026] [php:error] [pid 40283] [client 65.52.167.153:0] script '/domains/pbuilder/aaa.php' not found or unable to stat
[Wed Jan 21 03:30:40.480604 2026] [php:error] [pid 40283] [client 65.52.167.153:0] script '/domains/pbuilder/ab.php' not found or unable to stat
[Wed Jan 21 03:30:40.694124 2026] [php:error] [pid 40283] [client 65.52.167.153:0] script '/domains/pbuilder/about.php' not found or unable to stat
[Wed Jan 21 03:30:41.115618 2026] [php:error] [pid 40283] [client 65.52.167.153:0] script '/domains/pbuilder/alfa.php' not found or unable to stat
[Wed Jan 21 03:30:41.342018 2026] [php:error] [pid 40283] [client 65.52.167.153:0] script '/domains/pbuilder/api.php' not found or unable to stat
[Wed Jan 21 03:30:41.552905 2026] [php:error] [pid 40283] [client 65.52.167.153:0] script '/domains/pbuilder/auth.php' not found or unable to stat
[Wed Jan 21 03:30:41.992770 2026] [php:error] [pid 40283] [client 65.52.167.153:0] script '/domains/pbuilder/classwithtostring.php' not found or unable to stat
[Wed Jan 21 03:30:42.205782 2026] [php:error] [pid 40283] [client 65.52.167.153:0] script '/domains/pbuilder/contents.php' not found or unable to stat
[Wed Jan 21 03:30:42.627691 2026] [php:error] [pid 40283] [client 65.52.167.153:0] script '/domains/pbuilder/default.php' not found or unable to stat
[Wed Jan 21 03:30:43.274939 2026] [php:error] [pid 40283] [client 65.52.167.153:0] script '/domains/pbuilder/favicon.php' not found or unable to stat
[Wed Jan 21 03:30:43.485733 2026] [php:error] [pid 40283] [client 65.52.167.153:0] script '/domains/pbuilder/hehe.php' not found or unable to stat
[Wed Jan 21 03:30:43.923088 2026] [php:error] [pid 40283] [client 65.52.167.153:0] script '/domains/pbuilder/index.php' not found or unable to stat
[Wed Jan 21 03:30:44.134027 2026] [php:error] [pid 40283] [client 65.52.167.153:0] script '/domains/pbuilder/info.php' not found or unable to stat
[Wed Jan 21 03:30:44.344837 2026] [php:error] [pid 40283] [client 65.52.167.153:0] script '/domains/pbuilder/k.php' not found or unable to stat
[Wed Jan 21 03:30:44.564417 2026] [php:error] [pid 40283] [client 65.52.167.153:0] script '/domains/pbuilder/lock360.php' not found or unable to stat
[Wed Jan 21 03:30:44.778844 2026] [php:error] [pid 40283] [client 65.52.167.153:0] script '/domains/pbuilder/log.php' not found or unable to stat
[Wed Jan 21 03:30:44.989819 2026] [php:error] [pid 40283] [client 65.52.167.153:0] script '/domains/pbuilder/man.php' not found or unable to stat
[Wed Jan 21 03:30:45.430868 2026] [php:error] [pid 40283] [client 65.52.167.153:0] script '/domains/pbuilder/post.php' not found or unable to stat
[Wed Jan 21 03:30:45.856089 2026] [php:error] [pid 40283] [client 65.52.167.153:0] script '/domains/pbuilder/root.php' not found or unable to stat
[Wed Jan 21 03:30:46.109536 2026] [php:error] [pid 40283] [client 65.52.167.153:0] script '/domains/pbuilder/shellv3.php' not found or unable to stat
[Wed Jan 21 03:30:46.549620 2026] [php:error] [pid 40283] [client 65.52.167.153:0] script '/domains/pbuilder/system.php' not found or unable to stat
[Wed Jan 21 03:30:46.773155 2026] [php:error] [pid 40283] [client 65.52.167.153:0] script '/domains/pbuilder/test.php' not found or unable to stat
[Wed Jan 21 03:30:46.984052 2026] [php:error] [pid 40283] [client 65.52.167.153:0] script '/domains/pbuilder/theme.php' not found or unable to stat
[Wed Jan 21 03:30:47.212975 2026] [php:error] [pid 40283] [client 65.52.167.153:0] script '/domains/pbuilder/wp-activat.php' not found or unable to stat
[Wed Jan 21 03:30:47.424280 2026] [php:error] [pid 40283] [client 65.52.167.153:0] script '/domains/pbuilder/wp-admin.php' not found or unable to stat
[Wed Jan 21 03:30:48.507117 2026] [php:error] [pid 40283] [client 65.52.167.153:0] script '/domains/pbuilder/wp-blog.php' not found or unable to stat
[Wed Jan 21 03:30:48.734857 2026] [php:error] [pid 40283] [client 65.52.167.153:0] script '/domains/pbuilder/wp-conf.php' not found or unable to stat
[Wed Jan 21 03:30:50.890192 2026] [php:error] [pid 40283] [client 65.52.167.153:0] script '/domains/pbuilder/wp-file.php' not found or unable to stat
[Wed Jan 21 03:30:51.115790 2026] [php:error] [pid 40283] [client 65.52.167.153:0] script '/domains/pbuilder/wp-include.php' not found or unable to stat
[Wed Jan 21 03:30:53.515095 2026] [php:error] [pid 40283] [client 65.52.167.153:0] script '/domains/pbuilder/wp-logs.php' not found or unable to stat
[Wed Jan 21 03:30:53.726851 2026] [php:error] [pid 40283] [client 65.52.167.153:0] script '/domains/pbuilder/xmlrpc.php' not found or unable to stat
[Wed Jan 21 03:30:55.685744 2026] [php:error] [pid 40283] [client 65.52.167.153:0] script '/domains/pbuilder/WSO.php' not found or unable to stat
[Wed Jan 21 03:30:59.756883 2026] [php:error] [pid 40283] [client 65.52.167.153:0] script '/domains/pbuilder/goods.php' not found or unable to stat
[Wed Jan 21 03:31:01.270585 2026] [php:error] [pid 40283] [client 65.52.167.153:0] script '/domains/pbuilder/edit.php' not found or unable to stat
[Wed Jan 21 03:31:01.904545 2026] [php:error] [pid 40289] [client 65.52.167.153:0] script '/domains/pbuilder/file5.php' not found or unable to stat
[Wed Jan 21 03:31:02.763705 2026] [php:error] [pid 40289] [client 65.52.167.153:0] script '/domains/pbuilder/aa.php' not found or unable to stat
[Wed Jan 21 03:31:04.671783 2026] [php:error] [pid 40289] [client 65.52.167.153:0] script '/domains/pbuilder/autoload_classmap.php' not found or unable to stat
[Wed Jan 21 03:31:07.455756 2026] [php:error] [pid 40289] [client 65.52.167.153:0] script '/domains/pbuilder/file.php' not found or unable to stat
[Wed Jan 21 03:31:08.747885 2026] [php:error] [pid 40289] [client 65.52.167.153:0] script '/domains/pbuilder/inputs.php' not found or unable to stat
[Wed Jan 21 03:31:09.380935 2026] [php:error] [pid 40289] [client 65.52.167.153:0] script '/domains/pbuilder/1.php' not found or unable to stat
[Wed Jan 21 03:31:13.512017 2026] [php:error] [pid 40289] [client 65.52.167.153:0] script '/domains/pbuilder/flower.php' not found or unable to stat
[Wed Jan 21 03:31:17.192134 2026] [php:error] [pid 40289] [client 65.52.167.153:0] script '/domains/pbuilder/ioxi-o.php' not found or unable to stat
[Wed Jan 21 03:31:17.403085 2026] [php:error] [pid 40289] [client 65.52.167.153:0] script '/domains/pbuilder/radio.php' not found or unable to stat
[Wed Jan 21 03:31:18.714305 2026] [php:error] [pid 40289] [client 65.52.167.153:0] script '/domains/pbuilder/admin.php' not found or unable to stat
[Wed Jan 21 03:31:18.924811 2026] [php:error] [pid 40289] [client 65.52.167.153:0] script '/domains/pbuilder/functions.php' not found or unable to stat
[Wed Jan 21 03:32:53.236672 2026] [php:error] [pid 40303] [client 102.165.48.48:0] script '/domains/proinc/xmlrpc.php' not found or unable to stat
[Wed Jan 21 03:32:56.697166 2026] [php:error] [pid 40307] [client 157.119.93.22:0] script '/domains/machinadynamica/a.php' not found or unable to stat
[Wed Jan 21 03:33:15.217090 2026] [php:error] [pid 40309] [client 20.89.17.172:0] script '/domains/davidbacker/ioxi-o.php' not found or unable to stat
[Wed Jan 21 03:33:15.389594 2026] [php:error] [pid 40309] [client 20.89.17.172:0] script '/domains/davidbacker/0x.php' not found or unable to stat
[Wed Jan 21 03:33:15.551823 2026] [php:error] [pid 40309] [client 20.89.17.172:0] script '/domains/davidbacker/222.php' not found or unable to stat
[Wed Jan 21 03:33:15.723274 2026] [php:error] [pid 40309] [client 20.89.17.172:0] script '/domains/davidbacker/aa.php' not found or unable to stat
[Wed Jan 21 03:33:15.885549 2026] [php:error] [pid 40309] [client 20.89.17.172:0] script '/domains/davidbacker/abcd.php' not found or unable to stat
[Wed Jan 21 03:33:16.052785 2026] [php:error] [pid 40309] [client 20.89.17.172:0] script '/domains/davidbacker/admin.php' not found or unable to stat
[Wed Jan 21 03:33:16.377193 2026] [php:error] [pid 40309] [client 20.89.17.172:0] script '/domains/davidbacker/adminfuns.php' not found or unable to stat
[Wed Jan 21 03:33:16.548029 2026] [php:error] [pid 40309] [client 20.89.17.172:0] script '/domains/davidbacker/akc.php' not found or unable to stat
[Wed Jan 21 03:33:16.711317 2026] [php:error] [pid 40309] [client 20.89.17.172:0] script '/domains/davidbacker/buy.php' not found or unable to stat
[Wed Jan 21 03:33:16.874278 2026] [php:error] [pid 40309] [client 20.89.17.172:0] script '/domains/davidbacker/cong.php' not found or unable to stat
[Wed Jan 21 03:33:17.037435 2026] [php:error] [pid 40309] [client 20.89.17.172:0] script '/domains/davidbacker/ioxi-o.php' not found or unable to stat
[Wed Jan 21 03:33:17.214189 2026] [php:error] [pid 40309] [client 20.89.17.172:0] script '/domains/davidbacker/css/classwithtostring.php' not found or unable to stat
[Wed Jan 21 03:33:17.376708 2026] [php:error] [pid 40309] [client 20.89.17.172:0] script '/domains/davidbacker/db.php' not found or unable to stat
[Wed Jan 21 03:33:17.538965 2026] [php:error] [pid 40309] [client 20.89.17.172:0] script '/domains/davidbacker/dropdown.php' not found or unable to stat
[Wed Jan 21 03:33:17.711988 2026] [php:error] [pid 40309] [client 20.89.17.172:0] script '/domains/davidbacker/file.php' not found or unable to stat
[Wed Jan 21 03:33:17.875199 2026] [php:error] [pid 40309] [client 20.89.17.172:0] script '/domains/davidbacker/goods.php' not found or unable to stat
[Wed Jan 21 03:33:18.043760 2026] [php:error] [pid 40309] [client 20.89.17.172:0] script '/domains/davidbacker/hplfuns.php' not found or unable to stat
[Wed Jan 21 03:33:18.213890 2026] [php:error] [pid 40309] [client 20.89.17.172:0] script '/domains/davidbacker/htaccess.php' not found or unable to stat
[Wed Jan 21 03:33:18.376634 2026] [php:error] [pid 40309] [client 20.89.17.172:0] script '/domains/davidbacker/images/wso.php' not found or unable to stat
[Wed Jan 21 03:33:18.713235 2026] [php:error] [pid 40309] [client 20.89.17.172:0] script '/domains/davidbacker/info.php' not found or unable to stat
[Wed Jan 21 03:33:18.876223 2026] [php:error] [pid 40309] [client 20.89.17.172:0] script '/domains/davidbacker/profile.php' not found or unable to stat
[Wed Jan 21 03:33:19.038716 2026] [php:error] [pid 40309] [client 20.89.17.172:0] script '/domains/davidbacker/sx.php' not found or unable to stat
[Wed Jan 21 03:33:22.464490 2026] [php:error] [pid 40309] [client 20.89.17.172:0] script '/domains/davidbacker/wp-fclass.php' not found or unable to stat
[Wed Jan 21 03:33:25.288721 2026] [php:error] [pid 40309] [client 20.89.17.172:0] script '/domains/davidbacker/wp-themes.php' not found or unable to stat
[Wed Jan 21 03:33:25.454074 2026] [php:error] [pid 40309] [client 20.89.17.172:0] script '/domains/davidbacker/xmlrpc.php' not found or unable to stat
[Wed Jan 21 03:33:29.049156 2026] [php:error] [pid 40324] [client 20.192.24.172:0] script '/domains/hand-hammerweb/ioxi-o.php' not found or unable to stat
[Wed Jan 21 03:33:29.261260 2026] [php:error] [pid 40324] [client 20.192.24.172:0] script '/domains/hand-hammerweb/0x.php' not found or unable to stat
[Wed Jan 21 03:33:29.469432 2026] [php:error] [pid 40324] [client 20.192.24.172:0] script '/domains/hand-hammerweb/222.php' not found or unable to stat
[Wed Jan 21 03:33:29.677528 2026] [php:error] [pid 40324] [client 20.192.24.172:0] script '/domains/hand-hammerweb/aa.php' not found or unable to stat
[Wed Jan 21 03:33:29.908110 2026] [php:error] [pid 40324] [client 20.192.24.172:0] script '/domains/hand-hammerweb/abcd.php' not found or unable to stat
[Wed Jan 21 03:33:30.116648 2026] [php:error] [pid 40324] [client 20.192.24.172:0] script '/domains/hand-hammerweb/admin.php' not found or unable to stat
[Wed Jan 21 03:33:30.532447 2026] [php:error] [pid 40324] [client 20.192.24.172:0] script '/domains/hand-hammerweb/adminfuns.php' not found or unable to stat
[Wed Jan 21 03:33:30.740302 2026] [php:error] [pid 40324] [client 20.192.24.172:0] script '/domains/hand-hammerweb/akc.php' not found or unable to stat
[Wed Jan 21 03:33:30.948099 2026] [php:error] [pid 40324] [client 20.192.24.172:0] script '/domains/hand-hammerweb/buy.php' not found or unable to stat
[Wed Jan 21 03:33:31.155653 2026] [php:error] [pid 40324] [client 20.192.24.172:0] script '/domains/hand-hammerweb/cong.php' not found or unable to stat
[Wed Jan 21 03:33:31.363245 2026] [php:error] [pid 40324] [client 20.192.24.172:0] script '/domains/hand-hammerweb/ioxi-o.php' not found or unable to stat
[Wed Jan 21 03:33:31.782768 2026] [php:error] [pid 40324] [client 20.192.24.172:0] script '/domains/hand-hammerweb/db.php' not found or unable to stat
[Wed Jan 21 03:33:31.990635 2026] [php:error] [pid 40324] [client 20.192.24.172:0] script '/domains/hand-hammerweb/dropdown.php' not found or unable to stat
[Wed Jan 21 03:33:32.198326 2026] [php:error] [pid 40324] [client 20.192.24.172:0] script '/domains/hand-hammerweb/file.php' not found or unable to stat
[Wed Jan 21 03:33:32.408759 2026] [php:error] [pid 40324] [client 20.192.24.172:0] script '/domains/hand-hammerweb/goods.php' not found or unable to stat
[Wed Jan 21 03:33:32.628575 2026] [php:error] [pid 40324] [client 20.192.24.172:0] script '/domains/hand-hammerweb/hplfuns.php' not found or unable to stat
[Wed Jan 21 03:33:32.840987 2026] [php:error] [pid 40324] [client 20.192.24.172:0] script '/domains/hand-hammerweb/htaccess.php' not found or unable to stat
[Wed Jan 21 03:33:33.051266 2026] [php:error] [pid 40324] [client 20.192.24.172:0] script '/domains/hand-hammerweb/images/wso.php' not found or unable to stat
[Wed Jan 21 03:33:33.467855 2026] [php:error] [pid 40324] [client 20.192.24.172:0] script '/domains/hand-hammerweb/info.php' not found or unable to stat
[Wed Jan 21 03:33:33.677949 2026] [php:error] [pid 40324] [client 20.192.24.172:0] script '/domains/hand-hammerweb/profile.php' not found or unable to stat
[Wed Jan 21 03:33:33.889208 2026] [php:error] [pid 40324] [client 20.192.24.172:0] script '/domains/hand-hammerweb/sx.php' not found or unable to stat
[Wed Jan 21 03:33:38.320725 2026] [php:error] [pid 40324] [client 20.192.24.172:0] script '/domains/hand-hammerweb/wp-fclass.php' not found or unable to stat
[Wed Jan 21 03:33:41.931232 2026] [php:error] [pid 40324] [client 20.192.24.172:0] script '/domains/hand-hammerweb/wp-themes.php' not found or unable to stat
[Wed Jan 21 03:33:42.139504 2026] [php:error] [pid 40324] [client 20.192.24.172:0] script '/domains/hand-hammerweb/xmlrpc.php' not found or unable to stat
[Wed Jan 21 03:34:13.011548 2026] [php:error] [pid 40309] [client 129.150.36.137:0] script '/domains/system_suspended/wp-login.php' not found or unable to stat
[Wed Jan 21 03:34:49.915157 2026] [php:error] [pid 40325] [client 20.196.90.228:0] script '/domains/pmifit/2.php' not found or unable to stat
[Wed Jan 21 03:34:50.304180 2026] [php:error] [pid 40325] [client 20.196.90.228:0] script '/domains/pmifit/a.php' not found or unable to stat
[Wed Jan 21 03:34:50.499692 2026] [php:error] [pid 40325] [client 20.196.90.228:0] script '/domains/pmifit/aaa.php' not found or unable to stat
[Wed Jan 21 03:34:50.692646 2026] [php:error] [pid 40325] [client 20.196.90.228:0] script '/domains/pmifit/ab.php' not found or unable to stat
[Wed Jan 21 03:34:50.885049 2026] [php:error] [pid 40325] [client 20.196.90.228:0] script '/domains/pmifit/about.php' not found or unable to stat
[Wed Jan 21 03:34:51.269297 2026] [php:error] [pid 40325] [client 20.196.90.228:0] script '/domains/pmifit/alfa.php' not found or unable to stat
[Wed Jan 21 03:34:51.460276 2026] [php:error] [pid 40325] [client 20.196.90.228:0] script '/domains/pmifit/api.php' not found or unable to stat
[Wed Jan 21 03:34:51.650731 2026] [php:error] [pid 40325] [client 20.196.90.228:0] script '/domains/pmifit/auth.php' not found or unable to stat
[Wed Jan 21 03:34:52.039537 2026] [php:error] [pid 40325] [client 20.196.90.228:0] script '/domains/pmifit/classwithtostring.php' not found or unable to stat
[Wed Jan 21 03:34:52.236645 2026] [php:error] [pid 40325] [client 20.196.90.228:0] script '/domains/pmifit/contents.php' not found or unable to stat
[Wed Jan 21 03:34:52.620166 2026] [php:error] [pid 40325] [client 20.196.90.228:0] script '/domains/pmifit/default.php' not found or unable to stat
[Wed Jan 21 03:34:53.197757 2026] [php:error] [pid 40325] [client 20.196.90.228:0] script '/domains/pmifit/favicon.php' not found or unable to stat
[Wed Jan 21 03:34:53.388965 2026] [php:error] [pid 40325] [client 20.196.90.228:0] script '/domains/pmifit/hehe.php' not found or unable to stat
[Wed Jan 21 03:34:53.769295 2026] [php:error] [pid 40325] [client 20.196.90.228:0] script '/domains/pmifit/index.php' not found or unable to stat
[Wed Jan 21 03:34:53.960332 2026] [php:error] [pid 40325] [client 20.196.90.228:0] script '/domains/pmifit/info.php' not found or unable to stat
[Wed Jan 21 03:34:54.155609 2026] [php:error] [pid 40325] [client 20.196.90.228:0] script '/domains/pmifit/k.php' not found or unable to stat
[Wed Jan 21 03:34:54.348125 2026] [php:error] [pid 40325] [client 20.196.90.228:0] script '/domains/pmifit/lock360.php' not found or unable to stat
[Wed Jan 21 03:34:54.547596 2026] [php:error] [pid 40325] [client 20.196.90.228:0] script '/domains/pmifit/log.php' not found or unable to stat
[Wed Jan 21 03:34:54.754105 2026] [php:error] [pid 40325] [client 20.196.90.228:0] script '/domains/pmifit/man.php' not found or unable to stat
[Wed Jan 21 03:34:55.140019 2026] [php:error] [pid 40325] [client 20.196.90.228:0] script '/domains/pmifit/post.php' not found or unable to stat
[Wed Jan 21 03:34:55.525798 2026] [php:error] [pid 40325] [client 20.196.90.228:0] script '/domains/pmifit/root.php' not found or unable to stat
[Wed Jan 21 03:34:55.729555 2026] [php:error] [pid 40325] [client 20.196.90.228:0] script '/domains/pmifit/shellv3.php' not found or unable to stat
[Wed Jan 21 03:34:56.113470 2026] [php:error] [pid 40325] [client 20.196.90.228:0] script '/domains/pmifit/system.php' not found or unable to stat
[Wed Jan 21 03:34:56.304871 2026] [php:error] [pid 40325] [client 20.196.90.228:0] script '/domains/pmifit/test.php' not found or unable to stat
[Wed Jan 21 03:34:56.498998 2026] [php:error] [pid 40325] [client 20.196.90.228:0] script '/domains/pmifit/theme.php' not found or unable to stat
[Wed Jan 21 03:34:56.690691 2026] [php:error] [pid 40325] [client 20.196.90.228:0] script '/domains/pmifit/wp-activat.php' not found or unable to stat
[Wed Jan 21 03:34:56.882616 2026] [php:error] [pid 40325] [client 20.196.90.228:0] script '/domains/pmifit/wp-admin.php' not found or unable to stat
[Wed Jan 21 03:34:57.835503 2026] [php:error] [pid 40325] [client 20.196.90.228:0] script '/domains/pmifit/wp-blog.php' not found or unable to stat
[Wed Jan 21 03:34:58.030681 2026] [php:error] [pid 40325] [client 20.196.90.228:0] script '/domains/pmifit/wp-conf.php' not found or unable to stat
[Wed Jan 21 03:34:59.976618 2026] [php:error] [pid 40325] [client 20.196.90.228:0] script '/domains/pmifit/wp-file.php' not found or unable to stat
[Wed Jan 21 03:35:00.167579 2026] [php:error] [pid 40325] [client 20.196.90.228:0] script '/domains/pmifit/wp-include.php' not found or unable to stat
[Wed Jan 21 03:35:02.281370 2026] [php:error] [pid 40325] [client 20.196.90.228:0] script '/domains/pmifit/wp-logs.php' not found or unable to stat
[Wed Jan 21 03:35:02.471849 2026] [php:error] [pid 40325] [client 20.196.90.228:0] script '/domains/pmifit/xmlrpc.php' not found or unable to stat
[Wed Jan 21 03:35:04.215909 2026] [php:error] [pid 40325] [client 20.196.90.228:0] script '/domains/pmifit/WSO.php' not found or unable to stat
[Wed Jan 21 03:35:07.881366 2026] [php:error] [pid 40325] [client 20.196.90.228:0] script '/domains/pmifit/goods.php' not found or unable to stat
[Wed Jan 21 03:35:09.233114 2026] [php:error] [pid 40325] [client 20.196.90.228:0] script '/domains/pmifit/edit.php' not found or unable to stat
[Wed Jan 21 03:35:09.235198 2026] [php:error] [pid 40333] [client 4.217.180.34:0] script '/domains/takie/eee.php' not found or unable to stat
[Wed Jan 21 03:35:09.424223 2026] [php:error] [pid 40333] [client 4.217.180.34:0] script '/domains/takie/webadmin.php' not found or unable to stat
[Wed Jan 21 03:35:09.610520 2026] [php:error] [pid 40333] [client 4.217.180.34:0] script '/domains/takie/galex.php' not found or unable to stat
[Wed Jan 21 03:35:09.796795 2026] [php:error] [pid 40333] [client 4.217.180.34:0] script '/domains/takie/tinyfilemanager.php' not found or unable to stat
[Wed Jan 21 03:35:09.824145 2026] [php:error] [pid 40336] [client 20.196.90.228:0] script '/domains/pmifit/file5.php' not found or unable to stat
[Wed Jan 21 03:35:09.984006 2026] [php:error] [pid 40333] [client 4.217.180.34:0] script '/domains/takie/class.api.php' not found or unable to stat
[Wed Jan 21 03:35:10.170154 2026] [php:error] [pid 40333] [client 4.217.180.34:0] script '/domains/takie/support.php' not found or unable to stat
[Wed Jan 21 03:35:10.543546 2026] [php:error] [pid 40333] [client 4.217.180.34:0] script '/domains/takie/dox.php' not found or unable to stat
[Wed Jan 21 03:35:10.616303 2026] [php:error] [pid 40336] [client 20.196.90.228:0] script '/domains/pmifit/aa.php' not found or unable to stat
[Wed Jan 21 03:35:10.730847 2026] [php:error] [pid 40333] [client 4.217.180.34:0] script '/domains/takie/siteheads.php' not found or unable to stat
[Wed Jan 21 03:35:10.917362 2026] [php:error] [pid 40333] [client 4.217.180.34:0] script '/domains/takie/0x.php' not found or unable to stat
[Wed Jan 21 03:35:11.289875 2026] [php:error] [pid 40333] [client 4.217.180.34:0] script '/domains/takie/wp-logout.php' not found or unable to stat
[Wed Jan 21 03:35:11.475843 2026] [php:error] [pid 40333] [client 4.217.180.34:0] script '/domains/takie/87.php' not found or unable to stat
[Wed Jan 21 03:35:11.663595 2026] [php:error] [pid 40333] [client 4.217.180.34:0] script '/domains/takie/0o0.php' not found or unable to stat
[Wed Jan 21 03:35:11.849863 2026] [php:error] [pid 40333] [client 4.217.180.34:0] script '/domains/takie/lv.php' not found or unable to stat
[Wed Jan 21 03:35:12.037919 2026] [php:error] [pid 40333] [client 4.217.180.34:0] script '/domains/takie/dropdown.php' not found or unable to stat
[Wed Jan 21 03:35:12.224226 2026] [php:error] [pid 40333] [client 4.217.180.34:0] script '/domains/takie/wsheet1.php' not found or unable to stat
[Wed Jan 21 03:35:12.385990 2026] [php:error] [pid 40336] [client 20.196.90.228:0] script '/domains/pmifit/autoload_classmap.php' not found or unable to stat
[Wed Jan 21 03:35:12.603249 2026] [php:error] [pid 40333] [client 4.217.180.34:0] script '/domains/takie/size.php' not found or unable to stat
[Wed Jan 21 03:35:12.789321 2026] [php:error] [pid 40333] [client 4.217.180.34:0] script '/domains/takie/ms-users.php' not found or unable to stat
[Wed Jan 21 03:35:13.161820 2026] [php:error] [pid 40333] [client 4.217.180.34:0] script '/domains/takie/revision.php' not found or unable to stat
[Wed Jan 21 03:35:13.348135 2026] [php:error] [pid 40333] [client 4.217.180.34:0] script '/domains/takie/12.php' not found or unable to stat
[Wed Jan 21 03:35:13.721472 2026] [php:error] [pid 40333] [client 4.217.180.34:0] script '/domains/takie/img.php' not found or unable to stat
[Wed Jan 21 03:35:13.907748 2026] [php:error] [pid 40333] [client 4.217.180.34:0] script '/domains/takie/menu.php' not found or unable to stat
[Wed Jan 21 03:35:14.093990 2026] [php:error] [pid 40333] [client 4.217.180.34:0] script '/domains/takie/tinyfilemanager.php' not found or unable to stat
[Wed Jan 21 03:35:14.280549 2026] [php:error] [pid 40333] [client 4.217.180.34:0] script '/domains/takie/test1.php' not found or unable to stat
[Wed Jan 21 03:35:14.468360 2026] [php:error] [pid 40333] [client 4.217.180.34:0] script '/domains/takie/shell20211028.php' not found or unable to stat
[Wed Jan 21 03:35:14.654305 2026] [php:error] [pid 40333] [client 4.217.180.34:0] script '/domains/takie/ton.php' not found or unable to stat
[Wed Jan 21 03:35:14.840581 2026] [php:error] [pid 40333] [client 4.217.180.34:0] script '/domains/takie/item.php' not found or unable to stat
[Wed Jan 21 03:35:14.978234 2026] [php:error] [pid 40336] [client 20.196.90.228:0] script '/domains/pmifit/file.php' not found or unable to stat
[Wed Jan 21 03:35:15.035008 2026] [php:error] [pid 40333] [client 4.217.180.34:0] script '/domains/takie/lala.php' not found or unable to stat
[Wed Jan 21 03:35:15.408806 2026] [php:error] [pid 40333] [client 4.217.180.34:0] script '/domains/takie/page.php' not found or unable to stat
[Wed Jan 21 03:35:15.595042 2026] [php:error] [pid 40333] [client 4.217.180.34:0] script '/domains/takie/tempfuns.php' not found or unable to stat
[Wed Jan 21 03:35:15.780929 2026] [php:error] [pid 40333] [client 4.217.180.34:0] script '/domains/takie/past.php' not found or unable to stat
[Wed Jan 21 03:35:15.967034 2026] [php:error] [pid 40333] [client 4.217.180.34:0] script '/domains/takie/log.php' not found or unable to stat
[Wed Jan 21 03:35:16.148434 2026] [php:error] [pid 40336] [client 20.196.90.228:0] script '/domains/pmifit/inputs.php' not found or unable to stat
[Wed Jan 21 03:35:16.153071 2026] [php:error] [pid 40333] [client 4.217.180.34:0] script '/domains/takie/wen.php' not found or unable to stat
[Wed Jan 21 03:35:16.524808 2026] [php:error] [pid 40333] [client 4.217.180.34:0] script '/domains/takie/sf.php' not found or unable to stat
[Wed Jan 21 03:35:16.712139 2026] [php:error] [pid 40333] [client 4.217.180.34:0] script '/domains/takie/simple.php' not found or unable to stat
[Wed Jan 21 03:35:16.757857 2026] [php:error] [pid 40336] [client 20.196.90.228:0] script '/domains/pmifit/1.php' not found or unable to stat
[Wed Jan 21 03:35:16.900234 2026] [php:error] [pid 40333] [client 4.217.180.34:0] script '/domains/takie/admiin.php' not found or unable to stat
[Wed Jan 21 03:35:17.088781 2026] [php:error] [pid 40333] [client 4.217.180.34:0] script '/domains/takie/9v6.php' not found or unable to stat
[Wed Jan 21 03:35:17.275022 2026] [php:error] [pid 40333] [client 4.217.180.34:0] script '/domains/takie/doc.php' not found or unable to stat
[Wed Jan 21 03:35:17.461273 2026] [php:error] [pid 40333] [client 4.217.180.34:0] script '/domains/takie/ha.php' not found or unable to stat
[Wed Jan 21 03:35:17.647344 2026] [php:error] [pid 40333] [client 4.217.180.34:0] script '/domains/takie/F0x.php' not found or unable to stat
[Wed Jan 21 03:35:17.833408 2026] [php:error] [pid 40333] [client 4.217.180.34:0] script '/domains/takie/file2.php' not found or unable to stat
[Wed Jan 21 03:35:18.019988 2026] [php:error] [pid 40333] [client 4.217.180.34:0] script '/domains/takie/cong.php' not found or unable to stat
[Wed Jan 21 03:35:18.210042 2026] [php:error] [pid 40333] [client 4.217.180.34:0] script '/domains/takie/a2.php' not found or unable to stat
[Wed Jan 21 03:35:18.395919 2026] [php:error] [pid 40333] [client 4.217.180.34:0] script '/domains/takie/up4.php' not found or unable to stat
[Wed Jan 21 03:35:18.581734 2026] [php:error] [pid 40333] [client 4.217.180.34:0] script '/domains/takie/gtc.php' not found or unable to stat
[Wed Jan 21 03:35:18.768304 2026] [php:error] [pid 40333] [client 4.217.180.34:0] script '/domains/takie/dbc.php' not found or unable to stat
[Wed Jan 21 03:35:18.954351 2026] [php:error] [pid 40333] [client 4.217.180.34:0] script '/domains/takie/xa.php' not found or unable to stat
[Wed Jan 21 03:35:19.140330 2026] [php:error] [pid 40333] [client 4.217.180.34:0] script '/domains/takie/content.php' not found or unable to stat
[Wed Jan 21 03:35:19.326971 2026] [php:error] [pid 40333] [client 4.217.180.34:0] script '/domains/takie/oo.php' not found or unable to stat
[Wed Jan 21 03:35:19.513887 2026] [php:error] [pid 40333] [client 4.217.180.34:0] script '/domains/takie/ws35.php' not found or unable to stat
[Wed Jan 21 03:35:19.701467 2026] [php:error] [pid 40333] [client 4.217.180.34:0] script '/domains/takie/222.php' not found or unable to stat
[Wed Jan 21 03:35:19.887845 2026] [php:error] [pid 40333] [client 4.217.180.34:0] script '/domains/takie/z60.php' not found or unable to stat
[Wed Jan 21 03:35:20.074128 2026] [php:error] [pid 40333] [client 4.217.180.34:0] script '/domains/takie/wp-freya.php' not found or unable to stat
[Wed Jan 21 03:35:20.260218 2026] [php:error] [pid 40333] [client 4.217.180.34:0] script '/domains/takie/ccou.php' not found or unable to stat
[Wed Jan 21 03:35:20.447022 2026] [php:error] [pid 40333] [client 4.217.180.34:0] script '/domains/takie/abc.php' not found or unable to stat
[Wed Jan 21 03:35:20.568713 2026] [php:error] [pid 40336] [client 20.196.90.228:0] script '/domains/pmifit/flower.php' not found or unable to stat
[Wed Jan 21 03:35:20.633219 2026] [php:error] [pid 40333] [client 4.217.180.34:0] script '/domains/takie/ant.php' not found or unable to stat
[Wed Jan 21 03:35:20.819927 2026] [php:error] [pid 40333] [client 4.217.180.34:0] script '/domains/takie/ma.php' not found or unable to stat
[Wed Jan 21 03:35:21.006071 2026] [php:error] [pid 40333] [client 4.217.180.34:0] script '/domains/takie/gecko.php' not found or unable to stat
[Wed Jan 21 03:35:21.167594 2026] [php:error] [pid 40342] [client 20.196.90.228:0] script '/domains/fairlane1/2.php' not found or unable to stat
[Wed Jan 21 03:35:21.192242 2026] [php:error] [pid 40333] [client 4.217.180.34:0] script '/domains/takie/ws29.php' not found or unable to stat
[Wed Jan 21 03:35:21.378867 2026] [php:error] [pid 40333] [client 4.217.180.34:0] script '/domains/takie/1100.php' not found or unable to stat
[Wed Jan 21 03:35:21.544737 2026] [php:error] [pid 40342] [client 20.196.90.228:0] script '/domains/fairlane1/a.php' not found or unable to stat
[Wed Jan 21 03:35:21.565077 2026] [php:error] [pid 40333] [client 4.217.180.34:0] script '/domains/takie/ws46.php' not found or unable to stat
[Wed Jan 21 03:35:21.733939 2026] [php:error] [pid 40342] [client 20.196.90.228:0] script '/domains/fairlane1/aaa.php' not found or unable to stat
[Wed Jan 21 03:35:21.750920 2026] [php:error] [pid 40333] [client 4.217.180.34:0] script '/domains/takie/ws43.php' not found or unable to stat
[Wed Jan 21 03:35:21.921675 2026] [php:error] [pid 40342] [client 20.196.90.228:0] script '/domains/fairlane1/ab.php' not found or unable to stat
[Wed Jan 21 03:35:21.937284 2026] [php:error] [pid 40333] [client 4.217.180.34:0] script '/domains/takie/ws36.php' not found or unable to stat
[Wed Jan 21 03:35:22.109212 2026] [php:error] [pid 40342] [client 20.196.90.228:0] script '/domains/fairlane1/about.php' not found or unable to stat
[Wed Jan 21 03:35:22.123444 2026] [php:error] [pid 40333] [client 4.217.180.34:0] script '/domains/takie/ws34.php' not found or unable to stat
[Wed Jan 21 03:35:22.309328 2026] [php:error] [pid 40333] [client 4.217.180.34:0] script '/domains/takie/rtx.php' not found or unable to stat
[Wed Jan 21 03:35:22.485067 2026] [php:error] [pid 40342] [client 20.196.90.228:0] script '/domains/fairlane1/alfa.php' not found or unable to stat
[Wed Jan 21 03:35:22.495254 2026] [php:error] [pid 40333] [client 4.217.180.34:0] script '/domains/takie/as.php' not found or unable to stat
[Wed Jan 21 03:35:22.674647 2026] [php:error] [pid 40342] [client 20.196.90.228:0] script '/domains/fairlane1/api.php' not found or unable to stat
[Wed Jan 21 03:35:22.685254 2026] [php:error] [pid 40333] [client 4.217.180.34:0] script '/domains/takie/ova.php' not found or unable to stat
[Wed Jan 21 03:35:22.864461 2026] [php:error] [pid 40342] [client 20.196.90.228:0] script '/domains/fairlane1/auth.php' not found or unable to stat
[Wed Jan 21 03:35:22.871591 2026] [php:error] [pid 40333] [client 4.217.180.34:0] script '/domains/takie/blox.php' not found or unable to stat
[Wed Jan 21 03:35:23.057962 2026] [php:error] [pid 40333] [client 4.217.180.34:0] script '/domains/takie/vx.php' not found or unable to stat
[Wed Jan 21 03:35:23.239672 2026] [php:error] [pid 40342] [client 20.196.90.228:0] script '/domains/fairlane1/classwithtostring.php' not found or unable to stat
[Wed Jan 21 03:35:23.243942 2026] [php:error] [pid 40333] [client 4.217.180.34:0] script '/domains/takie/mh.php' not found or unable to stat
[Wed Jan 21 03:35:23.429661 2026] [php:error] [pid 40342] [client 20.196.90.228:0] script '/domains/fairlane1/contents.php' not found or unable to stat
[Wed Jan 21 03:35:23.429919 2026] [php:error] [pid 40333] [client 4.217.180.34:0] script '/domains/takie/pn.php' not found or unable to stat
[Wed Jan 21 03:35:23.616492 2026] [php:error] [pid 40333] [client 4.217.180.34:0] script '/domains/takie/O-Simple.php' not found or unable to stat
[Wed Jan 21 03:35:23.802493 2026] [php:error] [pid 40333] [client 4.217.180.34:0] script '/domains/takie/smklh.php' not found or unable to stat
[Wed Jan 21 03:35:23.808365 2026] [php:error] [pid 40342] [client 20.196.90.228:0] script '/domains/fairlane1/default.php' not found or unable to stat
[Wed Jan 21 03:35:23.906561 2026] [php:error] [pid 40336] [client 20.196.90.228:0] script '/domains/pmifit/ioxi-o.php' not found or unable to stat
[Wed Jan 21 03:35:23.990348 2026] [php:error] [pid 40333] [client 4.217.180.34:0] script '/domains/takie/mans.php' not found or unable to stat
[Wed Jan 21 03:35:24.102222 2026] [php:error] [pid 40336] [client 20.196.90.228:0] script '/domains/pmifit/radio.php' not found or unable to stat
[Wed Jan 21 03:35:24.177700 2026] [php:error] [pid 40333] [client 4.217.180.34:0] script '/domains/takie/horeg.php' not found or unable to stat
[Wed Jan 21 03:35:24.363884 2026] [php:error] [pid 40333] [client 4.217.180.34:0] script '/domains/takie/to.php' not found or unable to stat
[Wed Jan 21 03:35:24.384253 2026] [php:error] [pid 40342] [client 20.196.90.228:0] script '/domains/fairlane1/favicon.php' not found or unable to stat
[Wed Jan 21 03:35:24.550178 2026] [php:error] [pid 40333] [client 4.217.180.34:0] script '/domains/takie/wp-good.php' not found or unable to stat
[Wed Jan 21 03:35:24.578756 2026] [php:error] [pid 40342] [client 20.196.90.228:0] script '/domains/fairlane1/hehe.php' not found or unable to stat
[Wed Jan 21 03:35:24.736301 2026] [php:error] [pid 40333] [client 4.217.180.34:0] script '/domains/takie/fz.php' not found or unable to stat
[Wed Jan 21 03:35:24.922786 2026] [php:error] [pid 40333] [client 4.217.180.34:0] script '/domains/takie/mini.php' not found or unable to stat
[Wed Jan 21 03:35:24.954250 2026] [php:error] [pid 40342] [client 20.196.90.228:0] script '/domains/fairlane1/index.php' not found or unable to stat
[Wed Jan 21 03:35:25.108826 2026] [php:error] [pid 40333] [client 4.217.180.34:0] script '/domains/takie/x.php' not found or unable to stat
[Wed Jan 21 03:35:25.142212 2026] [php:error] [pid 40342] [client 20.196.90.228:0] script '/domains/fairlane1/info.php' not found or unable to stat
[Wed Jan 21 03:35:25.295130 2026] [php:error] [pid 40333] [client 4.217.180.34:0] script '/domains/takie/ioxi-o.php' not found or unable to stat
[Wed Jan 21 03:35:25.299737 2026] [php:error] [pid 40336] [client 20.196.90.228:0] script '/domains/pmifit/admin.php' not found or unable to stat
[Wed Jan 21 03:35:25.332147 2026] [php:error] [pid 40342] [client 20.196.90.228:0] script '/domains/fairlane1/k.php' not found or unable to stat
[Wed Jan 21 03:35:25.482277 2026] [php:error] [pid 40333] [client 4.217.180.34:0] script '/domains/takie/xxxx.php' not found or unable to stat
[Wed Jan 21 03:35:25.500875 2026] [php:error] [pid 40336] [client 20.196.90.228:0] script '/domains/pmifit/functions.php' not found or unable to stat
[Wed Jan 21 03:35:25.523406 2026] [php:error] [pid 40342] [client 20.196.90.228:0] script '/domains/fairlane1/lock360.php' not found or unable to stat
[Wed Jan 21 03:35:25.669313 2026] [php:error] [pid 40333] [client 4.217.180.34:0] script '/domains/takie/moon.php' not found or unable to stat
[Wed Jan 21 03:35:25.710974 2026] [php:error] [pid 40342] [client 20.196.90.228:0] script '/domains/fairlane1/log.php' not found or unable to stat
[Wed Jan 21 03:35:25.855307 2026] [php:error] [pid 40333] [client 4.217.180.34:0] script '/domains/takie/ws46.php' not found or unable to stat
[Wed Jan 21 03:35:25.902939 2026] [php:error] [pid 40342] [client 20.196.90.228:0] script '/domains/fairlane1/man.php' not found or unable to stat
[Wed Jan 21 03:35:26.041668 2026] [php:error] [pid 40333] [client 4.217.180.34:0] script '/domains/takie/wp-22.php' not found or unable to stat
[Wed Jan 21 03:35:26.227782 2026] [php:error] [pid 40333] [client 4.217.180.34:0] script '/domains/takie/user.php' not found or unable to stat
[Wed Jan 21 03:35:26.278662 2026] [php:error] [pid 40342] [client 20.196.90.228:0] script '/domains/fairlane1/post.php' not found or unable to stat
[Wed Jan 21 03:35:26.413789 2026] [php:error] [pid 40333] [client 4.217.180.34:0] script '/domains/takie/classwithtostring.php' not found or unable to stat
[Wed Jan 21 03:35:26.600142 2026] [php:error] [pid 40333] [client 4.217.180.34:0] script '/domains/takie/content.php' not found or unable to stat
[Wed Jan 21 03:35:26.660887 2026] [php:error] [pid 40342] [client 20.196.90.228:0] script '/domains/fairlane1/root.php' not found or unable to stat
[Wed Jan 21 03:35:26.786457 2026] [php:error] [pid 40333] [client 4.217.180.34:0] script '/domains/takie/wp-ana.php' not found or unable to stat
[Wed Jan 21 03:35:26.849171 2026] [php:error] [pid 40342] [client 20.196.90.228:0] script '/domains/fairlane1/shellv3.php' not found or unable to stat
[Wed Jan 21 03:35:26.972632 2026] [php:error] [pid 40333] [client 4.217.180.34:0] script '/domains/takie/cwclass.php' not found or unable to stat
[Wed Jan 21 03:35:27.158438 2026] [php:error] [pid 40333] [client 4.217.180.34:0] script '/domains/takie/87.php' not found or unable to stat
[Wed Jan 21 03:35:27.231023 2026] [php:error] [pid 40342] [client 20.196.90.228:0] script '/domains/fairlane1/system.php' not found or unable to stat
[Wed Jan 21 03:35:27.344950 2026] [php:error] [pid 40333] [client 4.217.180.34:0] script '/domains/takie/error.php' not found or unable to stat
[Wed Jan 21 03:35:27.423796 2026] [php:error] [pid 40342] [client 20.196.90.228:0] script '/domains/fairlane1/test.php' not found or unable to stat
[Wed Jan 21 03:35:27.532105 2026] [php:error] [pid 40333] [client 4.217.180.34:0] script '/domains/takie/redi.php' not found or unable to stat
[Wed Jan 21 03:35:27.611410 2026] [php:error] [pid 40342] [client 20.196.90.228:0] script '/domains/fairlane1/theme.php' not found or unable to stat
[Wed Jan 21 03:35:27.718224 2026] [php:error] [pid 40333] [client 4.217.180.34:0] script '/domains/takie/wsd.php' not found or unable to stat
[Wed Jan 21 03:35:27.804313 2026] [php:error] [pid 40342] [client 20.196.90.228:0] script '/domains/fairlane1/wp-activat.php' not found or unable to stat
[Wed Jan 21 03:35:27.994345 2026] [php:error] [pid 40342] [client 20.196.90.228:0] script '/domains/fairlane1/wp-admin.php' not found or unable to stat
[Wed Jan 21 03:35:28.128984 2026] [php:error] [pid 40355] [client 4.217.180.34:0] script '/domains/takie/image.php' not found or unable to stat
[Wed Jan 21 03:35:28.317609 2026] [php:error] [pid 40355] [client 4.217.180.34:0] script '/domains/takie/abcd.php' not found or unable to stat
[Wed Jan 21 03:35:28.505708 2026] [php:error] [pid 40355] [client 4.217.180.34:0] script '/domains/takie/indo.php' not found or unable to stat
[Wed Jan 21 03:35:28.694120 2026] [php:error] [pid 40355] [client 4.217.180.34:0] script '/domains/takie/0xx.php' not found or unable to stat
[Wed Jan 21 03:35:28.881999 2026] [php:error] [pid 40355] [client 4.217.180.34:0] script '/domains/takie/o.php' not found or unable to stat
[Wed Jan 21 03:35:28.938479 2026] [php:error] [pid 40342] [client 20.196.90.228:0] script '/domains/fairlane1/wp-blog.php' not found or unable to stat
[Wed Jan 21 03:35:29.069990 2026] [php:error] [pid 40355] [client 4.217.180.34:0] script '/domains/takie/1.php' not found or unable to stat
[Wed Jan 21 03:35:29.126822 2026] [php:error] [pid 40342] [client 20.196.90.228:0] script '/domains/fairlane1/wp-conf.php' not found or unable to stat
[Wed Jan 21 03:35:29.258273 2026] [php:error] [pid 40355] [client 4.217.180.34:0] script '/domains/takie/style.php' not found or unable to stat
[Wed Jan 21 03:35:29.446385 2026] [php:error] [pid 40355] [client 4.217.180.34:0] script '/domains/takie/manager.php' not found or unable to stat
[Wed Jan 21 03:35:29.634344 2026] [php:error] [pid 40355] [client 4.217.180.34:0] script '/domains/takie/bless.php' not found or unable to stat
[Wed Jan 21 03:35:29.822485 2026] [php:error] [pid 40355] [client 4.217.180.34:0] script '/domains/takie/geck.php' not found or unable to stat
[Wed Jan 21 03:35:30.010912 2026] [php:error] [pid 40355] [client 4.217.180.34:0] script '/domains/takie/wp-configs.php' not found or unable to stat
[Wed Jan 21 03:35:30.200135 2026] [php:error] [pid 40355] [client 4.217.180.34:0] script '/domains/takie/file.php' not found or unable to stat
[Wed Jan 21 03:35:30.388164 2026] [php:error] [pid 40355] [client 4.217.180.34:0] script '/domains/takie/11.php' not found or unable to stat
[Wed Jan 21 03:35:30.576816 2026] [php:error] [pid 40355] [client 4.217.180.34:0] script '/domains/takie/s.php' not found or unable to stat
[Wed Jan 21 03:35:30.765302 2026] [php:error] [pid 40355] [client 4.217.180.34:0] script '/domains/takie/sid3.php' not found or unable to stat
[Wed Jan 21 03:35:30.953143 2026] [php:error] [pid 40355] [client 4.217.180.34:0] script '/domains/takie/ng.php' not found or unable to stat
[Wed Jan 21 03:35:31.031100 2026] [php:error] [pid 40342] [client 20.196.90.228:0] script '/domains/fairlane1/wp-file.php' not found or unable to stat
[Wed Jan 21 03:35:31.140923 2026] [php:error] [pid 40355] [client 4.217.180.34:0] script '/domains/takie/m.php' not found or unable to stat
[Wed Jan 21 03:35:31.224989 2026] [php:error] [pid 40342] [client 20.196.90.228:0] script '/domains/fairlane1/wp-include.php' not found or unable to stat
[Wed Jan 21 03:35:31.329271 2026] [php:error] [pid 40355] [client 4.217.180.34:0] script '/domains/takie/webix.php' not found or unable to stat
[Wed Jan 21 03:35:31.517374 2026] [php:error] [pid 40355] [client 4.217.180.34:0] script '/domains/takie/az.php' not found or unable to stat
[Wed Jan 21 03:35:31.706039 2026] [php:error] [pid 40355] [client 4.217.180.34:0] script '/domains/takie/hans.php' not found or unable to stat
[Wed Jan 21 03:35:31.895093 2026] [php:error] [pid 40355] [client 4.217.180.34:0] script '/domains/takie/403.php' not found or unable to stat
[Wed Jan 21 03:35:32.083559 2026] [php:error] [pid 40355] [client 4.217.180.34:0] script '/domains/takie/404.php' not found or unable to stat
[Wed Jan 21 03:35:32.276633 2026] [php:error] [pid 40355] [client 4.217.180.34:0] script '/domains/takie/buy.php' not found or unable to stat
[Wed Jan 21 03:35:33.319293 2026] [php:error] [pid 40342] [client 20.196.90.228:0] script '/domains/fairlane1/wp-logs.php' not found or unable to stat
[Wed Jan 21 03:35:33.507802 2026] [php:error] [pid 40342] [client 20.196.90.228:0] script '/domains/fairlane1/xmlrpc.php' not found or unable to stat
[Wed Jan 21 03:35:35.227287 2026] [php:error] [pid 40342] [client 20.196.90.228:0] script '/domains/fairlane1/WSO.php' not found or unable to stat
[Wed Jan 21 03:35:38.837515 2026] [php:error] [pid 40342] [client 20.196.90.228:0] script '/domains/fairlane1/goods.php' not found or unable to stat
[Wed Jan 21 03:35:40.155424 2026] [php:error] [pid 40342] [client 20.196.90.228:0] script '/domains/fairlane1/edit.php' not found or unable to stat
[Wed Jan 21 03:35:40.728429 2026] [php:error] [pid 40348] [client 20.196.90.228:0] script '/domains/fairlane1/file5.php' not found or unable to stat
[Wed Jan 21 03:35:41.496152 2026] [php:error] [pid 40348] [client 20.196.90.228:0] script '/domains/fairlane1/aa.php' not found or unable to stat
[Wed Jan 21 03:35:43.212830 2026] [php:error] [pid 40348] [client 20.196.90.228:0] script '/domains/fairlane1/autoload_classmap.php' not found or unable to stat
[Wed Jan 21 03:35:45.685174 2026] [php:error] [pid 40348] [client 20.196.90.228:0] script '/domains/fairlane1/file.php' not found or unable to stat
[Wed Jan 21 03:35:46.827490 2026] [php:error] [pid 40348] [client 20.196.90.228:0] script '/domains/fairlane1/inputs.php' not found or unable to stat
[Wed Jan 21 03:35:47.399444 2026] [php:error] [pid 40348] [client 20.196.90.228:0] script '/domains/fairlane1/1.php' not found or unable to stat
[Wed Jan 21 03:35:51.023016 2026] [php:error] [pid 40348] [client 20.196.90.228:0] script '/domains/fairlane1/flower.php' not found or unable to stat
[Wed Jan 21 03:35:54.265918 2026] [php:error] [pid 40348] [client 20.196.90.228:0] script '/domains/fairlane1/ioxi-o.php' not found or unable to stat
[Wed Jan 21 03:35:54.456899 2026] [php:error] [pid 40348] [client 20.196.90.228:0] script '/domains/fairlane1/radio.php' not found or unable to stat
[Wed Jan 21 03:35:55.598959 2026] [php:error] [pid 40348] [client 20.196.90.228:0] script '/domains/fairlane1/admin.php' not found or unable to stat
[Wed Jan 21 03:35:55.789559 2026] [php:error] [pid 40348] [client 20.196.90.228:0] script '/domains/fairlane1/functions.php' not found or unable to stat
[Wed Jan 21 03:37:07.825625 2026] [php:error] [pid 40360] [client 4.197.240.79:0] script '/domains/proinc/aa.php' not found or unable to stat
