[Wed Jan 21 02:18:49.991494 2026] [php:error] [pid 28010] [client 4.197.162.185:0] script '/domains/kandg-pc/contents.php' not found or unable to stat
[Wed Jan 21 02:18:50.398913 2026] [php:error] [pid 28010] [client 4.197.162.185:0] script '/domains/kandg-pc/default.php' not found or unable to stat
[Wed Jan 21 02:18:51.031814 2026] [php:error] [pid 28010] [client 4.197.162.185:0] script '/domains/kandg-pc/favicon.php' not found or unable to stat
[Wed Jan 21 02:18:51.235493 2026] [php:error] [pid 28010] [client 4.197.162.185:0] script '/domains/kandg-pc/hehe.php' not found or unable to stat
[Wed Jan 21 02:18:51.643099 2026] [php:error] [pid 28010] [client 4.197.162.185:0] script '/domains/kandg-pc/index.php' not found or unable to stat
[Wed Jan 21 02:18:51.848545 2026] [php:error] [pid 28010] [client 4.197.162.185:0] script '/domains/kandg-pc/info.php' not found or unable to stat
[Wed Jan 21 02:18:52.052297 2026] [php:error] [pid 28010] [client 4.197.162.185:0] script '/domains/kandg-pc/k.php' not found or unable to stat
[Wed Jan 21 02:18:52.264975 2026] [php:error] [pid 28010] [client 4.197.162.185:0] script '/domains/kandg-pc/lock360.php' not found or unable to stat
[Wed Jan 21 02:18:52.469057 2026] [php:error] [pid 28010] [client 4.197.162.185:0] script '/domains/kandg-pc/log.php' not found or unable to stat
[Wed Jan 21 02:18:52.672555 2026] [php:error] [pid 28010] [client 4.197.162.185:0] script '/domains/kandg-pc/man.php' not found or unable to stat
[Wed Jan 21 02:18:53.080099 2026] [php:error] [pid 28010] [client 4.197.162.185:0] script '/domains/kandg-pc/post.php' not found or unable to stat
[Wed Jan 21 02:18:53.494831 2026] [php:error] [pid 28010] [client 4.197.162.185:0] script '/domains/kandg-pc/root.php' not found or unable to stat
[Wed Jan 21 02:18:53.698342 2026] [php:error] [pid 28010] [client 4.197.162.185:0] script '/domains/kandg-pc/shellv3.php' not found or unable to stat
[Wed Jan 21 02:18:54.105569 2026] [php:error] [pid 28010] [client 4.197.162.185:0] script '/domains/kandg-pc/system.php' not found or unable to stat
[Wed Jan 21 02:18:54.312021 2026] [php:error] [pid 28010] [client 4.197.162.185:0] script '/domains/kandg-pc/test.php' not found or unable to stat
[Wed Jan 21 02:18:54.515735 2026] [php:error] [pid 28010] [client 4.197.162.185:0] script '/domains/kandg-pc/theme.php' not found or unable to stat
[Wed Jan 21 02:18:54.740639 2026] [php:error] [pid 28010] [client 4.197.162.185:0] script '/domains/kandg-pc/wp-activat.php' not found or unable to stat
[Wed Jan 21 02:18:54.944646 2026] [php:error] [pid 28010] [client 4.197.162.185:0] script '/domains/kandg-pc/wp-admin.php' not found or unable to stat
[Wed Jan 21 02:18:55.980766 2026] [php:error] [pid 28010] [client 4.197.162.185:0] script '/domains/kandg-pc/wp-blog.php' not found or unable to stat
[Wed Jan 21 02:18:56.185998 2026] [php:error] [pid 28010] [client 4.197.162.185:0] script '/domains/kandg-pc/wp-conf.php' not found or unable to stat
[Wed Jan 21 02:18:58.237465 2026] [php:error] [pid 28010] [client 4.197.162.185:0] script '/domains/kandg-pc/wp-file.php' not found or unable to stat
[Wed Jan 21 02:18:58.441421 2026] [php:error] [pid 28010] [client 4.197.162.185:0] script '/domains/kandg-pc/wp-include.php' not found or unable to stat
[Wed Jan 21 02:19:00.717275 2026] [php:error] [pid 28010] [client 4.197.162.185:0] script '/domains/kandg-pc/wp-logs.php' not found or unable to stat
[Wed Jan 21 02:19:00.921373 2026] [php:error] [pid 28010] [client 4.197.162.185:0] script '/domains/kandg-pc/xmlrpc.php' not found or unable to stat
[Wed Jan 21 02:19:02.772377 2026] [php:error] [pid 28010] [client 4.197.162.185:0] script '/domains/kandg-pc/WSO.php' not found or unable to stat
[Wed Jan 21 02:19:06.697785 2026] [php:error] [pid 28010] [client 4.197.162.185:0] script '/domains/kandg-pc/goods.php' not found or unable to stat
[Wed Jan 21 02:19:08.136883 2026] [php:error] [pid 28010] [client 4.197.162.185:0] script '/domains/kandg-pc/edit.php' not found or unable to stat
[Wed Jan 21 02:19:08.749590 2026] [php:error] [pid 27997] [client 4.197.162.185:0] script '/domains/kandg-pc/file5.php' not found or unable to stat
[Wed Jan 21 02:19:09.568878 2026] [php:error] [pid 27997] [client 4.197.162.185:0] script '/domains/kandg-pc/aa.php' not found or unable to stat
[Wed Jan 21 02:19:11.409225 2026] [php:error] [pid 27997] [client 4.197.162.185:0] script '/domains/kandg-pc/autoload_classmap.php' not found or unable to stat
[Wed Jan 21 02:19:14.119896 2026] [php:error] [pid 27997] [client 4.197.162.185:0] script '/domains/kandg-pc/file.php' not found or unable to stat
[Wed Jan 21 02:19:15.205951 2026] [authz_core:error] [pid 28033] [client 201.205.247.46:0] AH01630: client denied by server configuration: /domains/127.0.0.1
[Wed Jan 21 02:19:15.354622 2026] [php:error] [pid 27997] [client 4.197.162.185:0] script '/domains/kandg-pc/inputs.php' not found or unable to stat
[Wed Jan 21 02:19:15.982956 2026] [php:error] [pid 27997] [client 4.197.162.185:0] script '/domains/kandg-pc/1.php' not found or unable to stat
[Wed Jan 21 02:19:19.909858 2026] [php:error] [pid 27997] [client 4.197.162.185:0] script '/domains/kandg-pc/flower.php' not found or unable to stat
[Wed Jan 21 02:19:23.414139 2026] [php:error] [pid 27997] [client 4.197.162.185:0] script '/domains/kandg-pc/ioxi-o.php' not found or unable to stat
[Wed Jan 21 02:19:23.618350 2026] [php:error] [pid 27997] [client 4.197.162.185:0] script '/domains/kandg-pc/radio.php' not found or unable to stat
[Wed Jan 21 02:19:24.857889 2026] [php:error] [pid 27997] [client 4.197.162.185:0] script '/domains/kandg-pc/admin.php' not found or unable to stat
[Wed Jan 21 02:19:25.061774 2026] [php:error] [pid 27997] [client 4.197.162.185:0] script '/domains/kandg-pc/functions.php' not found or unable to stat
[Wed Jan 21 02:20:33.355006 2026] [php:error] [pid 28043] [client 4.197.162.185:0] script '/domains/king1969/2.php' not found or unable to stat
[Wed Jan 21 02:20:33.768947 2026] [php:error] [pid 28043] [client 4.197.162.185:0] script '/domains/king1969/a.php' not found or unable to stat
[Wed Jan 21 02:20:33.972336 2026] [php:error] [pid 28043] [client 4.197.162.185:0] script '/domains/king1969/aaa.php' not found or unable to stat
[Wed Jan 21 02:20:34.176324 2026] [php:error] [pid 28043] [client 4.197.162.185:0] script '/domains/king1969/ab.php' not found or unable to stat
[Wed Jan 21 02:20:34.380701 2026] [php:error] [pid 28043] [client 4.197.162.185:0] script '/domains/king1969/about.php' not found or unable to stat
[Wed Jan 21 02:20:34.788478 2026] [php:error] [pid 28043] [client 4.197.162.185:0] script '/domains/king1969/alfa.php' not found or unable to stat
[Wed Jan 21 02:20:35.004784 2026] [php:error] [pid 28043] [client 4.197.162.185:0] script '/domains/king1969/api.php' not found or unable to stat
[Wed Jan 21 02:20:35.208852 2026] [php:error] [pid 28043] [client 4.197.162.185:0] script '/domains/king1969/auth.php' not found or unable to stat
[Wed Jan 21 02:20:35.616137 2026] [php:error] [pid 28043] [client 4.197.162.185:0] script '/domains/king1969/classwithtostring.php' not found or unable to stat
[Wed Jan 21 02:20:35.819768 2026] [php:error] [pid 28043] [client 4.197.162.185:0] script '/domains/king1969/contents.php' not found or unable to stat
[Wed Jan 21 02:20:36.026168 2026] [php:error] [pid 28043] [client 4.197.162.185:0] script '/domains/king1969/css/index.php' not found or unable to stat
[Wed Jan 21 02:20:36.236435 2026] [php:error] [pid 28043] [client 4.197.162.185:0] script '/domains/king1969/default.php' not found or unable to stat
[Wed Jan 21 02:20:36.847162 2026] [php:error] [pid 28043] [client 4.197.162.185:0] script '/domains/king1969/favicon.php' not found or unable to stat
[Wed Jan 21 02:20:37.050792 2026] [php:error] [pid 28043] [client 4.197.162.185:0] script '/domains/king1969/hehe.php' not found or unable to stat
[Wed Jan 21 02:20:37.090317 2026] [php:error] [pid 28048] [client 4.194.34.171:0] script '/domains/system_suspended/2.php' not found or unable to stat
[Wed Jan 21 02:20:37.468865 2026] [php:error] [pid 28043] [client 4.197.162.185:0] script '/domains/king1969/index.php' not found or unable to stat
[Wed Jan 21 02:20:37.672552 2026] [php:error] [pid 28043] [client 4.197.162.185:0] script '/domains/king1969/info.php' not found or unable to stat
[Wed Jan 21 02:20:37.876334 2026] [php:error] [pid 28043] [client 4.197.162.185:0] script '/domains/king1969/k.php' not found or unable to stat
[Wed Jan 21 02:20:38.083153 2026] [php:error] [pid 28043] [client 4.197.162.185:0] script '/domains/king1969/lock360.php' not found or unable to stat
[Wed Jan 21 02:20:38.286947 2026] [php:error] [pid 28043] [client 4.197.162.185:0] script '/domains/king1969/log.php' not found or unable to stat
[Wed Jan 21 02:20:38.498735 2026] [php:error] [pid 28043] [client 4.197.162.185:0] script '/domains/king1969/man.php' not found or unable to stat
[Wed Jan 21 02:20:38.888106 2026] [php:error] [pid 28048] [client 4.194.34.171:0] script '/domains/system_suspended/aaa.php' not found or unable to stat
[Wed Jan 21 02:20:38.912102 2026] [php:error] [pid 28043] [client 4.197.162.185:0] script '/domains/king1969/post.php' not found or unable to stat
[Wed Jan 21 02:20:39.127162 2026] [php:error] [pid 28048] [client 4.194.34.171:0] script '/domains/system_suspended/ab.php' not found or unable to stat
[Wed Jan 21 02:20:39.319542 2026] [php:error] [pid 28043] [client 4.197.162.185:0] script '/domains/king1969/root.php' not found or unable to stat
[Wed Jan 21 02:20:39.352094 2026] [php:error] [pid 28048] [client 4.194.34.171:0] script '/domains/system_suspended/about.php' not found or unable to stat
[Wed Jan 21 02:20:39.523300 2026] [php:error] [pid 28043] [client 4.197.162.185:0] script '/domains/king1969/shellv3.php' not found or unable to stat
[Wed Jan 21 02:20:39.807132 2026] [php:error] [pid 28048] [client 4.194.34.171:0] script '/domains/system_suspended/alfa.php' not found or unable to stat
[Wed Jan 21 02:20:39.941179 2026] [php:error] [pid 28043] [client 4.197.162.185:0] script '/domains/king1969/system.php' not found or unable to stat
[Wed Jan 21 02:20:40.032641 2026] [php:error] [pid 28048] [client 4.194.34.171:0] script '/domains/system_suspended/api.php' not found or unable to stat
[Wed Jan 21 02:20:40.145829 2026] [php:error] [pid 28043] [client 4.197.162.185:0] script '/domains/king1969/test.php' not found or unable to stat
[Wed Jan 21 02:20:40.263087 2026] [php:error] [pid 28048] [client 4.194.34.171:0] script '/domains/system_suspended/auth.php' not found or unable to stat
[Wed Jan 21 02:20:40.349588 2026] [php:error] [pid 28043] [client 4.197.162.185:0] script '/domains/king1969/theme.php' not found or unable to stat
[Wed Jan 21 02:20:40.552868 2026] [php:error] [pid 28043] [client 4.197.162.185:0] script '/domains/king1969/wp-activat.php' not found or unable to stat
[Wed Jan 21 02:20:40.713569 2026] [php:error] [pid 28048] [client 4.194.34.171:0] script '/domains/system_suspended/classwithtostring.php' not found or unable to stat
[Wed Jan 21 02:20:40.756419 2026] [php:error] [pid 28043] [client 4.197.162.185:0] script '/domains/king1969/wp-admin.php' not found or unable to stat
[Wed Jan 21 02:20:40.945186 2026] [php:error] [pid 28048] [client 4.194.34.171:0] script '/domains/system_suspended/contents.php' not found or unable to stat
[Wed Jan 21 02:20:41.396014 2026] [php:error] [pid 28048] [client 4.194.34.171:0] script '/domains/system_suspended/default.php' not found or unable to stat
[Wed Jan 21 02:20:41.781014 2026] [php:error] [pid 28043] [client 4.197.162.185:0] script '/domains/king1969/wp-blog.php' not found or unable to stat
[Wed Jan 21 02:20:41.984796 2026] [php:error] [pid 28043] [client 4.197.162.185:0] script '/domains/king1969/wp-conf.php' not found or unable to stat
[Wed Jan 21 02:20:42.073451 2026] [php:error] [pid 28048] [client 4.194.34.171:0] script '/domains/system_suspended/favicon.php' not found or unable to stat
[Wed Jan 21 02:20:42.298310 2026] [php:error] [pid 28048] [client 4.194.34.171:0] script '/domains/system_suspended/hehe.php' not found or unable to stat
[Wed Jan 21 02:20:42.749337 2026] [php:error] [pid 28048] [client 4.194.34.171:0] script '/domains/system_suspended/index.php' not found or unable to stat
[Wed Jan 21 02:20:42.974839 2026] [php:error] [pid 28048] [client 4.194.34.171:0] script '/domains/system_suspended/info.php' not found or unable to stat
[Wed Jan 21 02:20:43.213781 2026] [php:error] [pid 28048] [client 4.194.34.171:0] script '/domains/system_suspended/k.php' not found or unable to stat
[Wed Jan 21 02:20:43.438585 2026] [php:error] [pid 28048] [client 4.194.34.171:0] script '/domains/system_suspended/lock360.php' not found or unable to stat
[Wed Jan 21 02:20:43.664694 2026] [php:error] [pid 28048] [client 4.194.34.171:0] script '/domains/system_suspended/log.php' not found or unable to stat
[Wed Jan 21 02:20:43.889860 2026] [php:error] [pid 28048] [client 4.194.34.171:0] script '/domains/system_suspended/man.php' not found or unable to stat
[Wed Jan 21 02:20:44.022122 2026] [php:error] [pid 28043] [client 4.197.162.185:0] script '/domains/king1969/wp-file.php' not found or unable to stat
[Wed Jan 21 02:20:44.226056 2026] [php:error] [pid 28043] [client 4.197.162.185:0] script '/domains/king1969/wp-include.php' not found or unable to stat
[Wed Jan 21 02:20:44.351936 2026] [php:error] [pid 28048] [client 4.194.34.171:0] script '/domains/system_suspended/post.php' not found or unable to stat
[Wed Jan 21 02:20:44.802487 2026] [php:error] [pid 28048] [client 4.194.34.171:0] script '/domains/system_suspended/root.php' not found or unable to stat
[Wed Jan 21 02:20:45.029001 2026] [php:error] [pid 28048] [client 4.194.34.171:0] script '/domains/system_suspended/shellv3.php' not found or unable to stat
[Wed Jan 21 02:20:45.486401 2026] [php:error] [pid 28048] [client 4.194.34.171:0] script '/domains/system_suspended/system.php' not found or unable to stat
[Wed Jan 21 02:20:45.711347 2026] [php:error] [pid 28048] [client 4.194.34.171:0] script '/domains/system_suspended/test.php' not found or unable to stat
[Wed Jan 21 02:20:45.936396 2026] [php:error] [pid 28048] [client 4.194.34.171:0] script '/domains/system_suspended/theme.php' not found or unable to stat
[Wed Jan 21 02:20:46.162237 2026] [php:error] [pid 28048] [client 4.194.34.171:0] script '/domains/system_suspended/wp-activat.php' not found or unable to stat
[Wed Jan 21 02:20:46.387504 2026] [php:error] [pid 28048] [client 4.194.34.171:0] script '/domains/system_suspended/wp-admin.php' not found or unable to stat
[Wed Jan 21 02:20:46.470446 2026] [php:error] [pid 28043] [client 4.197.162.185:0] script '/domains/king1969/wp-logs.php' not found or unable to stat
[Wed Jan 21 02:20:46.675481 2026] [php:error] [pid 28043] [client 4.197.162.185:0] script '/domains/king1969/xmlrpc.php' not found or unable to stat
[Wed Jan 21 02:20:47.544661 2026] [php:error] [pid 28048] [client 4.194.34.171:0] script '/domains/system_suspended/wp-blog.php' not found or unable to stat
[Wed Jan 21 02:20:47.770399 2026] [php:error] [pid 28048] [client 4.194.34.171:0] script '/domains/system_suspended/wp-conf.php' not found or unable to stat
[Wed Jan 21 02:20:48.533558 2026] [php:error] [pid 28043] [client 4.197.162.185:0] script '/domains/king1969/WSO.php' not found or unable to stat
[Wed Jan 21 02:20:50.046876 2026] [php:error] [pid 28048] [client 4.194.34.171:0] script '/domains/system_suspended/wp-file.php' not found or unable to stat
[Wed Jan 21 02:20:50.273164 2026] [php:error] [pid 28048] [client 4.194.34.171:0] script '/domains/system_suspended/wp-include.php' not found or unable to stat
[Wed Jan 21 02:20:52.439495 2026] [php:error] [pid 28043] [client 4.197.162.185:0] script '/domains/king1969/goods.php' not found or unable to stat
[Wed Jan 21 02:20:52.767834 2026] [php:error] [pid 28048] [client 4.194.34.171:0] script '/domains/system_suspended/wp-logs.php' not found or unable to stat
[Wed Jan 21 02:20:52.997021 2026] [php:error] [pid 28048] [client 4.194.34.171:0] script '/domains/system_suspended/xmlrpc.php' not found or unable to stat
[Wed Jan 21 02:20:53.891558 2026] [php:error] [pid 28043] [client 4.197.162.185:0] script '/domains/king1969/edit.php' not found or unable to stat
[Wed Jan 21 02:20:54.500819 2026] [php:error] [pid 28055] [client 4.197.162.185:0] script '/domains/king1969/file5.php' not found or unable to stat
[Wed Jan 21 02:20:55.062337 2026] [php:error] [pid 28048] [client 4.194.34.171:0] script '/domains/system_suspended/WSO.php' not found or unable to stat
[Wed Jan 21 02:20:55.328686 2026] [php:error] [pid 28055] [client 4.197.162.185:0] script '/domains/king1969/aa.php' not found or unable to stat
[Wed Jan 21 02:20:57.173254 2026] [php:error] [pid 28055] [client 4.197.162.185:0] script '/domains/king1969/autoload_classmap.php' not found or unable to stat
[Wed Jan 21 02:20:59.393418 2026] [php:error] [pid 28048] [client 4.194.34.171:0] script '/domains/system_suspended/goods.php' not found or unable to stat
[Wed Jan 21 02:20:59.862338 2026] [php:error] [pid 28055] [client 4.197.162.185:0] script '/domains/king1969/file.php' not found or unable to stat
[Wed Jan 21 02:21:00.989211 2026] [php:error] [pid 28048] [client 4.194.34.171:0] script '/domains/system_suspended/edit.php' not found or unable to stat
[Wed Jan 21 02:21:01.089660 2026] [php:error] [pid 28055] [client 4.197.162.185:0] script '/domains/king1969/inputs.php' not found or unable to stat
[Wed Jan 21 02:21:01.683447 2026] [php:error] [pid 28052] [client 4.194.34.171:0] script '/domains/system_suspended/file5.php' not found or unable to stat
[Wed Jan 21 02:21:01.700999 2026] [php:error] [pid 28055] [client 4.197.162.185:0] script '/domains/king1969/1.php' not found or unable to stat
[Wed Jan 21 02:21:02.627307 2026] [php:error] [pid 28052] [client 4.194.34.171:0] script '/domains/system_suspended/aa.php' not found or unable to stat
[Wed Jan 21 02:21:04.771637 2026] [php:error] [pid 28052] [client 4.194.34.171:0] script '/domains/system_suspended/autoload_classmap.php' not found or unable to stat
[Wed Jan 21 02:21:05.602597 2026] [php:error] [pid 28055] [client 4.197.162.185:0] script '/domains/king1969/flower.php' not found or unable to stat
[Wed Jan 21 02:21:07.855228 2026] [php:error] [pid 28052] [client 4.194.34.171:0] script '/domains/system_suspended/file.php' not found or unable to stat
[Wed Jan 21 02:21:09.102077 2026] [php:error] [pid 28055] [client 4.197.162.185:0] script '/domains/king1969/ioxi-o.php' not found or unable to stat
[Wed Jan 21 02:21:09.273930 2026] [php:error] [pid 28052] [client 4.194.34.171:0] script '/domains/system_suspended/inputs.php' not found or unable to stat
[Wed Jan 21 02:21:09.305929 2026] [php:error] [pid 28055] [client 4.197.162.185:0] script '/domains/king1969/radio.php' not found or unable to stat
[Wed Jan 21 02:21:09.993258 2026] [php:error] [pid 28052] [client 4.194.34.171:0] script '/domains/system_suspended/1.php' not found or unable to stat
[Wed Jan 21 02:21:10.546418 2026] [php:error] [pid 28055] [client 4.197.162.185:0] script '/domains/king1969/admin.php' not found or unable to stat
[Wed Jan 21 02:21:10.750301 2026] [php:error] [pid 28055] [client 4.197.162.185:0] script '/domains/king1969/functions.php' not found or unable to stat
[Wed Jan 21 02:21:14.497399 2026] [php:error] [pid 28052] [client 4.194.34.171:0] script '/domains/system_suspended/flower.php' not found or unable to stat
[Wed Jan 21 02:21:18.522356 2026] [php:error] [pid 28052] [client 4.194.34.171:0] script '/domains/system_suspended/ioxi-o.php' not found or unable to stat
[Wed Jan 21 02:21:18.755969 2026] [php:error] [pid 28052] [client 4.194.34.171:0] script '/domains/system_suspended/radio.php' not found or unable to stat
[Wed Jan 21 02:21:18.785334 2026] [php:error] [pid 28058] [client 20.42.209.0:0] script '/domains/agribiz/ol.php' not found or unable to stat
[Wed Jan 21 02:21:18.988292 2026] [php:error] [pid 28058] [client 20.42.209.0:0] script '/domains/agribiz/sikma.php' not found or unable to stat
[Wed Jan 21 02:21:19.188051 2026] [php:error] [pid 28058] [client 20.42.209.0:0] script '/domains/agribiz/rh1.php' not found or unable to stat
[Wed Jan 21 02:21:19.387616 2026] [php:error] [pid 28058] [client 20.42.209.0:0] script '/domains/agribiz/sid3.php' not found or unable to stat
[Wed Jan 21 02:21:19.588448 2026] [php:error] [pid 28058] [client 20.42.209.0:0] script '/domains/agribiz/okxh.php' not found or unable to stat
[Wed Jan 21 02:21:19.790401 2026] [php:error] [pid 28058] [client 20.42.209.0:0] script '/domains/agribiz/krypton.php' not found or unable to stat
[Wed Jan 21 02:21:19.989991 2026] [php:error] [pid 28058] [client 20.42.209.0:0] script '/domains/agribiz/zoo.php' not found or unable to stat
[Wed Jan 21 02:21:20.175357 2026] [php:error] [pid 28052] [client 4.194.34.171:0] script '/domains/system_suspended/admin.php' not found or unable to stat
[Wed Jan 21 02:21:20.388103 2026] [php:error] [pid 28058] [client 20.42.209.0:0] script '/domains/agribiz/maul.php' not found or unable to stat
[Wed Jan 21 02:21:20.409176 2026] [php:error] [pid 28052] [client 4.194.34.171:0] script '/domains/system_suspended/functions.php' not found or unable to stat
[Wed Jan 21 02:21:20.986349 2026] [php:error] [pid 28058] [client 20.42.209.0:0] script '/domains/agribiz/download.php' not found or unable to stat
[Wed Jan 21 02:21:21.185688 2026] [php:error] [pid 28058] [client 20.42.209.0:0] script '/domains/agribiz/varb.php' not found or unable to stat
[Wed Jan 21 02:21:21.584125 2026] [php:error] [pid 28058] [client 20.42.209.0:0] script '/domains/agribiz/tt.php' not found or unable to stat
[Wed Jan 21 02:21:21.784752 2026] [php:error] [pid 28058] [client 20.42.209.0:0] script '/domains/agribiz/a5e0a.php' not found or unable to stat
[Wed Jan 21 02:21:21.984058 2026] [php:error] [pid 28058] [client 20.42.209.0:0] script '/domains/agribiz/abc.php' not found or unable to stat
[Wed Jan 21 02:21:22.183505 2026] [php:error] [pid 28058] [client 20.42.209.0:0] script '/domains/agribiz/55b76.php' not found or unable to stat
[Wed Jan 21 02:21:22.382986 2026] [php:error] [pid 28058] [client 20.42.209.0:0] script '/domains/agribiz/rzki.php' not found or unable to stat
[Wed Jan 21 02:21:22.582588 2026] [php:error] [pid 28058] [client 20.42.209.0:0] script '/domains/agribiz/acxx.php' not found or unable to stat
[Wed Jan 21 02:21:22.781581 2026] [php:error] [pid 28058] [client 20.42.209.0:0] script '/domains/agribiz/d12.php' not found or unable to stat
[Wed Jan 21 02:21:22.980957 2026] [php:error] [pid 28058] [client 20.42.209.0:0] script '/domains/agribiz/s.php' not found or unable to stat
[Wed Jan 21 02:21:23.180307 2026] [php:error] [pid 28058] [client 20.42.209.0:0] script '/domains/agribiz/error_log.php' not found or unable to stat
[Wed Jan 21 02:21:23.595284 2026] [php:error] [pid 28058] [client 20.42.209.0:0] script '/domains/agribiz/dox.php' not found or unable to stat
[Wed Jan 21 02:21:23.794481 2026] [php:error] [pid 28058] [client 20.42.209.0:0] script '/domains/agribiz/ahax.php' not found or unable to stat
[Wed Jan 21 02:21:23.993856 2026] [php:error] [pid 28058] [client 20.42.209.0:0] script '/domains/agribiz/lock360.php' not found or unable to stat
[Wed Jan 21 02:21:24.193416 2026] [php:error] [pid 28058] [client 20.42.209.0:0] script '/domains/agribiz/6kUgr4yGzxN.php' not found or unable to stat
[Wed Jan 21 02:21:24.392783 2026] [php:error] [pid 28058] [client 20.42.209.0:0] script '/domains/agribiz/wp.php' not found or unable to stat
[Wed Jan 21 02:21:24.595288 2026] [php:error] [pid 28058] [client 20.42.209.0:0] script '/domains/agribiz/test1.php' not found or unable to stat
[Wed Jan 21 02:21:24.794791 2026] [php:error] [pid 28058] [client 20.42.209.0:0] script '/domains/agribiz/clss.php' not found or unable to stat
[Wed Jan 21 02:21:24.996746 2026] [php:error] [pid 28058] [client 20.42.209.0:0] script '/domains/agribiz/44.php' not found or unable to stat
[Wed Jan 21 02:21:25.196215 2026] [php:error] [pid 28058] [client 20.42.209.0:0] script '/domains/agribiz/ii5file.php' not found or unable to stat
[Wed Jan 21 02:21:25.395575 2026] [php:error] [pid 28058] [client 20.42.209.0:0] script '/domains/agribiz/ss.php' not found or unable to stat
[Wed Jan 21 02:21:25.600028 2026] [php:error] [pid 28058] [client 20.42.209.0:0] script '/domains/agribiz/re.php' not found or unable to stat
[Wed Jan 21 02:21:25.801062 2026] [php:error] [pid 28058] [client 20.42.209.0:0] script '/domains/agribiz/xsas.php' not found or unable to stat
[Wed Jan 21 02:21:26.000327 2026] [php:error] [pid 28058] [client 20.42.209.0:0] script '/domains/agribiz/asus.php' not found or unable to stat
[Wed Jan 21 02:21:26.199813 2026] [php:error] [pid 28058] [client 20.42.209.0:0] script '/domains/agribiz/wp-good.php' not found or unable to stat
[Wed Jan 21 02:21:26.399122 2026] [php:error] [pid 28058] [client 20.42.209.0:0] script '/domains/agribiz/0x.php' not found or unable to stat
[Wed Jan 21 02:21:26.598364 2026] [php:error] [pid 28058] [client 20.42.209.0:0] script '/domains/agribiz/domains.php' not found or unable to stat
[Wed Jan 21 02:21:26.798058 2026] [php:error] [pid 28058] [client 20.42.209.0:0] script '/domains/agribiz/wp-goods.php' not found or unable to stat
[Wed Jan 21 02:21:26.997264 2026] [php:error] [pid 28058] [client 20.42.209.0:0] script '/domains/agribiz/144.php' not found or unable to stat
[Wed Jan 21 02:21:27.200341 2026] [php:error] [pid 28058] [client 20.42.209.0:0] script '/domains/agribiz/akcc.php' not found or unable to stat
[Wed Jan 21 02:21:27.400030 2026] [php:error] [pid 28058] [client 20.42.209.0:0] script '/domains/agribiz/vanda.php' not found or unable to stat
[Wed Jan 21 02:21:27.610340 2026] [php:error] [pid 28058] [client 20.42.209.0:0] script '/domains/agribiz/lib.php' not found or unable to stat
[Wed Jan 21 02:21:27.809670 2026] [php:error] [pid 28058] [client 20.42.209.0:0] script '/domains/agribiz/zc-104.php' not found or unable to stat
[Wed Jan 21 02:21:28.021944 2026] [php:error] [pid 28058] [client 20.42.209.0:0] script '/domains/agribiz/zc-729.php' not found or unable to stat
[Wed Jan 21 02:21:28.225786 2026] [php:error] [pid 28058] [client 20.42.209.0:0] script '/domains/agribiz/bo.php' not found or unable to stat
[Wed Jan 21 02:21:28.425960 2026] [php:error] [pid 28058] [client 20.42.209.0:0] script '/domains/agribiz/x.php' not found or unable to stat
[Wed Jan 21 02:21:28.631139 2026] [php:error] [pid 28058] [client 20.42.209.0:0] script '/domains/agribiz/adminfuns.php' not found or unable to stat
[Wed Jan 21 02:21:28.830139 2026] [php:error] [pid 28058] [client 20.42.209.0:0] script '/domains/agribiz/56c53.php' not found or unable to stat
[Wed Jan 21 02:21:29.031769 2026] [php:error] [pid 28058] [client 20.42.209.0:0] script '/domains/agribiz/FII.php' not found or unable to stat
[Wed Jan 21 02:21:29.230895 2026] [php:error] [pid 28058] [client 20.42.209.0:0] script '/domains/agribiz/wp-ac.php' not found or unable to stat
[Wed Jan 21 02:21:29.430019 2026] [php:error] [pid 28058] [client 20.42.209.0:0] script '/domains/agribiz/atex1.php' not found or unable to stat
[Wed Jan 21 02:21:29.630103 2026] [php:error] [pid 28058] [client 20.42.209.0:0] script '/domains/agribiz/blox.php' not found or unable to stat
[Wed Jan 21 02:21:29.830545 2026] [php:error] [pid 28058] [client 20.42.209.0:0] script '/domains/agribiz/wp-64wscx6shd.php' not found or unable to stat
[Wed Jan 21 02:21:30.031342 2026] [php:error] [pid 28058] [client 20.42.209.0:0] script '/domains/agribiz/gecko.php' not found or unable to stat
[Wed Jan 21 02:21:30.231052 2026] [php:error] [pid 28058] [client 20.42.209.0:0] script '/domains/agribiz/sxx.php' not found or unable to stat
[Wed Jan 21 02:21:30.440763 2026] [php:error] [pid 28058] [client 20.42.209.0:0] script '/domains/agribiz/mode.php' not found or unable to stat
[Wed Jan 21 02:21:30.641200 2026] [php:error] [pid 28058] [client 20.42.209.0:0] script '/domains/agribiz/z60.php' not found or unable to stat
[Wed Jan 21 02:21:30.840653 2026] [php:error] [pid 28058] [client 20.42.209.0:0] script '/domains/agribiz/hehe.php' not found or unable to stat
[Wed Jan 21 02:21:31.042532 2026] [php:error] [pid 28058] [client 20.42.209.0:0] script '/domains/agribiz/asd.php' not found or unable to stat
[Wed Jan 21 02:21:31.244575 2026] [php:error] [pid 28058] [client 20.42.209.0:0] script '/domains/agribiz/5b9ac.php' not found or unable to stat
[Wed Jan 21 02:21:31.443955 2026] [php:error] [pid 28058] [client 20.42.209.0:0] script '/domains/agribiz/k.php' not found or unable to stat
[Wed Jan 21 02:21:31.648064 2026] [php:error] [pid 28058] [client 20.42.209.0:0] script '/domains/agribiz/edit.php' not found or unable to stat
[Wed Jan 21 02:21:31.847429 2026] [php:error] [pid 28058] [client 20.42.209.0:0] script '/domains/agribiz/t.php' not found or unable to stat
[Wed Jan 21 02:21:32.046836 2026] [php:error] [pid 28058] [client 20.42.209.0:0] script '/domains/agribiz/lm15.php' not found or unable to stat
[Wed Jan 21 02:21:32.250626 2026] [php:error] [pid 28058] [client 20.42.209.0:0] script '/domains/agribiz/6kDPjgFTmvS.php' not found or unable to stat
[Wed Jan 21 02:21:32.452021 2026] [php:error] [pid 28058] [client 20.42.209.0:0] script '/domains/agribiz/222.php' not found or unable to stat
[Wed Jan 21 02:21:32.651299 2026] [php:error] [pid 28058] [client 20.42.209.0:0] script '/domains/agribiz/admin836.php' not found or unable to stat
[Wed Jan 21 02:21:32.852834 2026] [php:error] [pid 28058] [client 20.42.209.0:0] script '/domains/agribiz/sx.php' not found or unable to stat
[Wed Jan 21 02:21:33.052159 2026] [php:error] [pid 28058] [client 20.42.209.0:0] script '/domains/agribiz/lufix.php' not found or unable to stat
[Wed Jan 21 02:21:40.998627 2026] [php:error] [pid 28055] [client 4.190.210.95:0] script '/domains/performancepartsinc/aa.php' not found or unable to stat
[Wed Jan 21 02:21:41.165898 2026] [php:error] [pid 28055] [client 4.190.210.95:0] script '/domains/performancepartsinc/about.php' not found or unable to stat
[Wed Jan 21 02:21:41.334827 2026] [php:error] [pid 28055] [client 4.190.210.95:0] script '/domains/performancepartsinc/adminfuns.php' not found or unable to stat
[Wed Jan 21 02:21:41.504643 2026] [php:error] [pid 28055] [client 4.190.210.95:0] script '/domains/performancepartsinc/bolt.php' not found or unable to stat
[Wed Jan 21 02:21:41.672023 2026] [php:error] [pid 28055] [client 4.190.210.95:0] script '/domains/performancepartsinc/buy.php' not found or unable to stat
[Wed Jan 21 02:21:41.848599 2026] [php:error] [pid 28055] [client 4.190.210.95:0] script '/domains/performancepartsinc/goods.php' not found or unable to stat
[Wed Jan 21 02:21:42.016263 2026] [php:error] [pid 28055] [client 4.190.210.95:0] script '/domains/performancepartsinc/deepseek_d.php' not found or unable to stat
[Wed Jan 21 02:21:42.191890 2026] [php:error] [pid 28055] [client 4.190.210.95:0] script '/domains/performancepartsinc/file.php' not found or unable to stat
[Wed Jan 21 02:21:42.359139 2026] [php:error] [pid 28055] [client 4.190.210.95:0] script '/domains/performancepartsinc/ioxi-o.php' not found or unable to stat
[Wed Jan 21 02:21:42.702796 2026] [php:error] [pid 28055] [client 4.190.210.95:0] script '/domains/performancepartsinc/test1.php' not found or unable to stat
[Wed Jan 21 02:21:42.870087 2026] [php:error] [pid 28055] [client 4.190.210.95:0] script '/domains/performancepartsinc/elp.php' not found or unable to stat
[Wed Jan 21 02:21:43.559849 2026] [php:error] [pid 28055] [client 4.190.210.95:0] script '/domains/performancepartsinc/xmlrpc.php' not found or unable to stat
[Wed Jan 21 02:21:43.727337 2026] [php:error] [pid 28055] [client 4.190.210.95:0] script '/domains/performancepartsinc/inputs.php' not found or unable to stat
[Wed Jan 21 02:21:43.907529 2026] [php:error] [pid 28055] [client 4.190.210.95:0] script '/domains/performancepartsinc/classsmtps.php' not found or unable to stat
[Wed Jan 21 02:21:44.074825 2026] [php:error] [pid 28055] [client 4.190.210.95:0] script '/domains/performancepartsinc/wp-trackback.php' not found or unable to stat
[Wed Jan 21 02:21:44.244583 2026] [php:error] [pid 28055] [client 4.190.210.95:0] script '/domains/performancepartsinc/wp-cron.php' not found or unable to stat
[Wed Jan 21 02:21:44.411905 2026] [php:error] [pid 28055] [client 4.190.210.95:0] script '/domains/performancepartsinc/wp-load.php' not found or unable to stat
[Wed Jan 21 02:21:44.579024 2026] [php:error] [pid 28055] [client 4.190.210.95:0] script '/domains/performancepartsinc/wp-mail.php' not found or unable to stat
[Wed Jan 21 02:21:44.758133 2026] [php:error] [pid 28055] [client 4.190.210.95:0] script '/domains/performancepartsinc/wp-activate.php' not found or unable to stat
[Wed Jan 21 02:21:44.925821 2026] [php:error] [pid 28055] [client 4.190.210.95:0] script '/domains/performancepartsinc/plugins.php' not found or unable to stat
[Wed Jan 21 02:21:45.106209 2026] [php:error] [pid 28055] [client 4.190.210.95:0] script '/domains/performancepartsinc/admin.php' not found or unable to stat
[Wed Jan 21 02:21:45.273433 2026] [php:error] [pid 28055] [client 4.190.210.95:0] script '/domains/performancepartsinc/atomlib.php' not found or unable to stat
[Wed Jan 21 02:21:45.448628 2026] [php:error] [pid 28055] [client 4.190.210.95:0] script '/domains/performancepartsinc/simple.php' not found or unable to stat
[Wed Jan 21 02:21:45.616047 2026] [php:error] [pid 28055] [client 4.190.210.95:0] script '/domains/performancepartsinc/log.php' not found or unable to stat
[Wed Jan 21 02:21:45.784760 2026] [php:error] [pid 28055] [client 4.190.210.95:0] script '/domains/performancepartsinc/lufix.php' not found or unable to stat
[Wed Jan 21 02:21:45.953036 2026] [php:error] [pid 28055] [client 4.190.210.95:0] script '/domains/performancepartsinc/content.php' not found or unable to stat
[Wed Jan 21 02:21:46.120796 2026] [php:error] [pid 28055] [client 4.190.210.95:0] script '/domains/performancepartsinc/wp.php' not found or unable to stat
[Wed Jan 21 02:21:46.288541 2026] [php:error] [pid 28055] [client 4.190.210.95:0] script '/domains/performancepartsinc/wp-conflg.php' not found or unable to stat
[Wed Jan 21 02:21:46.455969 2026] [php:error] [pid 28055] [client 4.190.210.95:0] script '/domains/performancepartsinc/404.php' not found or unable to stat
[Wed Jan 21 02:21:46.624654 2026] [php:error] [pid 28055] [client 4.190.210.95:0] script '/domains/performancepartsinc/updates.php' not found or unable to stat
[Wed Jan 21 02:21:46.792491 2026] [php:error] [pid 28055] [client 4.190.210.95:0] script '/domains/performancepartsinc/radio.php' not found or unable to stat
[Wed Jan 21 02:21:46.969066 2026] [php:error] [pid 28055] [client 4.190.210.95:0] script '/domains/performancepartsinc/xmrlpc.php' not found or unable to stat
[Wed Jan 21 02:21:47.136711 2026] [php:error] [pid 28055] [client 4.190.210.95:0] script '/domains/performancepartsinc/moon.php' not found or unable to stat
[Wed Jan 21 02:21:47.310445 2026] [php:error] [pid 28055] [client 4.190.210.95:0] script '/domains/performancepartsinc/blog.php' not found or unable to stat
[Wed Jan 21 02:21:47.478324 2026] [php:error] [pid 28055] [client 4.190.210.95:0] script '/domains/performancepartsinc/themes.php' not found or unable to stat
[Wed Jan 21 02:21:47.645623 2026] [php:error] [pid 28055] [client 4.190.210.95:0] script '/domains/performancepartsinc/ini.php' not found or unable to stat
[Wed Jan 21 02:21:47.818824 2026] [php:error] [pid 28055] [client 4.190.210.95:0] script '/domains/performancepartsinc/as.php' not found or unable to stat
[Wed Jan 21 02:21:47.865084 2026] [php:error] [pid 28068] [client 20.192.24.172:0] script '/domains/system_cancel/a.php' not found or unable to stat
[Wed Jan 21 02:21:47.986387 2026] [php:error] [pid 28055] [client 4.190.210.95:0] script '/domains/performancepartsinc/ws.php' not found or unable to stat
[Wed Jan 21 02:21:48.122602 2026] [php:error] [pid 28068] [client 20.192.24.172:0] script '/domains/system_cancel/aaa.php' not found or unable to stat
[Wed Jan 21 02:21:48.154454 2026] [php:error] [pid 28055] [client 4.190.210.95:0] script '/domains/performancepartsinc/dropdown.php' not found or unable to stat
[Wed Jan 21 02:21:48.321781 2026] [php:error] [pid 28055] [client 4.190.210.95:0] script '/domains/performancepartsinc/makeasmtp.php' not found or unable to stat
[Wed Jan 21 02:21:48.364438 2026] [php:error] [pid 28068] [client 20.192.24.172:0] script '/domains/system_cancel/ab.php' not found or unable to stat
[Wed Jan 21 02:21:48.490047 2026] [php:error] [pid 28055] [client 4.190.210.95:0] script '/domains/performancepartsinc/alfanew.php' not found or unable to stat
[Wed Jan 21 02:21:48.609439 2026] [php:error] [pid 28068] [client 20.192.24.172:0] script '/domains/system_cancel/about.php' not found or unable to stat
[Wed Jan 21 02:21:48.657638 2026] [php:error] [pid 28055] [client 4.190.210.95:0] script '/domains/performancepartsinc/fw.php' not found or unable to stat
[Wed Jan 21 02:21:48.831254 2026] [php:error] [pid 28055] [client 4.190.210.95:0] script '/domains/performancepartsinc/install.php' not found or unable to stat
[Wed Jan 21 02:21:48.999777 2026] [php:error] [pid 28055] [client 4.190.210.95:0] script '/domains/performancepartsinc/chosen.php' not found or unable to stat
[Wed Jan 21 02:21:49.093778 2026] [php:error] [pid 28068] [client 20.192.24.172:0] script '/domains/system_cancel/alfa.php' not found or unable to stat
[Wed Jan 21 02:21:49.349037 2026] [php:error] [pid 28068] [client 20.192.24.172:0] script '/domains/system_cancel/api.php' not found or unable to stat
[Wed Jan 21 02:21:49.591055 2026] [php:error] [pid 28068] [client 20.192.24.172:0] script '/domains/system_cancel/auth.php' not found or unable to stat
[Wed Jan 21 02:21:50.150729 2026] [php:error] [pid 28068] [client 20.192.24.172:0] script '/domains/system_cancel/classwithtostring.php' not found or unable to stat
[Wed Jan 21 02:21:50.398452 2026] [php:error] [pid 28068] [client 20.192.24.172:0] script '/domains/system_cancel/contents.php' not found or unable to stat
[Wed Jan 21 02:21:50.883237 2026] [php:error] [pid 28068] [client 20.192.24.172:0] script '/domains/system_cancel/default.php' not found or unable to stat
[Wed Jan 21 02:21:51.882513 2026] [php:error] [pid 28068] [client 20.192.24.172:0] script '/domains/system_cancel/hehe.php' not found or unable to stat
[Wed Jan 21 02:21:52.380750 2026] [php:error] [pid 28068] [client 20.192.24.172:0] script '/domains/system_cancel/index.php' not found or unable to stat
[Wed Jan 21 02:21:52.623463 2026] [php:error] [pid 28068] [client 20.192.24.172:0] script '/domains/system_cancel/info.php' not found or unable to stat
[Wed Jan 21 02:21:53.159337 2026] [php:error] [pid 28068] [client 20.192.24.172:0] script '/domains/system_cancel/lock360.php' not found or unable to stat
[Wed Jan 21 02:21:53.401303 2026] [php:error] [pid 28068] [client 20.192.24.172:0] script '/domains/system_cancel/log.php' not found or unable to stat
[Wed Jan 21 02:21:53.585279 2026] [php:error] [pid 28078] [client 4.217.180.34:0] script '/domains/system_cancel/eee.php' not found or unable to stat
[Wed Jan 21 02:21:53.643623 2026] [php:error] [pid 28068] [client 20.192.24.172:0] script '/domains/system_cancel/man.php' not found or unable to stat
[Wed Jan 21 02:21:54.486947 2026] [php:error] [pid 28078] [client 4.217.180.34:0] script '/domains/system_cancel/tinyfilemanager.php' not found or unable to stat
[Wed Jan 21 02:21:54.634603 2026] [php:error] [pid 28068] [client 20.192.24.172:0] script '/domains/system_cancel/root.php' not found or unable to stat
[Wed Jan 21 02:21:54.667019 2026] [php:error] [pid 28078] [client 4.217.180.34:0] script '/domains/system_cancel/class.api.php' not found or unable to stat
[Wed Jan 21 02:21:55.571376 2026] [php:error] [pid 28078] [client 4.217.180.34:0] script '/domains/system_cancel/dox.php' not found or unable to stat
[Wed Jan 21 02:21:55.714676 2026] [php:error] [pid 28068] [client 20.192.24.172:0] script '/domains/system_cancel/test.php' not found or unable to stat
[Wed Jan 21 02:21:55.956415 2026] [php:error] [pid 28068] [client 20.192.24.172:0] script '/domains/system_cancel/theme.php' not found or unable to stat
[Wed Jan 21 02:21:57.917489 2026] [php:error] [pid 28078] [client 4.217.180.34:0] script '/domains/system_cancel/lv.php' not found or unable to stat
[Wed Jan 21 02:21:58.098347 2026] [php:error] [pid 28078] [client 4.217.180.34:0] script '/domains/system_cancel/dropdown.php' not found or unable to stat
[Wed Jan 21 02:21:59.379188 2026] [php:error] [pid 28078] [client 4.217.180.34:0] script '/domains/system_cancel/ms-users.php' not found or unable to stat
[Wed Jan 21 02:21:59.932407 2026] [php:error] [pid 28078] [client 4.217.180.34:0] script '/domains/system_cancel/revision.php' not found or unable to stat
[Wed Jan 21 02:22:00.474983 2026] [php:error] [pid 28072] [client 208.84.101.154:0] script '/domains/supolo/xmlrpc.php' not found or unable to stat
[Wed Jan 21 02:22:00.845672 2026] [php:error] [pid 28078] [client 4.217.180.34:0] script '/domains/system_cancel/img.php' not found or unable to stat
[Wed Jan 21 02:22:01.025738 2026] [php:error] [pid 28078] [client 4.217.180.34:0] script '/domains/system_cancel/menu.php' not found or unable to stat
[Wed Jan 21 02:22:01.207855 2026] [php:error] [pid 28078] [client 4.217.180.34:0] script '/domains/system_cancel/tinyfilemanager.php' not found or unable to stat
[Wed Jan 21 02:22:01.389512 2026] [php:error] [pid 28078] [client 4.217.180.34:0] script '/domains/system_cancel/test1.php' not found or unable to stat
[Wed Jan 21 02:22:01.932170 2026] [php:error] [pid 28078] [client 4.217.180.34:0] script '/domains/system_cancel/ton.php' not found or unable to stat
[Wed Jan 21 02:22:02.119776 2026] [php:error] [pid 28078] [client 4.217.180.34:0] script '/domains/system_cancel/item.php' not found or unable to stat
[Wed Jan 21 02:22:02.300330 2026] [php:error] [pid 28078] [client 4.217.180.34:0] script '/domains/system_cancel/lala.php' not found or unable to stat
[Wed Jan 21 02:22:03.207564 2026] [php:error] [pid 28078] [client 4.217.180.34:0] script '/domains/system_cancel/tempfuns.php' not found or unable to stat
[Wed Jan 21 02:22:03.617822 2026] [php:error] [pid 28068] [client 20.192.24.172:0] script '/domains/system_cancel/xmlrpc.php' not found or unable to stat
[Wed Jan 21 02:22:03.751314 2026] [php:error] [pid 28078] [client 4.217.180.34:0] script '/domains/system_cancel/log.php' not found or unable to stat
[Wed Jan 21 02:22:05.376988 2026] [php:error] [pid 28078] [client 4.217.180.34:0] script '/domains/system_cancel/admiin.php' not found or unable to stat
[Wed Jan 21 02:22:05.918030 2026] [php:error] [pid 28078] [client 4.217.180.34:0] script '/domains/system_cancel/doc.php' not found or unable to stat
[Wed Jan 21 02:22:06.098108 2026] [php:error] [pid 28078] [client 4.217.180.34:0] script '/domains/system_cancel/ha.php' not found or unable to stat
[Wed Jan 21 02:22:07.001464 2026] [php:error] [pid 28078] [client 4.217.180.34:0] script '/domains/system_cancel/cong.php' not found or unable to stat
[Wed Jan 21 02:22:07.181673 2026] [php:error] [pid 28078] [client 4.217.180.34:0] script '/domains/system_cancel/a2.php' not found or unable to stat
[Wed Jan 21 02:22:08.084039 2026] [php:error] [pid 28078] [client 4.217.180.34:0] script '/domains/system_cancel/dbc.php' not found or unable to stat
[Wed Jan 21 02:22:08.264197 2026] [php:error] [pid 28078] [client 4.217.180.34:0] script '/domains/system_cancel/xa.php' not found or unable to stat
[Wed Jan 21 02:22:08.444962 2026] [php:error] [pid 28078] [client 4.217.180.34:0] script '/domains/system_cancel/content.php' not found or unable to stat
[Wed Jan 21 02:22:10.434873 2026] [php:error] [pid 28078] [client 4.217.180.34:0] script '/domains/system_cancel/ccou.php' not found or unable to stat
[Wed Jan 21 02:22:10.615056 2026] [php:error] [pid 28078] [client 4.217.180.34:0] script '/domains/system_cancel/abc.php' not found or unable to stat
[Wed Jan 21 02:22:10.795177 2026] [php:error] [pid 28078] [client 4.217.180.34:0] script '/domains/system_cancel/ant.php' not found or unable to stat
[Wed Jan 21 02:22:10.975536 2026] [php:error] [pid 28078] [client 4.217.180.34:0] script '/domains/system_cancel/ma.php' not found or unable to stat
[Wed Jan 21 02:22:12.324937 2026] [php:error] [pid 28068] [client 20.192.24.172:0] script '/domains/system_cancel/edit.php' not found or unable to stat
[Wed Jan 21 02:22:13.735884 2026] [php:error] [pid 28077] [client 4.217.180.34:0] script '/domains/system_cancel/rtx.php' not found or unable to stat
[Wed Jan 21 02:22:13.878431 2026] [php:error] [pid 28090] [client 20.192.24.172:0] script '/domains/system_cancel/aa.php' not found or unable to stat
[Wed Jan 21 02:22:13.925082 2026] [php:error] [pid 28077] [client 4.217.180.34:0] script '/domains/system_cancel/as.php' not found or unable to stat
[Wed Jan 21 02:22:15.206891 2026] [php:error] [pid 28077] [client 4.217.180.34:0] script '/domains/system_cancel/mh.php' not found or unable to stat
[Wed Jan 21 02:22:15.867977 2026] [php:error] [pid 28090] [client 20.192.24.172:0] script '/domains/system_cancel/autoload_classmap.php' not found or unable to stat
[Wed Jan 21 02:22:16.535513 2026] [php:error] [pid 28077] [client 4.217.180.34:0] script '/domains/system_cancel/mans.php' not found or unable to stat
[Wed Jan 21 02:22:16.719161 2026] [php:error] [pid 28077] [client 4.217.180.34:0] script '/domains/system_cancel/horeg.php' not found or unable to stat
[Wed Jan 21 02:22:16.904747 2026] [php:error] [pid 28077] [client 4.217.180.34:0] script '/domains/system_cancel/to.php' not found or unable to stat
[Wed Jan 21 02:22:17.821284 2026] [php:error] [pid 28077] [client 4.217.180.34:0] script '/domains/system_cancel/mini.php' not found or unable to stat
[Wed Jan 21 02:22:18.010453 2026] [php:error] [pid 28077] [client 4.217.180.34:0] script '/domains/system_cancel/x.php' not found or unable to stat
[Wed Jan 21 02:22:18.192897 2026] [php:error] [pid 28077] [client 4.217.180.34:0] script '/domains/system_cancel/ioxi-o.php' not found or unable to stat
[Wed Jan 21 02:22:18.374880 2026] [php:error] [pid 28077] [client 4.217.180.34:0] script '/domains/system_cancel/xxxx.php' not found or unable to stat
[Wed Jan 21 02:22:18.561679 2026] [php:error] [pid 28077] [client 4.217.180.34:0] script '/domains/system_cancel/moon.php' not found or unable to stat
[Wed Jan 21 02:22:19.846994 2026] [php:error] [pid 28077] [client 4.217.180.34:0] script '/domains/system_cancel/classwithtostring.php' not found or unable to stat
[Wed Jan 21 02:22:20.029113 2026] [php:error] [pid 28077] [client 4.217.180.34:0] script '/domains/system_cancel/content.php' not found or unable to stat
[Wed Jan 21 02:22:20.055991 2026] [php:error] [pid 28090] [client 20.192.24.172:0] script '/domains/system_cancel/inputs.php' not found or unable to stat
[Wed Jan 21 02:22:20.575821 2026] [php:error] [pid 28077] [client 4.217.180.34:0] script '/domains/system_cancel/cwclass.php' not found or unable to stat
[Wed Jan 21 02:22:21.127884 2026] [php:error] [pid 28077] [client 4.217.180.34:0] script '/domains/system_cancel/error.php' not found or unable to stat
[Wed Jan 21 02:22:21.323007 2026] [php:error] [pid 28077] [client 4.217.180.34:0] script '/domains/system_cancel/redi.php' not found or unable to stat
[Wed Jan 21 02:22:21.872284 2026] [php:error] [pid 28077] [client 4.217.180.34:0] script '/domains/system_cancel/image.php' not found or unable to stat
[Wed Jan 21 02:22:22.090249 2026] [php:error] [pid 28077] [client 4.217.180.34:0] script '/domains/system_cancel/abcd.php' not found or unable to stat
[Wed Jan 21 02:22:22.271922 2026] [php:error] [pid 28077] [client 4.217.180.34:0] script '/domains/system_cancel/indo.php' not found or unable to stat
[Wed Jan 21 02:22:23.968987 2026] [php:error] [pid 28077] [client 4.217.180.34:0] script '/domains/system_cancel/manager.php' not found or unable to stat
[Wed Jan 21 02:22:26.737005 2026] [php:error] [pid 28077] [client 4.217.180.34:0] script '/domains/system_cancel/ng.php' not found or unable to stat
[Wed Jan 21 02:22:26.918550 2026] [php:error] [pid 28077] [client 4.217.180.34:0] script '/domains/system_cancel/m.php' not found or unable to stat
[Wed Jan 21 02:22:27.488195 2026] [php:error] [pid 28077] [client 4.217.180.34:0] script '/domains/system_cancel/az.php' not found or unable to stat
[Wed Jan 21 02:22:27.669823 2026] [php:error] [pid 28077] [client 4.217.180.34:0] script '/domains/system_cancel/hans.php' not found or unable to stat
[Wed Jan 21 02:22:28.573393 2026] [php:error] [pid 28090] [client 20.192.24.172:0] script '/domains/system_cancel/ioxi-o.php' not found or unable to stat
[Wed Jan 21 02:22:28.788010 2026] [php:error] [pid 28090] [client 20.192.24.172:0] script '/domains/system_cancel/radio.php' not found or unable to stat
[Wed Jan 21 02:22:30.110573 2026] [php:error] [pid 28090] [client 20.192.24.172:0] script '/domains/system_cancel/admin.php' not found or unable to stat
[Wed Jan 21 02:22:40.409872 2026] [php:error] [pid 28090] [client 85.11.167.3:0] script '/domains/emsco1/wp-login.php' not found or unable to stat
[Wed Jan 21 02:22:40.600427 2026] [php:error] [pid 28093] [client 85.11.167.3:0] script '/domains/emsco1/wp-login.php' not found or unable to stat
[Wed Jan 21 02:22:54.387240 2026] [php:error] [pid 28056] [client 20.192.24.172:0] script '/domains/pauljbrock/ioxi-o.php' not found or unable to stat
[Wed Jan 21 02:22:54.634137 2026] [php:error] [pid 28056] [client 20.192.24.172:0] script '/domains/pauljbrock/0x.php' not found or unable to stat
[Wed Jan 21 02:22:54.882413 2026] [php:error] [pid 28056] [client 20.192.24.172:0] script '/domains/pauljbrock/222.php' not found or unable to stat
[Wed Jan 21 02:22:55.129284 2026] [php:error] [pid 28056] [client 20.192.24.172:0] script '/domains/pauljbrock/aa.php' not found or unable to stat
