[Wed Jan 21 04:55:43.864503 2026] [php:error] [pid 58235] [client 4.190.210.95:0] script '/domains/tamara1/404.php' not found or unable to stat
[Wed Jan 21 04:55:44.035972 2026] [php:error] [pid 58235] [client 4.190.210.95:0] script '/domains/tamara1/updates.php' not found or unable to stat
[Wed Jan 21 04:55:44.204893 2026] [php:error] [pid 58235] [client 4.190.210.95:0] script '/domains/tamara1/radio.php' not found or unable to stat
[Wed Jan 21 04:55:44.385576 2026] [php:error] [pid 58235] [client 4.190.210.95:0] script '/domains/tamara1/xmrlpc.php' not found or unable to stat
[Wed Jan 21 04:55:44.552263 2026] [php:error] [pid 58235] [client 4.190.210.95:0] script '/domains/tamara1/moon.php' not found or unable to stat
[Wed Jan 21 04:55:44.727518 2026] [php:error] [pid 58235] [client 4.190.210.95:0] script '/domains/tamara1/blog.php' not found or unable to stat
[Wed Jan 21 04:55:44.896490 2026] [php:error] [pid 58235] [client 4.190.210.95:0] script '/domains/tamara1/themes.php' not found or unable to stat
[Wed Jan 21 04:55:45.063296 2026] [php:error] [pid 58235] [client 4.190.210.95:0] script '/domains/tamara1/ini.php' not found or unable to stat
[Wed Jan 21 04:55:45.235536 2026] [php:error] [pid 58235] [client 4.190.210.95:0] script '/domains/tamara1/as.php' not found or unable to stat
[Wed Jan 21 04:55:45.402722 2026] [php:error] [pid 58235] [client 4.190.210.95:0] script '/domains/tamara1/ws.php' not found or unable to stat
[Wed Jan 21 04:55:45.569385 2026] [php:error] [pid 58235] [client 4.190.210.95:0] script '/domains/tamara1/dropdown.php' not found or unable to stat
[Wed Jan 21 04:55:45.736198 2026] [php:error] [pid 58235] [client 4.190.210.95:0] script '/domains/tamara1/makeasmtp.php' not found or unable to stat
[Wed Jan 21 04:55:45.903062 2026] [php:error] [pid 58235] [client 4.190.210.95:0] script '/domains/tamara1/alfanew.php' not found or unable to stat
[Wed Jan 21 04:55:46.069976 2026] [php:error] [pid 58235] [client 4.190.210.95:0] script '/domains/tamara1/fw.php' not found or unable to stat
[Wed Jan 21 04:55:46.237133 2026] [php:error] [pid 58235] [client 4.190.210.95:0] script '/domains/tamara1/install.php' not found or unable to stat
[Wed Jan 21 04:55:46.414894 2026] [php:error] [pid 58235] [client 4.190.210.95:0] script '/domains/tamara1/chosen.php' not found or unable to stat
[Wed Jan 21 04:55:55.154851 2026] [php:error] [pid 58220] [client 34.12.176.141:0] script '/domains/hdickens.enteract/kmnj.php' not found or unable to stat
[Wed Jan 21 04:56:45.323968 2026] [php:error] [pid 58245] [client 52.169.206.229:0] script '/domains/trodine/blue.php' not found or unable to stat
[Wed Jan 21 04:56:45.396461 2026] [php:error] [pid 58245] [client 52.169.206.229:0] script '/domains/trodine/baixy.php' not found or unable to stat
[Wed Jan 21 04:56:45.469303 2026] [php:error] [pid 58245] [client 52.169.206.229:0] script '/domains/trodine/bgymj.php' not found or unable to stat
[Wed Jan 21 04:56:45.542469 2026] [php:error] [pid 58245] [client 52.169.206.229:0] script '/domains/trodine/nf.php' not found or unable to stat
[Wed Jan 21 04:56:45.623985 2026] [php:error] [pid 58245] [client 52.169.206.229:0] script '/domains/trodine/davaa.php' not found or unable to stat
[Wed Jan 21 04:56:45.718081 2026] [php:error] [pid 58245] [client 52.169.206.229:0] script '/domains/trodine/ceiif.php' not found or unable to stat
[Wed Jan 21 04:56:45.790573 2026] [php:error] [pid 58245] [client 52.169.206.229:0] script '/domains/trodine/sst.php' not found or unable to stat
[Wed Jan 21 04:56:45.863277 2026] [php:error] [pid 58245] [client 52.169.206.229:0] script '/domains/trodine/class-db.php' not found or unable to stat
[Wed Jan 21 04:56:45.935362 2026] [php:error] [pid 58245] [client 52.169.206.229:0] script '/domains/trodine/tmpls.php' not found or unable to stat
[Wed Jan 21 04:56:46.006967 2026] [php:error] [pid 58245] [client 52.169.206.229:0] script '/domains/trodine/lala.php' not found or unable to stat
[Wed Jan 21 04:56:46.079530 2026] [php:error] [pid 58245] [client 52.169.206.229:0] script '/domains/trodine/3r.php' not found or unable to stat
[Wed Jan 21 04:56:46.151111 2026] [php:error] [pid 58245] [client 52.169.206.229:0] script '/domains/trodine/8xyz.php' not found or unable to stat
[Wed Jan 21 04:56:46.222687 2026] [php:error] [pid 58245] [client 52.169.206.229:0] script '/domains/trodine/ioxi.php' not found or unable to stat
[Wed Jan 21 04:56:46.294434 2026] [php:error] [pid 58245] [client 52.169.206.229:0] script '/domains/trodine/xpwer1.php' not found or unable to stat
[Wed Jan 21 04:56:46.369259 2026] [php:error] [pid 58245] [client 52.169.206.229:0] script '/domains/trodine/about.php' not found or unable to stat
[Wed Jan 21 04:56:46.656252 2026] [php:error] [pid 58245] [client 52.169.206.229:0] script '/domains/trodine/admin.php' not found or unable to stat
[Wed Jan 21 04:56:46.882172 2026] [php:error] [pid 58245] [client 52.169.206.229:0] script '/domains/trodine/info.php' not found or unable to stat
[Wed Jan 21 04:56:46.954651 2026] [php:error] [pid 58245] [client 52.169.206.229:0] script '/domains/trodine/about.php' not found or unable to stat
[Wed Jan 21 04:56:47.098369 2026] [php:error] [pid 58245] [client 52.169.206.229:0] script '/domains/trodine/ss1.php' not found or unable to stat
[Wed Jan 21 04:56:47.241971 2026] [php:error] [pid 58245] [client 52.169.206.229:0] script '/domains/trodine/goods.php' not found or unable to stat
[Wed Jan 21 04:56:47.313932 2026] [php:error] [pid 58245] [client 52.169.206.229:0] script '/domains/trodine/admin.php' not found or unable to stat
[Wed Jan 21 04:56:47.386220 2026] [php:error] [pid 58245] [client 52.169.206.229:0] script '/domains/trodine/222.php' not found or unable to stat
[Wed Jan 21 04:56:47.457922 2026] [php:error] [pid 58245] [client 52.169.206.229:0] script '/domains/trodine/abcd.php' not found or unable to stat
[Wed Jan 21 04:56:47.613968 2026] [php:error] [pid 58245] [client 52.169.206.229:0] script '/domains/trodine/adminfuns.php' not found or unable to stat
[Wed Jan 21 04:56:47.686008 2026] [php:error] [pid 58245] [client 52.169.206.229:0] script '/domains/trodine/ioxi-o.php' not found or unable to stat
[Wed Jan 21 04:56:47.829572 2026] [php:error] [pid 58245] [client 52.169.206.229:0] script '/domains/trodine/goat.php' not found or unable to stat
[Wed Jan 21 04:56:47.974441 2026] [php:error] [pid 58245] [client 52.169.206.229:0] script '/domains/trodine/xx.php' not found or unable to stat
[Wed Jan 21 04:56:48.193133 2026] [php:error] [pid 58245] [client 52.169.206.229:0] script '/domains/trodine/f5.php' not found or unable to stat
[Wed Jan 21 04:56:48.264766 2026] [php:error] [pid 58245] [client 52.169.206.229:0] script '/domains/trodine/doc.php' not found or unable to stat
[Wed Jan 21 04:56:48.336696 2026] [php:error] [pid 58245] [client 52.169.206.229:0] script '/domains/trodine/xtride.php' not found or unable to stat
[Wed Jan 21 04:56:48.408414 2026] [php:error] [pid 58245] [client 52.169.206.229:0] script '/domains/trodine/flower.php' not found or unable to stat
[Wed Jan 21 04:56:48.480277 2026] [php:error] [pid 58245] [client 52.169.206.229:0] script '/domains/trodine/flower2.php' not found or unable to stat
[Wed Jan 21 04:56:48.566958 2026] [php:error] [pid 58245] [client 52.169.206.229:0] script '/domains/trodine/f6.php' not found or unable to stat
[Wed Jan 21 04:56:48.638727 2026] [php:error] [pid 58245] [client 52.169.206.229:0] script '/domains/trodine/edit.php' not found or unable to stat
[Wed Jan 21 04:56:48.710604 2026] [php:error] [pid 58245] [client 52.169.206.229:0] script '/domains/trodine/aa.php' not found or unable to stat
[Wed Jan 21 04:56:48.782229 2026] [php:error] [pid 58245] [client 52.169.206.229:0] script '/domains/trodine/ext.php' not found or unable to stat
[Wed Jan 21 04:56:48.998375 2026] [php:error] [pid 58245] [client 52.169.206.229:0] script '/domains/trodine/av.php' not found or unable to stat
[Wed Jan 21 04:56:49.142292 2026] [php:error] [pid 58245] [client 52.169.206.229:0] script '/domains/trodine/wsd.php' not found or unable to stat
[Wed Jan 21 04:56:49.285445 2026] [php:error] [pid 58245] [client 52.169.206.229:0] script '/domains/trodine/classwithtostring.php' not found or unable to stat
[Wed Jan 21 04:56:49.357802 2026] [php:error] [pid 58245] [client 52.169.206.229:0] script '/domains/trodine/file48.php' not found or unable to stat
[Wed Jan 21 04:56:49.500722 2026] [php:error] [pid 58245] [client 52.169.206.229:0] script '/domains/trodine/css.php' not found or unable to stat
[Wed Jan 21 04:56:49.572693 2026] [php:error] [pid 58245] [client 52.169.206.229:0] script '/domains/trodine/alfa.php' not found or unable to stat
[Wed Jan 21 04:56:49.644340 2026] [php:error] [pid 58245] [client 52.169.206.229:0] script '/domains/trodine/wen.php' not found or unable to stat
[Wed Jan 21 04:56:49.719547 2026] [php:error] [pid 58245] [client 52.169.206.229:0] script '/domains/trodine/x.php' not found or unable to stat
[Wed Jan 21 04:56:49.791681 2026] [php:error] [pid 58245] [client 52.169.206.229:0] script '/domains/trodine/xxxx.php' not found or unable to stat
[Wed Jan 21 04:56:49.864284 2026] [php:error] [pid 58245] [client 52.169.206.229:0] script '/domains/trodine/class.php' not found or unable to stat
[Wed Jan 21 04:56:50.007300 2026] [php:error] [pid 58245] [client 52.169.206.229:0] script '/domains/trodine/gec.php' not found or unable to stat
[Wed Jan 21 04:56:50.080071 2026] [php:error] [pid 58245] [client 52.169.206.229:0] script '/domains/trodine/f35.php' not found or unable to stat
[Wed Jan 21 04:56:50.226067 2026] [php:error] [pid 58245] [client 52.169.206.229:0] script '/domains/trodine/pp.php' not found or unable to stat
[Wed Jan 21 04:56:50.441095 2026] [php:error] [pid 58245] [client 52.169.206.229:0] script '/domains/trodine/lock360.php' not found or unable to stat
[Wed Jan 21 04:56:50.512874 2026] [php:error] [pid 58245] [client 52.169.206.229:0] script '/domains/trodine/galex.php' not found or unable to stat
[Wed Jan 21 04:56:50.584499 2026] [php:error] [pid 58245] [client 52.169.206.229:0] script '/domains/trodine/as.php' not found or unable to stat
[Wed Jan 21 04:56:50.656214 2026] [php:error] [pid 58245] [client 52.169.206.229:0] script '/domains/trodine/class-t.api.php' not found or unable to stat
[Wed Jan 21 04:56:50.728717 2026] [php:error] [pid 58245] [client 52.169.206.229:0] script '/domains/trodine/bipas.php' not found or unable to stat
[Wed Jan 21 04:56:50.800374 2026] [php:error] [pid 58245] [client 52.169.206.229:0] script '/domains/trodine/shoyo.php' not found or unable to stat
[Wed Jan 21 04:56:50.871957 2026] [php:error] [pid 58245] [client 52.169.206.229:0] script '/domains/trodine/admin.php' not found or unable to stat
[Wed Jan 21 04:56:50.947359 2026] [php:error] [pid 58245] [client 52.169.206.229:0] script '/domains/trodine/ar.php' not found or unable to stat
[Wed Jan 21 04:56:51.020035 2026] [php:error] [pid 58245] [client 52.169.206.229:0] script '/domains/trodine/blurbs18.php' not found or unable to stat
[Wed Jan 21 04:56:51.091779 2026] [php:error] [pid 58245] [client 52.169.206.229:0] script '/domains/trodine/radio.php' not found or unable to stat
[Wed Jan 21 04:56:51.163861 2026] [php:error] [pid 58245] [client 52.169.206.229:0] script '/domains/trodine/wp-good.php' not found or unable to stat
[Wed Jan 21 04:56:51.235937 2026] [php:error] [pid 58245] [client 52.169.206.229:0] script '/domains/trodine/bless14.php' not found or unable to stat
[Wed Jan 21 04:56:51.307761 2026] [php:error] [pid 58245] [client 52.169.206.229:0] script '/domains/trodine/ws13.php' not found or unable to stat
[Wed Jan 21 04:56:51.967903 2026] [php:error] [pid 58245] [client 52.169.206.229:0] script '/domains/trodine/zwso.php' not found or unable to stat
[Wed Jan 21 04:56:52.045457 2026] [php:error] [pid 58245] [client 52.169.206.229:0] script '/domains/trodine/autoload_classmap.php' not found or unable to stat
[Wed Jan 21 04:56:52.117536 2026] [php:error] [pid 58245] [client 52.169.206.229:0] script '/domains/trodine/bless.php' not found or unable to stat
[Wed Jan 21 04:56:52.189309 2026] [php:error] [pid 58245] [client 52.169.206.229:0] script '/domains/trodine/X7x.php' not found or unable to stat
[Wed Jan 21 04:56:52.261356 2026] [php:error] [pid 58245] [client 52.169.206.229:0] script '/domains/trodine/class20.php' not found or unable to stat
[Wed Jan 21 04:56:52.334054 2026] [php:error] [pid 58245] [client 52.169.206.229:0] script '/domains/trodine/lock360.php' not found or unable to stat
[Wed Jan 21 04:56:52.479023 2026] [php:error] [pid 58245] [client 52.169.206.229:0] script '/domains/trodine/themes.php' not found or unable to stat
[Wed Jan 21 04:56:52.569096 2026] [php:error] [pid 58245] [client 52.169.206.229:0] script '/domains/trodine/gifclass4.php' not found or unable to stat
[Wed Jan 21 04:56:52.717395 2026] [php:error] [pid 58250] [client 52.169.206.229:0] script '/domains/trodine/wag.php' not found or unable to stat
[Wed Jan 21 04:56:52.801003 2026] [php:error] [pid 58250] [client 52.169.206.229:0] script '/domains/trodine/xvent.php' not found or unable to stat
[Wed Jan 21 04:56:52.874188 2026] [php:error] [pid 58250] [client 52.169.206.229:0] script '/domains/trodine/wp-aaa.php' not found or unable to stat
[Wed Jan 21 04:56:52.947250 2026] [php:error] [pid 58250] [client 52.169.206.229:0] script '/domains/trodine/ut.php' not found or unable to stat
[Wed Jan 21 04:56:53.026969 2026] [php:error] [pid 58250] [client 52.169.206.229:0] script '/domains/trodine/class19.php' not found or unable to stat
[Wed Jan 21 04:56:53.100281 2026] [php:error] [pid 58250] [client 52.169.206.229:0] script '/domains/trodine/ooo.php' not found or unable to stat
[Wed Jan 21 04:56:53.173776 2026] [php:error] [pid 58250] [client 52.169.206.229:0] script '/domains/trodine/166.php' not found or unable to stat
[Wed Jan 21 04:56:53.246883 2026] [php:error] [pid 58250] [client 52.169.206.229:0] script '/domains/trodine/bypass.php' not found or unable to stat
[Wed Jan 21 04:56:53.319895 2026] [php:error] [pid 58250] [client 52.169.206.229:0] script '/domains/trodine/plss3.php' not found or unable to stat
[Wed Jan 21 04:56:53.392962 2026] [php:error] [pid 58250] [client 52.169.206.229:0] script '/domains/trodine/atomlib.php' not found or unable to stat
[Wed Jan 21 04:56:53.465967 2026] [php:error] [pid 58250] [client 52.169.206.229:0] script '/domains/trodine/we.php' not found or unable to stat
[Wed Jan 21 04:56:53.549491 2026] [php:error] [pid 58250] [client 52.169.206.229:0] script '/domains/trodine/admin.php' not found or unable to stat
[Wed Jan 21 04:56:53.622784 2026] [php:error] [pid 58250] [client 52.169.206.229:0] script '/domains/trodine/t.php' not found or unable to stat
[Wed Jan 21 04:56:53.696203 2026] [php:error] [pid 58250] [client 52.169.206.229:0] script '/domains/trodine/bp.php' not found or unable to stat
[Wed Jan 21 04:56:53.844690 2026] [php:error] [pid 58250] [client 52.169.206.229:0] script '/domains/trodine/geck.php' not found or unable to stat
[Wed Jan 21 04:56:53.918217 2026] [php:error] [pid 58250] [client 52.169.206.229:0] script '/domains/trodine/wpc.php' not found or unable to stat
[Wed Jan 21 04:56:53.992553 2026] [php:error] [pid 58250] [client 52.169.206.229:0] script '/domains/trodine/yellow.php' not found or unable to stat
[Wed Jan 21 04:56:54.069856 2026] [php:error] [pid 58250] [client 52.169.206.229:0] script '/domains/trodine/a.php' not found or unable to stat
[Wed Jan 21 04:56:54.142856 2026] [php:error] [pid 58250] [client 52.169.206.229:0] script '/domains/trodine/admins.php' not found or unable to stat
[Wed Jan 21 04:56:54.216887 2026] [php:error] [pid 58250] [client 52.169.206.229:0] script '/domains/trodine/wp-configs.php' not found or unable to stat
[Wed Jan 21 04:56:54.290571 2026] [php:error] [pid 58250] [client 52.169.206.229:0] script '/domains/trodine/thai.php' not found or unable to stat
[Wed Jan 21 04:56:54.364042 2026] [php:error] [pid 58250] [client 52.169.206.229:0] script '/domains/trodine/wp.php' not found or unable to stat
[Wed Jan 21 04:56:54.438514 2026] [php:error] [pid 58250] [client 52.169.206.229:0] script '/domains/trodine/fclas.php' not found or unable to stat
[Wed Jan 21 04:56:54.511568 2026] [php:error] [pid 58250] [client 52.169.206.229:0] script '/domains/trodine/main.php' not found or unable to stat
[Wed Jan 21 04:56:54.584549 2026] [php:error] [pid 58250] [client 52.169.206.229:0] script '/domains/trodine/a1.php' not found or unable to stat
[Wed Jan 21 04:56:54.664805 2026] [php:error] [pid 58250] [client 52.169.206.229:0] script '/domains/trodine/class.1.php' not found or unable to stat
[Wed Jan 21 04:56:54.739710 2026] [php:error] [pid 58250] [client 52.169.206.229:0] script '/domains/trodine/lala.php' not found or unable to stat
[Wed Jan 21 04:56:54.812678 2026] [php:error] [pid 58250] [client 52.169.206.229:0] script '/domains/trodine/tox.php' not found or unable to stat
[Wed Jan 21 04:56:54.887182 2026] [php:error] [pid 58250] [client 52.169.206.229:0] script '/domains/trodine/gg.php' not found or unable to stat
[Wed Jan 21 04:56:54.960559 2026] [php:error] [pid 58250] [client 52.169.206.229:0] script '/domains/trodine/51.php' not found or unable to stat
[Wed Jan 21 04:56:55.034023 2026] [php:error] [pid 58250] [client 52.169.206.229:0] script '/domains/trodine/aaa.php' not found or unable to stat
[Wed Jan 21 04:56:55.107143 2026] [php:error] [pid 58250] [client 52.169.206.229:0] script '/domains/trodine/indo.php' not found or unable to stat
[Wed Jan 21 04:56:55.180201 2026] [php:error] [pid 58250] [client 52.169.206.229:0] script '/domains/trodine/a2.php' not found or unable to stat
[Wed Jan 21 04:56:55.401236 2026] [php:error] [pid 58250] [client 52.169.206.229:0] script '/domains/trodine/ee.php' not found or unable to stat
[Wed Jan 21 04:56:55.474547 2026] [php:error] [pid 58250] [client 52.169.206.229:0] script '/domains/trodine/alfanew.php' not found or unable to stat
[Wed Jan 21 04:56:55.780119 2026] [php:error] [pid 58250] [client 52.169.206.229:0] script '/domains/trodine/ll.php' not found or unable to stat
[Wed Jan 21 04:56:55.853442 2026] [php:error] [pid 58250] [client 52.169.206.229:0] script '/domains/trodine/elaina.php' not found or unable to stat
[Wed Jan 21 04:56:55.927914 2026] [php:error] [pid 58250] [client 52.169.206.229:0] script '/domains/trodine/kr.php' not found or unable to stat
[Wed Jan 21 04:56:56.156025 2026] [php:error] [pid 58250] [client 52.169.206.229:0] script '/domains/trodine/aaaa.php' not found or unable to stat
[Wed Jan 21 04:56:56.229573 2026] [php:error] [pid 58250] [client 52.169.206.229:0] script '/domains/trodine/to.php' not found or unable to stat
[Wed Jan 21 04:56:56.303211 2026] [php:error] [pid 58250] [client 52.169.206.229:0] script '/domains/trodine/class-admin.php' not found or unable to stat
[Wed Jan 21 04:56:56.376398 2026] [php:error] [pid 58250] [client 52.169.206.229:0] script '/domains/trodine/nyan.php' not found or unable to stat
[Wed Jan 21 04:57:13.945412 2026] [php:error] [pid 58236] [client 34.12.173.64:0] script '/domains/hdickens.enteract/kmnj.php' not found or unable to stat
[Wed Jan 21 04:57:43.583072 2026] [php:error] [pid 58263] [client 20.89.17.172:0] script '/domains/amisol/aa.php' not found or unable to stat
[Wed Jan 21 04:57:43.742228 2026] [php:error] [pid 58263] [client 20.89.17.172:0] script '/domains/amisol/about.php' not found or unable to stat
[Wed Jan 21 04:57:43.902717 2026] [php:error] [pid 58263] [client 20.89.17.172:0] script '/domains/amisol/adminfuns.php' not found or unable to stat
[Wed Jan 21 04:57:44.062032 2026] [php:error] [pid 58263] [client 20.89.17.172:0] script '/domains/amisol/bolt.php' not found or unable to stat
[Wed Jan 21 04:57:44.220933 2026] [php:error] [pid 58263] [client 20.89.17.172:0] script '/domains/amisol/buy.php' not found or unable to stat
[Wed Jan 21 04:57:44.380728 2026] [php:error] [pid 58263] [client 20.89.17.172:0] script '/domains/amisol/goods.php' not found or unable to stat
[Wed Jan 21 04:57:44.539642 2026] [php:error] [pid 58263] [client 20.89.17.172:0] script '/domains/amisol/deepseek_d.php' not found or unable to stat
[Wed Jan 21 04:57:44.698666 2026] [php:error] [pid 58263] [client 20.89.17.172:0] script '/domains/amisol/file.php' not found or unable to stat
[Wed Jan 21 04:57:44.857406 2026] [php:error] [pid 58263] [client 20.89.17.172:0] script '/domains/amisol/ioxi-o.php' not found or unable to stat
[Wed Jan 21 04:57:45.174684 2026] [php:error] [pid 58263] [client 20.89.17.172:0] script '/domains/amisol/test1.php' not found or unable to stat
[Wed Jan 21 04:57:45.333457 2026] [php:error] [pid 58263] [client 20.89.17.172:0] script '/domains/amisol/elp.php' not found or unable to stat
[Wed Jan 21 04:57:45.980684 2026] [php:error] [pid 58263] [client 20.89.17.172:0] script '/domains/amisol/xmlrpc.php' not found or unable to stat
[Wed Jan 21 04:57:46.139389 2026] [php:error] [pid 58263] [client 20.89.17.172:0] script '/domains/amisol/inputs.php' not found or unable to stat
[Wed Jan 21 04:57:46.298083 2026] [php:error] [pid 58263] [client 20.89.17.172:0] script '/domains/amisol/classsmtps.php' not found or unable to stat
[Wed Jan 21 04:57:46.461735 2026] [php:error] [pid 58263] [client 20.89.17.172:0] script '/domains/amisol/wp-trackback.php' not found or unable to stat
[Wed Jan 21 04:57:46.625997 2026] [php:error] [pid 58263] [client 20.89.17.172:0] script '/domains/amisol/wp-cron.php' not found or unable to stat
[Wed Jan 21 04:57:46.784721 2026] [php:error] [pid 58263] [client 20.89.17.172:0] script '/domains/amisol/wp-load.php' not found or unable to stat
[Wed Jan 21 04:57:46.943463 2026] [php:error] [pid 58263] [client 20.89.17.172:0] script '/domains/amisol/wp-mail.php' not found or unable to stat
[Wed Jan 21 04:57:47.102834 2026] [php:error] [pid 58263] [client 20.89.17.172:0] script '/domains/amisol/wp-activate.php' not found or unable to stat
[Wed Jan 21 04:57:47.261943 2026] [php:error] [pid 58263] [client 20.89.17.172:0] script '/domains/amisol/plugins.php' not found or unable to stat
[Wed Jan 21 04:57:47.421048 2026] [php:error] [pid 58263] [client 20.89.17.172:0] script '/domains/amisol/admin.php' not found or unable to stat
[Wed Jan 21 04:57:47.580590 2026] [php:error] [pid 58263] [client 20.89.17.172:0] script '/domains/amisol/atomlib.php' not found or unable to stat
[Wed Jan 21 04:57:47.739668 2026] [php:error] [pid 58263] [client 20.89.17.172:0] script '/domains/amisol/simple.php' not found or unable to stat
[Wed Jan 21 04:57:47.899736 2026] [php:error] [pid 58263] [client 20.89.17.172:0] script '/domains/amisol/log.php' not found or unable to stat
[Wed Jan 21 04:57:48.067554 2026] [php:error] [pid 58263] [client 20.89.17.172:0] script '/domains/amisol/lufix.php' not found or unable to stat
[Wed Jan 21 04:57:48.226153 2026] [php:error] [pid 58263] [client 20.89.17.172:0] script '/domains/amisol/content.php' not found or unable to stat
[Wed Jan 21 04:57:48.384795 2026] [php:error] [pid 58263] [client 20.89.17.172:0] script '/domains/amisol/wp.php' not found or unable to stat
[Wed Jan 21 04:57:48.543486 2026] [php:error] [pid 58263] [client 20.89.17.172:0] script '/domains/amisol/wp-conflg.php' not found or unable to stat
[Wed Jan 21 04:57:48.703132 2026] [php:error] [pid 58263] [client 20.89.17.172:0] script '/domains/amisol/404.php' not found or unable to stat
[Wed Jan 21 04:57:48.861810 2026] [php:error] [pid 58263] [client 20.89.17.172:0] script '/domains/amisol/updates.php' not found or unable to stat
[Wed Jan 21 04:57:49.020353 2026] [php:error] [pid 58263] [client 20.89.17.172:0] script '/domains/amisol/radio.php' not found or unable to stat
[Wed Jan 21 04:57:49.178926 2026] [php:error] [pid 58263] [client 20.89.17.172:0] script '/domains/amisol/xmrlpc.php' not found or unable to stat
[Wed Jan 21 04:57:49.337706 2026] [php:error] [pid 58263] [client 20.89.17.172:0] script '/domains/amisol/moon.php' not found or unable to stat
[Wed Jan 21 04:57:49.496356 2026] [php:error] [pid 58263] [client 20.89.17.172:0] script '/domains/amisol/blog.php' not found or unable to stat
[Wed Jan 21 04:57:49.659664 2026] [php:error] [pid 58263] [client 20.89.17.172:0] script '/domains/amisol/themes.php' not found or unable to stat
[Wed Jan 21 04:57:49.818414 2026] [php:error] [pid 58263] [client 20.89.17.172:0] script '/domains/amisol/ini.php' not found or unable to stat
[Wed Jan 21 04:57:49.977331 2026] [php:error] [pid 58263] [client 20.89.17.172:0] script '/domains/amisol/as.php' not found or unable to stat
[Wed Jan 21 04:57:50.136682 2026] [php:error] [pid 58263] [client 20.89.17.172:0] script '/domains/amisol/ws.php' not found or unable to stat
[Wed Jan 21 04:57:50.295415 2026] [php:error] [pid 58263] [client 20.89.17.172:0] script '/domains/amisol/dropdown.php' not found or unable to stat
[Wed Jan 21 04:57:50.454049 2026] [php:error] [pid 58263] [client 20.89.17.172:0] script '/domains/amisol/makeasmtp.php' not found or unable to stat
[Wed Jan 21 04:57:50.612768 2026] [php:error] [pid 58263] [client 20.89.17.172:0] script '/domains/amisol/alfanew.php' not found or unable to stat
[Wed Jan 21 04:57:50.772115 2026] [php:error] [pid 58263] [client 20.89.17.172:0] script '/domains/amisol/fw.php' not found or unable to stat
[Wed Jan 21 04:57:50.930723 2026] [php:error] [pid 58263] [client 20.89.17.172:0] script '/domains/amisol/install.php' not found or unable to stat
[Wed Jan 21 04:57:51.089868 2026] [php:error] [pid 58263] [client 20.89.17.172:0] script '/domains/amisol/chosen.php' not found or unable to stat
[Wed Jan 21 04:58:50.690868 2026] [php:error] [pid 58243] [client 65.52.167.153:0] script '/domains/braniff/WSO.php' not found or unable to stat
[Wed Jan 21 04:58:50.907968 2026] [php:error] [pid 58243] [client 65.52.167.153:0] script '/domains/braniff/a.php' not found or unable to stat
[Wed Jan 21 04:58:51.572351 2026] [php:error] [pid 58243] [client 65.52.167.153:0] script '/domains/braniff/aa.php' not found or unable to stat
[Wed Jan 21 04:58:51.791637 2026] [php:error] [pid 58243] [client 65.52.167.153:0] script '/domains/braniff/aaa.php' not found or unable to stat
[Wed Jan 21 04:58:52.017989 2026] [php:error] [pid 58243] [client 65.52.167.153:0] script '/domains/braniff/ab.php' not found or unable to stat
[Wed Jan 21 04:58:52.942389 2026] [php:error] [pid 58243] [client 65.52.167.153:0] script '/domains/braniff/lock360.php' not found or unable to stat
[Wed Jan 21 04:58:53.370119 2026] [php:error] [pid 58274] [client 4.194.34.171:0] script '/domains/system_suspended/aa.php' not found or unable to stat
[Wed Jan 21 04:58:53.590565 2026] [php:error] [pid 58274] [client 4.194.34.171:0] script '/domains/system_suspended/about.php' not found or unable to stat
[Wed Jan 21 04:58:53.811347 2026] [php:error] [pid 58274] [client 4.194.34.171:0] script '/domains/system_suspended/adminfuns.php' not found or unable to stat
[Wed Jan 21 04:58:53.903106 2026] [php:error] [pid 58243] [client 65.52.167.153:0] script '/domains/braniff/file5.php' not found or unable to stat
[Wed Jan 21 04:58:54.035083 2026] [php:error] [pid 58274] [client 4.194.34.171:0] script '/domains/system_suspended/bolt.php' not found or unable to stat
[Wed Jan 21 04:58:54.255418 2026] [php:error] [pid 58274] [client 4.194.34.171:0] script '/domains/system_suspended/buy.php' not found or unable to stat
[Wed Jan 21 04:58:54.476014 2026] [php:error] [pid 58274] [client 4.194.34.171:0] script '/domains/system_suspended/goods.php' not found or unable to stat
[Wed Jan 21 04:58:54.612161 2026] [php:error] [pid 58243] [client 65.52.167.153:0] script '/domains/braniff/sitemaps.php' not found or unable to stat
[Wed Jan 21 04:58:54.698101 2026] [php:error] [pid 58274] [client 4.194.34.171:0] script '/domains/system_suspended/deepseek_d.php' not found or unable to stat
[Wed Jan 21 04:58:54.918236 2026] [php:error] [pid 58274] [client 4.194.34.171:0] script '/domains/system_suspended/file.php' not found or unable to stat
[Wed Jan 21 04:58:55.040810 2026] [php:error] [pid 58243] [client 65.52.167.153:0] script '/domains/braniff/ioxi-o.php' not found or unable to stat
[Wed Jan 21 04:58:55.138553 2026] [php:error] [pid 58274] [client 4.194.34.171:0] script '/domains/system_suspended/ioxi-o.php' not found or unable to stat
[Wed Jan 21 04:58:55.261596 2026] [php:error] [pid 58243] [client 65.52.167.153:0] script '/domains/braniff/load.php' not found or unable to stat
[Wed Jan 21 04:58:55.479782 2026] [php:error] [pid 58243] [client 65.52.167.153:0] script '/domains/braniff/k.php' not found or unable to stat
[Wed Jan 21 04:58:55.586748 2026] [php:error] [pid 58274] [client 4.194.34.171:0] script '/domains/system_suspended/test1.php' not found or unable to stat
[Wed Jan 21 04:58:55.807275 2026] [php:error] [pid 58274] [client 4.194.34.171:0] script '/domains/system_suspended/elp.php' not found or unable to stat
[Wed Jan 21 04:58:56.082242 2026] [php:error] [pid 58243] [client 65.52.167.153:0] script '/domains/braniff/autoload_classmap.php' not found or unable to stat
[Wed Jan 21 04:58:56.302098 2026] [php:error] [pid 58243] [client 65.52.167.153:0] script '/domains/braniff/post.php' not found or unable to stat
[Wed Jan 21 04:58:56.547788 2026] [php:error] [pid 58243] [client 65.52.167.153:0] script '/domains/braniff/1.php' not found or unable to stat
[Wed Jan 21 04:58:56.692225 2026] [php:error] [pid 58274] [client 4.194.34.171:0] script '/domains/system_suspended/xmlrpc.php' not found or unable to stat
[Wed Jan 21 04:58:56.761003 2026] [php:error] [pid 58243] [client 65.52.167.153:0] script '/domains/braniff/flower.php' not found or unable to stat
[Wed Jan 21 04:58:56.913365 2026] [php:error] [pid 58274] [client 4.194.34.171:0] script '/domains/system_suspended/inputs.php' not found or unable to stat
[Wed Jan 21 04:58:57.135079 2026] [php:error] [pid 58274] [client 4.194.34.171:0] script '/domains/system_suspended/classsmtps.php' not found or unable to stat
[Wed Jan 21 04:58:57.198474 2026] [php:error] [pid 58243] [client 65.52.167.153:0] script '/domains/braniff/admin.php' not found or unable to stat
[Wed Jan 21 04:58:57.356734 2026] [php:error] [pid 58274] [client 4.194.34.171:0] script '/domains/system_suspended/wp-trackback.php' not found or unable to stat
[Wed Jan 21 04:58:57.413530 2026] [php:error] [pid 58243] [client 65.52.167.153:0] script '/domains/braniff/file.php' not found or unable to stat
[Wed Jan 21 04:58:57.579255 2026] [php:error] [pid 58274] [client 4.194.34.171:0] script '/domains/system_suspended/wp-cron.php' not found or unable to stat
[Wed Jan 21 04:58:57.633078 2026] [php:error] [pid 58243] [client 65.52.167.153:0] script '/domains/braniff/default.php' not found or unable to stat
[Wed Jan 21 04:58:57.801174 2026] [php:error] [pid 58274] [client 4.194.34.171:0] script '/domains/system_suspended/wp-load.php' not found or unable to stat
[Wed Jan 21 04:58:58.021952 2026] [php:error] [pid 58274] [client 4.194.34.171:0] script '/domains/system_suspended/wp-mail.php' not found or unable to stat
[Wed Jan 21 04:58:58.129054 2026] [php:error] [pid 58243] [client 65.52.167.153:0] script '/domains/braniff/defaults.php' not found or unable to stat
[Wed Jan 21 04:58:58.242738 2026] [php:error] [pid 58274] [client 4.194.34.171:0] script '/domains/system_suspended/wp-activate.php' not found or unable to stat
[Wed Jan 21 04:58:58.463789 2026] [php:error] [pid 58274] [client 4.194.34.171:0] script '/domains/system_suspended/plugins.php' not found or unable to stat
[Wed Jan 21 04:58:58.651949 2026] [php:error] [pid 58243] [client 65.52.167.153:0] script '/domains/braniff/meta.php' not found or unable to stat
[Wed Jan 21 04:58:58.684135 2026] [php:error] [pid 58274] [client 4.194.34.171:0] script '/domains/system_suspended/admin.php' not found or unable to stat
[Wed Jan 21 04:58:58.877312 2026] [php:error] [pid 58243] [client 65.52.167.153:0] script '/domains/braniff/index.php' not found or unable to stat
[Wed Jan 21 04:58:58.905613 2026] [php:error] [pid 58274] [client 4.194.34.171:0] script '/domains/system_suspended/atomlib.php' not found or unable to stat
[Wed Jan 21 04:58:59.127526 2026] [php:error] [pid 58274] [client 4.194.34.171:0] script '/domains/system_suspended/simple.php' not found or unable to stat
[Wed Jan 21 04:58:59.349335 2026] [php:error] [pid 58274] [client 4.194.34.171:0] script '/domains/system_suspended/log.php' not found or unable to stat
[Wed Jan 21 04:58:59.481401 2026] [php:error] [pid 58243] [client 65.52.167.153:0] script '/domains/braniff/yindu.php' not found or unable to stat
[Wed Jan 21 04:58:59.571593 2026] [php:error] [pid 58274] [client 4.194.34.171:0] script '/domains/system_suspended/lufix.php' not found or unable to stat
[Wed Jan 21 04:58:59.793508 2026] [php:error] [pid 58274] [client 4.194.34.171:0] script '/domains/system_suspended/content.php' not found or unable to stat
[Wed Jan 21 04:58:59.880390 2026] [php:error] [pid 58243] [client 65.52.167.153:0] script '/domains/braniff/about.php' not found or unable to stat
[Wed Jan 21 04:59:00.014273 2026] [php:error] [pid 58274] [client 4.194.34.171:0] script '/domains/system_suspended/wp.php' not found or unable to stat
[Wed Jan 21 04:59:00.106469 2026] [php:error] [pid 58243] [client 65.52.167.153:0] script '/domains/braniff/randkeyword.php' not found or unable to stat
[Wed Jan 21 04:59:00.235022 2026] [php:error] [pid 58274] [client 4.194.34.171:0] script '/domains/system_suspended/wp-conflg.php' not found or unable to stat
[Wed Jan 21 04:59:00.319621 2026] [php:error] [pid 58243] [client 65.52.167.153:0] script '/domains/braniff/goods.php' not found or unable to stat
[Wed Jan 21 04:59:00.455303 2026] [php:error] [pid 58274] [client 4.194.34.171:0] script '/domains/system_suspended/404.php' not found or unable to stat
[Wed Jan 21 04:59:00.676623 2026] [php:error] [pid 58274] [client 4.194.34.171:0] script '/domains/system_suspended/updates.php' not found or unable to stat
[Wed Jan 21 04:59:00.779712 2026] [php:error] [pid 58243] [client 65.52.167.153:0] script '/domains/braniff/hehe.php' not found or unable to stat
[Wed Jan 21 04:59:00.906703 2026] [php:error] [pid 58274] [client 4.194.34.171:0] script '/domains/system_suspended/radio.php' not found or unable to stat
[Wed Jan 21 04:59:00.994991 2026] [php:error] [pid 58243] [client 65.52.167.153:0] script '/domains/braniff/user.php' not found or unable to stat
[Wed Jan 21 04:59:01.127339 2026] [php:error] [pid 58274] [client 4.194.34.171:0] script '/domains/system_suspended/xmrlpc.php' not found or unable to stat
[Wed Jan 21 04:59:01.219530 2026] [php:error] [pid 58243] [client 65.52.167.153:0] script '/domains/braniff/wp-2019.php' not found or unable to stat
[Wed Jan 21 04:59:01.347983 2026] [php:error] [pid 58274] [client 4.194.34.171:0] script '/domains/system_suspended/moon.php' not found or unable to stat
[Wed Jan 21 04:59:01.436928 2026] [php:error] [pid 58243] [client 65.52.167.153:0] script '/domains/braniff/chosen.php' not found or unable to stat
[Wed Jan 21 04:59:01.573286 2026] [php:error] [pid 58274] [client 4.194.34.171:0] script '/domains/system_suspended/blog.php' not found or unable to stat
[Wed Jan 21 04:59:01.803835 2026] [php:error] [pid 58274] [client 4.194.34.171:0] script '/domains/system_suspended/themes.php' not found or unable to stat
[Wed Jan 21 04:59:01.890019 2026] [php:error] [pid 58243] [client 65.52.167.153:0] script '/domains/braniff/functions.php' not found or unable to stat
[Wed Jan 21 04:59:02.032718 2026] [php:error] [pid 58274] [client 4.194.34.171:0] script '/domains/system_suspended/ini.php' not found or unable to stat
[Wed Jan 21 04:59:02.110919 2026] [php:error] [pid 58243] [client 65.52.167.153:0] script '/domains/braniff/cron.php' not found or unable to stat
[Wed Jan 21 04:59:02.252955 2026] [php:error] [pid 58274] [client 4.194.34.171:0] script '/domains/system_suspended/as.php' not found or unable to stat
[Wed Jan 21 04:59:02.330092 2026] [php:error] [pid 58243] [client 65.52.167.153:0] script '/domains/braniff/edit.php' not found or unable to stat
[Wed Jan 21 04:59:02.473841 2026] [php:error] [pid 58274] [client 4.194.34.171:0] script '/domains/system_suspended/ws.php' not found or unable to stat
[Wed Jan 21 04:59:02.690831 2026] [php:error] [pid 58243] [client 65.52.167.153:0] script '/domains/braniff/gecko-new.php' not found or unable to stat
[Wed Jan 21 04:59:02.699760 2026] [php:error] [pid 58274] [client 4.194.34.171:0] script '/domains/system_suspended/dropdown.php' not found or unable to stat
[Wed Jan 21 04:59:02.920285 2026] [php:error] [pid 58274] [client 4.194.34.171:0] script '/domains/system_suspended/makeasmtp.php' not found or unable to stat
[Wed Jan 21 04:59:03.099798 2026] [php:error] [pid 58243] [client 65.52.167.153:0] script '/domains/braniff/cookie.php' not found or unable to stat
[Wed Jan 21 04:59:03.140606 2026] [php:error] [pid 58274] [client 4.194.34.171:0] script '/domains/system_suspended/alfanew.php' not found or unable to stat
[Wed Jan 21 04:59:03.361110 2026] [php:error] [pid 58274] [client 4.194.34.171:0] script '/domains/system_suspended/fw.php' not found or unable to stat
[Wed Jan 21 04:59:03.582236 2026] [php:error] [pid 58274] [client 4.194.34.171:0] script '/domains/system_suspended/install.php' not found or unable to stat
[Wed Jan 21 04:59:03.625017 2026] [php:error] [pid 58243] [client 65.52.167.153:0] script '/domains/braniff/xleet.php' not found or unable to stat
[Wed Jan 21 04:59:03.802631 2026] [php:error] [pid 58274] [client 4.194.34.171:0] script '/domains/system_suspended/chosen.php' not found or unable to stat
[Wed Jan 21 04:59:04.499345 2026] [php:error] [pid 58243] [client 65.52.167.153:0] script '/domains/braniff/spip.php' not found or unable to stat
[Wed Jan 21 04:59:05.250584 2026] [php:error] [pid 58243] [client 65.52.167.153:0] script '/domains/braniff/22.php' not found or unable to stat
[Wed Jan 21 04:59:06.095376 2026] [php:error] [pid 58243] [client 65.52.167.153:0] script '/domains/braniff/room.php' not found or unable to stat
[Wed Jan 21 04:59:06.506487 2026] [php:error] [pid 58243] [client 65.52.167.153:0] script '/domains/braniff/disagreed.php' not found or unable to stat
[Wed Jan 21 04:59:06.726309 2026] [php:error] [pid 58243] [client 65.52.167.153:0] script '/domains/braniff/text.php' not found or unable to stat
[Wed Jan 21 04:59:07.869414 2026] [php:error] [pid 58243] [client 65.52.167.153:0] script '/domains/braniff/alfa-rex.php' not found or unable to stat
[Wed Jan 21 04:59:09.066294 2026] [php:error] [pid 58243] [client 65.52.167.153:0] script '/domains/braniff/feeds.php' not found or unable to stat
[Wed Jan 21 04:59:09.586233 2026] [php:error] [pid 58243] [client 65.52.167.153:0] script '/domains/braniff/radio.php' not found or unable to stat
[Wed Jan 21 04:59:10.050734 2026] [php:error] [pid 58243] [client 65.52.167.153:0] script '/domains/braniff/dropdown.php' not found or unable to stat
[Wed Jan 21 04:59:10.124378 2026] [php:error] [pid 58276] [client 145.239.10.137:0] script '/domains/bruceweb/f6.php' not found or unable to stat, referer: http://accountingco.com/f6.php
[Wed Jan 21 04:59:10.497391 2026] [php:error] [pid 58243] [client 65.52.167.153:0] script '/domains/braniff/defaults.php' not found or unable to stat
[Wed Jan 21 04:59:10.711934 2026] [php:error] [pid 58243] [client 65.52.167.153:0] script '/domains/braniff/system.php' not found or unable to stat
[Wed Jan 21 04:59:11.185130 2026] [php:error] [pid 58243] [client 65.52.167.153:0] script '/domains/braniff/xmlrpc.php' not found or unable to stat
[Wed Jan 21 04:59:11.900095 2026] [php:error] [pid 58243] [client 65.52.167.153:0] script '/domains/braniff/colors.php' not found or unable to stat
[Wed Jan 21 04:59:12.119191 2026] [php:error] [pid 58243] [client 65.52.167.153:0] script '/domains/braniff/updates.php' not found or unable to stat
[Wed Jan 21 04:59:12.353408 2026] [php:error] [pid 58243] [client 65.52.167.153:0] script '/domains/braniff/alfa-rex1.php' not found or unable to stat
[Wed Jan 21 04:59:12.580032 2026] [php:error] [pid 58243] [client 65.52.167.153:0] script '/domains/braniff/wp-index.php' not found or unable to stat
[Wed Jan 21 04:59:12.804338 2026] [php:error] [pid 58243] [client 65.52.167.153:0] script '/domains/braniff/wp-admin.php' not found or unable to stat
[Wed Jan 21 04:59:13.018825 2026] [php:error] [pid 58243] [client 65.52.167.153:0] script '/domains/braniff/alfa.php' not found or unable to stat
[Wed Jan 21 04:59:13.836289 2026] [php:error] [pid 58243] [client 65.52.167.153:0] script '/domains/braniff/locale.php' not found or unable to stat
[Wed Jan 21 04:59:14.049469 2026] [php:error] [pid 58243] [client 65.52.167.153:0] script '/domains/braniff/wxo.php' not found or unable to stat
[Wed Jan 21 04:59:14.297778 2026] [php:error] [pid 58243] [client 65.52.167.153:0] script '/domains/braniff/colour.php' not found or unable to stat
[Wed Jan 21 04:59:15.095430 2026] [php:error] [pid 58243] [client 65.52.167.153:0] script '/domains/braniff/files.php' not found or unable to stat
[Wed Jan 21 04:59:15.307090 2026] [php:error] [pid 58243] [client 65.52.167.153:0] script '/domains/braniff/install.php' not found or unable to stat
[Wed Jan 21 04:59:15.676450 2026] [php:error] [pid 58243] [client 65.52.167.153:0] script '/domains/braniff/wp-contentt.php' not found or unable to stat
[Wed Jan 21 04:59:16.126304 2026] [php:error] [pid 58243] [client 65.52.167.153:0] script '/domains/braniff/config.php' not found or unable to stat
[Wed Jan 21 04:59:16.342230 2026] [php:error] [pid 58243] [client 65.52.167.153:0] script '/domains/braniff/theme.php' not found or unable to stat
[Wed Jan 21 04:59:16.774857 2026] [php:error] [pid 58243] [client 65.52.167.153:0] script '/domains/braniff/block-bindings.php' not found or unable to stat
[Wed Jan 21 04:59:17.564711 2026] [php:error] [pid 58243] [client 65.52.167.153:0] script '/domains/braniff/class_api.php' not found or unable to stat
[Wed Jan 21 04:59:18.151617 2026] [php:error] [pid 58243] [client 65.52.167.153:0] script '/domains/braniff/inputs.php' not found or unable to stat
[Wed Jan 21 04:59:18.386747 2026] [php:error] [pid 58243] [client 65.52.167.153:0] script '/domains/braniff/root.php' not found or unable to stat
[Wed Jan 21 04:59:18.869658 2026] [php:error] [pid 58243] [client 65.52.167.153:0] script '/domains/braniff/menu.php' not found or unable to stat
[Wed Jan 21 04:59:19.083519 2026] [php:error] [pid 58243] [client 65.52.167.153:0] script '/domains/braniff/plugin.php' not found or unable to stat
[Wed Jan 21 04:59:19.527308 2026] [php:error] [pid 58243] [client 65.52.167.153:0] script '/domains/braniff/cloud.php' not found or unable to stat
[Wed Jan 21 04:59:19.758057 2026] [php:error] [pid 58243] [client 65.52.167.153:0] script '/domains/braniff/configs.php' not found or unable to stat
[Wed Jan 21 04:59:19.983340 2026] [php:error] [pid 58243] [client 65.52.167.153:0] script '/domains/braniff/wp-configs.php' not found or unable to stat
[Wed Jan 21 04:59:20.482095 2026] [php:error] [pid 58243] [client 65.52.167.153:0] script '/domains/braniff/update.php' not found or unable to stat
[Wed Jan 21 04:59:21.045820 2026] [php:error] [pid 58243] [client 65.52.167.153:0] script '/domains/braniff/2.php' not found or unable to stat
[Wed Jan 21 04:59:21.467787 2026] [php:error] [pid 58243] [client 65.52.167.153:0] script '/domains/braniff/input.php' not found or unable to stat
[Wed Jan 21 04:59:21.682206 2026] [php:error] [pid 58243] [client 65.52.167.153:0] script '/domains/braniff/aaa.php' not found or unable to stat
[Wed Jan 21 04:59:26.298347 2026] [php:error] [pid 58285] [client 20.89.17.172:0] script '/domains/trodine/aa.php' not found or unable to stat
[Wed Jan 21 04:59:26.460302 2026] [php:error] [pid 58285] [client 20.89.17.172:0] script '/domains/trodine/about.php' not found or unable to stat
[Wed Jan 21 04:59:26.619958 2026] [php:error] [pid 58285] [client 20.89.17.172:0] script '/domains/trodine/adminfuns.php' not found or unable to stat
[Wed Jan 21 04:59:26.779425 2026] [php:error] [pid 58285] [client 20.89.17.172:0] script '/domains/trodine/bolt.php' not found or unable to stat
[Wed Jan 21 04:59:26.941711 2026] [php:error] [pid 58285] [client 20.89.17.172:0] script '/domains/trodine/buy.php' not found or unable to stat
[Wed Jan 21 04:59:27.107879 2026] [php:error] [pid 58285] [client 20.89.17.172:0] script '/domains/trodine/goods.php' not found or unable to stat
[Wed Jan 21 04:59:27.267091 2026] [php:error] [pid 58285] [client 20.89.17.172:0] script '/domains/trodine/deepseek_d.php' not found or unable to stat
[Wed Jan 21 04:59:27.431956 2026] [php:error] [pid 58285] [client 20.89.17.172:0] script '/domains/trodine/file.php' not found or unable to stat
[Wed Jan 21 04:59:27.604976 2026] [php:error] [pid 58285] [client 20.89.17.172:0] script '/domains/trodine/ioxi-o.php' not found or unable to stat
[Wed Jan 21 04:59:27.925223 2026] [php:error] [pid 58285] [client 20.89.17.172:0] script '/domains/trodine/test1.php' not found or unable to stat
[Wed Jan 21 04:59:28.084498 2026] [php:error] [pid 58285] [client 20.89.17.172:0] script '/domains/trodine/elp.php' not found or unable to stat
[Wed Jan 21 04:59:28.737697 2026] [php:error] [pid 58285] [client 20.89.17.172:0] script '/domains/trodine/xmlrpc.php' not found or unable to stat
[Wed Jan 21 04:59:28.899229 2026] [php:error] [pid 58285] [client 20.89.17.172:0] script '/domains/trodine/inputs.php' not found or unable to stat
[Wed Jan 21 04:59:29.059941 2026] [php:error] [pid 58285] [client 20.89.17.172:0] script '/domains/trodine/classsmtps.php' not found or unable to stat
[Wed Jan 21 04:59:29.219354 2026] [php:error] [pid 58285] [client 20.89.17.172:0] script '/domains/trodine/wp-trackback.php' not found or unable to stat
[Wed Jan 21 04:59:29.385395 2026] [php:error] [pid 58285] [client 20.89.17.172:0] script '/domains/trodine/wp-cron.php' not found or unable to stat
[Wed Jan 21 04:59:29.544662 2026] [php:error] [pid 58285] [client 20.89.17.172:0] script '/domains/trodine/wp-load.php' not found or unable to stat
[Wed Jan 21 04:59:29.705269 2026] [php:error] [pid 58285] [client 20.89.17.172:0] script '/domains/trodine/wp-mail.php' not found or unable to stat
[Wed Jan 21 04:59:29.879243 2026] [php:error] [pid 58285] [client 20.89.17.172:0] script '/domains/trodine/wp-activate.php' not found or unable to stat
[Wed Jan 21 04:59:30.039095 2026] [php:error] [pid 58285] [client 20.89.17.172:0] script '/domains/trodine/plugins.php' not found or unable to stat
[Wed Jan 21 04:59:30.198317 2026] [php:error] [pid 58285] [client 20.89.17.172:0] script '/domains/trodine/admin.php' not found or unable to stat
[Wed Jan 21 04:59:30.357540 2026] [php:error] [pid 58285] [client 20.89.17.172:0] script '/domains/trodine/atomlib.php' not found or unable to stat
[Wed Jan 21 04:59:30.518104 2026] [php:error] [pid 58285] [client 20.89.17.172:0] script '/domains/trodine/simple.php' not found or unable to stat
[Wed Jan 21 04:59:30.678790 2026] [php:error] [pid 58285] [client 20.89.17.172:0] script '/domains/trodine/log.php' not found or unable to stat
[Wed Jan 21 04:59:30.838011 2026] [php:error] [pid 58285] [client 20.89.17.172:0] script '/domains/trodine/lufix.php' not found or unable to stat
[Wed Jan 21 04:59:31.000550 2026] [php:error] [pid 58285] [client 20.89.17.172:0] script '/domains/trodine/content.php' not found or unable to stat
[Wed Jan 21 04:59:31.160185 2026] [php:error] [pid 58285] [client 20.89.17.172:0] script '/domains/trodine/wp.php' not found or unable to stat
[Wed Jan 21 04:59:31.332216 2026] [php:error] [pid 58285] [client 20.89.17.172:0] script '/domains/trodine/wp-conflg.php' not found or unable to stat
[Wed Jan 21 04:59:31.491607 2026] [php:error] [pid 58285] [client 20.89.17.172:0] script '/domains/trodine/404.php' not found or unable to stat
[Wed Jan 21 04:59:31.651988 2026] [php:error] [pid 58285] [client 20.89.17.172:0] script '/domains/trodine/updates.php' not found or unable to stat
[Wed Jan 21 04:59:31.812684 2026] [php:error] [pid 58285] [client 20.89.17.172:0] script '/domains/trodine/radio.php' not found or unable to stat
[Wed Jan 21 04:59:31.972953 2026] [php:error] [pid 58285] [client 20.89.17.172:0] script '/domains/trodine/xmrlpc.php' not found or unable to stat
[Wed Jan 21 04:59:32.140375 2026] [php:error] [pid 58285] [client 20.89.17.172:0] script '/domains/trodine/moon.php' not found or unable to stat
[Wed Jan 21 04:59:32.312223 2026] [php:error] [pid 58285] [client 20.89.17.172:0] script '/domains/trodine/blog.php' not found or unable to stat
[Wed Jan 21 04:59:32.471874 2026] [php:error] [pid 58285] [client 20.89.17.172:0] script '/domains/trodine/themes.php' not found or unable to stat
[Wed Jan 21 04:59:32.631078 2026] [php:error] [pid 58285] [client 20.89.17.172:0] script '/domains/trodine/ini.php' not found or unable to stat
[Wed Jan 21 04:59:32.790393 2026] [php:error] [pid 58285] [client 20.89.17.172:0] script '/domains/trodine/as.php' not found or unable to stat
[Wed Jan 21 04:59:32.949709 2026] [php:error] [pid 58285] [client 20.89.17.172:0] script '/domains/trodine/ws.php' not found or unable to stat
[Wed Jan 21 04:59:33.108878 2026] [php:error] [pid 58285] [client 20.89.17.172:0] script '/domains/trodine/dropdown.php' not found or unable to stat
[Wed Jan 21 04:59:33.275429 2026] [php:error] [pid 58285] [client 20.89.17.172:0] script '/domains/trodine/makeasmtp.php' not found or unable to stat
[Wed Jan 21 04:59:33.435790 2026] [php:error] [pid 58285] [client 20.89.17.172:0] script '/domains/trodine/alfanew.php' not found or unable to stat
[Wed Jan 21 04:59:33.596114 2026] [php:error] [pid 58285] [client 20.89.17.172:0] script '/domains/trodine/fw.php' not found or unable to stat
[Wed Jan 21 04:59:33.764582 2026] [php:error] [pid 58285] [client 20.89.17.172:0] script '/domains/trodine/install.php' not found or unable to stat
