[Wed Jan 21 01:22:47.224907 2026] [php:error] [pid 16208] [client 113.52.133.204:0] script '/domains/wsmith.enteract/ad.php' not found or unable to stat
[Wed Jan 21 01:23:24.674227 2026] [php:error] [pid 16208] [client 4.241.216.217:0] script '/domains/afglcweb/eee.php' not found or unable to stat
[Wed Jan 21 01:23:24.840227 2026] [php:error] [pid 16208] [client 4.241.216.217:0] script '/domains/afglcweb/webadmin.php' not found or unable to stat
[Wed Jan 21 01:23:24.998929 2026] [php:error] [pid 16208] [client 4.241.216.217:0] script '/domains/afglcweb/galex.php' not found or unable to stat
[Wed Jan 21 01:23:25.158185 2026] [php:error] [pid 16208] [client 4.241.216.217:0] script '/domains/afglcweb/tinyfilemanager.php' not found or unable to stat
[Wed Jan 21 01:23:25.316933 2026] [php:error] [pid 16208] [client 4.241.216.217:0] script '/domains/afglcweb/class.api.php' not found or unable to stat
[Wed Jan 21 01:23:25.476129 2026] [php:error] [pid 16208] [client 4.241.216.217:0] script '/domains/afglcweb/support.php' not found or unable to stat
[Wed Jan 21 01:23:25.797855 2026] [php:error] [pid 16208] [client 4.241.216.217:0] script '/domains/afglcweb/dox.php' not found or unable to stat
[Wed Jan 21 01:23:25.957110 2026] [php:error] [pid 16208] [client 4.241.216.217:0] script '/domains/afglcweb/siteheads.php' not found or unable to stat
[Wed Jan 21 01:23:26.123122 2026] [php:error] [pid 16208] [client 4.241.216.217:0] script '/domains/afglcweb/0x.php' not found or unable to stat
[Wed Jan 21 01:23:26.453482 2026] [php:error] [pid 16208] [client 4.241.216.217:0] script '/domains/afglcweb/wp-logout.php' not found or unable to stat
[Wed Jan 21 01:23:26.612418 2026] [php:error] [pid 16208] [client 4.241.216.217:0] script '/domains/afglcweb/87.php' not found or unable to stat
[Wed Jan 21 01:23:26.787179 2026] [php:error] [pid 16208] [client 4.241.216.217:0] script '/domains/afglcweb/0o0.php' not found or unable to stat
[Wed Jan 21 01:23:26.945586 2026] [php:error] [pid 16208] [client 4.241.216.217:0] script '/domains/afglcweb/lv.php' not found or unable to stat
[Wed Jan 21 01:23:27.127787 2026] [php:error] [pid 16208] [client 4.241.216.217:0] script '/domains/afglcweb/dropdown.php' not found or unable to stat
[Wed Jan 21 01:23:27.318456 2026] [php:error] [pid 16208] [client 4.241.216.217:0] script '/domains/afglcweb/wsheet1.php' not found or unable to stat
[Wed Jan 21 01:23:27.648379 2026] [php:error] [pid 16208] [client 4.241.216.217:0] script '/domains/afglcweb/size.php' not found or unable to stat
[Wed Jan 21 01:23:27.807271 2026] [php:error] [pid 16208] [client 4.241.216.217:0] script '/domains/afglcweb/ms-users.php' not found or unable to stat
[Wed Jan 21 01:23:28.273380 2026] [php:error] [pid 16208] [client 4.241.216.217:0] script '/domains/afglcweb/revision.php' not found or unable to stat
[Wed Jan 21 01:23:28.458654 2026] [php:error] [pid 16208] [client 4.241.216.217:0] script '/domains/afglcweb/12.php' not found or unable to stat
[Wed Jan 21 01:23:28.841350 2026] [php:error] [pid 16208] [client 4.241.216.217:0] script '/domains/afglcweb/img.php' not found or unable to stat
[Wed Jan 21 01:23:29.013510 2026] [php:error] [pid 16208] [client 4.241.216.217:0] script '/domains/afglcweb/menu.php' not found or unable to stat
[Wed Jan 21 01:23:29.172478 2026] [php:error] [pid 16208] [client 4.241.216.217:0] script '/domains/afglcweb/tinyfilemanager.php' not found or unable to stat
[Wed Jan 21 01:23:29.331914 2026] [php:error] [pid 16208] [client 4.241.216.217:0] script '/domains/afglcweb/test1.php' not found or unable to stat
[Wed Jan 21 01:23:29.491583 2026] [php:error] [pid 16208] [client 4.241.216.217:0] script '/domains/afglcweb/shell20211028.php' not found or unable to stat
[Wed Jan 21 01:23:29.651421 2026] [php:error] [pid 16208] [client 4.241.216.217:0] script '/domains/afglcweb/ton.php' not found or unable to stat
[Wed Jan 21 01:23:29.915382 2026] [php:error] [pid 16208] [client 4.241.216.217:0] script '/domains/afglcweb/item.php' not found or unable to stat
[Wed Jan 21 01:23:30.171676 2026] [php:error] [pid 16208] [client 4.241.216.217:0] script '/domains/afglcweb/lala.php' not found or unable to stat
[Wed Jan 21 01:23:30.516453 2026] [php:error] [pid 16208] [client 4.241.216.217:0] script '/domains/afglcweb/page.php' not found or unable to stat
[Wed Jan 21 01:23:30.954219 2026] [php:error] [pid 16208] [client 4.241.216.217:0] script '/domains/afglcweb/tempfuns.php' not found or unable to stat
[Wed Jan 21 01:23:31.131609 2026] [php:error] [pid 16208] [client 4.241.216.217:0] script '/domains/afglcweb/past.php' not found or unable to stat
[Wed Jan 21 01:23:31.317722 2026] [php:error] [pid 16208] [client 4.241.216.217:0] script '/domains/afglcweb/log.php' not found or unable to stat
[Wed Jan 21 01:23:31.494531 2026] [php:error] [pid 16208] [client 4.241.216.217:0] script '/domains/afglcweb/wen.php' not found or unable to stat
[Wed Jan 21 01:23:31.815875 2026] [php:error] [pid 16208] [client 4.241.216.217:0] script '/domains/afglcweb/sf.php' not found or unable to stat
[Wed Jan 21 01:23:32.000707 2026] [php:error] [pid 16208] [client 4.241.216.217:0] script '/domains/afglcweb/simple.php' not found or unable to stat
[Wed Jan 21 01:23:32.159191 2026] [php:error] [pid 16208] [client 4.241.216.217:0] script '/domains/afglcweb/admiin.php' not found or unable to stat
[Wed Jan 21 01:23:32.318083 2026] [php:error] [pid 16208] [client 4.241.216.217:0] script '/domains/afglcweb/9v6.php' not found or unable to stat
[Wed Jan 21 01:23:32.476844 2026] [php:error] [pid 16208] [client 4.241.216.217:0] script '/domains/afglcweb/doc.php' not found or unable to stat
[Wed Jan 21 01:23:32.647559 2026] [php:error] [pid 16208] [client 4.241.216.217:0] script '/domains/afglcweb/ha.php' not found or unable to stat
[Wed Jan 21 01:23:32.805961 2026] [php:error] [pid 16208] [client 4.241.216.217:0] script '/domains/afglcweb/F0x.php' not found or unable to stat
[Wed Jan 21 01:23:32.968854 2026] [php:error] [pid 16208] [client 4.241.216.217:0] script '/domains/afglcweb/file2.php' not found or unable to stat
[Wed Jan 21 01:23:33.134450 2026] [php:error] [pid 16208] [client 4.241.216.217:0] script '/domains/afglcweb/cong.php' not found or unable to stat
[Wed Jan 21 01:23:33.293040 2026] [php:error] [pid 16208] [client 4.241.216.217:0] script '/domains/afglcweb/a2.php' not found or unable to stat
[Wed Jan 21 01:23:33.472670 2026] [php:error] [pid 16208] [client 4.241.216.217:0] script '/domains/afglcweb/up4.php' not found or unable to stat
[Wed Jan 21 01:23:33.652874 2026] [php:error] [pid 16208] [client 4.241.216.217:0] script '/domains/afglcweb/gtc.php' not found or unable to stat
[Wed Jan 21 01:23:33.811309 2026] [php:error] [pid 16208] [client 4.241.216.217:0] script '/domains/afglcweb/dbc.php' not found or unable to stat
[Wed Jan 21 01:23:33.969813 2026] [php:error] [pid 16208] [client 4.241.216.217:0] script '/domains/afglcweb/xa.php' not found or unable to stat
[Wed Jan 21 01:23:34.128443 2026] [php:error] [pid 16208] [client 4.241.216.217:0] script '/domains/afglcweb/content.php' not found or unable to stat
[Wed Jan 21 01:23:34.286940 2026] [php:error] [pid 16208] [client 4.241.216.217:0] script '/domains/afglcweb/oo.php' not found or unable to stat
[Wed Jan 21 01:23:34.445288 2026] [php:error] [pid 16208] [client 4.241.216.217:0] script '/domains/afglcweb/ws35.php' not found or unable to stat
[Wed Jan 21 01:23:34.603846 2026] [php:error] [pid 16208] [client 4.241.216.217:0] script '/domains/afglcweb/222.php' not found or unable to stat
[Wed Jan 21 01:23:34.789296 2026] [php:error] [pid 16208] [client 4.241.216.217:0] script '/domains/afglcweb/z60.php' not found or unable to stat
[Wed Jan 21 01:23:34.961357 2026] [php:error] [pid 16208] [client 4.241.216.217:0] script '/domains/afglcweb/wp-freya.php' not found or unable to stat
[Wed Jan 21 01:23:35.119541 2026] [php:error] [pid 16208] [client 4.241.216.217:0] script '/domains/afglcweb/ccou.php' not found or unable to stat
[Wed Jan 21 01:23:35.280214 2026] [php:error] [pid 16208] [client 4.241.216.217:0] script '/domains/afglcweb/abc.php' not found or unable to stat
[Wed Jan 21 01:23:35.385546 2026] [php:error] [pid 16207] [client 4.190.210.95:0] script '/domains/bfitpro2/ioxi-o.php' not found or unable to stat
[Wed Jan 21 01:23:35.440080 2026] [php:error] [pid 16208] [client 4.241.216.217:0] script '/domains/afglcweb/ant.php' not found or unable to stat
[Wed Jan 21 01:23:35.552368 2026] [php:error] [pid 16207] [client 4.190.210.95:0] script '/domains/bfitpro2/0x.php' not found or unable to stat
[Wed Jan 21 01:23:35.718946 2026] [php:error] [pid 16207] [client 4.190.210.95:0] script '/domains/bfitpro2/222.php' not found or unable to stat
[Wed Jan 21 01:23:35.886934 2026] [php:error] [pid 16207] [client 4.190.210.95:0] script '/domains/bfitpro2/aa.php' not found or unable to stat
[Wed Jan 21 01:23:35.957198 2026] [php:error] [pid 16208] [client 4.241.216.217:0] script '/domains/afglcweb/ma.php' not found or unable to stat
[Wed Jan 21 01:23:36.053333 2026] [php:error] [pid 16207] [client 4.190.210.95:0] script '/domains/bfitpro2/abcd.php' not found or unable to stat
[Wed Jan 21 01:23:36.115925 2026] [php:error] [pid 16208] [client 4.241.216.217:0] script '/domains/afglcweb/gecko.php' not found or unable to stat
[Wed Jan 21 01:23:36.220018 2026] [php:error] [pid 16207] [client 4.190.210.95:0] script '/domains/bfitpro2/admin.php' not found or unable to stat
[Wed Jan 21 01:23:36.281601 2026] [php:error] [pid 16208] [client 4.241.216.217:0] script '/domains/afglcweb/ws29.php' not found or unable to stat
[Wed Jan 21 01:23:36.441396 2026] [php:error] [pid 16208] [client 4.241.216.217:0] script '/domains/afglcweb/1100.php' not found or unable to stat
[Wed Jan 21 01:23:36.563761 2026] [php:error] [pid 16207] [client 4.190.210.95:0] script '/domains/bfitpro2/adminfuns.php' not found or unable to stat
[Wed Jan 21 01:23:36.614762 2026] [php:error] [pid 16208] [client 4.241.216.217:0] script '/domains/afglcweb/ws46.php' not found or unable to stat
[Wed Jan 21 01:23:36.730549 2026] [php:error] [pid 16207] [client 4.190.210.95:0] script '/domains/bfitpro2/akc.php' not found or unable to stat
[Wed Jan 21 01:23:36.772957 2026] [php:error] [pid 16208] [client 4.241.216.217:0] script '/domains/afglcweb/ws43.php' not found or unable to stat
[Wed Jan 21 01:23:36.899899 2026] [php:error] [pid 16207] [client 4.190.210.95:0] script '/domains/bfitpro2/buy.php' not found or unable to stat
[Wed Jan 21 01:23:36.931270 2026] [php:error] [pid 16208] [client 4.241.216.217:0] script '/domains/afglcweb/ws36.php' not found or unable to stat
[Wed Jan 21 01:23:37.066492 2026] [php:error] [pid 16207] [client 4.190.210.95:0] script '/domains/bfitpro2/cong.php' not found or unable to stat
[Wed Jan 21 01:23:37.233044 2026] [php:error] [pid 16207] [client 4.190.210.95:0] script '/domains/bfitpro2/ioxi-o.php' not found or unable to stat
[Wed Jan 21 01:23:37.330927 2026] [php:error] [pid 16208] [client 4.241.216.217:0] script '/domains/afglcweb/ws34.php' not found or unable to stat
[Wed Jan 21 01:23:37.578518 2026] [php:error] [pid 16207] [client 4.190.210.95:0] script '/domains/bfitpro2/db.php' not found or unable to stat
[Wed Jan 21 01:23:37.649381 2026] [php:error] [pid 16208] [client 4.241.216.217:0] script '/domains/afglcweb/rtx.php' not found or unable to stat
[Wed Jan 21 01:23:37.759848 2026] [php:error] [pid 16207] [client 4.190.210.95:0] script '/domains/bfitpro2/dropdown.php' not found or unable to stat
[Wed Jan 21 01:23:37.808731 2026] [php:error] [pid 16208] [client 4.241.216.217:0] script '/domains/afglcweb/as.php' not found or unable to stat
[Wed Jan 21 01:23:37.927266 2026] [php:error] [pid 16207] [client 4.190.210.95:0] script '/domains/bfitpro2/file.php' not found or unable to stat
[Wed Jan 21 01:23:37.967386 2026] [php:error] [pid 16208] [client 4.241.216.217:0] script '/domains/afglcweb/ova.php' not found or unable to stat
[Wed Jan 21 01:23:38.099124 2026] [php:error] [pid 16207] [client 4.190.210.95:0] script '/domains/bfitpro2/goods.php' not found or unable to stat
[Wed Jan 21 01:23:38.154245 2026] [php:error] [pid 16208] [client 4.241.216.217:0] script '/domains/afglcweb/blox.php' not found or unable to stat
[Wed Jan 21 01:23:38.266347 2026] [php:error] [pid 16207] [client 4.190.210.95:0] script '/domains/bfitpro2/hplfuns.php' not found or unable to stat
[Wed Jan 21 01:23:38.328814 2026] [php:error] [pid 16208] [client 4.241.216.217:0] script '/domains/afglcweb/vx.php' not found or unable to stat
[Wed Jan 21 01:23:38.432802 2026] [php:error] [pid 16207] [client 4.190.210.95:0] script '/domains/bfitpro2/htaccess.php' not found or unable to stat
[Wed Jan 21 01:23:38.487256 2026] [php:error] [pid 16208] [client 4.241.216.217:0] script '/domains/afglcweb/mh.php' not found or unable to stat
[Wed Jan 21 01:23:38.616270 2026] [php:error] [pid 16207] [client 4.190.210.95:0] script '/domains/bfitpro2/images/wso.php' not found or unable to stat
[Wed Jan 21 01:23:38.867005 2026] [php:error] [pid 16208] [client 4.241.216.217:0] script '/domains/afglcweb/pn.php' not found or unable to stat
[Wed Jan 21 01:23:38.958375 2026] [php:error] [pid 16207] [client 4.190.210.95:0] script '/domains/bfitpro2/info.php' not found or unable to stat
[Wed Jan 21 01:23:39.026458 2026] [php:error] [pid 16208] [client 4.241.216.217:0] script '/domains/afglcweb/O-Simple.php' not found or unable to stat
[Wed Jan 21 01:23:39.124971 2026] [php:error] [pid 16207] [client 4.190.210.95:0] script '/domains/bfitpro2/profile.php' not found or unable to stat
[Wed Jan 21 01:23:39.184947 2026] [php:error] [pid 16208] [client 4.241.216.217:0] script '/domains/afglcweb/smklh.php' not found or unable to stat
[Wed Jan 21 01:23:39.304399 2026] [php:error] [pid 16207] [client 4.190.210.95:0] script '/domains/bfitpro2/sx.php' not found or unable to stat
[Wed Jan 21 01:23:39.359905 2026] [php:error] [pid 16208] [client 4.241.216.217:0] script '/domains/afglcweb/mans.php' not found or unable to stat
[Wed Jan 21 01:23:39.537982 2026] [php:error] [pid 16208] [client 4.241.216.217:0] script '/domains/afglcweb/horeg.php' not found or unable to stat
[Wed Jan 21 01:23:39.696525 2026] [php:error] [pid 16208] [client 4.241.216.217:0] script '/domains/afglcweb/to.php' not found or unable to stat
[Wed Jan 21 01:23:39.854912 2026] [php:error] [pid 16208] [client 4.241.216.217:0] script '/domains/afglcweb/wp-good.php' not found or unable to stat
[Wed Jan 21 01:23:40.685127 2026] [php:error] [pid 16208] [client 4.241.216.217:0] script '/domains/afglcweb/fz.php' not found or unable to stat
[Wed Jan 21 01:23:40.850017 2026] [php:error] [pid 16208] [client 4.241.216.217:0] script '/domains/afglcweb/mini.php' not found or unable to stat
[Wed Jan 21 01:23:41.008300 2026] [php:error] [pid 16208] [client 4.241.216.217:0] script '/domains/afglcweb/x.php' not found or unable to stat
[Wed Jan 21 01:23:41.177304 2026] [php:error] [pid 16208] [client 4.241.216.217:0] script '/domains/afglcweb/ioxi-o.php' not found or unable to stat
[Wed Jan 21 01:23:41.339685 2026] [php:error] [pid 16208] [client 4.241.216.217:0] script '/domains/afglcweb/xxxx.php' not found or unable to stat
[Wed Jan 21 01:23:41.502397 2026] [php:error] [pid 16208] [client 4.241.216.217:0] script '/domains/afglcweb/moon.php' not found or unable to stat
[Wed Jan 21 01:23:41.660870 2026] [php:error] [pid 16208] [client 4.241.216.217:0] script '/domains/afglcweb/ws46.php' not found or unable to stat
[Wed Jan 21 01:23:41.819352 2026] [php:error] [pid 16208] [client 4.241.216.217:0] script '/domains/afglcweb/wp-22.php' not found or unable to stat
[Wed Jan 21 01:23:41.978391 2026] [php:error] [pid 16208] [client 4.241.216.217:0] script '/domains/afglcweb/user.php' not found or unable to stat
[Wed Jan 21 01:23:42.136740 2026] [php:error] [pid 16208] [client 4.241.216.217:0] script '/domains/afglcweb/classwithtostring.php' not found or unable to stat
[Wed Jan 21 01:23:42.294886 2026] [php:error] [pid 16208] [client 4.241.216.217:0] script '/domains/afglcweb/content.php' not found or unable to stat
[Wed Jan 21 01:23:42.453456 2026] [php:error] [pid 16208] [client 4.241.216.217:0] script '/domains/afglcweb/wp-ana.php' not found or unable to stat
[Wed Jan 21 01:23:42.854649 2026] [php:error] [pid 16207] [client 4.190.210.95:0] script '/domains/bfitpro2/wp-fclass.php' not found or unable to stat
[Wed Jan 21 01:23:43.285533 2026] [php:error] [pid 16208] [client 4.241.216.217:0] script '/domains/afglcweb/cwclass.php' not found or unable to stat
[Wed Jan 21 01:23:43.466220 2026] [php:error] [pid 16208] [client 4.241.216.217:0] script '/domains/afglcweb/87.php' not found or unable to stat
[Wed Jan 21 01:23:43.631754 2026] [php:error] [pid 16208] [client 4.241.216.217:0] script '/domains/afglcweb/error.php' not found or unable to stat
[Wed Jan 21 01:23:43.790344 2026] [php:error] [pid 16208] [client 4.241.216.217:0] script '/domains/afglcweb/redi.php' not found or unable to stat
[Wed Jan 21 01:23:43.952672 2026] [php:error] [pid 16208] [client 4.241.216.217:0] script '/domains/afglcweb/wsd.php' not found or unable to stat
[Wed Jan 21 01:23:44.918439 2026] [php:error] [pid 16217] [client 4.241.216.217:0] script '/domains/afglcweb/image.php' not found or unable to stat
[Wed Jan 21 01:23:45.178374 2026] [php:error] [pid 16217] [client 4.241.216.217:0] script '/domains/afglcweb/abcd.php' not found or unable to stat
[Wed Jan 21 01:23:45.335079 2026] [php:error] [pid 16217] [client 4.241.216.217:0] script '/domains/afglcweb/indo.php' not found or unable to stat
[Wed Jan 21 01:23:45.497041 2026] [php:error] [pid 16217] [client 4.241.216.217:0] script '/domains/afglcweb/0xx.php' not found or unable to stat
[Wed Jan 21 01:23:45.653757 2026] [php:error] [pid 16217] [client 4.241.216.217:0] script '/domains/afglcweb/o.php' not found or unable to stat
[Wed Jan 21 01:23:45.729511 2026] [php:error] [pid 16207] [client 4.190.210.95:0] script '/domains/bfitpro2/wp-themes.php' not found or unable to stat
[Wed Jan 21 01:23:45.810352 2026] [php:error] [pid 16217] [client 4.241.216.217:0] script '/domains/afglcweb/1.php' not found or unable to stat
[Wed Jan 21 01:23:45.895950 2026] [php:error] [pid 16207] [client 4.190.210.95:0] script '/domains/bfitpro2/xmlrpc.php' not found or unable to stat
[Wed Jan 21 01:23:46.030245 2026] [php:error] [pid 16217] [client 4.241.216.217:0] script '/domains/afglcweb/style.php' not found or unable to stat
[Wed Jan 21 01:23:46.278165 2026] [php:error] [pid 16217] [client 4.241.216.217:0] script '/domains/afglcweb/manager.php' not found or unable to stat
[Wed Jan 21 01:23:46.435272 2026] [php:error] [pid 16217] [client 4.241.216.217:0] script '/domains/afglcweb/bless.php' not found or unable to stat
[Wed Jan 21 01:23:46.594150 2026] [php:error] [pid 16217] [client 4.241.216.217:0] script '/domains/afglcweb/geck.php' not found or unable to stat
[Wed Jan 21 01:23:46.920493 2026] [php:error] [pid 16217] [client 4.241.216.217:0] script '/domains/afglcweb/wp-configs.php' not found or unable to stat
[Wed Jan 21 01:23:47.078763 2026] [php:error] [pid 16217] [client 4.241.216.217:0] script '/domains/afglcweb/file.php' not found or unable to stat
[Wed Jan 21 01:23:47.235905 2026] [php:error] [pid 16217] [client 4.241.216.217:0] script '/domains/afglcweb/11.php' not found or unable to stat
[Wed Jan 21 01:23:47.421472 2026] [php:error] [pid 16217] [client 4.241.216.217:0] script '/domains/afglcweb/s.php' not found or unable to stat
[Wed Jan 21 01:23:47.578175 2026] [php:error] [pid 16217] [client 4.241.216.217:0] script '/domains/afglcweb/sid3.php' not found or unable to stat
[Wed Jan 21 01:23:47.736007 2026] [php:error] [pid 16217] [client 4.241.216.217:0] script '/domains/afglcweb/ng.php' not found or unable to stat
[Wed Jan 21 01:23:47.893270 2026] [php:error] [pid 16217] [client 4.241.216.217:0] script '/domains/afglcweb/m.php' not found or unable to stat
[Wed Jan 21 01:23:48.080098 2026] [php:error] [pid 16217] [client 4.241.216.217:0] script '/domains/afglcweb/webix.php' not found or unable to stat
[Wed Jan 21 01:23:48.240423 2026] [php:error] [pid 16217] [client 4.241.216.217:0] script '/domains/afglcweb/az.php' not found or unable to stat
[Wed Jan 21 01:23:48.419453 2026] [php:error] [pid 16217] [client 4.241.216.217:0] script '/domains/afglcweb/hans.php' not found or unable to stat
[Wed Jan 21 01:23:48.576321 2026] [php:error] [pid 16217] [client 4.241.216.217:0] script '/domains/afglcweb/403.php' not found or unable to stat
[Wed Jan 21 01:23:48.753695 2026] [php:error] [pid 16217] [client 4.241.216.217:0] script '/domains/afglcweb/404.php' not found or unable to stat
[Wed Jan 21 01:23:48.910900 2026] [php:error] [pid 16217] [client 4.241.216.217:0] script '/domains/afglcweb/buy.php' not found or unable to stat
[Wed Jan 21 01:24:19.611788 2026] [php:error] [pid 16217] [client 20.89.17.172:0] script '/domains/system_cancel/edit.php' not found or unable to stat
[Wed Jan 21 01:24:20.464309 2026] [php:error] [pid 16217] [client 20.89.17.172:0] script '/domains/system_cancel/aa.php' not found or unable to stat
[Wed Jan 21 01:24:21.954044 2026] [php:error] [pid 16217] [client 20.89.17.172:0] script '/domains/system_cancel/autoload_classmap.php' not found or unable to stat
[Wed Jan 21 01:24:25.102299 2026] [php:error] [pid 16217] [client 20.89.17.172:0] script '/domains/system_cancel/inputs.php' not found or unable to stat
[Wed Jan 21 01:24:31.887290 2026] [php:error] [pid 16207] [client 20.89.17.172:0] script '/domains/system_cancel/ioxi-o.php' not found or unable to stat
[Wed Jan 21 01:24:32.047053 2026] [php:error] [pid 16207] [client 20.89.17.172:0] script '/domains/system_cancel/radio.php' not found or unable to stat
[Wed Jan 21 01:24:33.026731 2026] [php:error] [pid 16207] [client 20.89.17.172:0] script '/domains/system_cancel/admin.php' not found or unable to stat
[Wed Jan 21 01:24:43.427379 2026] [php:error] [pid 16224] [client 20.89.17.172:0] script '/domains/jaspen/ioxi-o.php' not found or unable to stat
[Wed Jan 21 01:24:43.589185 2026] [php:error] [pid 16224] [client 20.89.17.172:0] script '/domains/jaspen/0x.php' not found or unable to stat
[Wed Jan 21 01:24:43.750350 2026] [php:error] [pid 16224] [client 20.89.17.172:0] script '/domains/jaspen/222.php' not found or unable to stat
[Wed Jan 21 01:24:43.922494 2026] [php:error] [pid 16224] [client 20.89.17.172:0] script '/domains/jaspen/aa.php' not found or unable to stat
[Wed Jan 21 01:24:44.083595 2026] [php:error] [pid 16224] [client 20.89.17.172:0] script '/domains/jaspen/abcd.php' not found or unable to stat
[Wed Jan 21 01:24:44.245019 2026] [php:error] [pid 16224] [client 20.89.17.172:0] script '/domains/jaspen/admin.php' not found or unable to stat
[Wed Jan 21 01:24:44.573954 2026] [php:error] [pid 16224] [client 20.89.17.172:0] script '/domains/jaspen/adminfuns.php' not found or unable to stat
[Wed Jan 21 01:24:44.747957 2026] [php:error] [pid 16224] [client 20.89.17.172:0] script '/domains/jaspen/akc.php' not found or unable to stat
[Wed Jan 21 01:24:44.918304 2026] [php:error] [pid 16224] [client 20.89.17.172:0] script '/domains/jaspen/buy.php' not found or unable to stat
[Wed Jan 21 01:24:45.079253 2026] [php:error] [pid 16224] [client 20.89.17.172:0] script '/domains/jaspen/cong.php' not found or unable to stat
[Wed Jan 21 01:24:45.251123 2026] [php:error] [pid 16224] [client 20.89.17.172:0] script '/domains/jaspen/ioxi-o.php' not found or unable to stat
[Wed Jan 21 01:24:45.583375 2026] [php:error] [pid 16224] [client 20.89.17.172:0] script '/domains/jaspen/db.php' not found or unable to stat
[Wed Jan 21 01:24:45.744472 2026] [php:error] [pid 16224] [client 20.89.17.172:0] script '/domains/jaspen/dropdown.php' not found or unable to stat
[Wed Jan 21 01:24:45.905563 2026] [php:error] [pid 16224] [client 20.89.17.172:0] script '/domains/jaspen/file.php' not found or unable to stat
[Wed Jan 21 01:24:46.067509 2026] [php:error] [pid 16224] [client 20.89.17.172:0] script '/domains/jaspen/goods.php' not found or unable to stat
[Wed Jan 21 01:24:46.228543 2026] [php:error] [pid 16224] [client 20.89.17.172:0] script '/domains/jaspen/hplfuns.php' not found or unable to stat
[Wed Jan 21 01:24:46.389409 2026] [php:error] [pid 16224] [client 20.89.17.172:0] script '/domains/jaspen/htaccess.php' not found or unable to stat
[Wed Jan 21 01:24:46.891324 2026] [php:error] [pid 16224] [client 20.89.17.172:0] script '/domains/jaspen/info.php' not found or unable to stat
[Wed Jan 21 01:24:47.052473 2026] [php:error] [pid 16224] [client 20.89.17.172:0] script '/domains/jaspen/profile.php' not found or unable to stat
[Wed Jan 21 01:24:47.214062 2026] [php:error] [pid 16224] [client 20.89.17.172:0] script '/domains/jaspen/sx.php' not found or unable to stat
[Wed Jan 21 01:24:50.654928 2026] [php:error] [pid 16224] [client 20.89.17.172:0] script '/domains/jaspen/wp-fclass.php' not found or unable to stat
[Wed Jan 21 01:24:53.476239 2026] [php:error] [pid 16224] [client 20.89.17.172:0] script '/domains/jaspen/wp-themes.php' not found or unable to stat
[Wed Jan 21 01:24:53.637306 2026] [php:error] [pid 16224] [client 20.89.17.172:0] script '/domains/jaspen/xmlrpc.php' not found or unable to stat
[Wed Jan 21 01:26:04.488917 2026] [php:error] [pid 16217] [client 20.196.90.228:0] script '/domains/tbarnhil/aa.php' not found or unable to stat
[Wed Jan 21 01:26:04.677577 2026] [php:error] [pid 16217] [client 20.196.90.228:0] script '/domains/tbarnhil/about.php' not found or unable to stat
[Wed Jan 21 01:26:04.865954 2026] [php:error] [pid 16217] [client 20.196.90.228:0] script '/domains/tbarnhil/adminfuns.php' not found or unable to stat
[Wed Jan 21 01:26:05.054195 2026] [php:error] [pid 16217] [client 20.196.90.228:0] script '/domains/tbarnhil/bolt.php' not found or unable to stat
[Wed Jan 21 01:26:05.243146 2026] [php:error] [pid 16217] [client 20.196.90.228:0] script '/domains/tbarnhil/buy.php' not found or unable to stat
[Wed Jan 21 01:26:05.431600 2026] [php:error] [pid 16217] [client 20.196.90.228:0] script '/domains/tbarnhil/goods.php' not found or unable to stat
[Wed Jan 21 01:26:05.621200 2026] [php:error] [pid 16217] [client 20.196.90.228:0] script '/domains/tbarnhil/deepseek_d.php' not found or unable to stat
[Wed Jan 21 01:26:05.810835 2026] [php:error] [pid 16217] [client 20.196.90.228:0] script '/domains/tbarnhil/file.php' not found or unable to stat
[Wed Jan 21 01:26:06.001785 2026] [php:error] [pid 16217] [client 20.196.90.228:0] script '/domains/tbarnhil/ioxi-o.php' not found or unable to stat
[Wed Jan 21 01:26:06.379177 2026] [php:error] [pid 16217] [client 20.196.90.228:0] script '/domains/tbarnhil/test1.php' not found or unable to stat
[Wed Jan 21 01:26:06.570774 2026] [php:error] [pid 16217] [client 20.196.90.228:0] script '/domains/tbarnhil/elp.php' not found or unable to stat
[Wed Jan 21 01:26:07.328129 2026] [php:error] [pid 16217] [client 20.196.90.228:0] script '/domains/tbarnhil/xmlrpc.php' not found or unable to stat
[Wed Jan 21 01:26:07.522467 2026] [php:error] [pid 16217] [client 20.196.90.228:0] script '/domains/tbarnhil/inputs.php' not found or unable to stat
[Wed Jan 21 01:26:07.713523 2026] [php:error] [pid 16217] [client 20.196.90.228:0] script '/domains/tbarnhil/classsmtps.php' not found or unable to stat
[Wed Jan 21 01:26:07.904603 2026] [php:error] [pid 16217] [client 20.196.90.228:0] script '/domains/tbarnhil/wp-trackback.php' not found or unable to stat
[Wed Jan 21 01:26:08.092872 2026] [php:error] [pid 16217] [client 20.196.90.228:0] script '/domains/tbarnhil/wp-cron.php' not found or unable to stat
[Wed Jan 21 01:26:08.283142 2026] [php:error] [pid 16217] [client 20.196.90.228:0] script '/domains/tbarnhil/wp-load.php' not found or unable to stat
[Wed Jan 21 01:26:08.471310 2026] [php:error] [pid 16217] [client 20.196.90.228:0] script '/domains/tbarnhil/wp-mail.php' not found or unable to stat
[Wed Jan 21 01:26:08.660024 2026] [php:error] [pid 16217] [client 20.196.90.228:0] script '/domains/tbarnhil/wp-activate.php' not found or unable to stat
[Wed Jan 21 01:26:08.858739 2026] [php:error] [pid 16217] [client 20.196.90.228:0] script '/domains/tbarnhil/plugins.php' not found or unable to stat
[Wed Jan 21 01:26:09.058598 2026] [php:error] [pid 16217] [client 20.196.90.228:0] script '/domains/tbarnhil/admin.php' not found or unable to stat
[Wed Jan 21 01:26:09.247153 2026] [php:error] [pid 16217] [client 20.196.90.228:0] script '/domains/tbarnhil/atomlib.php' not found or unable to stat
[Wed Jan 21 01:26:09.440140 2026] [php:error] [pid 16217] [client 20.196.90.228:0] script '/domains/tbarnhil/simple.php' not found or unable to stat
[Wed Jan 21 01:26:09.629826 2026] [php:error] [pid 16217] [client 20.196.90.228:0] script '/domains/tbarnhil/log.php' not found or unable to stat
[Wed Jan 21 01:26:09.819624 2026] [php:error] [pid 16217] [client 20.196.90.228:0] script '/domains/tbarnhil/lufix.php' not found or unable to stat
[Wed Jan 21 01:26:10.009241 2026] [php:error] [pid 16217] [client 20.196.90.228:0] script '/domains/tbarnhil/content.php' not found or unable to stat
[Wed Jan 21 01:26:10.198002 2026] [php:error] [pid 16217] [client 20.196.90.228:0] script '/domains/tbarnhil/wp.php' not found or unable to stat
[Wed Jan 21 01:26:10.386600 2026] [php:error] [pid 16217] [client 20.196.90.228:0] script '/domains/tbarnhil/wp-conflg.php' not found or unable to stat
[Wed Jan 21 01:26:10.575832 2026] [php:error] [pid 16217] [client 20.196.90.228:0] script '/domains/tbarnhil/404.php' not found or unable to stat
[Wed Jan 21 01:26:10.764540 2026] [php:error] [pid 16217] [client 20.196.90.228:0] script '/domains/tbarnhil/updates.php' not found or unable to stat
[Wed Jan 21 01:26:10.952770 2026] [php:error] [pid 16217] [client 20.196.90.228:0] script '/domains/tbarnhil/radio.php' not found or unable to stat
[Wed Jan 21 01:26:11.141099 2026] [php:error] [pid 16217] [client 20.196.90.228:0] script '/domains/tbarnhil/xmrlpc.php' not found or unable to stat
[Wed Jan 21 01:26:11.331963 2026] [php:error] [pid 16217] [client 20.196.90.228:0] script '/domains/tbarnhil/moon.php' not found or unable to stat
[Wed Jan 21 01:26:11.520271 2026] [php:error] [pid 16217] [client 20.196.90.228:0] script '/domains/tbarnhil/blog.php' not found or unable to stat
[Wed Jan 21 01:26:11.709084 2026] [php:error] [pid 16217] [client 20.196.90.228:0] script '/domains/tbarnhil/themes.php' not found or unable to stat
[Wed Jan 21 01:26:11.904543 2026] [php:error] [pid 16217] [client 20.196.90.228:0] script '/domains/tbarnhil/ini.php' not found or unable to stat
[Wed Jan 21 01:26:12.094759 2026] [php:error] [pid 16217] [client 20.196.90.228:0] script '/domains/tbarnhil/as.php' not found or unable to stat
[Wed Jan 21 01:26:12.284249 2026] [php:error] [pid 16217] [client 20.196.90.228:0] script '/domains/tbarnhil/ws.php' not found or unable to stat
[Wed Jan 21 01:26:12.472968 2026] [php:error] [pid 16217] [client 20.196.90.228:0] script '/domains/tbarnhil/dropdown.php' not found or unable to stat
[Wed Jan 21 01:26:12.661635 2026] [php:error] [pid 16217] [client 20.196.90.228:0] script '/domains/tbarnhil/makeasmtp.php' not found or unable to stat
[Wed Jan 21 01:26:12.850907 2026] [php:error] [pid 16217] [client 20.196.90.228:0] script '/domains/tbarnhil/alfanew.php' not found or unable to stat
[Wed Jan 21 01:26:13.040844 2026] [php:error] [pid 16217] [client 20.196.90.228:0] script '/domains/tbarnhil/fw.php' not found or unable to stat
[Wed Jan 21 01:26:13.232033 2026] [php:error] [pid 16217] [client 20.196.90.228:0] script '/domains/tbarnhil/install.php' not found or unable to stat
[Wed Jan 21 01:26:13.420875 2026] [php:error] [pid 16217] [client 20.196.90.228:0] script '/domains/tbarnhil/chosen.php' not found or unable to stat
[Wed Jan 21 01:26:35.256321 2026] [php:error] [pid 16242] [client 40.65.177.112:0] script '/domains/system_cancel/eee.php' not found or unable to stat
[Wed Jan 21 01:26:36.957734 2026] [php:error] [pid 16242] [client 40.65.177.112:0] script '/domains/system_cancel/tinyfilemanager.php' not found or unable to stat
[Wed Jan 21 01:26:37.195359 2026] [php:error] [pid 16242] [client 40.65.177.112:0] script '/domains/system_cancel/class.api.php' not found or unable to stat
[Wed Jan 21 01:26:38.870132 2026] [php:error] [pid 16242] [client 40.65.177.112:0] script '/domains/system_cancel/dox.php' not found or unable to stat
[Wed Jan 21 01:26:42.975647 2026] [php:error] [pid 16242] [client 40.65.177.112:0] script '/domains/system_cancel/lv.php' not found or unable to stat
[Wed Jan 21 01:26:43.208821 2026] [php:error] [pid 16242] [client 40.65.177.112:0] script '/domains/system_cancel/dropdown.php' not found or unable to stat
[Wed Jan 21 01:26:44.909946 2026] [php:error] [pid 16242] [client 40.65.177.112:0] script '/domains/system_cancel/ms-users.php' not found or unable to stat
[Wed Jan 21 01:26:45.813171 2026] [php:error] [pid 16242] [client 40.65.177.112:0] script '/domains/system_cancel/revision.php' not found or unable to stat
[Wed Jan 21 01:26:47.053416 2026] [php:error] [pid 16242] [client 40.65.177.112:0] script '/domains/system_cancel/img.php' not found or unable to stat
[Wed Jan 21 01:26:47.341616 2026] [php:error] [pid 16242] [client 40.65.177.112:0] script '/domains/system_cancel/menu.php' not found or unable to stat
[Wed Jan 21 01:26:47.572643 2026] [php:error] [pid 16242] [client 40.65.177.112:0] script '/domains/system_cancel/tinyfilemanager.php' not found or unable to stat
[Wed Jan 21 01:26:47.832069 2026] [php:error] [pid 16242] [client 40.65.177.112:0] script '/domains/system_cancel/test1.php' not found or unable to stat
[Wed Jan 21 01:26:48.564105 2026] [php:error] [pid 16242] [client 40.65.177.112:0] script '/domains/system_cancel/ton.php' not found or unable to stat
[Wed Jan 21 01:26:48.805882 2026] [php:error] [pid 16242] [client 40.65.177.112:0] script '/domains/system_cancel/item.php' not found or unable to stat
[Wed Jan 21 01:26:49.037264 2026] [php:error] [pid 16242] [client 40.65.177.112:0] script '/domains/system_cancel/lala.php' not found or unable to stat
[Wed Jan 21 01:26:50.227386 2026] [php:error] [pid 16242] [client 40.65.177.112:0] script '/domains/system_cancel/tempfuns.php' not found or unable to stat
[Wed Jan 21 01:26:50.932339 2026] [php:error] [pid 16242] [client 40.65.177.112:0] script '/domains/system_cancel/log.php' not found or unable to stat
[Wed Jan 21 01:26:54.267618 2026] [php:error] [pid 16242] [client 40.65.177.112:0] script '/domains/system_cancel/admiin.php' not found or unable to stat
[Wed Jan 21 01:26:54.997254 2026] [php:error] [pid 16242] [client 40.65.177.112:0] script '/domains/system_cancel/doc.php' not found or unable to stat
[Wed Jan 21 01:26:55.232610 2026] [php:error] [pid 16242] [client 40.65.177.112:0] script '/domains/system_cancel/ha.php' not found or unable to stat
[Wed Jan 21 01:26:55.268662 2026] [php:error] [pid 16250] [client 94.26.106.114:0] script '/domains/hand-hammerweb/wp-login.php' not found or unable to stat
[Wed Jan 21 01:26:56.059758 2026] [php:error] [pid 16236] [client 94.26.106.114:0] script '/domains/hand-hammerweb/wp-login.php' not found or unable to stat, referer: https://t.co/
[Wed Jan 21 01:26:56.784694 2026] [php:error] [pid 16242] [client 40.65.177.112:0] script '/domains/system_cancel/cong.php' not found or unable to stat
[Wed Jan 21 01:26:57.025306 2026] [php:error] [pid 16242] [client 40.65.177.112:0] script '/domains/system_cancel/a2.php' not found or unable to stat
[Wed Jan 21 01:26:58.822476 2026] [php:error] [pid 16242] [client 40.65.177.112:0] script '/domains/system_cancel/dbc.php' not found or unable to stat
[Wed Jan 21 01:26:59.055373 2026] [php:error] [pid 16242] [client 40.65.177.112:0] script '/domains/system_cancel/xa.php' not found or unable to stat
[Wed Jan 21 01:26:59.287649 2026] [php:error] [pid 16242] [client 40.65.177.112:0] script '/domains/system_cancel/content.php' not found or unable to stat
[Wed Jan 21 01:27:03.026851 2026] [php:error] [pid 16242] [client 40.65.177.112:0] script '/domains/system_cancel/ccou.php' not found or unable to stat
[Wed Jan 21 01:27:03.258736 2026] [php:error] [pid 16242] [client 40.65.177.112:0] script '/domains/system_cancel/abc.php' not found or unable to stat
[Wed Jan 21 01:27:03.509492 2026] [php:error] [pid 16242] [client 40.65.177.112:0] script '/domains/system_cancel/ant.php' not found or unable to stat
[Wed Jan 21 01:27:03.757439 2026] [php:error] [pid 16242] [client 40.65.177.112:0] script '/domains/system_cancel/ma.php' not found or unable to stat
[Wed Jan 21 01:27:07.932024 2026] [php:error] [pid 16251] [client 40.65.177.112:0] script '/domains/system_cancel/rtx.php' not found or unable to stat
[Wed Jan 21 01:27:08.160101 2026] [php:error] [pid 16251] [client 40.65.177.112:0] script '/domains/system_cancel/as.php' not found or unable to stat
[Wed Jan 21 01:27:10.537095 2026] [php:error] [pid 16251] [client 40.65.177.112:0] script '/domains/system_cancel/mh.php' not found or unable to stat
[Wed Jan 21 01:27:12.490188 2026] [php:error] [pid 16251] [client 40.65.177.112:0] script '/domains/system_cancel/mans.php' not found or unable to stat
[Wed Jan 21 01:27:12.716832 2026] [php:error] [pid 16251] [client 40.65.177.112:0] script '/domains/system_cancel/horeg.php' not found or unable to stat
[Wed Jan 21 01:27:13.278442 2026] [php:error] [pid 16251] [client 40.65.177.112:0] script '/domains/system_cancel/to.php' not found or unable to stat
[Wed Jan 21 01:27:14.402295 2026] [php:error] [pid 16251] [client 40.65.177.112:0] script '/domains/system_cancel/mini.php' not found or unable to stat
[Wed Jan 21 01:27:15.164394 2026] [php:error] [pid 16251] [client 40.65.177.112:0] script '/domains/system_cancel/x.php' not found or unable to stat
[Wed Jan 21 01:27:15.387657 2026] [php:error] [pid 16251] [client 40.65.177.112:0] script '/domains/system_cancel/ioxi-o.php' not found or unable to stat
[Wed Jan 21 01:27:15.887416 2026] [php:error] [pid 16251] [client 40.65.177.112:0] script '/domains/system_cancel/xxxx.php' not found or unable to stat
[Wed Jan 21 01:27:16.230937 2026] [php:error] [pid 16251] [client 40.65.177.112:0] script '/domains/system_cancel/moon.php' not found or unable to stat
[Wed Jan 21 01:27:18.792715 2026] [php:error] [pid 16251] [client 40.65.177.112:0] script '/domains/system_cancel/classwithtostring.php' not found or unable to stat
[Wed Jan 21 01:27:19.016280 2026] [php:error] [pid 16251] [client 40.65.177.112:0] script '/domains/system_cancel/content.php' not found or unable to stat
[Wed Jan 21 01:27:19.726859 2026] [php:error] [pid 16251] [client 40.65.177.112:0] script '/domains/system_cancel/cwclass.php' not found or unable to stat
[Wed Jan 21 01:27:22.687164 2026] [php:error] [pid 16251] [client 40.65.177.112:0] script '/domains/system_cancel/error.php' not found or unable to stat
[Wed Jan 21 01:27:22.929766 2026] [php:error] [pid 16251] [client 40.65.177.112:0] script '/domains/system_cancel/redi.php' not found or unable to stat
[Wed Jan 21 01:27:23.638019 2026] [php:error] [pid 16251] [client 40.65.177.112:0] script '/domains/system_cancel/image.php' not found or unable to stat
[Wed Jan 21 01:27:23.865556 2026] [php:error] [pid 16251] [client 40.65.177.112:0] script '/domains/system_cancel/abcd.php' not found or unable to stat
[Wed Jan 21 01:27:24.089474 2026] [php:error] [pid 16251] [client 40.65.177.112:0] script '/domains/system_cancel/indo.php' not found or unable to stat
[Wed Jan 21 01:27:26.627499 2026] [php:error] [pid 16251] [client 40.65.177.112:0] script '/domains/system_cancel/manager.php' not found or unable to stat
[Wed Jan 21 01:27:26.905945 2026] [core:crit] [pid 16253] (13)Permission denied: [client 47.128.122.21:0] AH00529: /domains/performancepartsinc/graphics/psd/.htaccess pcfg_openfile: unable to check htaccess file, ensure it is readable and that '/domains/performancepartsinc/graphics/psd/' is executable
[Wed Jan 21 01:27:26.943364 2026] [core:crit] [pid 16249] (13)Permission denied: [client 47.128.37.251:0] AH00529: /domains/performancepartsinc/graphics/psd/.htaccess pcfg_openfile: unable to check htaccess file, ensure it is readable and that '/domains/performancepartsinc/graphics/psd/' is executable
[Wed Jan 21 01:27:30.036808 2026] [php:error] [pid 16251] [client 40.65.177.112:0] script '/domains/system_cancel/ng.php' not found or unable to stat
[Wed Jan 21 01:27:30.263969 2026] [php:error] [pid 16251] [client 40.65.177.112:0] script '/domains/system_cancel/m.php' not found or unable to stat
[Wed Jan 21 01:27:30.935679 2026] [php:error] [pid 16251] [client 40.65.177.112:0] script '/domains/system_cancel/az.php' not found or unable to stat
[Wed Jan 21 01:27:31.185624 2026] [php:error] [pid 16251] [client 40.65.177.112:0] script '/domains/system_cancel/hans.php' not found or unable to stat
[Wed Jan 21 01:28:19.318657 2026] [php:error] [pid 16258] [client 143.14.6.83:0] script '/domains/hdickens.enteract/kmnj.php' not found or unable to stat
[Wed Jan 21 01:28:20.066472 2026] [php:error] [pid 16251] [client 143.14.6.94:0] script '/domains/hdickens.enteract/kmnj.php' not found or unable to stat
[Wed Jan 21 01:28:20.779886 2026] [php:error] [pid 16250] [client 143.14.6.44:0] script '/domains/hdickens.enteract/kmnj.php' not found or unable to stat
[Wed Jan 21 01:28:24.274718 2026] [php:error] [pid 16258] [client 20.89.17.172:0] script '/domains/hans.interport/ioxi-o.php' not found or unable to stat
[Wed Jan 21 01:28:24.433277 2026] [php:error] [pid 16258] [client 20.89.17.172:0] script '/domains/hans.interport/0x.php' not found or unable to stat
[Wed Jan 21 01:28:24.592084 2026] [php:error] [pid 16258] [client 20.89.17.172:0] script '/domains/hans.interport/222.php' not found or unable to stat
[Wed Jan 21 01:28:24.750800 2026] [php:error] [pid 16258] [client 20.89.17.172:0] script '/domains/hans.interport/aa.php' not found or unable to stat
[Wed Jan 21 01:28:24.909291 2026] [php:error] [pid 16258] [client 20.89.17.172:0] script '/domains/hans.interport/abcd.php' not found or unable to stat
[Wed Jan 21 01:28:25.067780 2026] [php:error] [pid 16258] [client 20.89.17.172:0] script '/domains/hans.interport/admin.php' not found or unable to stat
[Wed Jan 21 01:28:25.387829 2026] [php:error] [pid 16258] [client 20.89.17.172:0] script '/domains/hans.interport/adminfuns.php' not found or unable to stat
[Wed Jan 21 01:28:25.552265 2026] [php:error] [pid 16258] [client 20.89.17.172:0] script '/domains/hans.interport/akc.php' not found or unable to stat
[Wed Jan 21 01:28:25.710835 2026] [php:error] [pid 16258] [client 20.89.17.172:0] script '/domains/hans.interport/buy.php' not found or unable to stat
[Wed Jan 21 01:28:25.869303 2026] [php:error] [pid 16258] [client 20.89.17.172:0] script '/domains/hans.interport/cong.php' not found or unable to stat
[Wed Jan 21 01:28:26.030391 2026] [php:error] [pid 16258] [client 20.89.17.172:0] script '/domains/hans.interport/ioxi-o.php' not found or unable to stat
[Wed Jan 21 01:28:26.348096 2026] [php:error] [pid 16258] [client 20.89.17.172:0] script '/domains/hans.interport/db.php' not found or unable to stat
[Wed Jan 21 01:28:26.506932 2026] [php:error] [pid 16258] [client 20.89.17.172:0] script '/domains/hans.interport/dropdown.php' not found or unable to stat
[Wed Jan 21 01:28:26.666000 2026] [php:error] [pid 16258] [client 20.89.17.172:0] script '/domains/hans.interport/file.php' not found or unable to stat
[Wed Jan 21 01:28:26.824656 2026] [php:error] [pid 16258] [client 20.89.17.172:0] script '/domains/hans.interport/goods.php' not found or unable to stat
[Wed Jan 21 01:28:26.984286 2026] [php:error] [pid 16258] [client 20.89.17.172:0] script '/domains/hans.interport/hplfuns.php' not found or unable to stat
[Wed Jan 21 01:28:27.152081 2026] [php:error] [pid 16258] [client 20.89.17.172:0] script '/domains/hans.interport/htaccess.php' not found or unable to stat
[Wed Jan 21 01:28:27.629719 2026] [php:error] [pid 16258] [client 20.89.17.172:0] script '/domains/hans.interport/info.php' not found or unable to stat
[Wed Jan 21 01:28:27.788298 2026] [php:error] [pid 16258] [client 20.89.17.172:0] script '/domains/hans.interport/profile.php' not found or unable to stat
[Wed Jan 21 01:28:27.952935 2026] [php:error] [pid 16258] [client 20.89.17.172:0] script '/domains/hans.interport/sx.php' not found or unable to stat
[Wed Jan 21 01:28:31.310918 2026] [php:error] [pid 16258] [client 20.89.17.172:0] script '/domains/hans.interport/wp-fclass.php' not found or unable to stat
[Wed Jan 21 01:28:34.039995 2026] [php:error] [pid 16258] [client 20.89.17.172:0] script '/domains/hans.interport/wp-themes.php' not found or unable to stat
[Wed Jan 21 01:28:34.200262 2026] [php:error] [pid 16258] [client 20.89.17.172:0] script '/domains/hans.interport/xmlrpc.php' not found or unable to stat
[Wed Jan 21 01:29:00.449535 2026] [php:error] [pid 16251] [client 54.151.1.249:0] script '/domains/davidbacker/xmlrpc.php' not found or unable to stat
[Wed Jan 21 01:29:14.639249 2026] [php:error] [pid 16250] [client 4.190.210.95:0] script '/domains/fairlane1/ioxi-o.php' not found or unable to stat
[Wed Jan 21 01:29:14.805776 2026] [php:error] [pid 16250] [client 4.190.210.95:0] script '/domains/fairlane1/0x.php' not found or unable to stat
[Wed Jan 21 01:29:14.983292 2026] [php:error] [pid 16250] [client 4.190.210.95:0] script '/domains/fairlane1/222.php' not found or unable to stat
[Wed Jan 21 01:29:15.149257 2026] [php:error] [pid 16250] [client 4.190.210.95:0] script '/domains/fairlane1/aa.php' not found or unable to stat
[Wed Jan 21 01:29:15.316189 2026] [php:error] [pid 16250] [client 4.190.210.95:0] script '/domains/fairlane1/abcd.php' not found or unable to stat
[Wed Jan 21 01:29:15.481935 2026] [php:error] [pid 16250] [client 4.190.210.95:0] script '/domains/fairlane1/admin.php' not found or unable to stat
[Wed Jan 21 01:29:15.819006 2026] [php:error] [pid 16250] [client 4.190.210.95:0] script '/domains/fairlane1/adminfuns.php' not found or unable to stat
[Wed Jan 21 01:29:15.989622 2026] [php:error] [pid 16250] [client 4.190.210.95:0] script '/domains/fairlane1/akc.php' not found or unable to stat
[Wed Jan 21 01:29:16.156301 2026] [php:error] [pid 16250] [client 4.190.210.95:0] script '/domains/fairlane1/buy.php' not found or unable to stat
[Wed Jan 21 01:29:16.321938 2026] [php:error] [pid 16250] [client 4.190.210.95:0] script '/domains/fairlane1/cong.php' not found or unable to stat
[Wed Jan 21 01:29:16.502462 2026] [php:error] [pid 16250] [client 4.190.210.95:0] script '/domains/fairlane1/ioxi-o.php' not found or unable to stat
[Wed Jan 21 01:29:16.849480 2026] [php:error] [pid 16250] [client 4.190.210.95:0] script '/domains/fairlane1/db.php' not found or unable to stat
[Wed Jan 21 01:29:17.015167 2026] [php:error] [pid 16250] [client 4.190.210.95:0] script '/domains/fairlane1/dropdown.php' not found or unable to stat
[Wed Jan 21 01:29:17.180825 2026] [php:error] [pid 16250] [client 4.190.210.95:0] script '/domains/fairlane1/file.php' not found or unable to stat
[Wed Jan 21 01:29:17.346671 2026] [php:error] [pid 16250] [client 4.190.210.95:0] script '/domains/fairlane1/goods.php' not found or unable to stat
[Wed Jan 21 01:29:17.512256 2026] [php:error] [pid 16250] [client 4.190.210.95:0] script '/domains/fairlane1/hplfuns.php' not found or unable to stat
[Wed Jan 21 01:29:17.690763 2026] [php:error] [pid 16250] [client 4.190.210.95:0] script '/domains/fairlane1/htaccess.php' not found or unable to stat
[Wed Jan 21 01:29:18.188587 2026] [php:error] [pid 16250] [client 4.190.210.95:0] script '/domains/fairlane1/info.php' not found or unable to stat
[Wed Jan 21 01:29:18.354289 2026] [php:error] [pid 16250] [client 4.190.210.95:0] script '/domains/fairlane1/profile.php' not found or unable to stat
[Wed Jan 21 01:29:18.525867 2026] [php:error] [pid 16250] [client 4.190.210.95:0] script '/domains/fairlane1/sx.php' not found or unable to stat
[Wed Jan 21 01:29:22.085909 2026] [php:error] [pid 16250] [client 4.190.210.95:0] script '/domains/fairlane1/wp-fclass.php' not found or unable to stat
[Wed Jan 21 01:29:24.951446 2026] [php:error] [pid 16250] [client 4.190.210.95:0] script '/domains/fairlane1/wp-themes.php' not found or unable to stat
[Wed Jan 21 01:29:25.117356 2026] [php:error] [pid 16250] [client 4.190.210.95:0] script '/domains/fairlane1/xmlrpc.php' not found or unable to stat
[Wed Jan 21 01:30:17.850786 2026] [php:error] [pid 16269] [client 20.192.24.172:0] script '/domains/thuebner/ioxi-o.php' not found or unable to stat
[Wed Jan 21 01:30:18.100157 2026] [php:error] [pid 16269] [client 20.192.24.172:0] script '/domains/thuebner/0x.php' not found or unable to stat
[Wed Jan 21 01:30:18.345824 2026] [php:error] [pid 16269] [client 20.192.24.172:0] script '/domains/thuebner/222.php' not found or unable to stat
[Wed Jan 21 01:30:18.595527 2026] [php:error] [pid 16269] [client 20.192.24.172:0] script '/domains/thuebner/aa.php' not found or unable to stat
[Wed Jan 21 01:30:18.850325 2026] [php:error] [pid 16269] [client 20.192.24.172:0] script '/domains/thuebner/abcd.php' not found or unable to stat
[Wed Jan 21 01:30:19.099169 2026] [php:error] [pid 16269] [client 20.192.24.172:0] script '/domains/thuebner/admin.php' not found or unable to stat
[Wed Jan 21 01:30:19.585728 2026] [php:error] [pid 16269] [client 20.192.24.172:0] script '/domains/thuebner/adminfuns.php' not found or unable to stat
[Wed Jan 21 01:30:19.828021 2026] [php:error] [pid 16269] [client 20.192.24.172:0] script '/domains/thuebner/akc.php' not found or unable to stat
[Wed Jan 21 01:30:20.070595 2026] [php:error] [pid 16269] [client 20.192.24.172:0] script '/domains/thuebner/buy.php' not found or unable to stat
[Wed Jan 21 01:30:20.313513 2026] [php:error] [pid 16269] [client 20.192.24.172:0] script '/domains/thuebner/cong.php' not found or unable to stat
[Wed Jan 21 01:30:20.555389 2026] [php:error] [pid 16269] [client 20.192.24.172:0] script '/domains/thuebner/ioxi-o.php' not found or unable to stat
