[Wed Jan 21 02:12:44.280091 2026] [php:error] [pid 22321] [client 65.52.167.153:0] script '/domains/piltdweb1/admin.php' not found or unable to stat
[Wed Jan 21 02:12:44.507185 2026] [php:error] [pid 22321] [client 65.52.167.153:0] script '/domains/piltdweb1/atomlib.php' not found or unable to stat
[Wed Jan 21 02:12:44.721130 2026] [php:error] [pid 22321] [client 65.52.167.153:0] script '/domains/piltdweb1/simple.php' not found or unable to stat
[Wed Jan 21 02:12:44.934615 2026] [php:error] [pid 22321] [client 65.52.167.153:0] script '/domains/piltdweb1/log.php' not found or unable to stat
[Wed Jan 21 02:12:45.147803 2026] [php:error] [pid 22321] [client 65.52.167.153:0] script '/domains/piltdweb1/lufix.php' not found or unable to stat
[Wed Jan 21 02:12:45.363149 2026] [php:error] [pid 22321] [client 65.52.167.153:0] script '/domains/piltdweb1/content.php' not found or unable to stat
[Wed Jan 21 02:12:45.579998 2026] [php:error] [pid 22321] [client 65.52.167.153:0] script '/domains/piltdweb1/wp.php' not found or unable to stat
[Wed Jan 21 02:12:45.793184 2026] [php:error] [pid 22321] [client 65.52.167.153:0] script '/domains/piltdweb1/wp-conflg.php' not found or unable to stat
[Wed Jan 21 02:12:46.006804 2026] [php:error] [pid 22321] [client 65.52.167.153:0] script '/domains/piltdweb1/404.php' not found or unable to stat
[Wed Jan 21 02:12:46.233254 2026] [php:error] [pid 22321] [client 65.52.167.153:0] script '/domains/piltdweb1/updates.php' not found or unable to stat
[Wed Jan 21 02:12:46.447224 2026] [php:error] [pid 22321] [client 65.52.167.153:0] script '/domains/piltdweb1/radio.php' not found or unable to stat
[Wed Jan 21 02:12:46.682916 2026] [php:error] [pid 22321] [client 65.52.167.153:0] script '/domains/piltdweb1/xmrlpc.php' not found or unable to stat
[Wed Jan 21 02:12:46.906722 2026] [php:error] [pid 22321] [client 65.52.167.153:0] script '/domains/piltdweb1/moon.php' not found or unable to stat
[Wed Jan 21 02:12:47.124658 2026] [php:error] [pid 22321] [client 65.52.167.153:0] script '/domains/piltdweb1/blog.php' not found or unable to stat
[Wed Jan 21 02:12:47.148587 2026] [php:error] [pid 22299] [client 4.217.220.52:0] script '/domains/mschmid/eee.php' not found or unable to stat
[Wed Jan 21 02:12:47.343072 2026] [php:error] [pid 22299] [client 4.217.220.52:0] script '/domains/mschmid/webadmin.php' not found or unable to stat
[Wed Jan 21 02:12:47.361891 2026] [php:error] [pid 22321] [client 65.52.167.153:0] script '/domains/piltdweb1/themes.php' not found or unable to stat
[Wed Jan 21 02:12:47.532670 2026] [php:error] [pid 22299] [client 4.217.220.52:0] script '/domains/mschmid/galex.php' not found or unable to stat
[Wed Jan 21 02:12:47.599166 2026] [php:error] [pid 22321] [client 65.52.167.153:0] script '/domains/piltdweb1/ini.php' not found or unable to stat
[Wed Jan 21 02:12:47.725715 2026] [php:error] [pid 22299] [client 4.217.220.52:0] script '/domains/mschmid/tinyfilemanager.php' not found or unable to stat
[Wed Jan 21 02:12:47.843029 2026] [php:error] [pid 22321] [client 65.52.167.153:0] script '/domains/piltdweb1/as.php' not found or unable to stat
[Wed Jan 21 02:12:47.928499 2026] [php:error] [pid 22299] [client 4.217.220.52:0] script '/domains/mschmid/class.api.php' not found or unable to stat
[Wed Jan 21 02:12:48.056289 2026] [php:error] [pid 22321] [client 65.52.167.153:0] script '/domains/piltdweb1/ws.php' not found or unable to stat
[Wed Jan 21 02:12:48.199772 2026] [php:error] [pid 22299] [client 4.217.220.52:0] script '/domains/mschmid/support.php' not found or unable to stat
[Wed Jan 21 02:12:48.273002 2026] [php:error] [pid 22321] [client 65.52.167.153:0] script '/domains/piltdweb1/dropdown.php' not found or unable to stat
[Wed Jan 21 02:12:48.496983 2026] [php:error] [pid 22321] [client 65.52.167.153:0] script '/domains/piltdweb1/makeasmtp.php' not found or unable to stat
[Wed Jan 21 02:12:48.577785 2026] [php:error] [pid 22299] [client 4.217.220.52:0] script '/domains/mschmid/dox.php' not found or unable to stat
[Wed Jan 21 02:12:48.710296 2026] [php:error] [pid 22321] [client 65.52.167.153:0] script '/domains/piltdweb1/alfanew.php' not found or unable to stat
[Wed Jan 21 02:12:48.787790 2026] [php:error] [pid 22299] [client 4.217.220.52:0] script '/domains/mschmid/siteheads.php' not found or unable to stat
[Wed Jan 21 02:12:48.923723 2026] [php:error] [pid 22321] [client 65.52.167.153:0] script '/domains/piltdweb1/fw.php' not found or unable to stat
[Wed Jan 21 02:12:48.975509 2026] [php:error] [pid 22299] [client 4.217.220.52:0] script '/domains/mschmid/0x.php' not found or unable to stat
[Wed Jan 21 02:12:49.140233 2026] [php:error] [pid 22321] [client 65.52.167.153:0] script '/domains/piltdweb1/install.php' not found or unable to stat
[Wed Jan 21 02:12:49.360022 2026] [php:error] [pid 22299] [client 4.217.220.52:0] script '/domains/mschmid/wp-logout.php' not found or unable to stat
[Wed Jan 21 02:12:49.360404 2026] [php:error] [pid 22321] [client 65.52.167.153:0] script '/domains/piltdweb1/chosen.php' not found or unable to stat
[Wed Jan 21 02:12:49.577860 2026] [php:error] [pid 22299] [client 4.217.220.52:0] script '/domains/mschmid/87.php' not found or unable to stat
[Wed Jan 21 02:12:49.847259 2026] [php:error] [pid 22299] [client 4.217.220.52:0] script '/domains/mschmid/0o0.php' not found or unable to stat
[Wed Jan 21 02:12:50.035668 2026] [php:error] [pid 22299] [client 4.217.220.52:0] script '/domains/mschmid/lv.php' not found or unable to stat
[Wed Jan 21 02:12:50.223296 2026] [php:error] [pid 22299] [client 4.217.220.52:0] script '/domains/mschmid/dropdown.php' not found or unable to stat
[Wed Jan 21 02:12:50.431052 2026] [php:error] [pid 22299] [client 4.217.220.52:0] script '/domains/mschmid/wsheet1.php' not found or unable to stat
[Wed Jan 21 02:12:50.939060 2026] [php:error] [pid 22299] [client 4.217.220.52:0] script '/domains/mschmid/size.php' not found or unable to stat
[Wed Jan 21 02:12:51.127658 2026] [php:error] [pid 22299] [client 4.217.220.52:0] script '/domains/mschmid/ms-users.php' not found or unable to stat
[Wed Jan 21 02:12:51.503145 2026] [php:error] [pid 22299] [client 4.217.220.52:0] script '/domains/mschmid/revision.php' not found or unable to stat
[Wed Jan 21 02:12:51.713618 2026] [php:error] [pid 22299] [client 4.217.220.52:0] script '/domains/mschmid/12.php' not found or unable to stat
[Wed Jan 21 02:12:52.089624 2026] [php:error] [pid 22299] [client 4.217.220.52:0] script '/domains/mschmid/img.php' not found or unable to stat
[Wed Jan 21 02:12:52.277865 2026] [php:error] [pid 22299] [client 4.217.220.52:0] script '/domains/mschmid/menu.php' not found or unable to stat
[Wed Jan 21 02:12:52.627991 2026] [php:error] [pid 22299] [client 4.217.220.52:0] script '/domains/mschmid/tinyfilemanager.php' not found or unable to stat
[Wed Jan 21 02:12:52.819245 2026] [php:error] [pid 22299] [client 4.217.220.52:0] script '/domains/mschmid/test1.php' not found or unable to stat
[Wed Jan 21 02:12:53.029101 2026] [php:error] [pid 22299] [client 4.217.220.52:0] script '/domains/mschmid/shell20211028.php' not found or unable to stat
[Wed Jan 21 02:12:53.217093 2026] [php:error] [pid 22299] [client 4.217.220.52:0] script '/domains/mschmid/ton.php' not found or unable to stat
[Wed Jan 21 02:12:53.759469 2026] [php:error] [pid 22299] [client 4.217.220.52:0] script '/domains/mschmid/item.php' not found or unable to stat
[Wed Jan 21 02:12:53.959152 2026] [php:error] [pid 22299] [client 4.217.220.52:0] script '/domains/mschmid/lala.php' not found or unable to stat
[Wed Jan 21 02:12:54.334793 2026] [php:error] [pid 22299] [client 4.217.220.52:0] script '/domains/mschmid/page.php' not found or unable to stat
[Wed Jan 21 02:12:54.522521 2026] [php:error] [pid 22299] [client 4.217.220.52:0] script '/domains/mschmid/tempfuns.php' not found or unable to stat
[Wed Jan 21 02:12:54.710333 2026] [php:error] [pid 22299] [client 4.217.220.52:0] script '/domains/mschmid/past.php' not found or unable to stat
[Wed Jan 21 02:12:54.898574 2026] [php:error] [pid 22299] [client 4.217.220.52:0] script '/domains/mschmid/log.php' not found or unable to stat
[Wed Jan 21 02:12:55.090500 2026] [php:error] [pid 22299] [client 4.217.220.52:0] script '/domains/mschmid/wen.php' not found or unable to stat
[Wed Jan 21 02:12:55.480345 2026] [php:error] [pid 22299] [client 4.217.220.52:0] script '/domains/mschmid/sf.php' not found or unable to stat
[Wed Jan 21 02:12:55.687093 2026] [php:error] [pid 22299] [client 4.217.220.52:0] script '/domains/mschmid/simple.php' not found or unable to stat
[Wed Jan 21 02:12:55.951160 2026] [php:error] [pid 22299] [client 4.217.220.52:0] script '/domains/mschmid/admiin.php' not found or unable to stat
[Wed Jan 21 02:12:56.400589 2026] [php:error] [pid 22299] [client 4.217.220.52:0] script '/domains/mschmid/9v6.php' not found or unable to stat
[Wed Jan 21 02:12:56.588973 2026] [php:error] [pid 22299] [client 4.217.220.52:0] script '/domains/mschmid/doc.php' not found or unable to stat
[Wed Jan 21 02:12:56.795734 2026] [php:error] [pid 22299] [client 4.217.220.52:0] script '/domains/mschmid/ha.php' not found or unable to stat
[Wed Jan 21 02:12:56.985537 2026] [php:error] [pid 22299] [client 4.217.220.52:0] script '/domains/mschmid/F0x.php' not found or unable to stat
[Wed Jan 21 02:12:57.200539 2026] [php:error] [pid 22299] [client 4.217.220.52:0] script '/domains/mschmid/file2.php' not found or unable to stat
[Wed Jan 21 02:12:57.398015 2026] [php:error] [pid 22299] [client 4.217.220.52:0] script '/domains/mschmid/cong.php' not found or unable to stat
[Wed Jan 21 02:12:57.585938 2026] [php:error] [pid 22299] [client 4.217.220.52:0] script '/domains/mschmid/a2.php' not found or unable to stat
[Wed Jan 21 02:12:57.796901 2026] [php:error] [pid 22299] [client 4.217.220.52:0] script '/domains/mschmid/up4.php' not found or unable to stat
[Wed Jan 21 02:12:57.984620 2026] [php:error] [pid 22299] [client 4.217.220.52:0] script '/domains/mschmid/gtc.php' not found or unable to stat
[Wed Jan 21 02:12:58.272810 2026] [php:error] [pid 22299] [client 4.217.220.52:0] script '/domains/mschmid/dbc.php' not found or unable to stat
[Wed Jan 21 02:12:58.571023 2026] [php:error] [pid 22299] [client 4.217.220.52:0] script '/domains/mschmid/xa.php' not found or unable to stat
[Wed Jan 21 02:12:58.976718 2026] [php:error] [pid 22299] [client 4.217.220.52:0] script '/domains/mschmid/content.php' not found or unable to stat
[Wed Jan 21 02:12:59.164708 2026] [php:error] [pid 22299] [client 4.217.220.52:0] script '/domains/mschmid/oo.php' not found or unable to stat
[Wed Jan 21 02:12:59.352644 2026] [php:error] [pid 22299] [client 4.217.220.52:0] script '/domains/mschmid/ws35.php' not found or unable to stat
[Wed Jan 21 02:12:59.615715 2026] [php:error] [pid 22299] [client 4.217.220.52:0] script '/domains/mschmid/222.php' not found or unable to stat
[Wed Jan 21 02:12:59.804440 2026] [php:error] [pid 22299] [client 4.217.220.52:0] script '/domains/mschmid/z60.php' not found or unable to stat
[Wed Jan 21 02:12:59.992034 2026] [php:error] [pid 22299] [client 4.217.220.52:0] script '/domains/mschmid/wp-freya.php' not found or unable to stat
[Wed Jan 21 02:13:00.180506 2026] [php:error] [pid 22299] [client 4.217.220.52:0] script '/domains/mschmid/ccou.php' not found or unable to stat
[Wed Jan 21 02:13:00.369175 2026] [php:error] [pid 22299] [client 4.217.220.52:0] script '/domains/mschmid/abc.php' not found or unable to stat
[Wed Jan 21 02:13:00.917656 2026] [php:error] [pid 22299] [client 4.217.220.52:0] script '/domains/mschmid/ant.php' not found or unable to stat
[Wed Jan 21 02:13:01.108175 2026] [php:error] [pid 22299] [client 4.217.220.52:0] script '/domains/mschmid/ma.php' not found or unable to stat
[Wed Jan 21 02:13:01.296460 2026] [php:error] [pid 22299] [client 4.217.220.52:0] script '/domains/mschmid/gecko.php' not found or unable to stat
[Wed Jan 21 02:13:01.484373 2026] [php:error] [pid 22299] [client 4.217.220.52:0] script '/domains/mschmid/ws29.php' not found or unable to stat
[Wed Jan 21 02:13:01.812804 2026] [php:error] [pid 22299] [client 4.217.220.52:0] script '/domains/mschmid/1100.php' not found or unable to stat
[Wed Jan 21 02:13:02.003855 2026] [php:error] [pid 22299] [client 4.217.220.52:0] script '/domains/mschmid/ws46.php' not found or unable to stat
[Wed Jan 21 02:13:02.191991 2026] [php:error] [pid 22299] [client 4.217.220.52:0] script '/domains/mschmid/ws43.php' not found or unable to stat
[Wed Jan 21 02:13:02.382268 2026] [php:error] [pid 22299] [client 4.217.220.52:0] script '/domains/mschmid/ws36.php' not found or unable to stat
[Wed Jan 21 02:13:02.607404 2026] [php:error] [pid 22299] [client 4.217.220.52:0] script '/domains/mschmid/ws34.php' not found or unable to stat
[Wed Jan 21 02:13:02.795654 2026] [php:error] [pid 22299] [client 4.217.220.52:0] script '/domains/mschmid/rtx.php' not found or unable to stat
[Wed Jan 21 02:13:02.985898 2026] [php:error] [pid 22299] [client 4.217.220.52:0] script '/domains/mschmid/as.php' not found or unable to stat
[Wed Jan 21 02:13:03.175564 2026] [php:error] [pid 22299] [client 4.217.220.52:0] script '/domains/mschmid/ova.php' not found or unable to stat
[Wed Jan 21 02:13:03.370193 2026] [php:error] [pid 22299] [client 4.217.220.52:0] script '/domains/mschmid/blox.php' not found or unable to stat
[Wed Jan 21 02:13:03.566104 2026] [php:error] [pid 22299] [client 4.217.220.52:0] script '/domains/mschmid/vx.php' not found or unable to stat
[Wed Jan 21 02:13:03.774697 2026] [php:error] [pid 22299] [client 4.217.220.52:0] script '/domains/mschmid/mh.php' not found or unable to stat
[Wed Jan 21 02:13:03.963309 2026] [php:error] [pid 22299] [client 4.217.220.52:0] script '/domains/mschmid/pn.php' not found or unable to stat
[Wed Jan 21 02:13:04.151485 2026] [php:error] [pid 22299] [client 4.217.220.52:0] script '/domains/mschmid/O-Simple.php' not found or unable to stat
[Wed Jan 21 02:13:04.688221 2026] [php:error] [pid 22299] [client 4.217.220.52:0] script '/domains/mschmid/smklh.php' not found or unable to stat
[Wed Jan 21 02:13:04.878237 2026] [php:error] [pid 22299] [client 4.217.220.52:0] script '/domains/mschmid/mans.php' not found or unable to stat
[Wed Jan 21 02:13:05.318197 2026] [php:error] [pid 22299] [client 4.217.220.52:0] script '/domains/mschmid/horeg.php' not found or unable to stat
[Wed Jan 21 02:13:05.506199 2026] [php:error] [pid 22299] [client 4.217.220.52:0] script '/domains/mschmid/to.php' not found or unable to stat
[Wed Jan 21 02:13:05.694270 2026] [php:error] [pid 22299] [client 4.217.220.52:0] script '/domains/mschmid/wp-good.php' not found or unable to stat
[Wed Jan 21 02:13:05.887846 2026] [php:error] [pid 22299] [client 4.217.220.52:0] script '/domains/mschmid/fz.php' not found or unable to stat
[Wed Jan 21 02:13:06.084560 2026] [php:error] [pid 22299] [client 4.217.220.52:0] script '/domains/mschmid/mini.php' not found or unable to stat
[Wed Jan 21 02:13:06.273056 2026] [php:error] [pid 22299] [client 4.217.220.52:0] script '/domains/mschmid/x.php' not found or unable to stat
[Wed Jan 21 02:13:06.461809 2026] [php:error] [pid 22299] [client 4.217.220.52:0] script '/domains/mschmid/ioxi-o.php' not found or unable to stat
[Wed Jan 21 02:13:06.696611 2026] [php:error] [pid 22299] [client 4.217.220.52:0] script '/domains/mschmid/xxxx.php' not found or unable to stat
[Wed Jan 21 02:13:06.992061 2026] [php:error] [pid 22299] [client 4.217.220.52:0] script '/domains/mschmid/moon.php' not found or unable to stat
[Wed Jan 21 02:13:07.179498 2026] [php:error] [pid 22299] [client 4.217.220.52:0] script '/domains/mschmid/ws46.php' not found or unable to stat
[Wed Jan 21 02:13:07.367764 2026] [php:error] [pid 22299] [client 4.217.220.52:0] script '/domains/mschmid/wp-22.php' not found or unable to stat
[Wed Jan 21 02:13:07.572909 2026] [php:error] [pid 22299] [client 4.217.220.52:0] script '/domains/mschmid/user.php' not found or unable to stat
[Wed Jan 21 02:13:07.762233 2026] [php:error] [pid 22299] [client 4.217.220.52:0] script '/domains/mschmid/classwithtostring.php' not found or unable to stat
[Wed Jan 21 02:13:07.950144 2026] [php:error] [pid 22299] [client 4.217.220.52:0] script '/domains/mschmid/content.php' not found or unable to stat
[Wed Jan 21 02:13:08.164716 2026] [php:error] [pid 22299] [client 4.217.220.52:0] script '/domains/mschmid/wp-ana.php' not found or unable to stat
[Wed Jan 21 02:13:08.473978 2026] [php:error] [pid 22299] [client 4.217.220.52:0] script '/domains/mschmid/cwclass.php' not found or unable to stat
[Wed Jan 21 02:13:08.662017 2026] [php:error] [pid 22299] [client 4.217.220.52:0] script '/domains/mschmid/87.php' not found or unable to stat
[Wed Jan 21 02:13:09.544390 2026] [php:error] [pid 22299] [client 4.217.220.52:0] script '/domains/mschmid/error.php' not found or unable to stat
[Wed Jan 21 02:13:09.732995 2026] [php:error] [pid 22299] [client 4.217.220.52:0] script '/domains/mschmid/redi.php' not found or unable to stat
[Wed Jan 21 02:13:09.921907 2026] [php:error] [pid 22299] [client 4.217.220.52:0] script '/domains/mschmid/wsd.php' not found or unable to stat
[Wed Jan 21 02:13:11.378398 2026] [php:error] [pid 22325] [client 4.217.220.52:0] script '/domains/mschmid/image.php' not found or unable to stat
[Wed Jan 21 02:13:11.577461 2026] [php:error] [pid 22325] [client 4.217.220.52:0] script '/domains/mschmid/abcd.php' not found or unable to stat
[Wed Jan 21 02:13:11.975623 2026] [php:error] [pid 22325] [client 4.217.220.52:0] script '/domains/mschmid/indo.php' not found or unable to stat
[Wed Jan 21 02:13:12.162566 2026] [php:error] [pid 22325] [client 4.217.220.52:0] script '/domains/mschmid/0xx.php' not found or unable to stat
[Wed Jan 21 02:13:12.353976 2026] [php:error] [pid 22325] [client 4.217.220.52:0] script '/domains/mschmid/o.php' not found or unable to stat
[Wed Jan 21 02:13:12.542009 2026] [php:error] [pid 22325] [client 4.217.220.52:0] script '/domains/mschmid/1.php' not found or unable to stat
[Wed Jan 21 02:13:12.746872 2026] [php:error] [pid 22325] [client 4.217.220.52:0] script '/domains/mschmid/style.php' not found or unable to stat
[Wed Jan 21 02:13:12.934758 2026] [php:error] [pid 22325] [client 4.217.220.52:0] script '/domains/mschmid/manager.php' not found or unable to stat
[Wed Jan 21 02:13:13.613419 2026] [php:error] [pid 22325] [client 4.217.220.52:0] script '/domains/mschmid/bless.php' not found or unable to stat
[Wed Jan 21 02:13:13.800614 2026] [php:error] [pid 22325] [client 4.217.220.52:0] script '/domains/mschmid/geck.php' not found or unable to stat
[Wed Jan 21 02:13:14.012958 2026] [php:error] [pid 22325] [client 4.217.220.52:0] script '/domains/mschmid/wp-configs.php' not found or unable to stat
[Wed Jan 21 02:13:14.205414 2026] [php:error] [pid 22325] [client 4.217.220.52:0] script '/domains/mschmid/file.php' not found or unable to stat
[Wed Jan 21 02:13:14.393767 2026] [php:error] [pid 22325] [client 4.217.220.52:0] script '/domains/mschmid/11.php' not found or unable to stat
[Wed Jan 21 02:13:14.606778 2026] [php:error] [pid 22325] [client 4.217.220.52:0] script '/domains/mschmid/s.php' not found or unable to stat
[Wed Jan 21 02:13:14.793739 2026] [php:error] [pid 22325] [client 4.217.220.52:0] script '/domains/mschmid/sid3.php' not found or unable to stat
[Wed Jan 21 02:13:14.981109 2026] [php:error] [pid 22325] [client 4.217.220.52:0] script '/domains/mschmid/ng.php' not found or unable to stat
[Wed Jan 21 02:13:15.168484 2026] [php:error] [pid 22325] [client 4.217.220.52:0] script '/domains/mschmid/m.php' not found or unable to stat
[Wed Jan 21 02:13:15.355616 2026] [php:error] [pid 22325] [client 4.217.220.52:0] script '/domains/mschmid/webix.php' not found or unable to stat
[Wed Jan 21 02:13:15.543825 2026] [php:error] [pid 22325] [client 4.217.220.52:0] script '/domains/mschmid/az.php' not found or unable to stat
[Wed Jan 21 02:13:15.732542 2026] [php:error] [pid 22325] [client 4.217.220.52:0] script '/domains/mschmid/hans.php' not found or unable to stat
[Wed Jan 21 02:13:15.919725 2026] [php:error] [pid 22325] [client 4.217.220.52:0] script '/domains/mschmid/403.php' not found or unable to stat
[Wed Jan 21 02:13:16.269520 2026] [php:error] [pid 22325] [client 4.217.220.52:0] script '/domains/mschmid/404.php' not found or unable to stat
[Wed Jan 21 02:13:16.555623 2026] [php:error] [pid 22325] [client 4.217.220.52:0] script '/domains/mschmid/buy.php' not found or unable to stat
sendmail: invalid recipient `#'
[Wed Jan 21 02:14:51.428065 2026] [php:error] [pid 22326] [client 4.194.34.171:0] script '/domains/ceonlinenews/2.php' not found or unable to stat
[Wed Jan 21 02:14:51.899562 2026] [php:error] [pid 22326] [client 4.194.34.171:0] script '/domains/ceonlinenews/a.php' not found or unable to stat
[Wed Jan 21 02:14:52.135236 2026] [php:error] [pid 22326] [client 4.194.34.171:0] script '/domains/ceonlinenews/aaa.php' not found or unable to stat
[Wed Jan 21 02:14:52.373032 2026] [php:error] [pid 22326] [client 4.194.34.171:0] script '/domains/ceonlinenews/ab.php' not found or unable to stat
[Wed Jan 21 02:14:52.609485 2026] [php:error] [pid 22326] [client 4.194.34.171:0] script '/domains/ceonlinenews/about.php' not found or unable to stat
[Wed Jan 21 02:14:53.082290 2026] [php:error] [pid 22326] [client 4.194.34.171:0] script '/domains/ceonlinenews/alfa.php' not found or unable to stat
[Wed Jan 21 02:14:53.318455 2026] [php:error] [pid 22326] [client 4.194.34.171:0] script '/domains/ceonlinenews/api.php' not found or unable to stat
[Wed Jan 21 02:14:53.555590 2026] [php:error] [pid 22326] [client 4.194.34.171:0] script '/domains/ceonlinenews/auth.php' not found or unable to stat
[Wed Jan 21 02:14:53.903535 2026] [php:error] [pid 27961] [client 4.190.210.95:0] script '/domains/machinadynamica/ioxi-o.php' not found or unable to stat
[Wed Jan 21 02:14:54.034758 2026] [php:error] [pid 22326] [client 4.194.34.171:0] script '/domains/ceonlinenews/classwithtostring.php' not found or unable to stat
[Wed Jan 21 02:14:54.079176 2026] [php:error] [pid 27961] [client 4.190.210.95:0] script '/domains/machinadynamica/0x.php' not found or unable to stat
[Wed Jan 21 02:14:54.246112 2026] [php:error] [pid 27961] [client 4.190.210.95:0] script '/domains/machinadynamica/222.php' not found or unable to stat
[Wed Jan 21 02:14:54.271788 2026] [php:error] [pid 22326] [client 4.194.34.171:0] script '/domains/ceonlinenews/contents.php' not found or unable to stat
[Wed Jan 21 02:14:54.425885 2026] [php:error] [pid 27961] [client 4.190.210.95:0] script '/domains/machinadynamica/aa.php' not found or unable to stat
[Wed Jan 21 02:14:54.593483 2026] [php:error] [pid 27961] [client 4.190.210.95:0] script '/domains/machinadynamica/abcd.php' not found or unable to stat
[Wed Jan 21 02:14:54.746257 2026] [php:error] [pid 22326] [client 4.194.34.171:0] script '/domains/ceonlinenews/default.php' not found or unable to stat
[Wed Jan 21 02:14:54.765277 2026] [php:error] [pid 27961] [client 4.190.210.95:0] script '/domains/machinadynamica/admin.php' not found or unable to stat
[Wed Jan 21 02:14:54.897385 2026] [php:error] [pid 22321] [client 4.190.210.95:0] script '/domains/system_default/2.php' not found or unable to stat
[Wed Jan 21 02:14:55.097992 2026] [php:error] [pid 27961] [client 4.190.210.95:0] script '/domains/machinadynamica/adminfuns.php' not found or unable to stat
[Wed Jan 21 02:14:55.265411 2026] [php:error] [pid 27961] [client 4.190.210.95:0] script '/domains/machinadynamica/akc.php' not found or unable to stat
[Wed Jan 21 02:14:55.442392 2026] [php:error] [pid 27961] [client 4.190.210.95:0] script '/domains/machinadynamica/buy.php' not found or unable to stat
[Wed Jan 21 02:14:55.457221 2026] [php:error] [pid 22326] [client 4.194.34.171:0] script '/domains/ceonlinenews/favicon.php' not found or unable to stat
[Wed Jan 21 02:14:55.610201 2026] [php:error] [pid 27961] [client 4.190.210.95:0] script '/domains/machinadynamica/cong.php' not found or unable to stat
[Wed Jan 21 02:14:55.698549 2026] [php:error] [pid 22326] [client 4.194.34.171:0] script '/domains/ceonlinenews/hehe.php' not found or unable to stat
[Wed Jan 21 02:14:55.785378 2026] [php:error] [pid 27961] [client 4.190.210.95:0] script '/domains/machinadynamica/ioxi-o.php' not found or unable to stat
[Wed Jan 21 02:14:56.118073 2026] [php:error] [pid 27961] [client 4.190.210.95:0] script '/domains/machinadynamica/db.php' not found or unable to stat
[Wed Jan 21 02:14:56.185123 2026] [php:error] [pid 22326] [client 4.194.34.171:0] script '/domains/ceonlinenews/index.php' not found or unable to stat
[Wed Jan 21 02:14:56.223639 2026] [php:error] [pid 22321] [client 4.190.210.95:0] script '/domains/system_default/aaa.php' not found or unable to stat
[Wed Jan 21 02:14:56.295313 2026] [php:error] [pid 27961] [client 4.190.210.95:0] script '/domains/machinadynamica/dropdown.php' not found or unable to stat
[Wed Jan 21 02:14:56.389769 2026] [php:error] [pid 22321] [client 4.190.210.95:0] script '/domains/system_default/ab.php' not found or unable to stat
[Wed Jan 21 02:14:56.421942 2026] [php:error] [pid 22326] [client 4.194.34.171:0] script '/domains/ceonlinenews/info.php' not found or unable to stat
[Wed Jan 21 02:14:56.461556 2026] [php:error] [pid 27961] [client 4.190.210.95:0] script '/domains/machinadynamica/file.php' not found or unable to stat
[Wed Jan 21 02:14:56.556338 2026] [php:error] [pid 22321] [client 4.190.210.95:0] script '/domains/system_default/about.php' not found or unable to stat
[Wed Jan 21 02:14:56.632252 2026] [php:error] [pid 27961] [client 4.190.210.95:0] script '/domains/machinadynamica/goods.php' not found or unable to stat
[Wed Jan 21 02:14:56.658669 2026] [php:error] [pid 22326] [client 4.194.34.171:0] script '/domains/ceonlinenews/k.php' not found or unable to stat
[Wed Jan 21 02:14:56.800311 2026] [php:error] [pid 27961] [client 4.190.210.95:0] script '/domains/machinadynamica/hplfuns.php' not found or unable to stat
[Wed Jan 21 02:14:56.895701 2026] [php:error] [pid 22326] [client 4.194.34.171:0] script '/domains/ceonlinenews/lock360.php' not found or unable to stat
[Wed Jan 21 02:14:56.897988 2026] [php:error] [pid 22321] [client 4.190.210.95:0] script '/domains/system_default/alfa.php' not found or unable to stat
[Wed Jan 21 02:14:56.966634 2026] [php:error] [pid 27961] [client 4.190.210.95:0] script '/domains/machinadynamica/htaccess.php' not found or unable to stat
[Wed Jan 21 02:14:57.078429 2026] [php:error] [pid 22321] [client 4.190.210.95:0] script '/domains/system_default/api.php' not found or unable to stat
[Wed Jan 21 02:14:57.134718 2026] [php:error] [pid 22326] [client 4.194.34.171:0] script '/domains/ceonlinenews/log.php' not found or unable to stat
[Wed Jan 21 02:14:57.148395 2026] [php:error] [pid 27961] [client 4.190.210.95:0] script '/domains/machinadynamica/images/wso.php' not found or unable to stat
[Wed Jan 21 02:14:57.244255 2026] [php:error] [pid 22321] [client 4.190.210.95:0] script '/domains/system_default/auth.php' not found or unable to stat
[Wed Jan 21 02:14:57.370350 2026] [php:error] [pid 22326] [client 4.194.34.171:0] script '/domains/ceonlinenews/man.php' not found or unable to stat
[Wed Jan 21 02:14:57.492046 2026] [php:error] [pid 27961] [client 4.190.210.95:0] script '/domains/machinadynamica/info.php' not found or unable to stat
[Wed Jan 21 02:14:57.594569 2026] [php:error] [pid 22321] [client 4.190.210.95:0] script '/domains/system_default/classwithtostring.php' not found or unable to stat
[Wed Jan 21 02:14:57.658436 2026] [php:error] [pid 27961] [client 4.190.210.95:0] script '/domains/machinadynamica/profile.php' not found or unable to stat
[Wed Jan 21 02:14:57.762937 2026] [php:error] [pid 22321] [client 4.190.210.95:0] script '/domains/system_default/contents.php' not found or unable to stat
[Wed Jan 21 02:14:57.824701 2026] [php:error] [pid 27961] [client 4.190.210.95:0] script '/domains/machinadynamica/sx.php' not found or unable to stat
[Wed Jan 21 02:14:57.841698 2026] [php:error] [pid 22326] [client 4.194.34.171:0] script '/domains/ceonlinenews/post.php' not found or unable to stat
[Wed Jan 21 02:14:58.110971 2026] [php:error] [pid 22321] [client 4.190.210.95:0] script '/domains/system_default/default.php' not found or unable to stat
[Wed Jan 21 02:14:58.312806 2026] [php:error] [pid 22326] [client 4.194.34.171:0] script '/domains/ceonlinenews/root.php' not found or unable to stat
[Wed Jan 21 02:14:58.549393 2026] [php:error] [pid 22326] [client 4.194.34.171:0] script '/domains/ceonlinenews/shellv3.php' not found or unable to stat
[Wed Jan 21 02:14:58.608748 2026] [php:error] [pid 22321] [client 4.190.210.95:0] script '/domains/system_default/favicon.php' not found or unable to stat
[Wed Jan 21 02:14:58.784038 2026] [php:error] [pid 22321] [client 4.190.210.95:0] script '/domains/system_default/hehe.php' not found or unable to stat
[Wed Jan 21 02:14:59.026816 2026] [php:error] [pid 22326] [client 4.194.34.171:0] script '/domains/ceonlinenews/system.php' not found or unable to stat
[Wed Jan 21 02:14:59.117782 2026] [php:error] [pid 22321] [client 4.190.210.95:0] script '/domains/system_default/index.php' not found or unable to stat
[Wed Jan 21 02:14:59.268191 2026] [php:error] [pid 22326] [client 4.194.34.171:0] script '/domains/ceonlinenews/test.php' not found or unable to stat
[Wed Jan 21 02:14:59.283512 2026] [php:error] [pid 22321] [client 4.190.210.95:0] script '/domains/system_default/info.php' not found or unable to stat
[Wed Jan 21 02:14:59.455635 2026] [php:error] [pid 22321] [client 4.190.210.95:0] script '/domains/system_default/k.php' not found or unable to stat
[Wed Jan 21 02:14:59.503801 2026] [php:error] [pid 22326] [client 4.194.34.171:0] script '/domains/ceonlinenews/theme.php' not found or unable to stat
[Wed Jan 21 02:14:59.633835 2026] [php:error] [pid 22321] [client 4.190.210.95:0] script '/domains/system_default/lock360.php' not found or unable to stat
[Wed Jan 21 02:14:59.739230 2026] [php:error] [pid 22326] [client 4.194.34.171:0] script '/domains/ceonlinenews/wp-activat.php' not found or unable to stat
[Wed Jan 21 02:14:59.799578 2026] [php:error] [pid 22321] [client 4.190.210.95:0] script '/domains/system_default/log.php' not found or unable to stat
[Wed Jan 21 02:14:59.967785 2026] [php:error] [pid 22321] [client 4.190.210.95:0] script '/domains/system_default/man.php' not found or unable to stat
[Wed Jan 21 02:14:59.976304 2026] [php:error] [pid 22326] [client 4.194.34.171:0] script '/domains/ceonlinenews/wp-admin.php' not found or unable to stat
[Wed Jan 21 02:15:00.300003 2026] [php:error] [pid 22321] [client 4.190.210.95:0] script '/domains/system_default/post.php' not found or unable to stat
[Wed Jan 21 02:15:00.632583 2026] [php:error] [pid 22321] [client 4.190.210.95:0] script '/domains/system_default/root.php' not found or unable to stat
[Wed Jan 21 02:15:00.798402 2026] [php:error] [pid 22321] [client 4.190.210.95:0] script '/domains/system_default/shellv3.php' not found or unable to stat
[Wed Jan 21 02:15:01.132306 2026] [php:error] [pid 22321] [client 4.190.210.95:0] script '/domains/system_default/system.php' not found or unable to stat
[Wed Jan 21 02:15:01.164088 2026] [php:error] [pid 22326] [client 4.194.34.171:0] script '/domains/ceonlinenews/wp-blog.php' not found or unable to stat
[Wed Jan 21 02:15:01.298140 2026] [php:error] [pid 22321] [client 4.190.210.95:0] script '/domains/system_default/test.php' not found or unable to stat
[Wed Jan 21 02:15:01.400808 2026] [php:error] [pid 22326] [client 4.194.34.171:0] script '/domains/ceonlinenews/wp-conf.php' not found or unable to stat
[Wed Jan 21 02:15:01.414461 2026] [php:error] [pid 27961] [client 4.190.210.95:0] script '/domains/machinadynamica/wp-fclass.php' not found or unable to stat
[Wed Jan 21 02:15:01.464158 2026] [php:error] [pid 22321] [client 4.190.210.95:0] script '/domains/system_default/theme.php' not found or unable to stat
[Wed Jan 21 02:15:01.635620 2026] [php:error] [pid 22321] [client 4.190.210.95:0] script '/domains/system_default/wp-activat.php' not found or unable to stat
[Wed Jan 21 02:15:01.808714 2026] [php:error] [pid 22321] [client 4.190.210.95:0] script '/domains/system_default/wp-admin.php' not found or unable to stat
[Wed Jan 21 02:15:02.651206 2026] [php:error] [pid 22321] [client 4.190.210.95:0] script '/domains/system_default/wp-blog.php' not found or unable to stat
[Wed Jan 21 02:15:02.826132 2026] [php:error] [pid 22321] [client 4.190.210.95:0] script '/domains/system_default/wp-conf.php' not found or unable to stat
[Wed Jan 21 02:15:03.775971 2026] [php:error] [pid 22326] [client 4.194.34.171:0] script '/domains/ceonlinenews/wp-file.php' not found or unable to stat
[Wed Jan 21 02:15:04.011690 2026] [php:error] [pid 22326] [client 4.194.34.171:0] script '/domains/ceonlinenews/wp-include.php' not found or unable to stat
[Wed Jan 21 02:15:04.330529 2026] [php:error] [pid 27961] [client 4.190.210.95:0] script '/domains/machinadynamica/wp-themes.php' not found or unable to stat
[Wed Jan 21 02:15:04.504366 2026] [php:error] [pid 22321] [client 4.190.210.95:0] script '/domains/system_default/wp-file.php' not found or unable to stat
[Wed Jan 21 02:15:04.514228 2026] [php:error] [pid 27961] [client 4.190.210.95:0] script '/domains/machinadynamica/xmlrpc.php' not found or unable to stat
[Wed Jan 21 02:15:04.680514 2026] [php:error] [pid 22321] [client 4.190.210.95:0] script '/domains/system_default/wp-include.php' not found or unable to stat
[Wed Jan 21 02:15:06.562146 2026] [php:error] [pid 22321] [client 4.190.210.95:0] script '/domains/system_default/wp-logs.php' not found or unable to stat
[Wed Jan 21 02:15:06.626742 2026] [php:error] [pid 22326] [client 4.194.34.171:0] script '/domains/ceonlinenews/wp-logs.php' not found or unable to stat
[Wed Jan 21 02:15:06.728228 2026] [php:error] [pid 22321] [client 4.190.210.95:0] script '/domains/system_default/xmlrpc.php' not found or unable to stat
[Wed Jan 21 02:15:06.863712 2026] [php:error] [pid 22326] [client 4.194.34.171:0] script '/domains/ceonlinenews/xmlrpc.php' not found or unable to stat
[Wed Jan 21 02:15:08.233151 2026] [php:error] [pid 22321] [client 4.190.210.95:0] script '/domains/system_default/WSO.php' not found or unable to stat
[Wed Jan 21 02:15:08.992553 2026] [php:error] [pid 22326] [client 4.194.34.171:0] script '/domains/ceonlinenews/WSO.php' not found or unable to stat
[Wed Jan 21 02:15:11.427041 2026] [php:error] [pid 22321] [client 4.190.210.95:0] script '/domains/system_default/goods.php' not found or unable to stat
[Wed Jan 21 02:15:12.609307 2026] [php:error] [pid 22321] [client 4.190.210.95:0] script '/domains/system_default/edit.php' not found or unable to stat
[Wed Jan 21 02:15:13.109248 2026] [php:error] [pid 27963] [client 4.190.210.95:0] script '/domains/system_default/file5.php' not found or unable to stat
[Wed Jan 21 02:15:13.500569 2026] [php:error] [pid 22326] [client 4.194.34.171:0] script '/domains/ceonlinenews/goods.php' not found or unable to stat
[Wed Jan 21 02:15:13.821988 2026] [php:error] [pid 27963] [client 4.190.210.95:0] script '/domains/system_default/aa.php' not found or unable to stat
[Wed Jan 21 02:15:14.455867 2026] [php:error] [pid 22326] [client 4.194.34.171:0] script '/domains/ceonlinenews/cgi-bin/wp-2019.php' not found or unable to stat
[Wed Jan 21 02:15:15.169440 2026] [php:error] [pid 22326] [client 4.194.34.171:0] script '/domains/ceonlinenews/edit.php' not found or unable to stat
[Wed Jan 21 02:15:15.327970 2026] [php:error] [pid 27963] [client 4.190.210.95:0] script '/domains/system_default/autoload_classmap.php' not found or unable to stat
[Wed Jan 21 02:15:15.850493 2026] [php:error] [pid 27964] [client 4.194.34.171:0] script '/domains/ceonlinenews/file5.php' not found or unable to stat
[Wed Jan 21 02:15:16.764160 2026] [php:error] [pid 27964] [client 4.194.34.171:0] script '/domains/ceonlinenews/aa.php' not found or unable to stat
[Wed Jan 21 02:15:17.502824 2026] [php:error] [pid 27963] [client 4.190.210.95:0] script '/domains/system_default/file.php' not found or unable to stat
[Wed Jan 21 02:15:18.514714 2026] [php:error] [pid 27963] [client 4.190.210.95:0] script '/domains/system_default/inputs.php' not found or unable to stat
[Wed Jan 21 02:15:18.794820 2026] [php:error] [pid 27964] [client 4.194.34.171:0] script '/domains/ceonlinenews/autoload_classmap.php' not found or unable to stat
[Wed Jan 21 02:15:19.014799 2026] [php:error] [pid 27963] [client 4.190.210.95:0] script '/domains/system_default/1.php' not found or unable to stat
[Wed Jan 21 02:15:21.721048 2026] [php:error] [pid 27964] [client 4.194.34.171:0] script '/domains/ceonlinenews/file.php' not found or unable to stat
[Wed Jan 21 02:15:22.237748 2026] [php:error] [pid 27963] [client 4.190.210.95:0] script '/domains/system_default/flower.php' not found or unable to stat
[Wed Jan 21 02:15:23.087544 2026] [php:error] [pid 27964] [client 4.194.34.171:0] script '/domains/ceonlinenews/inputs.php' not found or unable to stat
[Wed Jan 21 02:15:23.762491 2026] [php:error] [pid 27964] [client 4.194.34.171:0] script '/domains/ceonlinenews/1.php' not found or unable to stat
[Wed Jan 21 02:15:25.104148 2026] [php:error] [pid 27963] [client 4.190.210.95:0] script '/domains/system_default/ioxi-o.php' not found or unable to stat
[Wed Jan 21 02:15:25.271287 2026] [php:error] [pid 27963] [client 4.190.210.95:0] script '/domains/system_default/radio.php' not found or unable to stat
[Wed Jan 21 02:15:26.295150 2026] [php:error] [pid 27963] [client 4.190.210.95:0] script '/domains/system_default/admin.php' not found or unable to stat
[Wed Jan 21 02:15:26.472142 2026] [php:error] [pid 27963] [client 4.190.210.95:0] script '/domains/system_default/functions.php' not found or unable to stat
[Wed Jan 21 02:15:28.104763 2026] [php:error] [pid 27964] [client 4.194.34.171:0] script '/domains/ceonlinenews/flower.php' not found or unable to stat
[Wed Jan 21 02:15:30.589301 2026] [php:error] [pid 27964] [client 4.194.34.171:0] script '/domains/ceonlinenews/cgi-bin/wp-login.php' not found or unable to stat
[Wed Jan 21 02:15:31.960738 2026] [php:error] [pid 27964] [client 4.194.34.171:0] script '/domains/ceonlinenews/ioxi-o.php' not found or unable to stat
[Wed Jan 21 02:15:32.185482 2026] [php:error] [pid 27964] [client 4.194.34.171:0] script '/domains/ceonlinenews/radio.php' not found or unable to stat
[Wed Jan 21 02:15:33.540540 2026] [php:error] [pid 27964] [client 4.194.34.171:0] script '/domains/ceonlinenews/admin.php' not found or unable to stat
[Wed Jan 21 02:15:33.766800 2026] [php:error] [pid 27964] [client 4.194.34.171:0] script '/domains/ceonlinenews/functions.php' not found or unable to stat
[Wed Jan 21 02:15:41.135910 2026] [php:error] [pid 27963] [client 4.190.210.95:0] script '/domains/perless2web/WSO.php' not found or unable to stat
[Wed Jan 21 02:15:44.414988 2026] [php:error] [pid 27963] [client 4.190.210.95:0] script '/domains/perless2web/goods.php' not found or unable to stat
[Wed Jan 21 02:15:45.624444 2026] [php:error] [pid 27963] [client 4.190.210.95:0] script '/domains/perless2web/edit.php' not found or unable to stat
[Wed Jan 21 02:15:45.809291 2026] [php:error] [pid 27963] [client 4.190.210.95:0] script '/domains/perless2web/file5.php' not found or unable to stat
[Wed Jan 21 02:15:46.489017 2026] [php:error] [pid 27963] [client 4.190.210.95:0] script '/domains/perless2web/aa.php' not found or unable to stat
[Wed Jan 21 02:15:48.061120 2026] [php:error] [pid 27963] [client 4.190.210.95:0] script '/domains/perless2web/autoload_classmap.php' not found or unable to stat
[Wed Jan 21 02:15:50.393421 2026] [php:error] [pid 27963] [client 4.190.210.95:0] script '/domains/perless2web/file.php' not found or unable to stat
[Wed Jan 21 02:15:51.448835 2026] [php:error] [pid 27963] [client 4.190.210.95:0] script '/domains/perless2web/inputs.php' not found or unable to stat
[Wed Jan 21 02:15:51.974955 2026] [php:error] [pid 27963] [client 4.190.210.95:0] script '/domains/perless2web/1.php' not found or unable to stat
[Wed Jan 21 02:15:55.245915 2026] [php:error] [pid 27963] [client 4.190.210.95:0] script '/domains/perless2web/flower.php' not found or unable to stat
[Wed Jan 21 02:15:58.546663 2026] [php:error] [pid 27964] [client 4.190.210.95:0] script '/domains/perless2web/ioxi-o.php' not found or unable to stat
[Wed Jan 21 02:15:58.715090 2026] [php:error] [pid 27964] [client 4.190.210.95:0] script '/domains/perless2web/radio.php' not found or unable to stat
[Wed Jan 21 02:15:59.753869 2026] [php:error] [pid 27964] [client 4.190.210.95:0] script '/domains/perless2web/admin.php' not found or unable to stat
[Wed Jan 21 02:15:59.921247 2026] [php:error] [pid 27964] [client 4.190.210.95:0] script '/domains/perless2web/functions.php' not found or unable to stat
[Wed Jan 21 02:16:07.985297 2026] [php:error] [pid 27988] [client 4.197.240.79:0] script '/domains/biehlweb/ioxi-o.php' not found or unable to stat
[Wed Jan 21 02:16:08.185173 2026] [php:error] [pid 27988] [client 4.197.240.79:0] script '/domains/biehlweb/0x.php' not found or unable to stat
[Wed Jan 21 02:16:08.392827 2026] [php:error] [pid 27988] [client 4.197.240.79:0] script '/domains/biehlweb/222.php' not found or unable to stat
[Wed Jan 21 02:16:08.593248 2026] [php:error] [pid 27988] [client 4.197.240.79:0] script '/domains/biehlweb/aa.php' not found or unable to stat
[Wed Jan 21 02:16:08.800556 2026] [php:error] [pid 27988] [client 4.197.240.79:0] script '/domains/biehlweb/abcd.php' not found or unable to stat
[Wed Jan 21 02:16:09.000668 2026] [php:error] [pid 27988] [client 4.197.240.79:0] script '/domains/biehlweb/admin.php' not found or unable to stat
[Wed Jan 21 02:16:09.407751 2026] [php:error] [pid 27988] [client 4.197.240.79:0] script '/domains/biehlweb/adminfuns.php' not found or unable to stat
[Wed Jan 21 02:16:09.607956 2026] [php:error] [pid 27988] [client 4.197.240.79:0] script '/domains/biehlweb/akc.php' not found or unable to stat
[Wed Jan 21 02:16:09.812605 2026] [php:error] [pid 27988] [client 4.197.240.79:0] script '/domains/biehlweb/buy.php' not found or unable to stat
[Wed Jan 21 02:16:10.013356 2026] [php:error] [pid 27988] [client 4.197.240.79:0] script '/domains/biehlweb/cong.php' not found or unable to stat
[Wed Jan 21 02:16:10.220762 2026] [php:error] [pid 27988] [client 4.197.240.79:0] script '/domains/biehlweb/ioxi-o.php' not found or unable to stat
[Wed Jan 21 02:16:10.421924 2026] [php:error] [pid 27988] [client 4.197.240.79:0] script '/domains/biehlweb/css/classwithtostring.php' not found or unable to stat
[Wed Jan 21 02:16:10.633901 2026] [php:error] [pid 27988] [client 4.197.240.79:0] script '/domains/biehlweb/db.php' not found or unable to stat
[Wed Jan 21 02:16:10.834623 2026] [php:error] [pid 27988] [client 4.197.240.79:0] script '/domains/biehlweb/dropdown.php' not found or unable to stat
[Wed Jan 21 02:16:11.039344 2026] [php:error] [pid 27988] [client 4.197.240.79:0] script '/domains/biehlweb/file.php' not found or unable to stat
[Wed Jan 21 02:16:11.240630 2026] [php:error] [pid 27988] [client 4.197.240.79:0] script '/domains/biehlweb/goods.php' not found or unable to stat
[Wed Jan 21 02:16:11.440561 2026] [php:error] [pid 27988] [client 4.197.240.79:0] script '/domains/biehlweb/hplfuns.php' not found or unable to stat
[Wed Jan 21 02:16:11.646453 2026] [php:error] [pid 27988] [client 4.197.240.79:0] script '/domains/biehlweb/htaccess.php' not found or unable to stat
[Wed Jan 21 02:16:11.849094 2026] [php:error] [pid 27988] [client 4.197.240.79:0] script '/domains/biehlweb/images/wso.php' not found or unable to stat
[Wed Jan 21 02:16:12.251496 2026] [php:error] [pid 27988] [client 4.197.240.79:0] script '/domains/biehlweb/info.php' not found or unable to stat
[Wed Jan 21 02:16:12.451607 2026] [php:error] [pid 27988] [client 4.197.240.79:0] script '/domains/biehlweb/profile.php' not found or unable to stat
[Wed Jan 21 02:16:12.655524 2026] [php:error] [pid 27988] [client 4.197.240.79:0] script '/domains/biehlweb/sx.php' not found or unable to stat
[Wed Jan 21 02:16:16.921329 2026] [php:error] [pid 27988] [client 4.197.240.79:0] script '/domains/biehlweb/wp-fclass.php' not found or unable to stat
[Wed Jan 21 02:16:20.352946 2026] [php:error] [pid 27988] [client 4.197.240.79:0] script '/domains/biehlweb/wp-themes.php' not found or unable to stat
[Wed Jan 21 02:16:20.561197 2026] [php:error] [pid 27988] [client 4.197.240.79:0] script '/domains/biehlweb/xmlrpc.php' not found or unable to stat
[Wed Jan 21 02:16:35.079010 2026] [php:error] [pid 27989] [client 1.117.221.69:0] script '/domains/cccweb/index.php' not found or unable to stat
[Wed Jan 21 02:16:38.699329 2026] [php:error] [pid 27988] [client 1.117.221.69:0] script '/domains/cccweb/index.php' not found or unable to stat
[Wed Jan 21 02:17:59.166709 2026] [php:error] [pid 27997] [client 4.217.181.220:0] script '/domains/mjbradley/ioxi-o.php' not found or unable to stat
[Wed Jan 21 02:17:59.357108 2026] [php:error] [pid 27997] [client 4.217.181.220:0] script '/domains/mjbradley/0x.php' not found or unable to stat
[Wed Jan 21 02:17:59.556731 2026] [php:error] [pid 27997] [client 4.217.181.220:0] script '/domains/mjbradley/222.php' not found or unable to stat
[Wed Jan 21 02:17:59.741405 2026] [php:error] [pid 27997] [client 4.217.181.220:0] script '/domains/mjbradley/aa.php' not found or unable to stat
[Wed Jan 21 02:17:59.925968 2026] [php:error] [pid 27997] [client 4.217.181.220:0] script '/domains/mjbradley/abcd.php' not found or unable to stat
[Wed Jan 21 02:18:00.111126 2026] [php:error] [pid 27997] [client 4.217.181.220:0] script '/domains/mjbradley/admin.php' not found or unable to stat
[Wed Jan 21 02:18:00.492507 2026] [php:error] [pid 27997] [client 4.217.181.220:0] script '/domains/mjbradley/adminfuns.php' not found or unable to stat
[Wed Jan 21 02:18:00.677867 2026] [php:error] [pid 27997] [client 4.217.181.220:0] script '/domains/mjbradley/akc.php' not found or unable to stat
[Wed Jan 21 02:18:00.861076 2026] [php:error] [pid 27997] [client 4.217.181.220:0] script '/domains/mjbradley/buy.php' not found or unable to stat
[Wed Jan 21 02:18:01.055387 2026] [php:error] [pid 27997] [client 4.217.181.220:0] script '/domains/mjbradley/cong.php' not found or unable to stat
[Wed Jan 21 02:18:01.238147 2026] [php:error] [pid 27997] [client 4.217.181.220:0] script '/domains/mjbradley/ioxi-o.php' not found or unable to stat
[Wed Jan 21 02:18:01.608120 2026] [php:error] [pid 27997] [client 4.217.181.220:0] script '/domains/mjbradley/db.php' not found or unable to stat
[Wed Jan 21 02:18:01.793784 2026] [php:error] [pid 27997] [client 4.217.181.220:0] script '/domains/mjbradley/dropdown.php' not found or unable to stat
[Wed Jan 21 02:18:01.985814 2026] [php:error] [pid 27997] [client 4.217.181.220:0] script '/domains/mjbradley/file.php' not found or unable to stat
[Wed Jan 21 02:18:02.189682 2026] [php:error] [pid 27997] [client 4.217.181.220:0] script '/domains/mjbradley/goods.php' not found or unable to stat
[Wed Jan 21 02:18:02.374575 2026] [php:error] [pid 27997] [client 4.217.181.220:0] script '/domains/mjbradley/hplfuns.php' not found or unable to stat
[Wed Jan 21 02:18:02.558038 2026] [php:error] [pid 27997] [client 4.217.181.220:0] script '/domains/mjbradley/htaccess.php' not found or unable to stat
[Wed Jan 21 02:18:02.742718 2026] [php:error] [pid 27997] [client 4.217.181.220:0] script '/domains/mjbradley/images/wso.php' not found or unable to stat
[Wed Jan 21 02:18:03.127129 2026] [php:error] [pid 27997] [client 4.217.181.220:0] script '/domains/mjbradley/info.php' not found or unable to stat
[Wed Jan 21 02:18:03.310767 2026] [php:error] [pid 27997] [client 4.217.181.220:0] script '/domains/mjbradley/profile.php' not found or unable to stat
[Wed Jan 21 02:18:03.497582 2026] [php:error] [pid 27997] [client 4.217.181.220:0] script '/domains/mjbradley/sx.php' not found or unable to stat
[Wed Jan 21 02:18:04.051475 2026] [php:error] [pid 28001] [client 145.239.10.137:0] script '/domains/homesbyaudrey1/x.php' not found or unable to stat, referer: http://homesbyaudrey.com/x.php
[Wed Jan 21 02:18:07.486099 2026] [php:error] [pid 27997] [client 4.217.181.220:0] script '/domains/mjbradley/wp-fclass.php' not found or unable to stat
[Wed Jan 21 02:18:10.707992 2026] [php:error] [pid 27997] [client 4.217.181.220:0] script '/domains/mjbradley/wp-themes.php' not found or unable to stat
[Wed Jan 21 02:18:10.898648 2026] [php:error] [pid 27997] [client 4.217.181.220:0] script '/domains/mjbradley/xmlrpc.php' not found or unable to stat
[Wed Jan 21 02:18:47.531338 2026] [php:error] [pid 28010] [client 4.197.162.185:0] script '/domains/kandg-pc/2.php' not found or unable to stat
[Wed Jan 21 02:18:47.938843 2026] [php:error] [pid 28010] [client 4.197.162.185:0] script '/domains/kandg-pc/a.php' not found or unable to stat
[Wed Jan 21 02:18:48.142531 2026] [php:error] [pid 28010] [client 4.197.162.185:0] script '/domains/kandg-pc/aaa.php' not found or unable to stat
[Wed Jan 21 02:18:48.346147 2026] [php:error] [pid 28010] [client 4.197.162.185:0] script '/domains/kandg-pc/ab.php' not found or unable to stat
[Wed Jan 21 02:18:48.551345 2026] [php:error] [pid 28010] [client 4.197.162.185:0] script '/domains/kandg-pc/about.php' not found or unable to stat
[Wed Jan 21 02:18:48.959215 2026] [php:error] [pid 28010] [client 4.197.162.185:0] script '/domains/kandg-pc/alfa.php' not found or unable to stat
[Wed Jan 21 02:18:49.162875 2026] [php:error] [pid 28010] [client 4.197.162.185:0] script '/domains/kandg-pc/api.php' not found or unable to stat
[Wed Jan 21 02:18:49.367572 2026] [php:error] [pid 28010] [client 4.197.162.185:0] script '/domains/kandg-pc/auth.php' not found or unable to stat
[Wed Jan 21 02:18:49.776942 2026] [php:error] [pid 28010] [client 4.197.162.185:0] script '/domains/kandg-pc/classwithtostring.php' not found or unable to stat
