[Wed Jan 21 03:05:58.673457 2026] [php:error] [pid 34441] [client 4.194.34.171:0] script '/domains/rfisher.dnai/wp-trackback.php' not found or unable to stat
[Wed Jan 21 03:05:58.921365 2026] [php:error] [pid 34441] [client 4.194.34.171:0] script '/domains/rfisher.dnai/wp-cron.php' not found or unable to stat
[Wed Jan 21 03:05:59.156745 2026] [php:error] [pid 34441] [client 4.194.34.171:0] script '/domains/rfisher.dnai/wp-load.php' not found or unable to stat
[Wed Jan 21 03:05:59.400778 2026] [php:error] [pid 34441] [client 4.194.34.171:0] script '/domains/rfisher.dnai/wp-mail.php' not found or unable to stat
[Wed Jan 21 03:05:59.655932 2026] [php:error] [pid 34441] [client 4.194.34.171:0] script '/domains/rfisher.dnai/wp-activate.php' not found or unable to stat
[Wed Jan 21 03:05:59.885004 2026] [php:error] [pid 34441] [client 4.194.34.171:0] script '/domains/rfisher.dnai/plugins.php' not found or unable to stat
[Wed Jan 21 03:06:00.115295 2026] [php:error] [pid 34441] [client 4.194.34.171:0] script '/domains/rfisher.dnai/admin.php' not found or unable to stat
[Wed Jan 21 03:06:00.344600 2026] [php:error] [pid 34441] [client 4.194.34.171:0] script '/domains/rfisher.dnai/atomlib.php' not found or unable to stat
[Wed Jan 21 03:06:00.578011 2026] [php:error] [pid 34441] [client 4.194.34.171:0] script '/domains/rfisher.dnai/simple.php' not found or unable to stat
[Wed Jan 21 03:06:00.815426 2026] [php:error] [pid 34441] [client 4.194.34.171:0] script '/domains/rfisher.dnai/log.php' not found or unable to stat
[Wed Jan 21 03:06:01.044780 2026] [php:error] [pid 34441] [client 4.194.34.171:0] script '/domains/rfisher.dnai/lufix.php' not found or unable to stat
[Wed Jan 21 03:06:01.274292 2026] [php:error] [pid 34441] [client 4.194.34.171:0] script '/domains/rfisher.dnai/content.php' not found or unable to stat
[Wed Jan 21 03:06:01.503728 2026] [php:error] [pid 34441] [client 4.194.34.171:0] script '/domains/rfisher.dnai/wp.php' not found or unable to stat
[Wed Jan 21 03:06:01.732974 2026] [php:error] [pid 34441] [client 4.194.34.171:0] script '/domains/rfisher.dnai/wp-conflg.php' not found or unable to stat
[Wed Jan 21 03:06:01.962823 2026] [php:error] [pid 34441] [client 4.194.34.171:0] script '/domains/rfisher.dnai/404.php' not found or unable to stat
[Wed Jan 21 03:06:02.197952 2026] [php:error] [pid 34441] [client 4.194.34.171:0] script '/domains/rfisher.dnai/updates.php' not found or unable to stat
[Wed Jan 21 03:06:02.434038 2026] [php:error] [pid 34441] [client 4.194.34.171:0] script '/domains/rfisher.dnai/radio.php' not found or unable to stat
[Wed Jan 21 03:06:02.663675 2026] [php:error] [pid 34441] [client 4.194.34.171:0] script '/domains/rfisher.dnai/xmrlpc.php' not found or unable to stat
[Wed Jan 21 03:06:02.898784 2026] [php:error] [pid 34441] [client 4.194.34.171:0] script '/domains/rfisher.dnai/moon.php' not found or unable to stat
[Wed Jan 21 03:06:03.138418 2026] [php:error] [pid 34441] [client 4.194.34.171:0] script '/domains/rfisher.dnai/blog.php' not found or unable to stat
[Wed Jan 21 03:06:03.367343 2026] [php:error] [pid 34441] [client 4.194.34.171:0] script '/domains/rfisher.dnai/themes.php' not found or unable to stat
[Wed Jan 21 03:06:03.616718 2026] [php:error] [pid 34441] [client 4.194.34.171:0] script '/domains/rfisher.dnai/ini.php' not found or unable to stat
[Wed Jan 21 03:06:03.846436 2026] [php:error] [pid 34441] [client 4.194.34.171:0] script '/domains/rfisher.dnai/as.php' not found or unable to stat
[Wed Jan 21 03:06:04.075742 2026] [php:error] [pid 34441] [client 4.194.34.171:0] script '/domains/rfisher.dnai/ws.php' not found or unable to stat
[Wed Jan 21 03:06:04.306145 2026] [php:error] [pid 34441] [client 4.194.34.171:0] script '/domains/rfisher.dnai/dropdown.php' not found or unable to stat
[Wed Jan 21 03:06:04.541520 2026] [php:error] [pid 34441] [client 4.194.34.171:0] script '/domains/rfisher.dnai/makeasmtp.php' not found or unable to stat
[Wed Jan 21 03:06:04.771130 2026] [php:error] [pid 34441] [client 4.194.34.171:0] script '/domains/rfisher.dnai/alfanew.php' not found or unable to stat
[Wed Jan 21 03:06:05.001212 2026] [php:error] [pid 34441] [client 4.194.34.171:0] script '/domains/rfisher.dnai/fw.php' not found or unable to stat
[Wed Jan 21 03:06:05.248776 2026] [php:error] [pid 34441] [client 4.194.34.171:0] script '/domains/rfisher.dnai/install.php' not found or unable to stat
[Wed Jan 21 03:06:05.478654 2026] [php:error] [pid 34441] [client 4.194.34.171:0] script '/domains/rfisher.dnai/chosen.php' not found or unable to stat
[Wed Jan 21 03:06:57.062280 2026] [php:error] [pid 34452] [client 104.167.19.190:0] script '/domains/piltdweb1/wp-login.php' not found or unable to stat
[Wed Jan 21 03:07:02.207987 2026] [php:error] [pid 34454] [client 65.52.167.153:0] script '/domains/ltemple/aa.php' not found or unable to stat
[Wed Jan 21 03:07:02.416139 2026] [php:error] [pid 34454] [client 65.52.167.153:0] script '/domains/ltemple/about.php' not found or unable to stat
[Wed Jan 21 03:07:02.626052 2026] [php:error] [pid 34454] [client 65.52.167.153:0] script '/domains/ltemple/adminfuns.php' not found or unable to stat
[Wed Jan 21 03:07:02.843107 2026] [php:error] [pid 34454] [client 65.52.167.153:0] script '/domains/ltemple/bolt.php' not found or unable to stat
[Wed Jan 21 03:07:03.067548 2026] [php:error] [pid 34454] [client 65.52.167.153:0] script '/domains/ltemple/buy.php' not found or unable to stat
[Wed Jan 21 03:07:03.275772 2026] [php:error] [pid 34454] [client 65.52.167.153:0] script '/domains/ltemple/goods.php' not found or unable to stat
[Wed Jan 21 03:07:03.483944 2026] [php:error] [pid 34454] [client 65.52.167.153:0] script '/domains/ltemple/deepseek_d.php' not found or unable to stat
[Wed Jan 21 03:07:03.692256 2026] [php:error] [pid 34454] [client 65.52.167.153:0] script '/domains/ltemple/file.php' not found or unable to stat
[Wed Jan 21 03:07:03.902004 2026] [php:error] [pid 34454] [client 65.52.167.153:0] script '/domains/ltemple/ioxi-o.php' not found or unable to stat
[Wed Jan 21 03:07:04.326651 2026] [php:error] [pid 34454] [client 65.52.167.153:0] script '/domains/ltemple/test1.php' not found or unable to stat
[Wed Jan 21 03:07:04.543600 2026] [php:error] [pid 34454] [client 65.52.167.153:0] script '/domains/ltemple/elp.php' not found or unable to stat
[Wed Jan 21 03:07:05.401251 2026] [php:error] [pid 34454] [client 65.52.167.153:0] script '/domains/ltemple/xmlrpc.php' not found or unable to stat
[Wed Jan 21 03:07:05.609351 2026] [php:error] [pid 34454] [client 65.52.167.153:0] script '/domains/ltemple/inputs.php' not found or unable to stat
[Wed Jan 21 03:07:05.825656 2026] [php:error] [pid 34454] [client 65.52.167.153:0] script '/domains/ltemple/classsmtps.php' not found or unable to stat
[Wed Jan 21 03:07:06.037135 2026] [php:error] [pid 34454] [client 65.52.167.153:0] script '/domains/ltemple/wp-trackback.php' not found or unable to stat
[Wed Jan 21 03:07:06.200279 2026] [php:error] [pid 34457] [client 216.26.254.19:0] script '/domains/piltdweb1/wp-login.php' not found or unable to stat
[Wed Jan 21 03:07:06.255354 2026] [php:error] [pid 34454] [client 65.52.167.153:0] script '/domains/ltemple/wp-cron.php' not found or unable to stat
[Wed Jan 21 03:07:06.463599 2026] [php:error] [pid 34454] [client 65.52.167.153:0] script '/domains/ltemple/wp-load.php' not found or unable to stat
[Wed Jan 21 03:07:06.671838 2026] [php:error] [pid 34454] [client 65.52.167.153:0] script '/domains/ltemple/wp-mail.php' not found or unable to stat
[Wed Jan 21 03:07:06.879959 2026] [php:error] [pid 34454] [client 65.52.167.153:0] script '/domains/ltemple/wp-activate.php' not found or unable to stat
[Wed Jan 21 03:07:07.111978 2026] [php:error] [pid 34454] [client 65.52.167.153:0] script '/domains/ltemple/plugins.php' not found or unable to stat
[Wed Jan 21 03:07:07.320297 2026] [php:error] [pid 34454] [client 65.52.167.153:0] script '/domains/ltemple/admin.php' not found or unable to stat
[Wed Jan 21 03:07:07.528544 2026] [php:error] [pid 34454] [client 65.52.167.153:0] script '/domains/ltemple/atomlib.php' not found or unable to stat
[Wed Jan 21 03:07:07.739621 2026] [php:error] [pid 34454] [client 65.52.167.153:0] script '/domains/ltemple/simple.php' not found or unable to stat
[Wed Jan 21 03:07:07.947736 2026] [php:error] [pid 34454] [client 65.52.167.153:0] script '/domains/ltemple/log.php' not found or unable to stat
[Wed Jan 21 03:07:08.174946 2026] [php:error] [pid 34454] [client 65.52.167.153:0] script '/domains/ltemple/lufix.php' not found or unable to stat
[Wed Jan 21 03:07:08.391549 2026] [php:error] [pid 34454] [client 65.52.167.153:0] script '/domains/ltemple/content.php' not found or unable to stat
[Wed Jan 21 03:07:08.601307 2026] [php:error] [pid 34454] [client 65.52.167.153:0] script '/domains/ltemple/wp.php' not found or unable to stat
[Wed Jan 21 03:07:08.809189 2026] [php:error] [pid 34454] [client 65.52.167.153:0] script '/domains/ltemple/wp-conflg.php' not found or unable to stat
[Wed Jan 21 03:07:09.017607 2026] [php:error] [pid 34454] [client 65.52.167.153:0] script '/domains/ltemple/404.php' not found or unable to stat
[Wed Jan 21 03:07:09.233323 2026] [php:error] [pid 34454] [client 65.52.167.153:0] script '/domains/ltemple/updates.php' not found or unable to stat
[Wed Jan 21 03:07:09.446062 2026] [php:error] [pid 34454] [client 65.52.167.153:0] script '/domains/ltemple/radio.php' not found or unable to stat
[Wed Jan 21 03:07:09.658971 2026] [php:error] [pid 34454] [client 65.52.167.153:0] script '/domains/ltemple/xmrlpc.php' not found or unable to stat
[Wed Jan 21 03:07:09.868253 2026] [php:error] [pid 34454] [client 65.52.167.153:0] script '/domains/ltemple/moon.php' not found or unable to stat
[Wed Jan 21 03:07:10.077581 2026] [php:error] [pid 34454] [client 65.52.167.153:0] script '/domains/ltemple/blog.php' not found or unable to stat
[Wed Jan 21 03:07:10.298055 2026] [php:error] [pid 34454] [client 65.52.167.153:0] script '/domains/ltemple/themes.php' not found or unable to stat
[Wed Jan 21 03:07:10.511452 2026] [php:error] [pid 34454] [client 65.52.167.153:0] script '/domains/ltemple/ini.php' not found or unable to stat
[Wed Jan 21 03:07:10.720937 2026] [php:error] [pid 34454] [client 65.52.167.153:0] script '/domains/ltemple/as.php' not found or unable to stat
[Wed Jan 21 03:07:10.929027 2026] [php:error] [pid 34454] [client 65.52.167.153:0] script '/domains/ltemple/ws.php' not found or unable to stat
[Wed Jan 21 03:07:11.143378 2026] [php:error] [pid 34454] [client 65.52.167.153:0] script '/domains/ltemple/dropdown.php' not found or unable to stat
[Wed Jan 21 03:07:11.351836 2026] [php:error] [pid 34454] [client 65.52.167.153:0] script '/domains/ltemple/makeasmtp.php' not found or unable to stat
[Wed Jan 21 03:07:11.560286 2026] [php:error] [pid 34454] [client 65.52.167.153:0] script '/domains/ltemple/alfanew.php' not found or unable to stat
[Wed Jan 21 03:07:11.768638 2026] [php:error] [pid 34454] [client 65.52.167.153:0] script '/domains/ltemple/fw.php' not found or unable to stat
[Wed Jan 21 03:07:11.976345 2026] [php:error] [pid 34454] [client 65.52.167.153:0] script '/domains/ltemple/install.php' not found or unable to stat
[Wed Jan 21 03:07:12.185777 2026] [php:error] [pid 34454] [client 65.52.167.153:0] script '/domains/ltemple/chosen.php' not found or unable to stat
[Wed Jan 21 03:07:45.546157 2026] [php:error] [pid 34462] [client 103.217.190.26:0] script '/domains/nostrada/admin.php' not found or unable to stat
[Wed Jan 21 03:07:57.188997 2026] [php:error] [pid 34454] [client 118.178.122.81:0] script '/domains/markrose/1234.php' not found or unable to stat, referer: http://www.zompist.com/1234.php
[Wed Jan 21 03:08:02.411433 2026] [php:error] [pid 34449] [client 65.52.167.153:0] script '/domains/perless2web/aa.php' not found or unable to stat
[Wed Jan 21 03:08:02.620501 2026] [php:error] [pid 34449] [client 65.52.167.153:0] script '/domains/perless2web/about.php' not found or unable to stat
[Wed Jan 21 03:08:02.835304 2026] [php:error] [pid 34449] [client 65.52.167.153:0] script '/domains/perless2web/adminfuns.php' not found or unable to stat
[Wed Jan 21 03:08:03.055970 2026] [php:error] [pid 34449] [client 65.52.167.153:0] script '/domains/perless2web/bolt.php' not found or unable to stat
[Wed Jan 21 03:08:03.268042 2026] [php:error] [pid 34449] [client 65.52.167.153:0] script '/domains/perless2web/buy.php' not found or unable to stat
[Wed Jan 21 03:08:03.476111 2026] [php:error] [pid 34449] [client 65.52.167.153:0] script '/domains/perless2web/goods.php' not found or unable to stat
[Wed Jan 21 03:08:03.696178 2026] [php:error] [pid 34449] [client 65.52.167.153:0] script '/domains/perless2web/deepseek_d.php' not found or unable to stat
[Wed Jan 21 03:08:03.904500 2026] [php:error] [pid 34449] [client 65.52.167.153:0] script '/domains/perless2web/file.php' not found or unable to stat
[Wed Jan 21 03:08:04.133501 2026] [php:error] [pid 34449] [client 65.52.167.153:0] script '/domains/perless2web/ioxi-o.php' not found or unable to stat
[Wed Jan 21 03:08:04.569592 2026] [php:error] [pid 34449] [client 65.52.167.153:0] script '/domains/perless2web/test1.php' not found or unable to stat
[Wed Jan 21 03:08:04.788735 2026] [php:error] [pid 34449] [client 65.52.167.153:0] script '/domains/perless2web/elp.php' not found or unable to stat
[Wed Jan 21 03:08:05.630542 2026] [php:error] [pid 34449] [client 65.52.167.153:0] script '/domains/perless2web/xmlrpc.php' not found or unable to stat
[Wed Jan 21 03:08:05.838437 2026] [php:error] [pid 34449] [client 65.52.167.153:0] script '/domains/perless2web/inputs.php' not found or unable to stat
[Wed Jan 21 03:08:06.046268 2026] [php:error] [pid 34449] [client 65.52.167.153:0] script '/domains/perless2web/classsmtps.php' not found or unable to stat
[Wed Jan 21 03:08:06.257306 2026] [php:error] [pid 34449] [client 65.52.167.153:0] script '/domains/perless2web/wp-trackback.php' not found or unable to stat
[Wed Jan 21 03:08:06.474244 2026] [php:error] [pid 34449] [client 65.52.167.153:0] script '/domains/perless2web/wp-cron.php' not found or unable to stat
[Wed Jan 21 03:08:06.686983 2026] [php:error] [pid 34449] [client 65.52.167.153:0] script '/domains/perless2web/wp-load.php' not found or unable to stat
[Wed Jan 21 03:08:06.902774 2026] [php:error] [pid 34449] [client 65.52.167.153:0] script '/domains/perless2web/wp-mail.php' not found or unable to stat
[Wed Jan 21 03:08:07.116261 2026] [php:error] [pid 34449] [client 65.52.167.153:0] script '/domains/perless2web/wp-activate.php' not found or unable to stat
[Wed Jan 21 03:08:07.324412 2026] [php:error] [pid 34449] [client 65.52.167.153:0] script '/domains/perless2web/plugins.php' not found or unable to stat
[Wed Jan 21 03:08:07.532251 2026] [php:error] [pid 34449] [client 65.52.167.153:0] script '/domains/perless2web/admin.php' not found or unable to stat
[Wed Jan 21 03:08:07.741159 2026] [php:error] [pid 34449] [client 65.52.167.153:0] script '/domains/perless2web/atomlib.php' not found or unable to stat
[Wed Jan 21 03:08:07.958577 2026] [php:error] [pid 34449] [client 65.52.167.153:0] script '/domains/perless2web/simple.php' not found or unable to stat
[Wed Jan 21 03:08:08.193088 2026] [php:error] [pid 34449] [client 65.52.167.153:0] script '/domains/perless2web/log.php' not found or unable to stat
[Wed Jan 21 03:08:08.402217 2026] [php:error] [pid 34449] [client 65.52.167.153:0] script '/domains/perless2web/lufix.php' not found or unable to stat
[Wed Jan 21 03:08:08.617328 2026] [php:error] [pid 34449] [client 65.52.167.153:0] script '/domains/perless2web/content.php' not found or unable to stat
[Wed Jan 21 03:08:08.843679 2026] [php:error] [pid 34449] [client 65.52.167.153:0] script '/domains/perless2web/wp.php' not found or unable to stat
[Wed Jan 21 03:08:09.051792 2026] [php:error] [pid 34449] [client 65.52.167.153:0] script '/domains/perless2web/wp-conflg.php' not found or unable to stat
[Wed Jan 21 03:08:09.259666 2026] [php:error] [pid 34449] [client 65.52.167.153:0] script '/domains/perless2web/404.php' not found or unable to stat
[Wed Jan 21 03:08:09.472301 2026] [php:error] [pid 34449] [client 65.52.167.153:0] script '/domains/perless2web/updates.php' not found or unable to stat
[Wed Jan 21 03:08:09.681296 2026] [php:error] [pid 34449] [client 65.52.167.153:0] script '/domains/perless2web/radio.php' not found or unable to stat
[Wed Jan 21 03:08:09.889467 2026] [php:error] [pid 34449] [client 65.52.167.153:0] script '/domains/perless2web/xmrlpc.php' not found or unable to stat
[Wed Jan 21 03:08:10.097491 2026] [php:error] [pid 34449] [client 65.52.167.153:0] script '/domains/perless2web/moon.php' not found or unable to stat
[Wed Jan 21 03:08:10.322012 2026] [php:error] [pid 34449] [client 65.52.167.153:0] script '/domains/perless2web/blog.php' not found or unable to stat
[Wed Jan 21 03:08:10.543710 2026] [php:error] [pid 34449] [client 65.52.167.153:0] script '/domains/perless2web/themes.php' not found or unable to stat
[Wed Jan 21 03:08:10.764502 2026] [php:error] [pid 34449] [client 65.52.167.153:0] script '/domains/perless2web/ini.php' not found or unable to stat
[Wed Jan 21 03:08:10.993660 2026] [php:error] [pid 34449] [client 65.52.167.153:0] script '/domains/perless2web/as.php' not found or unable to stat
[Wed Jan 21 03:08:11.212828 2026] [php:error] [pid 34449] [client 65.52.167.153:0] script '/domains/perless2web/ws.php' not found or unable to stat
[Wed Jan 21 03:08:11.437714 2026] [php:error] [pid 34449] [client 65.52.167.153:0] script '/domains/perless2web/dropdown.php' not found or unable to stat
[Wed Jan 21 03:08:11.645425 2026] [php:error] [pid 34449] [client 65.52.167.153:0] script '/domains/perless2web/makeasmtp.php' not found or unable to stat
[Wed Jan 21 03:08:11.855215 2026] [php:error] [pid 34449] [client 65.52.167.153:0] script '/domains/perless2web/alfanew.php' not found or unable to stat
[Wed Jan 21 03:08:12.063371 2026] [php:error] [pid 34449] [client 65.52.167.153:0] script '/domains/perless2web/fw.php' not found or unable to stat
[Wed Jan 21 03:08:12.293765 2026] [php:error] [pid 34449] [client 65.52.167.153:0] script '/domains/perless2web/install.php' not found or unable to stat
[Wed Jan 21 03:08:12.506083 2026] [php:error] [pid 34449] [client 65.52.167.153:0] script '/domains/perless2web/chosen.php' not found or unable to stat
[Wed Jan 21 03:10:26.443912 2026] [php:error] [pid 34480] [client 52.169.5.4:0] script '/domains/king1969/abouta.php' not found or unable to stat
[Wed Jan 21 03:10:26.516591 2026] [php:error] [pid 34480] [client 52.169.5.4:0] script '/domains/king1969/fclas.php' not found or unable to stat
[Wed Jan 21 03:10:26.589526 2026] [php:error] [pid 34480] [client 52.169.5.4:0] script '/domains/king1969/File.php' not found or unable to stat
[Wed Jan 21 03:10:26.662454 2026] [php:error] [pid 34480] [client 52.169.5.4:0] script '/domains/king1969/all.php' not found or unable to stat
[Wed Jan 21 03:10:26.735524 2026] [php:error] [pid 34480] [client 52.169.5.4:0] script '/domains/king1969/bbn.php' not found or unable to stat
[Wed Jan 21 03:10:26.808613 2026] [php:error] [pid 34480] [client 52.169.5.4:0] script '/domains/king1969/berlin.php' not found or unable to stat
[Wed Jan 21 03:10:26.881618 2026] [php:error] [pid 34480] [client 52.169.5.4:0] script '/domains/king1969/class-t.api.php' not found or unable to stat
[Wed Jan 21 03:10:26.954439 2026] [php:error] [pid 34480] [client 52.169.5.4:0] script '/domains/king1969/xz89.php' not found or unable to stat
[Wed Jan 21 03:10:27.027363 2026] [php:error] [pid 34480] [client 52.169.5.4:0] script '/domains/king1969/thai.php' not found or unable to stat
[Wed Jan 21 03:10:35.101332 2026] [php:error] [pid 34474] [client 45.148.10.160:0] script '/domains/memanuel/phpinfo.php' not found or unable to stat
[Wed Jan 21 03:10:49.587700 2026] [php:error] [pid 34474] [client 4.194.34.171:0] script '/domains/peterbmiller/2.php' not found or unable to stat
[Wed Jan 21 03:10:50.059481 2026] [php:error] [pid 34474] [client 4.194.34.171:0] script '/domains/peterbmiller/a.php' not found or unable to stat
[Wed Jan 21 03:10:50.295819 2026] [php:error] [pid 34474] [client 4.194.34.171:0] script '/domains/peterbmiller/aaa.php' not found or unable to stat
[Wed Jan 21 03:10:50.545476 2026] [php:error] [pid 34474] [client 4.194.34.171:0] script '/domains/peterbmiller/ab.php' not found or unable to stat
[Wed Jan 21 03:10:50.781587 2026] [php:error] [pid 34474] [client 4.194.34.171:0] script '/domains/peterbmiller/about.php' not found or unable to stat
[Wed Jan 21 03:10:51.252812 2026] [php:error] [pid 34474] [client 4.194.34.171:0] script '/domains/peterbmiller/alfa.php' not found or unable to stat
[Wed Jan 21 03:10:51.488447 2026] [php:error] [pid 34474] [client 4.194.34.171:0] script '/domains/peterbmiller/api.php' not found or unable to stat
[Wed Jan 21 03:10:51.724187 2026] [php:error] [pid 34474] [client 4.194.34.171:0] script '/domains/peterbmiller/auth.php' not found or unable to stat
[Wed Jan 21 03:10:52.198369 2026] [php:error] [pid 34474] [client 4.194.34.171:0] script '/domains/peterbmiller/classwithtostring.php' not found or unable to stat
[Wed Jan 21 03:10:52.433863 2026] [php:error] [pid 34474] [client 4.194.34.171:0] script '/domains/peterbmiller/contents.php' not found or unable to stat
[Wed Jan 21 03:10:52.904966 2026] [php:error] [pid 34474] [client 4.194.34.171:0] script '/domains/peterbmiller/default.php' not found or unable to stat
[Wed Jan 21 03:10:53.611990 2026] [php:error] [pid 34474] [client 4.194.34.171:0] script '/domains/peterbmiller/favicon.php' not found or unable to stat
[Wed Jan 21 03:10:53.854890 2026] [php:error] [pid 34474] [client 4.194.34.171:0] script '/domains/peterbmiller/hehe.php' not found or unable to stat
[Wed Jan 21 03:10:54.334432 2026] [php:error] [pid 34474] [client 4.194.34.171:0] script '/domains/peterbmiller/index.php' not found or unable to stat
[Wed Jan 21 03:10:54.570658 2026] [php:error] [pid 34474] [client 4.194.34.171:0] script '/domains/peterbmiller/info.php' not found or unable to stat
[Wed Jan 21 03:10:54.809438 2026] [php:error] [pid 34474] [client 4.194.34.171:0] script '/domains/peterbmiller/k.php' not found or unable to stat
[Wed Jan 21 03:10:55.046241 2026] [php:error] [pid 34474] [client 4.194.34.171:0] script '/domains/peterbmiller/lock360.php' not found or unable to stat
[Wed Jan 21 03:10:55.283079 2026] [php:error] [pid 34474] [client 4.194.34.171:0] script '/domains/peterbmiller/log.php' not found or unable to stat
[Wed Jan 21 03:10:55.520211 2026] [php:error] [pid 34474] [client 4.194.34.171:0] script '/domains/peterbmiller/man.php' not found or unable to stat
[Wed Jan 21 03:10:55.991305 2026] [php:error] [pid 34474] [client 4.194.34.171:0] script '/domains/peterbmiller/post.php' not found or unable to stat
[Wed Jan 21 03:10:56.463787 2026] [php:error] [pid 34474] [client 4.194.34.171:0] script '/domains/peterbmiller/root.php' not found or unable to stat
[Wed Jan 21 03:10:56.703829 2026] [php:error] [pid 34474] [client 4.194.34.171:0] script '/domains/peterbmiller/shellv3.php' not found or unable to stat
[Wed Jan 21 03:10:57.177127 2026] [php:error] [pid 34474] [client 4.194.34.171:0] script '/domains/peterbmiller/system.php' not found or unable to stat
[Wed Jan 21 03:10:57.412597 2026] [php:error] [pid 34474] [client 4.194.34.171:0] script '/domains/peterbmiller/test.php' not found or unable to stat
[Wed Jan 21 03:10:57.648667 2026] [php:error] [pid 34474] [client 4.194.34.171:0] script '/domains/peterbmiller/theme.php' not found or unable to stat
[Wed Jan 21 03:10:57.884140 2026] [php:error] [pid 34474] [client 4.194.34.171:0] script '/domains/peterbmiller/wp-activat.php' not found or unable to stat
[Wed Jan 21 03:10:58.119823 2026] [php:error] [pid 34474] [client 4.194.34.171:0] script '/domains/peterbmiller/wp-admin.php' not found or unable to stat
[Wed Jan 21 03:10:59.306339 2026] [php:error] [pid 34474] [client 4.194.34.171:0] script '/domains/peterbmiller/wp-blog.php' not found or unable to stat
[Wed Jan 21 03:10:59.543513 2026] [php:error] [pid 34474] [client 4.194.34.171:0] script '/domains/peterbmiller/wp-conf.php' not found or unable to stat
[Wed Jan 21 03:11:01.904882 2026] [php:error] [pid 34474] [client 4.194.34.171:0] script '/domains/peterbmiller/wp-file.php' not found or unable to stat
[Wed Jan 21 03:11:02.140645 2026] [php:error] [pid 34474] [client 4.194.34.171:0] script '/domains/peterbmiller/wp-include.php' not found or unable to stat
[Wed Jan 21 03:11:04.740948 2026] [php:error] [pid 34474] [client 4.194.34.171:0] script '/domains/peterbmiller/wp-logs.php' not found or unable to stat
[Wed Jan 21 03:11:04.984319 2026] [php:error] [pid 34474] [client 4.194.34.171:0] script '/domains/peterbmiller/xmlrpc.php' not found or unable to stat
[Wed Jan 21 03:11:07.110572 2026] [php:error] [pid 34474] [client 4.194.34.171:0] script '/domains/peterbmiller/WSO.php' not found or unable to stat
[Wed Jan 21 03:11:11.671720 2026] [php:error] [pid 34474] [client 4.194.34.171:0] script '/domains/peterbmiller/goods.php' not found or unable to stat
[Wed Jan 21 03:11:11.811997 2026] [php:error] [pid 34500] [client 4.194.34.171:0] script '/domains/tmandel/WSO.php' not found or unable to stat
[Wed Jan 21 03:11:12.053864 2026] [php:error] [pid 34500] [client 4.194.34.171:0] script '/domains/tmandel/a.php' not found or unable to stat
[Wed Jan 21 03:11:12.292438 2026] [php:error] [pid 34500] [client 4.194.34.171:0] script '/domains/tmandel/aa.php' not found or unable to stat
[Wed Jan 21 03:11:12.529689 2026] [php:error] [pid 34500] [client 4.194.34.171:0] script '/domains/tmandel/aaa.php' not found or unable to stat
[Wed Jan 21 03:11:12.771447 2026] [php:error] [pid 34500] [client 4.194.34.171:0] script '/domains/tmandel/ab.php' not found or unable to stat
[Wed Jan 21 03:11:13.002290 2026] [php:error] [pid 34500] [client 4.194.34.171:0] script '/domains/tmandel/lock360.php' not found or unable to stat
[Wed Jan 21 03:11:13.328029 2026] [php:error] [pid 34474] [client 4.194.34.171:0] script '/domains/peterbmiller/edit.php' not found or unable to stat
[Wed Jan 21 03:11:13.486193 2026] [php:error] [pid 34500] [client 4.194.34.171:0] script '/domains/tmandel/file5.php' not found or unable to stat
[Wed Jan 21 03:11:13.717041 2026] [php:error] [pid 34499] [client 4.197.162.185:0] script '/domains/braniff/aa.php' not found or unable to stat
[Wed Jan 21 03:11:13.721086 2026] [php:error] [pid 34500] [client 4.194.34.171:0] script '/domains/tmandel/sitemaps.php' not found or unable to stat
[Wed Jan 21 03:11:13.913994 2026] [php:error] [pid 34499] [client 4.197.162.185:0] script '/domains/braniff/about.php' not found or unable to stat
[Wed Jan 21 03:11:14.012065 2026] [php:error] [pid 34500] [client 4.194.34.171:0] script '/domains/tmandel/ioxi-o.php' not found or unable to stat
[Wed Jan 21 03:11:14.017571 2026] [php:error] [pid 34504] [client 4.194.34.171:0] script '/domains/peterbmiller/file5.php' not found or unable to stat
[Wed Jan 21 03:11:14.110766 2026] [php:error] [pid 34499] [client 4.197.162.185:0] script '/domains/braniff/adminfuns.php' not found or unable to stat
[Wed Jan 21 03:11:14.258884 2026] [php:error] [pid 34500] [client 4.194.34.171:0] script '/domains/tmandel/load.php' not found or unable to stat
[Wed Jan 21 03:11:14.310996 2026] [php:error] [pid 34499] [client 4.197.162.185:0] script '/domains/braniff/bolt.php' not found or unable to stat
[Wed Jan 21 03:11:14.512803 2026] [php:error] [pid 34499] [client 4.197.162.185:0] script '/domains/braniff/buy.php' not found or unable to stat
[Wed Jan 21 03:11:14.530392 2026] [php:error] [pid 34500] [client 4.194.34.171:0] script '/domains/tmandel/k.php' not found or unable to stat
[Wed Jan 21 03:11:14.709511 2026] [php:error] [pid 34499] [client 4.197.162.185:0] script '/domains/braniff/goods.php' not found or unable to stat
[Wed Jan 21 03:11:14.848815 2026] [php:error] [pid 34500] [client 4.194.34.171:0] script '/domains/tmandel/autoload_classmap.php' not found or unable to stat
[Wed Jan 21 03:11:14.919511 2026] [php:error] [pid 34499] [client 4.197.162.185:0] script '/domains/braniff/deepseek_d.php' not found or unable to stat
[Wed Jan 21 03:11:14.934726 2026] [php:error] [pid 34504] [client 4.194.34.171:0] script '/domains/peterbmiller/aa.php' not found or unable to stat
[Wed Jan 21 03:11:15.082068 2026] [php:error] [pid 34500] [client 4.194.34.171:0] script '/domains/tmandel/post.php' not found or unable to stat
[Wed Jan 21 03:11:15.115959 2026] [php:error] [pid 34499] [client 4.197.162.185:0] script '/domains/braniff/file.php' not found or unable to stat
[Wed Jan 21 03:11:15.312951 2026] [php:error] [pid 34499] [client 4.197.162.185:0] script '/domains/braniff/ioxi-o.php' not found or unable to stat
[Wed Jan 21 03:11:15.391097 2026] [php:error] [pid 34500] [client 4.194.34.171:0] script '/domains/tmandel/1.php' not found or unable to stat
[Wed Jan 21 03:11:15.669110 2026] [php:error] [pid 34500] [client 4.194.34.171:0] script '/domains/tmandel/flower.php' not found or unable to stat
[Wed Jan 21 03:11:15.709935 2026] [php:error] [pid 34499] [client 4.197.162.185:0] script '/domains/braniff/test1.php' not found or unable to stat
[Wed Jan 21 03:11:15.906898 2026] [php:error] [pid 34499] [client 4.197.162.185:0] script '/domains/braniff/elp.php' not found or unable to stat
[Wed Jan 21 03:11:16.055830 2026] [php:error] [pid 34500] [client 4.194.34.171:0] script '/domains/tmandel/admin.php' not found or unable to stat
[Wed Jan 21 03:11:16.292682 2026] [php:error] [pid 34500] [client 4.194.34.171:0] script '/domains/tmandel/file.php' not found or unable to stat
[Wed Jan 21 03:11:16.527304 2026] [php:error] [pid 34500] [client 4.194.34.171:0] script '/domains/tmandel/default.php' not found or unable to stat
[Wed Jan 21 03:11:16.704420 2026] [php:error] [pid 34499] [client 4.197.162.185:0] script '/domains/braniff/xmlrpc.php' not found or unable to stat
[Wed Jan 21 03:11:16.760779 2026] [php:error] [pid 34500] [client 4.194.34.171:0] script '/domains/tmandel/defaults.php' not found or unable to stat
[Wed Jan 21 03:11:16.901832 2026] [php:error] [pid 34499] [client 4.197.162.185:0] script '/domains/braniff/inputs.php' not found or unable to stat
[Wed Jan 21 03:11:17.004392 2026] [php:error] [pid 34500] [client 4.194.34.171:0] script '/domains/tmandel/meta.php' not found or unable to stat
[Wed Jan 21 03:11:17.016490 2026] [php:error] [pid 34504] [client 4.194.34.171:0] script '/domains/peterbmiller/autoload_classmap.php' not found or unable to stat
[Wed Jan 21 03:11:17.098416 2026] [php:error] [pid 34499] [client 4.197.162.185:0] script '/domains/braniff/classsmtps.php' not found or unable to stat
[Wed Jan 21 03:11:17.235874 2026] [php:error] [pid 34500] [client 4.194.34.171:0] script '/domains/tmandel/index.php' not found or unable to stat
[Wed Jan 21 03:11:17.303800 2026] [php:error] [pid 34499] [client 4.197.162.185:0] script '/domains/braniff/wp-trackback.php' not found or unable to stat
[Wed Jan 21 03:11:17.476825 2026] [php:error] [pid 34500] [client 4.194.34.171:0] script '/domains/tmandel/yindu.php' not found or unable to stat
[Wed Jan 21 03:11:17.500183 2026] [php:error] [pid 34499] [client 4.197.162.185:0] script '/domains/braniff/wp-cron.php' not found or unable to stat
[Wed Jan 21 03:11:17.697294 2026] [php:error] [pid 34499] [client 4.197.162.185:0] script '/domains/braniff/wp-load.php' not found or unable to stat
[Wed Jan 21 03:11:17.774733 2026] [php:error] [pid 34500] [client 4.194.34.171:0] script '/domains/tmandel/about.php' not found or unable to stat
[Wed Jan 21 03:11:17.898489 2026] [php:error] [pid 34499] [client 4.197.162.185:0] script '/domains/braniff/wp-mail.php' not found or unable to stat
[Wed Jan 21 03:11:18.056909 2026] [php:error] [pid 34500] [client 4.194.34.171:0] script '/domains/tmandel/randkeyword.php' not found or unable to stat
[Wed Jan 21 03:11:18.096551 2026] [php:error] [pid 34499] [client 4.197.162.185:0] script '/domains/braniff/wp-activate.php' not found or unable to stat
[Wed Jan 21 03:11:18.293286 2026] [php:error] [pid 34499] [client 4.197.162.185:0] script '/domains/braniff/plugins.php' not found or unable to stat
[Wed Jan 21 03:11:18.311145 2026] [php:error] [pid 34500] [client 4.194.34.171:0] script '/domains/tmandel/goods.php' not found or unable to stat
[Wed Jan 21 03:11:18.489785 2026] [php:error] [pid 34499] [client 4.197.162.185:0] script '/domains/braniff/admin.php' not found or unable to stat
[Wed Jan 21 03:11:18.548807 2026] [php:error] [pid 34500] [client 4.194.34.171:0] script '/domains/tmandel/hehe.php' not found or unable to stat
[Wed Jan 21 03:11:18.697130 2026] [php:error] [pid 34499] [client 4.197.162.185:0] script '/domains/braniff/atomlib.php' not found or unable to stat
[Wed Jan 21 03:11:18.788582 2026] [php:error] [pid 34500] [client 4.194.34.171:0] script '/domains/tmandel/user.php' not found or unable to stat
[Wed Jan 21 03:11:18.893608 2026] [php:error] [pid 34499] [client 4.197.162.185:0] script '/domains/braniff/simple.php' not found or unable to stat
[Wed Jan 21 03:11:19.032489 2026] [php:error] [pid 34500] [client 4.194.34.171:0] script '/domains/tmandel/wp-2019.php' not found or unable to stat
[Wed Jan 21 03:11:19.090017 2026] [php:error] [pid 34499] [client 4.197.162.185:0] script '/domains/braniff/log.php' not found or unable to stat
[Wed Jan 21 03:11:19.277116 2026] [php:error] [pid 34500] [client 4.194.34.171:0] script '/domains/tmandel/chosen.php' not found or unable to stat
[Wed Jan 21 03:11:19.300391 2026] [php:error] [pid 34499] [client 4.197.162.185:0] script '/domains/braniff/lufix.php' not found or unable to stat
[Wed Jan 21 03:11:19.497222 2026] [php:error] [pid 34499] [client 4.197.162.185:0] script '/domains/braniff/content.php' not found or unable to stat
[Wed Jan 21 03:11:19.514711 2026] [php:error] [pid 34500] [client 4.194.34.171:0] script '/domains/tmandel/functions.php' not found or unable to stat
[Wed Jan 21 03:11:19.694552 2026] [php:error] [pid 34499] [client 4.197.162.185:0] script '/domains/braniff/wp.php' not found or unable to stat
[Wed Jan 21 03:11:19.761023 2026] [php:error] [pid 34500] [client 4.194.34.171:0] script '/domains/tmandel/cron.php' not found or unable to stat
[Wed Jan 21 03:11:19.891495 2026] [php:error] [pid 34499] [client 4.197.162.185:0] script '/domains/braniff/wp-conflg.php' not found or unable to stat
[Wed Jan 21 03:11:20.004610 2026] [php:error] [pid 34500] [client 4.194.34.171:0] script '/domains/tmandel/edit.php' not found or unable to stat
[Wed Jan 21 03:11:20.005204 2026] [php:error] [pid 34504] [client 4.194.34.171:0] script '/domains/peterbmiller/file.php' not found or unable to stat
[Wed Jan 21 03:11:20.088523 2026] [php:error] [pid 34499] [client 4.197.162.185:0] script '/domains/braniff/404.php' not found or unable to stat
[Wed Jan 21 03:11:20.252294 2026] [php:error] [pid 34500] [client 4.194.34.171:0] script '/domains/tmandel/gecko-new.php' not found or unable to stat
[Wed Jan 21 03:11:20.285422 2026] [php:error] [pid 34499] [client 4.197.162.185:0] script '/domains/braniff/updates.php' not found or unable to stat
[Wed Jan 21 03:11:20.481912 2026] [php:error] [pid 34499] [client 4.197.162.185:0] script '/domains/braniff/radio.php' not found or unable to stat
[Wed Jan 21 03:11:20.505295 2026] [php:error] [pid 34500] [client 4.194.34.171:0] script '/domains/tmandel/cookie.php' not found or unable to stat
[Wed Jan 21 03:11:20.682373 2026] [php:error] [pid 34499] [client 4.197.162.185:0] script '/domains/braniff/xmrlpc.php' not found or unable to stat
[Wed Jan 21 03:11:20.747493 2026] [php:error] [pid 34500] [client 4.194.34.171:0] script '/domains/tmandel/xleet.php' not found or unable to stat
[Wed Jan 21 03:11:20.878936 2026] [php:error] [pid 34499] [client 4.197.162.185:0] script '/domains/braniff/moon.php' not found or unable to stat
[Wed Jan 21 03:11:20.988484 2026] [php:error] [pid 34500] [client 4.194.34.171:0] script '/domains/tmandel/spip.php' not found or unable to stat
[Wed Jan 21 03:11:21.075858 2026] [php:error] [pid 34499] [client 4.197.162.185:0] script '/domains/braniff/blog.php' not found or unable to stat
[Wed Jan 21 03:11:21.219433 2026] [php:error] [pid 34500] [client 4.194.34.171:0] script '/domains/tmandel/22.php' not found or unable to stat
[Wed Jan 21 03:11:21.272457 2026] [php:error] [pid 34499] [client 4.197.162.185:0] script '/domains/braniff/themes.php' not found or unable to stat
[Wed Jan 21 03:11:21.385729 2026] [php:error] [pid 34504] [client 4.194.34.171:0] script '/domains/peterbmiller/inputs.php' not found or unable to stat
[Wed Jan 21 03:11:21.458220 2026] [php:error] [pid 34500] [client 4.194.34.171:0] script '/domains/tmandel/room.php' not found or unable to stat
[Wed Jan 21 03:11:21.474209 2026] [php:error] [pid 34499] [client 4.197.162.185:0] script '/domains/braniff/ini.php' not found or unable to stat
[Wed Jan 21 03:11:21.671206 2026] [php:error] [pid 34499] [client 4.197.162.185:0] script '/domains/braniff/as.php' not found or unable to stat
[Wed Jan 21 03:11:21.696785 2026] [php:error] [pid 34500] [client 4.194.34.171:0] script '/domains/tmandel/disagreed.php' not found or unable to stat
[Wed Jan 21 03:11:21.867701 2026] [php:error] [pid 34499] [client 4.197.162.185:0] script '/domains/braniff/ws.php' not found or unable to stat
[Wed Jan 21 03:11:21.957767 2026] [php:error] [pid 34500] [client 4.194.34.171:0] script '/domains/tmandel/text.php' not found or unable to stat
[Wed Jan 21 03:11:22.069858 2026] [php:error] [pid 34499] [client 4.197.162.185:0] script '/domains/braniff/dropdown.php' not found or unable to stat
[Wed Jan 21 03:11:22.075901 2026] [php:error] [pid 34504] [client 4.194.34.171:0] script '/domains/peterbmiller/1.php' not found or unable to stat
[Wed Jan 21 03:11:22.250069 2026] [php:error] [pid 34500] [client 4.194.34.171:0] script '/domains/tmandel/alfa-rex.php' not found or unable to stat
[Wed Jan 21 03:11:22.268377 2026] [php:error] [pid 34499] [client 4.197.162.185:0] script '/domains/braniff/makeasmtp.php' not found or unable to stat
[Wed Jan 21 03:11:22.466144 2026] [php:error] [pid 34499] [client 4.197.162.185:0] script '/domains/braniff/alfanew.php' not found or unable to stat
[Wed Jan 21 03:11:22.663141 2026] [php:error] [pid 34499] [client 4.197.162.185:0] script '/domains/braniff/fw.php' not found or unable to stat
[Wed Jan 21 03:11:22.753324 2026] [php:error] [pid 34500] [client 4.194.34.171:0] script '/domains/tmandel/feeds.php' not found or unable to stat
[Wed Jan 21 03:11:22.866551 2026] [php:error] [pid 34499] [client 4.197.162.185:0] script '/domains/braniff/install.php' not found or unable to stat
[Wed Jan 21 03:11:22.993528 2026] [php:error] [pid 34500] [client 4.194.34.171:0] script '/domains/tmandel/radio.php' not found or unable to stat
[Wed Jan 21 03:11:23.064482 2026] [php:error] [pid 34499] [client 4.197.162.185:0] script '/domains/braniff/chosen.php' not found or unable to stat
[Wed Jan 21 03:11:23.226344 2026] [php:error] [pid 34500] [client 4.194.34.171:0] script '/domains/tmandel/dropdown.php' not found or unable to stat
[Wed Jan 21 03:11:23.462308 2026] [php:error] [pid 34500] [client 4.194.34.171:0] script '/domains/tmandel/defaults.php' not found or unable to stat
[Wed Jan 21 03:11:23.711368 2026] [php:error] [pid 34500] [client 4.194.34.171:0] script '/domains/tmandel/system.php' not found or unable to stat
[Wed Jan 21 03:11:23.949855 2026] [php:error] [pid 34500] [client 4.194.34.171:0] script '/domains/tmandel/xmlrpc.php' not found or unable to stat
[Wed Jan 21 03:11:24.127802 2026] [php:error] [pid 34489] [client 20.196.90.228:0] script '/domains/dcarlone/ioxi-o.php' not found or unable to stat
[Wed Jan 21 03:11:24.317807 2026] [php:error] [pid 34489] [client 20.196.90.228:0] script '/domains/dcarlone/0x.php' not found or unable to stat
[Wed Jan 21 03:11:24.415177 2026] [php:error] [pid 34500] [client 4.194.34.171:0] script '/domains/tmandel/colors.php' not found or unable to stat
[Wed Jan 21 03:11:24.507261 2026] [php:error] [pid 34489] [client 20.196.90.228:0] script '/domains/dcarlone/222.php' not found or unable to stat
[Wed Jan 21 03:11:24.656030 2026] [php:error] [pid 34500] [client 4.194.34.171:0] script '/domains/tmandel/updates.php' not found or unable to stat
[Wed Jan 21 03:11:24.696776 2026] [php:error] [pid 34489] [client 20.196.90.228:0] script '/domains/dcarlone/aa.php' not found or unable to stat
[Wed Jan 21 03:11:24.886297 2026] [php:error] [pid 34489] [client 20.196.90.228:0] script '/domains/dcarlone/abcd.php' not found or unable to stat
[Wed Jan 21 03:11:24.961265 2026] [php:error] [pid 34500] [client 4.194.34.171:0] script '/domains/tmandel/alfa-rex1.php' not found or unable to stat
[Wed Jan 21 03:11:25.076945 2026] [php:error] [pid 34489] [client 20.196.90.228:0] script '/domains/dcarlone/admin.php' not found or unable to stat
[Wed Jan 21 03:11:25.258954 2026] [php:error] [pid 34500] [client 4.194.34.171:0] script '/domains/tmandel/wp-index.php' not found or unable to stat
[Wed Jan 21 03:11:25.476030 2026] [php:error] [pid 34489] [client 20.196.90.228:0] script '/domains/dcarlone/adminfuns.php' not found or unable to stat
[Wed Jan 21 03:11:25.532339 2026] [php:error] [pid 34500] [client 4.194.34.171:0] script '/domains/tmandel/wp-admin.php' not found or unable to stat
[Wed Jan 21 03:11:25.665933 2026] [php:error] [pid 34489] [client 20.196.90.228:0] script '/domains/dcarlone/akc.php' not found or unable to stat
[Wed Jan 21 03:11:25.855702 2026] [php:error] [pid 34489] [client 20.196.90.228:0] script '/domains/dcarlone/buy.php' not found or unable to stat
[Wed Jan 21 03:11:25.865712 2026] [php:error] [pid 34500] [client 4.194.34.171:0] script '/domains/tmandel/alfa.php' not found or unable to stat
[Wed Jan 21 03:11:26.052497 2026] [php:error] [pid 34489] [client 20.196.90.228:0] script '/domains/dcarlone/cong.php' not found or unable to stat
[Wed Jan 21 03:11:26.243233 2026] [php:error] [pid 34489] [client 20.196.90.228:0] script '/domains/dcarlone/ioxi-o.php' not found or unable to stat
[Wed Jan 21 03:11:26.434836 2026] [php:error] [pid 34500] [client 4.194.34.171:0] script '/domains/tmandel/locale.php' not found or unable to stat
[Wed Jan 21 03:11:26.453494 2026] [php:error] [pid 34504] [client 4.194.34.171:0] script '/domains/peterbmiller/flower.php' not found or unable to stat
[Wed Jan 21 03:11:26.632106 2026] [php:error] [pid 34489] [client 20.196.90.228:0] script '/domains/dcarlone/db.php' not found or unable to stat
[Wed Jan 21 03:11:26.822178 2026] [php:error] [pid 34489] [client 20.196.90.228:0] script '/domains/dcarlone/dropdown.php' not found or unable to stat
[Wed Jan 21 03:11:27.018771 2026] [php:error] [pid 34489] [client 20.196.90.228:0] script '/domains/dcarlone/file.php' not found or unable to stat
[Wed Jan 21 03:11:27.081066 2026] [php:error] [pid 34500] [client 4.194.34.171:0] script '/domains/tmandel/wxo.php' not found or unable to stat
[Wed Jan 21 03:11:27.208457 2026] [php:error] [pid 34489] [client 20.196.90.228:0] script '/domains/dcarlone/goods.php' not found or unable to stat
[Wed Jan 21 03:11:27.321722 2026] [php:error] [pid 34500] [client 4.194.34.171:0] script '/domains/tmandel/colour.php' not found or unable to stat
[Wed Jan 21 03:11:27.398456 2026] [php:error] [pid 34489] [client 20.196.90.228:0] script '/domains/dcarlone/hplfuns.php' not found or unable to stat
[Wed Jan 21 03:11:27.588291 2026] [php:error] [pid 34489] [client 20.196.90.228:0] script '/domains/dcarlone/htaccess.php' not found or unable to stat
[Wed Jan 21 03:11:27.686854 2026] [php:error] [pid 34500] [client 4.194.34.171:0] script '/domains/tmandel/files.php' not found or unable to stat
[Wed Jan 21 03:11:27.779097 2026] [php:error] [pid 34489] [client 20.196.90.228:0] script '/domains/dcarlone/images/wso.php' not found or unable to stat
[Wed Jan 21 03:11:27.988826 2026] [php:error] [pid 34500] [client 4.194.34.171:0] script '/domains/tmandel/install.php' not found or unable to stat
[Wed Jan 21 03:11:28.164820 2026] [php:error] [pid 34489] [client 20.196.90.228:0] script '/domains/dcarlone/info.php' not found or unable to stat
[Wed Jan 21 03:11:28.354921 2026] [php:error] [pid 34489] [client 20.196.90.228:0] script '/domains/dcarlone/profile.php' not found or unable to stat
[Wed Jan 21 03:11:28.357675 2026] [php:error] [pid 34500] [client 4.194.34.171:0] script '/domains/tmandel/wp-contentt.php' not found or unable to stat
[Wed Jan 21 03:11:28.546033 2026] [php:error] [pid 34489] [client 20.196.90.228:0] script '/domains/dcarlone/sx.php' not found or unable to stat
[Wed Jan 21 03:11:28.842958 2026] [php:error] [pid 34500] [client 4.194.34.171:0] script '/domains/tmandel/config.php' not found or unable to stat
[Wed Jan 21 03:11:29.082467 2026] [php:error] [pid 34500] [client 4.194.34.171:0] script '/domains/tmandel/theme.php' not found or unable to stat
[Wed Jan 21 03:11:29.315207 2026] [php:error] [pid 34500] [client 4.194.34.171:0] script '/domains/tmandel/block-bindings.php' not found or unable to stat
[Wed Jan 21 03:11:29.553619 2026] [php:error] [pid 34500] [client 4.194.34.171:0] script '/domains/tmandel/class_api.php' not found or unable to stat
[Wed Jan 21 03:11:29.800543 2026] [php:error] [pid 34500] [client 4.194.34.171:0] script '/domains/tmandel/inputs.php' not found or unable to stat
[Wed Jan 21 03:11:30.047099 2026] [php:error] [pid 34500] [client 4.194.34.171:0] script '/domains/tmandel/root.php' not found or unable to stat
[Wed Jan 21 03:11:30.297551 2026] [php:error] [pid 34500] [client 4.194.34.171:0] script '/domains/tmandel/menu.php' not found or unable to stat
[Wed Jan 21 03:11:30.344948 2026] [php:error] [pid 34504] [client 4.194.34.171:0] script '/domains/peterbmiller/ioxi-o.php' not found or unable to stat
[Wed Jan 21 03:11:30.545648 2026] [php:error] [pid 34500] [client 4.194.34.171:0] script '/domains/tmandel/plugin.php' not found or unable to stat
[Wed Jan 21 03:11:30.573281 2026] [php:error] [pid 34504] [client 4.194.34.171:0] script '/domains/peterbmiller/radio.php' not found or unable to stat
[Wed Jan 21 03:11:30.793064 2026] [php:error] [pid 34500] [client 4.194.34.171:0] script '/domains/tmandel/cloud.php' not found or unable to stat
[Wed Jan 21 03:11:31.052649 2026] [php:error] [pid 34500] [client 4.194.34.171:0] script '/domains/tmandel/configs.php' not found or unable to stat
[Wed Jan 21 03:11:31.285881 2026] [php:error] [pid 34500] [client 4.194.34.171:0] script '/domains/tmandel/wp-configs.php' not found or unable to stat
[Wed Jan 21 03:11:31.524998 2026] [php:error] [pid 34500] [client 4.194.34.171:0] script '/domains/tmandel/update.php' not found or unable to stat
[Wed Jan 21 03:11:31.772387 2026] [php:error] [pid 34500] [client 4.194.34.171:0] script '/domains/tmandel/2.php' not found or unable to stat
[Wed Jan 21 03:11:31.946034 2026] [php:error] [pid 34504] [client 4.194.34.171:0] script '/domains/peterbmiller/admin.php' not found or unable to stat
[Wed Jan 21 03:11:32.012863 2026] [php:error] [pid 34500] [client 4.194.34.171:0] script '/domains/tmandel/input.php' not found or unable to stat
[Wed Jan 21 03:11:32.174073 2026] [php:error] [pid 34504] [client 4.194.34.171:0] script '/domains/peterbmiller/functions.php' not found or unable to stat
[Wed Jan 21 03:11:32.259288 2026] [php:error] [pid 34500] [client 4.194.34.171:0] script '/domains/tmandel/aaa.php' not found or unable to stat
[Wed Jan 21 03:11:32.548651 2026] [php:error] [pid 34489] [client 20.196.90.228:0] script '/domains/dcarlone/wp-fclass.php' not found or unable to stat
[Wed Jan 21 03:11:35.818998 2026] [php:error] [pid 34489] [client 20.196.90.228:0] script '/domains/dcarlone/wp-themes.php' not found or unable to stat
[Wed Jan 21 03:11:36.018481 2026] [php:error] [pid 34489] [client 20.196.90.228:0] script '/domains/dcarlone/xmlrpc.php' not found or unable to stat
[Wed Jan 21 03:11:44.893190 2026] [php:error] [pid 34489] [client 45.148.10.160:0] script '/domains/memanuel/_phpinfo.php' not found or unable to stat
[Wed Jan 21 03:11:49.153394 2026] [php:error] [pid 34474] [client 34.26.4.233:0] script '/domains/nostrada/xmlrpc.php' not found or unable to stat
[Wed Jan 21 03:11:49.329617 2026] [php:error] [pid 34510] [client 45.148.10.160:0] script '/domains/memanuel/_phpinfo.php' not found or unable to stat
[Wed Jan 21 03:12:06.246098 2026] [php:error] [pid 34520] [client 4.190.210.95:0] script '/domains/system_default/WSO.php' not found or unable to stat
[Wed Jan 21 03:12:09.460830 2026] [php:error] [pid 34520] [client 4.190.210.95:0] script '/domains/system_default/goods.php' not found or unable to stat
[Wed Jan 21 03:12:10.652767 2026] [php:error] [pid 34520] [client 4.190.210.95:0] script '/domains/system_default/edit.php' not found or unable to stat
[Wed Jan 21 03:12:10.818434 2026] [php:error] [pid 34520] [client 4.190.210.95:0] script '/domains/system_default/file5.php' not found or unable to stat
[Wed Jan 21 03:12:11.503858 2026] [php:error] [pid 34520] [client 4.190.210.95:0] script '/domains/system_default/aa.php' not found or unable to stat
[Wed Jan 21 03:12:13.056330 2026] [php:error] [pid 34520] [client 4.190.210.95:0] script '/domains/system_default/autoload_classmap.php' not found or unable to stat
[Wed Jan 21 03:12:15.387783 2026] [php:error] [pid 34520] [client 4.190.210.95:0] script '/domains/system_default/file.php' not found or unable to stat
[Wed Jan 21 03:12:16.419303 2026] [php:error] [pid 34520] [client 4.190.210.95:0] script '/domains/system_default/inputs.php' not found or unable to stat
[Wed Jan 21 03:12:16.941959 2026] [php:error] [pid 34520] [client 4.190.210.95:0] script '/domains/system_default/1.php' not found or unable to stat
[Wed Jan 21 03:12:19.554480 2026] [php:error] [pid 34510] [client 20.89.17.172:0] script '/domains/tinatina/aa.php' not found or unable to stat
[Wed Jan 21 03:12:19.728002 2026] [php:error] [pid 34510] [client 20.89.17.172:0] script '/domains/tinatina/about.php' not found or unable to stat
