[Sun Jan 18 13:48:49.147406 2026] [php:error] [pid 97124] [client 213.209.159.181:0] script '/domains/bels/infophp.php' not found or unable to stat
[Sun Jan 18 13:48:49.319080 2026] [php:error] [pid 97099] [client 213.209.159.181:0] script '/domains/bels/infos.php' not found or unable to stat
[Sun Jan 18 13:48:49.346387 2026] [php:error] [pid 97124] [client 213.209.159.181:0] script '/domains/bels/linusadmin-phpinfo.php' not found or unable to stat
[Sun Jan 18 13:48:49.505970 2026] [php:error] [pid 97123] [client 213.209.159.181:0] script '/domains/bels/php.php' not found or unable to stat
[Sun Jan 18 13:48:49.536823 2026] [php:error] [pid 97124] [client 213.209.159.181:0] script '/domains/bels/phpinfo.php' not found or unable to stat
[Sun Jan 18 13:48:49.594649 2026] [php:error] [pid 97112] [client 213.209.159.181:0] script '/domains/bels/php-info.php' not found or unable to stat
[Sun Jan 18 13:48:49.597696 2026] [php:error] [pid 97117] [client 213.209.159.181:0] script '/domains/bels/pinfo.php' not found or unable to stat
[Sun Jan 18 13:48:49.597985 2026] [php:error] [pid 97125] [client 213.209.159.181:0] script '/domains/bels/phpinfos.php' not found or unable to stat
[Sun Jan 18 13:48:49.690990 2026] [php:error] [pid 97105] [client 213.209.159.181:0] script '/domains/bels/php_info.php' not found or unable to stat
[Sun Jan 18 13:48:49.785619 2026] [php:error] [pid 97126] [client 213.209.159.181:0] script '/domains/bels/server-info.php' not found or unable to stat
[Sun Jan 18 13:48:49.878659 2026] [php:error] [pid 97126] [client 213.209.159.181:0] script '/domains/bels/phpversion.php' not found or unable to stat
[Sun Jan 18 13:48:49.904886 2026] [php:error] [pid 97124] [client 213.209.159.181:0] script '/domains/bels/old_phpinfo.php' not found or unable to stat
[Sun Jan 18 13:48:49.966256 2026] [php:error] [pid 97122] [client 213.209.159.181:0] script '/domains/bels/server_info.php' not found or unable to stat
[Sun Jan 18 13:48:50.068007 2026] [access_compat:error] [pid 97105] [client 213.209.159.181:0] AH01797: client denied by server configuration: /domains/bels/server-info
[Sun Jan 18 13:48:50.619550 2026] [php:error] [pid 97109] [client 213.209.159.181:0] script '/domains/bels/temp.php' not found or unable to stat
[Sun Jan 18 13:48:50.619639 2026] [php:error] [pid 97117] [client 213.209.159.181:0] script '/domains/bels/test.php' not found or unable to stat
[Sun Jan 18 13:48:50.620039 2026] [php:error] [pid 97125] [client 213.209.159.181:0] script '/domains/bels/test2.php' not found or unable to stat
[Sun Jan 18 13:48:50.620360 2026] [php:error] [pid 97099] [client 213.209.159.181:0] script '/domains/bels/test1.php' not found or unable to stat
[Sun Jan 18 13:48:50.621635 2026] [php:error] [pid 97123] [client 213.209.159.181:0] script '/domains/bels/time.php' not found or unable to stat
[Sun Jan 18 13:48:50.816352 2026] [php:error] [pid 97099] [client 213.209.159.181:0] script '/domains/bels/wp-config.php.old' not found or unable to stat
[Sun Jan 18 13:48:50.816927 2026] [php:error] [pid 97109] [client 213.209.159.181:0] script '/domains/bels/wp-config.php' not found or unable to stat
[Sun Jan 18 13:48:50.817808 2026] [php:error] [pid 97112] [client 213.209.159.181:0] script '/domains/bels/wp-config.php.bak' not found or unable to stat
[Sun Jan 18 13:48:50.911559 2026] [php:error] [pid 97122] [client 213.209.159.181:0] script '/domains/bels/_phpinfo.php' not found or unable to stat
[Sun Jan 18 13:48:51.470507 2026] [access_compat:error] [pid 97125] [client 213.209.159.181:0] AH01797: client denied by server configuration: /domains/bels/server-status
[Sun Jan 18 13:48:51.778870 2026] [authz_core:error] [pid 97124] [client 213.209.159.181:0] AH01630: client denied by server configuration: /domains/bels/.htpasswd
[Sun Jan 18 13:48:51.846168 2026] [authz_core:error] [pid 97125] [client 213.209.159.181:0] AH01630: client denied by server configuration: /domains/bels/.htaccess
[Sun Jan 18 13:49:04.537469 2026] [core:crit] [pid 97109] (13)Permission denied: [client 114.119.150.248:0] AH00529: /domains/dcarlone/test/web/.htaccess pcfg_openfile: unable to check htaccess file, ensure it is readable and that '/domains/dcarlone/test/web/' is executable
[Sun Jan 18 13:49:20.557458 2026] [php:error] [pid 97125] [client 40.65.177.112:0] script '/domains/system_default/dox.php' not found or unable to stat
[Sun Jan 18 13:49:20.798105 2026] [php:error] [pid 97125] [client 40.65.177.112:0] script '/domains/system_default/moon.php' not found or unable to stat
[Sun Jan 18 13:49:21.029183 2026] [php:error] [pid 97125] [client 40.65.177.112:0] script '/domains/system_default/ovakmrurz.php' not found or unable to stat
[Sun Jan 18 13:49:21.265469 2026] [php:error] [pid 97125] [client 40.65.177.112:0] script '/domains/system_default/wp-contentpluginsgoogle-seo-rankmodule.php' not found or unable to stat
[Sun Jan 18 13:49:21.501791 2026] [php:error] [pid 97125] [client 40.65.177.112:0] script '/domains/system_default/TriYEQjRASL.php' not found or unable to stat
[Sun Jan 18 13:49:22.152612 2026] [php:error] [pid 97125] [client 40.65.177.112:0] script '/domains/system_default/upl.php' not found or unable to stat
[Sun Jan 18 13:49:22.383074 2026] [php:error] [pid 97125] [client 40.65.177.112:0] script '/domains/system_default/oauth.php' not found or unable to stat
[Sun Jan 18 13:49:22.605632 2026] [php:error] [pid 97125] [client 40.65.177.112:0] script '/domains/system_default/rgcoqcmw.php' not found or unable to stat
[Sun Jan 18 13:49:22.828821 2026] [php:error] [pid 97125] [client 40.65.177.112:0] script '/domains/system_default/blog.php' not found or unable to stat
[Sun Jan 18 13:49:23.052196 2026] [php:error] [pid 97125] [client 40.65.177.112:0] script '/domains/system_default/webadmin.php' not found or unable to stat
[Sun Jan 18 13:49:24.254869 2026] [php:error] [pid 97117] [client 213.209.159.181:0] script '/domains/proinc/.env.php' not found or unable to stat
[Sun Jan 18 13:49:24.394592 2026] [php:error] [pid 97125] [client 40.65.177.112:0] script '/domains/system_default/access.php' not found or unable to stat
[Sun Jan 18 13:49:24.617162 2026] [php:error] [pid 97125] [client 40.65.177.112:0] script '/domains/system_default/wp-activate.php' not found or unable to stat
[Sun Jan 18 13:49:25.065596 2026] [php:error] [pid 97125] [client 40.65.177.112:0] script '/domains/system_default/wp-apxupx.php' not found or unable to stat
[Sun Jan 18 13:49:25.162377 2026] [php:error] [pid 97133] [client 213.209.159.181:0] script '/domains/proinc/.wp-config.php.swp' not found or unable to stat
[Sun Jan 18 13:49:25.287935 2026] [php:error] [pid 97125] [client 40.65.177.112:0] script '/domains/system_default/class-IXR-encryption.php' not found or unable to stat
[Sun Jan 18 13:49:25.510636 2026] [php:error] [pid 97125] [client 40.65.177.112:0] script '/domains/system_default/deploy.php' not found or unable to stat
[Sun Jan 18 13:49:25.733112 2026] [php:error] [pid 97125] [client 40.65.177.112:0] script '/domains/system_default/siteheads.php' not found or unable to stat
[Sun Jan 18 13:49:25.735081 2026] [php:error] [pid 97117] [client 213.209.159.181:0] script '/domains/proinc/app_dev.php' not found or unable to stat
[Sun Jan 18 13:49:25.955723 2026] [php:error] [pid 97125] [client 40.65.177.112:0] script '/domains/system_default/jindex.php' not found or unable to stat
[Sun Jan 18 13:49:26.030432 2026] [php:error] [pid 97142] [client 213.209.159.181:0] script '/domains/proinc/asdf.php' not found or unable to stat
[Sun Jan 18 13:49:26.178398 2026] [php:error] [pid 97125] [client 40.65.177.112:0] script '/domains/system_default/zfcfufscm.php' not found or unable to stat
[Sun Jan 18 13:49:26.420250 2026] [php:error] [pid 97125] [client 40.65.177.112:0] script '/domains/system_default/jquery.php' not found or unable to stat
[Sun Jan 18 13:49:26.491842 2026] [php:error] [pid 97142] [client 213.209.159.181:0] script '/domains/proinc/config.php' not found or unable to stat
[Sun Jan 18 13:49:26.667249 2026] [php:error] [pid 97125] [client 40.65.177.112:0] script '/domains/system_default/kbuedkwu.php' not found or unable to stat
[Sun Jan 18 13:49:27.112539 2026] [php:error] [pid 97125] [client 40.65.177.112:0] script '/domains/system_default/x.php' not found or unable to stat
[Sun Jan 18 13:49:27.564739 2026] [php:error] [pid 97125] [client 40.65.177.112:0] script '/domains/system_default/zcanp.php' not found or unable to stat
[Sun Jan 18 13:49:27.787058 2026] [php:error] [pid 97125] [client 40.65.177.112:0] script '/domains/system_default/heada.php' not found or unable to stat
[Sun Jan 18 13:49:28.507014 2026] [php:error] [pid 97128] [client 213.209.159.181:0] script '/domains/proinc/i.php' not found or unable to stat
[Sun Jan 18 13:49:28.507295 2026] [php:error] [pid 97143] [client 213.209.159.181:0] script '/domains/proinc/info.php' not found or unable to stat
[Sun Jan 18 13:49:28.509104 2026] [php:error] [pid 97145] [client 213.209.159.181:0] script '/domains/proinc/infophp.php' not found or unable to stat
[Sun Jan 18 13:49:28.514776 2026] [php:error] [pid 97125] [client 40.65.177.112:0] script '/domains/system_default/screenshot_1.php' not found or unable to stat
[Sun Jan 18 13:49:28.604285 2026] [php:error] [pid 97145] [client 213.209.159.181:0] script '/domains/proinc/infos.php' not found or unable to stat
[Sun Jan 18 13:49:28.739298 2026] [php:error] [pid 97125] [client 40.65.177.112:0] script '/domains/system_default/resize.php' not found or unable to stat
[Sun Jan 18 13:49:28.802438 2026] [php:error] [pid 97117] [client 213.209.159.181:0] script '/domains/proinc/linusadmin-phpinfo.php' not found or unable to stat
[Sun Jan 18 13:49:28.961980 2026] [php:error] [pid 97125] [client 40.65.177.112:0] script '/domains/system_default/ivcquuxu.php' not found or unable to stat
[Sun Jan 18 13:49:29.201904 2026] [php:error] [pid 97125] [client 40.65.177.112:0] script '/domains/system_default/ioxi-rex.php' not found or unable to stat
[Sun Jan 18 13:49:29.424336 2026] [php:error] [pid 97125] [client 40.65.177.112:0] script '/domains/system_default/ab.php' not found or unable to stat
[Sun Jan 18 13:49:29.524905 2026] [access_compat:error] [pid 97143] [client 213.209.159.181:0] AH01797: client denied by server configuration: /domains/proinc/server-info
[Sun Jan 18 13:49:29.535226 2026] [php:error] [pid 97109] [client 213.209.159.181:0] script '/domains/proinc/server-info.php' not found or unable to stat
[Sun Jan 18 13:49:29.537058 2026] [php:error] [pid 97117] [client 213.209.159.181:0] script '/domains/proinc/server_info.php' not found or unable to stat
[Sun Jan 18 13:49:29.624172 2026] [php:error] [pid 97142] [client 213.209.159.181:0] script '/domains/proinc/old_phpinfo.php' not found or unable to stat
[Sun Jan 18 13:49:29.645211 2026] [php:error] [pid 97128] [client 213.209.159.181:0] script '/domains/proinc/php.php' not found or unable to stat
[Sun Jan 18 13:49:29.661164 2026] [php:error] [pid 97125] [client 40.65.177.112:0] script '/domains/system_default/wp-tinymce.php' not found or unable to stat
[Sun Jan 18 13:49:29.696970 2026] [php:error] [pid 97145] [client 213.209.159.181:0] script '/domains/proinc/php_info.php' not found or unable to stat
[Sun Jan 18 13:49:29.723391 2026] [php:error] [pid 97142] [client 213.209.159.181:0] script '/domains/proinc/php-info.php' not found or unable to stat
[Sun Jan 18 13:49:29.729018 2026] [php:error] [pid 97117] [client 213.209.159.181:0] script '/domains/proinc/phpinfo.php' not found or unable to stat
[Sun Jan 18 13:49:29.914503 2026] [php:error] [pid 97109] [client 213.209.159.181:0] script '/domains/proinc/phpinfos.php' not found or unable to stat
[Sun Jan 18 13:49:29.935845 2026] [php:error] [pid 97128] [client 213.209.159.181:0] script '/domains/proinc/phpversion.php' not found or unable to stat
[Sun Jan 18 13:49:29.972155 2026] [php:error] [pid 97145] [client 213.209.159.181:0] script '/domains/proinc/pinfo.php' not found or unable to stat
[Sun Jan 18 13:49:30.114714 2026] [php:error] [pid 97125] [client 40.65.177.112:0] script '/domains/system_default/linusadmin-phpinfo.php' not found or unable to stat
[Sun Jan 18 13:49:30.350509 2026] [php:error] [pid 97125] [client 40.65.177.112:0] script '/domains/system_default/bkqmgnts.php' not found or unable to stat
[Sun Jan 18 13:49:30.389317 2026] [php:error] [pid 97142] [client 213.209.159.181:0] script '/domains/proinc/temp.php' not found or unable to stat
[Sun Jan 18 13:49:30.389547 2026] [php:error] [pid 97143] [client 213.209.159.181:0] script '/domains/proinc/test.php' not found or unable to stat
[Sun Jan 18 13:49:30.395762 2026] [php:error] [pid 97140] [client 213.209.159.181:0] script '/domains/proinc/test1.php' not found or unable to stat
[Sun Jan 18 13:49:30.403469 2026] [php:error] [pid 97141] [client 213.209.159.181:0] script '/domains/proinc/test2.php' not found or unable to stat
[Sun Jan 18 13:49:30.403484 2026] [php:error] [pid 97109] [client 213.209.159.181:0] script '/domains/proinc/time.php' not found or unable to stat
[Sun Jan 18 13:49:30.572805 2026] [php:error] [pid 97125] [client 40.65.177.112:0] script '/domains/system_default/fosil.php' not found or unable to stat
[Sun Jan 18 13:49:30.579725 2026] [php:error] [pid 97140] [client 213.209.159.181:0] script '/domains/proinc/wp-config.php' not found or unable to stat
[Sun Jan 18 13:49:30.596726 2026] [php:error] [pid 97141] [client 213.209.159.181:0] script '/domains/proinc/wp-config.php.bak' not found or unable to stat
[Sun Jan 18 13:49:30.596872 2026] [php:error] [pid 97128] [client 213.209.159.181:0] script '/domains/proinc/wp-config.php.old' not found or unable to stat
[Sun Jan 18 13:49:30.730236 2026] [php:error] [pid 97109] [client 213.209.159.181:0] script '/domains/proinc/_phpinfo.php' not found or unable to stat
[Sun Jan 18 13:49:31.054644 2026] [php:error] [pid 97125] [client 40.65.177.112:0] script '/domains/system_default/phpmailer.lang-sv.php' not found or unable to stat
[Sun Jan 18 13:49:31.529419 2026] [php:error] [pid 97125] [client 40.65.177.112:0] script '/domains/system_default/ggft.php' not found or unable to stat
[Sun Jan 18 13:49:31.663981 2026] [access_compat:error] [pid 97133] [client 213.209.159.181:0] AH01797: client denied by server configuration: /domains/proinc/server-status
[Sun Jan 18 13:49:32.010160 2026] [authz_core:error] [pid 97144] [client 213.209.159.181:0] AH01630: client denied by server configuration: /domains/proinc/.htpasswd
[Sun Jan 18 13:49:32.010457 2026] [authz_core:error] [pid 97140] [client 213.209.159.181:0] AH01630: client denied by server configuration: /domains/proinc/.htaccess
[Sun Jan 18 13:49:32.429176 2026] [php:error] [pid 97125] [client 40.65.177.112:0] script '/domains/system_default/d7.php' not found or unable to stat
[Sun Jan 18 13:49:32.651505 2026] [php:error] [pid 97125] [client 40.65.177.112:0] script '/domains/system_default/wp-logout.php' not found or unable to stat
[Sun Jan 18 13:49:32.873869 2026] [php:error] [pid 97125] [client 40.65.177.112:0] script '/domains/system_default/articles.php' not found or unable to stat
[Sun Jan 18 13:49:34.851366 2026] [php:error] [pid 97125] [client 40.65.177.112:0] script '/domains/system_default/uxgba9oy.php' not found or unable to stat
[Sun Jan 18 13:49:35.073654 2026] [php:error] [pid 97125] [client 40.65.177.112:0] script '/domains/system_default/0x.php' not found or unable to stat
[Sun Jan 18 13:49:35.303661 2026] [php:error] [pid 97125] [client 40.65.177.112:0] script '/domains/system_default/ligkglcg.php' not found or unable to stat
[Sun Jan 18 13:49:35.527586 2026] [php:error] [pid 97125] [client 40.65.177.112:0] script '/domains/system_default/revision.php' not found or unable to stat
[Sun Jan 18 13:49:35.756547 2026] [php:error] [pid 97125] [client 40.65.177.112:0] script '/domains/system_default/clen.php' not found or unable to stat
[Sun Jan 18 13:49:36.424478 2026] [php:error] [pid 97125] [client 40.65.177.112:0] script '/domains/system_default/class-IXR-base64-view.php' not found or unable to stat
[Sun Jan 18 13:49:36.825767 2026] [php:error] [pid 97125] [client 40.65.177.112:0] script '/domains/system_default/custom-header.php' not found or unable to stat
[Sun Jan 18 13:49:37.048818 2026] [php:error] [pid 97125] [client 40.65.177.112:0] script '/domains/system_default/upload_images.php' not found or unable to stat
[Sun Jan 18 13:49:37.271274 2026] [php:error] [pid 97125] [client 40.65.177.112:0] script '/domains/system_default/adminer.php' not found or unable to stat
[Sun Jan 18 13:49:37.504406 2026] [php:error] [pid 97125] [client 40.65.177.112:0] script '/domains/system_default/inputs.php' not found or unable to stat
[Sun Jan 18 13:49:37.727173 2026] [php:error] [pid 97125] [client 40.65.177.112:0] script '/domains/system_default/manage.php' not found or unable to stat
[Sun Jan 18 13:49:37.956918 2026] [php:error] [pid 97125] [client 40.65.177.112:0] script '/domains/system_default/bek.php' not found or unable to stat
[Sun Jan 18 13:49:38.181933 2026] [php:error] [pid 97125] [client 40.65.177.112:0] script '/domains/system_default/alf.php' not found or unable to stat
[Sun Jan 18 13:49:38.408260 2026] [php:error] [pid 97125] [client 40.65.177.112:0] script '/domains/system_default/edit-comments.php' not found or unable to stat
[Sun Jan 18 13:49:38.637993 2026] [php:error] [pid 97125] [client 40.65.177.112:0] script '/domains/system_default/wp-seo.php' not found or unable to stat
[Sun Jan 18 13:49:38.860626 2026] [php:error] [pid 97125] [client 40.65.177.112:0] script '/domains/system_default/lock0360.php' not found or unable to stat
[Sun Jan 18 13:49:39.084512 2026] [php:error] [pid 97125] [client 40.65.177.112:0] script '/domains/system_default/wp-db.php' not found or unable to stat
[Sun Jan 18 13:49:39.148286 2026] [php:error] [pid 97153] [client 60.204.203.221:0] script '/domains/samscars/z9a.php' not found or unable to stat
[Sun Jan 18 13:49:39.307132 2026] [php:error] [pid 97125] [client 40.65.177.112:0] script '/domains/system_default/bs1.php' not found or unable to stat
[Sun Jan 18 13:49:40.346004 2026] [php:error] [pid 97125] [client 40.65.177.112:0] script '/domains/system_default/introduction.php' not found or unable to stat
[Sun Jan 18 13:49:40.568605 2026] [php:error] [pid 97125] [client 40.65.177.112:0] script '/domains/system_default/terms.php' not found or unable to stat
[Sun Jan 18 13:49:40.795952 2026] [php:error] [pid 97125] [client 40.65.177.112:0] script '/domains/system_default/85022df0ed31.php' not found or unable to stat
[Sun Jan 18 13:49:41.019389 2026] [php:error] [pid 97125] [client 40.65.177.112:0] script '/domains/system_default/proxy.php' not found or unable to stat
[Sun Jan 18 13:49:41.241841 2026] [php:error] [pid 97125] [client 40.65.177.112:0] script '/domains/system_default/theme-inshpvx.php' not found or unable to stat
[Sun Jan 18 13:49:41.479306 2026] [php:error] [pid 97125] [client 40.65.177.112:0] script '/domains/system_default/size.php' not found or unable to stat
[Sun Jan 18 13:49:41.756970 2026] [php:error] [pid 97125] [client 40.65.177.112:0] script '/domains/system_default/xwirhnuz.php' not found or unable to stat
[Sun Jan 18 13:49:42.426896 2026] [php:error] [pid 97125] [client 40.65.177.112:0] script '/domains/system_default/ab1ux1ft.php' not found or unable to stat
[Sun Jan 18 13:49:42.876538 2026] [php:error] [pid 97125] [client 40.65.177.112:0] script '/domains/system_default/test2.php' not found or unable to stat
[Sun Jan 18 13:49:44.073700 2026] [php:error] [pid 97125] [client 40.65.177.112:0] script '/domains/system_default/3.php' not found or unable to stat
[Sun Jan 18 13:49:44.298716 2026] [php:error] [pid 97125] [client 40.65.177.112:0] script '/domains/system_default/cleanup.php' not found or unable to stat
[Sun Jan 18 13:49:44.544519 2026] [php:error] [pid 97125] [client 40.65.177.112:0] script '/domains/system_default/edit-form-comment.php' not found or unable to stat
[Sun Jan 18 13:49:44.767163 2026] [php:error] [pid 97125] [client 40.65.177.112:0] script '/domains/system_default/dialog.php' not found or unable to stat
[Sun Jan 18 13:49:45.008087 2026] [php:error] [pid 97125] [client 40.65.177.112:0] script '/domains/system_default/jgvfdaum.php' not found or unable to stat
[Sun Jan 18 13:49:45.459898 2026] [php:error] [pid 97125] [client 40.65.177.112:0] script '/domains/system_default/cron_job.php' not found or unable to stat
[Sun Jan 18 13:49:45.682560 2026] [php:error] [pid 97125] [client 40.65.177.112:0] script '/domains/system_default/class-wp-recovery-mode-email-service-meta.php' not found or unable to stat
[Sun Jan 18 13:49:46.488775 2026] [php:error] [pid 97125] [client 40.65.177.112:0] script '/domains/system_default/ms-users.php' not found or unable to stat
[Sun Jan 18 13:49:47.580273 2026] [php:error] [pid 97125] [client 40.65.177.112:0] script '/domains/system_default/layout.php' not found or unable to stat
[Sun Jan 18 13:49:48.601695 2026] [php:error] [pid 97125] [client 40.65.177.112:0] script '/domains/system_default/tanamshell.php' not found or unable to stat
[Sun Jan 18 13:49:48.826778 2026] [php:error] [pid 97125] [client 40.65.177.112:0] script '/domains/system_default/drive.php' not found or unable to stat
[Sun Jan 18 13:49:49.050296 2026] [php:error] [pid 97125] [client 40.65.177.112:0] script '/domains/system_default/ring.php' not found or unable to stat
[Sun Jan 18 13:49:49.560588 2026] [php:error] [pid 97125] [client 40.65.177.112:0] script '/domains/system_default/forgot_password.php' not found or unable to stat
[Sun Jan 18 13:49:49.783243 2026] [php:error] [pid 97125] [client 40.65.177.112:0] script '/domains/system_default/latest-mysql.php' not found or unable to stat
[Sun Jan 18 13:49:50.006701 2026] [php:error] [pid 97125] [client 40.65.177.112:0] script '/domains/system_default/fig.php' not found or unable to stat
[Sun Jan 18 13:49:50.229624 2026] [php:error] [pid 97125] [client 40.65.177.112:0] script '/domains/system_default/new-index.php' not found or unable to stat
[Sun Jan 18 13:49:50.452604 2026] [php:error] [pid 97125] [client 40.65.177.112:0] script '/domains/system_default/lv.php' not found or unable to stat
[Sun Jan 18 13:49:50.676078 2026] [php:error] [pid 97125] [client 40.65.177.112:0] script '/domains/system_default/IndoXploit.php' not found or unable to stat
[Sun Jan 18 13:49:51.092682 2026] [php:error] [pid 97125] [client 40.65.177.112:0] script '/domains/system_default/dozypzuc.php' not found or unable to stat
[Sun Jan 18 13:49:51.315269 2026] [php:error] [pid 97125] [client 40.65.177.112:0] script '/domains/system_default/pinfo.php' not found or unable to stat
[Sun Jan 18 13:49:53.270972 2026] [php:error] [pid 97146] [client 213.209.159.181:0] script '/domains/ebon/pinfo.php' not found or unable to stat
[Sun Jan 18 13:49:53.574936 2026] [php:error] [pid 97143] [client 213.209.159.181:0] script '/domains/ebon/.env.php' not found or unable to stat
[Sun Jan 18 13:49:54.015827 2026] [php:error] [pid 97152] [client 213.209.159.181:0] script '/domains/ebon/.wp-config.php.swp' not found or unable to stat
[Sun Jan 18 13:49:54.428776 2026] [php:error] [pid 97150] [client 213.209.159.181:0] script '/domains/ebon/app_dev.php' not found or unable to stat
[Sun Jan 18 13:49:54.649837 2026] [php:error] [pid 97127] [client 213.209.159.181:0] script '/domains/ebon/asdf.php' not found or unable to stat
[Sun Jan 18 13:49:55.013474 2026] [php:error] [pid 97143] [client 213.209.159.181:0] script '/domains/ebon/config.php' not found or unable to stat
[Sun Jan 18 13:49:56.569776 2026] [php:error] [pid 97157] [client 213.209.159.181:0] script '/domains/ebon/phpversion.php' not found or unable to stat
[Sun Jan 18 13:49:57.202514 2026] [php:error] [pid 97158] [client 213.209.159.181:0] script '/domains/ebon/i.php' not found or unable to stat
[Sun Jan 18 13:49:57.213220 2026] [php:error] [pid 97157] [client 213.209.159.181:0] script '/domains/ebon/info.php' not found or unable to stat
[Sun Jan 18 13:49:57.243670 2026] [php:error] [pid 97128] [client 213.209.159.181:0] script '/domains/ebon/infophp.php' not found or unable to stat
[Sun Jan 18 13:49:57.244523 2026] [php:error] [pid 97150] [client 213.209.159.181:0] script '/domains/ebon/infos.php' not found or unable to stat
[Sun Jan 18 13:49:57.428487 2026] [php:error] [pid 97150] [client 213.209.159.181:0] script '/domains/ebon/linusadmin-phpinfo.php' not found or unable to stat
[Sun Jan 18 13:49:57.670970 2026] [php:error] [pid 97152] [client 213.209.159.181:0] script '/domains/ebon/old_phpinfo.php' not found or unable to stat
[Sun Jan 18 13:49:57.712022 2026] [php:error] [pid 97128] [client 213.209.159.181:0] script '/domains/ebon/php.php' not found or unable to stat
[Sun Jan 18 13:49:57.712208 2026] [php:error] [pid 97150] [client 213.209.159.181:0] script '/domains/ebon/php_info.php' not found or unable to stat
[Sun Jan 18 13:49:57.722606 2026] [php:error] [pid 97127] [client 213.209.159.181:0] script '/domains/ebon/php-info.php' not found or unable to stat
[Sun Jan 18 13:49:57.722935 2026] [php:error] [pid 97140] [client 213.209.159.181:0] script '/domains/ebon/phpinfo.php' not found or unable to stat
[Sun Jan 18 13:49:57.766911 2026] [php:error] [pid 97152] [client 213.209.159.181:0] script '/domains/ebon/phpinfos.php' not found or unable to stat
[Sun Jan 18 13:49:57.962609 2026] [access_compat:error] [pid 97157] [client 213.209.159.181:0] AH01797: client denied by server configuration: /domains/ebon/server-info
[Sun Jan 18 13:49:57.964445 2026] [php:error] [pid 97152] [client 213.209.159.181:0] script '/domains/ebon/server-info.php' not found or unable to stat
[Sun Jan 18 13:49:57.987594 2026] [php:error] [pid 97128] [client 213.209.159.181:0] script '/domains/ebon/server_info.php' not found or unable to stat
[Sun Jan 18 13:49:58.518555 2026] [php:error] [pid 97157] [client 213.209.159.181:0] script '/domains/ebon/temp.php' not found or unable to stat
[Sun Jan 18 13:49:58.562256 2026] [php:error] [pid 97128] [client 213.209.159.181:0] script '/domains/ebon/test1.php' not found or unable to stat
[Sun Jan 18 13:49:58.562487 2026] [php:error] [pid 97143] [client 213.209.159.181:0] script '/domains/ebon/test2.php' not found or unable to stat
[Sun Jan 18 13:49:58.562866 2026] [php:error] [pid 97150] [client 213.209.159.181:0] script '/domains/ebon/time.php' not found or unable to stat
[Sun Jan 18 13:49:58.906410 2026] [php:error] [pid 97127] [client 213.209.159.181:0] script '/domains/ebon/wp-config.php' not found or unable to stat
[Sun Jan 18 13:49:58.950278 2026] [php:error] [pid 97140] [client 213.209.159.181:0] script '/domains/ebon/wp-config.php.bak' not found or unable to stat
[Sun Jan 18 13:49:58.951723 2026] [php:error] [pid 97128] [client 213.209.159.181:0] script '/domains/ebon/wp-config.php.old' not found or unable to stat
[Sun Jan 18 13:49:59.000577 2026] [php:error] [pid 97127] [client 213.209.159.181:0] script '/domains/ebon/_phpinfo.php' not found or unable to stat
[Sun Jan 18 13:49:59.740884 2026] [access_compat:error] [pid 97143] [client 213.209.159.181:0] AH01797: client denied by server configuration: /domains/ebon/server-status
[Sun Jan 18 13:49:59.945612 2026] [authz_core:error] [pid 97140] [client 213.209.159.181:0] AH01630: client denied by server configuration: /domains/ebon/.htaccess
[Sun Jan 18 13:49:59.945785 2026] [authz_core:error] [pid 97150] [client 213.209.159.181:0] AH01630: client denied by server configuration: /domains/ebon/.htpasswd
[Sun Jan 18 13:50:33.751409 2026] [php:error] [pid 97159] [client 213.209.159.181:0] script '/domains/amisol/.env.php' not found or unable to stat
[Sun Jan 18 13:50:34.151570 2026] [php:error] [pid 97152] [client 213.209.159.181:0] script '/domains/amisol/app_dev.php' not found or unable to stat
[Sun Jan 18 13:50:34.555073 2026] [php:error] [pid 97167] [client 213.209.159.181:0] script '/domains/amisol/.wp-config.php.swp' not found or unable to stat
[Sun Jan 18 13:50:34.922967 2026] [php:error] [pid 97167] [client 213.209.159.181:0] script '/domains/amisol/asdf.php' not found or unable to stat
[Sun Jan 18 13:50:35.096086 2026] [php:error] [pid 97147] [client 213.209.159.181:0] script '/domains/amisol/config.php' not found or unable to stat
[Sun Jan 18 13:50:37.807561 2026] [php:error] [pid 97158] [client 213.209.159.181:0] script '/domains/amisol/i.php' not found or unable to stat
[Sun Jan 18 13:50:37.828623 2026] [php:error] [pid 97152] [client 213.209.159.181:0] script '/domains/amisol/info.php' not found or unable to stat
[Sun Jan 18 13:50:37.828703 2026] [php:error] [pid 97167] [client 213.209.159.181:0] script '/domains/amisol/infos.php' not found or unable to stat
[Sun Jan 18 13:50:37.847494 2026] [php:error] [pid 97168] [client 213.209.159.181:0] script '/domains/amisol/infophp.php' not found or unable to stat
[Sun Jan 18 13:50:37.963341 2026] [php:error] [pid 97169] [client 213.209.159.181:0] script '/domains/amisol/linusadmin-phpinfo.php' not found or unable to stat
[Sun Jan 18 13:50:38.364665 2026] [php:error] [pid 97147] [client 213.209.159.181:0] script '/domains/amisol/old_phpinfo.php' not found or unable to stat
[Sun Jan 18 13:50:38.370393 2026] [php:error] [pid 97152] [client 213.209.159.181:0] script '/domains/amisol/php-info.php' not found or unable to stat
[Sun Jan 18 13:50:38.370542 2026] [php:error] [pid 97167] [client 213.209.159.181:0] script '/domains/amisol/php.php' not found or unable to stat
[Sun Jan 18 13:50:38.370680 2026] [php:error] [pid 97161] [client 213.209.159.181:0] script '/domains/amisol/php_info.php' not found or unable to stat
[Sun Jan 18 13:50:38.384673 2026] [php:error] [pid 97170] [client 213.209.159.181:0] script '/domains/amisol/phpinfo.php' not found or unable to stat
[Sun Jan 18 13:50:38.400209 2026] [php:error] [pid 97158] [client 213.209.159.181:0] script '/domains/amisol/server-info.php' not found or unable to stat
[Sun Jan 18 13:50:38.459601 2026] [php:error] [pid 97150] [client 213.209.159.181:0] script '/domains/amisol/phpinfos.php' not found or unable to stat
[Sun Jan 18 13:50:38.462773 2026] [php:error] [pid 97161] [client 213.209.159.181:0] script '/domains/amisol/phpversion.php' not found or unable to stat
[Sun Jan 18 13:50:38.462785 2026] [php:error] [pid 97159] [client 213.209.159.181:0] script '/domains/amisol/server_info.php' not found or unable to stat
[Sun Jan 18 13:50:38.462881 2026] [php:error] [pid 97167] [client 213.209.159.181:0] script '/domains/amisol/pinfo.php' not found or unable to stat
[Sun Jan 18 13:50:39.060996 2026] [access_compat:error] [pid 97150] [client 213.209.159.181:0] AH01797: client denied by server configuration: /domains/amisol/server-info
[Sun Jan 18 13:50:39.353765 2026] [php:error] [pid 97158] [client 213.209.159.181:0] script '/domains/amisol/time.php' not found or unable to stat
[Sun Jan 18 13:50:39.434833 2026] [php:error] [pid 97170] [client 213.209.159.181:0] script '/domains/amisol/temp.php' not found or unable to stat
[Sun Jan 18 13:50:39.532817 2026] [php:error] [pid 97159] [client 213.209.159.181:0] script '/domains/amisol/test1.php' not found or unable to stat
[Sun Jan 18 13:50:39.699337 2026] [php:error] [pid 97167] [client 213.209.159.181:0] script '/domains/amisol/test.php' not found or unable to stat
[Sun Jan 18 13:50:39.826560 2026] [php:error] [pid 97169] [client 213.209.159.181:0] script '/domains/amisol/wp-config.php' not found or unable to stat
[Sun Jan 18 13:50:39.827541 2026] [php:error] [pid 97161] [client 213.209.159.181:0] script '/domains/amisol/wp-config.php.bak' not found or unable to stat
[Sun Jan 18 13:50:39.930633 2026] [php:error] [pid 97147] [client 213.209.159.181:0] script '/domains/amisol/test2.php' not found or unable to stat
[Sun Jan 18 13:50:40.021655 2026] [php:error] [pid 97158] [client 213.209.159.181:0] script '/domains/amisol/_phpinfo.php' not found or unable to stat
[Sun Jan 18 13:50:40.022010 2026] [php:error] [pid 97161] [client 213.209.159.181:0] script '/domains/amisol/wp-config.php.old' not found or unable to stat
[Sun Jan 18 13:50:40.676262 2026] [authz_core:error] [pid 97170] [client 213.209.159.181:0] AH01630: client denied by server configuration: /domains/amisol/.htpasswd
[Sun Jan 18 13:50:40.681161 2026] [authz_core:error] [pid 97158] [client 213.209.159.181:0] AH01630: client denied by server configuration: /domains/amisol/.htaccess
[Sun Jan 18 13:50:40.978665 2026] [access_compat:error] [pid 97167] [client 213.209.159.181:0] AH01797: client denied by server configuration: /domains/amisol/server-status
[Sun Jan 18 13:50:42.034454 2026] [php:error] [pid 97178] [client 136.116.83.32:0] script '/domains/thuebner/xmlrpc.php' not found or unable to stat
[Sun Jan 18 13:50:57.445670 2026] [php:error] [pid 97181] [client 66.249.66.13:0] script '/domains/hdickens.enteract/kmnj.php' not found or unable to stat
[Sun Jan 18 13:52:09.377938 2026] [php:error] [pid 97170] [client 213.209.159.181:0] script '/domains/machinadynamica/.wp-config.php.swp' not found or unable to stat
[Sun Jan 18 13:52:09.649154 2026] [php:error] [pid 97162] [client 213.209.159.181:0] script '/domains/machinadynamica/.env.php' not found or unable to stat
[Sun Jan 18 13:52:10.589192 2026] [php:error] [pid 97170] [client 213.209.159.181:0] script '/domains/machinadynamica/config.php' not found or unable to stat
[Sun Jan 18 13:52:10.787077 2026] [php:error] [pid 97162] [client 213.209.159.181:0] script '/domains/machinadynamica/asdf.php' not found or unable to stat
[Sun Jan 18 13:52:11.304672 2026] [php:error] [pid 97192] [client 213.209.159.181:0] script '/domains/machinadynamica/app_dev.php' not found or unable to stat
[Sun Jan 18 13:52:12.229512 2026] [php:error] [pid 97182] [client 213.209.159.181:0] script '/domains/machinadynamica/phpinfo.php' not found or unable to stat
[Sun Jan 18 13:52:12.303320 2026] [php:error] [pid 97192] [client 213.209.159.181:0] script '/domains/machinadynamica/infophp.php' not found or unable to stat
[Sun Jan 18 13:52:12.309055 2026] [php:error] [pid 97162] [client 213.209.159.181:0] script '/domains/machinadynamica/phpinfos.php' not found or unable to stat
[Sun Jan 18 13:52:12.322877 2026] [php:error] [pid 97182] [client 213.209.159.181:0] script '/domains/machinadynamica/php-info.php' not found or unable to stat
[Sun Jan 18 13:52:12.323083 2026] [php:error] [pid 97170] [client 213.209.159.181:0] script '/domains/machinadynamica/php.php' not found or unable to stat
[Sun Jan 18 13:52:12.323637 2026] [php:error] [pid 97191] [client 213.209.159.181:0] script '/domains/machinadynamica/php_info.php' not found or unable to stat
[Sun Jan 18 13:52:12.520012 2026] [php:error] [pid 97172] [client 213.209.159.181:0] script '/domains/machinadynamica/phpversion.php' not found or unable to stat
[Sun Jan 18 13:52:12.612594 2026] [php:error] [pid 97193] [client 213.209.159.181:0] script '/domains/machinadynamica/old_phpinfo.php' not found or unable to stat
[Sun Jan 18 13:52:12.706930 2026] [php:error] [pid 97172] [client 213.209.159.181:0] script '/domains/machinadynamica/pinfo.php' not found or unable to stat
[Sun Jan 18 13:52:12.938080 2026] [php:error] [pid 97192] [client 213.209.159.181:0] script '/domains/machinadynamica/i.php' not found or unable to stat
[Sun Jan 18 13:52:12.938331 2026] [php:error] [pid 97193] [client 213.209.159.181:0] script '/domains/machinadynamica/info.php' not found or unable to stat
[Sun Jan 18 13:52:13.130350 2026] [php:error] [pid 97187] [client 213.209.159.181:0] script '/domains/machinadynamica/linusadmin-phpinfo.php' not found or unable to stat
[Sun Jan 18 13:52:13.131333 2026] [php:error] [pid 97170] [client 213.209.159.181:0] script '/domains/machinadynamica/server_info.php' not found or unable to stat
[Sun Jan 18 13:52:13.336228 2026] [php:error] [pid 97193] [client 213.209.159.181:0] script '/domains/machinadynamica/infos.php' not found or unable to stat
[Sun Jan 18 13:52:13.409909 2026] [access_compat:error] [pid 97182] [client 213.209.159.181:0] AH01797: client denied by server configuration: /domains/machinadynamica/server-info
[Sun Jan 18 13:52:13.766891 2026] [php:error] [pid 97190] [client 213.209.159.181:0] script '/domains/machinadynamica/_phpinfo.php' not found or unable to stat
[Sun Jan 18 13:52:13.778117 2026] [php:error] [pid 97182] [client 213.209.159.181:0] script '/domains/machinadynamica/temp.php' not found or unable to stat
[Sun Jan 18 13:52:13.865932 2026] [php:error] [pid 97191] [client 213.209.159.181:0] script '/domains/machinadynamica/server-info.php' not found or unable to stat
[Sun Jan 18 13:52:14.108048 2026] [php:error] [pid 97172] [client 213.209.159.181:0] script '/domains/machinadynamica/wp-config.php.bak' not found or unable to stat
[Sun Jan 18 13:52:14.166275 2026] [php:error] [pid 97182] [client 213.209.159.181:0] script '/domains/machinadynamica/test1.php' not found or unable to stat
[Sun Jan 18 13:52:14.318671 2026] [access_compat:error] [pid 97193] [client 213.209.159.181:0] AH01797: client denied by server configuration: /domains/machinadynamica/server-status
[Sun Jan 18 13:52:14.318683 2026] [php:error] [pid 97192] [client 213.209.159.181:0] script '/domains/machinadynamica/wp-config.php.old' not found or unable to stat
[Sun Jan 18 13:52:14.534527 2026] [php:error] [pid 97182] [client 213.209.159.181:0] script '/domains/machinadynamica/test2.php' not found or unable to stat
[Sun Jan 18 13:52:14.818092 2026] [authz_core:error] [pid 97170] [client 213.209.159.181:0] AH01630: client denied by server configuration: /domains/machinadynamica/.htaccess
[Sun Jan 18 13:52:14.822626 2026] [php:error] [pid 97172] [client 213.209.159.181:0] script '/domains/machinadynamica/wp-config.php' not found or unable to stat
[Sun Jan 18 13:52:15.117210 2026] [php:error] [pid 97170] [client 213.209.159.181:0] script '/domains/machinadynamica/test.php' not found or unable to stat
[Sun Jan 18 13:52:15.210738 2026] [php:error] [pid 97191] [client 213.209.159.181:0] script '/domains/machinadynamica/time.php' not found or unable to stat
[Sun Jan 18 13:52:15.269235 2026] [authz_core:error] [pid 97193] [client 213.209.159.181:0] AH01630: client denied by server configuration: /domains/machinadynamica/.htpasswd
[Sun Jan 18 13:52:16.833645 2026] [php:error] [pid 97199] [client 65.111.26.4:0] script '/domains/assetenhance/installer.php' not found or unable to stat
[Sun Jan 18 13:52:39.429260 2026] [php:error] [pid 97203] [client 136.112.27.85:0] script '/domains/domilici/xmlrpc.php' not found or unable to stat
[Sun Jan 18 13:52:47.336150 2026] [php:error] [pid 97206] [client 213.209.159.181:0] script '/domains/nlyfoods/.env.php' not found or unable to stat
[Sun Jan 18 13:52:48.075838 2026] [php:error] [pid 97194] [client 213.209.159.181:0] script '/domains/nlyfoods/.wp-config.php.swp' not found or unable to stat
[Sun Jan 18 13:52:48.367094 2026] [php:error] [pid 97190] [client 213.209.159.181:0] script '/domains/nlyfoods/app_dev.php' not found or unable to stat
[Sun Jan 18 13:52:48.627506 2026] [php:error] [pid 97197] [client 213.209.159.181:0] script '/domains/nlyfoods/asdf.php' not found or unable to stat
[Sun Jan 18 13:52:49.012306 2026] [php:error] [pid 97209] [client 213.209.159.181:0] script '/domains/nlyfoods/config.php' not found or unable to stat
[Sun Jan 18 13:52:50.776321 2026] [php:error] [pid 97209] [client 213.209.159.181:0] script '/domains/nlyfoods/i.php' not found or unable to stat
[Sun Jan 18 13:52:50.836175 2026] [php:error] [pid 97199] [client 213.209.159.181:0] script '/domains/nlyfoods/infophp.php' not found or unable to stat
[Sun Jan 18 13:52:50.836175 2026] [php:error] [pid 97190] [client 213.209.159.181:0] script '/domains/nlyfoods/info.php' not found or unable to stat
[Sun Jan 18 13:52:50.836384 2026] [php:error] [pid 97208] [client 213.209.159.181:0] script '/domains/nlyfoods/infos.php' not found or unable to stat
[Sun Jan 18 13:52:51.131486 2026] [php:error] [pid 97210] [client 213.209.159.181:0] script '/domains/nlyfoods/linusadmin-phpinfo.php' not found or unable to stat
[Sun Jan 18 13:52:51.227806 2026] [php:error] [pid 97194] [client 213.209.159.181:0] script '/domains/nlyfoods/old_phpinfo.php' not found or unable to stat
[Sun Jan 18 13:52:51.258242 2026] [php:error] [pid 97196] [client 213.209.159.181:0] script '/domains/nlyfoods/php.php' not found or unable to stat
[Sun Jan 18 13:52:51.298894 2026] [php:error] [pid 97190] [client 213.209.159.181:0] script '/domains/nlyfoods/php-info.php' not found or unable to stat
[Sun Jan 18 13:52:51.298931 2026] [php:error] [pid 97199] [client 213.209.159.181:0] script '/domains/nlyfoods/php_info.php' not found or unable to stat
[Sun Jan 18 13:52:51.307902 2026] [php:error] [pid 97197] [client 213.209.159.181:0] script '/domains/nlyfoods/phpinfo.php' not found or unable to stat
[Sun Jan 18 13:52:51.319699 2026] [php:error] [pid 97194] [client 213.209.159.181:0] script '/domains/nlyfoods/phpinfos.php' not found or unable to stat
[Sun Jan 18 13:52:51.331547 2026] [php:error] [pid 97209] [client 213.209.159.181:0] script '/domains/nlyfoods/pinfo.php' not found or unable to stat
[Sun Jan 18 13:52:51.350318 2026] [php:error] [pid 97196] [client 213.209.159.181:0] script '/domains/nlyfoods/phpversion.php' not found or unable to stat
[Sun Jan 18 13:52:51.686549 2026] [access_compat:error] [pid 97206] [client 213.209.159.181:0] AH01797: client denied by server configuration: /domains/nlyfoods/server-info
[Sun Jan 18 13:52:51.688537 2026] [php:error] [pid 97194] [client 213.209.159.181:0] script '/domains/nlyfoods/server-info.php' not found or unable to stat
[Sun Jan 18 13:52:51.702887 2026] [php:error] [pid 97209] [client 213.209.159.181:0] script '/domains/nlyfoods/server_info.php' not found or unable to stat
[Sun Jan 18 13:52:52.239682 2026] [php:error] [pid 97191] [client 213.209.159.181:0] script '/domains/nlyfoods/temp.php' not found or unable to stat
[Sun Jan 18 13:52:52.244889 2026] [php:error] [pid 97206] [client 213.209.159.181:0] script '/domains/nlyfoods/test.php' not found or unable to stat
[Sun Jan 18 13:52:52.255334 2026] [php:error] [pid 97209] [client 213.209.159.181:0] script '/domains/nlyfoods/test1.php' not found or unable to stat
[Sun Jan 18 13:52:52.269031 2026] [php:error] [pid 97196] [client 213.209.159.181:0] script '/domains/nlyfoods/test2.php' not found or unable to stat
[Sun Jan 18 13:52:52.320163 2026] [php:error] [pid 97197] [client 213.209.159.181:0] script '/domains/nlyfoods/time.php' not found or unable to stat
[Sun Jan 18 13:52:52.442270 2026] [php:error] [pid 97209] [client 213.209.159.181:0] script '/domains/nlyfoods/wp-config.php' not found or unable to stat
[Sun Jan 18 13:52:52.504819 2026] [php:error] [pid 97197] [client 213.209.159.181:0] script '/domains/nlyfoods/wp-config.php.bak' not found or unable to stat
[Sun Jan 18 13:52:52.505179 2026] [php:error] [pid 97208] [client 213.209.159.181:0] script '/domains/nlyfoods/wp-config.php.old' not found or unable to stat
[Sun Jan 18 13:52:52.534536 2026] [php:error] [pid 97209] [client 213.209.159.181:0] script '/domains/nlyfoods/_phpinfo.php' not found or unable to stat
[Sun Jan 18 13:52:53.166894 2026] [access_compat:error] [pid 97208] [client 213.209.159.181:0] AH01797: client denied by server configuration: /domains/nlyfoods/server-status
[Sun Jan 18 13:52:53.405449 2026] [authz_core:error] [pid 97206] [client 213.209.159.181:0] AH01630: client denied by server configuration: /domains/nlyfoods/.htpasswd
[Sun Jan 18 13:52:53.443889 2026] [authz_core:error] [pid 97210] [client 213.209.159.181:0] AH01630: client denied by server configuration: /domains/nlyfoods/.htaccess
[Sun Jan 18 13:53:45.873869 2026] [php:error] [pid 97207] [client 213.209.159.181:0] script '/domains/astrosfm/.wp-config.php.swp' not found or unable to stat
[Sun Jan 18 13:53:46.021078 2026] [php:error] [pid 97208] [client 213.209.159.181:0] script '/domains/astrosfm/.env.php' not found or unable to stat
[Sun Jan 18 13:53:47.127736 2026] [php:error] [pid 97208] [client 213.209.159.181:0] script '/domains/astrosfm/app_dev.php' not found or unable to stat
[Sun Jan 18 13:53:47.430495 2026] [php:error] [pid 97225] [client 213.209.159.181:0] script '/domains/astrosfm/asdf.php' not found or unable to stat
[Sun Jan 18 13:53:47.927717 2026] [php:error] [pid 97197] [client 213.209.159.181:0] script '/domains/astrosfm/config.php' not found or unable to stat
[Sun Jan 18 13:53:49.292213 2026] [php:error] [pid 97207] [client 213.209.159.181:0] script '/domains/astrosfm/i.php' not found or unable to stat
[Sun Jan 18 13:53:49.296891 2026] [php:error] [pid 97222] [client 213.209.159.181:0] script '/domains/astrosfm/info.php' not found or unable to stat
[Sun Jan 18 13:53:49.297688 2026] [php:error] [pid 97225] [client 213.209.159.181:0] script '/domains/astrosfm/infophp.php' not found or unable to stat
[Sun Jan 18 13:53:49.306285 2026] [php:error] [pid 97197] [client 213.209.159.181:0] script '/domains/astrosfm/infos.php' not found or unable to stat
[Sun Jan 18 13:53:49.489698 2026] [php:error] [pid 97197] [client 213.209.159.181:0] script '/domains/astrosfm/linusadmin-phpinfo.php' not found or unable to stat
[Sun Jan 18 13:53:49.670776 2026] [php:error] [pid 97225] [client 213.209.159.181:0] script '/domains/astrosfm/php-info.php' not found or unable to stat
[Sun Jan 18 13:53:49.770834 2026] [php:error] [pid 97197] [client 213.209.159.181:0] script '/domains/astrosfm/phpinfos.php' not found or unable to stat
[Sun Jan 18 13:53:49.771087 2026] [php:error] [pid 97225] [client 213.209.159.181:0] script '/domains/astrosfm/phpinfo.php' not found or unable to stat
[Sun Jan 18 13:53:49.772588 2026] [php:error] [pid 97222] [client 213.209.159.181:0] script '/domains/astrosfm/php.php' not found or unable to stat
[Sun Jan 18 13:53:49.826046 2026] [php:error] [pid 97224] [client 213.209.159.181:0] script '/domains/astrosfm/php_info.php' not found or unable to stat
[Sun Jan 18 13:53:49.832007 2026] [php:error] [pid 97187] [client 213.209.159.181:0] script '/domains/astrosfm/old_phpinfo.php' not found or unable to stat
[Sun Jan 18 13:53:49.832031 2026] [php:error] [pid 97226] [client 213.209.159.181:0] script '/domains/astrosfm/phpversion.php' not found or unable to stat
[Sun Jan 18 13:53:49.865799 2026] [php:error] [pid 97222] [client 213.209.159.181:0] script '/domains/astrosfm/pinfo.php' not found or unable to stat
[Sun Jan 18 13:53:50.200057 2026] [php:error] [pid 97196] [client 213.209.159.181:0] script '/domains/astrosfm/server_info.php' not found or unable to stat
[Sun Jan 18 13:53:50.230455 2026] [access_compat:error] [pid 97187] [client 213.209.159.181:0] AH01797: client denied by server configuration: /domains/astrosfm/server-info
[Sun Jan 18 13:53:50.234934 2026] [php:error] [pid 97219] [client 213.209.159.181:0] script '/domains/astrosfm/server-info.php' not found or unable to stat
[Sun Jan 18 13:53:50.833713 2026] [php:error] [pid 97197] [client 213.209.159.181:0] script '/domains/astrosfm/temp.php' not found or unable to stat
[Sun Jan 18 13:53:50.879620 2026] [php:error] [pid 97226] [client 213.209.159.181:0] script '/domains/astrosfm/wp-config.php' not found or unable to stat
[Sun Jan 18 13:53:50.907459 2026] [php:error] [pid 97187] [client 213.209.159.181:0] script '/domains/astrosfm/test1.php' not found or unable to stat
[Sun Jan 18 13:53:50.907460 2026] [php:error] [pid 97225] [client 213.209.159.181:0] script '/domains/astrosfm/test.php' not found or unable to stat
[Sun Jan 18 13:53:50.907917 2026] [php:error] [pid 97222] [client 213.209.159.181:0] script '/domains/astrosfm/wp-config.php.old' not found or unable to stat
[Sun Jan 18 13:53:51.000030 2026] [php:error] [pid 97219] [client 213.209.159.181:0] script '/domains/astrosfm/test2.php' not found or unable to stat
[Sun Jan 18 13:53:51.001199 2026] [php:error] [pid 97225] [client 213.209.159.181:0] script '/domains/astrosfm/time.php' not found or unable to stat
[Sun Jan 18 13:53:51.063584 2026] [php:error] [pid 97226] [client 213.209.159.181:0] script '/domains/astrosfm/_phpinfo.php' not found or unable to stat
[Sun Jan 18 13:53:51.120993 2026] [php:error] [pid 97196] [client 213.209.159.181:0] script '/domains/astrosfm/wp-config.php.bak' not found or unable to stat
[Sun Jan 18 13:53:51.715824 2026] [access_compat:error] [pid 97196] [client 213.209.159.181:0] AH01797: client denied by server configuration: /domains/astrosfm/server-status
[Sun Jan 18 13:53:51.993918 2026] [authz_core:error] [pid 97197] [client 213.209.159.181:0] AH01630: client denied by server configuration: /domains/astrosfm/.htpasswd
[Sun Jan 18 13:53:51.997293 2026] [authz_core:error] [pid 97222] [client 213.209.159.181:0] AH01630: client denied by server configuration: /domains/astrosfm/.htaccess
[Sun Jan 18 13:53:53.438202 2026] [authz_core:error] [pid 97233] [client 47.128.115.123:0] AH01630: client denied by server configuration: /domains/markrose/board/messages/.html
[Sun Jan 18 13:54:24.090875 2026] [core:crit] [pid 97247] (13)Permission denied: [client 114.119.145.126:0] AH00529: /domains/performancepartsinc/graphics/psd/.htaccess pcfg_openfile: unable to check htaccess file, ensure it is readable and that '/domains/performancepartsinc/graphics/psd/' is executable
[Sun Jan 18 13:55:39.229989 2026] [php:error] [pid 97219] [client 213.209.159.181:0] script '/domains/carynm/.env.php' not found or unable to stat
[Sun Jan 18 13:55:40.342192 2026] [php:error] [pid 97219] [client 213.209.159.181:0] script '/domains/carynm/linusadmin-phpinfo.php' not found or unable to stat
[Sun Jan 18 13:55:40.808442 2026] [php:error] [pid 97278] [client 213.209.159.181:0] script '/domains/carynm/config.php' not found or unable to stat
[Sun Jan 18 13:55:40.848736 2026] [php:error] [pid 97271] [client 213.209.159.181:0] script '/domains/carynm/app_dev.php' not found or unable to stat
[Sun Jan 18 13:55:40.999847 2026] [php:error] [pid 97284] [client 213.209.159.181:0] script '/domains/carynm/.wp-config.php.swp' not found or unable to stat
