[Fri Jan 16 22:42:34.302254 2026] [php:error] [pid 22123] [client 103.178.175.180:0] script '/domains/deltaele/id.php' not found or unable to stat
[Fri Jan 16 22:42:34.304015 2026] [php:error] [pid 22128] [client 103.178.175.180:0] script '/domains/deltaele/idx.php' not found or unable to stat
[Fri Jan 16 22:42:34.304109 2026] [php:error] [pid 22130] [client 103.178.175.180:0] script '/domains/deltaele/if.php' not found or unable to stat
[Fri Jan 16 22:42:34.531083 2026] [php:error] [pid 22122] [client 165.22.97.19:0] script '/domains/markrose/wp-login.php' not found or unable to stat, referer: http://zompist.com/wp-login.php
[Fri Jan 16 22:42:34.569281 2026] [php:error] [pid 22123] [client 103.178.175.180:0] script '/domains/deltaele/indoxploit.php' not found or unable to stat
[Fri Jan 16 22:42:34.571362 2026] [php:error] [pid 22128] [client 103.178.175.180:0] script '/domains/deltaele/info.php' not found or unable to stat
[Fri Jan 16 22:42:34.571803 2026] [php:error] [pid 22130] [client 103.178.175.180:0] script '/domains/deltaele/init.php' not found or unable to stat
[Fri Jan 16 22:42:34.828616 2026] [php:error] [pid 22129] [client 103.178.175.180:0] script '/domains/deltaele/inputs.php' not found or unable to stat
[Fri Jan 16 22:42:34.836120 2026] [php:error] [pid 22123] [client 103.178.175.180:0] script '/domains/deltaele/iq.php' not found or unable to stat
[Fri Jan 16 22:42:34.836137 2026] [php:error] [pid 22131] [client 103.178.175.180:0] script '/domains/deltaele/install.php' not found or unable to stat
[Fri Jan 16 22:42:34.838024 2026] [php:error] [pid 22128] [client 103.178.175.180:0] script '/domains/deltaele/j.php' not found or unable to stat
[Fri Jan 16 22:42:34.838245 2026] [php:error] [pid 22130] [client 103.178.175.180:0] script '/domains/deltaele/jindex.php' not found or unable to stat
[Fri Jan 16 22:42:34.977849 2026] [php:error] [pid 22121] [client 165.22.97.19:0] script '/domains/markrose/wp-login.php' not found or unable to stat, referer: http://zompist.com/wp-login.php
[Fri Jan 16 22:42:35.094149 2026] [php:error] [pid 22129] [client 103.178.175.180:0] script '/domains/deltaele/js.php' not found or unable to stat
[Fri Jan 16 22:42:35.101123 2026] [php:error] [pid 22131] [client 103.178.175.180:0] script '/domains/deltaele/js.php' not found or unable to stat
[Fri Jan 16 22:42:35.101734 2026] [php:error] [pid 22123] [client 103.178.175.180:0] script '/domains/deltaele/k.php' not found or unable to stat
[Fri Jan 16 22:42:35.103669 2026] [php:error] [pid 22128] [client 103.178.175.180:0] script '/domains/deltaele/kk.php' not found or unable to stat
[Fri Jan 16 22:42:35.103815 2026] [php:error] [pid 22130] [client 103.178.175.180:0] script '/domains/deltaele/kn.php' not found or unable to stat
[Fri Jan 16 22:42:35.360379 2026] [php:error] [pid 22129] [client 103.178.175.180:0] script '/domains/deltaele/l.php' not found or unable to stat
[Fri Jan 16 22:42:35.367526 2026] [php:error] [pid 22131] [client 103.178.175.180:0] script '/domains/deltaele/leaf.php' not found or unable to stat
[Fri Jan 16 22:42:35.367587 2026] [php:error] [pid 22123] [client 103.178.175.180:0] script '/domains/deltaele/lf.php' not found or unable to stat
[Fri Jan 16 22:42:35.369802 2026] [php:error] [pid 22128] [client 103.178.175.180:0] script '/domains/deltaele/load.php' not found or unable to stat
[Fri Jan 16 22:42:35.425760 2026] [php:error] [pid 22110] [client 165.22.97.19:0] script '/domains/markrose/wp-login.php' not found or unable to stat, referer: http://zompist.com/wp-login.php
[Fri Jan 16 22:42:35.627320 2026] [php:error] [pid 22129] [client 103.178.175.180:0] script '/domains/deltaele/local.php' not found or unable to stat
[Fri Jan 16 22:42:35.634601 2026] [php:error] [pid 22131] [client 103.178.175.180:0] script '/domains/deltaele/lock.php' not found or unable to stat
[Fri Jan 16 22:42:35.634603 2026] [php:error] [pid 22123] [client 103.178.175.180:0] script '/domains/deltaele/lock360.php' not found or unable to stat
[Fri Jan 16 22:42:35.636991 2026] [php:error] [pid 22128] [client 103.178.175.180:0] script '/domains/deltaele/log.php' not found or unable to stat
[Fri Jan 16 22:42:35.637020 2026] [php:error] [pid 22130] [client 103.178.175.180:0] script '/domains/deltaele/login.php' not found or unable to stat
[Fri Jan 16 22:42:35.881837 2026] [php:error] [pid 22122] [client 165.22.97.19:0] script '/domains/markrose/wp-login.php' not found or unable to stat, referer: http://zompist.com/wp-login.php
[Fri Jan 16 22:42:35.893208 2026] [php:error] [pid 22129] [client 103.178.175.180:0] script '/domains/deltaele/lv.php' not found or unable to stat
[Fri Jan 16 22:42:35.901325 2026] [php:error] [pid 22131] [client 103.178.175.180:0] script '/domains/deltaele/lx.php' not found or unable to stat
[Fri Jan 16 22:42:35.901408 2026] [php:error] [pid 22123] [client 103.178.175.180:0] script '/domains/deltaele/m.php' not found or unable to stat
[Fri Jan 16 22:42:35.902568 2026] [php:error] [pid 22128] [client 103.178.175.180:0] script '/domains/deltaele/mad.php' not found or unable to stat
[Fri Jan 16 22:42:35.903525 2026] [php:error] [pid 22130] [client 103.178.175.180:0] script '/domains/deltaele/mah.php' not found or unable to stat
[Fri Jan 16 22:42:36.159798 2026] [php:error] [pid 22129] [client 103.178.175.180:0] script '/domains/deltaele/mail.php' not found or unable to stat
[Fri Jan 16 22:42:36.166874 2026] [php:error] [pid 22131] [client 103.178.175.180:0] script '/domains/deltaele/manager.php' not found or unable to stat
[Fri Jan 16 22:42:36.167078 2026] [php:error] [pid 22123] [client 103.178.175.180:0] script '/domains/deltaele/mar.php' not found or unable to stat
[Fri Jan 16 22:42:36.168800 2026] [php:error] [pid 22128] [client 103.178.175.180:0] script '/domains/deltaele/mari.php' not found or unable to stat
[Fri Jan 16 22:42:36.169187 2026] [php:error] [pid 22130] [client 103.178.175.180:0] script '/domains/deltaele/marijuana.php' not found or unable to stat
[Fri Jan 16 22:42:36.330956 2026] [php:error] [pid 22132] [client 165.22.97.19:0] script '/domains/markrose/wp-login.php' not found or unable to stat, referer: http://zompist.com/wp-login.php
[Fri Jan 16 22:42:36.425812 2026] [php:error] [pid 22129] [client 103.178.175.180:0] script '/domains/deltaele/MARIJUANA.php' not found or unable to stat
[Fri Jan 16 22:42:36.432838 2026] [php:error] [pid 22131] [client 103.178.175.180:0] script '/domains/deltaele/mas.php' not found or unable to stat
[Fri Jan 16 22:42:36.432857 2026] [php:error] [pid 22123] [client 103.178.175.180:0] script '/domains/deltaele/mass.php' not found or unable to stat
[Fri Jan 16 22:42:36.435137 2026] [php:error] [pid 22128] [client 103.178.175.180:0] script '/domains/deltaele/min.php' not found or unable to stat
[Fri Jan 16 22:42:36.435249 2026] [php:error] [pid 22130] [client 103.178.175.180:0] script '/domains/deltaele/mini.php' not found or unable to stat
[Fri Jan 16 22:42:36.691302 2026] [php:error] [pid 22129] [client 103.178.175.180:0] script '/domains/deltaele/minishell.php' not found or unable to stat
[Fri Jan 16 22:42:36.698629 2026] [php:error] [pid 22123] [client 103.178.175.180:0] script '/domains/deltaele/n.php' not found or unable to stat
[Fri Jan 16 22:42:36.698668 2026] [php:error] [pid 22131] [client 103.178.175.180:0] script '/domains/deltaele/mrjn.php' not found or unable to stat
[Fri Jan 16 22:42:36.700589 2026] [php:error] [pid 22130] [client 103.178.175.180:0] script '/domains/deltaele/new.php' not found or unable to stat
[Fri Jan 16 22:42:36.700594 2026] [php:error] [pid 22128] [client 103.178.175.180:0] script '/domains/deltaele/new-index.php' not found or unable to stat
[Fri Jan 16 22:42:36.778492 2026] [php:error] [pid 22121] [client 165.22.97.19:0] script '/domains/markrose/wp-login.php' not found or unable to stat, referer: http://zompist.com/wp-login.php
[Fri Jan 16 22:42:36.956742 2026] [php:error] [pid 22129] [client 103.178.175.180:0] script '/domains/deltaele/NewFile.php' not found or unable to stat
[Fri Jan 16 22:42:36.964305 2026] [php:error] [pid 22131] [client 103.178.175.180:0] script '/domains/deltaele/ninja.php' not found or unable to stat
[Fri Jan 16 22:42:36.964625 2026] [php:error] [pid 22123] [client 103.178.175.180:0] script '/domains/deltaele/nn.php' not found or unable to stat
[Fri Jan 16 22:42:36.966414 2026] [php:error] [pid 22130] [client 103.178.175.180:0] script '/domains/deltaele/ok.php' not found or unable to stat
[Fri Jan 16 22:42:36.966422 2026] [php:error] [pid 22128] [client 103.178.175.180:0] script '/domains/deltaele/o.php' not found or unable to stat
[Fri Jan 16 22:42:37.222526 2026] [php:error] [pid 22129] [client 103.178.175.180:0] script '/domains/deltaele/p.php' not found or unable to stat
[Fri Jan 16 22:42:37.225158 2026] [php:error] [pid 22110] [client 165.22.97.19:0] script '/domains/markrose/wp-login.php' not found or unable to stat, referer: http://zompist.com/wp-login.php
[Fri Jan 16 22:42:37.229755 2026] [php:error] [pid 22131] [client 103.178.175.180:0] script '/domains/deltaele/phpinfo.php' not found or unable to stat
[Fri Jan 16 22:42:37.230036 2026] [php:error] [pid 22123] [client 103.178.175.180:0] script '/domains/deltaele/pi.php' not found or unable to stat
[Fri Jan 16 22:42:37.231826 2026] [php:error] [pid 22128] [client 103.178.175.180:0] script '/domains/deltaele/priv.php' not found or unable to stat
[Fri Jan 16 22:42:37.231898 2026] [php:error] [pid 22130] [client 103.178.175.180:0] script '/domains/deltaele/priv8.php' not found or unable to stat
[Fri Jan 16 22:42:37.488008 2026] [php:error] [pid 22129] [client 103.178.175.180:0] script '/domains/deltaele/q.php' not found or unable to stat
[Fri Jan 16 22:42:37.495289 2026] [php:error] [pid 22131] [client 103.178.175.180:0] script '/domains/deltaele/qindex.php' not found or unable to stat
[Fri Jan 16 22:42:37.495569 2026] [php:error] [pid 22123] [client 103.178.175.180:0] script '/domains/deltaele/r.php' not found or unable to stat
[Fri Jan 16 22:42:37.497411 2026] [php:error] [pid 22130] [client 103.178.175.180:0] script '/domains/deltaele/radio.php' not found or unable to stat
[Fri Jan 16 22:42:37.497424 2026] [php:error] [pid 22128] [client 103.178.175.180:0] script '/domains/deltaele/r00t.php' not found or unable to stat
[Fri Jan 16 22:42:37.672558 2026] [php:error] [pid 22122] [client 165.22.97.19:0] script '/domains/markrose/wp-login.php' not found or unable to stat, referer: http://zompist.com/wp-login.php
[Fri Jan 16 22:42:37.753122 2026] [php:error] [pid 22129] [client 103.178.175.180:0] script '/domains/deltaele/radio.php' not found or unable to stat
[Fri Jan 16 22:42:37.761028 2026] [php:error] [pid 22123] [client 103.178.175.180:0] script '/domains/deltaele/readme.php' not found or unable to stat
[Fri Jan 16 22:42:37.761065 2026] [php:error] [pid 22131] [client 103.178.175.180:0] script '/domains/deltaele/raw.php' not found or unable to stat
[Fri Jan 16 22:42:37.762896 2026] [php:error] [pid 22128] [client 103.178.175.180:0] script '/domains/deltaele/root.php' not found or unable to stat
[Fri Jan 16 22:42:37.763519 2026] [php:error] [pid 22130] [client 103.178.175.180:0] script '/domains/deltaele/rss.php' not found or unable to stat
[Fri Jan 16 22:42:38.020551 2026] [php:error] [pid 22129] [client 103.178.175.180:0] script '/domains/deltaele/s.php' not found or unable to stat
[Fri Jan 16 22:42:38.027524 2026] [php:error] [pid 22131] [client 103.178.175.180:0] script '/domains/deltaele/send.php' not found or unable to stat
[Fri Jan 16 22:42:38.028144 2026] [php:error] [pid 22123] [client 103.178.175.180:0] script '/domains/deltaele/seo.php' not found or unable to stat
[Fri Jan 16 22:42:38.029596 2026] [php:error] [pid 22130] [client 103.178.175.180:0] script '/domains/deltaele/shx.php' not found or unable to stat
[Fri Jan 16 22:42:38.029632 2026] [php:error] [pid 22128] [client 103.178.175.180:0] script '/domains/deltaele/shl.php' not found or unable to stat
[Fri Jan 16 22:42:38.120310 2026] [php:error] [pid 22121] [client 165.22.97.19:0] script '/domains/markrose/wp-login.php' not found or unable to stat, referer: http://zompist.com/wp-login.php
[Fri Jan 16 22:42:38.285820 2026] [php:error] [pid 22129] [client 103.178.175.180:0] script '/domains/deltaele/simple.php' not found or unable to stat
[Fri Jan 16 22:42:38.292781 2026] [php:error] [pid 22123] [client 103.178.175.180:0] script '/domains/deltaele/sym.php' not found or unable to stat
[Fri Jan 16 22:42:38.292895 2026] [php:error] [pid 22131] [client 103.178.175.180:0] script '/domains/deltaele/style.php' not found or unable to stat
[Fri Jan 16 22:42:38.294800 2026] [php:error] [pid 22128] [client 103.178.175.180:0] script '/domains/deltaele/Sym.php' not found or unable to stat
[Fri Jan 16 22:42:38.295051 2026] [php:error] [pid 22130] [client 103.178.175.180:0] script '/domains/deltaele/sym403.php' not found or unable to stat
[Fri Jan 16 22:42:38.551361 2026] [php:error] [pid 22129] [client 103.178.175.180:0] script '/domains/deltaele/symlink.php' not found or unable to stat
[Fri Jan 16 22:42:38.558658 2026] [php:error] [pid 22131] [client 103.178.175.180:0] script '/domains/deltaele/sys.php' not found or unable to stat
[Fri Jan 16 22:42:38.558661 2026] [php:error] [pid 22123] [client 103.178.175.180:0] script '/domains/deltaele/t.php' not found or unable to stat
[Fri Jan 16 22:42:38.560886 2026] [php:error] [pid 22128] [client 103.178.175.180:0] script '/domains/deltaele/tes.php' not found or unable to stat
[Fri Jan 16 22:42:38.561267 2026] [php:error] [pid 22130] [client 103.178.175.180:0] script '/domains/deltaele/test.php' not found or unable to stat
[Fri Jan 16 22:42:38.570944 2026] [php:error] [pid 22110] [client 165.22.97.19:0] script '/domains/markrose/wp-login.php' not found or unable to stat, referer: http://zompist.com/wp-login.php
[Fri Jan 16 22:42:38.821798 2026] [php:error] [pid 22129] [client 103.178.175.180:0] script '/domains/deltaele/tinyfilemanager.php' not found or unable to stat
[Fri Jan 16 22:42:38.829185 2026] [php:error] [pid 22131] [client 103.178.175.180:0] script '/domains/deltaele/u.php' not found or unable to stat
[Fri Jan 16 22:42:38.829751 2026] [php:error] [pid 22123] [client 103.178.175.180:0] script '/domains/deltaele/unknown.php' not found or unable to stat
[Fri Jan 16 22:42:38.831295 2026] [php:error] [pid 22130] [client 103.178.175.180:0] script '/domains/deltaele/upfile.php' not found or unable to stat
[Fri Jan 16 22:42:38.831413 2026] [php:error] [pid 22128] [client 103.178.175.180:0] script '/domains/deltaele/up.php' not found or unable to stat
[Fri Jan 16 22:42:39.023425 2026] [php:error] [pid 22132] [client 165.22.97.19:0] script '/domains/markrose/wp-login.php' not found or unable to stat, referer: http://zompist.com/wp-login.php
[Fri Jan 16 22:42:39.087686 2026] [php:error] [pid 22129] [client 103.178.175.180:0] script '/domains/deltaele/upgrade.php' not found or unable to stat
[Fri Jan 16 22:42:39.095418 2026] [php:error] [pid 22123] [client 103.178.175.180:0] script '/domains/deltaele/uploader.php' not found or unable to stat
[Fri Jan 16 22:42:39.095422 2026] [php:error] [pid 22131] [client 103.178.175.180:0] script '/domains/deltaele/upload.php' not found or unable to stat
[Fri Jan 16 22:42:39.097360 2026] [php:error] [pid 22128] [client 103.178.175.180:0] script '/domains/deltaele/uploads.php' not found or unable to stat
[Fri Jan 16 22:42:39.097565 2026] [php:error] [pid 22130] [client 103.178.175.180:0] script '/domains/deltaele/ups.php' not found or unable to stat
[Fri Jan 16 22:42:39.357592 2026] [php:error] [pid 22129] [client 103.178.175.180:0] script '/domains/deltaele/usr.php' not found or unable to stat
[Fri Jan 16 22:42:39.364721 2026] [php:error] [pid 22123] [client 103.178.175.180:0] script '/domains/deltaele/v.php' not found or unable to stat
[Fri Jan 16 22:42:39.365317 2026] [php:error] [pid 22131] [client 103.178.175.180:0] script '/domains/deltaele/vuln.php' not found or unable to stat
[Fri Jan 16 22:42:39.367615 2026] [php:error] [pid 22128] [client 103.178.175.180:0] script '/domains/deltaele/w.php' not found or unable to stat
[Fri Jan 16 22:42:39.367630 2026] [php:error] [pid 22130] [client 103.178.175.180:0] script '/domains/deltaele/wp_cron.php' not found or unable to stat
[Fri Jan 16 22:42:39.471566 2026] [php:error] [pid 22122] [client 165.22.97.19:0] script '/domains/markrose/wp-login.php' not found or unable to stat, referer: http://zompist.com/wp-login.php
[Fri Jan 16 22:42:39.624616 2026] [php:error] [pid 22129] [client 103.178.175.180:0] script '/domains/deltaele/wp_wrong_datlib.php' not found or unable to stat
[Fri Jan 16 22:42:39.631690 2026] [php:error] [pid 22123] [client 103.178.175.180:0] script '/domains/deltaele/wp-.php' not found or unable to stat
[Fri Jan 16 22:42:39.631766 2026] [php:error] [pid 22131] [client 103.178.175.180:0] script '/domains/deltaele/wp-about.php' not found or unable to stat
[Fri Jan 16 22:42:39.633641 2026] [php:error] [pid 22128] [client 103.178.175.180:0] script '/domains/deltaele/wp-access.php' not found or unable to stat
[Fri Jan 16 22:42:39.633648 2026] [php:error] [pid 22130] [client 103.178.175.180:0] script '/domains/deltaele/wp-activate.php' not found or unable to stat
[Fri Jan 16 22:42:39.919372 2026] [php:error] [pid 22110] [client 165.22.97.19:0] script '/domains/markrose/wp-login.php' not found or unable to stat, referer: http://zompist.com/wp-login.php
[Fri Jan 16 22:42:40.370096 2026] [php:error] [pid 22134] [client 165.22.97.19:0] script '/domains/markrose/wp-login.php' not found or unable to stat, referer: http://zompist.com/wp-login.php
[Fri Jan 16 22:42:40.819923 2026] [php:error] [pid 22122] [client 165.22.97.19:0] script '/domains/markrose/wp-login.php' not found or unable to stat, referer: http://zompist.com/wp-login.php
[Fri Jan 16 22:42:40.952517 2026] [php:error] [pid 22129] [client 103.178.175.180:0] script '/domains/deltaele/wp-atom.php' not found or unable to stat
[Fri Jan 16 22:42:40.960222 2026] [php:error] [pid 22131] [client 103.178.175.180:0] script '/domains/deltaele/wp-blog-header.php' not found or unable to stat
[Fri Jan 16 22:42:40.960437 2026] [php:error] [pid 22123] [client 103.178.175.180:0] script '/domains/deltaele/wp-conctent.php' not found or unable to stat
[Fri Jan 16 22:42:40.962277 2026] [php:error] [pid 22130] [client 103.178.175.180:0] script '/domains/deltaele/wp-config.php' not found or unable to stat
[Fri Jan 16 22:42:40.962471 2026] [php:error] [pid 22128] [client 103.178.175.180:0] script '/domains/deltaele/wp-config-sample.php' not found or unable to stat
[Fri Jan 16 22:42:41.219296 2026] [php:error] [pid 22129] [client 103.178.175.180:0] script '/domains/deltaele/wp-conflg.php' not found or unable to stat
[Fri Jan 16 22:42:41.226196 2026] [php:error] [pid 22131] [client 103.178.175.180:0] script '/domains/deltaele/wp-content.php' not found or unable to stat
[Fri Jan 16 22:42:41.268124 2026] [php:error] [pid 22127] [client 165.22.97.19:0] script '/domains/markrose/wp-login.php' not found or unable to stat, referer: http://zompist.com/wp-login.php
[Fri Jan 16 22:42:41.717113 2026] [php:error] [pid 22134] [client 165.22.97.19:0] script '/domains/markrose/wp-login.php' not found or unable to stat, referer: http://zompist.com/wp-login.php
[Fri Jan 16 22:42:42.163007 2026] [php:error] [pid 22109] [client 165.22.97.19:0] script '/domains/markrose/wp-login.php' not found or unable to stat, referer: http://zompist.com/wp-login.php
[Fri Jan 16 22:42:42.288756 2026] [php:error] [pid 22123] [client 103.178.175.180:0] script '/domains/deltaele/wp-defaul.php' not found or unable to stat
[Fri Jan 16 22:42:42.288774 2026] [php:error] [pid 22131] [client 103.178.175.180:0] script '/domains/deltaele/wp-cron.php' not found or unable to stat
[Fri Jan 16 22:42:42.290579 2026] [php:error] [pid 22128] [client 103.178.175.180:0] script '/domains/deltaele/wp-files.php' not found or unable to stat
[Fri Jan 16 22:42:42.290648 2026] [php:error] [pid 22130] [client 103.178.175.180:0] script '/domains/deltaele/wp-includes.php' not found or unable to stat
[Fri Jan 16 22:42:42.611474 2026] [php:error] [pid 22132] [client 165.22.97.19:0] script '/domains/markrose/wp-login.php' not found or unable to stat, referer: http://zompist.com/wp-login.php
[Fri Jan 16 22:42:43.059144 2026] [php:error] [pid 22133] [client 165.22.97.19:0] script '/domains/markrose/wp-login.php' not found or unable to stat, referer: http://zompist.com/wp-login.php
[Fri Jan 16 22:42:43.507396 2026] [php:error] [pid 22134] [client 165.22.97.19:0] script '/domains/markrose/wp-login.php' not found or unable to stat, referer: http://zompist.com/wp-login.php
[Fri Jan 16 22:42:43.955652 2026] [php:error] [pid 22132] [client 165.22.97.19:0] script '/domains/markrose/wp-login.php' not found or unable to stat, referer: http://zompist.com/wp-login.php
[Fri Jan 16 22:42:44.404154 2026] [php:error] [pid 22121] [client 165.22.97.19:0] script '/domains/markrose/wp-login.php' not found or unable to stat, referer: http://zompist.com/wp-login.php
[Fri Jan 16 22:42:44.851847 2026] [php:error] [pid 22134] [client 165.22.97.19:0] script '/domains/markrose/wp-login.php' not found or unable to stat, referer: http://zompist.com/wp-login.php
[Fri Jan 16 22:42:44.946063 2026] [php:error] [pid 22129] [client 103.178.175.180:0] script '/domains/deltaele/wp-load.php' not found or unable to stat
[Fri Jan 16 22:42:44.952909 2026] [php:error] [pid 22131] [client 103.178.175.180:0] script '/domains/deltaele/wp-login.php' not found or unable to stat
[Fri Jan 16 22:42:44.953047 2026] [php:error] [pid 22123] [client 103.178.175.180:0] script '/domains/deltaele/wp-mail.php' not found or unable to stat
[Fri Jan 16 22:42:44.955062 2026] [php:error] [pid 22128] [client 103.178.175.180:0] script '/domains/deltaele/wp-mails.php' not found or unable to stat
[Fri Jan 16 22:42:44.955860 2026] [php:error] [pid 22130] [client 103.178.175.180:0] script '/domains/deltaele/wp-trackback.php' not found or unable to stat
[Fri Jan 16 22:42:45.213226 2026] [php:error] [pid 22129] [client 103.178.175.180:0] script '/domains/deltaele/wp-wso.php' not found or unable to stat
[Fri Jan 16 22:42:45.219980 2026] [php:error] [pid 22131] [client 103.178.175.180:0] script '/domains/deltaele/wp.php' not found or unable to stat
[Fri Jan 16 22:42:45.222091 2026] [php:error] [pid 22130] [client 103.178.175.180:0] script '/domains/deltaele/wp1.php' not found or unable to stat
[Fri Jan 16 22:42:45.300208 2026] [php:error] [pid 22109] [client 165.22.97.19:0] script '/domains/markrose/wp-login.php' not found or unable to stat, referer: http://zompist.com/wp-login.php
[Fri Jan 16 22:42:45.479085 2026] [php:error] [pid 22129] [client 103.178.175.180:0] script '/domains/deltaele/wpindex.php' not found or unable to stat
[Fri Jan 16 22:42:45.485927 2026] [php:error] [pid 22131] [client 103.178.175.180:0] script '/domains/deltaele/wsanon.php' not found or unable to stat
[Fri Jan 16 22:42:45.486018 2026] [php:error] [pid 22123] [client 103.178.175.180:0] script '/domains/deltaele/wso.php' not found or unable to stat
[Fri Jan 16 22:42:45.488130 2026] [php:error] [pid 22128] [client 103.178.175.180:0] script '/domains/deltaele/wso403.php' not found or unable to stat
[Fri Jan 16 22:42:45.488703 2026] [php:error] [pid 22130] [client 103.178.175.180:0] script '/domains/deltaele/x.php' not found or unable to stat
[Fri Jan 16 22:42:45.744864 2026] [php:error] [pid 22129] [client 103.178.175.180:0] script '/domains/deltaele/xleet-shell.php' not found or unable to stat
[Fri Jan 16 22:42:45.747615 2026] [php:error] [pid 22121] [client 165.22.97.19:0] script '/domains/markrose/wp-login.php' not found or unable to stat, referer: http://zompist.com/wp-login.php
[Fri Jan 16 22:42:45.752260 2026] [php:error] [pid 22123] [client 103.178.175.180:0] script '/domains/deltaele/xmlrpc.php' not found or unable to stat
[Fri Jan 16 22:42:45.752272 2026] [php:error] [pid 22131] [client 103.178.175.180:0] script '/domains/deltaele/xleet.php' not found or unable to stat
[Fri Jan 16 22:42:45.754276 2026] [php:error] [pid 22130] [client 103.178.175.180:0] script '/domains/deltaele/xmrlpc.php' not found or unable to stat
[Fri Jan 16 22:42:45.754282 2026] [php:error] [pid 22128] [client 103.178.175.180:0] script '/domains/deltaele/xmrlpc.php' not found or unable to stat
[Fri Jan 16 22:42:46.010867 2026] [php:error] [pid 22129] [client 103.178.175.180:0] script '/domains/deltaele/xx.php' not found or unable to stat
[Fri Jan 16 22:42:46.017716 2026] [php:error] [pid 22131] [client 103.178.175.180:0] script '/domains/deltaele/xxx.php' not found or unable to stat
[Fri Jan 16 22:42:46.017988 2026] [php:error] [pid 22123] [client 103.178.175.180:0] script '/domains/deltaele/y.php' not found or unable to stat
[Fri Jan 16 22:42:46.019775 2026] [php:error] [pid 22128] [client 103.178.175.180:0] script '/domains/deltaele/z.php' not found or unable to stat
[Fri Jan 16 22:42:46.019855 2026] [php:error] [pid 22130] [client 103.178.175.180:0] script '/domains/deltaele/zero.php' not found or unable to stat
[Fri Jan 16 22:42:46.194788 2026] [php:error] [pid 22133] [client 165.22.97.19:0] script '/domains/markrose/wp-login.php' not found or unable to stat, referer: http://zompist.com/wp-login.php
[Fri Jan 16 22:42:46.277649 2026] [php:error] [pid 22129] [client 103.178.175.180:0] script '/domains/deltaele/zone.php' not found or unable to stat
[Fri Jan 16 22:42:46.641962 2026] [php:error] [pid 22109] [client 165.22.97.19:0] script '/domains/markrose/wp-login.php' not found or unable to stat, referer: http://zompist.com/wp-login.php
[Fri Jan 16 22:42:47.091566 2026] [php:error] [pid 22133] [client 165.22.97.19:0] script '/domains/markrose/wp-login.php' not found or unable to stat, referer: http://zompist.com/wp-login.php
[Fri Jan 16 22:42:47.541273 2026] [php:error] [pid 22131] [client 165.22.97.19:0] script '/domains/markrose/wp-login.php' not found or unable to stat, referer: http://zompist.com/wp-login.php
[Fri Jan 16 22:42:47.989167 2026] [php:error] [pid 22123] [client 165.22.97.19:0] script '/domains/markrose/wp-login.php' not found or unable to stat, referer: http://zompist.com/wp-login.php
[Fri Jan 16 22:42:48.437063 2026] [php:error] [pid 22130] [client 165.22.97.19:0] script '/domains/markrose/wp-login.php' not found or unable to stat, referer: http://zompist.com/wp-login.php
[Fri Jan 16 22:42:48.885346 2026] [php:error] [pid 22134] [client 165.22.97.19:0] script '/domains/markrose/wp-login.php' not found or unable to stat, referer: http://zompist.com/wp-login.php
[Fri Jan 16 22:42:49.334719 2026] [php:error] [pid 22127] [client 165.22.97.19:0] script '/domains/markrose/wp-login.php' not found or unable to stat, referer: http://zompist.com/wp-login.php
[Fri Jan 16 22:42:49.781868 2026] [php:error] [pid 22131] [client 165.22.97.19:0] script '/domains/markrose/wp-login.php' not found or unable to stat, referer: http://zompist.com/wp-login.php
[Fri Jan 16 22:42:50.229395 2026] [php:error] [pid 22123] [client 165.22.97.19:0] script '/domains/markrose/wp-login.php' not found or unable to stat, referer: http://zompist.com/wp-login.php
[Fri Jan 16 22:42:50.677995 2026] [php:error] [pid 22130] [client 165.22.97.19:0] script '/domains/markrose/wp-login.php' not found or unable to stat, referer: http://zompist.com/wp-login.php
[Fri Jan 16 22:42:51.132707 2026] [php:error] [pid 22121] [client 165.22.97.19:0] script '/domains/markrose/wp-login.php' not found or unable to stat, referer: http://zompist.com/wp-login.php
[Fri Jan 16 22:42:51.582974 2026] [php:error] [pid 22131] [client 165.22.97.19:0] script '/domains/markrose/wp-login.php' not found or unable to stat, referer: http://zompist.com/wp-login.php
[Fri Jan 16 22:42:52.037480 2026] [php:error] [pid 22123] [client 165.22.97.19:0] script '/domains/markrose/wp-login.php' not found or unable to stat, referer: http://zompist.com/wp-login.php
[Fri Jan 16 22:42:52.487122 2026] [php:error] [pid 22109] [client 165.22.97.19:0] script '/domains/markrose/wp-login.php' not found or unable to stat, referer: http://zompist.com/wp-login.php
[Fri Jan 16 22:42:52.934716 2026] [php:error] [pid 22122] [client 165.22.97.19:0] script '/domains/markrose/wp-login.php' not found or unable to stat, referer: http://zompist.com/wp-login.php
[Fri Jan 16 22:42:53.387714 2026] [php:error] [pid 22131] [client 165.22.97.19:0] script '/domains/markrose/wp-login.php' not found or unable to stat, referer: http://zompist.com/wp-login.php
[Fri Jan 16 22:42:53.834636 2026] [php:error] [pid 22123] [client 165.22.97.19:0] script '/domains/markrose/wp-login.php' not found or unable to stat, referer: http://zompist.com/wp-login.php
[Fri Jan 16 22:42:54.285133 2026] [php:error] [pid 22109] [client 165.22.97.19:0] script '/domains/markrose/wp-login.php' not found or unable to stat, referer: http://zompist.com/wp-login.php
[Fri Jan 16 22:42:54.733604 2026] [php:error] [pid 22122] [client 165.22.97.19:0] script '/domains/markrose/wp-login.php' not found or unable to stat, referer: http://zompist.com/wp-login.php
[Fri Jan 16 22:42:55.181538 2026] [php:error] [pid 22131] [client 165.22.97.19:0] script '/domains/markrose/wp-login.php' not found or unable to stat, referer: http://zompist.com/wp-login.php
[Fri Jan 16 22:42:55.634015 2026] [php:error] [pid 22123] [client 165.22.97.19:0] script '/domains/markrose/wp-login.php' not found or unable to stat, referer: http://zompist.com/wp-login.php
[Fri Jan 16 22:42:56.082364 2026] [php:error] [pid 22127] [client 165.22.97.19:0] script '/domains/markrose/wp-login.php' not found or unable to stat, referer: http://zompist.com/wp-login.php
[Fri Jan 16 22:42:56.530367 2026] [php:error] [pid 22131] [client 165.22.97.19:0] script '/domains/markrose/wp-login.php' not found or unable to stat, referer: http://zompist.com/wp-login.php
[Fri Jan 16 22:42:56.981080 2026] [php:error] [pid 22123] [client 165.22.97.19:0] script '/domains/markrose/wp-login.php' not found or unable to stat, referer: http://zompist.com/wp-login.php
[Fri Jan 16 22:42:57.428022 2026] [php:error] [pid 22127] [client 165.22.97.19:0] script '/domains/markrose/wp-login.php' not found or unable to stat, referer: http://zompist.com/wp-login.php
[Fri Jan 16 22:42:57.874820 2026] [php:error] [pid 22131] [client 165.22.97.19:0] script '/domains/markrose/wp-login.php' not found or unable to stat, referer: http://zompist.com/wp-login.php
[Fri Jan 16 22:42:58.324282 2026] [php:error] [pid 22135] [client 165.22.97.19:0] script '/domains/markrose/wp-login.php' not found or unable to stat, referer: http://zompist.com/wp-login.php
[Fri Jan 16 22:42:58.771556 2026] [php:error] [pid 22131] [client 165.22.97.19:0] script '/domains/markrose/wp-login.php' not found or unable to stat, referer: http://zompist.com/wp-login.php
[Fri Jan 16 22:42:59.222326 2026] [php:error] [pid 22135] [client 165.22.97.19:0] script '/domains/markrose/wp-login.php' not found or unable to stat, referer: http://zompist.com/wp-login.php
[Fri Jan 16 22:42:59.672655 2026] [php:error] [pid 22131] [client 165.22.97.19:0] script '/domains/markrose/wp-login.php' not found or unable to stat, referer: http://zompist.com/wp-login.php
[Fri Jan 16 22:43:00.121091 2026] [php:error] [pid 22135] [client 165.22.97.19:0] script '/domains/markrose/wp-login.php' not found or unable to stat, referer: http://zompist.com/wp-login.php
[Fri Jan 16 22:43:00.568356 2026] [php:error] [pid 22137] [client 165.22.97.19:0] script '/domains/markrose/wp-login.php' not found or unable to stat, referer: http://zompist.com/wp-login.php
[Fri Jan 16 22:43:01.018666 2026] [php:error] [pid 22131] [client 165.22.97.19:0] script '/domains/markrose/wp-login.php' not found or unable to stat, referer: http://zompist.com/wp-login.php
[Fri Jan 16 22:43:01.466646 2026] [php:error] [pid 22135] [client 165.22.97.19:0] script '/domains/markrose/wp-login.php' not found or unable to stat, referer: http://zompist.com/wp-login.php
[Fri Jan 16 22:43:01.921474 2026] [php:error] [pid 22131] [client 165.22.97.19:0] script '/domains/markrose/wp-login.php' not found or unable to stat, referer: http://zompist.com/wp-login.php
[Fri Jan 16 22:43:02.388311 2026] [php:error] [pid 22135] [client 165.22.97.19:0] script '/domains/markrose/wp-login.php' not found or unable to stat, referer: http://zompist.com/wp-login.php
[Fri Jan 16 22:43:02.856165 2026] [php:error] [pid 22138] [client 165.22.97.19:0] script '/domains/markrose/wp-login.php' not found or unable to stat, referer: http://zompist.com/wp-login.php
[Fri Jan 16 22:43:03.309962 2026] [php:error] [pid 22131] [client 165.22.97.19:0] script '/domains/markrose/wp-login.php' not found or unable to stat, referer: http://zompist.com/wp-login.php
[Fri Jan 16 22:43:03.761782 2026] [php:error] [pid 22135] [client 165.22.97.19:0] script '/domains/markrose/wp-login.php' not found or unable to stat, referer: http://zompist.com/wp-login.php
[Fri Jan 16 22:43:04.211331 2026] [php:error] [pid 22138] [client 165.22.97.19:0] script '/domains/markrose/wp-login.php' not found or unable to stat, referer: http://zompist.com/wp-login.php
[Fri Jan 16 22:43:04.674925 2026] [php:error] [pid 22122] [client 165.22.97.19:0] script '/domains/markrose/wp-login.php' not found or unable to stat, referer: http://zompist.com/wp-login.php
[Fri Jan 16 22:43:05.125945 2026] [php:error] [pid 22136] [client 165.22.97.19:0] script '/domains/markrose/wp-login.php' not found or unable to stat, referer: http://zompist.com/wp-login.php
[Fri Jan 16 22:43:05.578257 2026] [php:error] [pid 22138] [client 165.22.97.19:0] script '/domains/markrose/wp-login.php' not found or unable to stat, referer: http://zompist.com/wp-login.php
[Fri Jan 16 22:43:06.027354 2026] [php:error] [pid 22127] [client 165.22.97.19:0] script '/domains/markrose/wp-login.php' not found or unable to stat, referer: http://zompist.com/wp-login.php
[Fri Jan 16 22:43:06.482199 2026] [php:error] [pid 22132] [client 165.22.97.19:0] script '/domains/markrose/wp-login.php' not found or unable to stat, referer: http://zompist.com/wp-login.php
[Fri Jan 16 22:43:06.931931 2026] [php:error] [pid 22138] [client 165.22.97.19:0] script '/domains/markrose/wp-login.php' not found or unable to stat, referer: http://zompist.com/wp-login.php
[Fri Jan 16 22:43:07.386245 2026] [php:error] [pid 22121] [client 165.22.97.19:0] script '/domains/markrose/wp-login.php' not found or unable to stat, referer: http://zompist.com/wp-login.php
[Fri Jan 16 22:43:07.833929 2026] [php:error] [pid 22138] [client 165.22.97.19:0] script '/domains/markrose/wp-login.php' not found or unable to stat, referer: http://zompist.com/wp-login.php
[Fri Jan 16 22:43:08.282516 2026] [php:error] [pid 22132] [client 165.22.97.19:0] script '/domains/markrose/wp-login.php' not found or unable to stat, referer: http://zompist.com/wp-login.php
[Fri Jan 16 22:43:08.734298 2026] [php:error] [pid 22139] [client 165.22.97.19:0] script '/domains/markrose/wp-login.php' not found or unable to stat, referer: http://zompist.com/wp-login.php
[Fri Jan 16 22:43:09.181476 2026] [php:error] [pid 22132] [client 165.22.97.19:0] script '/domains/markrose/wp-login.php' not found or unable to stat, referer: http://zompist.com/wp-login.php
[Fri Jan 16 22:43:09.633558 2026] [php:error] [pid 22139] [client 165.22.97.19:0] script '/domains/markrose/wp-login.php' not found or unable to stat, referer: http://zompist.com/wp-login.php
[Fri Jan 16 22:43:10.084485 2026] [php:error] [pid 22141] [client 165.22.97.19:0] script '/domains/markrose/wp-login.php' not found or unable to stat, referer: http://zompist.com/wp-login.php
[Fri Jan 16 22:43:10.533945 2026] [php:error] [pid 22122] [client 165.22.97.19:0] script '/domains/markrose/wp-login.php' not found or unable to stat, referer: http://zompist.com/wp-login.php
[Fri Jan 16 22:43:10.983813 2026] [php:error] [pid 22132] [client 165.22.97.19:0] script '/domains/markrose/wp-login.php' not found or unable to stat, referer: http://zompist.com/wp-login.php
[Fri Jan 16 22:43:11.432157 2026] [php:error] [pid 22141] [client 165.22.97.19:0] script '/domains/markrose/wp-login.php' not found or unable to stat, referer: http://zompist.com/wp-login.php
[Fri Jan 16 22:43:11.880587 2026] [php:error] [pid 22137] [client 165.22.97.19:0] script '/domains/markrose/wp-login.php' not found or unable to stat, referer: http://zompist.com/wp-login.php
[Fri Jan 16 22:43:12.330828 2026] [php:error] [pid 22123] [client 165.22.97.19:0] script '/domains/markrose/wp-login.php' not found or unable to stat, referer: http://zompist.com/wp-login.php
[Fri Jan 16 22:43:12.787201 2026] [php:error] [pid 22135] [client 165.22.97.19:0] script '/domains/markrose/wp-login.php' not found or unable to stat, referer: http://zompist.com/wp-login.php
[Fri Jan 16 22:43:13.250448 2026] [php:error] [pid 22137] [client 165.22.97.19:0] script '/domains/markrose/wp-login.php' not found or unable to stat, referer: http://zompist.com/wp-login.php
[Fri Jan 16 22:43:13.697553 2026] [php:error] [pid 22123] [client 165.22.97.19:0] script '/domains/markrose/wp-login.php' not found or unable to stat, referer: http://zompist.com/wp-login.php
[Fri Jan 16 22:43:14.146970 2026] [php:error] [pid 22141] [client 165.22.97.19:0] script '/domains/markrose/wp-login.php' not found or unable to stat, referer: http://zompist.com/wp-login.php
[Fri Jan 16 22:43:14.594830 2026] [php:error] [pid 22137] [client 165.22.97.19:0] script '/domains/markrose/wp-login.php' not found or unable to stat, referer: http://zompist.com/wp-login.php
[Fri Jan 16 22:43:15.045189 2026] [php:error] [pid 22123] [client 165.22.97.19:0] script '/domains/markrose/wp-login.php' not found or unable to stat, referer: http://zompist.com/wp-login.php
[Fri Jan 16 22:43:15.492231 2026] [php:error] [pid 22127] [client 165.22.97.19:0] script '/domains/markrose/wp-login.php' not found or unable to stat, referer: http://zompist.com/wp-login.php
[Fri Jan 16 22:43:15.943462 2026] [php:error] [pid 22141] [client 165.22.97.19:0] script '/domains/markrose/wp-login.php' not found or unable to stat, referer: http://zompist.com/wp-login.php
[Fri Jan 16 22:43:16.397494 2026] [php:error] [pid 22137] [client 165.22.97.19:0] script '/domains/markrose/wp-login.php' not found or unable to stat, referer: http://zompist.com/wp-login.php
[Fri Jan 16 22:43:16.848009 2026] [php:error] [pid 22136] [client 165.22.97.19:0] script '/domains/markrose/wp-login.php' not found or unable to stat, referer: http://zompist.com/wp-login.php
[Fri Jan 16 22:43:17.297420 2026] [php:error] [pid 22141] [client 165.22.97.19:0] script '/domains/markrose/wp-login.php' not found or unable to stat, referer: http://zompist.com/wp-login.php
[Fri Jan 16 22:43:17.748940 2026] [php:error] [pid 22138] [client 165.22.97.19:0] script '/domains/markrose/wp-login.php' not found or unable to stat, referer: http://zompist.com/wp-login.php
[Fri Jan 16 22:43:18.198682 2026] [php:error] [pid 22132] [client 165.22.97.19:0] script '/domains/markrose/wp-login.php' not found or unable to stat, referer: http://zompist.com/wp-login.php
[Fri Jan 16 22:43:18.646469 2026] [php:error] [pid 22136] [client 165.22.97.19:0] script '/domains/markrose/wp-login.php' not found or unable to stat, referer: http://zompist.com/wp-login.php
[Fri Jan 16 22:43:19.098321 2026] [php:error] [pid 22141] [client 165.22.97.19:0] script '/domains/markrose/wp-login.php' not found or unable to stat, referer: http://zompist.com/wp-login.php
[Fri Jan 16 22:43:19.547760 2026] [php:error] [pid 22122] [client 165.22.97.19:0] script '/domains/markrose/wp-login.php' not found or unable to stat, referer: http://zompist.com/wp-login.php
[Fri Jan 16 22:43:20.001701 2026] [php:error] [pid 22132] [client 165.22.97.19:0] script '/domains/markrose/wp-login.php' not found or unable to stat, referer: http://zompist.com/wp-login.php
[Fri Jan 16 22:43:20.450272 2026] [php:error] [pid 22127] [client 165.22.97.19:0] script '/domains/markrose/wp-login.php' not found or unable to stat, referer: http://zompist.com/wp-login.php
[Fri Jan 16 22:43:20.899234 2026] [php:error] [pid 22136] [client 165.22.97.19:0] script '/domains/markrose/wp-login.php' not found or unable to stat, referer: http://zompist.com/wp-login.php
[Fri Jan 16 22:43:21.349000 2026] [php:error] [pid 22122] [client 165.22.97.19:0] script '/domains/markrose/wp-login.php' not found or unable to stat, referer: http://zompist.com/wp-login.php
[Fri Jan 16 22:43:21.795231 2026] [php:error] [pid 22132] [client 165.22.97.19:0] script '/domains/markrose/wp-login.php' not found or unable to stat, referer: http://zompist.com/wp-login.php
[Fri Jan 16 22:44:08.370854 2026] [php:error] [pid 22272] [client 185.177.72.65:0] script '/domains/emsco1/status.php' not found or unable to stat
[Fri Jan 16 22:44:08.415120 2026] [php:error] [pid 22272] [client 185.177.72.65:0] script '/domains/emsco1/i.php' not found or unable to stat
[Fri Jan 16 22:44:10.864189 2026] [php:error] [pid 22137] [client 185.177.72.65:0] script '/domains/emsco1/index.php' not found or unable to stat
[Fri Jan 16 22:44:10.872341 2026] [php:error] [pid 22127] [client 185.177.72.65:0] script '/domains/emsco1/index.php' not found or unable to stat
[Fri Jan 16 22:44:10.874922 2026] [php:error] [pid 22123] [client 185.177.72.65:0] script '/domains/emsco1/index.php' not found or unable to stat
[Fri Jan 16 22:44:10.876873 2026] [access_compat:error] [pid 22141] [client 185.177.72.65:0] AH01797: client denied by server configuration: /domains/emsco1/server-info
[Fri Jan 16 22:44:11.577133 2026] [php:error] [pid 22123] [client 185.177.72.65:0] script '/domains/emsco1/configuration.php.bak' not found or unable to stat
[Fri Jan 16 22:44:12.319550 2026] [php:error] [pid 22123] [client 185.177.72.65:0] script '/domains/emsco1/pub/phpinfo.php' not found or unable to stat
[Fri Jan 16 22:44:12.713429 2026] [php:error] [pid 22123] [client 185.177.72.65:0] script '/domains/emsco1/wp-config.php.old' not found or unable to stat
[Fri Jan 16 22:44:12.717954 2026] [php:error] [pid 22141] [client 185.177.72.65:0] script '/domains/emsco1/config.php.old' not found or unable to stat
[Fri Jan 16 22:44:13.140355 2026] [php:error] [pid 22123] [client 185.177.72.65:0] script '/domains/emsco1/docker-healthcheck.php' not found or unable to stat
[Fri Jan 16 22:44:15.009109 2026] [php:error] [pid 27784] [client 185.177.72.65:0] script '/domains/emsco1/.env.phpinfo.php' not found or unable to stat
/bin/sh: /usr/public/bin/counter.cgi: not found
[Fri Jan 16 22:50:34.789441 2026] [php:error] [pid 27838] [client 104.28.246.122:0] script '/domains/awciii/style.php' not found or unable to stat
[Fri Jan 16 22:50:35.036553 2026] [php:error] [pid 27838] [client 104.28.246.122:0] script '/domains/awciii/chosen.php' not found or unable to stat
[Fri Jan 16 22:50:35.088931 2026] [php:error] [pid 27838] [client 104.28.246.122:0] script '/domains/awciii/file.php' not found or unable to stat
[Fri Jan 16 22:50:35.136191 2026] [php:error] [pid 27838] [client 104.28.246.122:0] script '/domains/awciii/flower.php' not found or unable to stat
[Fri Jan 16 22:50:35.183054 2026] [php:error] [pid 27838] [client 104.28.246.122:0] script '/domains/awciii/gifclass.php' not found or unable to stat
[Fri Jan 16 22:50:35.253574 2026] [php:error] [pid 27838] [client 104.28.246.122:0] script '/domains/awciii/bless.php' not found or unable to stat
[Fri Jan 16 22:50:35.299650 2026] [php:error] [pid 27838] [client 104.28.246.122:0] script '/domains/awciii/class-t.api.php' not found or unable to stat
[Fri Jan 16 22:50:35.347045 2026] [php:error] [pid 27838] [client 104.28.246.122:0] script '/domains/awciii/blurbs.php' not found or unable to stat
[Fri Jan 16 22:50:35.394450 2026] [php:error] [pid 27838] [client 104.28.246.122:0] script '/domains/awciii/akcc.php' not found or unable to stat
[Fri Jan 16 22:50:35.442251 2026] [php:error] [pid 27838] [client 104.28.246.122:0] script '/domains/awciii/abcd.php' not found or unable to stat
[Fri Jan 16 22:50:35.490603 2026] [php:error] [pid 27838] [client 104.28.246.122:0] script '/domains/awciii/shelp.php' not found or unable to stat
[Fri Jan 16 22:50:35.536497 2026] [php:error] [pid 27838] [client 104.28.246.122:0] script '/domains/awciii/cord.php' not found or unable to stat
[Fri Jan 16 22:50:35.584383 2026] [php:error] [pid 27838] [client 104.28.246.122:0] script '/domains/awciii/dex.php' not found or unable to stat
[Fri Jan 16 22:50:35.680578 2026] [php:error] [pid 27838] [client 104.28.246.122:0] script '/domains/awciii/file2.php' not found or unable to stat
[Fri Jan 16 22:50:35.727469 2026] [php:error] [pid 27838] [client 104.28.246.122:0] script '/domains/awciii/zwso.php' not found or unable to stat
[Fri Jan 16 22:50:35.867339 2026] [php:error] [pid 27838] [client 104.28.246.122:0] script '/domains/awciii/bolt.php' not found or unable to stat
[Fri Jan 16 22:50:35.915814 2026] [php:error] [pid 27838] [client 104.28.246.122:0] script '/domains/awciii/shlo.php' not found or unable to stat
[Fri Jan 16 22:50:35.962775 2026] [php:error] [pid 27838] [client 104.28.246.122:0] script '/domains/awciii/133.php' not found or unable to stat
[Fri Jan 16 22:50:36.010031 2026] [php:error] [pid 27838] [client 104.28.246.122:0] script '/domains/awciii/ahax.php' not found or unable to stat
[Fri Jan 16 22:50:36.056710 2026] [php:error] [pid 27838] [client 104.28.246.122:0] script '/domains/awciii/php8.php' not found or unable to stat
[Fri Jan 16 22:50:36.121934 2026] [php:error] [pid 27838] [client 104.28.246.122:0] script '/domains/awciii/lufix1.php' not found or unable to stat
[Fri Jan 16 22:50:36.171134 2026] [php:error] [pid 27838] [client 104.28.246.122:0] script '/domains/awciii/witmm.php' not found or unable to stat
[Fri Jan 16 22:50:36.388202 2026] [php:error] [pid 27838] [client 104.28.246.122:0] script '/domains/awciii/ioxi-o.php' not found or unable to stat
[Fri Jan 16 22:50:36.435766 2026] [php:error] [pid 27838] [client 104.28.246.122:0] script '/domains/awciii/222.php' not found or unable to stat
[Fri Jan 16 22:50:36.482467 2026] [php:error] [pid 27838] [client 104.28.246.122:0] script '/domains/awciii/files.php' not found or unable to stat
[Fri Jan 16 22:50:36.554097 2026] [php:error] [pid 27838] [client 104.28.246.122:0] script '/domains/awciii/wp-editor.php' not found or unable to stat
[Fri Jan 16 22:50:36.600466 2026] [php:error] [pid 27838] [client 104.28.246.122:0] script '/domains/awciii/txets.php' not found or unable to stat
[Fri Jan 16 22:50:36.756443 2026] [php:error] [pid 27838] [client 104.28.246.122:0] script '/domains/awciii/postnews.php' not found or unable to stat
[Fri Jan 16 22:53:11.706379 2026] [php:error] [pid 27886] [client 185.177.72.67:0] script '/domains/bburke/debug.php' not found or unable to stat
[Fri Jan 16 22:53:11.709560 2026] [php:error] [pid 27876] [client 185.177.72.67:0] script '/domains/bburke/phpinfo.php' not found or unable to stat
[Fri Jan 16 22:53:11.720126 2026] [access_compat:error] [pid 27886] [client 185.177.72.67:0] AH01797: client denied by server configuration: /domains/bburke/server-status
[Fri Jan 16 22:53:12.234970 2026] [php:error] [pid 27886] [client 185.177.72.67:0] script '/domains/bburke/info.php' not found or unable to stat
[Fri Jan 16 22:53:12.236273 2026] [php:error] [pid 27887] [client 185.177.72.67:0] script '/domains/bburke/i.php' not found or unable to stat
[Fri Jan 16 22:53:12.243871 2026] [php:error] [pid 27886] [client 185.177.72.67:0] script '/domains/bburke/test.php' not found or unable to stat
[Fri Jan 16 22:53:12.658203 2026] [php:error] [pid 27887] [client 185.177.72.67:0] script '/domains/bburke/wp-config.php.bak' not found or unable to stat
[Fri Jan 16 22:53:12.668636 2026] [php:error] [pid 27876] [client 185.177.72.67:0] script '/domains/bburke/config.php.bak' not found or unable to stat
[Fri Jan 16 22:53:12.674894 2026] [php:error] [pid 27887] [client 185.177.72.67:0] script '/domains/bburke/status.php' not found or unable to stat
[Fri Jan 16 22:53:15.132134 2026] [php:error] [pid 27886] [client 185.177.72.67:0] script '/domains/bburke/index.php' not found or unable to stat
[Fri Jan 16 22:53:15.457911 2026] [php:error] [pid 27885] [client 185.177.72.67:0] script '/domains/bburke/configuration.php.bak' not found or unable to stat
[Fri Jan 16 22:53:16.504475 2026] [cgi:error] [pid 27887] [client 172.241.119.198:0] AH01215: stderr from /domains/abtechsci/cgi-bin/CustomerSurvey.cgi: [Fri Jan 16 22:53:16 2026] CustomerSurvey.cgi: CGI::param called in list context from /domains/abtechsci/cgi-bin/CustomerSurvey.cgi line 42, this can lead to vulnerabilities. See the warning in "Fetching the value or values of a single named parameter" at /usr/local/lib/perl5/site_perl/CGI.pm line 416., referer: http://abtechsci.com/customserv.html
[Fri Jan 16 22:53:18.253989 2026] [php:error] [pid 27882] [client 185.177.72.67:0] script '/domains/bburke/wp-config.php.old' not found or unable to stat
[Fri Jan 16 22:53:18.261340 2026] [php:error] [pid 27858] [client 185.177.72.67:0] script '/domains/bburke/config.php.old' not found or unable to stat
[Fri Jan 16 22:53:18.868409 2026] [php:error] [pid 27858] [client 185.177.72.67:0] script '/domains/bburke/docker-healthcheck.php' not found or unable to stat
[Fri Jan 16 22:53:20.676273 2026] [php:error] [pid 27858] [client 185.177.72.67:0] script '/domains/bburke/.env.phpinfo.php' not found or unable to stat
[Fri Jan 16 22:57:36.814415 2026] [php:error] [pid 27956] [client 4.217.220.52:0] script '/domains/king1969/dox.php' not found or unable to stat
[Fri Jan 16 22:57:37.009069 2026] [php:error] [pid 27956] [client 4.217.220.52:0] script '/domains/king1969/rrr.php' not found or unable to stat
[Fri Jan 16 22:57:37.196378 2026] [php:error] [pid 27956] [client 4.217.220.52:0] script '/domains/king1969/eee.php' not found or unable to stat
[Fri Jan 16 22:57:37.376325 2026] [php:error] [pid 27956] [client 4.217.220.52:0] script '/domains/king1969/ton.php' not found or unable to stat
