[Fri Jan 16 06:33:34.441540 2026] [php:error] [pid 27108] [client 52.169.148.186:0] script '/domains/micra/031.php' not found or unable to stat
[Fri Jan 16 06:33:34.494567 2026] [php:error] [pid 27113] [client 74.225.137.88:0] script '/domains/samscars/akc.php' not found or unable to stat
[Fri Jan 16 06:33:34.514261 2026] [php:error] [pid 27108] [client 52.169.148.186:0] script '/domains/micra/0x.php' not found or unable to stat
[Fri Jan 16 06:33:34.586980 2026] [php:error] [pid 27108] [client 52.169.148.186:0] script '/domains/micra/gmo.php' not found or unable to stat
[Fri Jan 16 06:33:34.659799 2026] [php:error] [pid 27108] [client 52.169.148.186:0] script '/domains/micra/file5.php' not found or unable to stat
[Fri Jan 16 06:33:34.732918 2026] [php:error] [pid 27108] [client 52.169.148.186:0] script '/domains/micra/ww1.php' not found or unable to stat
[Fri Jan 16 06:33:34.737627 2026] [php:error] [pid 27113] [client 74.225.137.88:0] script '/domains/samscars/akcc.php' not found or unable to stat
[Fri Jan 16 06:33:34.805757 2026] [php:error] [pid 27108] [client 52.169.148.186:0] script '/domains/micra/abcd.php' not found or unable to stat
[Fri Jan 16 06:33:34.878615 2026] [php:error] [pid 27108] [client 52.169.148.186:0] script '/domains/micra/nox.php' not found or unable to stat
[Fri Jan 16 06:33:34.951893 2026] [php:error] [pid 27108] [client 52.169.148.186:0] script '/domains/micra/die.php' not found or unable to stat
[Fri Jan 16 06:33:34.980863 2026] [php:error] [pid 27113] [client 74.225.137.88:0] script '/domains/samscars/asasx.php' not found or unable to stat
[Fri Jan 16 06:33:35.024526 2026] [php:error] [pid 27108] [client 52.169.148.186:0] script '/domains/micra/xa.php' not found or unable to stat
[Fri Jan 16 06:33:35.105299 2026] [php:error] [pid 27108] [client 52.169.148.186:0] script '/domains/micra/f8.php' not found or unable to stat
[Fri Jan 16 06:33:35.178107 2026] [php:error] [pid 27108] [client 52.169.148.186:0] script '/domains/micra/963e.php' not found or unable to stat
[Fri Jan 16 06:33:35.223306 2026] [php:error] [pid 27113] [client 74.225.137.88:0] script '/domains/samscars/asd.php' not found or unable to stat
[Fri Jan 16 06:33:35.267208 2026] [php:error] [pid 27108] [client 52.169.148.186:0] script '/domains/micra/gi.php' not found or unable to stat
[Fri Jan 16 06:33:35.339969 2026] [php:error] [pid 27108] [client 52.169.148.186:0] script '/domains/micra/classwithtostring.php' not found or unable to stat
[Fri Jan 16 06:33:35.412861 2026] [php:error] [pid 27108] [client 52.169.148.186:0] script '/domains/micra/bless5.php' not found or unable to stat
[Fri Jan 16 06:33:35.466387 2026] [php:error] [pid 27113] [client 74.225.137.88:0] script '/domains/samscars/atomlib.php' not found or unable to stat
[Fri Jan 16 06:33:35.485608 2026] [php:error] [pid 27108] [client 52.169.148.186:0] script '/domains/micra/ths.php' not found or unable to stat
[Fri Jan 16 06:33:35.558199 2026] [php:error] [pid 27108] [client 52.169.148.186:0] script '/domains/micra/ar.php' not found or unable to stat
[Fri Jan 16 06:33:35.632297 2026] [php:error] [pid 27108] [client 52.169.148.186:0] script '/domains/micra/lala.php' not found or unable to stat
[Fri Jan 16 06:33:35.709735 2026] [php:error] [pid 27113] [client 74.225.137.88:0] script '/domains/samscars/axx.php' not found or unable to stat
[Fri Jan 16 06:33:35.777854 2026] [php:error] [pid 27108] [client 52.169.148.186:0] script '/domains/micra/0o0.php' not found or unable to stat
[Fri Jan 16 06:33:35.850566 2026] [php:error] [pid 27108] [client 52.169.148.186:0] script '/domains/micra/fe5.php' not found or unable to stat
[Fri Jan 16 06:33:35.923475 2026] [php:error] [pid 27108] [client 52.169.148.186:0] script '/domains/micra/mini.php' not found or unable to stat
[Fri Jan 16 06:33:35.954850 2026] [php:error] [pid 27113] [client 74.225.137.88:0] script '/domains/samscars/berax.php' not found or unable to stat
[Fri Jan 16 06:33:35.996303 2026] [php:error] [pid 27108] [client 52.169.148.186:0] script '/domains/micra/bbbb.php' not found or unable to stat
[Fri Jan 16 06:33:36.069380 2026] [php:error] [pid 27108] [client 52.169.148.186:0] script '/domains/micra/gm.php' not found or unable to stat
[Fri Jan 16 06:33:36.143343 2026] [php:error] [pid 27108] [client 52.169.148.186:0] script '/domains/micra/an8.php' not found or unable to stat
[Fri Jan 16 06:33:36.197377 2026] [php:error] [pid 27113] [client 74.225.137.88:0] script '/domains/samscars/build.php' not found or unable to stat
[Fri Jan 16 06:33:36.216138 2026] [php:error] [pid 27108] [client 52.169.148.186:0] script '/domains/micra/222.php' not found or unable to stat
[Fri Jan 16 06:33:36.288781 2026] [php:error] [pid 27108] [client 52.169.148.186:0] script '/domains/micra/f2f.php' not found or unable to stat
[Fri Jan 16 06:33:36.361940 2026] [php:error] [pid 27108] [client 52.169.148.186:0] script '/domains/micra/anskrit.php' not found or unable to stat
[Fri Jan 16 06:33:36.434725 2026] [php:error] [pid 27108] [client 52.169.148.186:0] script '/domains/micra/ioxi-o.php' not found or unable to stat
[Fri Jan 16 06:33:36.443305 2026] [php:error] [pid 27113] [client 74.225.137.88:0] script '/domains/samscars/buy.php' not found or unable to stat
[Fri Jan 16 06:33:36.507784 2026] [php:error] [pid 27108] [client 52.169.148.186:0] script '/domains/micra/up.php' not found or unable to stat
[Fri Jan 16 06:33:36.653075 2026] [php:error] [pid 27108] [client 52.169.148.186:0] script '/domains/micra/alpa.php' not found or unable to stat
[Fri Jan 16 06:33:36.710748 2026] [php:error] [pid 27113] [client 74.225.137.88:0] script '/domains/samscars/checkbox.php' not found or unable to stat
[Fri Jan 16 06:33:36.725719 2026] [php:error] [pid 27108] [client 52.169.148.186:0] script '/domains/micra/lisa.php' not found or unable to stat
[Fri Jan 16 06:33:36.798871 2026] [php:error] [pid 27108] [client 52.169.148.186:0] script '/domains/micra/simple.php' not found or unable to stat
[Fri Jan 16 06:33:36.871574 2026] [php:error] [pid 27108] [client 52.169.148.186:0] script '/domains/micra/x.php' not found or unable to stat
[Fri Jan 16 06:33:36.944431 2026] [php:error] [pid 27108] [client 52.169.148.186:0] script '/domains/micra/goods.php' not found or unable to stat
[Fri Jan 16 06:33:36.970805 2026] [php:error] [pid 27113] [client 74.225.137.88:0] script '/domains/samscars/cong.php' not found or unable to stat
[Fri Jan 16 06:33:37.022885 2026] [php:error] [pid 27108] [client 52.169.148.186:0] script '/domains/micra/lx.php' not found or unable to stat
[Fri Jan 16 06:33:37.098281 2026] [php:error] [pid 27108] [client 52.169.148.186:0] script '/domains/micra/security.php' not found or unable to stat
[Fri Jan 16 06:33:37.171039 2026] [php:error] [pid 27108] [client 52.169.148.186:0] script '/domains/micra/ws36.php' not found or unable to stat
[Fri Jan 16 06:33:37.217269 2026] [php:error] [pid 27113] [client 74.225.137.88:0] script '/domains/samscars/css.php' not found or unable to stat
[Fri Jan 16 06:33:37.243684 2026] [php:error] [pid 27108] [client 52.169.148.186:0] script '/domains/micra/ma.php' not found or unable to stat
[Fri Jan 16 06:33:37.316410 2026] [php:error] [pid 27108] [client 52.169.148.186:0] script '/domains/micra/as.php' not found or unable to stat
[Fri Jan 16 06:33:37.389843 2026] [php:error] [pid 27108] [client 52.169.148.186:0] script '/domains/micra/new4.php' not found or unable to stat
[Fri Jan 16 06:33:37.462999 2026] [php:error] [pid 27108] [client 52.169.148.186:0] script '/domains/micra/class-t.api.php' not found or unable to stat
[Fri Jan 16 06:33:37.472364 2026] [php:error] [pid 27113] [client 74.225.137.88:0] script '/domains/samscars/dropdown.php' not found or unable to stat
[Fri Jan 16 06:33:37.537008 2026] [php:error] [pid 27108] [client 52.169.148.186:0] script '/domains/micra/xxxx.php' not found or unable to stat
[Fri Jan 16 06:33:37.611262 2026] [php:error] [pid 27108] [client 52.169.148.186:0] script '/domains/micra/pop.php' not found or unable to stat
[Fri Jan 16 06:33:37.684185 2026] [php:error] [pid 27108] [client 52.169.148.186:0] script '/domains/micra/we.php' not found or unable to stat
[Fri Jan 16 06:33:37.715191 2026] [php:error] [pid 27113] [client 74.225.137.88:0] script '/domains/samscars/edit.php' not found or unable to stat
[Fri Jan 16 06:33:37.757190 2026] [php:error] [pid 27108] [client 52.169.148.186:0] script '/domains/micra/zwso.php' not found or unable to stat
[Fri Jan 16 06:33:37.829980 2026] [php:error] [pid 27108] [client 52.169.148.186:0] script '/domains/micra/file3.php' not found or unable to stat
[Fri Jan 16 06:33:37.902731 2026] [php:error] [pid 27108] [client 52.169.148.186:0] script '/domains/micra/bless11.php' not found or unable to stat
[Fri Jan 16 06:33:37.958022 2026] [php:error] [pid 27113] [client 74.225.137.88:0] script '/domains/samscars/file2.php' not found or unable to stat
[Fri Jan 16 06:33:37.975223 2026] [php:error] [pid 27108] [client 52.169.148.186:0] script '/domains/micra/rh.php' not found or unable to stat
[Fri Jan 16 06:33:38.047906 2026] [php:error] [pid 27108] [client 52.169.148.186:0] script '/domains/micra/byp.php' not found or unable to stat
[Fri Jan 16 06:33:38.123176 2026] [php:error] [pid 27108] [client 52.169.148.186:0] script '/domains/micra/file13.php' not found or unable to stat
[Fri Jan 16 06:33:38.195839 2026] [php:error] [pid 27108] [client 52.169.148.186:0] script '/domains/micra/404.php' not found or unable to stat
[Fri Jan 16 06:33:38.222902 2026] [php:error] [pid 27113] [client 74.225.137.88:0] script '/domains/samscars/file4.php' not found or unable to stat
[Fri Jan 16 06:33:38.269371 2026] [php:error] [pid 27108] [client 52.169.148.186:0] script '/domains/micra/akk.php' not found or unable to stat
[Fri Jan 16 06:33:38.342277 2026] [php:error] [pid 27108] [client 52.169.148.186:0] script '/domains/micra/g.php' not found or unable to stat
[Fri Jan 16 06:33:38.416293 2026] [php:error] [pid 27108] [client 52.169.148.186:0] script '/domains/micra/ton.php' not found or unable to stat
[Fri Jan 16 06:33:38.478437 2026] [php:error] [pid 27113] [client 74.225.137.88:0] script '/domains/samscars/filemanager.php' not found or unable to stat
[Fri Jan 16 06:33:38.568134 2026] [php:error] [pid 27108] [client 52.169.148.186:0] script '/domains/micra/520.php' not found or unable to stat
[Fri Jan 16 06:33:38.644163 2026] [php:error] [pid 27108] [client 52.169.148.186:0] script '/domains/micra/atomlib.php' not found or unable to stat
[Fri Jan 16 06:33:38.718154 2026] [php:error] [pid 27108] [client 52.169.148.186:0] script '/domains/micra/file.php' not found or unable to stat
[Fri Jan 16 06:33:38.771977 2026] [php:error] [pid 27113] [client 74.225.137.88:0] script '/domains/samscars/flower.php' not found or unable to stat
[Fri Jan 16 06:33:39.077554 2026] [php:error] [pid 27113] [client 74.225.137.88:0] script '/domains/samscars/form.php' not found or unable to stat
[Fri Jan 16 06:33:39.086648 2026] [php:error] [pid 27108] [client 52.169.148.186:0] script '/domains/micra/rrr.php' not found or unable to stat
[Fri Jan 16 06:33:39.159776 2026] [php:error] [pid 27108] [client 52.169.148.186:0] script '/domains/micra/asf.php' not found or unable to stat
[Fri Jan 16 06:33:39.232489 2026] [php:error] [pid 27108] [client 52.169.148.186:0] script '/domains/micra/lock360.php' not found or unable to stat
[Fri Jan 16 06:33:39.305159 2026] [php:error] [pid 27108] [client 52.169.148.186:0] script '/domains/micra/filesss.php' not found or unable to stat
[Fri Jan 16 06:33:39.361588 2026] [php:error] [pid 27113] [client 74.225.137.88:0] script '/domains/samscars/kyami.php' not found or unable to stat
[Fri Jan 16 06:33:39.378097 2026] [php:error] [pid 27108] [client 52.169.148.186:0] script '/domains/micra/wsheet1.php' not found or unable to stat
[Fri Jan 16 06:33:39.450846 2026] [php:error] [pid 27108] [client 52.169.148.186:0] script '/domains/micra/oo.php' not found or unable to stat
[Fri Jan 16 06:33:39.523543 2026] [php:error] [pid 27108] [client 52.169.148.186:0] script '/domains/micra/classgoto24.php' not found or unable to stat
[Fri Jan 16 06:33:39.596485 2026] [php:error] [pid 27108] [client 52.169.148.186:0] script '/domains/micra/win.php' not found or unable to stat
[Fri Jan 16 06:33:39.628943 2026] [php:error] [pid 27113] [client 74.225.137.88:0] script '/domains/samscars/makeasmtp.php' not found or unable to stat
[Fri Jan 16 06:33:39.669285 2026] [php:error] [pid 27108] [client 52.169.148.186:0] script '/domains/micra/1100.php' not found or unable to stat
[Fri Jan 16 06:33:39.742354 2026] [php:error] [pid 27108] [client 52.169.148.186:0] script '/domains/micra/shell1.php' not found or unable to stat
[Fri Jan 16 06:33:39.814997 2026] [php:error] [pid 27108] [client 52.169.148.186:0] script '/domains/micra/elp.php' not found or unable to stat
[Fri Jan 16 06:33:39.887826 2026] [php:error] [pid 27108] [client 52.169.148.186:0] script '/domains/micra/class.php' not found or unable to stat
[Fri Jan 16 06:33:39.914933 2026] [php:error] [pid 27113] [client 74.225.137.88:0] script '/domains/samscars/mari.php' not found or unable to stat
[Fri Jan 16 06:33:39.960936 2026] [php:error] [pid 27108] [client 52.169.148.186:0] script '/domains/micra/flower2.php' not found or unable to stat
[Fri Jan 16 06:33:40.034030 2026] [php:error] [pid 27108] [client 52.169.148.186:0] script '/domains/micra/ooaiyc.php' not found or unable to stat
[Fri Jan 16 06:33:40.107084 2026] [php:error] [pid 27108] [client 52.169.148.186:0] script '/domains/micra/bless14.php' not found or unable to stat
[Fri Jan 16 06:33:40.180037 2026] [php:error] [pid 27108] [client 52.169.148.186:0] script '/domains/micra/87.php' not found or unable to stat
[Fri Jan 16 06:33:40.191047 2026] [php:error] [pid 27113] [client 74.225.137.88:0] script '/domains/samscars/moon.php' not found or unable to stat
[Fri Jan 16 06:33:40.252784 2026] [php:error] [pid 27108] [client 52.169.148.186:0] script '/domains/micra/xo.php' not found or unable to stat
[Fri Jan 16 06:33:40.401501 2026] [php:error] [pid 27108] [client 52.169.148.186:0] script '/domains/micra/atx.php' not found or unable to stat
[Fri Jan 16 06:33:40.468615 2026] [php:error] [pid 27113] [client 74.225.137.88:0] script '/domains/samscars/new.php' not found or unable to stat
[Fri Jan 16 06:33:40.747586 2026] [php:error] [pid 27113] [client 74.225.137.88:0] script '/domains/samscars/wp-activate.php' not found or unable to stat
[Fri Jan 16 06:33:41.085594 2026] [php:error] [pid 27113] [client 74.225.137.88:0] script '/domains/samscars/wp-admin.php' not found or unable to stat
[Fri Jan 16 06:33:41.401371 2026] [php:error] [pid 27113] [client 74.225.137.88:0] script '/domains/samscars/wp-trackback.php' not found or unable to stat
[Fri Jan 16 06:33:41.738551 2026] [php:error] [pid 27113] [client 74.225.137.88:0] script '/domains/samscars/xmlrpc.php' not found or unable to stat
[Fri Jan 16 06:33:41.983367 2026] [php:error] [pid 27113] [client 74.225.137.88:0] script '/domains/samscars/xmrlpc.php' not found or unable to stat
[Fri Jan 16 06:33:42.295983 2026] [php:error] [pid 27113] [client 74.225.137.88:0] script '/domains/samscars/adminfuns.php' not found or unable to stat
[Fri Jan 16 06:33:56.117275 2026] [php:error] [pid 27108] [client 34.96.162.60:0] script '/domains/perless2web/adminer-5.1.1-mysql-en.php' not found or unable to stat
[Fri Jan 16 06:34:36.203177 2026] [php:error] [pid 27128] [client 145.239.10.137:0] script '/domains/system_default/dds.php' not found or unable to stat, referer: http://casid.org/dds.php
[Fri Jan 16 06:34:38.943567 2026] [php:error] [pid 27128] [client 34.96.162.51:0] script '/domains/perless2web/adminer-5.3.0-en.php' not found or unable to stat
[Fri Jan 16 06:35:02.215183 2026] [php:error] [pid 27128] [client 213.202.253.4:0] script '/domains/system_default/txets.php' not found or unable to stat, referer: www.google.com
[Fri Jan 16 06:35:42.903621 2026] [php:error] [pid 27146] [client 140.245.117.185:0] script '/domains/fifibear/wp-login.php' not found or unable to stat
[Fri Jan 16 06:35:57.360665 2026] [php:error] [pid 27147] [client 194.26.192.39:0] script '/domains/pmglobal/xmlrpc.php' not found or unable to stat
[Fri Jan 16 06:36:34.898625 2026] [php:error] [pid 27147] [client 140.245.117.185:0] script '/domains/system_default/wp-login.php' not found or unable to stat
[Fri Jan 16 06:36:46.843066 2026] [php:error] [pid 27158] [client 35.247.243.250:0] script '/domains/perless2web/adminer-4.1.0.php' not found or unable to stat
[Fri Jan 16 06:36:54.267363 2026] [php:error] [pid 27160] [client 161.118.254.46:0] script '/domains/msintl/index.php' not found or unable to stat
[Fri Jan 16 06:37:01.078547 2026] [php:error] [pid 27151] [client 1.117.221.69:0] script '/domains/ecernstelectric/index.php' not found or unable to stat
[Fri Jan 16 06:37:05.199192 2026] [php:error] [pid 27163] [client 1.117.221.69:0] script '/domains/ecernstelectric/index.php' not found or unable to stat
[Fri Jan 16 06:37:14.604679 2026] [php:error] [pid 27162] [client 35.247.243.253:0] script '/domains/perless2web/adminer-5.0.6-en.php' not found or unable to stat
[Fri Jan 16 06:37:25.287846 2026] [core:error] [pid 27179] [client 159.223.106.213:0] AH10244: invalid URI path (/../../illu/asten_2.jpg), referer: http://www.carillon.org/
[Fri Jan 16 06:37:38.927004 2026] [php:error] [pid 27169] [client 34.96.162.58:0] script '/domains/perless2web/adminer-5.4.1.php' not found or unable to stat
[Fri Jan 16 06:38:03.828180 2026] [php:error] [pid 27174] [client 35.247.243.252:0] script '/domains/perless2web/adminer-db.php' not found or unable to stat
[Fri Jan 16 06:40:07.341104 2026] [php:error] [pid 27202] [client 145.239.10.137:0] script '/domains/micra/doo.php' not found or unable to stat, referer: http://micradc.com/doo.php
[Fri Jan 16 06:40:40.913799 2026] [php:error] [pid 27181] [client 35.247.243.253:0] script '/domains/perless2web/adminer-4.3.1.php' not found or unable to stat
[Fri Jan 16 06:40:53.130094 2026] [php:error] [pid 27181] [client 34.96.162.52:0] script '/domains/perless2web/adminer-5.0.0-mysql.php' not found or unable to stat
[Fri Jan 16 06:41:47.472160 2026] [php:error] [pid 27212] [client 34.96.162.54:0] script '/domains/perless2web/adminer-4.2.0.php' not found or unable to stat
[Fri Jan 16 06:41:56.502803 2026] [php:error] [pid 27214] [client 216.244.66.232:0] script '/domains/hdickens.enteract/kmnj.php' not found or unable to stat
[Fri Jan 16 06:41:57.904457 2026] [php:error] [pid 27216] [client 66.249.66.193:0] script '/domains/hdickens.enteract/kmnj.php' not found or unable to stat
[Fri Jan 16 06:42:03.164102 2026] [php:error] [pid 27202] [client 216.244.66.232:0] script '/domains/hdickens.enteract/kmnj.php' not found or unable to stat
[Fri Jan 16 06:42:08.436549 2026] [core:crit] [pid 27216] (13)Permission denied: [client 47.128.112.2:0] AH00529: /domains/performancepartsinc/graphics/psd/.htaccess pcfg_openfile: unable to check htaccess file, ensure it is readable and that '/domains/performancepartsinc/graphics/psd/' is executable
[Fri Jan 16 06:42:09.360771 2026] [php:error] [pid 27208] [client 216.244.66.232:0] script '/domains/hdickens.enteract/kmnj.php' not found or unable to stat
[Fri Jan 16 06:42:21.525122 2026] [php:error] [pid 27216] [client 34.96.162.57:0] script '/domains/perless2web/adminer-5.0.1.php' not found or unable to stat
[Fri Jan 16 06:42:29.381882 2026] [php:error] [pid 27223] [client 195.24.236.18:0] script '/domains/byardrealestate/style.php' not found or unable to stat
[Fri Jan 16 06:42:32.689584 2026] [core:crit] [pid 27220] (13)Permission denied: [client 114.119.139.185:0] AH00529: /domains/dcarlone/test/web/.htaccess pcfg_openfile: unable to check htaccess file, ensure it is readable and that '/domains/dcarlone/test/web/' is executable
[Fri Jan 16 06:42:36.308455 2026] [php:error] [pid 27202] [client 195.24.236.18:0] script '/domains/markrose/style.php' not found or unable to stat
[Fri Jan 16 06:42:37.018834 2026] [php:error] [pid 27223] [client 195.24.236.18:0] script '/domains/byardrealestate/chosen.php' not found or unable to stat
[Fri Jan 16 06:42:38.409869 2026] [php:error] [pid 27220] [client 195.24.236.18:0] script '/domains/byardrealestate/file.php' not found or unable to stat
[Fri Jan 16 06:42:38.551693 2026] [php:error] [pid 27214] [client 34.96.162.57:0] script '/domains/perless2web/adminer-5.0.3-mysql.php' not found or unable to stat
[Fri Jan 16 06:42:39.855873 2026] [php:error] [pid 27202] [client 195.24.236.18:0] script '/domains/byardrealestate/flower.php' not found or unable to stat
[Fri Jan 16 06:42:41.645205 2026] [php:error] [pid 27216] [client 195.24.236.18:0] script '/domains/byardrealestate/gifclass.php' not found or unable to stat
[Fri Jan 16 06:42:42.941500 2026] [php:error] [pid 27223] [client 195.24.236.18:0] script '/domains/byardrealestate/bless.php' not found or unable to stat
[Fri Jan 16 06:42:44.052613 2026] [php:error] [pid 27225] [client 195.24.236.18:0] script '/domains/markrose/chosen.php' not found or unable to stat
[Fri Jan 16 06:42:44.393885 2026] [php:error] [pid 27220] [client 195.24.236.18:0] script '/domains/byardrealestate/class-t.api.php' not found or unable to stat
[Fri Jan 16 06:42:45.507777 2026] [php:error] [pid 27208] [client 195.24.236.18:0] script '/domains/markrose/file.php' not found or unable to stat
[Fri Jan 16 06:42:45.832983 2026] [php:error] [pid 27202] [client 195.24.236.18:0] script '/domains/byardrealestate/blurbs.php' not found or unable to stat
[Fri Jan 16 06:42:46.807845 2026] [php:error] [pid 27223] [client 195.24.236.18:0] script '/domains/markrose/flower.php' not found or unable to stat
[Fri Jan 16 06:42:47.194944 2026] [php:error] [pid 27216] [client 195.24.236.18:0] script '/domains/byardrealestate/akcc.php' not found or unable to stat
[Fri Jan 16 06:42:48.285129 2026] [php:error] [pid 27220] [client 195.24.236.18:0] script '/domains/markrose/gifclass.php' not found or unable to stat
[Fri Jan 16 06:42:48.639324 2026] [php:error] [pid 27214] [client 195.24.236.18:0] script '/domains/byardrealestate/abcd.php' not found or unable to stat
[Fri Jan 16 06:42:49.865365 2026] [php:error] [pid 27225] [client 195.24.236.18:0] script '/domains/markrose/bless.php' not found or unable to stat
[Fri Jan 16 06:42:50.163992 2026] [php:error] [pid 27223] [client 195.24.236.18:0] script '/domains/byardrealestate/aku.php' not found or unable to stat
[Fri Jan 16 06:42:52.045647 2026] [php:error] [pid 27220] [client 195.24.236.18:0] script '/domains/markrose/class-t.api.php' not found or unable to stat
[Fri Jan 16 06:42:52.364213 2026] [php:error] [pid 27214] [client 195.24.236.18:0] script '/domains/byardrealestate/cord.php' not found or unable to stat
[Fri Jan 16 06:42:53.639973 2026] [php:error] [pid 27223] [client 195.24.236.18:0] script '/domains/markrose/blurbs.php' not found or unable to stat
[Fri Jan 16 06:42:53.880678 2026] [php:error] [pid 27208] [client 195.24.236.18:0] script '/domains/byardrealestate/dex.php' not found or unable to stat
[Fri Jan 16 06:42:55.117368 2026] [php:error] [pid 27214] [client 195.24.236.18:0] script '/domains/markrose/akcc.php' not found or unable to stat
[Fri Jan 16 06:42:56.581188 2026] [php:error] [pid 27208] [client 195.24.236.18:0] script '/domains/markrose/abcd.php' not found or unable to stat
[Fri Jan 16 06:42:56.829427 2026] [php:error] [pid 27227] [client 195.24.236.18:0] script '/domains/byardrealestate/zoo.php' not found or unable to stat
[Fri Jan 16 06:42:58.060472 2026] [php:error] [pid 27214] [client 195.24.236.18:0] script '/domains/markrose/aku.php' not found or unable to stat
[Fri Jan 16 06:42:58.391616 2026] [php:error] [pid 27223] [client 195.24.236.18:0] script '/domains/byardrealestate/zwso.php' not found or unable to stat
[Fri Jan 16 06:42:59.527269 2026] [php:error] [pid 27227] [client 195.24.236.18:0] script '/domains/markrose/cord.php' not found or unable to stat
[Fri Jan 16 06:43:00.877593 2026] [php:error] [pid 27208] [client 195.24.236.18:0] script '/domains/markrose/dex.php' not found or unable to stat
[Fri Jan 16 06:43:02.375987 2026] [php:error] [pid 27202] [client 195.24.236.18:0] script '/domains/byardrealestate/bolt.php' not found or unable to stat
[Fri Jan 16 06:43:04.097128 2026] [php:error] [pid 27223] [client 195.24.236.18:0] script '/domains/markrose/zoo.php' not found or unable to stat
[Fri Jan 16 06:43:04.256865 2026] [php:error] [pid 27225] [client 195.24.236.18:0] script '/domains/byardrealestate/shlo.php' not found or unable to stat
[Fri Jan 16 06:43:05.514290 2026] [php:error] [pid 27208] [client 195.24.236.18:0] script '/domains/markrose/zwso.php' not found or unable to stat
[Fri Jan 16 06:43:05.699004 2026] [php:error] [pid 27228] [client 195.24.236.18:0] script '/domains/byardrealestate/133.php' not found or unable to stat
[Fri Jan 16 06:43:07.105101 2026] [php:error] [pid 27225] [client 195.24.236.18:0] script '/domains/byardrealestate/ahax.php' not found or unable to stat
[Fri Jan 16 06:43:08.763511 2026] [php:error] [pid 27228] [client 195.24.236.18:0] script '/domains/byardrealestate/wpssl.php' not found or unable to stat
[Fri Jan 16 06:43:09.869545 2026] [php:error] [pid 27223] [client 195.24.236.18:0] script '/domains/markrose/bolt.php' not found or unable to stat
[Fri Jan 16 06:43:10.056855 2026] [php:error] [pid 27230] [client 195.24.236.18:0] script '/domains/byardrealestate/witmm.php' not found or unable to stat
[Fri Jan 16 06:43:11.121866 2026] [php:error] [pid 27208] [client 195.24.236.18:0] script '/domains/markrose/shlo.php' not found or unable to stat
[Fri Jan 16 06:43:11.769282 2026] [php:error] [pid 27208] [client 195.24.236.18:0] script '/domains/markrose/133.php' not found or unable to stat
[Fri Jan 16 06:43:13.049061 2026] [php:error] [pid 27229] [client 195.24.236.18:0] script '/domains/markrose/ahax.php' not found or unable to stat
[Fri Jan 16 06:43:14.249330 2026] [php:error] [pid 27225] [client 195.24.236.18:0] script '/domains/markrose/wpssl.php' not found or unable to stat
[Fri Jan 16 06:43:15.408826 2026] [php:error] [pid 27223] [client 195.24.236.18:0] script '/domains/byardrealestate/files.php' not found or unable to stat
[Fri Jan 16 06:43:15.879804 2026] [php:error] [pid 27227] [client 195.24.236.18:0] script '/domains/markrose/witmm.php' not found or unable to stat
[Fri Jan 16 06:43:16.610357 2026] [php:error] [pid 27202] [client 195.24.236.18:0] script '/domains/byardrealestate/wp-editor.php' not found or unable to stat
[Fri Jan 16 06:43:17.452762 2026] [php:error] [pid 27225] [client 35.247.243.244:0] script '/domains/perless2web/adminer-5.4.0-mysql-en.php' not found or unable to stat
[Fri Jan 16 06:43:21.050354 2026] [php:error] [pid 27216] [client 195.24.236.18:0] script '/domains/markrose/files.php' not found or unable to stat
[Fri Jan 16 06:43:22.453579 2026] [php:error] [pid 27228] [client 195.24.236.18:0] script '/domains/markrose/wp-editor.php' not found or unable to stat
[Fri Jan 16 06:44:03.806549 2026] [core:error] [pid 27228] [client 217.113.196.42:0] AH10244: invalid URI path (/../index.html)
[Fri Jan 16 06:44:04.185967 2026] [php:error] [pid 27216] [client 35.247.243.251:0] script '/domains/perless2web/adminer-4.7.3.php' not found or unable to stat
[Fri Jan 16 06:44:23.385875 2026] [php:error] [pid 32872] [client 34.96.162.48:0] script '/domains/perless2web/adminer-5.0.4-mysql.php' not found or unable to stat
[Fri Jan 16 06:44:27.007864 2026] [core:error] [pid 32868] [client 217.113.196.23:0] AH10244: invalid URI path (/../index.html)
[Fri Jan 16 06:44:47.291209 2026] [php:error] [pid 32872] [client 35.247.243.249:0] script '/domains/perless2web/adminer-5.1.1-en.php' not found or unable to stat
[Fri Jan 16 06:45:15.616892 2026] [php:error] [pid 32880] [client 34.96.162.63:0] script '/domains/perless2web/adminer-5.0.2.php' not found or unable to stat
[Fri Jan 16 06:45:37.650592 2026] [php:error] [pid 32873] [client 35.247.243.243:0] script '/domains/perless2web/adminer-5.0.6-mysql-en.php' not found or unable to stat
[Fri Jan 16 06:45:47.692636 2026] [php:error] [pid 27202] [client 35.247.243.255:0] script '/domains/perless2web/adminer-5.2.0-en.php' not found or unable to stat
[Fri Jan 16 06:45:53.953343 2026] [php:error] [pid 32876] [client 145.239.10.137:0] script '/domains/micra/1a.php' not found or unable to stat, referer: http://micradc.com/1a.php
[Fri Jan 16 06:46:05.966081 2026] [core:error] [pid 32873] [client 84.247.128.226:0] AH10244: invalid URI path (/cgi-bin/.%2e/.%2e/.%2e/.%2e/.%2e/.%2e/.%2e/.%2e/.%2e/.%2e/bin/sh)
[Fri Jan 16 06:46:06.156926 2026] [core:error] [pid 32876] [client 84.247.128.226:0] AH10244: invalid URI path (/cgi-bin/%%32%65%%32%65/%%32%65%%32%65/%%32%65%%32%65/%%32%65%%32%65/%%32%65%%32%65/%%32%65%%32%65/%%32%65%%32%65/bin/sh)
[Fri Jan 16 06:46:10.845146 2026] [php:error] [pid 32881] [client 84.247.128.226:0] script '/domains/system_default/index.php' not found or unable to stat
[Fri Jan 16 06:46:11.067045 2026] [php:error] [pid 32881] [client 84.247.128.226:0] script '/domains/system_default/index.php' not found or unable to stat
[Fri Jan 16 06:46:11.179915 2026] [php:error] [pid 32881] [client 84.247.128.226:0] script '/domains/system_default/index.php' not found or unable to stat
[Fri Jan 16 06:46:11.883354 2026] [php:error] [pid 32880] [client 34.96.162.53:0] script '/domains/perless2web/adminer.php' not found or unable to stat
[Fri Jan 16 06:46:34.754087 2026] [php:error] [pid 32882] [client 34.96.162.53:0] script '/domains/perless2web/adminer-5.0.1-mysql.php' not found or unable to stat
[Fri Jan 16 06:46:57.563962 2026] [php:error] [pid 32882] [client 35.247.243.250:0] script '/domains/perless2web/adminer-5.0.5-mysql.php' not found or unable to stat
[Fri Jan 16 06:47:20.595740 2026] [php:error] [pid 32873] [client 35.247.243.243:0] script '/domains/perless2web/__adm.php' not found or unable to stat
[Fri Jan 16 06:47:55.756400 2026] [php:error] [pid 32880] [client 152.70.115.131:0] script '/domains/smartny/adminer.php' not found or unable to stat
[Fri Jan 16 06:48:27.090935 2026] [php:error] [pid 32888] [client 111.68.6.210:0] script '/domains/brenties/login.php' not found or unable to stat
[Fri Jan 16 06:48:29.603443 2026] [php:error] [pid 32889] [client 34.96.162.58:0] script '/domains/perless2web/adminer-5.2.1.php' not found or unable to stat
[Fri Jan 16 06:48:42.864454 2026] [include:error] [pid 32894] [client 85.203.15.119:0] AH01371: unknown directive "code" in parsed doc /domains/testregisgroup/contactUs/index.shtml, referer: http://regisgroup.org/contactUs/
[Fri Jan 16 06:48:42.864485 2026] [include:error] [pid 32894] [client 85.203.15.119:0] AH01371: unknown directive "#code" in parsed doc /domains/testregisgroup/contactUs/index.shtml, referer: http://regisgroup.org/contactUs/
[Fri Jan 16 06:48:42.864492 2026] [include:error] [pid 32894] [client 85.203.15.119:0] AH01371: unknown directive "code" in parsed doc /domains/testregisgroup/contactUs/index.shtml, referer: http://regisgroup.org/contactUs/
[Fri Jan 16 06:48:42.864497 2026] [include:error] [pid 32894] [client 85.203.15.119:0] AH01371: unknown directive "code" in parsed doc /domains/testregisgroup/contactUs/index.shtml, referer: http://regisgroup.org/contactUs/
[Fri Jan 16 06:48:47.805136 2026] [php:error] [pid 32894] [client 34.96.162.56:0] script '/domains/perless2web/phpminiadmin.php' not found or unable to stat
sendmail: bad mail input format: from www (uid 80) (envelope-from [email protected])
sendmail: bad mail input format: from www (uid 80) (envelope-from [email protected])
sendmail: bad mail input format: from www (uid 80) (envelope-from [email protected])
[Fri Jan 16 06:49:51.849066 2026] [php:error] [pid 32912] [client 34.96.162.49:0] script '/domains/perless2web/adminer-5.0.3-en.php' not found or unable to stat
[Fri Jan 16 06:50:11.094310 2026] [php:error] [pid 32912] [client 103.65.237.185:0] script '/domains/bruceweb/xmlrpc.php' not found or unable to stat
[Fri Jan 16 06:50:15.363657 2026] [php:error] [pid 32912] [client 103.65.237.185:0] script '/domains/bruceweb/wp-login.php' not found or unable to stat
[Fri Jan 16 06:50:31.624942 2026] [php:error] [pid 32918] [client 34.96.162.55:0] script '/domains/perless2web/adminer-4.8.1-mysql.php' not found or unable to stat
[Fri Jan 16 06:50:44.508312 2026] [php:error] [pid 32914] [client 34.96.162.48:0] script '/domains/perless2web/adminer-4.8.1.php' not found or unable to stat
[Fri Jan 16 06:51:04.203182 2026] [php:error] [pid 32923] [client 34.96.162.56:0] script '/domains/perless2web/_adminer.php' not found or unable to stat
[Fri Jan 16 06:51:19.462087 2026] [php:error] [pid 32914] [client 158.178.230.139:0] script '/domains/quintet/index.php' not found or unable to stat
[Fri Jan 16 06:51:43.224996 2026] [php:error] [pid 32930] [client 112.213.108.95:0] script '/domains/apunderkofler/wp-login.php' not found or unable to stat, referer: https://www.google.com/
[Fri Jan 16 06:51:44.004522 2026] [php:error] [pid 32925] [client 112.213.108.95:0] script '/domains/apunderkofler/admin.php' not found or unable to stat, referer: https://www.google.com/
[Fri Jan 16 06:52:03.880148 2026] [php:error] [pid 32925] [client 35.247.243.245:0] script '/domains/perless2web/adminer-5.0.5-en.php' not found or unable to stat
[Fri Jan 16 06:52:39.938409 2026] [php:error] [pid 32931] [client 34.96.162.58:0] script '/domains/perless2web/Adminer.php' not found or unable to stat
[Fri Jan 16 06:52:46.217670 2026] [php:error] [pid 32928] [client 35.247.243.255:0] script '/domains/perless2web/mydb.php' not found or unable to stat
[Fri Jan 16 06:52:48.790518 2026] [php:error] [pid 32928] [client 34.96.162.58:0] script '/domains/perless2web/adminer-5.2.1-mysql-en.php' not found or unable to stat
[Fri Jan 16 06:52:51.757258 2026] [php:error] [pid 32931] [client 35.247.243.251:0] script '/domains/perless2web/adminer-4.7.5.php' not found or unable to stat
[Fri Jan 16 06:53:05.502887 2026] [php:error] [pid 32931] [client 35.247.243.254:0] script '/domains/perless2web/adminer-5.0.3.php' not found or unable to stat
[Fri Jan 16 06:54:05.083521 2026] [php:error] [pid 32957] [client 34.96.162.58:0] script '/domains/perless2web/adminer-5.4.1-mysql-en.php' not found or unable to stat
[Fri Jan 16 06:54:51.671925 2026] [php:error] [pid 32951] [client 35.247.243.253:0] script '/domains/perless2web/DB.php' not found or unable to stat
[Fri Jan 16 06:54:54.165905 2026] [php:error] [pid 32950] [client 35.247.243.245:0] script '/domains/perless2web/adminer-5.2.1-en.php' not found or unable to stat
[Fri Jan 16 06:56:10.140443 2026] [php:error] [pid 32975] [client 34.96.162.62:0] script '/domains/perless2web/adminer-5.1.1-mysql.php' not found or unable to stat
[Fri Jan 16 06:56:13.171514 2026] [php:error] [pid 32933] [client 34.96.162.48:0] script '/domains/perless2web/adminer-5.0.3.php' not found or unable to stat
[Fri Jan 16 06:57:03.249909 2026] [php:error] [pid 32981] [client 34.96.162.56:0] script '/domains/perless2web/adminer-4.4.0.php' not found or unable to stat
[Fri Jan 16 06:57:14.429537 2026] [php:error] [pid 32977] [client 34.96.162.63:0] script '/domains/perless2web/adminer-5.2.0-mysql.php' not found or unable to stat
[Fri Jan 16 06:57:35.836545 2026] [php:error] [pid 32991] [client 35.247.243.253:0] script '/domains/perless2web/adminer-5.4.0.php' not found or unable to stat
[Fri Jan 16 06:57:39.026478 2026] [php:error] [pid 32992] [client 35.247.243.255:0] script '/domains/perless2web/adminer-4.7.0.php' not found or unable to stat
[Fri Jan 16 06:58:45.782024 2026] [php:error] [pid 33001] [client 35.247.243.243:0] script '/domains/perless2web/db.php' not found or unable to stat
[Fri Jan 16 06:59:52.213094 2026] [php:error] [pid 33006] [client 34.96.162.50:0] script '/domains/perless2web/adminer-5.0.5.php' not found or unable to stat
[Fri Jan 16 07:00:51.857769 2026] [php:error] [pid 33040] [client 34.96.162.55:0] script '/domains/perless2web/adminer-5.0.4-en.php' not found or unable to stat
[Fri Jan 16 07:01:31.612103 2026] [php:error] [pid 33043] [client 35.247.243.253:0] script '/domains/perless2web/adminer-5.1.0-mysql-en.php' not found or unable to stat
[Fri Jan 16 07:02:19.212679 2026] [php:error] [pid 33058] [client 34.96.162.48:0] script '/domains/perless2web/adminer-5.0.1-en.php' not found or unable to stat
[Fri Jan 16 07:02:22.554429 2026] [php:error] [pid 33050] [client 34.96.162.52:0] script '/domains/perless2web/adminer-4.6.3.php' not found or unable to stat
[Fri Jan 16 07:04:03.461113 2026] [php:error] [pid 33068] [client 34.96.162.63:0] script '/domains/perless2web/adminer-5.4.1-en.php' not found or unable to stat
[Fri Jan 16 07:04:34.864068 2026] [php:error] [pid 33071] [client 34.96.162.51:0] script '/domains/perless2web/adminer-5.0.3-mysql.php' not found or unable to stat
[Fri Jan 16 07:04:37.770885 2026] [php:error] [pid 33059] [client 35.247.243.248:0] script '/domains/perless2web/adminer-5.4.0.php' not found or unable to stat
[Fri Jan 16 07:05:04.036259 2026] [php:error] [pid 33082] [client 34.96.162.62:0] script '/domains/perless2web/adminer-4.7.6.php' not found or unable to stat
[Fri Jan 16 07:05:19.956736 2026] [php:error] [pid 33088] [client 34.96.162.50:0] script '/domains/perless2web/adminer-5.3.0-mysql.php' not found or unable to stat
[Fri Jan 16 07:05:25.386310 2026] [php:error] [pid 33084] [client 209.97.175.204:0] script '/domains/perless2web/wp-login.php' not found or unable to stat, referer: https://t.co/
[Fri Jan 16 07:05:32.238680 2026] [php:error] [pid 33089] [client 209.97.175.204:0] script '/domains/perless2web/wp-login.php' not found or unable to stat, referer: https://duckduckgo.com/
[Fri Jan 16 07:05:35.593319 2026] [php:error] [pid 33088] [client 38.148.248.140:0] script '/domains/efusion1/1234.php' not found or unable to stat
[Fri Jan 16 07:06:44.430226 2026] [php:error] [pid 33099] [client 35.247.243.245:0] script '/domains/perless2web/adminer-5.2.0.php' not found or unable to stat
[Fri Jan 16 07:06:49.973796 2026] [php:error] [pid 33101] [client 35.247.243.255:0] script '/domains/perless2web/sql.php' not found or unable to stat
[Fri Jan 16 07:07:05.740918 2026] [core:crit] [pid 33099] (13)Permission denied: [client 114.119.156.181:0] AH00529: /domains/dcarlone/test/web/.htaccess pcfg_openfile: unable to check htaccess file, ensure it is readable and that '/domains/dcarlone/test/web/' is executable
[Fri Jan 16 07:07:10.391104 2026] [php:error] [pid 33084] [client 216.244.66.232:0] script '/domains/hdickens.enteract/kmnj.php' not found or unable to stat
[Fri Jan 16 07:07:17.146963 2026] [php:error] [pid 33099] [client 35.247.243.250:0] script '/domains/perless2web/adminer-5.3.0-mysql-en.php' not found or unable to stat
[Fri Jan 16 07:07:19.939376 2026] [php:error] [pid 33084] [client 35.247.243.255:0] script '/domains/perless2web/adminer-4.7.1.php' not found or unable to stat
[Fri Jan 16 07:08:21.053496 2026] [php:error] [pid 33118] [client 45.86.202.20:0] script '/domains/hdickens.enteract/xmlrpc.php' not found or unable to stat
[Fri Jan 16 07:08:44.611490 2026] [php:error] [pid 33120] [client 34.96.162.55:0] script '/domains/perless2web/adminer-5.1.1.php' not found or unable to stat
[Fri Jan 16 07:08:58.258692 2026] [authz_core:error] [pid 33085] [client 3.101.240.112:0] AH01630: client denied by server configuration: /
[Fri Jan 16 07:08:59.842788 2026] [authz_core:error] [pid 33122] [client 3.101.240.112:0] AH01630: client denied by server configuration: /nice ports,
[Fri Jan 16 07:09:11.423974 2026] [php:error] [pid 33085] [client 35.247.243.251:0] script '/domains/perless2web/adminer-4.8.1-en.php' not found or unable to stat
[Fri Jan 16 07:10:06.075438 2026] [php:error] [pid 33122] [client 35.247.243.248:0] script '/domains/perless2web/adminer-4.6.1.php' not found or unable to stat
[Fri Jan 16 07:10:41.600402 2026] [php:error] [pid 33144] [client 35.247.243.246:0] script '/domains/perless2web/adminer-5.0.0-mysql-en.php' not found or unable to stat
[Fri Jan 16 07:10:51.908936 2026] [core:crit] [pid 33142] (13)Permission denied: [client 216.244.66.241:0] AH00529: /domains/dcarlone/test/web/.htaccess pcfg_openfile: unable to check htaccess file, ensure it is readable and that '/domains/dcarlone/test/web/' is executable
[Fri Jan 16 07:11:05.705880 2026] [php:error] [pid 33142] [client 35.247.243.250:0] script '/domains/perless2web/unzipper.php' not found or unable to stat
[Fri Jan 16 07:11:34.726738 2026] [php:error] [pid 33122] [client 34.96.162.50:0] script '/domains/perless2web/adminer-5.0.4-mysql-en.php' not found or unable to stat
[Fri Jan 16 07:12:27.917603 2026] [php:error] [pid 33167] [client 35.247.243.242:0] script '/domains/perless2web/adminer-4.7.2.php' not found or unable to stat
[Fri Jan 16 07:12:30.666041 2026] [php:error] [pid 33162] [client 34.96.162.50:0] script '/domains/perless2web/adminer-4.8.1-mysql-en.php' not found or unable to stat
[Fri Jan 16 07:14:21.387307 2026] [php:error] [pid 33181] [client 34.96.162.62:0] script '/domains/perless2web/adminer-4.3.0.php' not found or unable to stat
[Fri Jan 16 07:14:22.589332 2026] [core:crit] [pid 33178] (13)Permission denied: [client 66.249.66.76:0] AH00529: /domains/performancepartsinc/graphics/psd/.htaccess pcfg_openfile: unable to check htaccess file, ensure it is readable and that '/domains/performancepartsinc/graphics/psd/' is executable
[Fri Jan 16 07:14:37.952444 2026] [php:error] [pid 33178] [client 35.247.243.246:0] script '/domains/perless2web/adminer-5.0.5-mysql-en.php' not found or unable to stat
[Fri Jan 16 07:15:27.749791 2026] [core:crit] [pid 38822] (13)Permission denied: [client 66.249.66.162:0] AH00529: /domains/performancepartsinc/graphics/psd/.htaccess pcfg_openfile: unable to check htaccess file, ensure it is readable and that '/domains/performancepartsinc/graphics/psd/' is executable
[Fri Jan 16 07:15:34.094891 2026] [php:error] [pid 38827] [client 35.247.243.242:0] script '/domains/perless2web/adminer-4.7.7.php' not found or unable to stat
[Fri Jan 16 07:16:24.078906 2026] [php:error] [pid 38830] [client 34.96.162.49:0] script '/domains/perless2web/adminer-5.4.0-en.php' not found or unable to stat
[Fri Jan 16 07:16:27.359483 2026] [php:error] [pid 38830] [client 34.96.162.52:0] script '/domains/perless2web/adminer-4.8.1.php' not found or unable to stat
[Fri Jan 16 07:16:32.890986 2026] [core:crit] [pid 38832] (13)Permission denied: [client 66.249.66.34:0] AH00529: /domains/performancepartsinc/graphics/psd/.htaccess pcfg_openfile: unable to check htaccess file, ensure it is readable and that '/domains/performancepartsinc/graphics/psd/' is executable
[Fri Jan 16 07:17:02.500184 2026] [php:error] [pid 38838] [client 34.96.162.61:0] script '/domains/perless2web/SQL.php' not found or unable to stat
[Fri Jan 16 07:17:19.323186 2026] [php:error] [pid 38836] [client 35.247.243.247:0] script '/domains/perless2web/adminer-5.0.4.php' not found or unable to stat
[Fri Jan 16 07:18:19.705734 2026] [php:error] [pid 38834] [client 35.247.243.249:0] script '/domains/perless2web/adminer-5.0.0.php' not found or unable to stat
[Fri Jan 16 07:18:38.282927 2026] [php:error] [pid 38841] [client 35.247.243.251:0] script '/domains/perless2web/adminer-5.0.3-en.php' not found or unable to stat
[Fri Jan 16 07:18:44.357320 2026] [php:error] [pid 38849] [client 34.96.162.57:0] script '/domains/perless2web/adminer-5.2.1-mysql.php' not found or unable to stat
[Fri Jan 16 07:18:47.186439 2026] [php:error] [pid 38832] [client 35.247.243.246:0] script '/domains/perless2web/adminer-5.2.0-mysql-en.php' not found or unable to stat
/bin/sh: /usr/public/bin/counter.cgi: not found
[Fri Jan 16 07:19:14.573233 2026] [php:error] [pid 38856] [client 4.214.48.159:0] script '/domains/gohover/abcd.php' not found or unable to stat
[Fri Jan 16 07:19:14.746303 2026] [php:error] [pid 38856] [client 4.214.48.159:0] script '/domains/gohover/about.php' not found or unable to stat
[Fri Jan 16 07:19:14.915602 2026] [php:error] [pid 38856] [client 4.214.48.159:0] script '/domains/gohover/chosen.php' not found or unable to stat
[Fri Jan 16 07:19:15.084572 2026] [php:error] [pid 38856] [client 4.214.48.159:0] script '/domains/gohover/default.php' not found or unable to stat
[Fri Jan 16 07:19:15.253276 2026] [php:error] [pid 38856] [client 4.214.48.159:0] script '/domains/gohover/ds.php' not found or unable to stat
[Fri Jan 16 07:19:15.424473 2026] [php:error] [pid 38856] [client 4.214.48.159:0] script '/domains/gohover/f5.php' not found or unable to stat
[Fri Jan 16 07:19:15.593176 2026] [php:error] [pid 38856] [client 4.214.48.159:0] script '/domains/gohover/ioxi-o.php' not found or unable to stat
[Fri Jan 16 07:19:15.763253 2026] [php:error] [pid 38856] [client 4.214.48.159:0] script '/domains/gohover/bolt.php' not found or unable to stat
[Fri Jan 16 07:19:15.935767 2026] [php:error] [pid 38856] [client 4.214.48.159:0] script '/domains/gohover/deepseek_d.php' not found or unable to stat
[Fri Jan 16 07:19:16.104562 2026] [php:error] [pid 38856] [client 4.214.48.159:0] script '/domains/gohover/pu9.php' not found or unable to stat
[Fri Jan 16 07:19:16.273324 2026] [php:error] [pid 38856] [client 4.214.48.159:0] script '/domains/gohover/wp-bat.php' not found or unable to stat
[Fri Jan 16 07:19:16.442718 2026] [php:error] [pid 38856] [client 4.214.48.159:0] script '/domains/gohover/file.php' not found or unable to stat
[Fri Jan 16 07:19:16.611351 2026] [php:error] [pid 38856] [client 4.214.48.159:0] script '/domains/gohover/god4m.php' not found or unable to stat
[Fri Jan 16 07:19:16.779967 2026] [php:error] [pid 38856] [client 4.214.48.159:0] script '/domains/gohover/info.php' not found or unable to stat
[Fri Jan 16 07:19:17.119109 2026] [php:error] [pid 38856] [client 4.214.48.159:0] script '/domains/gohover/test1.php' not found or unable to stat
[Fri Jan 16 07:19:17.838774 2026] [php:error] [pid 38856] [client 4.214.48.159:0] script '/domains/gohover/wp-good.php' not found or unable to stat
[Fri Jan 16 07:19:19.241664 2026] [php:error] [pid 38856] [client 4.214.48.159:0] script '/domains/gohover/classwithtostring.php' not found or unable to stat
[Fri Jan 16 07:19:19.428532 2026] [php:error] [pid 38856] [client 4.214.48.159:0] script '/domains/gohover/manager.php' not found or unable to stat
[Fri Jan 16 07:19:19.599561 2026] [php:error] [pid 38856] [client 4.214.48.159:0] script '/domains/gohover/radio.php' not found or unable to stat
[Fri Jan 16 07:19:19.768770 2026] [php:error] [pid 38856] [client 4.214.48.159:0] script '/domains/gohover/autoload_classmap.php' not found or unable to stat
[Fri Jan 16 07:19:20.868274 2026] [php:error] [pid 38856] [client 4.214.48.159:0] script '/domains/gohover/0.php' not found or unable to stat
[Fri Jan 16 07:19:21.045880 2026] [php:error] [pid 38856] [client 4.214.48.159:0] script '/domains/gohover/07.php' not found or unable to stat
[Fri Jan 16 07:19:21.233698 2026] [php:error] [pid 38856] [client 4.214.48.159:0] script '/domains/gohover/1.php' not found or unable to stat
[Fri Jan 16 07:19:21.411913 2026] [php:error] [pid 38856] [client 4.214.48.159:0] script '/domains/gohover/123.php' not found or unable to stat
[Fri Jan 16 07:19:21.605601 2026] [php:error] [pid 38856] [client 4.214.48.159:0] script '/domains/gohover/aa.php' not found or unable to stat
[Fri Jan 16 07:19:21.776408 2026] [php:error] [pid 38856] [client 4.214.48.159:0] script '/domains/gohover/admin.php' not found or unable to stat
[Fri Jan 16 07:19:21.962746 2026] [php:error] [pid 38856] [client 4.214.48.159:0] script '/domains/gohover/akc.php' not found or unable to stat
[Fri Jan 16 07:19:22.137140 2026] [php:error] [pid 38856] [client 4.214.48.159:0] script '/domains/gohover/akcc.php' not found or unable to stat
[Fri Jan 16 07:19:22.309467 2026] [php:error] [pid 38856] [client 4.214.48.159:0] script '/domains/gohover/asasx.php' not found or unable to stat
[Fri Jan 16 07:19:22.496096 2026] [php:error] [pid 38856] [client 4.214.48.159:0] script '/domains/gohover/asd.php' not found or unable to stat
[Fri Jan 16 07:19:22.676010 2026] [php:error] [pid 38856] [client 4.214.48.159:0] script '/domains/gohover/atomlib.php' not found or unable to stat
[Fri Jan 16 07:19:22.851593 2026] [php:error] [pid 38856] [client 4.214.48.159:0] script '/domains/gohover/axx.php' not found or unable to stat
[Fri Jan 16 07:19:23.021832 2026] [php:error] [pid 38856] [client 4.214.48.159:0] script '/domains/gohover/berax.php' not found or unable to stat
[Fri Jan 16 07:19:23.198838 2026] [php:error] [pid 38856] [client 4.214.48.159:0] script '/domains/gohover/build.php' not found or unable to stat
[Fri Jan 16 07:19:23.377032 2026] [php:error] [pid 38856] [client 4.214.48.159:0] script '/domains/gohover/buy.php' not found or unable to stat
[Fri Jan 16 07:19:23.546513 2026] [php:error] [pid 38856] [client 4.214.48.159:0] script '/domains/gohover/checkbox.php' not found or unable to stat
[Fri Jan 16 07:19:23.727742 2026] [php:error] [pid 38856] [client 4.214.48.159:0] script '/domains/gohover/cong.php' not found or unable to stat
[Fri Jan 16 07:19:23.900536 2026] [php:error] [pid 38856] [client 4.214.48.159:0] script '/domains/gohover/css.php' not found or unable to stat
[Fri Jan 16 07:19:24.072612 2026] [php:error] [pid 38856] [client 4.214.48.159:0] script '/domains/gohover/dropdown.php' not found or unable to stat
[Fri Jan 16 07:19:24.241665 2026] [php:error] [pid 38856] [client 4.214.48.159:0] script '/domains/gohover/edit.php' not found or unable to stat
[Fri Jan 16 07:19:24.437203 2026] [php:error] [pid 38856] [client 4.214.48.159:0] script '/domains/gohover/file2.php' not found or unable to stat
[Fri Jan 16 07:19:24.622118 2026] [php:error] [pid 38856] [client 4.214.48.159:0] script '/domains/gohover/file4.php' not found or unable to stat
[Fri Jan 16 07:19:24.806018 2026] [php:error] [pid 38856] [client 4.214.48.159:0] script '/domains/gohover/filemanager.php' not found or unable to stat
