[Fri Jan 16 05:46:56.078547 2026] [php:error] [pid 20887] [client 20.89.212.133:0] script '/domains/system_suspended/pu9.php' not found or unable to stat
[Fri Jan 16 05:46:56.248972 2026] [php:error] [pid 20887] [client 20.89.212.133:0] script '/domains/system_suspended/wp-bat.php' not found or unable to stat
[Fri Jan 16 05:46:56.420061 2026] [php:error] [pid 20887] [client 20.89.212.133:0] script '/domains/system_suspended/file.php' not found or unable to stat
[Fri Jan 16 05:46:56.592408 2026] [php:error] [pid 20887] [client 20.89.212.133:0] script '/domains/system_suspended/god4m.php' not found or unable to stat
[Fri Jan 16 05:46:56.762946 2026] [php:error] [pid 20887] [client 20.89.212.133:0] script '/domains/system_suspended/info.php' not found or unable to stat
[Fri Jan 16 05:46:57.116747 2026] [php:error] [pid 20887] [client 20.89.212.133:0] script '/domains/system_suspended/test1.php' not found or unable to stat
[Fri Jan 16 05:46:57.807880 2026] [php:error] [pid 20887] [client 20.89.212.133:0] script '/domains/system_suspended/wp-good.php' not found or unable to stat
[Fri Jan 16 05:46:59.250798 2026] [php:error] [pid 20887] [client 20.89.212.133:0] script '/domains/system_suspended/classwithtostring.php' not found or unable to stat
[Fri Jan 16 05:46:59.427675 2026] [php:error] [pid 20887] [client 20.89.212.133:0] script '/domains/system_suspended/manager.php' not found or unable to stat
[Fri Jan 16 05:46:59.600453 2026] [php:error] [pid 20887] [client 20.89.212.133:0] script '/domains/system_suspended/radio.php' not found or unable to stat
[Fri Jan 16 05:46:59.771256 2026] [php:error] [pid 20887] [client 20.89.212.133:0] script '/domains/system_suspended/autoload_classmap.php' not found or unable to stat
[Fri Jan 16 05:47:00.812478 2026] [php:error] [pid 20887] [client 20.89.212.133:0] script '/domains/system_suspended/0.php' not found or unable to stat
[Fri Jan 16 05:47:00.992302 2026] [php:error] [pid 20887] [client 20.89.212.133:0] script '/domains/system_suspended/07.php' not found or unable to stat
[Fri Jan 16 05:47:01.164344 2026] [php:error] [pid 20887] [client 20.89.212.133:0] script '/domains/system_suspended/1.php' not found or unable to stat
[Fri Jan 16 05:47:01.337793 2026] [php:error] [pid 20887] [client 20.89.212.133:0] script '/domains/system_suspended/123.php' not found or unable to stat
[Fri Jan 16 05:47:01.511346 2026] [php:error] [pid 20887] [client 20.89.212.133:0] script '/domains/system_suspended/aa.php' not found or unable to stat
[Fri Jan 16 05:47:01.687643 2026] [php:error] [pid 20887] [client 20.89.212.133:0] script '/domains/system_suspended/admin.php' not found or unable to stat
[Fri Jan 16 05:47:01.859056 2026] [php:error] [pid 20887] [client 20.89.212.133:0] script '/domains/system_suspended/akc.php' not found or unable to stat
[Fri Jan 16 05:47:02.031513 2026] [php:error] [pid 20887] [client 20.89.212.133:0] script '/domains/system_suspended/akcc.php' not found or unable to stat
[Fri Jan 16 05:47:02.205917 2026] [php:error] [pid 20887] [client 20.89.212.133:0] script '/domains/system_suspended/asasx.php' not found or unable to stat
[Fri Jan 16 05:47:02.383428 2026] [php:error] [pid 20887] [client 20.89.212.133:0] script '/domains/system_suspended/asd.php' not found or unable to stat
[Fri Jan 16 05:47:02.556129 2026] [php:error] [pid 20887] [client 20.89.212.133:0] script '/domains/system_suspended/atomlib.php' not found or unable to stat
[Fri Jan 16 05:47:02.726662 2026] [php:error] [pid 20887] [client 20.89.212.133:0] script '/domains/system_suspended/axx.php' not found or unable to stat
[Fri Jan 16 05:47:02.897979 2026] [php:error] [pid 20887] [client 20.89.212.133:0] script '/domains/system_suspended/berax.php' not found or unable to stat
[Fri Jan 16 05:47:03.069643 2026] [php:error] [pid 20887] [client 20.89.212.133:0] script '/domains/system_suspended/build.php' not found or unable to stat
[Fri Jan 16 05:47:03.242180 2026] [php:error] [pid 20887] [client 20.89.212.133:0] script '/domains/system_suspended/buy.php' not found or unable to stat
[Fri Jan 16 05:47:03.415816 2026] [php:error] [pid 20887] [client 20.89.212.133:0] script '/domains/system_suspended/checkbox.php' not found or unable to stat
[Fri Jan 16 05:47:03.587565 2026] [php:error] [pid 20887] [client 20.89.212.133:0] script '/domains/system_suspended/cong.php' not found or unable to stat
[Fri Jan 16 05:47:03.761877 2026] [php:error] [pid 20887] [client 20.89.212.133:0] script '/domains/system_suspended/css.php' not found or unable to stat
[Fri Jan 16 05:47:03.938773 2026] [php:error] [pid 20887] [client 20.89.212.133:0] script '/domains/system_suspended/dropdown.php' not found or unable to stat
[Fri Jan 16 05:47:04.113211 2026] [php:error] [pid 20887] [client 20.89.212.133:0] script '/domains/system_suspended/edit.php' not found or unable to stat
[Fri Jan 16 05:47:04.284568 2026] [php:error] [pid 20887] [client 20.89.212.133:0] script '/domains/system_suspended/file2.php' not found or unable to stat
[Fri Jan 16 05:47:04.459866 2026] [php:error] [pid 20887] [client 20.89.212.133:0] script '/domains/system_suspended/file4.php' not found or unable to stat
[Fri Jan 16 05:47:04.631190 2026] [php:error] [pid 20887] [client 20.89.212.133:0] script '/domains/system_suspended/filemanager.php' not found or unable to stat
[Fri Jan 16 05:47:04.803610 2026] [php:error] [pid 20887] [client 20.89.212.133:0] script '/domains/system_suspended/flower.php' not found or unable to stat
[Fri Jan 16 05:47:04.983969 2026] [php:error] [pid 20887] [client 20.89.212.133:0] script '/domains/system_suspended/form.php' not found or unable to stat
[Fri Jan 16 05:47:05.157363 2026] [php:error] [pid 20887] [client 20.89.212.133:0] script '/domains/system_suspended/kyami.php' not found or unable to stat
[Fri Jan 16 05:47:05.330192 2026] [php:error] [pid 20887] [client 20.89.212.133:0] script '/domains/system_suspended/makeasmtp.php' not found or unable to stat
[Fri Jan 16 05:47:05.504551 2026] [php:error] [pid 20887] [client 20.89.212.133:0] script '/domains/system_suspended/mari.php' not found or unable to stat
[Fri Jan 16 05:47:05.675106 2026] [php:error] [pid 20887] [client 20.89.212.133:0] script '/domains/system_suspended/moon.php' not found or unable to stat
[Fri Jan 16 05:47:05.847529 2026] [php:error] [pid 20887] [client 20.89.212.133:0] script '/domains/system_suspended/new.php' not found or unable to stat
[Fri Jan 16 05:47:06.018602 2026] [php:error] [pid 20887] [client 20.89.212.133:0] script '/domains/system_suspended/wp-activate.php' not found or unable to stat
[Fri Jan 16 05:47:06.189983 2026] [php:error] [pid 20887] [client 20.89.212.133:0] script '/domains/system_suspended/wp-admin.php' not found or unable to stat
[Fri Jan 16 05:47:06.360864 2026] [php:error] [pid 20887] [client 20.89.212.133:0] script '/domains/system_suspended/wp-trackback.php' not found or unable to stat
[Fri Jan 16 05:47:06.532118 2026] [php:error] [pid 20887] [client 20.89.212.133:0] script '/domains/system_suspended/xmlrpc.php' not found or unable to stat
[Fri Jan 16 05:47:06.705828 2026] [php:error] [pid 20887] [client 20.89.212.133:0] script '/domains/system_suspended/xmrlpc.php' not found or unable to stat
[Fri Jan 16 05:47:06.881005 2026] [php:error] [pid 20887] [client 20.89.212.133:0] script '/domains/system_suspended/adminfuns.php' not found or unable to stat
[Fri Jan 16 05:48:41.999245 2026] [php:error] [pid 20887] [client 194.26.192.39:0] script '/domains/mjbradley/xmlrpc.php' not found or unable to stat
[Fri Jan 16 05:49:22.076955 2026] [php:error] [pid 20909] [client 20.24.208.12:0] script '/domains/rextrav/abcd.php' not found or unable to stat
[Fri Jan 16 05:49:22.288949 2026] [php:error] [pid 20909] [client 20.24.208.12:0] script '/domains/rextrav/about.php' not found or unable to stat
[Fri Jan 16 05:49:22.500696 2026] [php:error] [pid 20909] [client 20.24.208.12:0] script '/domains/rextrav/chosen.php' not found or unable to stat
[Fri Jan 16 05:49:22.712839 2026] [php:error] [pid 20909] [client 20.24.208.12:0] script '/domains/rextrav/default.php' not found or unable to stat
[Fri Jan 16 05:49:22.925593 2026] [php:error] [pid 20909] [client 20.24.208.12:0] script '/domains/rextrav/ds.php' not found or unable to stat
[Fri Jan 16 05:49:23.136630 2026] [php:error] [pid 20909] [client 20.24.208.12:0] script '/domains/rextrav/f5.php' not found or unable to stat
[Fri Jan 16 05:49:23.348286 2026] [php:error] [pid 20909] [client 20.24.208.12:0] script '/domains/rextrav/ioxi-o.php' not found or unable to stat
[Fri Jan 16 05:49:23.560477 2026] [php:error] [pid 20909] [client 20.24.208.12:0] script '/domains/rextrav/bolt.php' not found or unable to stat
[Fri Jan 16 05:49:23.771856 2026] [php:error] [pid 20909] [client 20.24.208.12:0] script '/domains/rextrav/deepseek_d.php' not found or unable to stat
[Fri Jan 16 05:49:23.982929 2026] [php:error] [pid 20909] [client 20.24.208.12:0] script '/domains/rextrav/pu9.php' not found or unable to stat
[Fri Jan 16 05:49:24.194082 2026] [php:error] [pid 20909] [client 20.24.208.12:0] script '/domains/rextrav/wp-bat.php' not found or unable to stat
[Fri Jan 16 05:49:24.405612 2026] [php:error] [pid 20909] [client 20.24.208.12:0] script '/domains/rextrav/file.php' not found or unable to stat
[Fri Jan 16 05:49:24.618695 2026] [php:error] [pid 20909] [client 20.24.208.12:0] script '/domains/rextrav/god4m.php' not found or unable to stat
[Fri Jan 16 05:49:24.831221 2026] [php:error] [pid 20909] [client 20.24.208.12:0] script '/domains/rextrav/info.php' not found or unable to stat
[Fri Jan 16 05:49:25.254576 2026] [php:error] [pid 20909] [client 20.24.208.12:0] script '/domains/rextrav/test1.php' not found or unable to stat
[Fri Jan 16 05:49:26.106469 2026] [php:error] [pid 20909] [client 20.24.208.12:0] script '/domains/rextrav/wp-good.php' not found or unable to stat
[Fri Jan 16 05:49:27.807722 2026] [php:error] [pid 20909] [client 20.24.208.12:0] script '/domains/rextrav/classwithtostring.php' not found or unable to stat
[Fri Jan 16 05:49:28.019300 2026] [php:error] [pid 20909] [client 20.24.208.12:0] script '/domains/rextrav/manager.php' not found or unable to stat
[Fri Jan 16 05:49:28.230655 2026] [php:error] [pid 20909] [client 20.24.208.12:0] script '/domains/rextrav/radio.php' not found or unable to stat
[Fri Jan 16 05:49:28.443677 2026] [php:error] [pid 20909] [client 20.24.208.12:0] script '/domains/rextrav/autoload_classmap.php' not found or unable to stat
[Fri Jan 16 05:49:29.715725 2026] [php:error] [pid 20909] [client 20.24.208.12:0] script '/domains/rextrav/0.php' not found or unable to stat
[Fri Jan 16 05:49:29.927121 2026] [php:error] [pid 20909] [client 20.24.208.12:0] script '/domains/rextrav/07.php' not found or unable to stat
[Fri Jan 16 05:49:30.141437 2026] [php:error] [pid 20909] [client 20.24.208.12:0] script '/domains/rextrav/1.php' not found or unable to stat
[Fri Jan 16 05:49:30.353052 2026] [php:error] [pid 20909] [client 20.24.208.12:0] script '/domains/rextrav/123.php' not found or unable to stat
[Fri Jan 16 05:49:30.572495 2026] [php:error] [pid 20909] [client 20.24.208.12:0] script '/domains/rextrav/aa.php' not found or unable to stat
[Fri Jan 16 05:49:30.786483 2026] [php:error] [pid 20909] [client 20.24.208.12:0] script '/domains/rextrav/admin.php' not found or unable to stat
[Fri Jan 16 05:49:30.998875 2026] [php:error] [pid 20909] [client 20.24.208.12:0] script '/domains/rextrav/akc.php' not found or unable to stat
[Fri Jan 16 05:49:31.211991 2026] [php:error] [pid 20909] [client 20.24.208.12:0] script '/domains/rextrav/akcc.php' not found or unable to stat
[Fri Jan 16 05:49:31.423892 2026] [php:error] [pid 20909] [client 20.24.208.12:0] script '/domains/rextrav/asasx.php' not found or unable to stat
[Fri Jan 16 05:49:31.635788 2026] [php:error] [pid 20909] [client 20.24.208.12:0] script '/domains/rextrav/asd.php' not found or unable to stat
[Fri Jan 16 05:49:31.849635 2026] [php:error] [pid 20909] [client 20.24.208.12:0] script '/domains/rextrav/atomlib.php' not found or unable to stat
[Fri Jan 16 05:49:32.061608 2026] [php:error] [pid 20909] [client 20.24.208.12:0] script '/domains/rextrav/axx.php' not found or unable to stat
[Fri Jan 16 05:49:32.273606 2026] [php:error] [pid 20909] [client 20.24.208.12:0] script '/domains/rextrav/berax.php' not found or unable to stat
[Fri Jan 16 05:49:32.487764 2026] [php:error] [pid 20909] [client 20.24.208.12:0] script '/domains/rextrav/build.php' not found or unable to stat
[Fri Jan 16 05:49:32.700526 2026] [php:error] [pid 20909] [client 20.24.208.12:0] script '/domains/rextrav/buy.php' not found or unable to stat
[Fri Jan 16 05:49:32.912688 2026] [php:error] [pid 20909] [client 20.24.208.12:0] script '/domains/rextrav/checkbox.php' not found or unable to stat
[Fri Jan 16 05:49:33.123918 2026] [php:error] [pid 20909] [client 20.24.208.12:0] script '/domains/rextrav/cong.php' not found or unable to stat
[Fri Jan 16 05:49:33.340546 2026] [php:error] [pid 20909] [client 20.24.208.12:0] script '/domains/rextrav/css.php' not found or unable to stat
[Fri Jan 16 05:49:33.552901 2026] [php:error] [pid 20909] [client 20.24.208.12:0] script '/domains/rextrav/dropdown.php' not found or unable to stat
[Fri Jan 16 05:49:33.769217 2026] [php:error] [pid 20909] [client 20.24.208.12:0] script '/domains/rextrav/edit.php' not found or unable to stat
[Fri Jan 16 05:49:33.982973 2026] [php:error] [pid 20909] [client 20.24.208.12:0] script '/domains/rextrav/file2.php' not found or unable to stat
[Fri Jan 16 05:49:34.194480 2026] [php:error] [pid 20909] [client 20.24.208.12:0] script '/domains/rextrav/file4.php' not found or unable to stat
[Fri Jan 16 05:49:34.405474 2026] [php:error] [pid 20909] [client 20.24.208.12:0] script '/domains/rextrav/filemanager.php' not found or unable to stat
[Fri Jan 16 05:49:34.616927 2026] [php:error] [pid 20909] [client 20.24.208.12:0] script '/domains/rextrav/flower.php' not found or unable to stat
[Fri Jan 16 05:49:34.828523 2026] [php:error] [pid 20909] [client 20.24.208.12:0] script '/domains/rextrav/form.php' not found or unable to stat
[Fri Jan 16 05:49:35.042961 2026] [php:error] [pid 20909] [client 20.24.208.12:0] script '/domains/rextrav/kyami.php' not found or unable to stat
[Fri Jan 16 05:49:35.254197 2026] [php:error] [pid 20909] [client 20.24.208.12:0] script '/domains/rextrav/makeasmtp.php' not found or unable to stat
[Fri Jan 16 05:49:35.465518 2026] [php:error] [pid 20909] [client 20.24.208.12:0] script '/domains/rextrav/mari.php' not found or unable to stat
[Fri Jan 16 05:49:35.679286 2026] [php:error] [pid 20909] [client 20.24.208.12:0] script '/domains/rextrav/moon.php' not found or unable to stat
[Fri Jan 16 05:49:35.890448 2026] [php:error] [pid 20909] [client 20.24.208.12:0] script '/domains/rextrav/new.php' not found or unable to stat
[Fri Jan 16 05:49:36.102204 2026] [php:error] [pid 20909] [client 20.24.208.12:0] script '/domains/rextrav/wp-activate.php' not found or unable to stat
[Fri Jan 16 05:49:36.313595 2026] [php:error] [pid 20909] [client 20.24.208.12:0] script '/domains/rextrav/wp-admin.php' not found or unable to stat
[Fri Jan 16 05:49:36.526298 2026] [php:error] [pid 20909] [client 20.24.208.12:0] script '/domains/rextrav/wp-trackback.php' not found or unable to stat
[Fri Jan 16 05:49:36.737557 2026] [php:error] [pid 20909] [client 20.24.208.12:0] script '/domains/rextrav/xmlrpc.php' not found or unable to stat
[Fri Jan 16 05:49:36.949784 2026] [php:error] [pid 20909] [client 20.24.208.12:0] script '/domains/rextrav/xmrlpc.php' not found or unable to stat
[Fri Jan 16 05:49:37.164268 2026] [php:error] [pid 20909] [client 20.24.208.12:0] script '/domains/rextrav/adminfuns.php' not found or unable to stat
[Fri Jan 16 05:51:08.142622 2026] [php:error] [pid 20925] [client 141.98.11.23:0] script '/domains/hofficer1/wp-login.php' not found or unable to stat, referer: https://t.co/
[Fri Jan 16 05:51:08.354326 2026] [php:error] [pid 20926] [client 141.98.11.23:0] script '/domains/hofficer1/wp-login.php' not found or unable to stat
[Fri Jan 16 05:51:09.512311 2026] [php:error] [pid 20925] [client 141.98.11.23:0] script '/domains/jrp.interport/wp-login.php' not found or unable to stat, referer: https://duckduckgo.com/
[Fri Jan 16 05:51:09.730003 2026] [php:error] [pid 20926] [client 141.98.11.23:0] script '/domains/jrp.interport/wp-login.php' not found or unable to stat, referer: https://www.bing.com/
[Fri Jan 16 05:51:23.556582 2026] [php:error] [pid 20906] [client 4.214.48.159:0] script '/domains/system_default/abcd.php' not found or unable to stat
[Fri Jan 16 05:51:23.831071 2026] [php:error] [pid 20906] [client 4.214.48.159:0] script '/domains/system_default/about.php' not found or unable to stat
[Fri Jan 16 05:51:24.099814 2026] [php:error] [pid 20906] [client 4.214.48.159:0] script '/domains/system_default/chosen.php' not found or unable to stat
[Fri Jan 16 05:51:24.420427 2026] [php:error] [pid 20906] [client 4.214.48.159:0] script '/domains/system_default/default.php' not found or unable to stat
[Fri Jan 16 05:51:24.597125 2026] [php:error] [pid 20906] [client 4.214.48.159:0] script '/domains/system_default/ds.php' not found or unable to stat
[Fri Jan 16 05:51:24.772372 2026] [php:error] [pid 20906] [client 4.214.48.159:0] script '/domains/system_default/f5.php' not found or unable to stat
[Fri Jan 16 05:51:24.956336 2026] [php:error] [pid 20906] [client 4.214.48.159:0] script '/domains/system_default/ioxi-o.php' not found or unable to stat
[Fri Jan 16 05:51:25.132646 2026] [php:error] [pid 20906] [client 4.214.48.159:0] script '/domains/system_default/bolt.php' not found or unable to stat
[Fri Jan 16 05:51:25.383308 2026] [php:error] [pid 20906] [client 4.214.48.159:0] script '/domains/system_default/deepseek_d.php' not found or unable to stat
[Fri Jan 16 05:51:25.571669 2026] [php:error] [pid 20906] [client 4.214.48.159:0] script '/domains/system_default/pu9.php' not found or unable to stat
[Fri Jan 16 05:51:25.744876 2026] [php:error] [pid 20906] [client 4.214.48.159:0] script '/domains/system_default/wp-bat.php' not found or unable to stat
[Fri Jan 16 05:51:25.916352 2026] [php:error] [pid 20906] [client 4.214.48.159:0] script '/domains/system_default/file.php' not found or unable to stat
[Fri Jan 16 05:51:26.109741 2026] [php:error] [pid 20906] [client 4.214.48.159:0] script '/domains/system_default/god4m.php' not found or unable to stat
[Fri Jan 16 05:51:26.282140 2026] [php:error] [pid 20906] [client 4.214.48.159:0] script '/domains/system_default/info.php' not found or unable to stat
[Fri Jan 16 05:51:26.784234 2026] [php:error] [pid 20906] [client 4.214.48.159:0] script '/domains/system_default/test1.php' not found or unable to stat
[Fri Jan 16 05:51:27.530669 2026] [php:error] [pid 20906] [client 4.214.48.159:0] script '/domains/system_default/wp-good.php' not found or unable to stat
[Fri Jan 16 05:51:28.985615 2026] [php:error] [pid 20926] [client 141.98.11.23:0] script '/domains/pmglobal/wp-login.php' not found or unable to stat, referer: https://www.google.com/search?q=wordpress
[Fri Jan 16 05:51:29.186540 2026] [php:error] [pid 20906] [client 4.214.48.159:0] script '/domains/system_default/classwithtostring.php' not found or unable to stat
[Fri Jan 16 05:51:29.197548 2026] [php:error] [pid 20925] [client 141.98.11.23:0] script '/domains/pmglobal/wp-login.php' not found or unable to stat
[Fri Jan 16 05:51:29.421931 2026] [php:error] [pid 20906] [client 4.214.48.159:0] script '/domains/system_default/manager.php' not found or unable to stat
[Fri Jan 16 05:51:29.594998 2026] [php:error] [pid 20906] [client 4.214.48.159:0] script '/domains/system_default/radio.php' not found or unable to stat
[Fri Jan 16 05:51:29.764484 2026] [php:error] [pid 20906] [client 4.214.48.159:0] script '/domains/system_default/autoload_classmap.php' not found or unable to stat
[Fri Jan 16 05:51:30.497579 2026] [php:error] [pid 20887] [client 141.98.11.23:0] script '/domains/bfitpro2/wp-login.php' not found or unable to stat
[Fri Jan 16 05:51:30.716728 2026] [php:error] [pid 20929] [client 141.98.11.23:0] script '/domains/bfitpro2/wp-login.php' not found or unable to stat, referer: https://www.google.com/
[Fri Jan 16 05:51:31.275728 2026] [php:error] [pid 20906] [client 4.214.48.159:0] script '/domains/system_default/0.php' not found or unable to stat
[Fri Jan 16 05:51:31.496786 2026] [php:error] [pid 20926] [client 141.98.11.23:0] script '/domains/takie/wp-login.php' not found or unable to stat, referer: https://www.bing.com/
[Fri Jan 16 05:51:31.557523 2026] [php:error] [pid 20906] [client 4.214.48.159:0] script '/domains/system_default/07.php' not found or unable to stat
[Fri Jan 16 05:51:31.714140 2026] [php:error] [pid 20925] [client 141.98.11.23:0] script '/domains/takie/wp-login.php' not found or unable to stat
[Fri Jan 16 05:51:31.909145 2026] [php:error] [pid 20906] [client 4.214.48.159:0] script '/domains/system_default/1.php' not found or unable to stat
[Fri Jan 16 05:51:32.186941 2026] [php:error] [pid 20906] [client 4.214.48.159:0] script '/domains/system_default/123.php' not found or unable to stat
[Fri Jan 16 05:51:32.374224 2026] [php:error] [pid 20906] [client 4.214.48.159:0] script '/domains/system_default/aa.php' not found or unable to stat
[Fri Jan 16 05:51:32.452569 2026] [php:error] [pid 20929] [client 141.98.11.23:0] script '/domains/magicjim/wp-login.php' not found or unable to stat
[Fri Jan 16 05:51:32.567520 2026] [php:error] [pid 20906] [client 4.214.48.159:0] script '/domains/system_default/admin.php' not found or unable to stat
[Fri Jan 16 05:51:32.664838 2026] [php:error] [pid 20887] [client 141.98.11.23:0] script '/domains/magicjim/wp-login.php' not found or unable to stat
[Fri Jan 16 05:51:32.738832 2026] [php:error] [pid 20906] [client 4.214.48.159:0] script '/domains/system_default/akc.php' not found or unable to stat
[Fri Jan 16 05:51:32.908663 2026] [php:error] [pid 20906] [client 4.214.48.159:0] script '/domains/system_default/akcc.php' not found or unable to stat
[Fri Jan 16 05:51:33.078670 2026] [php:error] [pid 20906] [client 4.214.48.159:0] script '/domains/system_default/asasx.php' not found or unable to stat
[Fri Jan 16 05:51:33.249090 2026] [php:error] [pid 20906] [client 4.214.48.159:0] script '/domains/system_default/asd.php' not found or unable to stat
[Fri Jan 16 05:51:33.419726 2026] [php:error] [pid 20926] [client 141.98.11.23:0] script '/domains/tbarnhil/wp-login.php' not found or unable to stat, referer: https://t.co/
[Fri Jan 16 05:51:33.489529 2026] [php:error] [pid 20906] [client 4.214.48.159:0] script '/domains/system_default/atomlib.php' not found or unable to stat
[Fri Jan 16 05:51:33.634925 2026] [php:error] [pid 20925] [client 141.98.11.23:0] script '/domains/tbarnhil/wp-login.php' not found or unable to stat, referer: https://www.google.com/
[Fri Jan 16 05:51:33.769705 2026] [php:error] [pid 20906] [client 4.214.48.159:0] script '/domains/system_default/axx.php' not found or unable to stat
[Fri Jan 16 05:51:33.977237 2026] [php:error] [pid 20906] [client 4.214.48.159:0] script '/domains/system_default/berax.php' not found or unable to stat
[Fri Jan 16 05:51:34.174604 2026] [php:error] [pid 20906] [client 4.214.48.159:0] script '/domains/system_default/build.php' not found or unable to stat
[Fri Jan 16 05:51:34.367189 2026] [php:error] [pid 20906] [client 4.214.48.159:0] script '/domains/system_default/buy.php' not found or unable to stat
[Fri Jan 16 05:51:34.393356 2026] [php:error] [pid 20888] [client 141.98.11.23:0] script '/domains/druckrey/wp-login.php' not found or unable to stat, referer: https://www.bing.com/
[Fri Jan 16 05:51:34.545631 2026] [php:error] [pid 20906] [client 4.214.48.159:0] script '/domains/system_default/checkbox.php' not found or unable to stat
[Fri Jan 16 05:51:34.629434 2026] [php:error] [pid 20887] [client 141.98.11.23:0] script '/domains/druckrey/wp-login.php' not found or unable to stat
[Fri Jan 16 05:51:34.721637 2026] [php:error] [pid 20906] [client 4.214.48.159:0] script '/domains/system_default/cong.php' not found or unable to stat
[Fri Jan 16 05:51:34.907811 2026] [php:error] [pid 20906] [client 4.214.48.159:0] script '/domains/system_default/css.php' not found or unable to stat
[Fri Jan 16 05:51:35.110662 2026] [php:error] [pid 20906] [client 4.214.48.159:0] script '/domains/system_default/dropdown.php' not found or unable to stat
[Fri Jan 16 05:51:35.285520 2026] [php:error] [pid 20906] [client 4.214.48.159:0] script '/domains/system_default/edit.php' not found or unable to stat
[Fri Jan 16 05:51:35.370902 2026] [php:error] [pid 20929] [client 141.98.11.23:0] script '/domains/thewalshgroup/wp-login.php' not found or unable to stat
[Fri Jan 16 05:51:35.455942 2026] [php:error] [pid 20906] [client 4.214.48.159:0] script '/domains/system_default/file2.php' not found or unable to stat
[Fri Jan 16 05:51:35.600943 2026] [php:error] [pid 20926] [client 141.98.11.23:0] script '/domains/thewalshgroup/wp-login.php' not found or unable to stat, referer: https://www.google.com/search?q=wordpress
[Fri Jan 16 05:51:35.640032 2026] [php:error] [pid 20906] [client 4.214.48.159:0] script '/domains/system_default/file4.php' not found or unable to stat
[Fri Jan 16 05:51:35.881750 2026] [php:error] [pid 20906] [client 4.214.48.159:0] script '/domains/system_default/filemanager.php' not found or unable to stat
[Fri Jan 16 05:51:36.123000 2026] [php:error] [pid 20906] [client 4.214.48.159:0] script '/domains/system_default/flower.php' not found or unable to stat
[Fri Jan 16 05:51:36.300323 2026] [php:error] [pid 20906] [client 4.214.48.159:0] script '/domains/system_default/form.php' not found or unable to stat
[Fri Jan 16 05:51:36.439676 2026] [php:error] [pid 20925] [client 141.98.11.23:0] script '/domains/egmaweb/wp-login.php' not found or unable to stat
[Fri Jan 16 05:51:36.472668 2026] [php:error] [pid 20906] [client 4.214.48.159:0] script '/domains/system_default/kyami.php' not found or unable to stat
[Fri Jan 16 05:51:36.659361 2026] [php:error] [pid 20888] [client 141.98.11.23:0] script '/domains/egmaweb/wp-login.php' not found or unable to stat, referer: https://wordpress.org/
[Fri Jan 16 05:51:36.770876 2026] [php:error] [pid 20906] [client 4.214.48.159:0] script '/domains/system_default/makeasmtp.php' not found or unable to stat
[Fri Jan 16 05:51:37.134245 2026] [php:error] [pid 20906] [client 4.214.48.159:0] script '/domains/system_default/mari.php' not found or unable to stat
[Fri Jan 16 05:51:37.306969 2026] [php:error] [pid 20887] [client 141.98.11.23:0] script '/domains/system_suspended/wp-login.php' not found or unable to stat, referer: https://www.google.com/
[Fri Jan 16 05:51:37.312141 2026] [php:error] [pid 20906] [client 4.214.48.159:0] script '/domains/system_default/moon.php' not found or unable to stat
[Fri Jan 16 05:51:37.518251 2026] [php:error] [pid 20906] [client 4.214.48.159:0] script '/domains/system_default/new.php' not found or unable to stat
[Fri Jan 16 05:51:37.523155 2026] [php:error] [pid 20926] [client 141.98.11.23:0] script '/domains/system_suspended/wp-login.php' not found or unable to stat
[Fri Jan 16 05:51:37.742506 2026] [php:error] [pid 20906] [client 4.214.48.159:0] script '/domains/system_default/wp-activate.php' not found or unable to stat
[Fri Jan 16 05:51:38.028383 2026] [php:error] [pid 20906] [client 4.214.48.159:0] script '/domains/system_default/wp-admin.php' not found or unable to stat
[Fri Jan 16 05:51:38.184761 2026] [php:error] [pid 20925] [client 141.98.11.23:0] script '/domains/telacomp/wp-login.php' not found or unable to stat, referer: https://duckduckgo.com/
[Fri Jan 16 05:51:38.233468 2026] [php:error] [pid 20906] [client 4.214.48.159:0] script '/domains/system_default/wp-trackback.php' not found or unable to stat
[Fri Jan 16 05:51:38.396068 2026] [php:error] [pid 20888] [client 141.98.11.23:0] script '/domains/telacomp/wp-login.php' not found or unable to stat, referer: https://www.google.com/
[Fri Jan 16 05:51:38.405334 2026] [php:error] [pid 20906] [client 4.214.48.159:0] script '/domains/system_default/xmlrpc.php' not found or unable to stat
[Fri Jan 16 05:51:38.585308 2026] [php:error] [pid 20906] [client 4.214.48.159:0] script '/domains/system_default/xmrlpc.php' not found or unable to stat
[Fri Jan 16 05:51:38.852796 2026] [php:error] [pid 20906] [client 4.214.48.159:0] script '/domains/system_default/adminfuns.php' not found or unable to stat
[Fri Jan 16 05:51:39.118689 2026] [php:error] [pid 20887] [client 141.98.11.23:0] script '/domains/peterbmiller/wp-login.php' not found or unable to stat, referer: https://t.co/
[Fri Jan 16 05:51:39.333115 2026] [php:error] [pid 20926] [client 141.98.11.23:0] script '/domains/peterbmiller/wp-login.php' not found or unable to stat, referer: https://www.google.com/search?q=wordpress
[Fri Jan 16 05:51:39.933066 2026] [php:error] [pid 20925] [client 141.98.11.23:0] script '/domains/system_suspended/wp-login.php' not found or unable to stat, referer: https://www.google.com/search?q=wordpress
[Fri Jan 16 05:51:40.157689 2026] [php:error] [pid 20888] [client 141.98.11.23:0] script '/domains/system_suspended/wp-login.php' not found or unable to stat
[Fri Jan 16 05:51:42.616769 2026] [php:error] [pid 20926] [client 141.98.11.23:0] script '/domains/hans.interport/wp-login.php' not found or unable to stat, referer: https://www.facebook.com/
[Fri Jan 16 05:51:42.836304 2026] [php:error] [pid 20929] [client 141.98.11.23:0] script '/domains/hans.interport/wp-login.php' not found or unable to stat, referer: https://wordpress.org/
[Fri Jan 16 05:51:44.266124 2026] [php:error] [pid 20888] [client 141.98.11.23:0] script '/domains/brigadeweb/wp-login.php' not found or unable to stat, referer: https://www.facebook.com/
[Fri Jan 16 05:51:44.490826 2026] [php:error] [pid 20930] [client 141.98.11.23:0] script '/domains/brigadeweb/wp-login.php' not found or unable to stat, referer: https://t.co/
[Fri Jan 16 05:52:05.822432 2026] [php:error] [pid 20935] [client 141.98.11.23:0] script '/domains/frog.interport1/wp-login.php' not found or unable to stat
[Fri Jan 16 05:52:06.072591 2026] [php:error] [pid 20888] [client 141.98.11.23:0] script '/domains/frog.interport1/wp-login.php' not found or unable to stat, referer: https://t.co/
[Fri Jan 16 05:52:09.141807 2026] [php:error] [pid 20888] [client 141.98.11.23:0] script '/domains/fifibear/wp-login.php' not found or unable to stat, referer: https://duckduckgo.com/
[Fri Jan 16 05:52:09.366640 2026] [php:error] [pid 20931] [client 141.98.11.23:0] script '/domains/fifibear/wp-login.php' not found or unable to stat, referer: https://www.google.com/
[Fri Jan 16 05:52:10.108313 2026] [php:error] [pid 20926] [client 141.98.11.23:0] script '/domains/viamonte3/wp-login.php' not found or unable to stat, referer: https://wordpress.org/
[Fri Jan 16 05:52:10.324054 2026] [php:error] [pid 20888] [client 141.98.11.23:0] script '/domains/viamonte3/wp-login.php' not found or unable to stat, referer: https://www.bing.com/
[Fri Jan 16 05:52:28.540025 2026] [php:error] [pid 20931] [client 141.98.11.23:0] script '/domains/pookie.dnai/wp-login.php' not found or unable to stat, referer: https://duckduckgo.com/
[Fri Jan 16 05:52:28.756126 2026] [php:error] [pid 20888] [client 141.98.11.23:0] script '/domains/pookie.dnai/wp-login.php' not found or unable to stat
[Fri Jan 16 05:52:34.086007 2026] [php:error] [pid 20931] [client 141.98.11.23:0] script '/domains/tinatina/wp-login.php' not found or unable to stat
[Fri Jan 16 05:52:34.307534 2026] [php:error] [pid 20888] [client 141.98.11.23:0] script '/domains/tinatina/wp-login.php' not found or unable to stat, referer: https://www.google.com/
[Fri Jan 16 05:52:38.904493 2026] [php:error] [pid 20931] [client 112.206.110.94:0] script '/domains/magicjim/xmlrpc.php' not found or unable to stat
[Fri Jan 16 05:53:28.608053 2026] [core:crit] [pid 20947] (13)Permission denied: [client 114.119.157.196:0] AH00529: /domains/dcarlone/test/web/.htaccess pcfg_openfile: unable to check htaccess file, ensure it is readable and that '/domains/dcarlone/test/web/' is executable
[Fri Jan 16 05:55:17.774519 2026] [php:error] [pid 20955] [client 20.89.212.133:0] script '/domains/system_suspended/abcd.php' not found or unable to stat
[Fri Jan 16 05:55:17.942437 2026] [php:error] [pid 20955] [client 20.89.212.133:0] script '/domains/system_suspended/about.php' not found or unable to stat
[Fri Jan 16 05:55:18.109460 2026] [php:error] [pid 20955] [client 20.89.212.133:0] script '/domains/system_suspended/chosen.php' not found or unable to stat
[Fri Jan 16 05:55:18.281224 2026] [php:error] [pid 20955] [client 20.89.212.133:0] script '/domains/system_suspended/default.php' not found or unable to stat
[Fri Jan 16 05:55:18.451656 2026] [php:error] [pid 20955] [client 20.89.212.133:0] script '/domains/system_suspended/ds.php' not found or unable to stat
[Fri Jan 16 05:55:18.620409 2026] [php:error] [pid 20955] [client 20.89.212.133:0] script '/domains/system_suspended/f5.php' not found or unable to stat
[Fri Jan 16 05:55:18.789867 2026] [php:error] [pid 20955] [client 20.89.212.133:0] script '/domains/system_suspended/ioxi-o.php' not found or unable to stat
[Fri Jan 16 05:55:18.967713 2026] [php:error] [pid 20955] [client 20.89.212.133:0] script '/domains/system_suspended/bolt.php' not found or unable to stat
[Fri Jan 16 05:55:19.135344 2026] [php:error] [pid 20955] [client 20.89.212.133:0] script '/domains/system_suspended/deepseek_d.php' not found or unable to stat
[Fri Jan 16 05:55:19.311317 2026] [php:error] [pid 20955] [client 20.89.212.133:0] script '/domains/system_suspended/pu9.php' not found or unable to stat
[Fri Jan 16 05:55:19.483956 2026] [php:error] [pid 20955] [client 20.89.212.133:0] script '/domains/system_suspended/wp-bat.php' not found or unable to stat
[Fri Jan 16 05:55:19.656962 2026] [php:error] [pid 20955] [client 20.89.212.133:0] script '/domains/system_suspended/file.php' not found or unable to stat
[Fri Jan 16 05:55:19.824447 2026] [php:error] [pid 20955] [client 20.89.212.133:0] script '/domains/system_suspended/god4m.php' not found or unable to stat
[Fri Jan 16 05:55:19.991477 2026] [php:error] [pid 20955] [client 20.89.212.133:0] script '/domains/system_suspended/info.php' not found or unable to stat
[Fri Jan 16 05:55:20.336231 2026] [php:error] [pid 20955] [client 20.89.212.133:0] script '/domains/system_suspended/test1.php' not found or unable to stat
[Fri Jan 16 05:55:21.011105 2026] [php:error] [pid 20955] [client 20.89.212.133:0] script '/domains/system_suspended/wp-good.php' not found or unable to stat
[Fri Jan 16 05:55:22.375421 2026] [php:error] [pid 20955] [client 20.89.212.133:0] script '/domains/system_suspended/classwithtostring.php' not found or unable to stat
[Fri Jan 16 05:55:22.545650 2026] [php:error] [pid 20955] [client 20.89.212.133:0] script '/domains/system_suspended/manager.php' not found or unable to stat
[Fri Jan 16 05:55:22.712670 2026] [php:error] [pid 20955] [client 20.89.212.133:0] script '/domains/system_suspended/radio.php' not found or unable to stat
[Fri Jan 16 05:55:22.882514 2026] [php:error] [pid 20955] [client 20.89.212.133:0] script '/domains/system_suspended/autoload_classmap.php' not found or unable to stat
[Fri Jan 16 05:55:23.895036 2026] [php:error] [pid 20955] [client 20.89.212.133:0] script '/domains/system_suspended/0.php' not found or unable to stat
[Fri Jan 16 05:55:24.062586 2026] [php:error] [pid 20955] [client 20.89.212.133:0] script '/domains/system_suspended/07.php' not found or unable to stat
[Fri Jan 16 05:55:24.235428 2026] [php:error] [pid 20955] [client 20.89.212.133:0] script '/domains/system_suspended/1.php' not found or unable to stat
[Fri Jan 16 05:55:24.403702 2026] [php:error] [pid 20955] [client 20.89.212.133:0] script '/domains/system_suspended/123.php' not found or unable to stat
[Fri Jan 16 05:55:24.573555 2026] [php:error] [pid 20955] [client 20.89.212.133:0] script '/domains/system_suspended/aa.php' not found or unable to stat
[Fri Jan 16 05:55:24.749321 2026] [php:error] [pid 20955] [client 20.89.212.133:0] script '/domains/system_suspended/admin.php' not found or unable to stat
[Fri Jan 16 05:55:24.920995 2026] [php:error] [pid 20955] [client 20.89.212.133:0] script '/domains/system_suspended/akc.php' not found or unable to stat
[Fri Jan 16 05:55:25.088933 2026] [php:error] [pid 20955] [client 20.89.212.133:0] script '/domains/system_suspended/akcc.php' not found or unable to stat
[Fri Jan 16 05:55:25.258402 2026] [php:error] [pid 20955] [client 20.89.212.133:0] script '/domains/system_suspended/asasx.php' not found or unable to stat
[Fri Jan 16 05:55:25.425901 2026] [php:error] [pid 20955] [client 20.89.212.133:0] script '/domains/system_suspended/asd.php' not found or unable to stat
[Fri Jan 16 05:55:25.593627 2026] [php:error] [pid 20955] [client 20.89.212.133:0] script '/domains/system_suspended/atomlib.php' not found or unable to stat
[Fri Jan 16 05:55:25.762606 2026] [php:error] [pid 20955] [client 20.89.212.133:0] script '/domains/system_suspended/axx.php' not found or unable to stat
[Fri Jan 16 05:55:25.933279 2026] [php:error] [pid 20955] [client 20.89.212.133:0] script '/domains/system_suspended/berax.php' not found or unable to stat
[Fri Jan 16 05:55:26.101573 2026] [php:error] [pid 20955] [client 20.89.212.133:0] script '/domains/system_suspended/build.php' not found or unable to stat
[Fri Jan 16 05:55:26.272260 2026] [php:error] [pid 20955] [client 20.89.212.133:0] script '/domains/system_suspended/buy.php' not found or unable to stat
[Fri Jan 16 05:55:26.445548 2026] [php:error] [pid 20955] [client 20.89.212.133:0] script '/domains/system_suspended/checkbox.php' not found or unable to stat
[Fri Jan 16 05:55:26.616006 2026] [php:error] [pid 20955] [client 20.89.212.133:0] script '/domains/system_suspended/cong.php' not found or unable to stat
[Fri Jan 16 05:55:26.785350 2026] [php:error] [pid 20955] [client 20.89.212.133:0] script '/domains/system_suspended/css.php' not found or unable to stat
[Fri Jan 16 05:55:26.955974 2026] [php:error] [pid 20955] [client 20.89.212.133:0] script '/domains/system_suspended/dropdown.php' not found or unable to stat
[Fri Jan 16 05:55:27.142248 2026] [php:error] [pid 20955] [client 20.89.212.133:0] script '/domains/system_suspended/edit.php' not found or unable to stat
[Fri Jan 16 05:55:27.310717 2026] [php:error] [pid 20955] [client 20.89.212.133:0] script '/domains/system_suspended/file2.php' not found or unable to stat
[Fri Jan 16 05:55:27.478158 2026] [php:error] [pid 20955] [client 20.89.212.133:0] script '/domains/system_suspended/file4.php' not found or unable to stat
[Fri Jan 16 05:55:27.646927 2026] [php:error] [pid 20955] [client 20.89.212.133:0] script '/domains/system_suspended/filemanager.php' not found or unable to stat
[Fri Jan 16 05:55:27.818454 2026] [php:error] [pid 20955] [client 20.89.212.133:0] script '/domains/system_suspended/flower.php' not found or unable to stat
[Fri Jan 16 05:55:27.985495 2026] [php:error] [pid 20955] [client 20.89.212.133:0] script '/domains/system_suspended/form.php' not found or unable to stat
[Fri Jan 16 05:55:28.154638 2026] [php:error] [pid 20955] [client 20.89.212.133:0] script '/domains/system_suspended/kyami.php' not found or unable to stat
[Fri Jan 16 05:55:28.325467 2026] [php:error] [pid 20955] [client 20.89.212.133:0] script '/domains/system_suspended/makeasmtp.php' not found or unable to stat
[Fri Jan 16 05:55:28.492883 2026] [php:error] [pid 20955] [client 20.89.212.133:0] script '/domains/system_suspended/mari.php' not found or unable to stat
[Fri Jan 16 05:55:28.663908 2026] [php:error] [pid 20955] [client 20.89.212.133:0] script '/domains/system_suspended/moon.php' not found or unable to stat
[Fri Jan 16 05:55:28.832899 2026] [php:error] [pid 20955] [client 20.89.212.133:0] script '/domains/system_suspended/new.php' not found or unable to stat
[Fri Jan 16 05:55:29.008932 2026] [php:error] [pid 20955] [client 20.89.212.133:0] script '/domains/system_suspended/wp-activate.php' not found or unable to stat
[Fri Jan 16 05:55:29.180623 2026] [php:error] [pid 20955] [client 20.89.212.133:0] script '/domains/system_suspended/wp-admin.php' not found or unable to stat
[Fri Jan 16 05:55:29.349061 2026] [php:error] [pid 20955] [client 20.89.212.133:0] script '/domains/system_suspended/wp-trackback.php' not found or unable to stat
[Fri Jan 16 05:55:29.516958 2026] [php:error] [pid 20955] [client 20.89.212.133:0] script '/domains/system_suspended/xmlrpc.php' not found or unable to stat
[Fri Jan 16 05:55:29.689604 2026] [php:error] [pid 20955] [client 20.89.212.133:0] script '/domains/system_suspended/xmrlpc.php' not found or unable to stat
[Fri Jan 16 05:55:29.860706 2026] [php:error] [pid 20955] [client 20.89.212.133:0] script '/domains/system_suspended/adminfuns.php' not found or unable to stat
[Fri Jan 16 05:56:10.317156 2026] [php:error] [pid 20967] [client 74.225.137.88:0] script '/domains/ebon/abcd.php' not found or unable to stat
[Fri Jan 16 05:56:10.561306 2026] [php:error] [pid 20967] [client 74.225.137.88:0] script '/domains/ebon/about.php' not found or unable to stat
[Fri Jan 16 05:56:10.812353 2026] [php:error] [pid 20967] [client 74.225.137.88:0] script '/domains/ebon/chosen.php' not found or unable to stat
[Fri Jan 16 05:56:11.060098 2026] [php:error] [pid 20967] [client 74.225.137.88:0] script '/domains/ebon/default.php' not found or unable to stat
[Fri Jan 16 05:56:11.306479 2026] [php:error] [pid 20967] [client 74.225.137.88:0] script '/domains/ebon/ds.php' not found or unable to stat
[Fri Jan 16 05:56:11.551951 2026] [php:error] [pid 20967] [client 74.225.137.88:0] script '/domains/ebon/f5.php' not found or unable to stat
[Fri Jan 16 05:56:11.798636 2026] [php:error] [pid 20967] [client 74.225.137.88:0] script '/domains/ebon/ioxi-o.php' not found or unable to stat
[Fri Jan 16 05:56:12.045339 2026] [php:error] [pid 20967] [client 74.225.137.88:0] script '/domains/ebon/bolt.php' not found or unable to stat
[Fri Jan 16 05:56:12.313265 2026] [php:error] [pid 20967] [client 74.225.137.88:0] script '/domains/ebon/deepseek_d.php' not found or unable to stat
[Fri Jan 16 05:56:12.563599 2026] [php:error] [pid 20967] [client 74.225.137.88:0] script '/domains/ebon/pu9.php' not found or unable to stat
[Fri Jan 16 05:56:12.809135 2026] [php:error] [pid 20967] [client 74.225.137.88:0] script '/domains/ebon/wp-bat.php' not found or unable to stat
[Fri Jan 16 05:56:13.054210 2026] [php:error] [pid 20967] [client 74.225.137.88:0] script '/domains/ebon/file.php' not found or unable to stat
[Fri Jan 16 05:56:13.298894 2026] [php:error] [pid 20967] [client 74.225.137.88:0] script '/domains/ebon/god4m.php' not found or unable to stat
[Fri Jan 16 05:56:13.543477 2026] [php:error] [pid 20967] [client 74.225.137.88:0] script '/domains/ebon/info.php' not found or unable to stat
[Fri Jan 16 05:56:14.036680 2026] [php:error] [pid 20967] [client 74.225.137.88:0] script '/domains/ebon/test1.php' not found or unable to stat
[Fri Jan 16 05:56:15.017352 2026] [php:error] [pid 20967] [client 74.225.137.88:0] script '/domains/ebon/wp-good.php' not found or unable to stat
[Fri Jan 16 05:56:17.058298 2026] [php:error] [pid 20967] [client 74.225.137.88:0] script '/domains/ebon/classwithtostring.php' not found or unable to stat
[Fri Jan 16 05:56:17.305947 2026] [php:error] [pid 20967] [client 74.225.137.88:0] script '/domains/ebon/manager.php' not found or unable to stat
[Fri Jan 16 05:56:17.549841 2026] [php:error] [pid 20967] [client 74.225.137.88:0] script '/domains/ebon/radio.php' not found or unable to stat
[Fri Jan 16 05:56:17.797611 2026] [php:error] [pid 20967] [client 74.225.137.88:0] script '/domains/ebon/autoload_classmap.php' not found or unable to stat
[Fri Jan 16 05:56:19.281070 2026] [php:error] [pid 20967] [client 74.225.137.88:0] script '/domains/ebon/0.php' not found or unable to stat
[Fri Jan 16 05:56:19.525657 2026] [php:error] [pid 20967] [client 74.225.137.88:0] script '/domains/ebon/07.php' not found or unable to stat
[Fri Jan 16 05:56:19.777811 2026] [php:error] [pid 20967] [client 74.225.137.88:0] script '/domains/ebon/1.php' not found or unable to stat
[Fri Jan 16 05:56:20.027511 2026] [php:error] [pid 20967] [client 74.225.137.88:0] script '/domains/ebon/123.php' not found or unable to stat
[Fri Jan 16 05:56:20.278116 2026] [php:error] [pid 20967] [client 74.225.137.88:0] script '/domains/ebon/aa.php' not found or unable to stat
[Fri Jan 16 05:56:20.521840 2026] [php:error] [pid 20967] [client 74.225.137.88:0] script '/domains/ebon/admin.php' not found or unable to stat
[Fri Jan 16 05:56:20.780535 2026] [php:error] [pid 20967] [client 74.225.137.88:0] script '/domains/ebon/akc.php' not found or unable to stat
[Fri Jan 16 05:56:21.026872 2026] [php:error] [pid 20967] [client 74.225.137.88:0] script '/domains/ebon/akcc.php' not found or unable to stat
[Fri Jan 16 05:56:21.273345 2026] [php:error] [pid 20967] [client 74.225.137.88:0] script '/domains/ebon/asasx.php' not found or unable to stat
[Fri Jan 16 05:56:21.518042 2026] [php:error] [pid 20967] [client 74.225.137.88:0] script '/domains/ebon/asd.php' not found or unable to stat
[Fri Jan 16 05:56:21.776845 2026] [php:error] [pid 20967] [client 74.225.137.88:0] script '/domains/ebon/atomlib.php' not found or unable to stat
[Fri Jan 16 05:56:22.029222 2026] [php:error] [pid 20967] [client 74.225.137.88:0] script '/domains/ebon/axx.php' not found or unable to stat
[Fri Jan 16 05:56:22.280250 2026] [php:error] [pid 20967] [client 74.225.137.88:0] script '/domains/ebon/berax.php' not found or unable to stat
[Fri Jan 16 05:56:22.524794 2026] [php:error] [pid 20967] [client 74.225.137.88:0] script '/domains/ebon/build.php' not found or unable to stat
[Fri Jan 16 05:56:22.769101 2026] [php:error] [pid 20967] [client 74.225.137.88:0] script '/domains/ebon/buy.php' not found or unable to stat
[Fri Jan 16 05:56:23.014764 2026] [php:error] [pid 20967] [client 74.225.137.88:0] script '/domains/ebon/checkbox.php' not found or unable to stat
[Fri Jan 16 05:56:23.259478 2026] [php:error] [pid 20967] [client 74.225.137.88:0] script '/domains/ebon/cong.php' not found or unable to stat
[Fri Jan 16 05:56:23.504408 2026] [php:error] [pid 20967] [client 74.225.137.88:0] script '/domains/ebon/css.php' not found or unable to stat
[Fri Jan 16 05:56:23.747962 2026] [php:error] [pid 20967] [client 74.225.137.88:0] script '/domains/ebon/dropdown.php' not found or unable to stat
[Fri Jan 16 05:56:23.991384 2026] [php:error] [pid 20967] [client 74.225.137.88:0] script '/domains/ebon/edit.php' not found or unable to stat
[Fri Jan 16 05:56:24.235641 2026] [php:error] [pid 20967] [client 74.225.137.88:0] script '/domains/ebon/file2.php' not found or unable to stat
[Fri Jan 16 05:56:24.479550 2026] [php:error] [pid 20967] [client 74.225.137.88:0] script '/domains/ebon/file4.php' not found or unable to stat
[Fri Jan 16 05:56:24.733739 2026] [php:error] [pid 20967] [client 74.225.137.88:0] script '/domains/ebon/filemanager.php' not found or unable to stat
[Fri Jan 16 05:56:24.989258 2026] [php:error] [pid 20967] [client 74.225.137.88:0] script '/domains/ebon/flower.php' not found or unable to stat
[Fri Jan 16 05:56:25.242313 2026] [php:error] [pid 20967] [client 74.225.137.88:0] script '/domains/ebon/form.php' not found or unable to stat
[Fri Jan 16 05:56:25.486841 2026] [php:error] [pid 20967] [client 74.225.137.88:0] script '/domains/ebon/kyami.php' not found or unable to stat
[Fri Jan 16 05:56:25.730612 2026] [php:error] [pid 20967] [client 74.225.137.88:0] script '/domains/ebon/makeasmtp.php' not found or unable to stat
[Fri Jan 16 05:56:25.974657 2026] [php:error] [pid 20967] [client 74.225.137.88:0] script '/domains/ebon/mari.php' not found or unable to stat
[Fri Jan 16 05:56:26.218424 2026] [php:error] [pid 20967] [client 74.225.137.88:0] script '/domains/ebon/moon.php' not found or unable to stat
[Fri Jan 16 05:56:26.463928 2026] [php:error] [pid 20967] [client 74.225.137.88:0] script '/domains/ebon/new.php' not found or unable to stat
[Fri Jan 16 05:56:26.709208 2026] [php:error] [pid 20967] [client 74.225.137.88:0] script '/domains/ebon/wp-activate.php' not found or unable to stat
[Fri Jan 16 05:56:26.957492 2026] [php:error] [pid 20967] [client 74.225.137.88:0] script '/domains/ebon/wp-admin.php' not found or unable to stat
[Fri Jan 16 05:56:27.201593 2026] [php:error] [pid 20967] [client 74.225.137.88:0] script '/domains/ebon/wp-trackback.php' not found or unable to stat
[Fri Jan 16 05:56:27.445904 2026] [php:error] [pid 20967] [client 74.225.137.88:0] script '/domains/ebon/xmlrpc.php' not found or unable to stat
[Fri Jan 16 05:56:27.690763 2026] [php:error] [pid 20967] [client 74.225.137.88:0] script '/domains/ebon/xmrlpc.php' not found or unable to stat
[Fri Jan 16 05:56:27.938302 2026] [php:error] [pid 20967] [client 74.225.137.88:0] script '/domains/ebon/adminfuns.php' not found or unable to stat
[Fri Jan 16 05:56:44.931654 2026] [php:error] [pid 20978] [client 91.92.242.178:0] script '/domains/miles.interport/txets.php' not found or unable to stat, referer: www.google.com
[Fri Jan 16 05:56:46.336476 2026] [php:error] [pid 20979] [client 91.92.242.178:0] script '/domains/miles.interport/txets.php' not found or unable to stat, referer: www.google.com
[Fri Jan 16 06:00:22.081098 2026] [php:error] [pid 21002] [client 141.98.11.23:0] script '/domains/pookie.dnai/wp-login.php' not found or unable to stat
[Fri Jan 16 06:00:22.292503 2026] [php:error] [pid 21003] [client 141.98.11.23:0] script '/domains/pookie.dnai/wp-login.php' not found or unable to stat, referer: https://www.google.com/search?q=wordpress
[Fri Jan 16 06:00:56.239807 2026] [php:error] [pid 21020] [client 4.217.221.142:0] script '/domains/system_suspended/abcd.php' not found or unable to stat
