[Fri Jan 16 08:05:21.366615 2026] [core:crit] [pid 45056] (13)Permission denied: [client 66.249.66.163:0] AH00529: /domains/performancepartsinc/graphics/psd/.htaccess pcfg_openfile: unable to check htaccess file, ensure it is readable and that '/domains/performancepartsinc/graphics/psd/' is executable
[Fri Jan 16 08:05:48.526590 2026] [php:error] [pid 45065] [client 181.77.255.176:0] script '/domains/mschmid/xmlrpc.php' not found or unable to stat
[Fri Jan 16 08:06:06.120293 2026] [php:error] [pid 45042] [client 112.213.108.95:0] script '/domains/wsmith.enteract/wp-login.php' not found or unable to stat, referer: https://www.google.com/
[Fri Jan 16 08:06:07.140798 2026] [php:error] [pid 45067] [client 112.213.108.95:0] script '/domains/wsmith.enteract/admin.php' not found or unable to stat, referer: https://www.google.com/
[Fri Jan 16 08:06:47.149117 2026] [php:error] [pid 45072] [client 91.92.242.178:0] script '/domains/magicjim/txets.php' not found or unable to stat, referer: www.google.com
[Fri Jan 16 08:06:48.078978 2026] [php:error] [pid 45065] [client 91.92.242.178:0] script '/domains/magicjim/txets.php' not found or unable to stat, referer: www.google.com
[Fri Jan 16 08:06:59.532424 2026] [core:crit] [pid 45069] (13)Permission denied: [client 66.249.66.35:0] AH00529: /domains/performancepartsinc/graphics/psd/.htaccess pcfg_openfile: unable to check htaccess file, ensure it is readable and that '/domains/performancepartsinc/graphics/psd/' is executable
[Fri Jan 16 08:07:09.671612 2026] [core:crit] [pid 45070] (13)Permission denied: [client 66.249.66.15:0] AH00529: /domains/performancepartsinc/graphics/psd/.htaccess pcfg_openfile: unable to check htaccess file, ensure it is readable and that '/domains/performancepartsinc/graphics/psd/' is executable
[Fri Jan 16 08:08:20.510731 2026] [php:error] [pid 45089] [client 112.213.108.95:0] script '/domains/homesbyaudrey1/wp-login.php' not found or unable to stat, referer: https://www.google.com/
[Fri Jan 16 08:08:22.149282 2026] [php:error] [pid 45092] [client 112.213.108.95:0] script '/domains/homesbyaudrey1/admin.php' not found or unable to stat, referer: https://www.google.com/
[Fri Jan 16 08:08:25.547225 2026] [php:error] [pid 45093] [client 15.204.155.25:0] script '/domains/ltemple/wp-usr.php' not found or unable to stat
[Fri Jan 16 08:10:17.140196 2026] [core:crit] [pid 45113] (13)Permission denied: [client 66.249.66.35:0] AH00529: /domains/performancepartsinc/graphics/psd/.htaccess pcfg_openfile: unable to check htaccess file, ensure it is readable and that '/domains/performancepartsinc/graphics/psd/' is executable
[Fri Jan 16 08:11:24.667126 2026] [core:crit] [pid 45152] (13)Permission denied: [client 66.249.66.163:0] AH00529: /domains/performancepartsinc/graphics/psd/.htaccess pcfg_openfile: unable to check htaccess file, ensure it is readable and that '/domains/performancepartsinc/graphics/psd/' is executable
[Fri Jan 16 08:11:58.819878 2026] [php:error] [pid 45169] [client 136.144.19.167:0] script '/domains/memanuel/txets.php' not found or unable to stat
[Fri Jan 16 08:12:28.825163 2026] [core:crit] [pid 45176] (13)Permission denied: [client 66.249.66.36:0] AH00529: /domains/performancepartsinc/graphics/psd/.htaccess pcfg_openfile: unable to check htaccess file, ensure it is readable and that '/domains/performancepartsinc/graphics/psd/' is executable
[Fri Jan 16 08:14:15.341333 2026] [core:crit] [pid 45175] (13)Permission denied: [client 66.249.66.14:0] AH00529: /domains/performancepartsinc/graphics/psd/.htaccess pcfg_openfile: unable to check htaccess file, ensure it is readable and that '/domains/performancepartsinc/graphics/psd/' is executable
[Fri Jan 16 08:14:17.478172 2026] [core:crit] [pid 45204] (13)Permission denied: [client 66.249.66.45:0] AH00529: /domains/dcarlone/test/web/.htaccess pcfg_openfile: unable to check htaccess file, ensure it is readable and that '/domains/dcarlone/test/web/' is executable
[Fri Jan 16 08:14:26.773683 2026] [php:error] [pid 45208] [client 80.94.95.211:0] script '/domains/perless2web/wp-login.php' not found or unable to stat
[Fri Jan 16 08:14:27.064804 2026] [php:error] [pid 50841] [client 80.94.95.211:0] script '/domains/perless2web/wp-login.php' not found or unable to stat, referer: https://www.bing.com/
[Fri Jan 16 08:20:52.853196 2026] [php:error] [pid 50909] [client 145.239.10.137:0] script '/domains/system_suspended/dds.php' not found or unable to stat, referer: http://dcss.org/dds.php
[Fri Jan 16 08:21:37.371414 2026] [php:error] [pid 50916] [client 20.89.212.133:0] script '/domains/frog.interport1/abcd.php' not found or unable to stat
[Fri Jan 16 08:21:37.540114 2026] [php:error] [pid 50916] [client 20.89.212.133:0] script '/domains/frog.interport1/about.php' not found or unable to stat
[Fri Jan 16 08:21:37.707070 2026] [php:error] [pid 50916] [client 20.89.212.133:0] script '/domains/frog.interport1/chosen.php' not found or unable to stat
[Fri Jan 16 08:21:37.875755 2026] [php:error] [pid 50916] [client 20.89.212.133:0] script '/domains/frog.interport1/default.php' not found or unable to stat
[Fri Jan 16 08:21:38.041491 2026] [php:error] [pid 50916] [client 20.89.212.133:0] script '/domains/frog.interport1/ds.php' not found or unable to stat
[Fri Jan 16 08:21:38.209036 2026] [php:error] [pid 50916] [client 20.89.212.133:0] script '/domains/frog.interport1/f5.php' not found or unable to stat
[Fri Jan 16 08:21:38.380125 2026] [php:error] [pid 50916] [client 20.89.212.133:0] script '/domains/frog.interport1/ioxi-o.php' not found or unable to stat
[Fri Jan 16 08:21:38.545893 2026] [php:error] [pid 50916] [client 20.89.212.133:0] script '/domains/frog.interport1/bolt.php' not found or unable to stat
[Fri Jan 16 08:21:38.715305 2026] [php:error] [pid 50916] [client 20.89.212.133:0] script '/domains/frog.interport1/deepseek_d.php' not found or unable to stat
[Fri Jan 16 08:21:38.882575 2026] [php:error] [pid 50916] [client 20.89.212.133:0] script '/domains/frog.interport1/pu9.php' not found or unable to stat
[Fri Jan 16 08:21:39.050751 2026] [php:error] [pid 50916] [client 20.89.212.133:0] script '/domains/frog.interport1/wp-bat.php' not found or unable to stat
[Fri Jan 16 08:21:39.218928 2026] [php:error] [pid 50916] [client 20.89.212.133:0] script '/domains/frog.interport1/file.php' not found or unable to stat
[Fri Jan 16 08:21:39.384537 2026] [php:error] [pid 50916] [client 20.89.212.133:0] script '/domains/frog.interport1/god4m.php' not found or unable to stat
[Fri Jan 16 08:21:39.551012 2026] [php:error] [pid 50916] [client 20.89.212.133:0] script '/domains/frog.interport1/info.php' not found or unable to stat
[Fri Jan 16 08:21:39.886069 2026] [php:error] [pid 50916] [client 20.89.212.133:0] script '/domains/frog.interport1/test1.php' not found or unable to stat
[Fri Jan 16 08:21:40.565928 2026] [php:error] [pid 50916] [client 20.89.212.133:0] script '/domains/frog.interport1/wp-good.php' not found or unable to stat
[Fri Jan 16 08:21:41.913255 2026] [php:error] [pid 50916] [client 20.89.212.133:0] script '/domains/frog.interport1/classwithtostring.php' not found or unable to stat
[Fri Jan 16 08:21:42.093653 2026] [php:error] [pid 50916] [client 20.89.212.133:0] script '/domains/frog.interport1/manager.php' not found or unable to stat
[Fri Jan 16 08:21:42.259044 2026] [php:error] [pid 50916] [client 20.89.212.133:0] script '/domains/frog.interport1/radio.php' not found or unable to stat
[Fri Jan 16 08:21:42.426428 2026] [php:error] [pid 50916] [client 20.89.212.133:0] script '/domains/frog.interport1/autoload_classmap.php' not found or unable to stat
[Fri Jan 16 08:21:43.449407 2026] [php:error] [pid 50916] [client 20.89.212.133:0] script '/domains/frog.interport1/0.php' not found or unable to stat
[Fri Jan 16 08:21:43.621764 2026] [php:error] [pid 50916] [client 20.89.212.133:0] script '/domains/frog.interport1/07.php' not found or unable to stat
[Fri Jan 16 08:21:43.792655 2026] [php:error] [pid 50916] [client 20.89.212.133:0] script '/domains/frog.interport1/1.php' not found or unable to stat
[Fri Jan 16 08:21:43.959581 2026] [php:error] [pid 50916] [client 20.89.212.133:0] script '/domains/frog.interport1/123.php' not found or unable to stat
[Fri Jan 16 08:21:44.135459 2026] [php:error] [pid 50916] [client 20.89.212.133:0] script '/domains/frog.interport1/aa.php' not found or unable to stat
[Fri Jan 16 08:21:44.300980 2026] [php:error] [pid 50916] [client 20.89.212.133:0] script '/domains/frog.interport1/admin.php' not found or unable to stat
[Fri Jan 16 08:21:44.467545 2026] [php:error] [pid 50916] [client 20.89.212.133:0] script '/domains/frog.interport1/akc.php' not found or unable to stat
[Fri Jan 16 08:21:44.634133 2026] [php:error] [pid 50916] [client 20.89.212.133:0] script '/domains/frog.interport1/akcc.php' not found or unable to stat
[Fri Jan 16 08:21:44.799490 2026] [php:error] [pid 50916] [client 20.89.212.133:0] script '/domains/frog.interport1/asasx.php' not found or unable to stat
[Fri Jan 16 08:21:44.967724 2026] [php:error] [pid 50916] [client 20.89.212.133:0] script '/domains/frog.interport1/asd.php' not found or unable to stat
[Fri Jan 16 08:21:45.133602 2026] [php:error] [pid 50916] [client 20.89.212.133:0] script '/domains/frog.interport1/atomlib.php' not found or unable to stat
[Fri Jan 16 08:21:45.299310 2026] [php:error] [pid 50916] [client 20.89.212.133:0] script '/domains/frog.interport1/axx.php' not found or unable to stat
[Fri Jan 16 08:21:45.464926 2026] [php:error] [pid 50916] [client 20.89.212.133:0] script '/domains/frog.interport1/berax.php' not found or unable to stat
[Fri Jan 16 08:21:45.630633 2026] [php:error] [pid 50916] [client 20.89.212.133:0] script '/domains/frog.interport1/build.php' not found or unable to stat
[Fri Jan 16 08:21:45.799247 2026] [php:error] [pid 50916] [client 20.89.212.133:0] script '/domains/frog.interport1/buy.php' not found or unable to stat
[Fri Jan 16 08:21:45.965078 2026] [php:error] [pid 50916] [client 20.89.212.133:0] script '/domains/frog.interport1/checkbox.php' not found or unable to stat
[Fri Jan 16 08:21:46.133411 2026] [php:error] [pid 50916] [client 20.89.212.133:0] script '/domains/frog.interport1/cong.php' not found or unable to stat
[Fri Jan 16 08:21:46.299516 2026] [php:error] [pid 50916] [client 20.89.212.133:0] script '/domains/frog.interport1/css.php' not found or unable to stat
[Fri Jan 16 08:21:46.467341 2026] [php:error] [pid 50916] [client 20.89.212.133:0] script '/domains/frog.interport1/dropdown.php' not found or unable to stat
[Fri Jan 16 08:21:46.634891 2026] [php:error] [pid 50916] [client 20.89.212.133:0] script '/domains/frog.interport1/edit.php' not found or unable to stat
[Fri Jan 16 08:21:46.800299 2026] [php:error] [pid 50916] [client 20.89.212.133:0] script '/domains/frog.interport1/file2.php' not found or unable to stat
[Fri Jan 16 08:21:46.974575 2026] [php:error] [pid 50916] [client 20.89.212.133:0] script '/domains/frog.interport1/file4.php' not found or unable to stat
[Fri Jan 16 08:21:47.141626 2026] [php:error] [pid 50916] [client 20.89.212.133:0] script '/domains/frog.interport1/filemanager.php' not found or unable to stat
[Fri Jan 16 08:21:47.312500 2026] [php:error] [pid 50916] [client 20.89.212.133:0] script '/domains/frog.interport1/flower.php' not found or unable to stat
[Fri Jan 16 08:21:47.485445 2026] [php:error] [pid 50916] [client 20.89.212.133:0] script '/domains/frog.interport1/form.php' not found or unable to stat
[Fri Jan 16 08:21:47.657085 2026] [php:error] [pid 50916] [client 20.89.212.133:0] script '/domains/frog.interport1/kyami.php' not found or unable to stat
[Fri Jan 16 08:21:47.824990 2026] [php:error] [pid 50916] [client 20.89.212.133:0] script '/domains/frog.interport1/makeasmtp.php' not found or unable to stat
[Fri Jan 16 08:21:47.892981 2026] [core:crit] [pid 50919] (13)Permission denied: [client 114.119.150.248:0] AH00529: /domains/dcarlone/test/web/.htaccess pcfg_openfile: unable to check htaccess file, ensure it is readable and that '/domains/dcarlone/test/web/' is executable
[Fri Jan 16 08:21:47.990450 2026] [php:error] [pid 50916] [client 20.89.212.133:0] script '/domains/frog.interport1/mari.php' not found or unable to stat
[Fri Jan 16 08:21:48.158073 2026] [php:error] [pid 50916] [client 20.89.212.133:0] script '/domains/frog.interport1/moon.php' not found or unable to stat
[Fri Jan 16 08:21:48.326058 2026] [php:error] [pid 50916] [client 20.89.212.133:0] script '/domains/frog.interport1/new.php' not found or unable to stat
[Fri Jan 16 08:21:48.505405 2026] [php:error] [pid 50916] [client 20.89.212.133:0] script '/domains/frog.interport1/wp-activate.php' not found or unable to stat
[Fri Jan 16 08:21:48.671768 2026] [php:error] [pid 50916] [client 20.89.212.133:0] script '/domains/frog.interport1/wp-admin.php' not found or unable to stat
[Fri Jan 16 08:21:48.845959 2026] [php:error] [pid 50916] [client 20.89.212.133:0] script '/domains/frog.interport1/wp-trackback.php' not found or unable to stat
[Fri Jan 16 08:21:49.013016 2026] [php:error] [pid 50916] [client 20.89.212.133:0] script '/domains/frog.interport1/xmlrpc.php' not found or unable to stat
[Fri Jan 16 08:21:49.179504 2026] [php:error] [pid 50916] [client 20.89.212.133:0] script '/domains/frog.interport1/xmrlpc.php' not found or unable to stat
[Fri Jan 16 08:21:49.345084 2026] [php:error] [pid 50916] [client 20.89.212.133:0] script '/domains/frog.interport1/adminfuns.php' not found or unable to stat
[Fri Jan 16 08:24:07.537177 2026] [php:error] [pid 50968] [client 142.112.54.31:0] script '/domains/homesbyaudrey1/wp-login.php' not found or unable to stat, referer: https://www.google.com
[Fri Jan 16 08:25:06.766392 2026] [php:error] [pid 50976] [client 4.213.174.69:0] script '/domains/homesbyaudrey1/dox.php' not found or unable to stat
[Fri Jan 16 08:25:06.999308 2026] [php:error] [pid 50976] [client 4.213.174.69:0] script '/domains/homesbyaudrey1/rrr.php' not found or unable to stat
[Fri Jan 16 08:25:07.834689 2026] [php:error] [pid 50976] [client 4.213.174.69:0] script '/domains/homesbyaudrey1/eee.php' not found or unable to stat
[Fri Jan 16 08:25:08.056784 2026] [php:error] [pid 50976] [client 4.213.174.69:0] script '/domains/homesbyaudrey1/ton.php' not found or unable to stat
[Fri Jan 16 08:25:08.275173 2026] [php:error] [pid 50976] [client 4.213.174.69:0] script '/domains/homesbyaudrey1/bala.php' not found or unable to stat
[Fri Jan 16 08:25:08.502206 2026] [php:error] [pid 50976] [client 4.213.174.69:0] script '/domains/homesbyaudrey1/gecko.php' not found or unable to stat
[Fri Jan 16 08:25:08.727449 2026] [php:error] [pid 50976] [client 4.213.174.69:0] script '/domains/homesbyaudrey1/log.php' not found or unable to stat
[Fri Jan 16 08:25:08.939464 2026] [php:error] [pid 50976] [client 4.213.174.69:0] script '/domains/homesbyaudrey1/xl2023.php' not found or unable to stat
[Fri Jan 16 08:25:09.165329 2026] [php:error] [pid 50976] [client 4.213.174.69:0] script '/domains/homesbyaudrey1/wsoyanzorng.php' not found or unable to stat
[Fri Jan 16 08:25:09.385652 2026] [php:error] [pid 50976] [client 4.213.174.69:0] script '/domains/homesbyaudrey1/alf.php' not found or unable to stat
[Fri Jan 16 08:25:09.598334 2026] [php:error] [pid 50976] [client 4.213.174.69:0] script '/domains/homesbyaudrey1/xmlrpc2.php' not found or unable to stat
[Fri Jan 16 08:25:09.855467 2026] [php:error] [pid 50976] [client 4.213.174.69:0] script '/domains/homesbyaudrey1/evil.php' not found or unable to stat
[Fri Jan 16 08:25:10.115050 2026] [php:error] [pid 50976] [client 4.213.174.69:0] script '/domains/homesbyaudrey1/demo.php' not found or unable to stat
[Fri Jan 16 08:25:10.328754 2026] [php:error] [pid 50976] [client 4.213.174.69:0] script '/domains/homesbyaudrey1/tmpshell.php' not found or unable to stat
[Fri Jan 16 08:25:10.540810 2026] [php:error] [pid 50976] [client 4.213.174.69:0] script '/domains/homesbyaudrey1/moto.php' not found or unable to stat
[Fri Jan 16 08:25:10.755428 2026] [php:error] [pid 50976] [client 4.213.174.69:0] script '/domains/homesbyaudrey1/columns.php' not found or unable to stat
[Fri Jan 16 08:25:10.983254 2026] [php:error] [pid 50976] [client 4.213.174.69:0] script '/domains/homesbyaudrey1/utchiha.php' not found or unable to stat
[Fri Jan 16 08:25:11.203158 2026] [php:error] [pid 50976] [client 4.213.174.69:0] script '/domains/homesbyaudrey1/utchiha_uploader.php' not found or unable to stat
[Fri Jan 16 08:25:11.415600 2026] [php:error] [pid 50976] [client 4.213.174.69:0] script '/domains/homesbyaudrey1/Deadcode1975.php' not found or unable to stat
[Fri Jan 16 08:25:11.632571 2026] [php:error] [pid 50976] [client 4.213.174.69:0] script '/domains/homesbyaudrey1/wp.php' not found or unable to stat
[Fri Jan 16 08:25:11.845613 2026] [php:error] [pid 50976] [client 4.213.174.69:0] script '/domains/homesbyaudrey1/wp-22.php' not found or unable to stat
[Fri Jan 16 08:25:12.058148 2026] [php:error] [pid 50976] [client 4.213.174.69:0] script '/domains/homesbyaudrey1/1975.php' not found or unable to stat
[Fri Jan 16 08:25:12.274432 2026] [php:error] [pid 50976] [client 4.213.174.69:0] script '/domains/homesbyaudrey1/emergency.php' not found or unable to stat
[Fri Jan 16 08:25:12.486792 2026] [php:error] [pid 50976] [client 4.213.174.69:0] script '/domains/homesbyaudrey1/cp.php' not found or unable to stat
[Fri Jan 16 08:25:12.703295 2026] [php:error] [pid 50976] [client 4.213.174.69:0] script '/domains/homesbyaudrey1/Marvins.php' not found or unable to stat
[Fri Jan 16 08:25:12.918545 2026] [php:error] [pid 50976] [client 4.213.174.69:0] script '/domains/homesbyaudrey1/rxr.php' not found or unable to stat
[Fri Jan 16 08:25:13.132077 2026] [php:error] [pid 50976] [client 4.213.174.69:0] script '/domains/homesbyaudrey1/F0x.php' not found or unable to stat
[Fri Jan 16 08:25:13.574860 2026] [php:error] [pid 50976] [client 4.213.174.69:0] script '/domains/homesbyaudrey1/payload.php' not found or unable to stat
[Fri Jan 16 08:25:14.863118 2026] [php:error] [pid 50976] [client 4.213.174.69:0] script '/domains/homesbyaudrey1/alfaindex.php' not found or unable to stat
[Fri Jan 16 08:25:15.077013 2026] [php:error] [pid 50976] [client 4.213.174.69:0] script '/domains/homesbyaudrey1/www.php' not found or unable to stat
[Fri Jan 16 08:25:15.306425 2026] [php:error] [pid 50976] [client 4.213.174.69:0] script '/domains/homesbyaudrey1/snd.php' not found or unable to stat
[Fri Jan 16 08:25:15.538816 2026] [php:error] [pid 50976] [client 4.213.174.69:0] script '/domains/homesbyaudrey1/lalala.php' not found or unable to stat
[Fri Jan 16 08:25:15.753084 2026] [php:error] [pid 50976] [client 4.213.174.69:0] script '/domains/homesbyaudrey1/me.php' not found or unable to stat
[Fri Jan 16 08:25:15.965706 2026] [php:error] [pid 50976] [client 4.213.174.69:0] script '/domains/homesbyaudrey1/0x55.php' not found or unable to stat
[Fri Jan 16 08:25:16.177872 2026] [php:error] [pid 50976] [client 4.213.174.69:0] script '/domains/homesbyaudrey1/xx.php' not found or unable to stat
[Fri Jan 16 08:25:16.393809 2026] [php:error] [pid 50976] [client 4.213.174.69:0] script '/domains/homesbyaudrey1/alfa.php' not found or unable to stat
[Fri Jan 16 08:25:16.817917 2026] [php:error] [pid 50976] [client 4.213.174.69:0] script '/domains/homesbyaudrey1/buy.php' not found or unable to stat
[Fri Jan 16 08:25:17.032752 2026] [php:error] [pid 50976] [client 4.213.174.69:0] script '/domains/homesbyaudrey1/doc.php' not found or unable to stat
[Fri Jan 16 08:25:17.250621 2026] [php:error] [pid 50976] [client 4.213.174.69:0] script '/domains/homesbyaudrey1/wp.php' not found or unable to stat
[Fri Jan 16 08:25:17.468310 2026] [php:error] [pid 50976] [client 4.213.174.69:0] script '/domains/homesbyaudrey1/lufix.php' not found or unable to stat
[Fri Jan 16 08:25:17.720545 2026] [php:error] [pid 50976] [client 4.213.174.69:0] script '/domains/homesbyaudrey1/elp.php' not found or unable to stat
[Fri Jan 16 08:25:19.353133 2026] [php:error] [pid 50976] [client 4.213.174.69:0] script '/domains/homesbyaudrey1/content.php' not found or unable to stat
[Fri Jan 16 08:25:19.595839 2026] [php:error] [pid 50976] [client 4.213.174.69:0] script '/domains/homesbyaudrey1/wso.php' not found or unable to stat
[Fri Jan 16 08:25:19.808594 2026] [php:error] [pid 50976] [client 4.213.174.69:0] script '/domains/homesbyaudrey1/h.php' not found or unable to stat
[Fri Jan 16 08:25:20.029390 2026] [php:error] [pid 50976] [client 4.213.174.69:0] script '/domains/homesbyaudrey1/simple.php' not found or unable to stat
[Fri Jan 16 08:25:20.282704 2026] [php:error] [pid 50976] [client 4.213.174.69:0] script '/domains/homesbyaudrey1/zwso.php' not found or unable to stat
[Fri Jan 16 08:25:20.519138 2026] [php:error] [pid 50976] [client 4.213.174.69:0] script '/domains/homesbyaudrey1/lock.php' not found or unable to stat
[Fri Jan 16 08:25:20.739547 2026] [php:error] [pid 50976] [client 4.213.174.69:0] script '/domains/homesbyaudrey1/x.php' not found or unable to stat
[Fri Jan 16 08:25:20.956125 2026] [php:error] [pid 50976] [client 4.213.174.69:0] script '/domains/homesbyaudrey1/404.php' not found or unable to stat
[Fri Jan 16 08:25:21.170958 2026] [php:error] [pid 50976] [client 4.213.174.69:0] script '/domains/homesbyaudrey1/moon.php' not found or unable to stat
[Fri Jan 16 08:25:21.394049 2026] [php:error] [pid 50976] [client 4.213.174.69:0] script '/domains/homesbyaudrey1/403.php' not found or unable to stat
[Fri Jan 16 08:25:21.613814 2026] [php:error] [pid 50976] [client 4.213.174.69:0] script '/domains/homesbyaudrey1/user.php' not found or unable to stat
[Fri Jan 16 08:25:22.040039 2026] [php:error] [pid 50976] [client 4.213.174.69:0] script '/domains/homesbyaudrey1/web.php' not found or unable to stat
[Fri Jan 16 08:25:22.978965 2026] [php:error] [pid 50976] [client 4.213.174.69:0] script '/domains/homesbyaudrey1/acwfihfh.php' not found or unable to stat
[Fri Jan 16 08:25:24.407279 2026] [php:error] [pid 50976] [client 4.213.174.69:0] script '/domains/homesbyaudrey1/file.php' not found or unable to stat
[Fri Jan 16 08:25:24.644155 2026] [php:error] [pid 50976] [client 4.213.174.69:0] script '/domains/homesbyaudrey1/ea.php' not found or unable to stat
[Fri Jan 16 08:25:24.856754 2026] [php:error] [pid 50976] [client 4.213.174.69:0] script '/domains/homesbyaudrey1/2clas.php' not found or unable to stat
[Fri Jan 16 08:25:25.069787 2026] [php:error] [pid 50976] [client 4.213.174.69:0] script '/domains/homesbyaudrey1/item.php' not found or unable to stat
[Fri Jan 16 08:25:25.281997 2026] [php:error] [pid 50976] [client 4.213.174.69:0] script '/domains/homesbyaudrey1/0x0x.php' not found or unable to stat
[Fri Jan 16 08:25:26.406700 2026] [php:error] [pid 50976] [client 4.213.174.69:0] script '/domains/homesbyaudrey1/nov.php' not found or unable to stat
[Fri Jan 16 08:25:26.618963 2026] [php:error] [pid 50976] [client 4.213.174.69:0] script '/domains/homesbyaudrey1/wp-good.php' not found or unable to stat
[Fri Jan 16 08:25:26.838807 2026] [php:error] [pid 50976] [client 4.213.174.69:0] script '/domains/homesbyaudrey1/555.php' not found or unable to stat
[Fri Jan 16 08:25:27.052069 2026] [php:error] [pid 50976] [client 4.213.174.69:0] script '/domains/homesbyaudrey1/lanz.php' not found or unable to stat
[Fri Jan 16 08:25:27.264244 2026] [php:error] [pid 50976] [client 4.213.174.69:0] script '/domains/homesbyaudrey1/ha.php' not found or unable to stat
[Fri Jan 16 08:25:27.479481 2026] [php:error] [pid 50976] [client 4.213.174.69:0] script '/domains/homesbyaudrey1/3406.php' not found or unable to stat
[Fri Jan 16 08:25:27.698446 2026] [php:error] [pid 50976] [client 4.213.174.69:0] script '/domains/homesbyaudrey1/mail.php' not found or unable to stat
[Fri Jan 16 08:25:27.911726 2026] [php:error] [pid 50976] [client 4.213.174.69:0] script '/domains/homesbyaudrey1/cccc.php' not found or unable to stat
[Fri Jan 16 08:25:28.337298 2026] [php:error] [pid 50976] [client 4.213.174.69:0] script '/domains/homesbyaudrey1/file2.php' not found or unable to stat
[Fri Jan 16 08:25:28.805683 2026] [php:error] [pid 50976] [client 4.213.174.69:0] script '/domains/homesbyaudrey1/ws28.php' not found or unable to stat
[Fri Jan 16 08:25:29.036434 2026] [php:error] [pid 50976] [client 4.213.174.69:0] script '/domains/homesbyaudrey1/a2.php' not found or unable to stat
[Fri Jan 16 08:25:29.687760 2026] [php:error] [pid 50976] [client 4.213.174.69:0] script '/domains/homesbyaudrey1/000.php' not found or unable to stat
[Fri Jan 16 08:25:29.910980 2026] [php:error] [pid 50976] [client 4.213.174.69:0] script '/domains/homesbyaudrey1/xx.php' not found or unable to stat
[Fri Jan 16 08:25:30.123615 2026] [php:error] [pid 50976] [client 4.213.174.69:0] script '/domains/homesbyaudrey1/avtst.php' not found or unable to stat
[Fri Jan 16 08:25:30.363458 2026] [php:error] [pid 50976] [client 4.213.174.69:0] script '/domains/homesbyaudrey1/file32.php' not found or unable to stat
[Fri Jan 16 08:25:30.576015 2026] [php:error] [pid 50976] [client 4.213.174.69:0] script '/domains/homesbyaudrey1/ws46.php' not found or unable to stat
[Fri Jan 16 08:25:30.806494 2026] [php:error] [pid 50976] [client 4.213.174.69:0] script '/domains/homesbyaudrey1/esp.php' not found or unable to stat
[Fri Jan 16 08:25:31.041374 2026] [php:error] [pid 50976] [client 4.213.174.69:0] script '/domains/homesbyaudrey1/cjfuns.php' not found or unable to stat
[Fri Jan 16 08:25:31.254320 2026] [php:error] [pid 50976] [client 4.213.174.69:0] script '/domains/homesbyaudrey1/class19.php' not found or unable to stat
[Fri Jan 16 08:25:31.479184 2026] [php:error] [pid 50976] [client 4.213.174.69:0] script '/domains/homesbyaudrey1/wen.php' not found or unable to stat
[Fri Jan 16 08:25:31.707687 2026] [php:error] [pid 50976] [client 4.213.174.69:0] script '/domains/homesbyaudrey1/amax.php' not found or unable to stat
[Fri Jan 16 08:25:32.746533 2026] [php:error] [pid 50976] [client 4.213.174.69:0] script '/domains/homesbyaudrey1/family.php' not found or unable to stat
[Fri Jan 16 08:25:33.230693 2026] [php:error] [pid 50976] [client 4.213.174.69:0] script '/domains/homesbyaudrey1/chosen.php' not found or unable to stat
[Fri Jan 16 08:25:33.442669 2026] [php:error] [pid 50976] [client 4.213.174.69:0] script '/domains/homesbyaudrey1/cong.php' not found or unable to stat
[Fri Jan 16 08:25:33.663912 2026] [php:error] [pid 50976] [client 4.213.174.69:0] script '/domains/homesbyaudrey1/tons.php' not found or unable to stat
[Fri Jan 16 08:25:33.891614 2026] [php:error] [pid 50976] [client 4.213.174.69:0] script '/domains/homesbyaudrey1/444.php' not found or unable to stat
[Fri Jan 16 08:25:34.113668 2026] [php:error] [pid 50976] [client 4.213.174.69:0] script '/domains/homesbyaudrey1/nx1.php' not found or unable to stat
[Fri Jan 16 08:25:34.326203 2026] [php:error] [pid 50976] [client 4.213.174.69:0] script '/domains/homesbyaudrey1/f35.php' not found or unable to stat
[Fri Jan 16 08:25:34.765016 2026] [php:error] [pid 50976] [client 4.213.174.69:0] script '/domains/homesbyaudrey1/ut.php' not found or unable to stat
[Fri Jan 16 08:25:34.977408 2026] [php:error] [pid 50976] [client 4.213.174.69:0] script '/domains/homesbyaudrey1/aaaa.php' not found or unable to stat
[Fri Jan 16 08:25:35.189666 2026] [php:error] [pid 50976] [client 4.213.174.69:0] script '/domains/homesbyaudrey1/vee.php' not found or unable to stat
[Fri Jan 16 08:25:35.404870 2026] [php:error] [pid 50976] [client 4.213.174.69:0] script '/domains/homesbyaudrey1/bras.php' not found or unable to stat
[Fri Jan 16 08:25:35.617255 2026] [php:error] [pid 50976] [client 4.213.174.69:0] script '/domains/homesbyaudrey1/lv.php' not found or unable to stat
[Fri Jan 16 08:25:37.296374 2026] [php:error] [pid 50983] [client 4.213.174.69:0] script '/domains/homesbyaudrey1/hexx.php' not found or unable to stat
[Fri Jan 16 08:25:38.541485 2026] [php:error] [pid 50983] [client 4.213.174.69:0] script '/domains/homesbyaudrey1/ave.php' not found or unable to stat
[Fri Jan 16 08:25:39.205336 2026] [php:error] [pid 50983] [client 4.213.174.69:0] script '/domains/homesbyaudrey1/out.php' not found or unable to stat
[Fri Jan 16 08:25:39.424263 2026] [php:error] [pid 50983] [client 4.213.174.69:0] script '/domains/homesbyaudrey1/alfa.php' not found or unable to stat
[Fri Jan 16 08:25:39.645819 2026] [php:error] [pid 50983] [client 4.213.174.69:0] script '/domains/homesbyaudrey1/galex.php' not found or unable to stat
[Fri Jan 16 08:25:39.864227 2026] [php:error] [pid 50983] [client 4.213.174.69:0] script '/domains/homesbyaudrey1/file9.php' not found or unable to stat
[Fri Jan 16 08:25:40.074569 2026] [php:error] [pid 50983] [client 4.213.174.69:0] script '/domains/homesbyaudrey1/az.php' not found or unable to stat
[Fri Jan 16 08:25:40.296690 2026] [php:error] [pid 50983] [client 4.213.174.69:0] script '/domains/homesbyaudrey1/21x.php' not found or unable to stat
[Fri Jan 16 08:25:40.507135 2026] [php:error] [pid 50983] [client 4.213.174.69:0] script '/domains/homesbyaudrey1/randkeyword.php' not found or unable to stat
[Fri Jan 16 08:25:40.717762 2026] [php:error] [pid 50983] [client 4.213.174.69:0] script '/domains/homesbyaudrey1/info.php' not found or unable to stat
[Fri Jan 16 08:25:40.929371 2026] [php:error] [pid 50983] [client 4.213.174.69:0] script '/domains/homesbyaudrey1/file48.php' not found or unable to stat
[Fri Jan 16 08:25:41.169795 2026] [php:error] [pid 50983] [client 4.213.174.69:0] script '/domains/homesbyaudrey1/xeeex.php' not found or unable to stat
[Fri Jan 16 08:25:41.788189 2026] [php:error] [pid 50983] [client 4.213.174.69:0] script '/domains/homesbyaudrey1/wpup.php' not found or unable to stat
[Fri Jan 16 08:25:42.016286 2026] [php:error] [pid 50983] [client 4.213.174.69:0] script '/domains/homesbyaudrey1/hk.php' not found or unable to stat
[Fri Jan 16 08:25:43.474792 2026] [php:error] [pid 50983] [client 4.213.174.69:0] script '/domains/homesbyaudrey1/error.php' not found or unable to stat
[Fri Jan 16 08:25:43.726579 2026] [php:error] [pid 50983] [client 4.213.174.69:0] script '/domains/homesbyaudrey1/ws35.php' not found or unable to stat
[Fri Jan 16 08:25:43.937072 2026] [php:error] [pid 50983] [client 4.213.174.69:0] script '/domains/homesbyaudrey1/gifclass4.php' not found or unable to stat
[Fri Jan 16 08:25:44.147117 2026] [php:error] [pid 50983] [client 4.213.174.69:0] script '/domains/homesbyaudrey1/class20.php' not found or unable to stat
[Fri Jan 16 08:25:44.363869 2026] [php:error] [pid 50983] [client 4.213.174.69:0] script '/domains/homesbyaudrey1/inde.php' not found or unable to stat
[Fri Jan 16 08:25:44.577376 2026] [php:error] [pid 50983] [client 4.213.174.69:0] script '/domains/homesbyaudrey1/ws43.php' not found or unable to stat
[Fri Jan 16 08:25:44.820698 2026] [php:error] [pid 50983] [client 4.213.174.69:0] script '/domains/homesbyaudrey1/ws34.php' not found or unable to stat
[Fri Jan 16 08:25:45.040030 2026] [php:error] [pid 50983] [client 4.213.174.69:0] script '/domains/homesbyaudrey1/file17.php' not found or unable to stat
[Fri Jan 16 08:25:45.250820 2026] [php:error] [pid 50983] [client 4.213.174.69:0] script '/domains/homesbyaudrey1/031.php' not found or unable to stat
[Fri Jan 16 08:25:45.461264 2026] [php:error] [pid 50983] [client 4.213.174.69:0] script '/domains/homesbyaudrey1/0x.php' not found or unable to stat
[Fri Jan 16 08:25:45.829493 2026] [php:error] [pid 50983] [client 4.213.174.69:0] script '/domains/homesbyaudrey1/gmo.php' not found or unable to stat
[Fri Jan 16 08:25:46.068345 2026] [php:error] [pid 50983] [client 4.213.174.69:0] script '/domains/homesbyaudrey1/file5.php' not found or unable to stat
[Fri Jan 16 08:25:46.279151 2026] [php:error] [pid 50983] [client 4.213.174.69:0] script '/domains/homesbyaudrey1/ww1.php' not found or unable to stat
[Fri Jan 16 08:25:46.506284 2026] [php:error] [pid 50983] [client 4.213.174.69:0] script '/domains/homesbyaudrey1/abcd.php' not found or unable to stat
[Fri Jan 16 08:25:46.717113 2026] [php:error] [pid 50983] [client 4.213.174.69:0] script '/domains/homesbyaudrey1/nox.php' not found or unable to stat
[Fri Jan 16 08:25:46.940891 2026] [php:error] [pid 50983] [client 4.213.174.69:0] script '/domains/homesbyaudrey1/die.php' not found or unable to stat
[Fri Jan 16 08:25:47.157348 2026] [php:error] [pid 50983] [client 4.213.174.69:0] script '/domains/homesbyaudrey1/xa.php' not found or unable to stat
[Fri Jan 16 08:25:47.394621 2026] [php:error] [pid 50983] [client 4.213.174.69:0] script '/domains/homesbyaudrey1/f8.php' not found or unable to stat
[Fri Jan 16 08:25:47.604869 2026] [php:error] [pid 50983] [client 4.213.174.69:0] script '/domains/homesbyaudrey1/963e.php' not found or unable to stat
[Fri Jan 16 08:25:47.815635 2026] [php:error] [pid 50983] [client 4.213.174.69:0] script '/domains/homesbyaudrey1/gi.php' not found or unable to stat
[Fri Jan 16 08:25:48.050075 2026] [php:error] [pid 50983] [client 4.213.174.69:0] script '/domains/homesbyaudrey1/classwithtostring.php' not found or unable to stat
[Fri Jan 16 08:25:48.262433 2026] [php:error] [pid 50983] [client 4.213.174.69:0] script '/domains/homesbyaudrey1/bless5.php' not found or unable to stat
[Fri Jan 16 08:25:48.506411 2026] [php:error] [pid 50983] [client 4.213.174.69:0] script '/domains/homesbyaudrey1/ths.php' not found or unable to stat
[Fri Jan 16 08:25:48.717775 2026] [php:error] [pid 50983] [client 4.213.174.69:0] script '/domains/homesbyaudrey1/ar.php' not found or unable to stat
[Fri Jan 16 08:25:48.930276 2026] [php:error] [pid 50983] [client 4.213.174.69:0] script '/domains/homesbyaudrey1/lala.php' not found or unable to stat
[Fri Jan 16 08:25:49.385106 2026] [php:error] [pid 50983] [client 4.213.174.69:0] script '/domains/homesbyaudrey1/0o0.php' not found or unable to stat
[Fri Jan 16 08:25:49.973394 2026] [php:error] [pid 50983] [client 4.213.174.69:0] script '/domains/homesbyaudrey1/fe5.php' not found or unable to stat
[Fri Jan 16 08:25:50.230201 2026] [php:error] [pid 50983] [client 4.213.174.69:0] script '/domains/homesbyaudrey1/mini.php' not found or unable to stat
[Fri Jan 16 08:25:50.321766 2026] [php:error] [pid 50976] [client 4.217.217.16:0] script '/domains/pookie.dnai/wp-conf.php' not found or unable to stat
[Fri Jan 16 08:25:50.440922 2026] [php:error] [pid 50983] [client 4.213.174.69:0] script '/domains/homesbyaudrey1/bbbb.php' not found or unable to stat
[Fri Jan 16 08:25:50.651137 2026] [php:error] [pid 50983] [client 4.213.174.69:0] script '/domains/homesbyaudrey1/gm.php' not found or unable to stat
[Fri Jan 16 08:25:50.870524 2026] [php:error] [pid 50976] [client 4.217.217.16:0] script '/domains/pookie.dnai/wp-miiss.php.php' not found or unable to stat
[Fri Jan 16 08:25:51.053950 2026] [php:error] [pid 50976] [client 4.217.217.16:0] script '/domains/pookie.dnai/per.php' not found or unable to stat
[Fri Jan 16 08:25:51.283922 2026] [php:error] [pid 50983] [client 4.213.174.69:0] script '/domains/homesbyaudrey1/an8.php' not found or unable to stat
[Fri Jan 16 08:25:51.422011 2026] [php:error] [pid 50976] [client 4.217.217.16:0] script '/domains/pookie.dnai/ioa.php' not found or unable to stat
[Fri Jan 16 08:25:51.516731 2026] [php:error] [pid 50983] [client 4.213.174.69:0] script '/domains/homesbyaudrey1/222.php' not found or unable to stat
[Fri Jan 16 08:25:51.607547 2026] [php:error] [pid 50976] [client 4.217.217.16:0] script '/domains/pookie.dnai/bypass.php' not found or unable to stat
[Fri Jan 16 08:25:51.728042 2026] [php:error] [pid 50983] [client 4.213.174.69:0] script '/domains/homesbyaudrey1/f2f.php' not found or unable to stat
[Fri Jan 16 08:25:51.790924 2026] [php:error] [pid 50976] [client 4.217.217.16:0] script '/domains/pookie.dnai/autoload_classmap.php' not found or unable to stat
[Fri Jan 16 08:25:51.955358 2026] [php:error] [pid 50983] [client 4.213.174.69:0] script '/domains/homesbyaudrey1/anskrit.php' not found or unable to stat
[Fri Jan 16 08:25:51.974454 2026] [php:error] [pid 50976] [client 4.217.217.16:0] script '/domains/pookie.dnai/sww.php' not found or unable to stat
[Fri Jan 16 08:25:52.157846 2026] [php:error] [pid 50976] [client 4.217.217.16:0] script '/domains/pookie.dnai/h.php' not found or unable to stat
[Fri Jan 16 08:25:52.340817 2026] [php:error] [pid 50976] [client 4.217.217.16:0] script '/domains/pookie.dnai/tua.php' not found or unable to stat
[Fri Jan 16 08:25:52.523815 2026] [php:error] [pid 50976] [client 4.217.217.16:0] script '/domains/pookie.dnai/oga.php' not found or unable to stat
[Fri Jan 16 08:25:52.617311 2026] [php:error] [pid 50983] [client 4.213.174.69:0] script '/domains/homesbyaudrey1/ioxi-o.php' not found or unable to stat
[Fri Jan 16 08:25:52.707265 2026] [php:error] [pid 50976] [client 4.217.217.16:0] script '/domains/pookie.dnai/file5.php' not found or unable to stat
[Fri Jan 16 08:25:52.828074 2026] [php:error] [pid 50983] [client 4.213.174.69:0] script '/domains/homesbyaudrey1/up.php' not found or unable to stat
[Fri Jan 16 08:25:53.073595 2026] [php:error] [pid 50976] [client 4.217.217.16:0] script '/domains/pookie.dnai/ws.php' not found or unable to stat
[Fri Jan 16 08:25:53.440440 2026] [php:error] [pid 50976] [client 4.217.217.16:0] script '/domains/pookie.dnai/test.php' not found or unable to stat
[Fri Jan 16 08:25:53.624402 2026] [php:error] [pid 50976] [client 4.217.217.16:0] script '/domains/pookie.dnai/click.php' not found or unable to stat
[Fri Jan 16 08:25:53.991372 2026] [php:error] [pid 50976] [client 4.217.217.16:0] script '/domains/pookie.dnai/sow.php' not found or unable to stat
[Fri Jan 16 08:25:54.141586 2026] [php:error] [pid 50983] [client 4.213.174.69:0] script '/domains/homesbyaudrey1/alpa.php' not found or unable to stat
[Fri Jan 16 08:25:54.357308 2026] [php:error] [pid 50976] [client 4.217.217.16:0] script '/domains/pookie.dnai/simple.php' not found or unable to stat
[Fri Jan 16 08:25:54.363757 2026] [php:error] [pid 50983] [client 4.213.174.69:0] script '/domains/homesbyaudrey1/lisa.php' not found or unable to stat
[Fri Jan 16 08:25:54.540477 2026] [php:error] [pid 50976] [client 4.217.217.16:0] script '/domains/pookie.dnai/BIBIL.php' not found or unable to stat
[Fri Jan 16 08:25:54.573668 2026] [php:error] [pid 50983] [client 4.213.174.69:0] script '/domains/homesbyaudrey1/simple.php' not found or unable to stat
[Fri Jan 16 08:25:54.725951 2026] [php:error] [pid 50976] [client 4.217.217.16:0] script '/domains/pookie.dnai/sde.php' not found or unable to stat
[Fri Jan 16 08:25:54.793844 2026] [php:error] [pid 50983] [client 4.213.174.69:0] script '/domains/homesbyaudrey1/x.php' not found or unable to stat
[Fri Jan 16 08:25:55.004216 2026] [php:error] [pid 50983] [client 4.213.174.69:0] script '/domains/homesbyaudrey1/goods.php' not found or unable to stat
[Fri Jan 16 08:25:55.101069 2026] [php:error] [pid 50976] [client 4.217.217.16:0] script '/domains/pookie.dnai/spip.php' not found or unable to stat
[Fri Jan 16 08:25:55.292407 2026] [php:error] [pid 50976] [client 4.217.217.16:0] script '/domains/pookie.dnai/zjggu.php' not found or unable to stat
[Fri Jan 16 08:25:55.577401 2026] [php:error] [pid 50983] [client 4.213.174.69:0] script '/domains/homesbyaudrey1/lx.php' not found or unable to stat
[Fri Jan 16 08:25:55.787906 2026] [php:error] [pid 50983] [client 4.213.174.69:0] script '/domains/homesbyaudrey1/security.php' not found or unable to stat
[Fri Jan 16 08:25:55.846339 2026] [php:error] [pid 50976] [client 4.217.217.16:0] script '/domains/pookie.dnai/4ff11.php' not found or unable to stat
[Fri Jan 16 08:25:55.998201 2026] [php:error] [pid 50983] [client 4.213.174.69:0] script '/domains/homesbyaudrey1/ws36.php' not found or unable to stat
[Fri Jan 16 08:25:56.029447 2026] [php:error] [pid 50976] [client 4.217.217.16:0] script '/domains/pookie.dnai/wsrer.php' not found or unable to stat
[Fri Jan 16 08:25:56.209100 2026] [php:error] [pid 50983] [client 4.213.174.69:0] script '/domains/homesbyaudrey1/ma.php' not found or unable to stat
[Fri Jan 16 08:25:56.212615 2026] [php:error] [pid 50976] [client 4.217.217.16:0] script '/domains/pookie.dnai/tro.php' not found or unable to stat
[Fri Jan 16 08:25:56.403334 2026] [php:error] [pid 50976] [client 4.217.217.16:0] script '/domains/pookie.dnai/zuk.php' not found or unable to stat
[Fri Jan 16 08:25:56.422600 2026] [php:error] [pid 50983] [client 4.213.174.69:0] script '/domains/homesbyaudrey1/as.php' not found or unable to stat
[Fri Jan 16 08:25:56.586465 2026] [php:error] [pid 50976] [client 4.217.217.16:0] script '/domains/pookie.dnai/sol.php' not found or unable to stat
[Fri Jan 16 08:25:56.632724 2026] [php:error] [pid 50983] [client 4.213.174.69:0] script '/domains/homesbyaudrey1/new4.php' not found or unable to stat
[Fri Jan 16 08:25:56.869488 2026] [php:error] [pid 50983] [client 4.213.174.69:0] script '/domains/homesbyaudrey1/class-t.api.php' not found or unable to stat
[Fri Jan 16 08:25:56.960763 2026] [php:error] [pid 50976] [client 4.217.217.16:0] script '/domains/pookie.dnai/zwso.php' not found or unable to stat
[Fri Jan 16 08:25:57.079893 2026] [php:error] [pid 50983] [client 4.213.174.69:0] script '/domains/homesbyaudrey1/xxxx.php' not found or unable to stat
[Fri Jan 16 08:25:57.144217 2026] [php:error] [pid 50976] [client 4.217.217.16:0] script '/domains/pookie.dnai/lok.php' not found or unable to stat
[Fri Jan 16 08:25:57.291088 2026] [php:error] [pid 50983] [client 4.213.174.69:0] script '/domains/homesbyaudrey1/pop.php' not found or unable to stat
[Fri Jan 16 08:25:57.336491 2026] [php:error] [pid 50976] [client 4.217.217.16:0] script '/domains/pookie.dnai/msg.php' not found or unable to stat
[Fri Jan 16 08:25:57.502330 2026] [php:error] [pid 50983] [client 4.213.174.69:0] script '/domains/homesbyaudrey1/we.php' not found or unable to stat
[Fri Jan 16 08:25:57.521688 2026] [php:error] [pid 50976] [client 4.217.217.16:0] script '/domains/pookie.dnai/tra.php' not found or unable to stat
[Fri Jan 16 08:25:57.704895 2026] [php:error] [pid 50976] [client 4.217.217.16:0] script '/domains/pookie.dnai/wto.php' not found or unable to stat
[Fri Jan 16 08:25:57.887933 2026] [php:error] [pid 50976] [client 4.217.217.16:0] script '/domains/pookie.dnai/wso.php' not found or unable to stat
[Fri Jan 16 08:25:58.222970 2026] [php:error] [pid 50983] [client 4.213.174.69:0] script '/domains/homesbyaudrey1/zwso.php' not found or unable to stat
[Fri Jan 16 08:25:58.254677 2026] [php:error] [pid 50976] [client 4.217.217.16:0] script '/domains/pookie.dnai/bibil.php' not found or unable to stat
[Fri Jan 16 08:25:58.433342 2026] [php:error] [pid 50983] [client 4.213.174.69:0] script '/domains/homesbyaudrey1/file3.php' not found or unable to stat
[Fri Jan 16 08:25:58.437516 2026] [php:error] [pid 50976] [client 4.217.217.16:0] script '/domains/pookie.dnai/haf.php' not found or unable to stat
[Fri Jan 16 08:25:58.812275 2026] [php:error] [pid 50976] [client 4.217.217.16:0] script '/domains/pookie.dnai/abe.php' not found or unable to stat
[Fri Jan 16 08:25:58.995382 2026] [php:error] [pid 50976] [client 4.217.217.16:0] script '/domains/pookie.dnai/tts.php' not found or unable to stat
[Fri Jan 16 08:25:58.997502 2026] [php:error] [pid 50983] [client 4.213.174.69:0] script '/domains/homesbyaudrey1/bless11.php' not found or unable to stat
[Fri Jan 16 08:25:59.180042 2026] [php:error] [pid 50976] [client 4.217.217.16:0] script '/domains/pookie.dnai/sue.php' not found or unable to stat
[Fri Jan 16 08:25:59.207685 2026] [php:error] [pid 50983] [client 4.213.174.69:0] script '/domains/homesbyaudrey1/rh.php' not found or unable to stat
[Fri Jan 16 08:25:59.363854 2026] [php:error] [pid 50976] [client 4.217.217.16:0] script '/domains/pookie.dnai/thoms.php' not found or unable to stat
[Fri Jan 16 08:25:59.430312 2026] [php:error] [pid 50983] [client 4.213.174.69:0] script '/domains/homesbyaudrey1/byp.php' not found or unable to stat
[Fri Jan 16 08:25:59.549755 2026] [php:error] [pid 50976] [client 4.217.217.16:0] script '/domains/pookie.dnai/2b5f0.php' not found or unable to stat
[Fri Jan 16 08:25:59.641114 2026] [php:error] [pid 50983] [client 4.213.174.69:0] script '/domains/homesbyaudrey1/file13.php' not found or unable to stat
[Fri Jan 16 08:25:59.736764 2026] [php:error] [pid 50976] [client 4.217.217.16:0] script '/domains/pookie.dnai/lock.php' not found or unable to stat
[Fri Jan 16 08:25:59.852489 2026] [php:error] [pid 50983] [client 4.213.174.69:0] script '/domains/homesbyaudrey1/404.php' not found or unable to stat
[Fri Jan 16 08:26:00.062963 2026] [php:error] [pid 50983] [client 4.213.174.69:0] script '/domains/homesbyaudrey1/akk.php' not found or unable to stat
[Fri Jan 16 08:26:00.292908 2026] [php:error] [pid 50976] [client 4.217.217.16:0] script '/domains/pookie.dnai/web.php' not found or unable to stat
[Fri Jan 16 08:26:00.309670 2026] [php:error] [pid 50983] [client 4.213.174.69:0] script '/domains/homesbyaudrey1/g.php' not found or unable to stat
[Fri Jan 16 08:26:00.482793 2026] [php:error] [pid 50976] [client 4.217.217.16:0] script '/domains/pookie.dnai/opss.php' not found or unable to stat
[Fri Jan 16 08:26:00.849995 2026] [php:error] [pid 50976] [client 4.217.217.16:0] script '/domains/pookie.dnai/x.php' not found or unable to stat
[Fri Jan 16 08:26:01.034124 2026] [php:error] [pid 50983] [client 4.213.174.69:0] script '/domains/homesbyaudrey1/ton.php' not found or unable to stat
[Fri Jan 16 08:26:01.035872 2026] [php:error] [pid 50976] [client 4.217.217.16:0] script '/domains/pookie.dnai/nng.php' not found or unable to stat
[Fri Jan 16 08:26:01.219183 2026] [php:error] [pid 50976] [client 4.217.217.16:0] script '/domains/pookie.dnai/blo.php' not found or unable to stat
[Fri Jan 16 08:26:01.769919 2026] [php:error] [pid 50976] [client 4.217.217.16:0] script '/domains/pookie.dnai/gul.php' not found or unable to stat
[Fri Jan 16 08:26:01.960223 2026] [php:error] [pid 50976] [client 4.217.217.16:0] script '/domains/pookie.dnai/ucpfr.php' not found or unable to stat
[Fri Jan 16 08:26:02.020702 2026] [php:error] [pid 50983] [client 4.213.174.69:0] script '/domains/homesbyaudrey1/520.php' not found or unable to stat
[Fri Jan 16 08:26:02.236176 2026] [php:error] [pid 50983] [client 4.213.174.69:0] script '/domains/homesbyaudrey1/atomlib.php' not found or unable to stat
[Fri Jan 16 08:26:02.325677 2026] [php:error] [pid 50976] [client 4.217.217.16:0] script '/domains/pookie.dnai/web.php' not found or unable to stat
[Fri Jan 16 08:26:02.697012 2026] [php:error] [pid 50976] [client 4.217.217.16:0] script '/domains/pookie.dnai/user.php' not found or unable to stat
[Fri Jan 16 08:26:02.881508 2026] [php:error] [pid 50976] [client 4.217.217.16:0] script '/domains/pookie.dnai/sty.php' not found or unable to stat
[Fri Jan 16 08:26:03.078019 2026] [php:error] [pid 50976] [client 4.217.217.16:0] script '/domains/pookie.dnai/Cachex.php' not found or unable to stat
[Fri Jan 16 08:26:03.107748 2026] [php:error] [pid 50983] [client 4.213.174.69:0] script '/domains/homesbyaudrey1/file.php' not found or unable to stat
[Fri Jan 16 08:26:03.261234 2026] [php:error] [pid 50976] [client 4.217.217.16:0] script '/domains/pookie.dnai/404.php' not found or unable to stat
[Fri Jan 16 08:26:03.317816 2026] [php:error] [pid 50983] [client 4.213.174.69:0] script '/domains/homesbyaudrey1/rrr.php' not found or unable to stat
[Fri Jan 16 08:26:03.445787 2026] [php:error] [pid 50976] [client 4.217.217.16:0] script '/domains/pookie.dnai/dds.php' not found or unable to stat
[Fri Jan 16 08:26:03.542542 2026] [php:error] [pid 50983] [client 4.213.174.69:0] script '/domains/homesbyaudrey1/asf.php' not found or unable to stat
[Fri Jan 16 08:26:03.629795 2026] [php:error] [pid 50976] [client 4.217.217.16:0] script '/domains/pookie.dnai/ttw.php' not found or unable to stat
[Fri Jan 16 08:26:03.759103 2026] [php:error] [pid 50983] [client 4.213.174.69:0] script '/domains/homesbyaudrey1/lock360.php' not found or unable to stat
[Fri Jan 16 08:26:03.835506 2026] [php:error] [pid 50976] [client 4.217.217.16:0] script '/domains/pookie.dnai/ssk.php' not found or unable to stat
[Fri Jan 16 08:26:03.977824 2026] [php:error] [pid 50983] [client 4.213.174.69:0] script '/domains/homesbyaudrey1/filesss.php' not found or unable to stat
[Fri Jan 16 08:26:04.029043 2026] [php:error] [pid 50976] [client 4.217.217.16:0] script '/domains/pookie.dnai/wui.php' not found or unable to stat
[Fri Jan 16 08:26:04.395168 2026] [php:error] [pid 50976] [client 4.217.217.16:0] script '/domains/pookie.dnai/wwo.php' not found or unable to stat
[Fri Jan 16 08:26:04.579289 2026] [php:error] [pid 50976] [client 4.217.217.16:0] script '/domains/pookie.dnai/nhd.php' not found or unable to stat
[Fri Jan 16 08:26:04.765569 2026] [php:error] [pid 50976] [client 4.217.217.16:0] script '/domains/pookie.dnai/jju.php' not found or unable to stat
[Fri Jan 16 08:26:05.500875 2026] [php:error] [pid 50976] [client 4.217.217.16:0] script '/domains/pookie.dnai/w.php' not found or unable to stat
[Fri Jan 16 08:26:06.053020 2026] [php:error] [pid 50976] [client 4.217.217.16:0] script '/domains/pookie.dnai/as.php' not found or unable to stat
[Fri Jan 16 08:26:06.241765 2026] [php:error] [pid 50976] [client 4.217.217.16:0] script '/domains/pookie.dnai/ula.php' not found or unable to stat
[Fri Jan 16 08:26:06.607738 2026] [php:error] [pid 50976] [client 4.217.217.16:0] script '/domains/pookie.dnai/k.php' not found or unable to stat
[Fri Jan 16 08:26:07.340166 2026] [php:error] [pid 50976] [client 4.217.217.16:0] script '/domains/pookie.dnai/niu.php' not found or unable to stat
[Fri Jan 16 08:26:07.523427 2026] [php:error] [pid 50976] [client 4.217.217.16:0] script '/domains/pookie.dnai/yee.php' not found or unable to stat
[Fri Jan 16 08:26:07.706408 2026] [php:error] [pid 50976] [client 4.217.217.16:0] script '/domains/pookie.dnai/1337.php' not found or unable to stat
[Fri Jan 16 08:26:07.890065 2026] [php:error] [pid 50976] [client 4.217.217.16:0] script '/domains/pookie.dnai/ink.php' not found or unable to stat
