[Thu Jan 15 15:29:24.577463 2026] [php:error] [pid 44847] [client 57.154.41.242:0] script '/domains/domilici/wp-configs.php' not found or unable to stat
[Thu Jan 15 15:29:24.674119 2026] [php:error] [pid 44847] [client 57.154.41.242:0] script '/domains/domilici/xmlrpc.php' not found or unable to stat
[Thu Jan 15 15:29:25.023602 2026] [php:error] [pid 44847] [client 57.154.41.242:0] script '/domains/domilici/file56.php' not found or unable to stat
[Thu Jan 15 15:29:25.084000 2026] [php:error] [pid 44847] [client 57.154.41.242:0] script '/domains/domilici/990.php' not found or unable to stat
[Thu Jan 15 15:29:25.141528 2026] [php:error] [pid 44847] [client 57.154.41.242:0] script '/domains/domilici/error.php' not found or unable to stat
[Thu Jan 15 15:29:25.199126 2026] [php:error] [pid 44847] [client 57.154.41.242:0] script '/domains/domilici/admin.php' not found or unable to stat
[Thu Jan 15 15:29:25.347056 2026] [php:error] [pid 44847] [client 57.154.41.242:0] script '/domains/domilici/bless.php' not found or unable to stat
[Thu Jan 15 15:31:06.367143 2026] [php:error] [pid 44880] [client 52.169.148.186:0] script '/domains/csiniaws/dox.php' not found or unable to stat
[Thu Jan 15 15:31:06.441880 2026] [php:error] [pid 44880] [client 52.169.148.186:0] script '/domains/csiniaws/rrr.php' not found or unable to stat
[Thu Jan 15 15:31:06.517396 2026] [php:error] [pid 44880] [client 52.169.148.186:0] script '/domains/csiniaws/eee.php' not found or unable to stat
[Thu Jan 15 15:31:06.592315 2026] [php:error] [pid 44880] [client 52.169.148.186:0] script '/domains/csiniaws/ton.php' not found or unable to stat
[Thu Jan 15 15:31:06.667996 2026] [php:error] [pid 44880] [client 52.169.148.186:0] script '/domains/csiniaws/bala.php' not found or unable to stat
[Thu Jan 15 15:31:06.747012 2026] [php:error] [pid 44880] [client 52.169.148.186:0] script '/domains/csiniaws/gecko.php' not found or unable to stat
[Thu Jan 15 15:31:06.821774 2026] [php:error] [pid 44880] [client 52.169.148.186:0] script '/domains/csiniaws/log.php' not found or unable to stat
[Thu Jan 15 15:31:06.897179 2026] [php:error] [pid 44880] [client 52.169.148.186:0] script '/domains/csiniaws/xl2023.php' not found or unable to stat
[Thu Jan 15 15:31:06.987583 2026] [php:error] [pid 44880] [client 52.169.148.186:0] script '/domains/csiniaws/wsoyanzorng.php' not found or unable to stat
[Thu Jan 15 15:31:07.062072 2026] [php:error] [pid 44880] [client 52.169.148.186:0] script '/domains/csiniaws/alf.php' not found or unable to stat
[Thu Jan 15 15:31:07.152780 2026] [php:error] [pid 44880] [client 52.169.148.186:0] script '/domains/csiniaws/xmlrpc2.php' not found or unable to stat
[Thu Jan 15 15:31:07.227495 2026] [php:error] [pid 44880] [client 52.169.148.186:0] script '/domains/csiniaws/evil.php' not found or unable to stat
[Thu Jan 15 15:31:07.302081 2026] [php:error] [pid 44880] [client 52.169.148.186:0] script '/domains/csiniaws/demo.php' not found or unable to stat
[Thu Jan 15 15:31:07.377866 2026] [php:error] [pid 44880] [client 52.169.148.186:0] script '/domains/csiniaws/tmpshell.php' not found or unable to stat
[Thu Jan 15 15:31:07.452605 2026] [php:error] [pid 44880] [client 52.169.148.186:0] script '/domains/csiniaws/moto.php' not found or unable to stat
[Thu Jan 15 15:31:07.541333 2026] [php:error] [pid 44880] [client 52.169.148.186:0] script '/domains/csiniaws/columns.php' not found or unable to stat
[Thu Jan 15 15:31:07.616332 2026] [php:error] [pid 44880] [client 52.169.148.186:0] script '/domains/csiniaws/utchiha.php' not found or unable to stat
[Thu Jan 15 15:31:07.691024 2026] [php:error] [pid 44880] [client 52.169.148.186:0] script '/domains/csiniaws/utchiha_uploader.php' not found or unable to stat
[Thu Jan 15 15:31:07.770629 2026] [php:error] [pid 44880] [client 52.169.148.186:0] script '/domains/csiniaws/Deadcode1975.php' not found or unable to stat
[Thu Jan 15 15:31:07.845137 2026] [php:error] [pid 44880] [client 52.169.148.186:0] script '/domains/csiniaws/wp.php' not found or unable to stat
[Thu Jan 15 15:31:07.927458 2026] [php:error] [pid 44880] [client 52.169.148.186:0] script '/domains/csiniaws/wp-22.php' not found or unable to stat
[Thu Jan 15 15:31:08.002385 2026] [php:error] [pid 44880] [client 52.169.148.186:0] script '/domains/csiniaws/1975.php' not found or unable to stat
[Thu Jan 15 15:31:08.076836 2026] [php:error] [pid 44880] [client 52.169.148.186:0] script '/domains/csiniaws/emergency.php' not found or unable to stat
[Thu Jan 15 15:31:08.151566 2026] [php:error] [pid 44880] [client 52.169.148.186:0] script '/domains/csiniaws/cp.php' not found or unable to stat
[Thu Jan 15 15:31:08.238016 2026] [php:error] [pid 44880] [client 52.169.148.186:0] script '/domains/csiniaws/Marvins.php' not found or unable to stat
[Thu Jan 15 15:31:08.313096 2026] [php:error] [pid 44880] [client 52.169.148.186:0] script '/domains/csiniaws/rxr.php' not found or unable to stat
[Thu Jan 15 15:31:08.390834 2026] [php:error] [pid 44880] [client 52.169.148.186:0] script '/domains/csiniaws/F0x.php' not found or unable to stat
[Thu Jan 15 15:31:08.466713 2026] [php:error] [pid 44880] [client 52.169.148.186:0] script '/domains/csiniaws/images/F0x.php' not found or unable to stat
[Thu Jan 15 15:31:08.543120 2026] [php:error] [pid 44880] [client 52.169.148.186:0] script '/domains/csiniaws/payload.php' not found or unable to stat
[Thu Jan 15 15:31:08.618062 2026] [php:error] [pid 44880] [client 52.169.148.186:0] script '/domains/csiniaws/alfaindex.php' not found or unable to stat
[Thu Jan 15 15:31:08.693013 2026] [php:error] [pid 44880] [client 52.169.148.186:0] script '/domains/csiniaws/www.php' not found or unable to stat
[Thu Jan 15 15:31:08.767334 2026] [php:error] [pid 44880] [client 52.169.148.186:0] script '/domains/csiniaws/snd.php' not found or unable to stat
[Thu Jan 15 15:31:08.857122 2026] [php:error] [pid 44880] [client 52.169.148.186:0] script '/domains/csiniaws/lalala.php' not found or unable to stat
[Thu Jan 15 15:31:08.932741 2026] [php:error] [pid 44880] [client 52.169.148.186:0] script '/domains/csiniaws/me.php' not found or unable to stat
[Thu Jan 15 15:31:09.008083 2026] [php:error] [pid 44880] [client 52.169.148.186:0] script '/domains/csiniaws/0x55.php' not found or unable to stat
[Thu Jan 15 15:31:09.082941 2026] [php:error] [pid 44880] [client 52.169.148.186:0] script '/domains/csiniaws/xx.php' not found or unable to stat
[Thu Jan 15 15:31:09.157384 2026] [php:error] [pid 44880] [client 52.169.148.186:0] script '/domains/csiniaws/alfa.php' not found or unable to stat
[Thu Jan 15 15:31:09.307116 2026] [php:error] [pid 44880] [client 52.169.148.186:0] script '/domains/csiniaws/buy.php' not found or unable to stat
[Thu Jan 15 15:31:09.382295 2026] [php:error] [pid 44880] [client 52.169.148.186:0] script '/domains/csiniaws/doc.php' not found or unable to stat
[Thu Jan 15 15:31:09.457065 2026] [php:error] [pid 44880] [client 52.169.148.186:0] script '/domains/csiniaws/wp.php' not found or unable to stat
[Thu Jan 15 15:31:09.545462 2026] [php:error] [pid 44880] [client 52.169.148.186:0] script '/domains/csiniaws/lufix.php' not found or unable to stat
[Thu Jan 15 15:31:09.620921 2026] [php:error] [pid 44880] [client 52.169.148.186:0] script '/domains/csiniaws/elp.php' not found or unable to stat
[Thu Jan 15 15:31:09.776602 2026] [php:error] [pid 44880] [client 52.169.148.186:0] script '/domains/csiniaws/content.php' not found or unable to stat
[Thu Jan 15 15:31:09.851928 2026] [php:error] [pid 44880] [client 52.169.148.186:0] script '/domains/csiniaws/wso.php' not found or unable to stat
[Thu Jan 15 15:31:09.927532 2026] [php:error] [pid 44880] [client 52.169.148.186:0] script '/domains/csiniaws/h.php' not found or unable to stat
[Thu Jan 15 15:31:10.002409 2026] [php:error] [pid 44880] [client 52.169.148.186:0] script '/domains/csiniaws/simple.php' not found or unable to stat
[Thu Jan 15 15:31:10.089967 2026] [php:error] [pid 44880] [client 52.169.148.186:0] script '/domains/csiniaws/zwso.php' not found or unable to stat
[Thu Jan 15 15:31:10.165538 2026] [php:error] [pid 44880] [client 52.169.148.186:0] script '/domains/csiniaws/lock.php' not found or unable to stat
[Thu Jan 15 15:31:10.242313 2026] [php:error] [pid 44880] [client 52.169.148.186:0] script '/domains/csiniaws/x.php' not found or unable to stat
[Thu Jan 15 15:31:10.317014 2026] [php:error] [pid 44880] [client 52.169.148.186:0] script '/domains/csiniaws/404.php' not found or unable to stat
[Thu Jan 15 15:31:10.392832 2026] [php:error] [pid 44880] [client 52.169.148.186:0] script '/domains/csiniaws/moon.php' not found or unable to stat
[Thu Jan 15 15:31:10.474946 2026] [php:error] [pid 44880] [client 52.169.148.186:0] script '/domains/csiniaws/403.php' not found or unable to stat
[Thu Jan 15 15:31:10.550958 2026] [php:error] [pid 44880] [client 52.169.148.186:0] script '/domains/csiniaws/user.php' not found or unable to stat
[Thu Jan 15 15:31:10.700662 2026] [php:error] [pid 44880] [client 52.169.148.186:0] script '/domains/csiniaws/web.php' not found or unable to stat
[Thu Jan 15 15:31:10.775240 2026] [php:error] [pid 44880] [client 52.169.148.186:0] script '/domains/csiniaws/acwfihfh.php' not found or unable to stat
[Thu Jan 15 15:31:10.852051 2026] [php:error] [pid 44880] [client 52.169.148.186:0] script '/domains/csiniaws/file.php' not found or unable to stat
[Thu Jan 15 15:31:10.926956 2026] [php:error] [pid 44880] [client 52.169.148.186:0] script '/domains/csiniaws/ea.php' not found or unable to stat
[Thu Jan 15 15:31:11.003397 2026] [php:error] [pid 44880] [client 52.169.148.186:0] script '/domains/csiniaws/2clas.php' not found or unable to stat
[Thu Jan 15 15:31:11.081547 2026] [php:error] [pid 44880] [client 52.169.148.186:0] script '/domains/csiniaws/item.php' not found or unable to stat
[Thu Jan 15 15:31:11.157764 2026] [php:error] [pid 44880] [client 52.169.148.186:0] script '/domains/csiniaws/0x0x.php' not found or unable to stat
[Thu Jan 15 15:31:11.232842 2026] [php:error] [pid 44880] [client 52.169.148.186:0] script '/domains/csiniaws/nov.php' not found or unable to stat
[Thu Jan 15 15:31:11.308827 2026] [php:error] [pid 44880] [client 52.169.148.186:0] script '/domains/csiniaws/wp-good.php' not found or unable to stat
[Thu Jan 15 15:31:11.383724 2026] [php:error] [pid 44880] [client 52.169.148.186:0] script '/domains/csiniaws/555.php' not found or unable to stat
[Thu Jan 15 15:31:11.458791 2026] [php:error] [pid 44880] [client 52.169.148.186:0] script '/domains/csiniaws/lanz.php' not found or unable to stat
[Thu Jan 15 15:31:11.533804 2026] [php:error] [pid 44880] [client 52.169.148.186:0] script '/domains/csiniaws/ha.php' not found or unable to stat
[Thu Jan 15 15:31:11.608569 2026] [php:error] [pid 44880] [client 52.169.148.186:0] script '/domains/csiniaws/3406.php' not found or unable to stat
[Thu Jan 15 15:31:11.688018 2026] [php:error] [pid 44880] [client 52.169.148.186:0] script '/domains/csiniaws/mail.php' not found or unable to stat
[Thu Jan 15 15:31:11.762843 2026] [php:error] [pid 44880] [client 52.169.148.186:0] script '/domains/csiniaws/cccc.php' not found or unable to stat
[Thu Jan 15 15:31:11.919544 2026] [php:error] [pid 44880] [client 52.169.148.186:0] script '/domains/csiniaws/file2.php' not found or unable to stat
[Thu Jan 15 15:31:12.069523 2026] [php:error] [pid 44880] [client 52.169.148.186:0] script '/domains/csiniaws/ws28.php' not found or unable to stat
[Thu Jan 15 15:31:12.146240 2026] [php:error] [pid 44880] [client 52.169.148.186:0] script '/domains/csiniaws/a2.php' not found or unable to stat
[Thu Jan 15 15:31:12.221017 2026] [php:error] [pid 44880] [client 52.169.148.186:0] script '/domains/csiniaws/000.php' not found or unable to stat
[Thu Jan 15 15:31:12.296090 2026] [php:error] [pid 44880] [client 52.169.148.186:0] script '/domains/csiniaws/xx.php' not found or unable to stat
[Thu Jan 15 15:31:12.371011 2026] [php:error] [pid 44880] [client 52.169.148.186:0] script '/domains/csiniaws/avtst.php' not found or unable to stat
[Thu Jan 15 15:31:12.457661 2026] [php:error] [pid 44880] [client 52.169.148.186:0] script '/domains/csiniaws/file32.php' not found or unable to stat
[Thu Jan 15 15:31:12.532089 2026] [php:error] [pid 44880] [client 52.169.148.186:0] script '/domains/csiniaws/ws46.php' not found or unable to stat
[Thu Jan 15 15:31:12.606541 2026] [php:error] [pid 44880] [client 52.169.148.186:0] script '/domains/csiniaws/esp.php' not found or unable to stat
[Thu Jan 15 15:31:12.681207 2026] [php:error] [pid 44880] [client 52.169.148.186:0] script '/domains/csiniaws/cjfuns.php' not found or unable to stat
[Thu Jan 15 15:31:12.757282 2026] [php:error] [pid 44880] [client 52.169.148.186:0] script '/domains/csiniaws/class19.php' not found or unable to stat
[Thu Jan 15 15:31:12.832411 2026] [php:error] [pid 44880] [client 52.169.148.186:0] script '/domains/csiniaws/wen.php' not found or unable to stat
[Thu Jan 15 15:31:12.907293 2026] [php:error] [pid 44880] [client 52.169.148.186:0] script '/domains/csiniaws/amax.php' not found or unable to stat
[Thu Jan 15 15:31:12.981986 2026] [php:error] [pid 44880] [client 52.169.148.186:0] script '/domains/csiniaws/family.php' not found or unable to stat
[Thu Jan 15 15:31:13.131252 2026] [php:error] [pid 44880] [client 52.169.148.186:0] script '/domains/csiniaws/chosen.php' not found or unable to stat
[Thu Jan 15 15:31:13.205762 2026] [php:error] [pid 44880] [client 52.169.148.186:0] script '/domains/csiniaws/cong.php' not found or unable to stat
[Thu Jan 15 15:31:13.280621 2026] [php:error] [pid 44880] [client 52.169.148.186:0] script '/domains/csiniaws/tons.php' not found or unable to stat
[Thu Jan 15 15:31:13.362075 2026] [php:error] [pid 44880] [client 52.169.148.186:0] script '/domains/csiniaws/444.php' not found or unable to stat
[Thu Jan 15 15:31:13.437707 2026] [php:error] [pid 44880] [client 52.169.148.186:0] script '/domains/csiniaws/nx1.php' not found or unable to stat
[Thu Jan 15 15:31:13.512313 2026] [php:error] [pid 44880] [client 52.169.148.186:0] script '/domains/csiniaws/f35.php' not found or unable to stat
[Thu Jan 15 15:31:13.669489 2026] [php:error] [pid 44880] [client 52.169.148.186:0] script '/domains/csiniaws/ut.php' not found or unable to stat
[Thu Jan 15 15:31:13.743971 2026] [php:error] [pid 44880] [client 52.169.148.186:0] script '/domains/csiniaws/aaaa.php' not found or unable to stat
[Thu Jan 15 15:31:13.818572 2026] [php:error] [pid 44880] [client 52.169.148.186:0] script '/domains/csiniaws/vee.php' not found or unable to stat
[Thu Jan 15 15:31:13.893601 2026] [php:error] [pid 44880] [client 52.169.148.186:0] script '/domains/csiniaws/bras.php' not found or unable to stat
[Thu Jan 15 15:31:13.968530 2026] [php:error] [pid 44880] [client 52.169.148.186:0] script '/domains/csiniaws/lv.php' not found or unable to stat
[Thu Jan 15 15:31:14.121982 2026] [php:error] [pid 44854] [client 52.169.148.186:0] script '/domains/csiniaws/hexx.php' not found or unable to stat
[Thu Jan 15 15:31:14.197394 2026] [php:error] [pid 44854] [client 52.169.148.186:0] script '/domains/csiniaws/ave.php' not found or unable to stat
[Thu Jan 15 15:31:14.274086 2026] [php:error] [pid 44854] [client 52.169.148.186:0] script '/domains/csiniaws/out.php' not found or unable to stat
[Thu Jan 15 15:31:14.348572 2026] [php:error] [pid 44854] [client 52.169.148.186:0] script '/domains/csiniaws/alfa.php' not found or unable to stat
[Thu Jan 15 15:31:14.437213 2026] [php:error] [pid 44854] [client 52.169.148.186:0] script '/domains/csiniaws/galex.php' not found or unable to stat
[Thu Jan 15 15:31:14.511717 2026] [php:error] [pid 44854] [client 52.169.148.186:0] script '/domains/csiniaws/file9.php' not found or unable to stat
[Thu Jan 15 15:31:14.610385 2026] [php:error] [pid 44854] [client 52.169.148.186:0] script '/domains/csiniaws/az.php' not found or unable to stat
[Thu Jan 15 15:31:14.685141 2026] [php:error] [pid 44854] [client 52.169.148.186:0] script '/domains/csiniaws/21x.php' not found or unable to stat
[Thu Jan 15 15:31:14.765744 2026] [php:error] [pid 44854] [client 52.169.148.186:0] script '/domains/csiniaws/randkeyword.php' not found or unable to stat
[Thu Jan 15 15:31:14.843156 2026] [php:error] [pid 44854] [client 52.169.148.186:0] script '/domains/csiniaws/info.php' not found or unable to stat
[Thu Jan 15 15:31:14.919427 2026] [php:error] [pid 44854] [client 52.169.148.186:0] script '/domains/csiniaws/file48.php' not found or unable to stat
[Thu Jan 15 15:31:14.994020 2026] [php:error] [pid 44854] [client 52.169.148.186:0] script '/domains/csiniaws/xeeex.php' not found or unable to stat
[Thu Jan 15 15:31:15.069572 2026] [php:error] [pid 44854] [client 52.169.148.186:0] script '/domains/csiniaws/wpup.php' not found or unable to stat
[Thu Jan 15 15:31:15.145043 2026] [php:error] [pid 44854] [client 52.169.148.186:0] script '/domains/csiniaws/hk.php' not found or unable to stat
[Thu Jan 15 15:31:15.219615 2026] [php:error] [pid 44854] [client 52.169.148.186:0] script '/domains/csiniaws/error.php' not found or unable to stat
[Thu Jan 15 15:31:15.294300 2026] [php:error] [pid 44854] [client 52.169.148.186:0] script '/domains/csiniaws/ws35.php' not found or unable to stat
[Thu Jan 15 15:31:15.370290 2026] [php:error] [pid 44854] [client 52.169.148.186:0] script '/domains/csiniaws/gifclass4.php' not found or unable to stat
[Thu Jan 15 15:31:15.444813 2026] [php:error] [pid 44854] [client 52.169.148.186:0] script '/domains/csiniaws/class20.php' not found or unable to stat
[Thu Jan 15 15:31:15.519817 2026] [php:error] [pid 44854] [client 52.169.148.186:0] script '/domains/csiniaws/inde.php' not found or unable to stat
[Thu Jan 15 15:31:15.594806 2026] [php:error] [pid 44854] [client 52.169.148.186:0] script '/domains/csiniaws/ws43.php' not found or unable to stat
[Thu Jan 15 15:31:15.669503 2026] [php:error] [pid 44854] [client 52.169.148.186:0] script '/domains/csiniaws/ws34.php' not found or unable to stat
[Thu Jan 15 15:31:15.745371 2026] [php:error] [pid 44854] [client 52.169.148.186:0] script '/domains/csiniaws/file17.php' not found or unable to stat
[Thu Jan 15 15:31:15.820390 2026] [php:error] [pid 44854] [client 52.169.148.186:0] script '/domains/csiniaws/031.php' not found or unable to stat
[Thu Jan 15 15:31:15.895125 2026] [php:error] [pid 44854] [client 52.169.148.186:0] script '/domains/csiniaws/0x.php' not found or unable to stat
[Thu Jan 15 15:31:15.970766 2026] [php:error] [pid 44854] [client 52.169.148.186:0] script '/domains/csiniaws/gmo.php' not found or unable to stat
[Thu Jan 15 15:31:16.045532 2026] [php:error] [pid 44854] [client 52.169.148.186:0] script '/domains/csiniaws/file5.php' not found or unable to stat
[Thu Jan 15 15:31:16.120730 2026] [php:error] [pid 44854] [client 52.169.148.186:0] script '/domains/csiniaws/ww1.php' not found or unable to stat
[Thu Jan 15 15:31:16.195682 2026] [php:error] [pid 44854] [client 52.169.148.186:0] script '/domains/csiniaws/abcd.php' not found or unable to stat
[Thu Jan 15 15:31:16.271267 2026] [php:error] [pid 44854] [client 52.169.148.186:0] script '/domains/csiniaws/nox.php' not found or unable to stat
[Thu Jan 15 15:31:16.345689 2026] [php:error] [pid 44854] [client 52.169.148.186:0] script '/domains/csiniaws/die.php' not found or unable to stat
[Thu Jan 15 15:31:16.420377 2026] [php:error] [pid 44854] [client 52.169.148.186:0] script '/domains/csiniaws/xa.php' not found or unable to stat
[Thu Jan 15 15:31:16.494939 2026] [php:error] [pid 44854] [client 52.169.148.186:0] script '/domains/csiniaws/f8.php' not found or unable to stat
[Thu Jan 15 15:31:16.570598 2026] [php:error] [pid 44854] [client 52.169.148.186:0] script '/domains/csiniaws/963e.php' not found or unable to stat
[Thu Jan 15 15:31:16.645302 2026] [php:error] [pid 44854] [client 52.169.148.186:0] script '/domains/csiniaws/gi.php' not found or unable to stat
[Thu Jan 15 15:31:16.724542 2026] [php:error] [pid 44854] [client 52.169.148.186:0] script '/domains/csiniaws/classwithtostring.php' not found or unable to stat
[Thu Jan 15 15:31:16.799253 2026] [php:error] [pid 44854] [client 52.169.148.186:0] script '/domains/csiniaws/bless5.php' not found or unable to stat
[Thu Jan 15 15:31:16.874156 2026] [php:error] [pid 44854] [client 52.169.148.186:0] script '/domains/csiniaws/ths.php' not found or unable to stat
[Thu Jan 15 15:31:16.949497 2026] [php:error] [pid 44854] [client 52.169.148.186:0] script '/domains/csiniaws/ar.php' not found or unable to stat
[Thu Jan 15 15:31:17.023983 2026] [php:error] [pid 44854] [client 52.169.148.186:0] script '/domains/csiniaws/lala.php' not found or unable to stat
[Thu Jan 15 15:31:17.173833 2026] [php:error] [pid 44854] [client 52.169.148.186:0] script '/domains/csiniaws/0o0.php' not found or unable to stat
[Thu Jan 15 15:31:17.248621 2026] [php:error] [pid 44854] [client 52.169.148.186:0] script '/domains/csiniaws/fe5.php' not found or unable to stat
[Thu Jan 15 15:31:17.323267 2026] [php:error] [pid 44854] [client 52.169.148.186:0] script '/domains/csiniaws/mini.php' not found or unable to stat
[Thu Jan 15 15:31:17.403745 2026] [php:error] [pid 44854] [client 52.169.148.186:0] script '/domains/csiniaws/bbbb.php' not found or unable to stat
[Thu Jan 15 15:31:17.478367 2026] [php:error] [pid 44854] [client 52.169.148.186:0] script '/domains/csiniaws/gm.php' not found or unable to stat
[Thu Jan 15 15:31:17.553916 2026] [php:error] [pid 44854] [client 52.169.148.186:0] script '/domains/csiniaws/an8.php' not found or unable to stat
[Thu Jan 15 15:31:17.631184 2026] [php:error] [pid 44854] [client 52.169.148.186:0] script '/domains/csiniaws/222.php' not found or unable to stat
[Thu Jan 15 15:31:17.707614 2026] [php:error] [pid 44854] [client 52.169.148.186:0] script '/domains/csiniaws/f2f.php' not found or unable to stat
[Thu Jan 15 15:31:17.782495 2026] [php:error] [pid 44854] [client 52.169.148.186:0] script '/domains/csiniaws/anskrit.php' not found or unable to stat
[Thu Jan 15 15:31:17.857382 2026] [php:error] [pid 44854] [client 52.169.148.186:0] script '/domains/csiniaws/ioxi-o.php' not found or unable to stat
[Thu Jan 15 15:31:17.934088 2026] [php:error] [pid 44854] [client 52.169.148.186:0] script '/domains/csiniaws/up.php' not found or unable to stat
[Thu Jan 15 15:31:18.083361 2026] [php:error] [pid 44854] [client 52.169.148.186:0] script '/domains/csiniaws/alpa.php' not found or unable to stat
[Thu Jan 15 15:31:18.158478 2026] [php:error] [pid 44854] [client 52.169.148.186:0] script '/domains/csiniaws/lisa.php' not found or unable to stat
[Thu Jan 15 15:31:18.234181 2026] [php:error] [pid 44854] [client 52.169.148.186:0] script '/domains/csiniaws/simple.php' not found or unable to stat
[Thu Jan 15 15:31:18.308537 2026] [php:error] [pid 44854] [client 52.169.148.186:0] script '/domains/csiniaws/x.php' not found or unable to stat
[Thu Jan 15 15:31:18.382901 2026] [php:error] [pid 44854] [client 52.169.148.186:0] script '/domains/csiniaws/goods.php' not found or unable to stat
[Thu Jan 15 15:31:18.504383 2026] [php:error] [pid 44854] [client 52.169.148.186:0] script '/domains/csiniaws/lx.php' not found or unable to stat
[Thu Jan 15 15:31:18.606451 2026] [php:error] [pid 44854] [client 52.169.148.186:0] script '/domains/csiniaws/security.php' not found or unable to stat
[Thu Jan 15 15:31:18.681254 2026] [php:error] [pid 44854] [client 52.169.148.186:0] script '/domains/csiniaws/ws36.php' not found or unable to stat
[Thu Jan 15 15:31:18.756830 2026] [php:error] [pid 44854] [client 52.169.148.186:0] script '/domains/csiniaws/ma.php' not found or unable to stat
[Thu Jan 15 15:31:18.831619 2026] [php:error] [pid 44854] [client 52.169.148.186:0] script '/domains/csiniaws/as.php' not found or unable to stat
[Thu Jan 15 15:31:18.906280 2026] [php:error] [pid 44854] [client 52.169.148.186:0] script '/domains/csiniaws/new4.php' not found or unable to stat
[Thu Jan 15 15:31:18.980882 2026] [php:error] [pid 44854] [client 52.169.148.186:0] script '/domains/csiniaws/class-t.api.php' not found or unable to stat
[Thu Jan 15 15:31:19.055428 2026] [php:error] [pid 44854] [client 52.169.148.186:0] script '/domains/csiniaws/xxxx.php' not found or unable to stat
[Thu Jan 15 15:31:19.129869 2026] [php:error] [pid 44854] [client 52.169.148.186:0] script '/domains/csiniaws/pop.php' not found or unable to stat
[Thu Jan 15 15:31:19.204484 2026] [php:error] [pid 44854] [client 52.169.148.186:0] script '/domains/csiniaws/we.php' not found or unable to stat
[Thu Jan 15 15:31:19.279091 2026] [php:error] [pid 44854] [client 52.169.148.186:0] script '/domains/csiniaws/zwso.php' not found or unable to stat
[Thu Jan 15 15:31:19.353598 2026] [php:error] [pid 44854] [client 52.169.148.186:0] script '/domains/csiniaws/file3.php' not found or unable to stat
[Thu Jan 15 15:31:19.436075 2026] [php:error] [pid 44854] [client 52.169.148.186:0] script '/domains/csiniaws/bless11.php' not found or unable to stat
[Thu Jan 15 15:31:19.511252 2026] [php:error] [pid 44854] [client 52.169.148.186:0] script '/domains/csiniaws/rh.php' not found or unable to stat
[Thu Jan 15 15:31:19.614170 2026] [php:error] [pid 44854] [client 52.169.148.186:0] script '/domains/csiniaws/byp.php' not found or unable to stat
[Thu Jan 15 15:31:19.689074 2026] [php:error] [pid 44854] [client 52.169.148.186:0] script '/domains/csiniaws/file13.php' not found or unable to stat
[Thu Jan 15 15:31:19.765828 2026] [php:error] [pid 44854] [client 52.169.148.186:0] script '/domains/csiniaws/404.php' not found or unable to stat
[Thu Jan 15 15:31:19.851150 2026] [php:error] [pid 44854] [client 52.169.148.186:0] script '/domains/csiniaws/akk.php' not found or unable to stat
[Thu Jan 15 15:31:19.926355 2026] [php:error] [pid 44854] [client 52.169.148.186:0] script '/domains/csiniaws/g.php' not found or unable to stat
[Thu Jan 15 15:31:20.000721 2026] [php:error] [pid 44854] [client 52.169.148.186:0] script '/domains/csiniaws/ton.php' not found or unable to stat
[Thu Jan 15 15:31:20.152918 2026] [php:error] [pid 44854] [client 52.169.148.186:0] script '/domains/csiniaws/520.php' not found or unable to stat
[Thu Jan 15 15:31:20.227605 2026] [php:error] [pid 44854] [client 52.169.148.186:0] script '/domains/csiniaws/atomlib.php' not found or unable to stat
[Thu Jan 15 15:31:20.305779 2026] [php:error] [pid 44854] [client 52.169.148.186:0] script '/domains/csiniaws/file.php' not found or unable to stat
[Thu Jan 15 15:31:20.380389 2026] [php:error] [pid 44854] [client 52.169.148.186:0] script '/domains/csiniaws/rrr.php' not found or unable to stat
[Thu Jan 15 15:31:20.458020 2026] [php:error] [pid 44854] [client 52.169.148.186:0] script '/domains/csiniaws/asf.php' not found or unable to stat
[Thu Jan 15 15:31:20.532568 2026] [php:error] [pid 44854] [client 52.169.148.186:0] script '/domains/csiniaws/lock360.php' not found or unable to stat
[Thu Jan 15 15:31:20.608246 2026] [php:error] [pid 44854] [client 52.169.148.186:0] script '/domains/csiniaws/filesss.php' not found or unable to stat
[Thu Jan 15 15:31:20.683698 2026] [php:error] [pid 44854] [client 52.169.148.186:0] script '/domains/csiniaws/wsheet1.php' not found or unable to stat
[Thu Jan 15 15:31:20.758211 2026] [php:error] [pid 44854] [client 52.169.148.186:0] script '/domains/csiniaws/oo.php' not found or unable to stat
[Thu Jan 15 15:31:20.833159 2026] [php:error] [pid 44854] [client 52.169.148.186:0] script '/domains/csiniaws/classgoto24.php' not found or unable to stat
[Thu Jan 15 15:31:20.909913 2026] [php:error] [pid 44854] [client 52.169.148.186:0] script '/domains/csiniaws/win.php' not found or unable to stat
[Thu Jan 15 15:31:20.990295 2026] [php:error] [pid 44854] [client 52.169.148.186:0] script '/domains/csiniaws/1100.php' not found or unable to stat
[Thu Jan 15 15:31:21.065966 2026] [php:error] [pid 44854] [client 52.169.148.186:0] script '/domains/csiniaws/shell1.php' not found or unable to stat
[Thu Jan 15 15:31:21.141006 2026] [php:error] [pid 44854] [client 52.169.148.186:0] script '/domains/csiniaws/elp.php' not found or unable to stat
[Thu Jan 15 15:31:21.215676 2026] [php:error] [pid 44854] [client 52.169.148.186:0] script '/domains/csiniaws/class.php' not found or unable to stat
[Thu Jan 15 15:31:21.290234 2026] [php:error] [pid 44854] [client 52.169.148.186:0] script '/domains/csiniaws/flower2.php' not found or unable to stat
[Thu Jan 15 15:31:21.364733 2026] [php:error] [pid 44854] [client 52.169.148.186:0] script '/domains/csiniaws/ooaiyc.php' not found or unable to stat
[Thu Jan 15 15:31:21.440233 2026] [php:error] [pid 44854] [client 52.169.148.186:0] script '/domains/csiniaws/bless14.php' not found or unable to stat
[Thu Jan 15 15:31:21.516061 2026] [php:error] [pid 44854] [client 52.169.148.186:0] script '/domains/csiniaws/87.php' not found or unable to stat
[Thu Jan 15 15:31:21.595519 2026] [php:error] [pid 44854] [client 52.169.148.186:0] script '/domains/csiniaws/xo.php' not found or unable to stat
[Thu Jan 15 15:31:21.746472 2026] [php:error] [pid 44854] [client 52.169.148.186:0] script '/domains/csiniaws/atx.php' not found or unable to stat
[Thu Jan 15 15:32:59.401039 2026] [php:error] [pid 44897] [client 161.118.212.145:0] script '/domains/piltdweb1/wp-login.php' not found or unable to stat, referer: https://www.google.com/search?q=wordpress
[Thu Jan 15 15:32:59.919014 2026] [php:error] [pid 44888] [client 161.118.212.145:0] script '/domains/piltdweb1/wp-login.php' not found or unable to stat, referer: https://www.facebook.com/
[Thu Jan 15 15:33:01.360097 2026] [php:error] [pid 44893] [client 161.118.212.145:0] script '/domains/piltdweb1/wp-login.php' not found or unable to stat
[Thu Jan 15 15:33:01.883550 2026] [php:error] [pid 44897] [client 161.118.212.145:0] script '/domains/piltdweb1/wp-login.php' not found or unable to stat
[Thu Jan 15 15:34:49.219471 2026] [php:error] [pid 44916] [client 194.26.192.39:0] script '/domains/jeffbell/xmlrpc.php' not found or unable to stat
[Thu Jan 15 15:34:58.899583 2026] [rewrite:error] [pid 44888] [client 17.241.227.238:0] AH10508: Unsafe URL with %3f URL rewritten without UnsafeAllow3F
[Thu Jan 15 15:36:51.007246 2026] [core:crit] [pid 44942] (13)Permission denied: [client 47.128.127.36:0] AH00529: /domains/dcarlone/test/web/.htaccess pcfg_openfile: unable to check htaccess file, ensure it is readable and that '/domains/dcarlone/test/web/' is executable
[Thu Jan 15 15:36:51.182495 2026] [core:crit] [pid 44950] (13)Permission denied: [client 47.128.53.96:0] AH00529: /domains/dcarlone/test/web/.htaccess pcfg_openfile: unable to check htaccess file, ensure it is readable and that '/domains/dcarlone/test/web/' is executable
[Thu Jan 15 15:37:16.939416 2026] [php:error] [pid 44959] [client 157.66.56.178:0] script '/domains/astrosfm/404.php' not found or unable to stat
[Thu Jan 15 15:37:19.678779 2026] [php:error] [pid 44888] [client 157.66.56.178:0] script '/domains/astrosfm/users.php' not found or unable to stat
[Thu Jan 15 15:37:29.565128 2026] [php:error] [pid 44951] [client 157.66.56.178:0] script '/domains/astrosfm/classwithtostring.php' not found or unable to stat
[Thu Jan 15 15:37:33.079094 2026] [php:error] [pid 44960] [client 104.234.19.116:0] script '/domains/davidbacker/txets.php' not found or unable to stat
[Thu Jan 15 15:37:38.598876 2026] [php:error] [pid 44964] [client 157.66.56.178:0] script '/domains/astrosfm/wp-head.php' not found or unable to stat
[Thu Jan 15 15:37:44.388994 2026] [php:error] [pid 44964] [client 157.66.56.178:0] script '/domains/astrosfm/admin.php' not found or unable to stat
[Thu Jan 15 15:37:44.860564 2026] [php:error] [pid 44951] [client 157.66.56.178:0] script '/domains/astrosfm/about.php' not found or unable to stat
[Thu Jan 15 15:37:46.769094 2026] [php:error] [pid 44964] [client 157.66.56.178:0] script '/domains/astrosfm/dropdown.php' not found or unable to stat
[Thu Jan 15 15:37:47.242281 2026] [php:error] [pid 44956] [client 157.66.56.178:0] script '/domains/astrosfm/wp-header.php' not found or unable to stat
[Thu Jan 15 15:37:52.046372 2026] [php:error] [pid 44970] [client 157.66.56.178:0] script '/domains/astrosfm/alfanew.php' not found or unable to stat
[Thu Jan 15 15:37:52.880941 2026] [php:error] [pid 44971] [client 157.66.56.178:0] script '/domains/astrosfm/radio.php' not found or unable to stat
[Thu Jan 15 15:37:58.156283 2026] [php:error] [pid 44964] [client 157.66.56.178:0] script '/domains/astrosfm/simple.php' not found or unable to stat
[Thu Jan 15 15:37:59.592479 2026] [php:error] [pid 44956] [client 157.66.56.178:0] script '/domains/astrosfm/cong.php' not found or unable to stat
[Thu Jan 15 15:38:00.310571 2026] [php:error] [pid 44942] [client 157.66.56.178:0] script '/domains/astrosfm/options.php' not found or unable to stat
[Thu Jan 15 15:38:06.366311 2026] [php:error] [pid 44964] [client 157.66.56.178:0] script '/domains/astrosfm/alfa-rex.php' not found or unable to stat
[Thu Jan 15 15:38:45.237642 2026] [php:error] [pid 44964] [client 45.148.10.143:0] script '/domains/bfitpro2/phpinfo.php' not found or unable to stat
[Thu Jan 15 15:38:48.837513 2026] [php:error] [pid 44981] [client 45.148.10.143:0] script '/domains/bfitpro2/_phpinfo.php' not found or unable to stat
[Thu Jan 15 15:38:57.152705 2026] [php:error] [pid 44982] [client 45.148.10.143:0] script '/domains/bfitpro2/wp-config.php.bak' not found or unable to stat
[Thu Jan 15 15:38:57.245061 2026] [php:error] [pid 44982] [client 45.148.10.143:0] script '/domains/bfitpro2/info.php' not found or unable to stat
[Thu Jan 15 15:38:57.894774 2026] [php:error] [pid 44987] [client 45.148.10.143:0] script '/domains/bfitpro2/server_info.php' not found or unable to stat
[Thu Jan 15 15:38:57.974882 2026] [php:error] [pid 44987] [client 45.148.10.143:0] script '/domains/bfitpro2/app_dev.php' not found or unable to stat
[Thu Jan 15 15:38:58.055551 2026] [php:error] [pid 44987] [client 45.148.10.143:0] script '/domains/bfitpro2/test.php' not found or unable to stat
[Thu Jan 15 15:38:58.135357 2026] [access_compat:error] [pid 44987] [client 45.148.10.143:0] AH01797: client denied by server configuration: /domains/bfitpro2/server-info
[Thu Jan 15 15:38:58.217196 2026] [php:error] [pid 44987] [client 45.148.10.143:0] script '/domains/bfitpro2/server-info.php' not found or unable to stat
[Thu Jan 15 15:39:57.540856 2026] [php:error] [pid 45018] [client 199.96.166.114:0] script '/domains/wsmith.enteract/wp-login.php' not found or unable to stat, referer: https://www.google.com
[Thu Jan 15 15:39:58.398001 2026] [php:error] [pid 45019] [client 199.96.166.114:0] script '/domains/wsmith.enteract/wp-login.php' not found or unable to stat, referer: https://www.google.com
[Thu Jan 15 15:40:32.544930 2026] [include:error] [pid 45028] [client 13.220.230.78:0] AH01371: unknown directive "code" in parsed doc /domains/testregisgroup/index.shtml
[Thu Jan 15 15:40:32.544961 2026] [include:error] [pid 45028] [client 13.220.230.78:0] AH01371: unknown directive "#code" in parsed doc /domains/testregisgroup/index.shtml
[Thu Jan 15 15:40:32.544976 2026] [include:error] [pid 45028] [client 13.220.230.78:0] AH01371: unknown directive "code" in parsed doc /domains/testregisgroup/index.shtml
[Thu Jan 15 15:40:32.544982 2026] [include:error] [pid 45028] [client 13.220.230.78:0] AH01371: unknown directive "code" in parsed doc /domains/testregisgroup/index.shtml
[Thu Jan 15 15:40:40.524824 2026] [php:error] [pid 45028] [client 4.217.221.142:0] script '/domains/supolo/abcd.php' not found or unable to stat
[Thu Jan 15 15:40:40.779026 2026] [php:error] [pid 45028] [client 4.217.221.142:0] script '/domains/supolo/about.php' not found or unable to stat
[Thu Jan 15 15:40:40.967032 2026] [php:error] [pid 45028] [client 4.217.221.142:0] script '/domains/supolo/chosen.php' not found or unable to stat
[Thu Jan 15 15:40:41.156397 2026] [php:error] [pid 45028] [client 4.217.221.142:0] script '/domains/supolo/default.php' not found or unable to stat
[Thu Jan 15 15:40:41.375714 2026] [php:error] [pid 45028] [client 4.217.221.142:0] script '/domains/supolo/ds.php' not found or unable to stat
[Thu Jan 15 15:40:41.563465 2026] [php:error] [pid 45028] [client 4.217.221.142:0] script '/domains/supolo/f5.php' not found or unable to stat
[Thu Jan 15 15:40:41.749007 2026] [php:error] [pid 45028] [client 4.217.221.142:0] script '/domains/supolo/ioxi-o.php' not found or unable to stat
[Thu Jan 15 15:40:41.935222 2026] [php:error] [pid 45028] [client 4.217.221.142:0] script '/domains/supolo/bolt.php' not found or unable to stat
[Thu Jan 15 15:40:42.125673 2026] [php:error] [pid 45028] [client 4.217.221.142:0] script '/domains/supolo/deepseek_d.php' not found or unable to stat
[Thu Jan 15 15:40:42.316988 2026] [php:error] [pid 45028] [client 4.217.221.142:0] script '/domains/supolo/pu9.php' not found or unable to stat
[Thu Jan 15 15:40:42.516018 2026] [php:error] [pid 45028] [client 4.217.221.142:0] script '/domains/supolo/wp-bat.php' not found or unable to stat
[Thu Jan 15 15:40:42.712643 2026] [php:error] [pid 45028] [client 4.217.221.142:0] script '/domains/supolo/file.php' not found or unable to stat
[Thu Jan 15 15:40:42.902168 2026] [php:error] [pid 45028] [client 4.217.221.142:0] script '/domains/supolo/god4m.php' not found or unable to stat
[Thu Jan 15 15:40:43.122137 2026] [php:error] [pid 45028] [client 4.217.221.142:0] script '/domains/supolo/info.php' not found or unable to stat
[Thu Jan 15 15:40:43.506464 2026] [php:error] [pid 45028] [client 4.217.221.142:0] script '/domains/supolo/test1.php' not found or unable to stat
[Thu Jan 15 15:40:43.527276 2026] [php:error] [pid 45031] [client 74.225.137.88:0] script '/domains/nostrada/abcd.php' not found or unable to stat
[Thu Jan 15 15:40:43.748956 2026] [php:error] [pid 45031] [client 74.225.137.88:0] script '/domains/nostrada/about.php' not found or unable to stat
[Thu Jan 15 15:40:43.963155 2026] [php:error] [pid 45031] [client 74.225.137.88:0] script '/domains/nostrada/chosen.php' not found or unable to stat
[Thu Jan 15 15:40:44.181718 2026] [php:error] [pid 45031] [client 74.225.137.88:0] script '/domains/nostrada/default.php' not found or unable to stat
[Thu Jan 15 15:40:44.273594 2026] [php:error] [pid 45028] [client 4.217.221.142:0] script '/domains/supolo/wp-good.php' not found or unable to stat
[Thu Jan 15 15:40:44.469552 2026] [php:error] [pid 45031] [client 74.225.137.88:0] script '/domains/nostrada/ds.php' not found or unable to stat
[Thu Jan 15 15:40:44.681298 2026] [php:error] [pid 45031] [client 74.225.137.88:0] script '/domains/nostrada/f5.php' not found or unable to stat
[Thu Jan 15 15:40:44.899209 2026] [php:error] [pid 45031] [client 74.225.137.88:0] script '/domains/nostrada/ioxi-o.php' not found or unable to stat
[Thu Jan 15 15:40:45.150070 2026] [php:error] [pid 45031] [client 74.225.137.88:0] script '/domains/nostrada/bolt.php' not found or unable to stat
[Thu Jan 15 15:40:45.362637 2026] [php:error] [pid 45031] [client 74.225.137.88:0] script '/domains/nostrada/deepseek_d.php' not found or unable to stat
[Thu Jan 15 15:40:45.578638 2026] [php:error] [pid 45031] [client 74.225.137.88:0] script '/domains/nostrada/pu9.php' not found or unable to stat
[Thu Jan 15 15:40:45.828329 2026] [php:error] [pid 45031] [client 74.225.137.88:0] script '/domains/nostrada/wp-bat.php' not found or unable to stat
[Thu Jan 15 15:40:46.037788 2026] [php:error] [pid 45028] [client 4.217.221.142:0] script '/domains/supolo/classwithtostring.php' not found or unable to stat
[Thu Jan 15 15:40:46.047623 2026] [php:error] [pid 45031] [client 74.225.137.88:0] script '/domains/nostrada/file.php' not found or unable to stat
[Thu Jan 15 15:40:46.226815 2026] [php:error] [pid 45028] [client 4.217.221.142:0] script '/domains/supolo/manager.php' not found or unable to stat
[Thu Jan 15 15:40:46.302238 2026] [php:error] [pid 45031] [client 74.225.137.88:0] script '/domains/nostrada/god4m.php' not found or unable to stat
[Thu Jan 15 15:40:46.428738 2026] [php:error] [pid 45028] [client 4.217.221.142:0] script '/domains/supolo/radio.php' not found or unable to stat
[Thu Jan 15 15:40:46.515317 2026] [php:error] [pid 45031] [client 74.225.137.88:0] script '/domains/nostrada/info.php' not found or unable to stat
[Thu Jan 15 15:40:46.636725 2026] [php:error] [pid 45028] [client 4.217.221.142:0] script '/domains/supolo/autoload_classmap.php' not found or unable to stat
[Thu Jan 15 15:40:46.986669 2026] [php:error] [pid 45031] [client 74.225.137.88:0] script '/domains/nostrada/test1.php' not found or unable to stat
[Thu Jan 15 15:40:47.980934 2026] [php:error] [pid 45028] [client 4.217.221.142:0] script '/domains/supolo/0.php' not found or unable to stat
[Thu Jan 15 15:40:47.982836 2026] [php:error] [pid 45031] [client 74.225.137.88:0] script '/domains/nostrada/wp-good.php' not found or unable to stat
[Thu Jan 15 15:40:48.171154 2026] [php:error] [pid 45028] [client 4.217.221.142:0] script '/domains/supolo/07.php' not found or unable to stat
[Thu Jan 15 15:40:48.362639 2026] [php:error] [pid 45028] [client 4.217.221.142:0] script '/domains/supolo/1.php' not found or unable to stat
[Thu Jan 15 15:40:48.843970 2026] [php:error] [pid 45028] [client 4.217.221.142:0] script '/domains/supolo/123.php' not found or unable to stat
[Thu Jan 15 15:40:49.263050 2026] [php:error] [pid 45028] [client 4.217.221.142:0] script '/domains/supolo/aa.php' not found or unable to stat
[Thu Jan 15 15:40:49.586715 2026] [php:error] [pid 45028] [client 4.217.221.142:0] script '/domains/supolo/admin.php' not found or unable to stat
[Thu Jan 15 15:40:50.033080 2026] [php:error] [pid 45031] [client 74.225.137.88:0] script '/domains/nostrada/classwithtostring.php' not found or unable to stat
[Thu Jan 15 15:40:50.158463 2026] [php:error] [pid 45028] [client 4.217.221.142:0] script '/domains/supolo/akc.php' not found or unable to stat
[Thu Jan 15 15:40:50.244705 2026] [php:error] [pid 45031] [client 74.225.137.88:0] script '/domains/nostrada/manager.php' not found or unable to stat
[Thu Jan 15 15:40:50.362196 2026] [php:error] [pid 45028] [client 4.217.221.142:0] script '/domains/supolo/akcc.php' not found or unable to stat
[Thu Jan 15 15:40:50.461191 2026] [php:error] [pid 45031] [client 74.225.137.88:0] script '/domains/nostrada/radio.php' not found or unable to stat
[Thu Jan 15 15:40:50.693436 2026] [php:error] [pid 45028] [client 4.217.221.142:0] script '/domains/supolo/asasx.php' not found or unable to stat
[Thu Jan 15 15:40:50.881985 2026] [php:error] [pid 45028] [client 4.217.221.142:0] script '/domains/supolo/asd.php' not found or unable to stat
[Thu Jan 15 15:40:50.883493 2026] [php:error] [pid 45031] [client 74.225.137.88:0] script '/domains/nostrada/autoload_classmap.php' not found or unable to stat
[Thu Jan 15 15:40:51.255697 2026] [php:error] [pid 45028] [client 4.217.221.142:0] script '/domains/supolo/atomlib.php' not found or unable to stat
[Thu Jan 15 15:40:51.445562 2026] [php:error] [pid 45028] [client 4.217.221.142:0] script '/domains/supolo/axx.php' not found or unable to stat
[Thu Jan 15 15:40:51.633051 2026] [php:error] [pid 45028] [client 4.217.221.142:0] script '/domains/supolo/berax.php' not found or unable to stat
[Thu Jan 15 15:40:52.012390 2026] [php:error] [pid 45028] [client 4.217.221.142:0] script '/domains/supolo/build.php' not found or unable to stat
[Thu Jan 15 15:40:52.210018 2026] [php:error] [pid 45028] [client 4.217.221.142:0] script '/domains/supolo/buy.php' not found or unable to stat
[Thu Jan 15 15:40:52.396032 2026] [php:error] [pid 45028] [client 4.217.221.142:0] script '/domains/supolo/checkbox.php' not found or unable to stat
[Thu Jan 15 15:40:52.445815 2026] [php:error] [pid 45031] [client 74.225.137.88:0] script '/domains/nostrada/0.php' not found or unable to stat
[Thu Jan 15 15:40:52.585145 2026] [php:error] [pid 45028] [client 4.217.221.142:0] script '/domains/supolo/cong.php' not found or unable to stat
[Thu Jan 15 15:40:52.661845 2026] [php:error] [pid 45031] [client 74.225.137.88:0] script '/domains/nostrada/07.php' not found or unable to stat
[Thu Jan 15 15:40:52.874433 2026] [php:error] [pid 45031] [client 74.225.137.88:0] script '/domains/nostrada/1.php' not found or unable to stat
[Thu Jan 15 15:40:52.907516 2026] [php:error] [pid 45028] [client 4.217.221.142:0] script '/domains/supolo/css.php' not found or unable to stat
[Thu Jan 15 15:40:53.085976 2026] [php:error] [pid 45031] [client 74.225.137.88:0] script '/domains/nostrada/123.php' not found or unable to stat
[Thu Jan 15 15:40:53.092541 2026] [php:error] [pid 45028] [client 4.217.221.142:0] script '/domains/supolo/dropdown.php' not found or unable to stat
[Thu Jan 15 15:40:53.296538 2026] [php:error] [pid 45028] [client 4.217.221.142:0] script '/domains/supolo/edit.php' not found or unable to stat
[Thu Jan 15 15:40:53.312757 2026] [php:error] [pid 45031] [client 74.225.137.88:0] script '/domains/nostrada/aa.php' not found or unable to stat
[Thu Jan 15 15:40:53.504592 2026] [php:error] [pid 45028] [client 4.217.221.142:0] script '/domains/supolo/file2.php' not found or unable to stat
[Thu Jan 15 15:40:53.577065 2026] [php:error] [pid 45031] [client 74.225.137.88:0] script '/domains/nostrada/admin.php' not found or unable to stat
[Thu Jan 15 15:40:53.770888 2026] [php:error] [pid 45028] [client 4.217.221.142:0] script '/domains/supolo/file4.php' not found or unable to stat
[Thu Jan 15 15:40:53.789575 2026] [php:error] [pid 45031] [client 74.225.137.88:0] script '/domains/nostrada/akc.php' not found or unable to stat
[Thu Jan 15 15:40:54.008845 2026] [php:error] [pid 45031] [client 74.225.137.88:0] script '/domains/nostrada/akcc.php' not found or unable to stat
[Thu Jan 15 15:40:54.009205 2026] [php:error] [pid 45028] [client 4.217.221.142:0] script '/domains/supolo/filemanager.php' not found or unable to stat
[Thu Jan 15 15:40:54.222382 2026] [php:error] [pid 45031] [client 74.225.137.88:0] script '/domains/nostrada/asasx.php' not found or unable to stat
[Thu Jan 15 15:40:54.304031 2026] [php:error] [pid 45028] [client 4.217.221.142:0] script '/domains/supolo/flower.php' not found or unable to stat
[Thu Jan 15 15:40:54.436564 2026] [php:error] [pid 45031] [client 74.225.137.88:0] script '/domains/nostrada/asd.php' not found or unable to stat
[Thu Jan 15 15:40:54.496363 2026] [php:error] [pid 45028] [client 4.217.221.142:0] script '/domains/supolo/form.php' not found or unable to stat
[Thu Jan 15 15:40:54.659679 2026] [php:error] [pid 45031] [client 74.225.137.88:0] script '/domains/nostrada/atomlib.php' not found or unable to stat
[Thu Jan 15 15:40:54.688146 2026] [php:error] [pid 45028] [client 4.217.221.142:0] script '/domains/supolo/kyami.php' not found or unable to stat
[Thu Jan 15 15:40:54.880563 2026] [php:error] [pid 45031] [client 74.225.137.88:0] script '/domains/nostrada/axx.php' not found or unable to stat
[Thu Jan 15 15:40:54.890506 2026] [php:error] [pid 45028] [client 4.217.221.142:0] script '/domains/supolo/makeasmtp.php' not found or unable to stat
[Thu Jan 15 15:40:55.104445 2026] [php:error] [pid 45028] [client 4.217.221.142:0] script '/domains/supolo/mari.php' not found or unable to stat
[Thu Jan 15 15:40:55.104772 2026] [php:error] [pid 45031] [client 74.225.137.88:0] script '/domains/nostrada/berax.php' not found or unable to stat
[Thu Jan 15 15:40:55.290380 2026] [php:error] [pid 45028] [client 4.217.221.142:0] script '/domains/supolo/moon.php' not found or unable to stat
[Thu Jan 15 15:40:55.324989 2026] [php:error] [pid 45031] [client 74.225.137.88:0] script '/domains/nostrada/build.php' not found or unable to stat
[Thu Jan 15 15:40:55.541923 2026] [php:error] [pid 45031] [client 74.225.137.88:0] script '/domains/nostrada/buy.php' not found or unable to stat
[Thu Jan 15 15:40:55.557650 2026] [php:error] [pid 45028] [client 4.217.221.142:0] script '/domains/supolo/new.php' not found or unable to stat
[Thu Jan 15 15:40:55.759248 2026] [php:error] [pid 45031] [client 74.225.137.88:0] script '/domains/nostrada/checkbox.php' not found or unable to stat
[Thu Jan 15 15:40:55.761625 2026] [php:error] [pid 45028] [client 4.217.221.142:0] script '/domains/supolo/wp-activate.php' not found or unable to stat
[Thu Jan 15 15:40:55.972910 2026] [php:error] [pid 45031] [client 74.225.137.88:0] script '/domains/nostrada/cong.php' not found or unable to stat
[Thu Jan 15 15:40:56.125295 2026] [php:error] [pid 45028] [client 4.217.221.142:0] script '/domains/supolo/wp-admin.php' not found or unable to stat
[Thu Jan 15 15:40:56.203189 2026] [php:error] [pid 45031] [client 74.225.137.88:0] script '/domains/nostrada/css.php' not found or unable to stat
[Thu Jan 15 15:40:56.430328 2026] [php:error] [pid 45028] [client 4.217.221.142:0] script '/domains/supolo/wp-trackback.php' not found or unable to stat
[Thu Jan 15 15:40:56.534671 2026] [php:error] [pid 45031] [client 74.225.137.88:0] script '/domains/nostrada/dropdown.php' not found or unable to stat
[Thu Jan 15 15:40:56.630735 2026] [php:error] [pid 45028] [client 4.217.221.142:0] script '/domains/supolo/xmlrpc.php' not found or unable to stat
[Thu Jan 15 15:40:56.838136 2026] [php:error] [pid 45028] [client 4.217.221.142:0] script '/domains/supolo/xmrlpc.php' not found or unable to stat
[Thu Jan 15 15:40:56.903385 2026] [php:error] [pid 45031] [client 74.225.137.88:0] script '/domains/nostrada/edit.php' not found or unable to stat
[Thu Jan 15 15:40:57.027496 2026] [php:error] [pid 45028] [client 4.217.221.142:0] script '/domains/supolo/adminfuns.php' not found or unable to stat
[Thu Jan 15 15:40:57.117309 2026] [php:error] [pid 45031] [client 74.225.137.88:0] script '/domains/nostrada/file2.php' not found or unable to stat
[Thu Jan 15 15:40:57.334407 2026] [php:error] [pid 45031] [client 74.225.137.88:0] script '/domains/nostrada/file4.php' not found or unable to stat
[Thu Jan 15 15:40:57.754078 2026] [php:error] [pid 45031] [client 74.225.137.88:0] script '/domains/nostrada/filemanager.php' not found or unable to stat
