[Thu Jan 15 18:17:11.479793 2026] [php:error] [pid 81454] [client 20.39.50.42:0] script '/domains/fryer/wp-configs.php' not found or unable to stat
[Thu Jan 15 18:17:11.498849 2026] [php:error] [pid 81454] [client 20.39.50.42:0] script '/domains/fryer/xmlrpc.php' not found or unable to stat
[Thu Jan 15 18:17:11.502046 2026] [php:error] [pid 81454] [client 20.39.50.42:0] script '/domains/fryer/file56.php' not found or unable to stat
[Thu Jan 15 18:17:11.505431 2026] [php:error] [pid 81454] [client 20.39.50.42:0] script '/domains/fryer/990.php' not found or unable to stat
[Thu Jan 15 18:17:11.509229 2026] [php:error] [pid 81454] [client 20.39.50.42:0] script '/domains/fryer/error.php' not found or unable to stat
[Thu Jan 15 18:17:11.512672 2026] [php:error] [pid 81454] [client 20.39.50.42:0] script '/domains/fryer/admin.php' not found or unable to stat
[Thu Jan 15 18:17:11.516728 2026] [php:error] [pid 81454] [client 20.39.50.42:0] script '/domains/fryer/bless.php' not found or unable to stat
[Thu Jan 15 18:17:19.623977 2026] [php:error] [pid 81455] [client 34.96.162.53:0] script '/domains/mschmid/adminer-5.0.5-mysql-en.php' not found or unable to stat
[Thu Jan 15 18:17:40.017149 2026] [php:error] [pid 81455] [client 34.96.162.57:0] script '/domains/mschmid/adminer-5.0.6-en.php' not found or unable to stat
[Thu Jan 15 18:17:42.375654 2026] [php:error] [pid 81430] [client 34.96.162.60:0] script '/domains/mschmid/db.php' not found or unable to stat
[Thu Jan 15 18:17:44.806808 2026] [php:error] [pid 81449] [client 35.247.243.248:0] script '/domains/mschmid/adminer-5.0.4-en.php' not found or unable to stat
[Thu Jan 15 18:17:48.109066 2026] [php:error] [pid 81468] [client 34.96.162.59:0] script '/domains/mschmid/adminer-4.6.1.php' not found or unable to stat
[Thu Jan 15 18:18:01.729928 2026] [php:error] [pid 81430] [client 34.96.162.56:0] script '/domains/mschmid/adminer-4.8.1.php' not found or unable to stat
[Thu Jan 15 18:18:06.128649 2026] [php:error] [pid 81463] [client 34.96.162.59:0] script '/domains/mschmid/adminer-5.4.1-en.php' not found or unable to stat
[Thu Jan 15 18:18:13.526097 2026] [php:error] [pid 81469] [client 35.247.243.240:0] script '/domains/mschmid/adminer-5.0.3-mysql.php' not found or unable to stat
[Thu Jan 15 18:18:23.002021 2026] [php:error] [pid 81476] [client 35.247.243.246:0] script '/domains/mschmid/adminer-4.8.1-en.php' not found or unable to stat
[Thu Jan 15 18:18:29.264026 2026] [php:error] [pid 81482] [client 34.96.162.62:0] script '/domains/mschmid/_adminer.php' not found or unable to stat
[Thu Jan 15 18:18:32.755221 2026] [php:error] [pid 81478] [client 34.96.162.60:0] script '/domains/mschmid/adminer-5.0.6-mysql-en.php' not found or unable to stat
[Thu Jan 15 18:18:33.885411 2026] [php:error] [pid 81480] [client 34.96.162.51:0] script '/domains/mschmid/adminer-4.8.1-mysql-en.php' not found or unable to stat
[Thu Jan 15 18:18:39.108245 2026] [php:error] [pid 81480] [client 34.96.162.50:0] script '/domains/mschmid/ADMINER.php' not found or unable to stat
[Thu Jan 15 18:18:47.035175 2026] [php:error] [pid 81474] [client 35.247.243.251:0] script '/domains/mschmid/adminer-4.7.0.php' not found or unable to stat
[Thu Jan 15 18:18:49.620321 2026] [php:error] [pid 81481] [client 34.96.162.51:0] script '/domains/mschmid/adminer-5.3.0-mysql.php' not found or unable to stat
[Thu Jan 15 18:18:52.540850 2026] [php:error] [pid 81449] [client 34.96.162.52:0] script '/domains/mschmid/adminer-5.0.2.php' not found or unable to stat
[Thu Jan 15 18:18:56.404993 2026] [php:error] [pid 81477] [client 159.65.3.210:0] script '/domains/astrosfm/wp-login.php' not found or unable to stat
[Thu Jan 15 18:19:01.944599 2026] [php:error] [pid 81477] [client 35.247.243.252:0] script '/domains/mschmid/adminer-4.16.0.php' not found or unable to stat
[Thu Jan 15 18:19:21.656252 2026] [php:error] [pid 81481] [client 35.247.243.251:0] script '/domains/mschmid/adminer-5.0.4-mysql.php' not found or unable to stat
[Thu Jan 15 18:19:31.218093 2026] [authz_core:error] [pid 81477] [client 66.249.66.11:0] AH01630: client denied by server configuration: /domains/hungariantasteweb/.html
[Thu Jan 15 18:19:36.459188 2026] [php:error] [pid 81481] [client 34.96.162.48:0] script '/domains/mschmid/adminer.php' not found or unable to stat
[Thu Jan 15 18:19:39.807193 2026] [php:error] [pid 81477] [client 35.247.243.255:0] script '/domains/mschmid/adminer-5.2.0.php' not found or unable to stat
[Thu Jan 15 18:19:51.380265 2026] [php:error] [pid 81488] [client 35.247.243.253:0] script '/domains/mschmid/adminer-5.0.6.php' not found or unable to stat
[Thu Jan 15 18:19:52.673442 2026] [php:error] [pid 81484] [client 141.98.11.189:0] script '/domains/assetenhance/wp-login.php' not found or unable to stat, referer: https://t.co/
[Thu Jan 15 18:19:52.991570 2026] [php:error] [pid 81484] [client 141.98.11.189:0] script '/domains/assetenhance/wp-login.php' not found or unable to stat
[Thu Jan 15 18:20:00.527360 2026] [php:error] [pid 81449] [client 34.96.162.60:0] script '/domains/mschmid/adminer-5.0.3-mysql-en.php' not found or unable to stat
[Thu Jan 15 18:20:10.151065 2026] [php:error] [pid 81490] [client 34.96.162.55:0] script '/domains/mschmid/adminer-4.2.0.php' not found or unable to stat
[Thu Jan 15 18:20:18.279508 2026] [php:error] [pid 81485] [client 35.247.243.248:0] script '/domains/mschmid/adminer-5.1.0-mysql-en.php' not found or unable to stat
[Thu Jan 15 18:20:18.493040 2026] [php:error] [pid 81484] [client 35.247.243.254:0] script '/domains/mschmid/adminer-5.0.2.php' not found or unable to stat
[Thu Jan 15 18:20:19.575361 2026] [php:error] [pid 81480] [client 34.96.162.50:0] script '/domains/mschmid/adminer-5.0.3-en.php' not found or unable to stat
[Thu Jan 15 18:20:20.550896 2026] [php:error] [pid 81486] [client 35.247.243.252:0] script '/domains/mschmid/adminer-5.0.4-mysql.php' not found or unable to stat
[Thu Jan 15 18:20:24.037695 2026] [php:error] [pid 81477] [client 34.96.162.51:0] script '/domains/mschmid/adminer-5.0.4.php' not found or unable to stat
[Thu Jan 15 18:20:26.374259 2026] [php:error] [pid 81481] [client 35.247.243.253:0] script '/domains/mschmid/adminer-5.0.5.php' not found or unable to stat
[Thu Jan 15 18:20:30.071099 2026] [php:error] [pid 81486] [client 34.96.162.61:0] script '/domains/mschmid/adminer-5.2.1.php' not found or unable to stat
[Thu Jan 15 18:20:31.241972 2026] [php:error] [pid 81481] [client 35.247.243.244:0] script '/domains/mschmid/adminer-5.0.6.php' not found or unable to stat
[Thu Jan 15 18:20:32.351136 2026] [php:error] [pid 81486] [client 35.247.243.249:0] script '/domains/mschmid/adminer-5.4.1-en.php' not found or unable to stat
[Thu Jan 15 18:20:33.493014 2026] [php:error] [pid 81480] [client 35.247.243.253:0] script '/domains/mschmid/adminer-5.4.0.php' not found or unable to stat
[Thu Jan 15 18:20:37.196932 2026] [php:error] [pid 81480] [client 35.247.243.249:0] script '/domains/mschmid/adminer-5.0.3-mysql-en.php' not found or unable to stat
[Thu Jan 15 18:20:43.716635 2026] [php:error] [pid 81480] [client 5.189.187.80:0] script '/domains/astrosfm/wp-login.php' not found or unable to stat, referer: https://duckduckgo.com/
[Thu Jan 15 18:20:43.904464 2026] [php:error] [pid 81486] [client 5.189.187.80:0] script '/domains/astrosfm/wp-login.php' not found or unable to stat
[Thu Jan 15 18:20:46.309115 2026] [php:error] [pid 81486] [client 35.247.243.242:0] script '/domains/mschmid/adminer-4.6.0.php' not found or unable to stat
[Thu Jan 15 18:20:47.583970 2026] [php:error] [pid 81481] [client 34.96.162.62:0] script '/domains/mschmid/adminer-4.1.0.php' not found or unable to stat
[Thu Jan 15 18:20:59.388059 2026] [php:error] [pid 81481] [client 35.247.243.250:0] script '/domains/mschmid/adminer-5.0.5-en.php' not found or unable to stat
[Thu Jan 15 18:20:59.808793 2026] [php:error] [pid 81495] [client 34.96.162.54:0] script '/domains/mschmid/SQL.php' not found or unable to stat
[Thu Jan 15 18:21:07.136624 2026] [php:error] [pid 81486] [client 35.247.243.254:0] script '/domains/mschmid/adminer-5.0.2-en.php' not found or unable to stat
[Thu Jan 15 18:21:08.133680 2026] [php:error] [pid 81485] [client 35.247.243.246:0] script '/domains/mschmid/adminer-4.8.1-mysql.php' not found or unable to stat
[Thu Jan 15 18:21:12.900124 2026] [php:error] [pid 81502] [client 84.115.239.3:0] script '/domains/markrose/wp-login.php' not found or unable to stat
[Thu Jan 15 18:21:13.248971 2026] [php:error] [pid 81501] [client 34.96.162.53:0] script '/domains/mschmid/adminer-5.0.2-mysql-en.php' not found or unable to stat
[Thu Jan 15 18:21:15.087623 2026] [core:crit] [pid 81505] (13)Permission denied: [client 114.119.140.115:0] AH00529: /domains/dcarlone/test/web/.htaccess pcfg_openfile: unable to check htaccess file, ensure it is readable and that '/domains/dcarlone/test/web/' is executable
[Thu Jan 15 18:21:20.229706 2026] [php:error] [pid 81480] [client 35.247.243.249:0] script '/domains/mschmid/adminer-5.0.6-mysql.php' not found or unable to stat
[Thu Jan 15 18:21:30.521318 2026] [php:error] [pid 81504] [client 34.96.162.55:0] script '/domains/mschmid/Adminer.php' not found or unable to stat
[Thu Jan 15 18:21:33.606986 2026] [php:error] [pid 81499] [client 35.247.243.247:0] script '/domains/mschmid/adminer-5.4.1-mysql.php' not found or unable to stat
[Thu Jan 15 18:21:38.440027 2026] [php:error] [pid 81498] [client 35.247.243.242:0] script '/domains/mschmid/adminer-4.3.0.php' not found or unable to stat
[Thu Jan 15 18:21:44.177140 2026] [php:error] [pid 81498] [client 112.213.108.95:0] script '/domains/deltaele/wp-login.php' not found or unable to stat, referer: https://www.google.com/
[Thu Jan 15 18:21:44.879359 2026] [php:error] [pid 81506] [client 112.213.108.95:0] script '/domains/deltaele/admin.php' not found or unable to stat, referer: https://www.google.com/
[Thu Jan 15 18:21:53.303250 2026] [php:error] [pid 81506] [client 34.96.162.57:0] script '/domains/mschmid/adminer-5.0.3-mysql.php' not found or unable to stat
[Thu Jan 15 18:21:54.498139 2026] [php:error] [pid 81499] [client 34.96.162.57:0] script '/domains/mschmid/adminer-4.8.1-mysql.php' not found or unable to stat
[Thu Jan 15 18:21:55.744976 2026] [php:error] [pid 81502] [client 4.217.221.142:0] script '/domains/brenties/abcd.php' not found or unable to stat
[Thu Jan 15 18:21:55.940037 2026] [php:error] [pid 81502] [client 4.217.221.142:0] script '/domains/brenties/about.php' not found or unable to stat
[Thu Jan 15 18:21:56.165750 2026] [php:error] [pid 81502] [client 4.217.221.142:0] script '/domains/brenties/chosen.php' not found or unable to stat
[Thu Jan 15 18:21:56.439478 2026] [php:error] [pid 81502] [client 4.217.221.142:0] script '/domains/brenties/default.php' not found or unable to stat
[Thu Jan 15 18:21:56.641632 2026] [php:error] [pid 81502] [client 4.217.221.142:0] script '/domains/brenties/ds.php' not found or unable to stat
[Thu Jan 15 18:21:56.834758 2026] [php:error] [pid 81502] [client 4.217.221.142:0] script '/domains/brenties/f5.php' not found or unable to stat
[Thu Jan 15 18:21:56.997709 2026] [php:error] [pid 81506] [client 20.39.50.42:0] script '/domains/cccweb/ver.php' not found or unable to stat
[Thu Jan 15 18:21:57.037033 2026] [php:error] [pid 81502] [client 4.217.221.142:0] script '/domains/brenties/ioxi-o.php' not found or unable to stat
[Thu Jan 15 18:21:57.175362 2026] [php:error] [pid 81506] [client 20.39.50.42:0] script '/domains/cccweb/ultra.php' not found or unable to stat
[Thu Jan 15 18:21:57.187068 2026] [php:error] [pid 81506] [client 20.39.50.42:0] script '/domains/cccweb/pro.php' not found or unable to stat
[Thu Jan 15 18:21:57.199673 2026] [php:error] [pid 81506] [client 20.39.50.42:0] script '/domains/cccweb/wp-good.php' not found or unable to stat
[Thu Jan 15 18:21:57.219703 2026] [php:error] [pid 81506] [client 20.39.50.42:0] script '/domains/cccweb/e.php' not found or unable to stat
[Thu Jan 15 18:21:57.230602 2026] [php:error] [pid 81506] [client 20.39.50.42:0] script '/domains/cccweb/data.php' not found or unable to stat
[Thu Jan 15 18:21:57.234428 2026] [php:error] [pid 81506] [client 20.39.50.42:0] script '/domains/cccweb/abcd.php' not found or unable to stat
[Thu Jan 15 18:21:57.240304 2026] [php:error] [pid 81502] [client 4.217.221.142:0] script '/domains/brenties/bolt.php' not found or unable to stat
[Thu Jan 15 18:21:57.247901 2026] [php:error] [pid 81506] [client 20.39.50.42:0] script '/domains/cccweb/z.php' not found or unable to stat
[Thu Jan 15 18:21:57.251451 2026] [php:error] [pid 81506] [client 20.39.50.42:0] script '/domains/cccweb/css.php' not found or unable to stat
[Thu Jan 15 18:21:57.255102 2026] [php:error] [pid 81506] [client 20.39.50.42:0] script '/domains/cccweb/image.php' not found or unable to stat
[Thu Jan 15 18:21:57.258651 2026] [php:error] [pid 81506] [client 20.39.50.42:0] script '/domains/cccweb/file22.php' not found or unable to stat
[Thu Jan 15 18:21:57.262234 2026] [php:error] [pid 81506] [client 20.39.50.42:0] script '/domains/cccweb/check.php' not found or unable to stat
[Thu Jan 15 18:21:57.266216 2026] [php:error] [pid 81506] [client 20.39.50.42:0] script '/domains/cccweb/wp-header-json.php' not found or unable to stat
[Thu Jan 15 18:21:57.269918 2026] [php:error] [pid 81506] [client 20.39.50.42:0] script '/domains/cccweb/fm.php' not found or unable to stat
[Thu Jan 15 18:21:57.274065 2026] [php:error] [pid 81506] [client 20.39.50.42:0] script '/domains/cccweb/1.php' not found or unable to stat
[Thu Jan 15 18:21:57.287295 2026] [php:error] [pid 81506] [client 20.39.50.42:0] script '/domains/cccweb/ws.php' not found or unable to stat
[Thu Jan 15 18:21:57.356289 2026] [php:error] [pid 81506] [client 20.39.50.42:0] script '/domains/cccweb/xxxx.php' not found or unable to stat
[Thu Jan 15 18:21:57.451695 2026] [php:error] [pid 81502] [client 4.217.221.142:0] script '/domains/brenties/deepseek_d.php' not found or unable to stat
[Thu Jan 15 18:21:57.461532 2026] [php:error] [pid 81506] [client 20.39.50.42:0] script '/domains/cccweb/wp-configs.php' not found or unable to stat
[Thu Jan 15 18:21:57.465834 2026] [php:error] [pid 81506] [client 20.39.50.42:0] script '/domains/cccweb/xmlrpc.php' not found or unable to stat
[Thu Jan 15 18:21:57.469355 2026] [php:error] [pid 81506] [client 20.39.50.42:0] script '/domains/cccweb/file56.php' not found or unable to stat
[Thu Jan 15 18:21:57.472862 2026] [php:error] [pid 81506] [client 20.39.50.42:0] script '/domains/cccweb/990.php' not found or unable to stat
[Thu Jan 15 18:21:57.476596 2026] [php:error] [pid 81506] [client 20.39.50.42:0] script '/domains/cccweb/error.php' not found or unable to stat
[Thu Jan 15 18:21:57.480448 2026] [php:error] [pid 81506] [client 20.39.50.42:0] script '/domains/cccweb/admin.php' not found or unable to stat
[Thu Jan 15 18:21:57.483987 2026] [php:error] [pid 81506] [client 20.39.50.42:0] script '/domains/cccweb/bless.php' not found or unable to stat
[Thu Jan 15 18:21:57.723149 2026] [php:error] [pid 81502] [client 4.217.221.142:0] script '/domains/brenties/pu9.php' not found or unable to stat
[Thu Jan 15 18:21:57.916317 2026] [php:error] [pid 81502] [client 4.217.221.142:0] script '/domains/brenties/wp-bat.php' not found or unable to stat
[Thu Jan 15 18:21:58.123021 2026] [php:error] [pid 81502] [client 4.217.221.142:0] script '/domains/brenties/file.php' not found or unable to stat
[Thu Jan 15 18:21:58.315915 2026] [php:error] [pid 81502] [client 4.217.221.142:0] script '/domains/brenties/god4m.php' not found or unable to stat
[Thu Jan 15 18:21:58.535907 2026] [php:error] [pid 81502] [client 4.217.221.142:0] script '/domains/brenties/info.php' not found or unable to stat
[Thu Jan 15 18:21:59.049289 2026] [php:error] [pid 81502] [client 4.217.221.142:0] script '/domains/brenties/test1.php' not found or unable to stat
[Thu Jan 15 18:21:59.826648 2026] [php:error] [pid 81502] [client 4.217.221.142:0] script '/domains/brenties/wp-good.php' not found or unable to stat
[Thu Jan 15 18:22:00.388676 2026] [php:error] [pid 81498] [client 34.96.162.51:0] script '/domains/mschmid/adminer-5.0.2-mysql-en.php' not found or unable to stat
[Thu Jan 15 18:22:01.404982 2026] [php:error] [pid 81502] [client 4.217.221.142:0] script '/domains/brenties/classwithtostring.php' not found or unable to stat
[Thu Jan 15 18:22:01.597511 2026] [php:error] [pid 81502] [client 4.217.221.142:0] script '/domains/brenties/manager.php' not found or unable to stat
[Thu Jan 15 18:22:01.796492 2026] [php:error] [pid 81502] [client 4.217.221.142:0] script '/domains/brenties/radio.php' not found or unable to stat
[Thu Jan 15 18:22:01.992669 2026] [php:error] [pid 81502] [client 4.217.221.142:0] script '/domains/brenties/autoload_classmap.php' not found or unable to stat
[Thu Jan 15 18:22:03.164657 2026] [php:error] [pid 81502] [client 4.217.221.142:0] script '/domains/brenties/0.php' not found or unable to stat
[Thu Jan 15 18:22:03.358174 2026] [php:error] [pid 81502] [client 4.217.221.142:0] script '/domains/brenties/07.php' not found or unable to stat
[Thu Jan 15 18:22:03.592730 2026] [php:error] [pid 81502] [client 4.217.221.142:0] script '/domains/brenties/1.php' not found or unable to stat
[Thu Jan 15 18:22:03.797324 2026] [php:error] [pid 81502] [client 4.217.221.142:0] script '/domains/brenties/123.php' not found or unable to stat
[Thu Jan 15 18:22:03.994889 2026] [php:error] [pid 81502] [client 4.217.221.142:0] script '/domains/brenties/aa.php' not found or unable to stat
[Thu Jan 15 18:22:04.200122 2026] [php:error] [pid 81502] [client 4.217.221.142:0] script '/domains/brenties/admin.php' not found or unable to stat
[Thu Jan 15 18:22:04.455171 2026] [php:error] [pid 81502] [client 4.217.221.142:0] script '/domains/brenties/akc.php' not found or unable to stat
[Thu Jan 15 18:22:04.651185 2026] [php:error] [pid 81502] [client 4.217.221.142:0] script '/domains/brenties/akcc.php' not found or unable to stat
[Thu Jan 15 18:22:04.861222 2026] [php:error] [pid 81502] [client 4.217.221.142:0] script '/domains/brenties/asasx.php' not found or unable to stat
[Thu Jan 15 18:22:05.055777 2026] [php:error] [pid 81502] [client 4.217.221.142:0] script '/domains/brenties/asd.php' not found or unable to stat
[Thu Jan 15 18:22:05.251651 2026] [php:error] [pid 81502] [client 4.217.221.142:0] script '/domains/brenties/atomlib.php' not found or unable to stat
[Thu Jan 15 18:22:05.481611 2026] [php:error] [pid 81502] [client 4.217.221.142:0] script '/domains/brenties/axx.php' not found or unable to stat
[Thu Jan 15 18:22:05.682648 2026] [php:error] [pid 81502] [client 4.217.221.142:0] script '/domains/brenties/berax.php' not found or unable to stat
[Thu Jan 15 18:22:05.918423 2026] [php:error] [pid 81502] [client 4.217.221.142:0] script '/domains/brenties/build.php' not found or unable to stat
[Thu Jan 15 18:22:06.127610 2026] [php:error] [pid 81502] [client 4.217.221.142:0] script '/domains/brenties/buy.php' not found or unable to stat
[Thu Jan 15 18:22:06.332935 2026] [php:error] [pid 81502] [client 4.217.221.142:0] script '/domains/brenties/checkbox.php' not found or unable to stat
[Thu Jan 15 18:22:06.539255 2026] [php:error] [pid 81502] [client 4.217.221.142:0] script '/domains/brenties/cong.php' not found or unable to stat
[Thu Jan 15 18:22:06.781107 2026] [php:error] [pid 81502] [client 4.217.221.142:0] script '/domains/brenties/css.php' not found or unable to stat
[Thu Jan 15 18:22:07.000408 2026] [php:error] [pid 81502] [client 4.217.221.142:0] script '/domains/brenties/dropdown.php' not found or unable to stat
[Thu Jan 15 18:22:07.197744 2026] [php:error] [pid 81502] [client 4.217.221.142:0] script '/domains/brenties/edit.php' not found or unable to stat
[Thu Jan 15 18:22:07.626420 2026] [php:error] [pid 81502] [client 4.217.221.142:0] script '/domains/brenties/file2.php' not found or unable to stat
[Thu Jan 15 18:22:07.818947 2026] [php:error] [pid 81502] [client 4.217.221.142:0] script '/domains/brenties/file4.php' not found or unable to stat
[Thu Jan 15 18:22:08.123496 2026] [php:error] [pid 81502] [client 4.217.221.142:0] script '/domains/brenties/filemanager.php' not found or unable to stat
[Thu Jan 15 18:22:08.330242 2026] [php:error] [pid 81502] [client 4.217.221.142:0] script '/domains/brenties/flower.php' not found or unable to stat
[Thu Jan 15 18:22:08.657687 2026] [php:error] [pid 81502] [client 4.217.221.142:0] script '/domains/brenties/form.php' not found or unable to stat
[Thu Jan 15 18:22:08.851954 2026] [php:error] [pid 81502] [client 4.217.221.142:0] script '/domains/brenties/kyami.php' not found or unable to stat
[Thu Jan 15 18:22:09.044774 2026] [php:error] [pid 81502] [client 4.217.221.142:0] script '/domains/brenties/makeasmtp.php' not found or unable to stat
[Thu Jan 15 18:22:09.294353 2026] [php:error] [pid 81502] [client 4.217.221.142:0] script '/domains/brenties/mari.php' not found or unable to stat
[Thu Jan 15 18:22:09.627830 2026] [php:error] [pid 81502] [client 4.217.221.142:0] script '/domains/brenties/moon.php' not found or unable to stat
[Thu Jan 15 18:22:09.866111 2026] [php:error] [pid 81502] [client 4.217.221.142:0] script '/domains/brenties/new.php' not found or unable to stat
[Thu Jan 15 18:22:10.087958 2026] [php:error] [pid 81502] [client 4.217.221.142:0] script '/domains/brenties/wp-activate.php' not found or unable to stat
[Thu Jan 15 18:22:10.393688 2026] [php:error] [pid 81502] [client 4.217.221.142:0] script '/domains/brenties/wp-admin.php' not found or unable to stat
[Thu Jan 15 18:22:10.592452 2026] [php:error] [pid 81502] [client 4.217.221.142:0] script '/domains/brenties/wp-trackback.php' not found or unable to stat
[Thu Jan 15 18:22:10.785826 2026] [php:error] [pid 81502] [client 4.217.221.142:0] script '/domains/brenties/xmlrpc.php' not found or unable to stat
[Thu Jan 15 18:22:11.078980 2026] [php:error] [pid 81502] [client 4.217.221.142:0] script '/domains/brenties/xmrlpc.php' not found or unable to stat
[Thu Jan 15 18:22:11.380367 2026] [php:error] [pid 81502] [client 4.217.221.142:0] script '/domains/brenties/adminfuns.php' not found or unable to stat
[Thu Jan 15 18:22:14.804257 2026] [php:error] [pid 81498] [client 35.247.243.241:0] script '/domains/mschmid/sql.php' not found or unable to stat
[Thu Jan 15 18:22:17.473078 2026] [php:error] [pid 81480] [client 35.247.243.251:0] script '/domains/mschmid/adminer-4.6.1.php' not found or unable to stat
[Thu Jan 15 18:22:30.067068 2026] [php:error] [pid 81480] [client 35.247.243.255:0] script '/domains/mschmid/adminer-4.7.5.php' not found or unable to stat
[Thu Jan 15 18:22:31.346225 2026] [php:error] [pid 81502] [client 34.96.162.61:0] script '/domains/mschmid/adminer-4.1.0.php' not found or unable to stat
[Thu Jan 15 18:22:40.512376 2026] [php:error] [pid 81514] [client 20.39.50.42:0] script '/domains/mschmid/ver.php' not found or unable to stat
[Thu Jan 15 18:22:40.521966 2026] [php:error] [pid 81514] [client 20.39.50.42:0] script '/domains/mschmid/ultra.php' not found or unable to stat
[Thu Jan 15 18:22:40.539575 2026] [php:error] [pid 81514] [client 20.39.50.42:0] script '/domains/mschmid/pro.php' not found or unable to stat
[Thu Jan 15 18:22:40.543500 2026] [php:error] [pid 81514] [client 20.39.50.42:0] script '/domains/mschmid/wp-good.php' not found or unable to stat
[Thu Jan 15 18:22:40.547084 2026] [php:error] [pid 81514] [client 20.39.50.42:0] script '/domains/mschmid/e.php' not found or unable to stat
[Thu Jan 15 18:22:40.552206 2026] [php:error] [pid 81514] [client 20.39.50.42:0] script '/domains/mschmid/data.php' not found or unable to stat
[Thu Jan 15 18:22:40.557960 2026] [php:error] [pid 81514] [client 20.39.50.42:0] script '/domains/mschmid/abcd.php' not found or unable to stat
[Thu Jan 15 18:22:40.580139 2026] [php:error] [pid 81514] [client 20.39.50.42:0] script '/domains/mschmid/z.php' not found or unable to stat
[Thu Jan 15 18:22:40.583912 2026] [php:error] [pid 81514] [client 20.39.50.42:0] script '/domains/mschmid/css.php' not found or unable to stat
[Thu Jan 15 18:22:40.678630 2026] [php:error] [pid 81514] [client 20.39.50.42:0] script '/domains/mschmid/image.php' not found or unable to stat
[Thu Jan 15 18:22:40.696145 2026] [php:error] [pid 81514] [client 20.39.50.42:0] script '/domains/mschmid/file22.php' not found or unable to stat
[Thu Jan 15 18:22:40.704370 2026] [php:error] [pid 81514] [client 20.39.50.42:0] script '/domains/mschmid/check.php' not found or unable to stat
[Thu Jan 15 18:22:40.733466 2026] [php:error] [pid 81514] [client 20.39.50.42:0] script '/domains/mschmid/wp-header-json.php' not found or unable to stat
[Thu Jan 15 18:22:40.737382 2026] [php:error] [pid 81514] [client 20.39.50.42:0] script '/domains/mschmid/fm.php' not found or unable to stat
[Thu Jan 15 18:22:40.759216 2026] [php:error] [pid 81514] [client 20.39.50.42:0] script '/domains/mschmid/1.php' not found or unable to stat
[Thu Jan 15 18:22:40.763064 2026] [php:error] [pid 81514] [client 20.39.50.42:0] script '/domains/mschmid/ws.php' not found or unable to stat
[Thu Jan 15 18:22:40.772801 2026] [php:error] [pid 81514] [client 20.39.50.42:0] script '/domains/mschmid/xxxx.php' not found or unable to stat
[Thu Jan 15 18:22:40.872202 2026] [php:error] [pid 81514] [client 20.39.50.42:0] script '/domains/mschmid/wp-configs.php' not found or unable to stat
[Thu Jan 15 18:22:40.883832 2026] [php:error] [pid 81514] [client 20.39.50.42:0] script '/domains/mschmid/xmlrpc.php' not found or unable to stat
[Thu Jan 15 18:22:40.938790 2026] [php:error] [pid 81504] [client 34.96.162.54:0] script '/domains/mschmid/adminer-5.4.1.php' not found or unable to stat
[Thu Jan 15 18:22:40.987077 2026] [php:error] [pid 81514] [client 20.39.50.42:0] script '/domains/mschmid/file56.php' not found or unable to stat
[Thu Jan 15 18:22:40.991560 2026] [php:error] [pid 81514] [client 20.39.50.42:0] script '/domains/mschmid/990.php' not found or unable to stat
[Thu Jan 15 18:22:40.994898 2026] [php:error] [pid 81514] [client 20.39.50.42:0] script '/domains/mschmid/error.php' not found or unable to stat
[Thu Jan 15 18:22:41.007839 2026] [php:error] [pid 81514] [client 20.39.50.42:0] script '/domains/mschmid/admin.php' not found or unable to stat
[Thu Jan 15 18:22:41.243395 2026] [php:error] [pid 81514] [client 20.39.50.42:0] script '/domains/mschmid/bless.php' not found or unable to stat
[Thu Jan 15 18:22:49.663724 2026] [php:error] [pid 81504] [client 35.247.243.253:0] script '/domains/mschmid/adminer-4.7.1.php' not found or unable to stat
[Thu Jan 15 18:22:58.849269 2026] [php:error] [pid 81506] [client 34.96.162.52:0] script '/domains/mschmid/adminer-5.0.1.php' not found or unable to stat
[Thu Jan 15 18:23:04.046337 2026] [php:error] [pid 81502] [client 34.96.162.54:0] script '/domains/mschmid/adminer-5.1.1-mysql-en.php' not found or unable to stat
[Thu Jan 15 18:23:12.890195 2026] [php:error] [pid 81502] [client 34.96.162.49:0] script '/domains/mschmid/adminer-5.3.0.php' not found or unable to stat
[Thu Jan 15 18:23:35.056352 2026] [php:error] [pid 81480] [client 35.247.243.246:0] script '/domains/mschmid/adminer-4.6.3.php' not found or unable to stat
[Thu Jan 15 18:23:42.945358 2026] [php:error] [pid 81520] [client 35.247.243.240:0] script '/domains/mschmid/adminer-5.4.1-mysql-en.php' not found or unable to stat
[Thu Jan 15 18:24:06.626027 2026] [php:error] [pid 81518] [client 202.47.47.199:0] script '/domains/gk3c/xmlrpc.php' not found or unable to stat
[Thu Jan 15 18:24:14.448575 2026] [php:error] [pid 81527] [client 52.230.120.92:0] script '/domains/tennex/abcd.php' not found or unable to stat
[Thu Jan 15 18:24:14.684530 2026] [php:error] [pid 81527] [client 52.230.120.92:0] script '/domains/tennex/about.php' not found or unable to stat
[Thu Jan 15 18:24:14.922435 2026] [php:error] [pid 81527] [client 52.230.120.92:0] script '/domains/tennex/chosen.php' not found or unable to stat
[Thu Jan 15 18:24:15.166644 2026] [php:error] [pid 81527] [client 52.230.120.92:0] script '/domains/tennex/default.php' not found or unable to stat
[Thu Jan 15 18:24:15.406235 2026] [php:error] [pid 81527] [client 52.230.120.92:0] script '/domains/tennex/ds.php' not found or unable to stat
[Thu Jan 15 18:24:15.644753 2026] [php:error] [pid 81527] [client 52.230.120.92:0] script '/domains/tennex/f5.php' not found or unable to stat
[Thu Jan 15 18:24:15.894103 2026] [php:error] [pid 81527] [client 52.230.120.92:0] script '/domains/tennex/ioxi-o.php' not found or unable to stat
[Thu Jan 15 18:24:16.134244 2026] [php:error] [pid 81527] [client 52.230.120.92:0] script '/domains/tennex/bolt.php' not found or unable to stat
[Thu Jan 15 18:24:16.369761 2026] [php:error] [pid 81527] [client 52.230.120.92:0] script '/domains/tennex/deepseek_d.php' not found or unable to stat
[Thu Jan 15 18:24:16.605421 2026] [php:error] [pid 81527] [client 52.230.120.92:0] script '/domains/tennex/pu9.php' not found or unable to stat
[Thu Jan 15 18:24:16.846205 2026] [php:error] [pid 81527] [client 52.230.120.92:0] script '/domains/tennex/wp-bat.php' not found or unable to stat
[Thu Jan 15 18:24:17.084078 2026] [php:error] [pid 81527] [client 52.230.120.92:0] script '/domains/tennex/file.php' not found or unable to stat
[Thu Jan 15 18:24:17.320476 2026] [php:error] [pid 81527] [client 52.230.120.92:0] script '/domains/tennex/god4m.php' not found or unable to stat
[Thu Jan 15 18:24:17.556293 2026] [php:error] [pid 81527] [client 52.230.120.92:0] script '/domains/tennex/info.php' not found or unable to stat
[Thu Jan 15 18:24:18.038967 2026] [php:error] [pid 81527] [client 52.230.120.92:0] script '/domains/tennex/test1.php' not found or unable to stat
[Thu Jan 15 18:24:19.084378 2026] [php:error] [pid 81527] [client 52.230.120.92:0] script '/domains/tennex/wp-good.php' not found or unable to stat
[Thu Jan 15 18:24:21.640347 2026] [php:error] [pid 81527] [client 52.230.120.92:0] script '/domains/tennex/classwithtostring.php' not found or unable to stat
[Thu Jan 15 18:24:21.882095 2026] [php:error] [pid 81527] [client 52.230.120.92:0] script '/domains/tennex/manager.php' not found or unable to stat
[Thu Jan 15 18:24:22.230625 2026] [php:error] [pid 81527] [client 52.230.120.92:0] script '/domains/tennex/radio.php' not found or unable to stat
[Thu Jan 15 18:24:22.467680 2026] [php:error] [pid 81527] [client 52.230.120.92:0] script '/domains/tennex/autoload_classmap.php' not found or unable to stat
[Thu Jan 15 18:24:23.922036 2026] [php:error] [pid 81527] [client 52.230.120.92:0] script '/domains/tennex/0.php' not found or unable to stat
[Thu Jan 15 18:24:24.226732 2026] [php:error] [pid 81527] [client 52.230.120.92:0] script '/domains/tennex/07.php' not found or unable to stat
[Thu Jan 15 18:24:24.402511 2026] [php:error] [pid 81528] [client 20.39.50.42:0] script '/domains/abtechsci/ver.php' not found or unable to stat
[Thu Jan 15 18:24:24.459000 2026] [php:error] [pid 81528] [client 20.39.50.42:0] script '/domains/abtechsci/ultra.php' not found or unable to stat
[Thu Jan 15 18:24:24.462327 2026] [php:error] [pid 81527] [client 52.230.120.92:0] script '/domains/tennex/1.php' not found or unable to stat
[Thu Jan 15 18:24:24.463115 2026] [php:error] [pid 81528] [client 20.39.50.42:0] script '/domains/abtechsci/pro.php' not found or unable to stat
[Thu Jan 15 18:24:24.467075 2026] [php:error] [pid 81528] [client 20.39.50.42:0] script '/domains/abtechsci/wp-good.php' not found or unable to stat
[Thu Jan 15 18:24:24.470995 2026] [php:error] [pid 81528] [client 20.39.50.42:0] script '/domains/abtechsci/e.php' not found or unable to stat
[Thu Jan 15 18:24:24.475089 2026] [php:error] [pid 81528] [client 20.39.50.42:0] script '/domains/abtechsci/data.php' not found or unable to stat
[Thu Jan 15 18:24:24.483707 2026] [php:error] [pid 81528] [client 20.39.50.42:0] script '/domains/abtechsci/abcd.php' not found or unable to stat
[Thu Jan 15 18:24:24.487847 2026] [php:error] [pid 81528] [client 20.39.50.42:0] script '/domains/abtechsci/z.php' not found or unable to stat
[Thu Jan 15 18:24:24.573765 2026] [php:error] [pid 81528] [client 20.39.50.42:0] script '/domains/abtechsci/css.php' not found or unable to stat
[Thu Jan 15 18:24:24.586300 2026] [php:error] [pid 81528] [client 20.39.50.42:0] script '/domains/abtechsci/image.php' not found or unable to stat
[Thu Jan 15 18:24:24.590293 2026] [php:error] [pid 81528] [client 20.39.50.42:0] script '/domains/abtechsci/file22.php' not found or unable to stat
[Thu Jan 15 18:24:24.594385 2026] [php:error] [pid 81528] [client 20.39.50.42:0] script '/domains/abtechsci/check.php' not found or unable to stat
[Thu Jan 15 18:24:24.615886 2026] [php:error] [pid 81528] [client 20.39.50.42:0] script '/domains/abtechsci/wp-header-json.php' not found or unable to stat
[Thu Jan 15 18:24:24.673871 2026] [php:error] [pid 81528] [client 20.39.50.42:0] script '/domains/abtechsci/fm.php' not found or unable to stat
[Thu Jan 15 18:24:24.679952 2026] [php:error] [pid 81528] [client 20.39.50.42:0] script '/domains/abtechsci/1.php' not found or unable to stat
[Thu Jan 15 18:24:24.683925 2026] [php:error] [pid 81528] [client 20.39.50.42:0] script '/domains/abtechsci/ws.php' not found or unable to stat
[Thu Jan 15 18:24:24.697552 2026] [php:error] [pid 81528] [client 20.39.50.42:0] script '/domains/abtechsci/xxxx.php' not found or unable to stat
[Thu Jan 15 18:24:24.701704 2026] [php:error] [pid 81528] [client 20.39.50.42:0] script '/domains/abtechsci/wp-configs.php' not found or unable to stat
[Thu Jan 15 18:24:24.706418 2026] [php:error] [pid 81528] [client 20.39.50.42:0] script '/domains/abtechsci/xmlrpc.php' not found or unable to stat
[Thu Jan 15 18:24:24.709108 2026] [php:error] [pid 81527] [client 52.230.120.92:0] script '/domains/tennex/123.php' not found or unable to stat
[Thu Jan 15 18:24:24.717575 2026] [php:error] [pid 81528] [client 20.39.50.42:0] script '/domains/abtechsci/file56.php' not found or unable to stat
[Thu Jan 15 18:24:24.721803 2026] [php:error] [pid 81528] [client 20.39.50.42:0] script '/domains/abtechsci/990.php' not found or unable to stat
[Thu Jan 15 18:24:24.727002 2026] [php:error] [pid 81528] [client 20.39.50.42:0] script '/domains/abtechsci/error.php' not found or unable to stat
[Thu Jan 15 18:24:24.944649 2026] [php:error] [pid 81528] [client 20.39.50.42:0] script '/domains/abtechsci/admin.php' not found or unable to stat
[Thu Jan 15 18:24:24.947172 2026] [php:error] [pid 81527] [client 52.230.120.92:0] script '/domains/tennex/aa.php' not found or unable to stat
[Thu Jan 15 18:24:24.962882 2026] [php:error] [pid 81528] [client 20.39.50.42:0] script '/domains/abtechsci/bless.php' not found or unable to stat
[Thu Jan 15 18:24:25.183924 2026] [php:error] [pid 81527] [client 52.230.120.92:0] script '/domains/tennex/admin.php' not found or unable to stat
[Thu Jan 15 18:24:25.420431 2026] [php:error] [pid 81527] [client 52.230.120.92:0] script '/domains/tennex/akc.php' not found or unable to stat
[Thu Jan 15 18:24:25.662397 2026] [php:error] [pid 81527] [client 52.230.120.92:0] script '/domains/tennex/akcc.php' not found or unable to stat
[Thu Jan 15 18:24:25.914742 2026] [php:error] [pid 81527] [client 52.230.120.92:0] script '/domains/tennex/asasx.php' not found or unable to stat
[Thu Jan 15 18:24:26.158680 2026] [php:error] [pid 81527] [client 52.230.120.92:0] script '/domains/tennex/asd.php' not found or unable to stat
[Thu Jan 15 18:24:26.396458 2026] [php:error] [pid 81527] [client 52.230.120.92:0] script '/domains/tennex/atomlib.php' not found or unable to stat
[Thu Jan 15 18:24:26.584576 2026] [core:crit] [pid 81518] (13)Permission denied: [client 114.119.134.230:0] AH00529: /domains/performancepartsinc/graphics/psd/.htaccess pcfg_openfile: unable to check htaccess file, ensure it is readable and that '/domains/performancepartsinc/graphics/psd/' is executable
[Thu Jan 15 18:24:26.643452 2026] [php:error] [pid 81527] [client 52.230.120.92:0] script '/domains/tennex/axx.php' not found or unable to stat
[Thu Jan 15 18:24:26.909553 2026] [php:error] [pid 81527] [client 52.230.120.92:0] script '/domains/tennex/berax.php' not found or unable to stat
[Thu Jan 15 18:24:27.145527 2026] [php:error] [pid 81527] [client 52.230.120.92:0] script '/domains/tennex/build.php' not found or unable to stat
[Thu Jan 15 18:24:27.386147 2026] [php:error] [pid 81527] [client 52.230.120.92:0] script '/domains/tennex/buy.php' not found or unable to stat
[Thu Jan 15 18:24:27.632137 2026] [php:error] [pid 81527] [client 52.230.120.92:0] script '/domains/tennex/checkbox.php' not found or unable to stat
[Thu Jan 15 18:24:27.869474 2026] [php:error] [pid 81527] [client 52.230.120.92:0] script '/domains/tennex/cong.php' not found or unable to stat
[Thu Jan 15 18:24:28.110174 2026] [php:error] [pid 81527] [client 52.230.120.92:0] script '/domains/tennex/css.php' not found or unable to stat
[Thu Jan 15 18:24:28.358512 2026] [php:error] [pid 81527] [client 52.230.120.92:0] script '/domains/tennex/dropdown.php' not found or unable to stat
[Thu Jan 15 18:24:28.783689 2026] [php:error] [pid 81527] [client 52.230.120.92:0] script '/domains/tennex/edit.php' not found or unable to stat
[Thu Jan 15 18:24:29.041532 2026] [php:error] [pid 81527] [client 52.230.120.92:0] script '/domains/tennex/file2.php' not found or unable to stat
[Thu Jan 15 18:24:29.280451 2026] [php:error] [pid 81527] [client 52.230.120.92:0] script '/domains/tennex/file4.php' not found or unable to stat
[Thu Jan 15 18:24:29.520477 2026] [php:error] [pid 81527] [client 52.230.120.92:0] script '/domains/tennex/filemanager.php' not found or unable to stat
[Thu Jan 15 18:24:29.757088 2026] [php:error] [pid 81527] [client 52.230.120.92:0] script '/domains/tennex/flower.php' not found or unable to stat
[Thu Jan 15 18:24:30.060644 2026] [php:error] [pid 81527] [client 52.230.120.92:0] script '/domains/tennex/form.php' not found or unable to stat
[Thu Jan 15 18:24:30.337018 2026] [php:error] [pid 81527] [client 52.230.120.92:0] script '/domains/tennex/kyami.php' not found or unable to stat
[Thu Jan 15 18:24:30.605446 2026] [php:error] [pid 81527] [client 52.230.120.92:0] script '/domains/tennex/makeasmtp.php' not found or unable to stat
[Thu Jan 15 18:24:30.673474 2026] [php:error] [pid 81523] [client 20.39.50.42:0] script '/domains/system_cancel/e.php' not found or unable to stat
[Thu Jan 15 18:24:30.697307 2026] [php:error] [pid 81523] [client 20.39.50.42:0] script '/domains/system_cancel/data.php' not found or unable to stat
[Thu Jan 15 18:24:30.711573 2026] [php:error] [pid 81523] [client 20.39.50.42:0] script '/domains/system_cancel/abcd.php' not found or unable to stat
[Thu Jan 15 18:24:30.740088 2026] [php:error] [pid 81523] [client 20.39.50.42:0] script '/domains/system_cancel/css.php' not found or unable to stat
[Thu Jan 15 18:24:30.744301 2026] [php:error] [pid 81523] [client 20.39.50.42:0] script '/domains/system_cancel/image.php' not found or unable to stat
[Thu Jan 15 18:24:30.767913 2026] [php:error] [pid 81523] [client 20.39.50.42:0] script '/domains/system_cancel/check.php' not found or unable to stat
[Thu Jan 15 18:24:30.855537 2026] [php:error] [pid 81523] [client 20.39.50.42:0] script '/domains/system_cancel/xxxx.php' not found or unable to stat
[Thu Jan 15 18:24:30.883887 2026] [php:error] [pid 81523] [client 20.39.50.42:0] script '/domains/system_cancel/xmlrpc.php' not found or unable to stat
[Thu Jan 15 18:24:30.962555 2026] [php:error] [pid 81523] [client 20.39.50.42:0] script '/domains/system_cancel/error.php' not found or unable to stat
[Thu Jan 15 18:24:31.056684 2026] [php:error] [pid 81527] [client 52.230.120.92:0] script '/domains/tennex/mari.php' not found or unable to stat
[Thu Jan 15 18:24:31.197573 2026] [php:error] [pid 81523] [client 20.39.50.42:0] script '/domains/system_cancel/admin.php' not found or unable to stat
[Thu Jan 15 18:24:31.299135 2026] [php:error] [pid 81527] [client 52.230.120.92:0] script '/domains/tennex/moon.php' not found or unable to stat
[Thu Jan 15 18:24:31.591063 2026] [php:error] [pid 81527] [client 52.230.120.92:0] script '/domains/tennex/new.php' not found or unable to stat
[Thu Jan 15 18:24:31.828920 2026] [php:error] [pid 81527] [client 52.230.120.92:0] script '/domains/tennex/wp-activate.php' not found or unable to stat
[Thu Jan 15 18:24:32.176757 2026] [php:error] [pid 81527] [client 52.230.120.92:0] script '/domains/tennex/wp-admin.php' not found or unable to stat
[Thu Jan 15 18:24:32.422032 2026] [php:error] [pid 81527] [client 52.230.120.92:0] script '/domains/tennex/wp-trackback.php' not found or unable to stat
[Thu Jan 15 18:24:32.802153 2026] [php:error] [pid 81527] [client 52.230.120.92:0] script '/domains/tennex/xmlrpc.php' not found or unable to stat
[Thu Jan 15 18:24:33.082348 2026] [php:error] [pid 81527] [client 52.230.120.92:0] script '/domains/tennex/xmrlpc.php' not found or unable to stat
[Thu Jan 15 18:24:33.359125 2026] [php:error] [pid 81527] [client 52.230.120.92:0] script '/domains/tennex/adminfuns.php' not found or unable to stat
[Thu Jan 15 18:27:16.854361 2026] [php:error] [pid 81579] [client 140.245.99.237:0] script '/domains/wsmith.enteract/index.php' not found or unable to stat
[Thu Jan 15 18:28:26.091472 2026] [php:error] [pid 81596] [client 132.196.4.69:0] script '/domains/fifibear/ver.php' not found or unable to stat
[Thu Jan 15 18:28:26.117306 2026] [php:error] [pid 81596] [client 132.196.4.69:0] script '/domains/fifibear/ultra.php' not found or unable to stat
[Thu Jan 15 18:28:26.143222 2026] [php:error] [pid 81596] [client 132.196.4.69:0] script '/domains/fifibear/pro.php' not found or unable to stat
[Thu Jan 15 18:28:26.171689 2026] [php:error] [pid 81596] [client 132.196.4.69:0] script '/domains/fifibear/wp-good.php' not found or unable to stat
[Thu Jan 15 18:28:26.201265 2026] [php:error] [pid 81596] [client 132.196.4.69:0] script '/domains/fifibear/e.php' not found or unable to stat
[Thu Jan 15 18:28:26.230220 2026] [php:error] [pid 81596] [client 132.196.4.69:0] script '/domains/fifibear/data.php' not found or unable to stat
[Thu Jan 15 18:28:26.547259 2026] [php:error] [pid 81596] [client 132.196.4.69:0] script '/domains/fifibear/abcd.php' not found or unable to stat
[Thu Jan 15 18:28:26.574333 2026] [php:error] [pid 81596] [client 132.196.4.69:0] script '/domains/fifibear/z.php' not found or unable to stat
[Thu Jan 15 18:28:26.606932 2026] [php:error] [pid 81596] [client 132.196.4.69:0] script '/domains/fifibear/css.php' not found or unable to stat
[Thu Jan 15 18:28:26.640182 2026] [php:error] [pid 81596] [client 132.196.4.69:0] script '/domains/fifibear/image.php' not found or unable to stat
[Thu Jan 15 18:28:26.666460 2026] [php:error] [pid 81596] [client 132.196.4.69:0] script '/domains/fifibear/file22.php' not found or unable to stat
[Thu Jan 15 18:28:26.707596 2026] [php:error] [pid 81596] [client 132.196.4.69:0] script '/domains/fifibear/check.php' not found or unable to stat
[Thu Jan 15 18:28:26.733001 2026] [php:error] [pid 81596] [client 132.196.4.69:0] script '/domains/fifibear/wp-header-json.php' not found or unable to stat
[Thu Jan 15 18:28:26.767818 2026] [php:error] [pid 81596] [client 132.196.4.69:0] script '/domains/fifibear/fm.php' not found or unable to stat
[Thu Jan 15 18:28:26.803891 2026] [php:error] [pid 81596] [client 132.196.4.69:0] script '/domains/fifibear/1.php' not found or unable to stat
[Thu Jan 15 18:28:26.842761 2026] [php:error] [pid 81596] [client 132.196.4.69:0] script '/domains/fifibear/ws.php' not found or unable to stat
[Thu Jan 15 18:28:26.880307 2026] [php:error] [pid 81596] [client 132.196.4.69:0] script '/domains/fifibear/xxxx.php' not found or unable to stat
[Thu Jan 15 18:28:26.906217 2026] [php:error] [pid 81596] [client 132.196.4.69:0] script '/domains/fifibear/wp-configs.php' not found or unable to stat
[Thu Jan 15 18:28:26.947689 2026] [php:error] [pid 81596] [client 132.196.4.69:0] script '/domains/fifibear/xmlrpc.php' not found or unable to stat
[Thu Jan 15 18:28:26.992208 2026] [php:error] [pid 81596] [client 132.196.4.69:0] script '/domains/fifibear/file56.php' not found or unable to stat
[Thu Jan 15 18:28:27.018083 2026] [php:error] [pid 81596] [client 132.196.4.69:0] script '/domains/fifibear/990.php' not found or unable to stat
[Thu Jan 15 18:28:27.043478 2026] [php:error] [pid 81596] [client 132.196.4.69:0] script '/domains/fifibear/error.php' not found or unable to stat
[Thu Jan 15 18:28:27.081719 2026] [php:error] [pid 81596] [client 132.196.4.69:0] script '/domains/fifibear/admin.php' not found or unable to stat
[Thu Jan 15 18:28:27.374493 2026] [php:error] [pid 81596] [client 132.196.4.69:0] script '/domains/fifibear/bless.php' not found or unable to stat
[Thu Jan 15 18:30:06.416378 2026] [php:error] [pid 81623] [client 91.92.242.178:0] script '/domains/jeffbell/txets.php' not found or unable to stat, referer: www.google.com
[Thu Jan 15 18:31:58.972893 2026] [php:error] [pid 81644] [client 213.35.109.65:0] script '/domains/awciii/index.php' not found or unable to stat
[Thu Jan 15 18:32:37.048240 2026] [php:error] [pid 81650] [client 141.98.11.181:0] script '/domains/metrolighting/xmlrpc.php' not found or unable to stat
[Thu Jan 15 18:34:53.564288 2026] [php:error] [pid 81668] [client 45.148.10.204:0] script '/domains/bfitpro2/wp-config.php' not found or unable to stat
[Thu Jan 15 18:34:53.568646 2026] [php:error] [pid 81647] [client 45.148.10.204:0] script '/domains/bfitpro2/wp-config.php.old' not found or unable to stat
[Thu Jan 15 18:34:53.571724 2026] [php:error] [pid 81648] [client 45.148.10.204:0] script '/domains/bfitpro2/i.php' not found or unable to stat
[Thu Jan 15 18:34:53.575860 2026] [php:error] [pid 81666] [client 45.148.10.204:0] script '/domains/bfitpro2/config.php.bak' not found or unable to stat
[Thu Jan 15 18:34:53.576077 2026] [php:error] [pid 81647] [client 45.148.10.204:0] script '/domains/bfitpro2/index.php' not found or unable to stat
[Thu Jan 15 18:34:53.582150 2026] [php:error] [pid 81648] [client 45.148.10.204:0] script '/domains/bfitpro2/phpinfo.php' not found or unable to stat
[Thu Jan 15 18:34:53.584125 2026] [php:error] [pid 81647] [client 45.148.10.204:0] script '/domains/bfitpro2/debug.php' not found or unable to stat
[Thu Jan 15 18:34:53.731058 2026] [php:error] [pid 81673] [client 45.148.10.204:0] script '/domains/bfitpro2/configuration.php.bak' not found or unable to stat
[Thu Jan 15 18:34:53.732281 2026] [php:error] [pid 81647] [client 45.148.10.204:0] script '/domains/bfitpro2/wp-config.php.bak' not found or unable to stat
[Thu Jan 15 18:34:53.737554 2026] [php:error] [pid 81647] [client 45.148.10.204:0] script '/domains/bfitpro2/test.php' not found or unable to stat
[Thu Jan 15 18:34:53.742459 2026] [php:error] [pid 81666] [client 45.148.10.204:0] script '/domains/bfitpro2/phpinfo.php.bak' not found or unable to stat
[Thu Jan 15 18:34:53.752705 2026] [php:error] [pid 81648] [client 45.148.10.204:0] script '/domains/bfitpro2/test.php.bak' not found or unable to stat
[Thu Jan 15 18:34:53.754451 2026] [access_compat:error] [pid 81673] [client 45.148.10.204:0] AH01797: client denied by server configuration: /domains/bfitpro2/server-status
[Thu Jan 15 18:34:53.754686 2026] [php:error] [pid 81648] [client 45.148.10.204:0] script '/domains/bfitpro2/info.php' not found or unable to stat
[Thu Jan 15 18:34:53.896617 2026] [php:error] [pid 81647] [client 45.148.10.204:0] script '/domains/bfitpro2/index.php' not found or unable to stat
[Thu Jan 15 18:34:53.905235 2026] [php:error] [pid 81648] [client 45.148.10.204:0] script '/domains/bfitpro2/info.php.bak' not found or unable to stat
[Thu Jan 15 18:34:53.908232 2026] [php:error] [pid 81673] [client 45.148.10.204:0] script '/domains/bfitpro2/index.php' not found or unable to stat
[Thu Jan 15 18:34:53.927500 2026] [php:error] [pid 81668] [client 45.148.10.204:0] script '/domains/bfitpro2/config.php.old' not found or unable to stat
[Thu Jan 15 18:37:20.569666 2026] [authz_core:error] [pid 81747] [client 93.174.93.12:0] AH01630: client denied by server configuration: /
[Thu Jan 15 18:38:02.201773 2026] [rewrite:error] [pid 81758] [client 17.241.227.178:0] AH10508: Unsafe URL with %3f URL rewritten without UnsafeAllow3F
[Thu Jan 15 18:38:12.803512 2026] [php:error] [pid 81760] [client 194.26.192.39:0] script '/domains/proinc/xmlrpc.php' not found or unable to stat
[Thu Jan 15 18:41:00.180025 2026] [php:error] [pid 81808] [client 52.230.120.92:0] script '/domains/performancepartsinc/abcd.php' not found or unable to stat
[Thu Jan 15 18:41:00.417497 2026] [php:error] [pid 81808] [client 52.230.120.92:0] script '/domains/performancepartsinc/about.php' not found or unable to stat
[Thu Jan 15 18:41:00.767439 2026] [php:error] [pid 81808] [client 52.230.120.92:0] script '/domains/performancepartsinc/chosen.php' not found or unable to stat
[Thu Jan 15 18:41:01.111822 2026] [php:error] [pid 81808] [client 52.230.120.92:0] script '/domains/performancepartsinc/default.php' not found or unable to stat
[Thu Jan 15 18:41:01.400275 2026] [php:error] [pid 81808] [client 52.230.120.92:0] script '/domains/performancepartsinc/ds.php' not found or unable to stat
[Thu Jan 15 18:41:01.643873 2026] [php:error] [pid 81808] [client 52.230.120.92:0] script '/domains/performancepartsinc/f5.php' not found or unable to stat
[Thu Jan 15 18:41:01.958543 2026] [php:error] [pid 81808] [client 52.230.120.92:0] script '/domains/performancepartsinc/ioxi-o.php' not found or unable to stat
[Thu Jan 15 18:41:02.260386 2026] [php:error] [pid 81808] [client 52.230.120.92:0] script '/domains/performancepartsinc/bolt.php' not found or unable to stat
[Thu Jan 15 18:41:02.494743 2026] [php:error] [pid 81808] [client 52.230.120.92:0] script '/domains/performancepartsinc/deepseek_d.php' not found or unable to stat
[Thu Jan 15 18:41:02.844416 2026] [php:error] [pid 81808] [client 52.230.120.92:0] script '/domains/performancepartsinc/pu9.php' not found or unable to stat
