[Tue Jan 13 01:19:51.825127 2026] [php:error] [pid 90797] [client 40.69.27.251:0] script '/domains/ecernstelectric/classwithtostring.php' not found or unable to stat
[Tue Jan 13 01:19:51.922525 2026] [php:error] [pid 90797] [client 40.69.27.251:0] script '/domains/ecernstelectric/file48.php' not found or unable to stat
[Tue Jan 13 01:19:52.113848 2026] [php:error] [pid 90797] [client 40.69.27.251:0] script '/domains/ecernstelectric/index.php' not found or unable to stat
[Tue Jan 13 01:19:52.208531 2026] [php:error] [pid 90797] [client 40.69.27.251:0] script '/domains/ecernstelectric/css.php' not found or unable to stat
[Tue Jan 13 01:19:52.304586 2026] [php:error] [pid 90797] [client 40.69.27.251:0] script '/domains/ecernstelectric/alfa.php' not found or unable to stat
[Tue Jan 13 01:19:52.400680 2026] [php:error] [pid 90797] [client 40.69.27.251:0] script '/domains/ecernstelectric/inputs.php' not found or unable to stat
[Tue Jan 13 01:19:52.495485 2026] [php:error] [pid 90797] [client 40.69.27.251:0] script '/domains/ecernstelectric/wen.php' not found or unable to stat
[Tue Jan 13 01:19:52.593267 2026] [php:error] [pid 90797] [client 40.69.27.251:0] script '/domains/ecernstelectric/x.php' not found or unable to stat
[Tue Jan 13 01:19:52.688433 2026] [php:error] [pid 90797] [client 40.69.27.251:0] script '/domains/ecernstelectric/xxxx.php' not found or unable to stat
[Tue Jan 13 01:19:52.879249 2026] [php:error] [pid 90797] [client 40.69.27.251:0] script '/domains/ecernstelectric/class.php' not found or unable to stat
[Tue Jan 13 01:19:53.069803 2026] [php:error] [pid 90797] [client 40.69.27.251:0] script '/domains/ecernstelectric/gec.php' not found or unable to stat
[Tue Jan 13 01:19:53.165398 2026] [php:error] [pid 90797] [client 40.69.27.251:0] script '/domains/ecernstelectric/f35.php' not found or unable to stat
[Tue Jan 13 01:19:53.356294 2026] [php:error] [pid 90797] [client 40.69.27.251:0] script '/domains/ecernstelectric/pp.php' not found or unable to stat
[Tue Jan 13 01:19:53.426567 2026] [php:error] [pid 90785] [client 136.196.150.252:0] script '/domains/fairlane1/ioxi-o.php' not found or unable to stat, referer: https://www.google.co.uk/
[Tue Jan 13 01:19:53.584772 2026] [php:error] [pid 90785] [client 175.74.173.222:0] script '/domains/fairlane1/0x.php' not found or unable to stat, referer: https://www.google.de/
[Tue Jan 13 01:19:53.643041 2026] [php:error] [pid 90797] [client 40.69.27.251:0] script '/domains/ecernstelectric/lock360.php' not found or unable to stat
[Tue Jan 13 01:19:53.738210 2026] [php:error] [pid 90797] [client 40.69.27.251:0] script '/domains/ecernstelectric/lv.php' not found or unable to stat
[Tue Jan 13 01:19:53.742865 2026] [php:error] [pid 90785] [client 111.197.188.153:0] script '/domains/fairlane1/222.php' not found or unable to stat, referer: https://www.google.de/
[Tue Jan 13 01:19:53.833330 2026] [php:error] [pid 90797] [client 40.69.27.251:0] script '/domains/ecernstelectric/lv.php' not found or unable to stat
[Tue Jan 13 01:19:53.901998 2026] [php:error] [pid 90785] [client 248.89.21.37:0] script '/domains/fairlane1/aa.php' not found or unable to stat, referer: https://duckduckgo.com/
[Tue Jan 13 01:19:53.928822 2026] [php:error] [pid 90797] [client 40.69.27.251:0] script '/domains/ecernstelectric/byp.php' not found or unable to stat
[Tue Jan 13 01:19:54.024893 2026] [php:error] [pid 90797] [client 40.69.27.251:0] script '/domains/ecernstelectric/galex.php' not found or unable to stat
[Tue Jan 13 01:19:54.060167 2026] [php:error] [pid 90785] [client 184.98.218.8:0] script '/domains/fairlane1/abcd.php' not found or unable to stat, referer: https://www.google.fr/
[Tue Jan 13 01:19:54.119943 2026] [php:error] [pid 90797] [client 40.69.27.251:0] script '/domains/ecernstelectric/as.php' not found or unable to stat
[Tue Jan 13 01:19:54.215238 2026] [php:error] [pid 90797] [client 40.69.27.251:0] script '/domains/ecernstelectric/pn.php' not found or unable to stat
[Tue Jan 13 01:19:54.218327 2026] [php:error] [pid 90785] [client 252.32.145.115:0] script '/domains/fairlane1/admin.php' not found or unable to stat, referer: https://www.google.de/
[Tue Jan 13 01:19:54.310606 2026] [php:error] [pid 90797] [client 40.69.27.251:0] script '/domains/ecernstelectric/class-t.api.php' not found or unable to stat
[Tue Jan 13 01:19:54.407568 2026] [php:error] [pid 90797] [client 40.69.27.251:0] script '/domains/ecernstelectric/bipas.php' not found or unable to stat
[Tue Jan 13 01:19:54.502980 2026] [php:error] [pid 90797] [client 40.69.27.251:0] script '/domains/ecernstelectric/ha.php' not found or unable to stat
[Tue Jan 13 01:19:54.544473 2026] [php:error] [pid 90785] [client 73.198.240.169:0] script '/domains/fairlane1/adminfuns.php' not found or unable to stat, referer: https://www.google.fr/
[Tue Jan 13 01:19:54.600601 2026] [php:error] [pid 90797] [client 40.69.27.251:0] script '/domains/ecernstelectric/maa.php' not found or unable to stat
[Tue Jan 13 01:19:54.696617 2026] [php:error] [pid 90797] [client 40.69.27.251:0] script '/domains/ecernstelectric/shoyo.php' not found or unable to stat
[Tue Jan 13 01:19:54.703427 2026] [php:error] [pid 90785] [client 75.102.38.100:0] script '/domains/fairlane1/akc.php' not found or unable to stat, referer: https://www.bing.com/
[Tue Jan 13 01:19:54.792623 2026] [php:error] [pid 90797] [client 40.69.27.251:0] script '/domains/ecernstelectric/admin.php' not found or unable to stat
[Tue Jan 13 01:19:54.861655 2026] [php:error] [pid 90785] [client 90.144.39.76:0] script '/domains/fairlane1/buy.php' not found or unable to stat, referer: https://www.google.de/
[Tue Jan 13 01:19:54.888917 2026] [php:error] [pid 90797] [client 40.69.27.251:0] script '/domains/ecernstelectric/wp-l0gin.php' not found or unable to stat
[Tue Jan 13 01:19:54.984272 2026] [php:error] [pid 90797] [client 40.69.27.251:0] script '/domains/ecernstelectric/ar.php' not found or unable to stat
[Tue Jan 13 01:19:55.021333 2026] [php:error] [pid 90785] [client 82.180.173.237:0] script '/domains/fairlane1/cong.php' not found or unable to stat, referer: https://www.google.de/
[Tue Jan 13 01:19:55.081021 2026] [php:error] [pid 90797] [client 40.69.27.251:0] script '/domains/ecernstelectric/blurbs18.php' not found or unable to stat
[Tue Jan 13 01:19:55.177023 2026] [php:error] [pid 90797] [client 40.69.27.251:0] script '/domains/ecernstelectric/radio.php' not found or unable to stat
[Tue Jan 13 01:19:55.179771 2026] [php:error] [pid 90785] [client 61.243.97.11:0] script '/domains/fairlane1/ioxi-o.php' not found or unable to stat, referer: https://www.google.de/
[Tue Jan 13 01:19:55.273152 2026] [php:error] [pid 90797] [client 40.69.27.251:0] script '/domains/ecernstelectric/wp-good.php' not found or unable to stat
[Tue Jan 13 01:19:55.369214 2026] [php:error] [pid 90797] [client 40.69.27.251:0] script '/domains/ecernstelectric/bless14.php' not found or unable to stat
[Tue Jan 13 01:19:55.463755 2026] [php:error] [pid 90797] [client 40.69.27.251:0] script '/domains/ecernstelectric/ws13.php' not found or unable to stat
[Tue Jan 13 01:19:55.496042 2026] [php:error] [pid 90785] [client 37.114.226.228:0] script '/domains/fairlane1/db.php' not found or unable to stat, referer: https://www.google.de/
[Tue Jan 13 01:19:55.558804 2026] [php:error] [pid 90797] [client 40.69.27.251:0] script '/domains/ecernstelectric/m.php' not found or unable to stat
[Tue Jan 13 01:19:55.655901 2026] [php:error] [pid 90785] [client 80.221.48.159:0] script '/domains/fairlane1/dropdown.php' not found or unable to stat, referer: https://www.google.com/
[Tue Jan 13 01:19:55.815647 2026] [php:error] [pid 90785] [client 187.85.212.36:0] script '/domains/fairlane1/file.php' not found or unable to stat, referer: https://www.google.de/
[Tue Jan 13 01:19:55.973714 2026] [php:error] [pid 90785] [client 60.140.86.224:0] script '/domains/fairlane1/goods.php' not found or unable to stat, referer: https://www.bing.com/
[Tue Jan 13 01:19:56.036564 2026] [php:error] [pid 90797] [client 40.69.27.251:0] script '/domains/ecernstelectric/Contrller.php' not found or unable to stat
[Tue Jan 13 01:19:56.135072 2026] [php:error] [pid 90785] [client 150.232.232.128:0] script '/domains/fairlane1/hplfuns.php' not found or unable to stat, referer: https://www.google.de/
[Tue Jan 13 01:19:56.293361 2026] [php:error] [pid 90785] [client 221.195.177.141:0] script '/domains/fairlane1/htaccess.php' not found or unable to stat, referer: https://www.google.co.uk/
[Tue Jan 13 01:19:56.416628 2026] [php:error] [pid 90797] [client 40.69.27.251:0] script '/domains/ecernstelectric/tx1.php' not found or unable to stat
[Tue Jan 13 01:19:56.608517 2026] [php:error] [pid 90797] [client 40.69.27.251:0] script '/domains/ecernstelectric/zwso.php' not found or unable to stat
[Tue Jan 13 01:19:56.703310 2026] [php:error] [pid 90797] [client 40.69.27.251:0] script '/domains/ecernstelectric/wp-trackback.php' not found or unable to stat
[Tue Jan 13 01:19:56.779291 2026] [php:error] [pid 90785] [client 98.1.17.21:0] script '/domains/fairlane1/info.php' not found or unable to stat, referer: https://www.bing.com/
[Tue Jan 13 01:19:56.798184 2026] [php:error] [pid 90797] [client 40.69.27.251:0] script '/domains/ecernstelectric/autoload_classmap.php' not found or unable to stat
[Tue Jan 13 01:19:56.893623 2026] [php:error] [pid 90797] [client 40.69.27.251:0] script '/domains/ecernstelectric/nns.php' not found or unable to stat
[Tue Jan 13 01:19:56.937802 2026] [php:error] [pid 90785] [client 228.143.246.120:0] script '/domains/fairlane1/profile.php' not found or unable to stat, referer: https://duckduckgo.com/
[Tue Jan 13 01:19:57.086186 2026] [php:error] [pid 90797] [client 40.69.27.251:0] script '/domains/ecernstelectric/lx.php' not found or unable to stat
[Tue Jan 13 01:19:57.096055 2026] [php:error] [pid 90785] [client 243.205.177.41:0] script '/domains/fairlane1/sx.php' not found or unable to stat, referer: https://www.google.co.uk/
[Tue Jan 13 01:19:57.181467 2026] [php:error] [pid 90797] [client 40.69.27.251:0] script '/domains/ecernstelectric/fw.php' not found or unable to stat
[Tue Jan 13 01:19:57.277147 2026] [php:error] [pid 90797] [client 40.69.27.251:0] script '/domains/ecernstelectric/bless.php' not found or unable to stat
[Tue Jan 13 01:19:57.460800 2026] [php:error] [pid 90804] [client 40.69.27.251:0] script '/domains/ecernstelectric/X7x.php' not found or unable to stat
[Tue Jan 13 01:19:57.555790 2026] [php:error] [pid 90804] [client 40.69.27.251:0] script '/domains/ecernstelectric/class20.php' not found or unable to stat
[Tue Jan 13 01:19:57.650887 2026] [php:error] [pid 90804] [client 40.69.27.251:0] script '/domains/ecernstelectric/lock360.php' not found or unable to stat
[Tue Jan 13 01:19:57.748103 2026] [php:error] [pid 90804] [client 40.69.27.251:0] script '/domains/ecernstelectric/moon.php' not found or unable to stat
[Tue Jan 13 01:19:57.843948 2026] [php:error] [pid 90804] [client 40.69.27.251:0] script '/domains/ecernstelectric/themes.php' not found or unable to stat
[Tue Jan 13 01:19:57.939511 2026] [php:error] [pid 90804] [client 40.69.27.251:0] script '/domains/ecernstelectric/gifclass4.php' not found or unable to stat
[Tue Jan 13 01:19:58.036360 2026] [php:error] [pid 90804] [client 40.69.27.251:0] script '/domains/ecernstelectric/gorila.php' not found or unable to stat
[Tue Jan 13 01:19:58.131940 2026] [php:error] [pid 90804] [client 40.69.27.251:0] script '/domains/ecernstelectric/xvent.php' not found or unable to stat
[Tue Jan 13 01:19:58.228707 2026] [php:error] [pid 90804] [client 40.69.27.251:0] script '/domains/ecernstelectric/wp-aaa.php' not found or unable to stat
[Tue Jan 13 01:19:58.324747 2026] [php:error] [pid 90804] [client 40.69.27.251:0] script '/domains/ecernstelectric/ut.php' not found or unable to stat
[Tue Jan 13 01:19:58.421189 2026] [php:error] [pid 90804] [client 40.69.27.251:0] script '/domains/ecernstelectric/class19.php' not found or unable to stat
[Tue Jan 13 01:19:58.516811 2026] [php:error] [pid 90804] [client 40.69.27.251:0] script '/domains/ecernstelectric/0x.php' not found or unable to stat
[Tue Jan 13 01:19:58.612802 2026] [php:error] [pid 90804] [client 40.69.27.251:0] script '/domains/ecernstelectric/444.php' not found or unable to stat
[Tue Jan 13 01:19:58.709368 2026] [php:error] [pid 90804] [client 40.69.27.251:0] script '/domains/ecernstelectric/efile.php' not found or unable to stat
[Tue Jan 13 01:19:58.804993 2026] [php:error] [pid 90804] [client 40.69.27.251:0] script '/domains/ecernstelectric/mg.php' not found or unable to stat
[Tue Jan 13 01:19:58.900702 2026] [php:error] [pid 90804] [client 40.69.27.251:0] script '/domains/ecernstelectric/build.php' not found or unable to stat
[Tue Jan 13 01:19:58.996471 2026] [php:error] [pid 90804] [client 40.69.27.251:0] script '/domains/ecernstelectric/plss3.php' not found or unable to stat
[Tue Jan 13 01:19:59.091676 2026] [php:error] [pid 90804] [client 40.69.27.251:0] script '/domains/ecernstelectric/about3.php' not found or unable to stat
[Tue Jan 13 01:19:59.186708 2026] [php:error] [pid 90804] [client 40.69.27.251:0] script '/domains/ecernstelectric/atomlib.php' not found or unable to stat
[Tue Jan 13 01:19:59.283522 2026] [php:error] [pid 90804] [client 40.69.27.251:0] script '/domains/ecernstelectric/we.php' not found or unable to stat
[Tue Jan 13 01:19:59.379408 2026] [php:error] [pid 90804] [client 40.69.27.251:0] script '/domains/ecernstelectric/fe5.php' not found or unable to stat
[Tue Jan 13 01:19:59.475121 2026] [php:error] [pid 90804] [client 40.69.27.251:0] script '/domains/ecernstelectric/usep.php' not found or unable to stat
[Tue Jan 13 01:19:59.570387 2026] [php:error] [pid 90804] [client 40.69.27.251:0] script '/domains/ecernstelectric/nc4.php' not found or unable to stat
[Tue Jan 13 01:19:59.666092 2026] [php:error] [pid 90804] [client 40.69.27.251:0] script '/domains/ecernstelectric/cccc.php' not found or unable to stat
[Tue Jan 13 01:19:59.761999 2026] [php:error] [pid 90804] [client 40.69.27.251:0] script '/domains/ecernstelectric/locale.php' not found or unable to stat
[Tue Jan 13 01:19:59.857733 2026] [php:error] [pid 90804] [client 40.69.27.251:0] script '/domains/ecernstelectric/t.php' not found or unable to stat
[Tue Jan 13 01:19:59.953024 2026] [php:error] [pid 90804] [client 40.69.27.251:0] script '/domains/ecernstelectric/bp.php' not found or unable to stat
[Tue Jan 13 01:20:00.143812 2026] [php:error] [pid 90804] [client 40.69.27.251:0] script '/domains/ecernstelectric/geck.php' not found or unable to stat
[Tue Jan 13 01:20:00.239181 2026] [php:error] [pid 90804] [client 40.69.27.251:0] script '/domains/ecernstelectric/wpc.php' not found or unable to stat
[Tue Jan 13 01:20:00.334508 2026] [php:error] [pid 90804] [client 40.69.27.251:0] script '/domains/ecernstelectric/yellow.php' not found or unable to stat
[Tue Jan 13 01:20:00.448399 2026] [php:error] [pid 90804] [client 40.69.27.251:0] script '/domains/ecernstelectric/a.php' not found or unable to stat
[Tue Jan 13 01:20:00.544867 2026] [php:error] [pid 90804] [client 40.69.27.251:0] script '/domains/ecernstelectric/thh.php' not found or unable to stat
[Tue Jan 13 01:20:00.640169 2026] [php:error] [pid 90804] [client 40.69.27.251:0] script '/domains/ecernstelectric/inde.php' not found or unable to stat
[Tue Jan 13 01:20:00.665051 2026] [php:error] [pid 90785] [client 166.70.125.123:0] script '/domains/fairlane1/wp-fclass.php' not found or unable to stat, referer: https://www.google.co.uk/
[Tue Jan 13 01:20:00.747719 2026] [php:error] [pid 90804] [client 40.69.27.251:0] script '/domains/ecernstelectric/gv.php' not found or unable to stat
[Tue Jan 13 01:20:00.843041 2026] [php:error] [pid 90804] [client 40.69.27.251:0] script '/domains/ecernstelectric/admins.php' not found or unable to stat
[Tue Jan 13 01:20:00.938542 2026] [php:error] [pid 90804] [client 40.69.27.251:0] script '/domains/ecernstelectric/.wp-db.php' not found or unable to stat
[Tue Jan 13 01:20:01.034306 2026] [php:error] [pid 90804] [client 40.69.27.251:0] script '/domains/ecernstelectric/wp-configs.php' not found or unable to stat
[Tue Jan 13 01:20:01.225464 2026] [php:error] [pid 90804] [client 40.69.27.251:0] script '/domains/ecernstelectric/wp.php' not found or unable to stat
[Tue Jan 13 01:20:01.418836 2026] [php:error] [pid 90804] [client 40.69.27.251:0] script '/domains/ecernstelectric/main.php' not found or unable to stat
[Tue Jan 13 01:20:01.514842 2026] [php:error] [pid 90804] [client 40.69.27.251:0] script '/domains/ecernstelectric/a1.php' not found or unable to stat
[Tue Jan 13 01:20:01.611763 2026] [php:error] [pid 90804] [client 40.69.27.251:0] script '/domains/ecernstelectric/ff2.php' not found or unable to stat
[Tue Jan 13 01:20:01.708633 2026] [php:error] [pid 90804] [client 40.69.27.251:0] script '/domains/ecernstelectric/dfre.php' not found or unable to stat
[Tue Jan 13 01:20:01.804050 2026] [php:error] [pid 90804] [client 40.69.27.251:0] script '/domains/ecernstelectric/class.1.php' not found or unable to stat
[Tue Jan 13 01:20:01.900268 2026] [php:error] [pid 90804] [client 40.69.27.251:0] script '/domains/ecernstelectric/lala.php' not found or unable to stat
[Tue Jan 13 01:20:01.996684 2026] [php:error] [pid 90804] [client 40.69.27.251:0] script '/domains/ecernstelectric/clawwww.php' not found or unable to stat
[Tue Jan 13 01:20:02.091840 2026] [php:error] [pid 90804] [client 40.69.27.251:0] script '/domains/ecernstelectric/tox.php' not found or unable to stat
[Tue Jan 13 01:20:02.188008 2026] [php:error] [pid 90804] [client 40.69.27.251:0] script '/domains/ecernstelectric/push.php' not found or unable to stat
[Tue Jan 13 01:20:02.283758 2026] [php:error] [pid 90804] [client 40.69.27.251:0] script '/domains/ecernstelectric/aa2.php' not found or unable to stat
[Tue Jan 13 01:20:02.380008 2026] [php:error] [pid 90804] [client 40.69.27.251:0] script '/domains/ecernstelectric/dot.php' not found or unable to stat
[Tue Jan 13 01:20:03.793133 2026] [php:error] [pid 90785] [client 129.149.196.227:0] script '/domains/fairlane1/wp-themes.php' not found or unable to stat, referer: https://duckduckgo.com/
[Tue Jan 13 01:20:03.953236 2026] [php:error] [pid 90785] [client 218.204.40.41:0] script '/domains/fairlane1/xmlrpc.php' not found or unable to stat, referer: https://www.google.fr/
[Tue Jan 13 01:20:34.608059 2026] [php:error] [pid 90799] [client 104.28.235.57:0] script '/domains/fbardin/style.php' not found or unable to stat
[Tue Jan 13 01:20:35.014712 2026] [php:error] [pid 90799] [client 104.28.235.57:0] script '/domains/fbardin/chosen.php' not found or unable to stat
[Tue Jan 13 01:20:35.089892 2026] [php:error] [pid 90799] [client 104.28.235.57:0] script '/domains/fbardin/file.php' not found or unable to stat
[Tue Jan 13 01:20:35.160934 2026] [php:error] [pid 90799] [client 104.28.235.57:0] script '/domains/fbardin/flower.php' not found or unable to stat
[Tue Jan 13 01:20:35.259428 2026] [php:error] [pid 90799] [client 104.28.235.57:0] script '/domains/fbardin/gifclass.php' not found or unable to stat
[Tue Jan 13 01:20:35.331314 2026] [php:error] [pid 90799] [client 104.28.235.57:0] script '/domains/fbardin/bless.php' not found or unable to stat
[Tue Jan 13 01:20:35.402903 2026] [php:error] [pid 90799] [client 104.28.235.57:0] script '/domains/fbardin/class-t.api.php' not found or unable to stat
[Tue Jan 13 01:20:35.476195 2026] [php:error] [pid 90799] [client 104.28.235.57:0] script '/domains/fbardin/blurbs.php' not found or unable to stat
[Tue Jan 13 01:20:35.569645 2026] [php:error] [pid 90799] [client 104.28.235.57:0] script '/domains/fbardin/akcc.php' not found or unable to stat
[Tue Jan 13 01:20:35.644580 2026] [php:error] [pid 90799] [client 104.28.235.57:0] script '/domains/fbardin/abcd.php' not found or unable to stat
[Tue Jan 13 01:20:35.742252 2026] [php:error] [pid 90799] [client 104.28.235.57:0] script '/domains/fbardin/shelp.php' not found or unable to stat
[Tue Jan 13 01:20:35.814849 2026] [php:error] [pid 90799] [client 104.28.235.57:0] script '/domains/fbardin/cord.php' not found or unable to stat
[Tue Jan 13 01:20:35.888035 2026] [php:error] [pid 90799] [client 104.28.235.57:0] script '/domains/fbardin/dex.php' not found or unable to stat
[Tue Jan 13 01:20:36.048100 2026] [php:error] [pid 90799] [client 104.28.235.57:0] script '/domains/fbardin/file2.php' not found or unable to stat
[Tue Jan 13 01:20:36.121157 2026] [php:error] [pid 90799] [client 104.28.235.57:0] script '/domains/fbardin/zwso.php' not found or unable to stat
[Tue Jan 13 01:20:36.351124 2026] [php:error] [pid 90799] [client 104.28.235.57:0] script '/domains/fbardin/bolt.php' not found or unable to stat
[Tue Jan 13 01:20:36.424110 2026] [php:error] [pid 90799] [client 104.28.235.57:0] script '/domains/fbardin/shlo.php' not found or unable to stat
[Tue Jan 13 01:20:36.495118 2026] [php:error] [pid 90799] [client 104.28.235.57:0] script '/domains/fbardin/133.php' not found or unable to stat
[Tue Jan 13 01:20:36.567416 2026] [php:error] [pid 90799] [client 104.28.235.57:0] script '/domains/fbardin/ahax.php' not found or unable to stat
[Tue Jan 13 01:20:36.643220 2026] [php:error] [pid 90799] [client 104.28.235.57:0] script '/domains/fbardin/php8.php' not found or unable to stat
[Tue Jan 13 01:20:36.715281 2026] [php:error] [pid 90799] [client 104.28.235.57:0] script '/domains/fbardin/lufix1.php' not found or unable to stat
[Tue Jan 13 01:20:36.787187 2026] [php:error] [pid 90799] [client 104.28.235.57:0] script '/domains/fbardin/witmm.php' not found or unable to stat
[Tue Jan 13 01:20:37.071570 2026] [php:error] [pid 90799] [client 104.28.235.57:0] script '/domains/fbardin/ioxi-o.php' not found or unable to stat
[Tue Jan 13 01:20:37.154553 2026] [php:error] [pid 90799] [client 104.28.235.57:0] script '/domains/fbardin/222.php' not found or unable to stat
[Tue Jan 13 01:20:37.224977 2026] [php:error] [pid 90799] [client 104.28.235.57:0] script '/domains/fbardin/files.php' not found or unable to stat
[Tue Jan 13 01:20:37.307130 2026] [php:error] [pid 90799] [client 104.28.235.57:0] script '/domains/fbardin/wp-editor.php' not found or unable to stat
[Tue Jan 13 01:20:37.378254 2026] [php:error] [pid 90799] [client 104.28.235.57:0] script '/domains/fbardin/txets.php' not found or unable to stat
[Tue Jan 13 01:20:37.591047 2026] [php:error] [pid 90799] [client 104.28.235.57:0] script '/domains/fbardin/postnews.php' not found or unable to stat
[Tue Jan 13 01:20:55.278635 2026] [php:error] [pid 90820] [client 195.178.110.132:0] script '/domains/hans.interport/wp-config.php' not found or unable to stat
[Tue Jan 13 01:20:55.363179 2026] [php:error] [pid 90820] [client 195.178.110.132:0] script '/domains/hans.interport/wp-config.php.old' not found or unable to stat
[Tue Jan 13 01:20:55.450757 2026] [php:error] [pid 90820] [client 195.178.110.132:0] script '/domains/hans.interport/config.php' not found or unable to stat
[Tue Jan 13 01:20:55.535202 2026] [php:error] [pid 90820] [client 195.178.110.132:0] script '/domains/hans.interport/config.php.bak' not found or unable to stat
[Tue Jan 13 01:21:05.245062 2026] [php:error] [pid 90825] [client 167.99.43.189:0] script '/domains/navarrospring/wp-login.php' not found or unable to stat
[Tue Jan 13 01:21:29.809249 2026] [php:error] [pid 90832] [client 34.96.162.62:0] script '/domains/piltdweb1/adminer-5.2.0-mysql.php' not found or unable to stat
[Tue Jan 13 01:21:33.179418 2026] [php:error] [pid 90820] [client 35.247.243.240:0] script '/domains/piltdweb1/adminer-4.8.1-en.php' not found or unable to stat
[Tue Jan 13 01:21:47.354394 2026] [php:error] [pid 90835] [client 34.96.162.56:0] script '/domains/piltdweb1/Adminer.php' not found or unable to stat
[Tue Jan 13 01:22:10.480733 2026] [php:error] [pid 90840] [client 35.247.243.244:0] script '/domains/piltdweb1/adminer-4.2.0.php' not found or unable to stat
[Tue Jan 13 01:22:48.868197 2026] [php:error] [pid 90841] [client 34.96.162.59:0] script '/domains/piltdweb1/adminer-5.0.3-en.php' not found or unable to stat
[Tue Jan 13 01:22:58.851085 2026] [php:error] [pid 90855] [client 98.159.37.173:0] script '/domains/tbarnhil/xmlrpc.php' not found or unable to stat
[Tue Jan 13 01:22:59.095495 2026] [php:error] [pid 90853] [client 173.239.218.225:0] script '/domains/tbarnhil/wp-login.php' not found or unable to stat
[Tue Jan 13 01:23:14.866884 2026] [php:error] [pid 90855] [client 35.247.243.251:0] script '/domains/piltdweb1/adminer-4.6.2.php' not found or unable to stat
[Tue Jan 13 01:23:42.028091 2026] [core:crit] [pid 90853] (13)Permission denied: [client 50.16.72.185:0] AH00529: /domains/performancepartsinc/graphics/psd/.htaccess pcfg_openfile: unable to check htaccess file, ensure it is readable and that '/domains/performancepartsinc/graphics/psd/' is executable
[Tue Jan 13 01:24:37.287802 2026] [php:error] [pid 90867] [client 4.241.228.159:0] script '/domains/system_default/class-t.api.php' not found or unable to stat
[Tue Jan 13 01:24:37.450370 2026] [php:error] [pid 90867] [client 4.241.228.159:0] script '/domains/system_default/zwso.php' not found or unable to stat
[Tue Jan 13 01:24:37.777283 2026] [php:error] [pid 90867] [client 4.241.228.159:0] script '/domains/system_default/class19.php' not found or unable to stat
[Tue Jan 13 01:24:37.939987 2026] [php:error] [pid 90867] [client 4.241.228.159:0] script '/domains/system_default/class20.php' not found or unable to stat
[Tue Jan 13 01:24:38.102432 2026] [php:error] [pid 90867] [client 4.241.228.159:0] script '/domains/system_default/admin.php' not found or unable to stat
[Tue Jan 13 01:24:38.267057 2026] [php:error] [pid 90867] [client 4.241.228.159:0] script '/domains/system_default/randkeyword.php' not found or unable to stat
[Tue Jan 13 01:24:38.429541 2026] [php:error] [pid 90867] [client 4.241.228.159:0] script '/domains/system_default/fwe.php' not found or unable to stat
[Tue Jan 13 01:24:38.757487 2026] [php:error] [pid 90867] [client 4.241.228.159:0] script '/domains/system_default/g.php' not found or unable to stat
[Tue Jan 13 01:24:38.921515 2026] [php:error] [pid 90867] [client 4.241.228.159:0] script '/domains/system_default/tx1.php' not found or unable to stat
[Tue Jan 13 01:24:39.083919 2026] [php:error] [pid 90867] [client 4.241.228.159:0] script '/domains/system_default/xv.php' not found or unable to stat
[Tue Jan 13 01:24:39.246220 2026] [php:error] [pid 90867] [client 4.241.228.159:0] script '/domains/system_default/x56.php' not found or unable to stat
[Tue Jan 13 01:24:39.408582 2026] [php:error] [pid 90867] [client 4.241.228.159:0] script '/domains/system_default/htaccess.php' not found or unable to stat
[Tue Jan 13 01:24:39.576116 2026] [php:error] [pid 90867] [client 4.241.228.159:0] script '/domains/system_default/readme.php' not found or unable to stat
[Tue Jan 13 01:24:39.739641 2026] [php:error] [pid 90867] [client 4.241.228.159:0] script '/domains/system_default/x50.php' not found or unable to stat
[Tue Jan 13 01:24:39.903497 2026] [php:error] [pid 90867] [client 4.241.228.159:0] script '/domains/system_default/fv.php' not found or unable to stat
[Tue Jan 13 01:24:40.066140 2026] [php:error] [pid 90867] [client 4.241.228.159:0] script '/domains/system_default/file.php' not found or unable to stat
[Tue Jan 13 01:24:40.232595 2026] [php:error] [pid 90867] [client 4.241.228.159:0] script '/domains/system_default/lsd.php' not found or unable to stat
[Tue Jan 13 01:24:40.396033 2026] [php:error] [pid 90867] [client 4.241.228.159:0] script '/domains/system_default/as.php' not found or unable to stat
[Tue Jan 13 01:24:40.559806 2026] [php:error] [pid 90867] [client 4.241.228.159:0] script '/domains/system_default/wsd.php' not found or unable to stat
[Tue Jan 13 01:24:40.723841 2026] [php:error] [pid 90867] [client 4.241.228.159:0] script '/domains/system_default/gtc.php' not found or unable to stat
[Tue Jan 13 01:24:40.886634 2026] [php:error] [pid 90867] [client 4.241.228.159:0] script '/domains/system_default/atx.php' not found or unable to stat
[Tue Jan 13 01:24:41.049297 2026] [php:error] [pid 90867] [client 4.241.228.159:0] script '/domains/system_default/z60.php' not found or unable to stat
[Tue Jan 13 01:24:41.216393 2026] [php:error] [pid 90867] [client 4.241.228.159:0] script '/domains/system_default/403.php' not found or unable to stat
[Tue Jan 13 01:24:41.379364 2026] [php:error] [pid 90867] [client 4.241.228.159:0] script '/domains/system_default/m.php' not found or unable to stat
[Tue Jan 13 01:24:41.541660 2026] [php:error] [pid 90867] [client 4.241.228.159:0] script '/domains/system_default/themes.php' not found or unable to stat
[Tue Jan 13 01:24:42.042924 2026] [php:error] [pid 90867] [client 4.241.228.159:0] script '/domains/system_default/click.php' not found or unable to stat
[Tue Jan 13 01:24:42.205031 2026] [php:error] [pid 90867] [client 4.241.228.159:0] script '/domains/system_default/install.php' not found or unable to stat
[Tue Jan 13 01:24:42.367789 2026] [php:error] [pid 90867] [client 4.241.228.159:0] script '/domains/system_default/lv.php' not found or unable to stat
[Tue Jan 13 01:24:42.530746 2026] [php:error] [pid 90867] [client 4.241.228.159:0] script '/domains/system_default/simple.php' not found or unable to stat
[Tue Jan 13 01:24:42.693158 2026] [php:error] [pid 90867] [client 4.241.228.159:0] script '/domains/system_default/css.php' not found or unable to stat
[Tue Jan 13 01:24:42.856087 2026] [php:error] [pid 90867] [client 4.241.228.159:0] script '/domains/system_default/cong.php' not found or unable to stat
[Tue Jan 13 01:24:43.182679 2026] [php:error] [pid 90867] [client 4.241.228.159:0] script '/domains/system_default/cong.php' not found or unable to stat
[Tue Jan 13 01:24:43.345631 2026] [php:error] [pid 90867] [client 4.241.228.159:0] script '/domains/system_default/w.php' not found or unable to stat
[Tue Jan 13 01:24:43.509371 2026] [php:error] [pid 90867] [client 4.241.228.159:0] script '/domains/system_default/404.php' not found or unable to stat
[Tue Jan 13 01:24:43.675374 2026] [php:error] [pid 90867] [client 4.241.228.159:0] script '/domains/system_default/ioxi-o.php' not found or unable to stat
[Tue Jan 13 01:24:43.840362 2026] [php:error] [pid 90867] [client 4.241.228.159:0] script '/domains/system_default/0x.php' not found or unable to stat
[Tue Jan 13 01:24:44.002649 2026] [php:error] [pid 90867] [client 4.241.228.159:0] script '/domains/system_default/css.php' not found or unable to stat
[Tue Jan 13 01:24:44.165578 2026] [php:error] [pid 90867] [client 4.241.228.159:0] script '/domains/system_default/222.php' not found or unable to stat
[Tue Jan 13 01:24:44.495134 2026] [php:error] [pid 90867] [client 4.241.228.159:0] script '/domains/system_default/admin.php' not found or unable to stat
[Tue Jan 13 01:24:44.834293 2026] [php:error] [pid 90867] [client 4.241.228.159:0] script '/domains/system_default/classwithtostring.php' not found or unable to stat
[Tue Jan 13 01:24:44.996728 2026] [php:error] [pid 90867] [client 4.241.228.159:0] script '/domains/system_default/abcd.php' not found or unable to stat
[Tue Jan 13 01:24:45.174773 2026] [php:error] [pid 90867] [client 4.241.228.159:0] script '/domains/system_default/autoload_classmap.php' not found or unable to stat
[Tue Jan 13 01:24:45.338238 2026] [php:error] [pid 90867] [client 4.241.228.159:0] script '/domains/system_default/inputs.php' not found or unable to stat
[Tue Jan 13 01:24:45.500768 2026] [php:error] [pid 90867] [client 4.241.228.159:0] script '/domains/system_default/about.php' not found or unable to stat
[Tue Jan 13 01:24:45.663120 2026] [php:error] [pid 90867] [client 4.241.228.159:0] script '/domains/system_default/alfa.php' not found or unable to stat
[Tue Jan 13 01:24:46.353867 2026] [php:error] [pid 90865] [client 51.15.6.90:0] script '/domains/fifibear/ioxi-o.php' not found or unable to stat, referer: https://duckduckgo.com/
[Tue Jan 13 01:24:46.488326 2026] [php:error] [pid 90867] [client 4.241.228.159:0] script '/domains/system_default/manager.php' not found or unable to stat
[Tue Jan 13 01:24:46.554012 2026] [php:error] [pid 90865] [client 44.127.245.221:0] script '/domains/fifibear/0x.php' not found or unable to stat, referer: https://www.yahoo.com/
[Tue Jan 13 01:24:46.654167 2026] [php:error] [pid 90867] [client 4.241.228.159:0] script '/domains/system_default/item.php' not found or unable to stat
[Tue Jan 13 01:24:46.754806 2026] [php:error] [pid 90865] [client 65.8.49.238:0] script '/domains/fifibear/222.php' not found or unable to stat, referer: https://www.google.fr/
[Tue Jan 13 01:24:46.955176 2026] [php:error] [pid 90865] [client 52.107.206.28:0] script '/domains/fifibear/aa.php' not found or unable to stat, referer: https://www.google.fr/
[Tue Jan 13 01:24:46.979747 2026] [php:error] [pid 90867] [client 4.241.228.159:0] script '/domains/system_default/404.php' not found or unable to stat
[Tue Jan 13 01:24:47.143078 2026] [php:error] [pid 90867] [client 4.241.228.159:0] script '/domains/system_default/mail.php' not found or unable to stat
[Tue Jan 13 01:24:47.155634 2026] [php:error] [pid 90865] [client 68.144.9.6:0] script '/domains/fifibear/abcd.php' not found or unable to stat, referer: https://www.bing.com/
[Tue Jan 13 01:24:47.356110 2026] [php:error] [pid 90865] [client 23.234.255.216:0] script '/domains/fifibear/admin.php' not found or unable to stat, referer: https://www.bing.com/
[Tue Jan 13 01:24:47.467721 2026] [php:error] [pid 90867] [client 4.241.228.159:0] script '/domains/system_default/sx.php' not found or unable to stat
[Tue Jan 13 01:24:47.756645 2026] [php:error] [pid 90865] [client 26.92.70.253:0] script '/domains/fifibear/adminfuns.php' not found or unable to stat, referer: https://www.google.co.uk/
[Tue Jan 13 01:24:47.792497 2026] [php:error] [pid 90867] [client 4.241.228.159:0] script '/domains/system_default/alfa.php' not found or unable to stat
[Tue Jan 13 01:24:47.955232 2026] [php:error] [pid 90867] [client 4.241.228.159:0] script '/domains/system_default/1.php' not found or unable to stat
[Tue Jan 13 01:24:47.956631 2026] [php:error] [pid 90865] [client 245.127.170.248:0] script '/domains/fifibear/akc.php' not found or unable to stat, referer: https://www.yahoo.com/
[Tue Jan 13 01:24:48.117750 2026] [php:error] [pid 90867] [client 4.241.228.159:0] script '/domains/system_default/byp.php' not found or unable to stat
[Tue Jan 13 01:24:48.156710 2026] [php:error] [pid 90865] [client 30.60.133.124:0] script '/domains/fifibear/buy.php' not found or unable to stat, referer: https://www.google.fr/
[Tue Jan 13 01:24:48.280660 2026] [php:error] [pid 90867] [client 4.241.228.159:0] script '/domains/system_default/wp-trackback.php' not found or unable to stat
[Tue Jan 13 01:24:48.357089 2026] [php:error] [pid 90865] [client 185.220.183.120:0] script '/domains/fifibear/cong.php' not found or unable to stat, referer: https://www.yahoo.com/
[Tue Jan 13 01:24:48.557043 2026] [php:error] [pid 90865] [client 161.25.161.227:0] script '/domains/fifibear/ioxi-o.php' not found or unable to stat, referer: https://duckduckgo.com/
[Tue Jan 13 01:24:48.932150 2026] [php:error] [pid 90867] [client 4.241.228.159:0] script '/domains/system_default/gmo.php' not found or unable to stat
[Tue Jan 13 01:24:48.958727 2026] [php:error] [pid 90865] [client 19.219.25.135:0] script '/domains/fifibear/db.php' not found or unable to stat, referer: https://www.google.fr/
[Tue Jan 13 01:24:49.160108 2026] [php:error] [pid 90865] [client 175.249.76.101:0] script '/domains/fifibear/dropdown.php' not found or unable to stat, referer: https://www.google.co.uk/
[Tue Jan 13 01:24:49.361695 2026] [php:error] [pid 90865] [client 218.125.62.84:0] script '/domains/fifibear/file.php' not found or unable to stat, referer: https://www.yahoo.com/
[Tue Jan 13 01:24:49.563508 2026] [php:error] [pid 90865] [client 234.98.175.117:0] script '/domains/fifibear/goods.php' not found or unable to stat, referer: https://www.bing.com/
[Tue Jan 13 01:24:49.763751 2026] [php:error] [pid 90865] [client 4.2.193.157:0] script '/domains/fifibear/hplfuns.php' not found or unable to stat, referer: https://www.google.fr/
[Tue Jan 13 01:24:49.963601 2026] [php:error] [pid 90865] [client 74.225.244.89:0] script '/domains/fifibear/htaccess.php' not found or unable to stat, referer: https://www.google.co.uk/
[Tue Jan 13 01:24:50.565025 2026] [php:error] [pid 90865] [client 1.251.92.187:0] script '/domains/fifibear/info.php' not found or unable to stat, referer: https://www.bing.com/
[Tue Jan 13 01:24:50.720029 2026] [php:error] [pid 90867] [client 4.241.228.159:0] script '/domains/system_default/ww1.php' not found or unable to stat
[Tue Jan 13 01:24:50.764867 2026] [php:error] [pid 90865] [client 114.145.173.26:0] script '/domains/fifibear/profile.php' not found or unable to stat, referer: https://www.bing.com/
[Tue Jan 13 01:24:50.965725 2026] [php:error] [pid 90865] [client 122.216.243.131:0] script '/domains/fifibear/sx.php' not found or unable to stat, referer: https://duckduckgo.com/
[Tue Jan 13 01:24:51.735641 2026] [php:error] [pid 90853] [client 4.241.228.159:0] script '/domains/system_default/security.php' not found or unable to stat
[Tue Jan 13 01:24:53.695634 2026] [php:error] [pid 90853] [client 4.241.228.159:0] script '/domains/system_default/class.php' not found or unable to stat
[Tue Jan 13 01:24:53.858610 2026] [php:error] [pid 90853] [client 4.241.228.159:0] script '/domains/system_default/bless5.php' not found or unable to stat
[Tue Jan 13 01:24:54.346099 2026] [php:error] [pid 90853] [client 4.241.228.159:0] script '/domains/system_default/lock360.php' not found or unable to stat
[Tue Jan 13 01:24:54.510231 2026] [php:error] [pid 90853] [client 4.241.228.159:0] script '/domains/system_default/f35.php' not found or unable to stat
[Tue Jan 13 01:24:54.673519 2026] [php:error] [pid 90853] [client 4.241.228.159:0] script '/domains/system_default/ioxi-o1.php' not found or unable to stat
[Tue Jan 13 01:24:54.837154 2026] [php:error] [pid 90853] [client 4.241.228.159:0] script '/domains/system_default/juuuu.php' not found or unable to stat
[Tue Jan 13 01:24:54.999533 2026] [php:error] [pid 90853] [client 4.241.228.159:0] script '/domains/system_default/ha.php' not found or unable to stat
[Tue Jan 13 01:24:55.162112 2026] [php:error] [pid 90853] [client 4.241.228.159:0] script '/domains/system_default/gg.php' not found or unable to stat
[Tue Jan 13 01:24:55.324667 2026] [php:error] [pid 90853] [client 4.241.228.159:0] script '/domains/system_default/we2.php' not found or unable to stat
[Tue Jan 13 01:24:55.383905 2026] [php:error] [pid 90865] [client 66.109.107.33:0] script '/domains/fifibear/wp-fclass.php' not found or unable to stat, referer: https://duckduckgo.com/
[Tue Jan 13 01:24:55.487789 2026] [php:error] [pid 90853] [client 4.241.228.159:0] script '/domains/system_default/04.php' not found or unable to stat
[Tue Jan 13 01:24:55.650750 2026] [php:error] [pid 90853] [client 4.241.228.159:0] script '/domains/system_default/333.php' not found or unable to stat
[Tue Jan 13 01:24:55.813167 2026] [php:error] [pid 90853] [client 4.241.228.159:0] script '/domains/system_default/520.php' not found or unable to stat
[Tue Jan 13 01:24:55.976013 2026] [php:error] [pid 90853] [client 4.241.228.159:0] script '/domains/system_default/ar.php' not found or unable to stat
[Tue Jan 13 01:24:56.138626 2026] [php:error] [pid 90853] [client 4.241.228.159:0] script '/domains/system_default/x.php' not found or unable to stat
[Tue Jan 13 01:24:56.302508 2026] [php:error] [pid 90853] [client 4.241.228.159:0] script '/domains/system_default/xx.php' not found or unable to stat
[Tue Jan 13 01:24:56.465549 2026] [php:error] [pid 90853] [client 4.241.228.159:0] script '/domains/system_default/gifclass4.php' not found or unable to stat
[Tue Jan 13 01:24:56.628134 2026] [php:error] [pid 90853] [client 4.241.228.159:0] script '/domains/system_default/2clas.php' not found or unable to stat
[Tue Jan 13 01:24:56.790472 2026] [php:error] [pid 90853] [client 4.241.228.159:0] script '/domains/system_default/ave.php' not found or unable to stat
[Tue Jan 13 01:24:56.953981 2026] [php:error] [pid 90853] [client 4.241.228.159:0] script '/domains/system_default/wrt.php' not found or unable to stat
[Tue Jan 13 01:24:57.116859 2026] [php:error] [pid 90853] [client 4.241.228.159:0] script '/domains/system_default/bibil.php' not found or unable to stat
[Tue Jan 13 01:24:57.279303 2026] [php:error] [pid 90853] [client 4.241.228.159:0] script '/domains/system_default/radio.php' not found or unable to stat
[Tue Jan 13 01:24:57.442613 2026] [php:error] [pid 90853] [client 4.241.228.159:0] script '/domains/system_default/files.php' not found or unable to stat
[Tue Jan 13 01:24:57.604986 2026] [php:error] [pid 90853] [client 4.241.228.159:0] script '/domains/system_default/file7.php' not found or unable to stat
[Tue Jan 13 01:24:57.767741 2026] [php:error] [pid 90853] [client 4.241.228.159:0] script '/domains/system_default/gifclass.php' not found or unable to stat
[Tue Jan 13 01:24:58.092886 2026] [php:error] [pid 90853] [client 4.241.228.159:0] script '/domains/system_default/nox.php' not found or unable to stat
[Tue Jan 13 01:24:58.255737 2026] [php:error] [pid 90853] [client 4.241.228.159:0] script '/domains/system_default/file48.php' not found or unable to stat
[Tue Jan 13 01:24:58.418357 2026] [php:error] [pid 90853] [client 4.241.228.159:0] script '/domains/system_default/info.php' not found or unable to stat
[Tue Jan 13 01:24:58.582363 2026] [php:error] [pid 90853] [client 4.241.228.159:0] script '/domains/system_default/class9.php' not found or unable to stat
[Tue Jan 13 01:24:58.744971 2026] [php:error] [pid 90853] [client 4.241.228.159:0] script '/domains/system_default/la.php' not found or unable to stat
[Tue Jan 13 01:24:58.908451 2026] [php:error] [pid 90853] [client 4.241.228.159:0] script '/domains/system_default/bless11.php' not found or unable to stat
[Tue Jan 13 01:24:59.071251 2026] [php:error] [pid 90853] [client 4.241.228.159:0] script '/domains/system_default/ccou.php' not found or unable to stat
[Tue Jan 13 01:24:59.182976 2026] [php:error] [pid 90865] [client 205.24.160.136:0] script '/domains/fifibear/wp-themes.php' not found or unable to stat, referer: https://duckduckgo.com/
[Tue Jan 13 01:24:59.234212 2026] [php:error] [pid 90853] [client 4.241.228.159:0] script '/domains/system_default/ton.php' not found or unable to stat
[Tue Jan 13 01:24:59.383022 2026] [php:error] [pid 90865] [client 141.86.176.39:0] script '/domains/fifibear/xmlrpc.php' not found or unable to stat, referer: https://www.yahoo.com/
[Tue Jan 13 01:24:59.396733 2026] [php:error] [pid 90853] [client 4.241.228.159:0] script '/domains/system_default/403.php' not found or unable to stat
[Tue Jan 13 01:24:59.559208 2026] [php:error] [pid 90853] [client 4.241.228.159:0] script '/domains/system_default/file9.php' not found or unable to stat
[Tue Jan 13 01:24:59.721688 2026] [php:error] [pid 90853] [client 4.241.228.159:0] script '/domains/system_default/ac.php' not found or unable to stat
[Tue Jan 13 01:24:59.884706 2026] [php:error] [pid 90853] [client 4.241.228.159:0] script '/domains/system_default/new4.php' not found or unable to stat
[Tue Jan 13 01:25:00.047758 2026] [php:error] [pid 90853] [client 4.241.228.159:0] script '/domains/system_default/pop.php' not found or unable to stat
[Tue Jan 13 01:25:00.210672 2026] [php:error] [pid 90853] [client 4.241.228.159:0] script '/domains/system_default/az.php' not found or unable to stat
[Tue Jan 13 01:25:00.375901 2026] [php:error] [pid 90853] [client 4.241.228.159:0] script '/domains/system_default/xaz.php' not found or unable to stat
[Tue Jan 13 01:25:00.538482 2026] [php:error] [pid 90853] [client 4.241.228.159:0] script '/domains/system_default/up4.php' not found or unable to stat
[Tue Jan 13 01:25:00.702561 2026] [php:error] [pid 90853] [client 4.241.228.159:0] script '/domains/system_default/1aa.php' not found or unable to stat
[Tue Jan 13 01:25:00.866544 2026] [php:error] [pid 90853] [client 4.241.228.159:0] script '/domains/system_default/elp.php' not found or unable to stat
[Tue Jan 13 01:25:01.035564 2026] [php:error] [pid 90853] [client 4.241.228.159:0] script '/domains/system_default/wtz.php' not found or unable to stat
[Tue Jan 13 01:25:01.246370 2026] [php:error] [pid 90853] [client 4.241.228.159:0] script '/domains/system_default/galex.php' not found or unable to stat
[Tue Jan 13 01:25:01.409892 2026] [php:error] [pid 90853] [client 4.241.228.159:0] script '/domains/system_default/xb.php' not found or unable to stat
[Tue Jan 13 01:25:01.572959 2026] [php:error] [pid 90853] [client 4.241.228.159:0] script '/domains/system_default/ova.php' not found or unable to stat
[Tue Jan 13 01:25:01.736741 2026] [php:error] [pid 90853] [client 4.241.228.159:0] script '/domains/system_default/vx.php' not found or unable to stat
[Tue Jan 13 01:25:01.899357 2026] [php:error] [pid 90853] [client 4.241.228.159:0] script '/domains/system_default/rh.php' not found or unable to stat
[Tue Jan 13 01:25:02.892073 2026] [php:error] [pid 90869] [client 35.247.243.253:0] script '/domains/piltdweb1/adminer-5.0.1-mysql.php' not found or unable to stat
[Tue Jan 13 01:25:06.453276 2026] [php:error] [pid 90869] [client 35.247.243.242:0] script '/domains/piltdweb1/adminer-4.8.1.php' not found or unable to stat
[Tue Jan 13 01:25:58.898705 2026] [php:error] [pid 90870] [client 34.96.162.49:0] script '/domains/piltdweb1/adminer-4.7.3.php' not found or unable to stat
[Tue Jan 13 01:26:04.969410 2026] [php:error] [pid 90877] [client 35.247.243.252:0] script '/domains/piltdweb1/adminer-5.0.6.php' not found or unable to stat
[Tue Jan 13 01:26:59.672069 2026] [php:error] [pid 90883] [client 140.245.98.213:0] script '/domains/hand-hammerweb/wp-login.php' not found or unable to stat, referer: https://wordpress.org/
[Tue Jan 13 01:27:00.195108 2026] [php:error] [pid 90874] [client 140.245.98.213:0] script '/domains/hand-hammerweb/wp-login.php' not found or unable to stat, referer: https://www.google.com/
[Tue Jan 13 01:27:05.931389 2026] [php:error] [pid 90874] [client 98.8.99.185:0] script '/domains/system_suspended/222.php' not found or unable to stat, referer: https://www.google.co.uk/
[Tue Jan 13 01:27:06.151052 2026] [php:error] [pid 90874] [client 4.194.90.21:0] script '/domains/system_suspended/bolt.php' not found or unable to stat, referer: https://duckduckgo.com/
[Tue Jan 13 01:27:06.371188 2026] [php:error] [pid 90874] [client 217.51.63.189:0] script '/domains/system_suspended/buy.php' not found or unable to stat, referer: https://www.google.com/
[Tue Jan 13 01:27:06.590910 2026] [php:error] [pid 90874] [client 134.213.200.4:0] script '/domains/system_suspended/abcd.php' not found or unable to stat, referer: https://www.bing.com/
[Tue Jan 13 01:27:06.810813 2026] [php:error] [pid 90874] [client 124.173.5.45:0] script '/domains/system_suspended/adminfuns.php' not found or unable to stat, referer: https://www.google.co.uk/
[Tue Jan 13 01:27:07.032165 2026] [php:error] [pid 90874] [client 2.88.48.132:0] script '/domains/system_suspended/akcc.php' not found or unable to stat, referer: https://www.google.de/
[Tue Jan 13 01:27:07.252120 2026] [php:error] [pid 90874] [client 165.48.48.28:0] script '/domains/system_suspended/bless.php' not found or unable to stat, referer: https://www.google.fr/
[Tue Jan 13 01:27:07.472157 2026] [php:error] [pid 90874] [client 30.79.92.115:0] script '/domains/system_suspended/file.php' not found or unable to stat, referer: https://duckduckgo.com/
[Tue Jan 13 01:27:07.694129 2026] [php:error] [pid 90874] [client 76.88.60.183:0] script '/domains/system_suspended/goods.php' not found or unable to stat, referer: https://www.bing.com/
[Tue Jan 13 01:27:07.914165 2026] [php:error] [pid 90874] [client 16.5.15.35:0] script '/domains/system_suspended/info.php' not found or unable to stat, referer: https://www.yahoo.com/
[Tue Jan 13 01:27:08.134678 2026] [php:error] [pid 90874] [client 188.114.108.33:0] script '/domains/system_suspended/ioxi-o.php' not found or unable to stat, referer: https://www.bing.com/
[Tue Jan 13 01:27:08.354496 2026] [php:error] [pid 90874] [client 169.41.117.41:0] script '/domains/system_suspended/about.php' not found or unable to stat, referer: https://www.bing.com/
[Tue Jan 13 01:27:08.574522 2026] [php:error] [pid 90874] [client 210.116.150.239:0] script '/domains/system_suspended/admin.php' not found or unable to stat, referer: https://www.google.com/
[Tue Jan 13 01:27:08.794803 2026] [php:error] [pid 90874] [client 204.6.243.32:0] script '/domains/system_suspended/php.php' not found or unable to stat, referer: https://duckduckgo.com/
[Tue Jan 13 01:27:09.015189 2026] [php:error] [pid 90874] [client 24.85.241.13:0] script '/domains/system_suspended/403.php' not found or unable to stat, referer: https://duckduckgo.com/
[Tue Jan 13 01:27:09.235679 2026] [php:error] [pid 90874] [client 166.166.46.18:0] script '/domains/system_suspended/jp.php' not found or unable to stat, referer: https://duckduckgo.com/
[Tue Jan 13 01:27:09.456432 2026] [php:error] [pid 90874] [client 253.68.177.97:0] script '/domains/system_suspended/server.php' not found or unable to stat, referer: https://duckduckgo.com/
[Tue Jan 13 01:27:09.676925 2026] [php:error] [pid 90874] [client 41.13.127.8:0] script '/domains/system_suspended/classwithtostring.php' not found or unable to stat, referer: https://www.google.co.uk/
[Tue Jan 13 01:27:09.896720 2026] [php:error] [pid 90874] [client 205.220.188.31:0] script '/domains/system_suspended/autoload_classmap.php' not found or unable to stat, referer: https://www.bing.com/
[Tue Jan 13 01:27:10.336889 2026] [php:error] [pid 90874] [client 21.226.168.26:0] script '/domains/system_suspended/wp.php' not found or unable to stat, referer: https://www.google.co.uk/
