[Tue Jan 13 03:41:13.882544 2026] [php:error] [pid 15306] [client 45.3.48.150:0] script '/domains/carynm/xmlrpc.php' not found or unable to stat
[Tue Jan 13 03:41:14.053238 2026] [php:error] [pid 15305] [client 209.50.165.18:0] script '/domains/carynm/xmlrpc.php' not found or unable to stat
[Tue Jan 13 03:41:14.075082 2026] [php:error] [pid 15311] [client 65.111.22.65:0] script '/domains/carynm/xmlrpc.php' not found or unable to stat
[Tue Jan 13 03:41:14.249496 2026] [php:error] [pid 15291] [client 216.26.225.191:0] script '/domains/carynm/wp-login.php' not found or unable to stat
[Tue Jan 13 03:41:14.411875 2026] [php:error] [pid 15312] [client 65.111.22.65:0] script '/domains/carynm/xmlrpc.php' not found or unable to stat
[Tue Jan 13 03:41:14.415886 2026] [php:error] [pid 15306] [client 209.50.165.18:0] script '/domains/carynm/xmlrpc.php' not found or unable to stat
[Tue Jan 13 03:41:14.770863 2026] [php:error] [pid 15305] [client 65.111.13.16:0] script '/domains/carynm/wp-login.php' not found or unable to stat
[Tue Jan 13 03:41:14.804348 2026] [php:error] [pid 15311] [client 104.207.44.188:0] script '/domains/carynm/wp-login.php' not found or unable to stat
[Tue Jan 13 03:41:14.851159 2026] [php:error] [pid 15291] [client 216.26.225.191:0] script '/domains/carynm/wp-login.php' not found or unable to stat
[Tue Jan 13 03:41:15.122978 2026] [php:error] [pid 15306] [client 65.111.13.16:0] script '/domains/carynm/wp-login.php' not found or unable to stat
[Tue Jan 13 03:41:15.156755 2026] [php:error] [pid 15305] [client 104.207.44.188:0] script '/domains/carynm/wp-login.php' not found or unable to stat
[Tue Jan 13 03:41:22.445806 2026] [php:error] [pid 15312] [client 45.3.54.247:0] script '/domains/carynm/xmlrpc.php' not found or unable to stat
[Tue Jan 13 03:41:22.772220 2026] [php:error] [pid 15306] [client 45.3.54.247:0] script '/domains/carynm/xmlrpc.php' not found or unable to stat
[Tue Jan 13 03:41:22.795638 2026] [php:error] [pid 15305] [client 65.111.7.146:0] script '/domains/carynm/xmlrpc.php' not found or unable to stat
[Tue Jan 13 03:41:22.927167 2026] [php:error] [pid 15311] [client 45.3.40.23:0] script '/domains/carynm/xmlrpc.php' not found or unable to stat
[Tue Jan 13 03:41:23.131122 2026] [php:error] [pid 15291] [client 45.3.54.247:0] script '/domains/carynm/xmlrpc.php' not found or unable to stat
[Tue Jan 13 03:41:23.181534 2026] [php:error] [pid 15312] [client 65.111.7.146:0] script '/domains/carynm/xmlrpc.php' not found or unable to stat
[Tue Jan 13 03:41:23.448794 2026] [php:error] [pid 15305] [client 45.3.40.23:0] script '/domains/carynm/xmlrpc.php' not found or unable to stat
[Tue Jan 13 03:41:23.450709 2026] [php:error] [pid 15311] [client 45.3.54.247:0] script '/domains/carynm/xmlrpc.php' not found or unable to stat
[Tue Jan 13 03:41:23.585002 2026] [php:error] [pid 15291] [client 65.111.7.146:0] script '/domains/carynm/xmlrpc.php' not found or unable to stat
[Tue Jan 13 03:41:23.789273 2026] [php:error] [pid 15312] [client 45.3.54.247:0] script '/domains/carynm/xmlrpc.php' not found or unable to stat
[Tue Jan 13 03:41:23.927854 2026] [php:error] [pid 15305] [client 45.3.40.23:0] script '/domains/carynm/xmlrpc.php' not found or unable to stat
[Tue Jan 13 03:41:23.958940 2026] [php:error] [pid 15311] [client 65.111.7.146:0] script '/domains/carynm/xmlrpc.php' not found or unable to stat
[Tue Jan 13 03:41:24.123093 2026] [php:error] [pid 15306] [client 45.3.54.247:0] script '/domains/carynm/xmlrpc.php' not found or unable to stat
[Tue Jan 13 03:41:24.352940 2026] [php:error] [pid 15312] [client 65.111.7.146:0] script '/domains/carynm/xmlrpc.php' not found or unable to stat
[Tue Jan 13 03:41:24.415415 2026] [php:error] [pid 15305] [client 45.3.40.23:0] script '/domains/carynm/xmlrpc.php' not found or unable to stat
[Tue Jan 13 03:41:24.537061 2026] [php:error] [pid 15311] [client 65.111.28.192:0] script '/domains/carynm/wp-login.php' not found or unable to stat
[Tue Jan 13 03:41:24.757472 2026] [php:error] [pid 15306] [client 65.111.7.146:0] script '/domains/carynm/xmlrpc.php' not found or unable to stat
[Tue Jan 13 03:41:24.878517 2026] [php:error] [pid 15291] [client 45.3.40.23:0] script '/domains/carynm/xmlrpc.php' not found or unable to stat
[Tue Jan 13 03:41:24.880264 2026] [php:error] [pid 15312] [client 65.111.28.192:0] script '/domains/carynm/wp-login.php' not found or unable to stat
[Tue Jan 13 03:41:25.265242 2026] [php:error] [pid 15311] [client 104.207.59.4:0] script '/domains/carynm/wp-login.php' not found or unable to stat
[Tue Jan 13 03:41:25.344234 2026] [php:error] [pid 15306] [client 45.3.40.23:0] script '/domains/carynm/xmlrpc.php' not found or unable to stat
[Tue Jan 13 03:41:25.696910 2026] [php:error] [pid 15305] [client 65.111.25.249:0] script '/domains/carynm/wp-login.php' not found or unable to stat
[Tue Jan 13 03:41:25.755021 2026] [php:error] [pid 15306] [client 104.207.59.4:0] script '/domains/carynm/wp-login.php' not found or unable to stat
[Tue Jan 13 03:41:26.042536 2026] [php:error] [pid 15291] [client 65.111.25.249:0] script '/domains/carynm/wp-login.php' not found or unable to stat
[Tue Jan 13 03:41:26.715077 2026] [core:crit] [pid 15291] (13)Permission denied: [client 66.249.66.163:0] AH00529: /domains/performancepartsinc/graphics/psd/.htaccess pcfg_openfile: unable to check htaccess file, ensure it is readable and that '/domains/performancepartsinc/graphics/psd/' is executable
[Tue Jan 13 03:41:30.733618 2026] [php:error] [pid 15312] [client 35.247.243.244:0] script '/domains/machinadynamica/adminer-4.8.1-mysql.php' not found or unable to stat
[Tue Jan 13 03:41:42.362103 2026] [php:error] [pid 15311] [client 34.96.162.57:0] script '/domains/machinadynamica/adminer-5.0.6-mysql-en.php' not found or unable to stat
[Tue Jan 13 03:41:45.812502 2026] [php:error] [pid 15311] [client 35.247.243.255:0] script '/domains/machinadynamica/adminer-5.0.0-mysql-en.php' not found or unable to stat
[Tue Jan 13 03:41:54.019899 2026] [php:error] [pid 15291] [client 228.83.141.92:0] script '/domains/system_suspended/autoload_classmap.php' not found or unable to stat, referer: https://www.google.de/
[Tue Jan 13 03:41:54.222768 2026] [php:error] [pid 15291] [client 192.54.165.89:0] script '/domains/system_suspended/bolt.php' not found or unable to stat, referer: https://www.bing.com/
[Tue Jan 13 03:41:54.425363 2026] [php:error] [pid 15291] [client 219.243.185.233:0] script '/domains/system_suspended/1.php' not found or unable to stat, referer: https://www.google.com/
[Tue Jan 13 03:41:54.627773 2026] [php:error] [pid 15291] [client 154.160.93.51:0] script '/domains/system_suspended/aa.php' not found or unable to stat, referer: https://www.google.fr/
[Tue Jan 13 03:41:54.830013 2026] [php:error] [pid 15291] [client 45.89.198.78:0] script '/domains/system_suspended/abcd.php' not found or unable to stat, referer: https://www.bing.com/
[Tue Jan 13 03:41:55.033199 2026] [php:error] [pid 15291] [client 97.21.244.203:0] script '/domains/system_suspended/about.php' not found or unable to stat, referer: https://www.google.de/
[Tue Jan 13 03:41:55.437665 2026] [php:error] [pid 15291] [client 218.243.133.88:0] script '/domains/system_suspended/admin.php' not found or unable to stat, referer: https://www.google.de/
[Tue Jan 13 03:41:55.639609 2026] [php:error] [pid 15291] [client 171.46.227.158:0] script '/domains/system_suspended/adminfuns.php' not found or unable to stat, referer: https://www.google.de/
[Tue Jan 13 03:41:55.844705 2026] [php:error] [pid 15291] [client 20.65.246.62:0] script '/domains/system_suspended/alfa.php' not found or unable to stat, referer: https://www.google.de/
[Tue Jan 13 03:41:56.046917 2026] [php:error] [pid 15291] [client 45.236.56.176:0] script '/domains/system_suspended/api.php' not found or unable to stat, referer: https://www.google.com/
[Tue Jan 13 03:41:56.248949 2026] [php:error] [pid 15291] [client 218.98.165.129:0] script '/domains/system_suspended/bless.php' not found or unable to stat, referer: https://www.google.fr/
[Tue Jan 13 03:41:56.653590 2026] [php:error] [pid 15291] [client 52.112.229.126:0] script '/domains/system_suspended/classwithtostring.php' not found or unable to stat, referer: https://www.google.co.uk/
[Tue Jan 13 03:41:56.855978 2026] [php:error] [pid 15291] [client 74.113.164.142:0] script '/domains/system_suspended/edit.php' not found or unable to stat, referer: https://www.google.com/
[Tue Jan 13 03:41:57.058332 2026] [php:error] [pid 15291] [client 56.245.180.209:0] script '/domains/system_suspended/file.php' not found or unable to stat, referer: https://www.yahoo.com/
[Tue Jan 13 03:41:57.260633 2026] [php:error] [pid 15291] [client 214.146.248.64:0] script '/domains/system_suspended/goods.php' not found or unable to stat, referer: https://www.google.co.uk/
[Tue Jan 13 03:41:57.463036 2026] [php:error] [pid 15291] [client 3.183.104.97:0] script '/domains/system_suspended/info.php' not found or unable to stat, referer: https://www.google.de/
[Tue Jan 13 03:41:57.665295 2026] [php:error] [pid 15291] [client 255.16.161.219:0] script '/domains/system_suspended/ioxi-o.php' not found or unable to stat, referer: https://www.bing.com/
[Tue Jan 13 03:41:57.867642 2026] [php:error] [pid 15291] [client 44.36.23.93:0] script '/domains/system_suspended/manager.php' not found or unable to stat, referer: https://www.bing.com/
[Tue Jan 13 03:41:58.274237 2026] [php:error] [pid 15291] [client 92.83.231.186:0] script '/domains/system_suspended/wp-user.php' not found or unable to stat, referer: https://www.google.fr/
[Tue Jan 13 03:41:58.476514 2026] [php:error] [pid 15291] [client 33.7.226.172:0] script '/domains/system_suspended/wp.php' not found or unable to stat, referer: https://www.bing.com/
[Tue Jan 13 03:41:58.679345 2026] [php:error] [pid 15291] [client 218.65.134.186:0] script '/domains/system_suspended/xmrlpc.php' not found or unable to stat, referer: https://www.bing.com/
[Tue Jan 13 03:41:58.881523 2026] [php:error] [pid 15291] [client 237.164.212.95:0] script '/domains/system_suspended/ahax.php' not found or unable to stat, referer: https://www.bing.com/
[Tue Jan 13 03:41:59.084600 2026] [php:error] [pid 15291] [client 147.80.132.2:0] script '/domains/system_suspended/akcc.php' not found or unable to stat, referer: https://www.yahoo.com/
[Tue Jan 13 03:41:59.692087 2026] [php:error] [pid 15291] [client 153.42.227.163:0] script '/domains/system_suspended/av.php' not found or unable to stat, referer: https://www.google.de/
[Tue Jan 13 03:41:59.894431 2026] [php:error] [pid 15291] [client 70.49.75.79:0] script '/domains/system_suspended/buy.php' not found or unable to stat, referer: https://www.google.co.uk/
[Tue Jan 13 03:42:00.298646 2026] [php:error] [pid 15291] [client 227.92.146.5:0] script '/domains/system_suspended/chosen.php' not found or unable to stat, referer: https://www.google.fr/
[Tue Jan 13 03:42:00.501518 2026] [php:error] [pid 15291] [client 244.52.236.223:0] script '/domains/system_suspended/elp.php' not found or unable to stat, referer: https://duckduckgo.com/
[Tue Jan 13 03:42:01.108716 2026] [php:error] [pid 15291] [client 181.164.45.126:0] script '/domains/system_suspended/inputs.php' not found or unable to stat, referer: https://www.bing.com/
[Tue Jan 13 03:42:01.311520 2026] [php:error] [pid 15291] [client 136.168.89.18:0] script '/domains/system_suspended/mah.php' not found or unable to stat, referer: https://www.google.com/
[Tue Jan 13 03:42:01.716471 2026] [php:error] [pid 15291] [client 78.51.174.183:0] script '/domains/system_suspended/mini.php' not found or unable to stat, referer: https://www.google.co.uk/
[Tue Jan 13 03:42:01.959313 2026] [core:crit] [pid 15311] (13)Permission denied: [client 66.249.66.77:0] AH00529: /domains/performancepartsinc/graphics/psd/.htaccess pcfg_openfile: unable to check htaccess file, ensure it is readable and that '/domains/performancepartsinc/graphics/psd/' is executable
[Tue Jan 13 03:42:02.120874 2026] [php:error] [pid 15291] [client 133.179.227.190:0] script '/domains/system_suspended/new.php' not found or unable to stat, referer: https://www.google.co.uk/
[Tue Jan 13 03:42:02.323138 2026] [php:error] [pid 15291] [client 52.175.55.60:0] script '/domains/system_suspended/options-reading.php' not found or unable to stat, referer: https://www.google.com/
[Tue Jan 13 03:42:02.526612 2026] [php:error] [pid 15291] [client 184.59.222.207:0] script '/domains/system_suspended/simple.php' not found or unable to stat, referer: https://www.google.com/
[Tue Jan 13 03:42:03.139832 2026] [php:error] [pid 15291] [client 114.170.187.64:0] script '/domains/system_suspended/new.php' not found or unable to stat, referer: https://www.yahoo.com/
[Tue Jan 13 03:42:03.748107 2026] [php:error] [pid 15291] [client 147.62.210.220:0] script '/domains/system_suspended/radio.php' not found or unable to stat, referer: https://www.bing.com/
[Tue Jan 13 03:42:05.167322 2026] [php:error] [pid 15291] [client 137.58.133.126:0] script '/domains/system_suspended/wp-blog.php' not found or unable to stat, referer: https://duckduckgo.com/
[Tue Jan 13 03:42:06.791222 2026] [php:error] [pid 15291] [client 238.19.128.131:0] script '/domains/system_suspended/wp-good.php' not found or unable to stat, referer: https://www.google.fr/
[Tue Jan 13 03:42:11.333083 2026] [php:error] [pid 15316] [client 193.22.116.219:0] script '/domains/pauljbrock/wp-good.php' not found or unable to stat, referer: https://www.google.fr/
[Tue Jan 13 03:42:11.495451 2026] [php:error] [pid 15291] [client 236.151.138.1:0] script '/domains/system_suspended/wp-editor.php' not found or unable to stat, referer: https://www.bing.com/
[Tue Jan 13 03:42:11.499926 2026] [php:error] [pid 15316] [client 77.188.246.151:0] script '/domains/pauljbrock/file.php' not found or unable to stat, referer: https://www.bing.com/
[Tue Jan 13 03:42:11.666378 2026] [php:error] [pid 15316] [client 184.206.64.82:0] script '/domains/pauljbrock/xmrlpc.php' not found or unable to stat, referer: https://www.google.fr/
[Tue Jan 13 03:42:11.833114 2026] [php:error] [pid 15316] [client 95.84.179.104:0] script '/domains/pauljbrock/av.php' not found or unable to stat, referer: https://www.google.co.uk/
[Tue Jan 13 03:42:11.999218 2026] [php:error] [pid 15316] [client 120.144.145.52:0] script '/domains/pauljbrock/bless.php' not found or unable to stat, referer: https://duckduckgo.com/
[Tue Jan 13 03:42:12.165560 2026] [php:error] [pid 15316] [client 70.15.52.236:0] script '/domains/pauljbrock/classwithtostring.php' not found or unable to stat, referer: https://www.google.fr/
[Tue Jan 13 03:42:12.331594 2026] [php:error] [pid 15316] [client 2.171.114.43:0] script '/domains/pauljbrock/abcd.php' not found or unable to stat, referer: https://www.bing.com/
[Tue Jan 13 03:42:12.497859 2026] [php:error] [pid 15316] [client 47.17.58.107:0] script '/domains/pauljbrock/admin.php' not found or unable to stat, referer: https://www.google.com/
[Tue Jan 13 03:42:12.673211 2026] [php:error] [pid 15316] [client 240.162.253.176:0] script '/domains/pauljbrock/edit.php' not found or unable to stat, referer: https://www.bing.com/
[Tue Jan 13 03:42:12.839888 2026] [php:error] [pid 15316] [client 100.96.28.70:0] script '/domains/pauljbrock/ioxi-o.php' not found or unable to stat, referer: https://www.google.de/
[Tue Jan 13 03:42:13.176624 2026] [php:error] [pid 15316] [client 24.64.68.42:0] script '/domains/pauljbrock/aa.php' not found or unable to stat, referer: https://www.google.de/
[Tue Jan 13 03:42:13.347138 2026] [php:error] [pid 15316] [client 105.151.124.197:0] script '/domains/pauljbrock/buy.php' not found or unable to stat, referer: https://duckduckgo.com/
[Tue Jan 13 03:42:13.515643 2026] [php:error] [pid 15316] [client 83.242.234.234:0] script '/domains/pauljbrock/chosen.php' not found or unable to stat, referer: https://www.bing.com/
[Tue Jan 13 03:42:13.682895 2026] [php:error] [pid 15316] [client 50.126.213.110:0] script '/domains/pauljbrock/goods.php' not found or unable to stat, referer: https://www.google.co.uk/
[Tue Jan 13 03:42:14.153170 2026] [php:error] [pid 15305] [client 35.247.243.241:0] script '/domains/machinadynamica/adminer-4.16.0.php' not found or unable to stat
[Tue Jan 13 03:42:14.182761 2026] [php:error] [pid 15316] [client 139.239.32.234:0] script '/domains/pauljbrock/wp-blog.php' not found or unable to stat, referer: https://www.google.co.uk/
[Tue Jan 13 03:42:14.857129 2026] [php:error] [pid 15316] [client 49.244.226.67:0] script '/domains/pauljbrock/ahax.php' not found or unable to stat, referer: https://www.google.fr/
[Tue Jan 13 03:42:15.027505 2026] [php:error] [pid 15316] [client 100.58.137.13:0] script '/domains/pauljbrock/akcc.php' not found or unable to stat, referer: https://www.bing.com/
[Tue Jan 13 03:42:15.554205 2026] [php:error] [pid 15316] [client 41.40.21.251:0] script '/domains/pauljbrock/bolt.php' not found or unable to stat, referer: https://www.google.de/
[Tue Jan 13 03:42:15.894075 2026] [php:error] [pid 15316] [client 32.107.2.167:0] script '/domains/pauljbrock/elp.php' not found or unable to stat, referer: https://www.google.fr/
[Tue Jan 13 03:42:16.242726 2026] [php:error] [pid 15316] [client 232.237.126.63:0] script '/domains/pauljbrock/info.php' not found or unable to stat, referer: https://www.yahoo.com/
[Tue Jan 13 03:42:16.564885 2026] [php:error] [pid 15311] [client 78.153.1.50:0] script '/domains/system_suspended/wp-themes.php' not found or unable to stat, referer: https://www.google.com/
[Tue Jan 13 03:42:16.766895 2026] [php:error] [pid 15311] [client 152.22.31.57:0] script '/domains/system_suspended/x.php' not found or unable to stat, referer: https://www.google.co.uk/
[Tue Jan 13 03:42:16.968616 2026] [php:error] [pid 15311] [client 72.184.186.234:0] script '/domains/system_suspended/yas.php' not found or unable to stat, referer: https://www.google.co.uk/
[Tue Jan 13 03:42:18.640856 2026] [php:error] [pid 15316] [client 78.195.216.240:0] script '/domains/pauljbrock/wp-user.php' not found or unable to stat, referer: https://www.google.fr/
[Tue Jan 13 03:42:25.971838 2026] [php:error] [pid 15315] [client 35.247.243.251:0] script '/domains/machinadynamica/adminer-4.7.6.php' not found or unable to stat
[Tue Jan 13 03:42:42.115362 2026] [php:error] [pid 15306] [client 137.150.60.84:0] script '/domains/icrse/ioxi-o.php' not found or unable to stat, referer: https://www.google.co.uk/
[Tue Jan 13 03:42:42.336002 2026] [php:error] [pid 15306] [client 38.50.246.118:0] script '/domains/icrse/0x.php' not found or unable to stat, referer: https://www.google.com/
[Tue Jan 13 03:42:42.556043 2026] [php:error] [pid 15306] [client 35.86.90.102:0] script '/domains/icrse/222.php' not found or unable to stat, referer: https://www.google.co.uk/
[Tue Jan 13 03:42:42.776962 2026] [php:error] [pid 15306] [client 113.76.150.102:0] script '/domains/icrse/aa.php' not found or unable to stat, referer: https://www.google.de/
[Tue Jan 13 03:42:42.997971 2026] [php:error] [pid 15306] [client 164.160.234.2:0] script '/domains/icrse/abcd.php' not found or unable to stat, referer: https://www.google.co.uk/
[Tue Jan 13 03:42:43.219961 2026] [php:error] [pid 15306] [client 32.23.139.124:0] script '/domains/icrse/admin.php' not found or unable to stat, referer: https://www.google.fr/
[Tue Jan 13 03:42:43.663613 2026] [php:error] [pid 15306] [client 61.93.21.226:0] script '/domains/icrse/akc.php' not found or unable to stat, referer: https://www.google.co.uk/
[Tue Jan 13 03:42:43.883761 2026] [php:error] [pid 15306] [client 162.162.35.92:0] script '/domains/icrse/buy.php' not found or unable to stat, referer: https://www.google.com/
[Tue Jan 13 03:42:44.104154 2026] [php:error] [pid 15306] [client 107.88.17.117:0] script '/domains/icrse/cong.php' not found or unable to stat, referer: https://www.google.co.uk/
[Tue Jan 13 03:42:44.324089 2026] [php:error] [pid 15306] [client 134.35.216.108:0] script '/domains/icrse/ioxi-o.php' not found or unable to stat, referer: https://www.google.de/
[Tue Jan 13 03:42:44.764487 2026] [php:error] [pid 15306] [client 56.66.196.98:0] script '/domains/icrse/db.php' not found or unable to stat, referer: https://www.google.fr/
[Tue Jan 13 03:42:45.003115 2026] [php:error] [pid 15306] [client 63.188.24.217:0] script '/domains/icrse/dropdown.php' not found or unable to stat, referer: https://www.google.com/
[Tue Jan 13 03:42:45.223511 2026] [php:error] [pid 15306] [client 114.72.103.184:0] script '/domains/icrse/file.php' not found or unable to stat, referer: https://duckduckgo.com/
[Tue Jan 13 03:42:45.444315 2026] [php:error] [pid 15306] [client 166.6.169.18:0] script '/domains/icrse/goods.php' not found or unable to stat, referer: https://www.google.de/
[Tue Jan 13 03:42:45.665661 2026] [php:error] [pid 15306] [client 169.227.228.51:0] script '/domains/icrse/hplfuns.php' not found or unable to stat, referer: https://www.google.co.uk/
[Tue Jan 13 03:42:45.886792 2026] [php:error] [pid 15306] [client 40.148.44.56:0] script '/domains/icrse/htaccess.php' not found or unable to stat, referer: https://www.google.fr/
[Tue Jan 13 03:42:46.107681 2026] [php:error] [pid 15306] [client 116.177.148.218:0] script '/domains/icrse/images/wso.php' not found or unable to stat, referer: https://www.yahoo.com/
[Tue Jan 13 03:42:46.549572 2026] [php:error] [pid 15306] [client 123.130.85.117:0] script '/domains/icrse/info.php' not found or unable to stat, referer: https://www.google.fr/
[Tue Jan 13 03:42:46.769707 2026] [php:error] [pid 15306] [client 191.67.158.231:0] script '/domains/icrse/profile.php' not found or unable to stat, referer: https://www.bing.com/
[Tue Jan 13 03:42:46.990188 2026] [php:error] [pid 15306] [client 98.106.192.15:0] script '/domains/icrse/sx.php' not found or unable to stat, referer: https://duckduckgo.com/
[Tue Jan 13 03:42:48.291204 2026] [core:crit] [pid 15305] (13)Permission denied: [client 66.249.66.76:0] AH00529: /domains/performancepartsinc/graphics/psd/.htaccess pcfg_openfile: unable to check htaccess file, ensure it is readable and that '/domains/performancepartsinc/graphics/psd/' is executable
[Tue Jan 13 03:42:51.892044 2026] [php:error] [pid 15306] [client 153.154.244.45:0] script '/domains/icrse/wp-fclass.php' not found or unable to stat, referer: https://www.google.com/
[Tue Jan 13 03:42:56.084394 2026] [php:error] [pid 15306] [client 17.119.65.73:0] script '/domains/icrse/wp-themes.php' not found or unable to stat, referer: https://www.google.fr/
[Tue Jan 13 03:42:56.304302 2026] [php:error] [pid 15306] [client 101.14.229.117:0] script '/domains/icrse/xmlrpc.php' not found or unable to stat, referer: https://www.google.fr/
[Tue Jan 13 03:43:03.450857 2026] [php:error] [pid 15321] [client 34.96.162.59:0] script '/domains/machinadynamica/adminer-5.0.3-mysql.php' not found or unable to stat
[Tue Jan 13 03:43:34.014636 2026] [php:error] [pid 15318] [client 141.98.11.98:0] script '/domains/system_suspended/wp-login.php' not found or unable to stat
[Tue Jan 13 03:43:36.412473 2026] [php:error] [pid 15320] [client 141.98.11.98:0] script '/domains/system_suspended/wp-login.php' not found or unable to stat
[Tue Jan 13 03:43:44.361741 2026] [php:error] [pid 15323] [client 35.247.243.249:0] script '/domains/machinadynamica/adminer-5.2.0-en.php' not found or unable to stat
[Tue Jan 13 03:43:47.909520 2026] [core:crit] [pid 15318] (13)Permission denied: [client 66.249.66.14:0] AH00529: /domains/performancepartsinc/graphics/psd/.htaccess pcfg_openfile: unable to check htaccess file, ensure it is readable and that '/domains/performancepartsinc/graphics/psd/' is executable
[Tue Jan 13 03:43:48.753182 2026] [php:error] [pid 15323] [client 35.247.243.252:0] script '/domains/machinadynamica/adminer-5.0.4-mysql.php' not found or unable to stat
[Tue Jan 13 03:44:13.828238 2026] [php:error] [pid 15311] [client 157.119.93.22:0] script '/domains/nostrada/s.php' not found or unable to stat
[Tue Jan 13 03:44:16.009808 2026] [core:crit] [pid 15323] (13)Permission denied: [client 66.249.66.36:0] AH00529: /domains/performancepartsinc/graphics/psd/.htaccess pcfg_openfile: unable to check htaccess file, ensure it is readable and that '/domains/performancepartsinc/graphics/psd/' is executable
[Tue Jan 13 03:44:16.138800 2026] [php:error] [pid 20966] [client 34.96.162.50:0] script '/domains/machinadynamica/adminer-5.2.0-mysql.php' not found or unable to stat
[Tue Jan 13 03:44:38.432304 2026] [php:error] [pid 15327] [client 173.244.42.170:0] script '/domains/covertcomic/wp-login.php' not found or unable to stat
[Tue Jan 13 03:44:44.029937 2026] [php:error] [pid 20970] [client 26.22.19.94:0] script '/domains/tcrlle/222.php' not found or unable to stat, referer: https://www.google.fr/
[Tue Jan 13 03:44:44.228660 2026] [php:error] [pid 20970] [client 184.140.18.177:0] script '/domains/tcrlle/bolt.php' not found or unable to stat, referer: https://www.bing.com/
[Tue Jan 13 03:44:44.427347 2026] [php:error] [pid 20970] [client 183.140.57.96:0] script '/domains/tcrlle/buy.php' not found or unable to stat, referer: https://duckduckgo.com/
[Tue Jan 13 03:44:44.625865 2026] [php:error] [pid 20970] [client 185.67.194.213:0] script '/domains/tcrlle/abcd.php' not found or unable to stat, referer: https://www.google.fr/
[Tue Jan 13 03:44:44.824750 2026] [php:error] [pid 20970] [client 199.78.155.55:0] script '/domains/tcrlle/adminfuns.php' not found or unable to stat, referer: https://duckduckgo.com/
[Tue Jan 13 03:44:45.023826 2026] [php:error] [pid 20970] [client 41.254.98.66:0] script '/domains/tcrlle/akcc.php' not found or unable to stat, referer: https://duckduckgo.com/
[Tue Jan 13 03:44:45.222544 2026] [php:error] [pid 20970] [client 129.209.19.72:0] script '/domains/tcrlle/bless.php' not found or unable to stat, referer: https://www.google.com/
[Tue Jan 13 03:44:45.424115 2026] [php:error] [pid 20970] [client 184.197.98.118:0] script '/domains/tcrlle/file.php' not found or unable to stat, referer: https://www.bing.com/
[Tue Jan 13 03:44:45.622776 2026] [php:error] [pid 20970] [client 135.42.142.247:0] script '/domains/tcrlle/goods.php' not found or unable to stat, referer: https://www.bing.com/
[Tue Jan 13 03:44:45.821503 2026] [php:error] [pid 20970] [client 101.172.27.166:0] script '/domains/tcrlle/info.php' not found or unable to stat, referer: https://www.google.de/
[Tue Jan 13 03:44:46.020636 2026] [php:error] [pid 20970] [client 211.252.218.174:0] script '/domains/tcrlle/ioxi-o.php' not found or unable to stat, referer: https://www.google.fr/
[Tue Jan 13 03:44:46.220685 2026] [php:error] [pid 20970] [client 157.136.35.22:0] script '/domains/tcrlle/about.php' not found or unable to stat, referer: https://duckduckgo.com/
[Tue Jan 13 03:44:46.419682 2026] [php:error] [pid 20970] [client 79.167.128.47:0] script '/domains/tcrlle/admin.php' not found or unable to stat, referer: https://www.yahoo.com/
[Tue Jan 13 03:44:46.618617 2026] [php:error] [pid 20970] [client 128.136.172.177:0] script '/domains/tcrlle/php.php' not found or unable to stat, referer: https://duckduckgo.com/
[Tue Jan 13 03:44:46.817388 2026] [php:error] [pid 20970] [client 120.126.52.32:0] script '/domains/tcrlle/403.php' not found or unable to stat, referer: https://duckduckgo.com/
[Tue Jan 13 03:44:47.016317 2026] [php:error] [pid 20970] [client 32.112.22.65:0] script '/domains/tcrlle/jp.php' not found or unable to stat, referer: https://www.google.fr/
[Tue Jan 13 03:44:47.215208 2026] [php:error] [pid 20970] [client 207.188.18.192:0] script '/domains/tcrlle/server.php' not found or unable to stat, referer: https://www.yahoo.com/
[Tue Jan 13 03:44:47.414014 2026] [php:error] [pid 20970] [client 107.241.222.173:0] script '/domains/tcrlle/classwithtostring.php' not found or unable to stat, referer: https://www.google.fr/
[Tue Jan 13 03:44:47.613047 2026] [php:error] [pid 20970] [client 155.198.212.197:0] script '/domains/tcrlle/autoload_classmap.php' not found or unable to stat, referer: https://www.google.fr/
[Tue Jan 13 03:44:48.010903 2026] [php:error] [pid 20970] [client 253.59.105.171:0] script '/domains/tcrlle/wp.php' not found or unable to stat, referer: https://duckduckgo.com/
[Tue Jan 13 03:44:48.102507 2026] [php:error] [pid 15327] [client 35.247.243.242:0] script '/domains/machinadynamica/adminer-4.7.6.php' not found or unable to stat
[Tue Jan 13 03:44:48.211018 2026] [php:error] [pid 20970] [client 225.59.174.128:0] script '/domains/tcrlle/wp-good.php' not found or unable to stat, referer: https://www.google.co.uk/
[Tue Jan 13 03:44:49.926540 2026] [php:error] [pid 20969] [client 35.247.243.249:0] script '/domains/machinadynamica/adminer-4.8.1-mysql-en.php' not found or unable to stat
[Tue Jan 13 03:44:56.316359 2026] [core:crit] [pid 15327] (13)Permission denied: [client 114.119.152.130:0] AH00529: /domains/performancepartsinc/graphics/psd/.htaccess pcfg_openfile: unable to check htaccess file, ensure it is readable and that '/domains/performancepartsinc/graphics/psd/' is executable, referer: http://www.performancepartsinc.com/graphics/psd/q.php?%2Fsex-sites-in-cauquenes%2F
[Tue Jan 13 03:44:58.196270 2026] [php:error] [pid 15311] [client 35.247.243.246:0] script '/domains/machinadynamica/adminer-5.2.1.php' not found or unable to stat
[Tue Jan 13 03:45:01.506621 2026] [php:error] [pid 15324] [client 34.96.162.53:0] script '/domains/machinadynamica/adminer-5.4.1.php' not found or unable to stat
[Tue Jan 13 03:45:10.163273 2026] [core:crit] [pid 20974] (13)Permission denied: [client 66.249.66.14:0] AH00529: /domains/performancepartsinc/graphics/psd/.htaccess pcfg_openfile: unable to check htaccess file, ensure it is readable and that '/domains/performancepartsinc/graphics/psd/' is executable
[Tue Jan 13 03:45:17.265234 2026] [core:crit] [pid 20976] (13)Permission denied: [client 66.249.66.76:0] AH00529: /domains/performancepartsinc/graphics/psd/.htaccess pcfg_openfile: unable to check htaccess file, ensure it is readable and that '/domains/performancepartsinc/graphics/psd/' is executable
[Tue Jan 13 03:46:09.793692 2026] [php:error] [pid 20976] [client 209.121.31.33:0] script '/domains/system_default/wp-good.php' not found or unable to stat, referer: https://www.bing.com/
[Tue Jan 13 03:46:09.995342 2026] [php:error] [pid 20976] [client 169.86.154.197:0] script '/domains/system_default/file.php' not found or unable to stat, referer: https://www.google.com/
[Tue Jan 13 03:46:10.197235 2026] [php:error] [pid 20976] [client 104.188.89.98:0] script '/domains/system_default/xmrlpc.php' not found or unable to stat, referer: https://duckduckgo.com/
[Tue Jan 13 03:46:10.406018 2026] [php:error] [pid 20976] [client 7.184.133.164:0] script '/domains/system_default/av.php' not found or unable to stat, referer: https://duckduckgo.com/
[Tue Jan 13 03:46:10.608032 2026] [php:error] [pid 20976] [client 113.88.77.212:0] script '/domains/system_default/bless.php' not found or unable to stat, referer: https://www.google.de/
[Tue Jan 13 03:46:10.810233 2026] [php:error] [pid 20976] [client 177.103.122.79:0] script '/domains/system_default/classwithtostring.php' not found or unable to stat, referer: https://www.google.com/
[Tue Jan 13 03:46:11.011983 2026] [php:error] [pid 20976] [client 74.179.71.150:0] script '/domains/system_default/abcd.php' not found or unable to stat, referer: https://www.yahoo.com/
[Tue Jan 13 03:46:11.214803 2026] [php:error] [pid 20976] [client 248.144.50.70:0] script '/domains/system_default/admin.php' not found or unable to stat, referer: https://www.google.com/
[Tue Jan 13 03:46:11.417186 2026] [php:error] [pid 20976] [client 31.204.152.141:0] script '/domains/system_default/edit.php' not found or unable to stat, referer: https://www.google.com/
[Tue Jan 13 03:46:11.620624 2026] [php:error] [pid 20976] [client 50.136.223.10:0] script '/domains/system_default/ioxi-o.php' not found or unable to stat, referer: https://www.google.co.uk/
[Tue Jan 13 03:46:12.023731 2026] [php:error] [pid 20976] [client 146.51.34.170:0] script '/domains/system_default/aa.php' not found or unable to stat, referer: https://www.bing.com/
[Tue Jan 13 03:46:12.225904 2026] [php:error] [pid 20976] [client 23.66.47.221:0] script '/domains/system_default/buy.php' not found or unable to stat, referer: https://www.yahoo.com/
[Tue Jan 13 03:46:12.427852 2026] [php:error] [pid 20976] [client 242.9.226.21:0] script '/domains/system_default/chosen.php' not found or unable to stat, referer: https://duckduckgo.com/
[Tue Jan 13 03:46:12.629815 2026] [php:error] [pid 20976] [client 123.179.112.75:0] script '/domains/system_default/goods.php' not found or unable to stat, referer: https://www.yahoo.com/
[Tue Jan 13 03:46:13.235278 2026] [php:error] [pid 20976] [client 103.204.127.110:0] script '/domains/system_default/wp-blog.php' not found or unable to stat, referer: https://duckduckgo.com/
[Tue Jan 13 03:46:14.042033 2026] [php:error] [pid 20976] [client 168.91.229.80:0] script '/domains/system_default/ahax.php' not found or unable to stat, referer: https://www.bing.com/
[Tue Jan 13 03:46:14.245123 2026] [php:error] [pid 20976] [client 29.188.221.128:0] script '/domains/system_default/akcc.php' not found or unable to stat, referer: https://www.bing.com/
[Tue Jan 13 03:46:14.849926 2026] [php:error] [pid 20976] [client 114.219.24.217:0] script '/domains/system_default/bolt.php' not found or unable to stat, referer: https://www.google.co.uk/
[Tue Jan 13 03:46:15.253781 2026] [php:error] [pid 20976] [client 120.22.65.69:0] script '/domains/system_default/elp.php' not found or unable to stat, referer: https://duckduckgo.com/
[Tue Jan 13 03:46:15.659347 2026] [php:error] [pid 20976] [client 83.159.37.155:0] script '/domains/system_default/info.php' not found or unable to stat, referer: https://www.google.de/
[Tue Jan 13 03:46:18.488680 2026] [php:error] [pid 20976] [client 8.65.39.208:0] script '/domains/system_default/wp-user.php' not found or unable to stat, referer: https://www.yahoo.com/
[Tue Jan 13 03:46:28.742121 2026] [php:error] [pid 20995] [client 35.247.243.250:0] script '/domains/machinadynamica/adminer-4.8.1-mysql-en.php' not found or unable to stat
[Tue Jan 13 03:47:01.140234 2026] [php:error] [pid 20991] [client 148.104.197.89:0] script '/domains/system_default/ioxi-o.php' not found or unable to stat, referer: https://www.bing.com/
[Tue Jan 13 03:47:01.373578 2026] [php:error] [pid 20991] [client 95.162.63.226:0] script '/domains/system_default/0x.php' not found or unable to stat, referer: https://www.yahoo.com/
[Tue Jan 13 03:47:01.606790 2026] [php:error] [pid 20991] [client 251.35.117.129:0] script '/domains/system_default/222.php' not found or unable to stat, referer: https://www.google.de/
[Tue Jan 13 03:47:01.839721 2026] [php:error] [pid 20991] [client 48.156.222.210:0] script '/domains/system_default/aa.php' not found or unable to stat, referer: https://www.yahoo.com/
[Tue Jan 13 03:47:02.072549 2026] [php:error] [pid 20991] [client 54.106.9.81:0] script '/domains/system_default/abcd.php' not found or unable to stat, referer: https://www.bing.com/
[Tue Jan 13 03:47:02.305679 2026] [php:error] [pid 20991] [client 64.237.93.113:0] script '/domains/system_default/admin.php' not found or unable to stat, referer: https://www.google.co.uk/
[Tue Jan 13 03:47:02.773969 2026] [php:error] [pid 20991] [client 49.145.147.161:0] script '/domains/system_default/akc.php' not found or unable to stat, referer: https://duckduckgo.com/
[Tue Jan 13 03:47:03.007049 2026] [php:error] [pid 20991] [client 20.197.194.186:0] script '/domains/system_default/buy.php' not found or unable to stat, referer: https://duckduckgo.com/
[Tue Jan 13 03:47:03.241479 2026] [php:error] [pid 20991] [client 11.56.233.148:0] script '/domains/system_default/cong.php' not found or unable to stat, referer: https://www.google.fr/
[Tue Jan 13 03:47:03.475293 2026] [php:error] [pid 20991] [client 238.84.199.106:0] script '/domains/system_default/ioxi-o.php' not found or unable to stat, referer: https://www.google.fr/
[Tue Jan 13 03:47:03.942613 2026] [php:error] [pid 20991] [client 211.189.76.247:0] script '/domains/system_default/db.php' not found or unable to stat, referer: https://duckduckgo.com/
[Tue Jan 13 03:47:04.178636 2026] [php:error] [pid 20991] [client 15.99.175.245:0] script '/domains/system_default/dropdown.php' not found or unable to stat, referer: https://www.bing.com/
[Tue Jan 13 03:47:04.411975 2026] [php:error] [pid 20991] [client 57.102.14.27:0] script '/domains/system_default/file.php' not found or unable to stat, referer: https://www.google.de/
[Tue Jan 13 03:47:04.644553 2026] [php:error] [pid 20991] [client 62.33.99.43:0] script '/domains/system_default/goods.php' not found or unable to stat, referer: https://www.google.fr/
[Tue Jan 13 03:47:04.877405 2026] [php:error] [pid 20991] [client 105.176.83.216:0] script '/domains/system_default/hplfuns.php' not found or unable to stat, referer: https://www.google.com/
[Tue Jan 13 03:47:05.110281 2026] [php:error] [pid 20991] [client 6.135.48.40:0] script '/domains/system_default/htaccess.php' not found or unable to stat, referer: https://www.google.fr/
[Tue Jan 13 03:47:05.809810 2026] [php:error] [pid 20991] [client 152.156.68.6:0] script '/domains/system_default/info.php' not found or unable to stat, referer: https://www.google.de/
[Tue Jan 13 03:47:06.043106 2026] [php:error] [pid 20991] [client 211.188.199.161:0] script '/domains/system_default/profile.php' not found or unable to stat, referer: https://duckduckgo.com/
[Tue Jan 13 03:47:06.275972 2026] [php:error] [pid 20991] [client 160.173.202.132:0] script '/domains/system_default/sx.php' not found or unable to stat, referer: https://www.google.com/
[Tue Jan 13 03:47:11.411576 2026] [php:error] [pid 20991] [client 221.75.19.104:0] script '/domains/system_default/wp-fclass.php' not found or unable to stat, referer: https://www.google.fr/
[Tue Jan 13 03:47:15.846769 2026] [php:error] [pid 20991] [client 229.127.114.130:0] script '/domains/system_default/wp-themes.php' not found or unable to stat, referer: https://duckduckgo.com/
[Tue Jan 13 03:47:16.079340 2026] [php:error] [pid 20991] [client 83.109.5.2:0] script '/domains/system_default/xmlrpc.php' not found or unable to stat, referer: https://www.yahoo.com/
[Tue Jan 13 03:47:21.515419 2026] [core:crit] [pid 21000] (13)Permission denied: [client 66.249.66.76:0] AH00529: /domains/performancepartsinc/graphics/psd/.htaccess pcfg_openfile: unable to check htaccess file, ensure it is readable and that '/domains/performancepartsinc/graphics/psd/' is executable
[Tue Jan 13 03:47:24.618870 2026] [core:crit] [pid 21001] (13)Permission denied: [client 66.249.66.162:0] AH00529: /domains/performancepartsinc/graphics/psd/.htaccess pcfg_openfile: unable to check htaccess file, ensure it is readable and that '/domains/performancepartsinc/graphics/psd/' is executable
[Tue Jan 13 03:47:34.542872 2026] [php:error] [pid 21003] [client 135.1.133.236:0] script '/domains/king1969/autoload_classmap.php' not found or unable to stat, referer: https://www.google.co.uk/
[Tue Jan 13 03:47:34.713660 2026] [php:error] [pid 21003] [client 56.79.70.28:0] script '/domains/king1969/bolt.php' not found or unable to stat, referer: https://www.google.de/
[Tue Jan 13 03:47:34.884556 2026] [php:error] [pid 21003] [client 219.243.71.49:0] script '/domains/king1969/1.php' not found or unable to stat, referer: https://www.bing.com/
[Tue Jan 13 03:47:35.055076 2026] [php:error] [pid 21003] [client 56.80.82.16:0] script '/domains/king1969/aa.php' not found or unable to stat, referer: https://www.google.com/
[Tue Jan 13 03:47:35.226931 2026] [php:error] [pid 21003] [client 219.18.49.252:0] script '/domains/king1969/abcd.php' not found or unable to stat, referer: https://www.google.de/
[Tue Jan 13 03:47:35.397893 2026] [php:error] [pid 21003] [client 0.191.123.98:0] script '/domains/king1969/about.php' not found or unable to stat, referer: https://www.bing.com/
[Tue Jan 13 03:47:35.738404 2026] [php:error] [pid 21003] [client 41.197.38.87:0] script '/domains/king1969/admin.php' not found or unable to stat, referer: https://duckduckgo.com/
[Tue Jan 13 03:47:35.909148 2026] [php:error] [pid 21003] [client 113.89.127.178:0] script '/domains/king1969/adminfuns.php' not found or unable to stat, referer: https://duckduckgo.com/
[Tue Jan 13 03:47:36.080051 2026] [php:error] [pid 21003] [client 98.137.204.237:0] script '/domains/king1969/alfa.php' not found or unable to stat, referer: https://www.google.fr/
[Tue Jan 13 03:47:36.250771 2026] [php:error] [pid 21003] [client 251.208.146.182:0] script '/domains/king1969/api.php' not found or unable to stat, referer: https://duckduckgo.com/
[Tue Jan 13 03:47:36.422604 2026] [php:error] [pid 21003] [client 182.154.112.42:0] script '/domains/king1969/bless.php' not found or unable to stat, referer: https://www.yahoo.com/
[Tue Jan 13 03:47:36.763234 2026] [php:error] [pid 21003] [client 158.180.26.170:0] script '/domains/king1969/classwithtostring.php' not found or unable to stat, referer: https://www.google.de/
[Tue Jan 13 03:47:36.933396 2026] [php:error] [pid 21003] [client 111.45.99.205:0] script '/domains/king1969/edit.php' not found or unable to stat, referer: https://www.yahoo.com/
[Tue Jan 13 03:47:37.103637 2026] [php:error] [pid 21003] [client 117.173.154.14:0] script '/domains/king1969/file.php' not found or unable to stat, referer: https://www.bing.com/
[Tue Jan 13 03:47:37.273813 2026] [php:error] [pid 21003] [client 116.127.71.38:0] script '/domains/king1969/goods.php' not found or unable to stat, referer: https://duckduckgo.com/
[Tue Jan 13 03:47:37.444947 2026] [php:error] [pid 21003] [client 122.125.71.1:0] script '/domains/king1969/info.php' not found or unable to stat, referer: https://www.bing.com/
[Tue Jan 13 03:47:37.619537 2026] [php:error] [pid 21003] [client 171.60.175.28:0] script '/domains/king1969/ioxi-o.php' not found or unable to stat, referer: https://duckduckgo.com/
[Tue Jan 13 03:47:37.789897 2026] [php:error] [pid 21003] [client 107.43.80.209:0] script '/domains/king1969/manager.php' not found or unable to stat, referer: https://duckduckgo.com/
[Tue Jan 13 03:47:38.131418 2026] [php:error] [pid 21003] [client 207.216.50.226:0] script '/domains/king1969/wp-user.php' not found or unable to stat, referer: https://www.bing.com/
[Tue Jan 13 03:47:38.301778 2026] [php:error] [pid 21003] [client 94.43.169.153:0] script '/domains/king1969/wp.php' not found or unable to stat, referer: https://www.google.com/
[Tue Jan 13 03:47:38.472051 2026] [php:error] [pid 21003] [client 99.131.15.148:0] script '/domains/king1969/xmrlpc.php' not found or unable to stat, referer: https://www.yahoo.com/
[Tue Jan 13 03:47:38.642408 2026] [php:error] [pid 21003] [client 168.37.137.126:0] script '/domains/king1969/ahax.php' not found or unable to stat, referer: https://www.yahoo.com/
[Tue Jan 13 03:47:38.812643 2026] [php:error] [pid 21003] [client 213.157.235.22:0] script '/domains/king1969/akcc.php' not found or unable to stat, referer: https://www.yahoo.com/
[Tue Jan 13 03:47:39.323065 2026] [php:error] [pid 21003] [client 133.188.25.230:0] script '/domains/king1969/av.php' not found or unable to stat, referer: https://duckduckgo.com/
[Tue Jan 13 03:47:39.493042 2026] [php:error] [pid 21003] [client 169.133.112.131:0] script '/domains/king1969/buy.php' not found or unable to stat, referer: https://www.google.fr/
[Tue Jan 13 03:47:39.833125 2026] [php:error] [pid 21003] [client 3.14.69.89:0] script '/domains/king1969/chosen.php' not found or unable to stat, referer: https://www.google.co.uk/
[Tue Jan 13 03:47:40.004383 2026] [php:error] [pid 21003] [client 137.168.86.160:0] script '/domains/king1969/elp.php' not found or unable to stat, referer: https://www.google.fr/
[Tue Jan 13 03:47:40.515752 2026] [php:error] [pid 21003] [client 151.43.112.57:0] script '/domains/king1969/inputs.php' not found or unable to stat, referer: https://www.google.com/
[Tue Jan 13 03:47:40.686153 2026] [php:error] [pid 21003] [client 215.3.11.233:0] script '/domains/king1969/mah.php' not found or unable to stat, referer: https://duckduckgo.com/
[Tue Jan 13 03:47:41.026827 2026] [php:error] [pid 21003] [client 217.92.230.211:0] script '/domains/king1969/mini.php' not found or unable to stat, referer: https://www.yahoo.com/
[Tue Jan 13 03:47:41.367681 2026] [php:error] [pid 21003] [client 70.70.73.59:0] script '/domains/king1969/new.php' not found or unable to stat, referer: https://www.google.de/
[Tue Jan 13 03:47:41.537894 2026] [php:error] [pid 21003] [client 92.172.236.130:0] script '/domains/king1969/options-reading.php' not found or unable to stat, referer: https://www.bing.com/
[Tue Jan 13 03:47:41.709408 2026] [php:error] [pid 21003] [client 192.207.181.60:0] script '/domains/king1969/simple.php' not found or unable to stat, referer: https://www.google.fr/
[Tue Jan 13 03:47:42.219767 2026] [php:error] [pid 21003] [client 119.235.196.174:0] script '/domains/king1969/new.php' not found or unable to stat, referer: https://www.google.co.uk/
[Tue Jan 13 03:47:42.731530 2026] [php:error] [pid 21003] [client 84.87.76.111:0] script '/domains/king1969/radio.php' not found or unable to stat, referer: https://www.yahoo.com/
[Tue Jan 13 03:47:43.923000 2026] [php:error] [pid 21003] [client 165.118.72.219:0] script '/domains/king1969/wp-blog.php' not found or unable to stat, referer: https://duckduckgo.com/
[Tue Jan 13 03:47:44.473053 2026] [php:error] [pid 21006] [client 130.212.177.155:0] script '/domains/hungariantasteweb/wp-good.php' not found or unable to stat, referer: https://www.bing.com/
[Tue Jan 13 03:47:44.672287 2026] [php:error] [pid 21006] [client 223.181.205.64:0] script '/domains/hungariantasteweb/file.php' not found or unable to stat, referer: https://www.google.com/
[Tue Jan 13 03:47:44.872079 2026] [php:error] [pid 21006] [client 253.159.138.216:0] script '/domains/hungariantasteweb/xmrlpc.php' not found or unable to stat, referer: https://www.google.co.uk/
[Tue Jan 13 03:47:45.073289 2026] [php:error] [pid 21006] [client 209.156.205.155:0] script '/domains/hungariantasteweb/av.php' not found or unable to stat, referer: https://www.google.de/
[Tue Jan 13 03:47:45.273666 2026] [php:error] [pid 21006] [client 89.227.48.251:0] script '/domains/hungariantasteweb/bless.php' not found or unable to stat, referer: https://duckduckgo.com/
[Tue Jan 13 03:47:45.290006 2026] [php:error] [pid 21003] [client 43.111.114.51:0] script '/domains/king1969/wp-good.php' not found or unable to stat, referer: https://www.yahoo.com/
[Tue Jan 13 03:47:45.472901 2026] [php:error] [pid 21006] [client 156.244.140.60:0] script '/domains/hungariantasteweb/classwithtostring.php' not found or unable to stat, referer: https://www.google.com/
[Tue Jan 13 03:47:45.673103 2026] [php:error] [pid 21006] [client 94.130.90.132:0] script '/domains/hungariantasteweb/abcd.php' not found or unable to stat, referer: https://www.google.fr/
[Tue Jan 13 03:47:45.872149 2026] [php:error] [pid 21006] [client 143.228.0.195:0] script '/domains/hungariantasteweb/admin.php' not found or unable to stat, referer: https://www.google.com/
[Tue Jan 13 03:47:46.071224 2026] [php:error] [pid 21006] [client 182.98.251.89:0] script '/domains/hungariantasteweb/edit.php' not found or unable to stat, referer: https://www.bing.com/
[Tue Jan 13 03:47:46.271543 2026] [php:error] [pid 21006] [client 0.108.123.202:0] script '/domains/hungariantasteweb/ioxi-o.php' not found or unable to stat, referer: https://www.yahoo.com/
[Tue Jan 13 03:47:46.669801 2026] [php:error] [pid 21006] [client 167.125.73.37:0] script '/domains/hungariantasteweb/aa.php' not found or unable to stat, referer: https://www.google.com/
[Tue Jan 13 03:47:46.868766 2026] [php:error] [pid 21006] [client 187.33.131.118:0] script '/domains/hungariantasteweb/buy.php' not found or unable to stat, referer: https://www.google.com/
[Tue Jan 13 03:47:47.067956 2026] [php:error] [pid 21006] [client 100.28.141.116:0] script '/domains/hungariantasteweb/chosen.php' not found or unable to stat, referer: https://www.google.de/
[Tue Jan 13 03:47:47.267405 2026] [php:error] [pid 21006] [client 206.135.28.231:0] script '/domains/hungariantasteweb/goods.php' not found or unable to stat, referer: https://www.bing.com/
[Tue Jan 13 03:47:47.865512 2026] [php:error] [pid 21006] [client 47.73.91.95:0] script '/domains/hungariantasteweb/wp-blog.php' not found or unable to stat, referer: https://duckduckgo.com/
[Tue Jan 13 03:47:48.662963 2026] [php:error] [pid 21006] [client 39.15.51.29:0] script '/domains/hungariantasteweb/ahax.php' not found or unable to stat, referer: https://www.google.fr/
[Tue Jan 13 03:47:48.862070 2026] [php:error] [pid 21006] [client 60.208.119.11:0] script '/domains/hungariantasteweb/akcc.php' not found or unable to stat, referer: https://www.google.de/
[Tue Jan 13 03:47:49.222363 2026] [php:error] [pid 21003] [client 27.192.61.211:0] script '/domains/king1969/wp-editor.php' not found or unable to stat, referer: https://www.google.co.uk/
[Tue Jan 13 03:47:49.460356 2026] [php:error] [pid 21006] [client 68.55.136.198:0] script '/domains/hungariantasteweb/bolt.php' not found or unable to stat, referer: https://www.yahoo.com/
[Tue Jan 13 03:47:49.858551 2026] [php:error] [pid 21006] [client 125.232.155.19:0] script '/domains/hungariantasteweb/elp.php' not found or unable to stat, referer: https://duckduckgo.com/
[Tue Jan 13 03:47:50.265307 2026] [php:error] [pid 21006] [client 234.16.217.56:0] script '/domains/hungariantasteweb/info.php' not found or unable to stat, referer: https://www.google.com/
[Tue Jan 13 03:47:53.047924 2026] [php:error] [pid 21006] [client 149.114.26.188:0] script '/domains/hungariantasteweb/wp-user.php' not found or unable to stat, referer: https://www.google.fr/
[Tue Jan 13 03:47:53.370703 2026] [php:error] [pid 21007] [client 9.61.234.172:0] script '/domains/king1969/wp-themes.php' not found or unable to stat, referer: https://www.google.de/
