[Tue Jan 13 04:42:23.937273 2026] [php:error] [pid 27425] [client 168.7.128.44:0] script '/domains/jrp.interport/wp-login.php' not found or unable to stat
[Tue Jan 13 04:42:32.969837 2026] [php:error] [pid 27437] [client 103.117.72.240:0] script '/domains/piltdweb1/indexback.php' not found or unable to stat
[Tue Jan 13 04:44:01.832519 2026] [php:error] [pid 28299] [client 145.239.10.137:0] script '/domains/proinc/404.php' not found or unable to stat, referer: http://proinc.net/404.php
[Tue Jan 13 04:44:50.709447 2026] [php:error] [pid 33088] [client 216.26.232.123:0] script '/domains/carynm/xmlrpc.php' not found or unable to stat
[Tue Jan 13 04:44:50.848580 2026] [php:error] [pid 29306] [client 209.50.175.52:0] script '/domains/carynm/xmlrpc.php' not found or unable to stat
[Tue Jan 13 04:44:51.176373 2026] [php:error] [pid 27437] [client 216.26.232.123:0] script '/domains/carynm/xmlrpc.php' not found or unable to stat
[Tue Jan 13 04:44:51.210979 2026] [php:error] [pid 33087] [client 209.50.175.52:0] script '/domains/carynm/xmlrpc.php' not found or unable to stat
[Tue Jan 13 04:44:51.427678 2026] [php:error] [pid 29306] [client 45.3.48.182:0] script '/domains/carynm/xmlrpc.php' not found or unable to stat
[Tue Jan 13 04:44:51.604304 2026] [php:error] [pid 27437] [client 209.50.175.52:0] script '/domains/carynm/xmlrpc.php' not found or unable to stat
[Tue Jan 13 04:44:51.651434 2026] [php:error] [pid 33087] [client 216.26.232.123:0] script '/domains/carynm/xmlrpc.php' not found or unable to stat
[Tue Jan 13 04:44:51.788709 2026] [php:error] [pid 33088] [client 45.3.48.182:0] script '/domains/carynm/xmlrpc.php' not found or unable to stat
[Tue Jan 13 04:44:52.109236 2026] [php:error] [pid 27437] [client 216.26.232.123:0] script '/domains/carynm/xmlrpc.php' not found or unable to stat
[Tue Jan 13 04:44:52.109236 2026] [php:error] [pid 33087] [client 209.50.175.52:0] script '/domains/carynm/xmlrpc.php' not found or unable to stat
[Tue Jan 13 04:44:52.164566 2026] [php:error] [pid 33088] [client 45.3.48.182:0] script '/domains/carynm/xmlrpc.php' not found or unable to stat
[Tue Jan 13 04:44:52.492218 2026] [php:error] [pid 33087] [client 209.50.175.52:0] script '/domains/carynm/xmlrpc.php' not found or unable to stat
[Tue Jan 13 04:44:52.557550 2026] [php:error] [pid 27437] [client 45.3.48.182:0] script '/domains/carynm/xmlrpc.php' not found or unable to stat
[Tue Jan 13 04:44:52.587343 2026] [php:error] [pid 33088] [client 216.26.232.123:0] script '/domains/carynm/xmlrpc.php' not found or unable to stat
[Tue Jan 13 04:44:52.869705 2026] [php:error] [pid 29306] [client 209.50.175.52:0] script '/domains/carynm/xmlrpc.php' not found or unable to stat
[Tue Jan 13 04:44:52.954093 2026] [php:error] [pid 33087] [client 45.3.48.182:0] script '/domains/carynm/xmlrpc.php' not found or unable to stat
[Tue Jan 13 04:44:53.047954 2026] [php:error] [pid 27437] [client 216.26.232.123:0] script '/domains/carynm/xmlrpc.php' not found or unable to stat
[Tue Jan 13 04:44:53.199303 2026] [php:error] [pid 33088] [client 65.111.28.226:0] script '/domains/carynm/wp-login.php' not found or unable to stat
[Tue Jan 13 04:44:53.315601 2026] [php:error] [pid 29306] [client 45.3.48.182:0] script '/domains/carynm/xmlrpc.php' not found or unable to stat
[Tue Jan 13 04:44:53.450177 2026] [php:error] [pid 33087] [client 65.111.15.87:0] script '/domains/carynm/wp-login.php' not found or unable to stat
[Tue Jan 13 04:44:53.543889 2026] [php:error] [pid 27437] [client 65.111.28.226:0] script '/domains/carynm/wp-login.php' not found or unable to stat
[Tue Jan 13 04:44:53.632964 2026] [php:error] [pid 33088] [client 45.3.45.146:0] script '/domains/carynm/wp-login.php' not found or unable to stat
[Tue Jan 13 04:44:53.813752 2026] [php:error] [pid 33087] [client 65.111.15.87:0] script '/domains/carynm/wp-login.php' not found or unable to stat
[Tue Jan 13 04:44:53.955778 2026] [php:error] [pid 33088] [client 45.3.45.146:0] script '/domains/carynm/wp-login.php' not found or unable to stat
[Tue Jan 13 04:45:03.133709 2026] [php:error] [pid 33087] [client 154.213.164.193:0] script '/domains/carynm/xmlrpc.php' not found or unable to stat
[Tue Jan 13 04:45:03.438607 2026] [php:error] [pid 27437] [client 65.111.20.157:0] script '/domains/carynm/xmlrpc.php' not found or unable to stat
[Tue Jan 13 04:45:03.503921 2026] [php:error] [pid 33088] [client 154.213.164.193:0] script '/domains/carynm/xmlrpc.php' not found or unable to stat
[Tue Jan 13 04:45:03.627175 2026] [php:error] [pid 29306] [client 104.207.47.65:0] script '/domains/carynm/xmlrpc.php' not found or unable to stat
[Tue Jan 13 04:45:03.899627 2026] [php:error] [pid 33087] [client 154.213.164.193:0] script '/domains/carynm/xmlrpc.php' not found or unable to stat
[Tue Jan 13 04:45:03.900916 2026] [php:error] [pid 27437] [client 65.111.20.157:0] script '/domains/carynm/xmlrpc.php' not found or unable to stat
[Tue Jan 13 04:45:03.978829 2026] [php:error] [pid 33088] [client 104.207.47.65:0] script '/domains/carynm/xmlrpc.php' not found or unable to stat
[Tue Jan 13 04:45:04.294550 2026] [php:error] [pid 29306] [client 154.213.164.193:0] script '/domains/carynm/xmlrpc.php' not found or unable to stat
[Tue Jan 13 04:45:04.351309 2026] [php:error] [pid 33087] [client 104.207.47.65:0] script '/domains/carynm/xmlrpc.php' not found or unable to stat
[Tue Jan 13 04:45:04.354524 2026] [php:error] [pid 27437] [client 65.111.20.157:0] script '/domains/carynm/xmlrpc.php' not found or unable to stat
[Tue Jan 13 04:45:04.670856 2026] [php:error] [pid 33088] [client 154.213.164.193:0] script '/domains/carynm/xmlrpc.php' not found or unable to stat
[Tue Jan 13 04:45:04.708309 2026] [php:error] [pid 29306] [client 104.207.47.65:0] script '/domains/carynm/xmlrpc.php' not found or unable to stat
[Tue Jan 13 04:45:04.803442 2026] [php:error] [pid 33087] [client 65.111.20.157:0] script '/domains/carynm/xmlrpc.php' not found or unable to stat
[Tue Jan 13 04:45:05.027372 2026] [php:error] [pid 33088] [client 154.213.164.193:0] script '/domains/carynm/xmlrpc.php' not found or unable to stat
[Tue Jan 13 04:45:05.062368 2026] [php:error] [pid 29306] [client 104.207.47.65:0] script '/domains/carynm/xmlrpc.php' not found or unable to stat
[Tue Jan 13 04:45:05.267000 2026] [php:error] [pid 33087] [client 65.111.20.157:0] script '/domains/carynm/xmlrpc.php' not found or unable to stat
[Tue Jan 13 04:45:05.416859 2026] [php:error] [pid 27437] [client 104.207.46.75:0] script '/domains/carynm/wp-login.php' not found or unable to stat
[Tue Jan 13 04:45:05.433243 2026] [php:error] [pid 33088] [client 104.207.47.65:0] script '/domains/carynm/xmlrpc.php' not found or unable to stat
[Tue Jan 13 04:45:05.739778 2026] [php:error] [pid 29306] [client 65.111.20.157:0] script '/domains/carynm/xmlrpc.php' not found or unable to stat
[Tue Jan 13 04:45:05.768377 2026] [php:error] [pid 33087] [client 104.207.46.75:0] script '/domains/carynm/wp-login.php' not found or unable to stat
[Tue Jan 13 04:45:05.819478 2026] [php:error] [pid 27437] [client 65.111.1.67:0] script '/domains/carynm/wp-login.php' not found or unable to stat
[Tue Jan 13 04:45:06.110881 2026] [php:error] [pid 33088] [client 104.207.45.177:0] script '/domains/carynm/wp-login.php' not found or unable to stat
[Tue Jan 13 04:45:06.194474 2026] [php:error] [pid 33087] [client 65.111.1.67:0] script '/domains/carynm/wp-login.php' not found or unable to stat
[Tue Jan 13 04:45:06.478653 2026] [php:error] [pid 27437] [client 104.207.45.177:0] script '/domains/carynm/wp-login.php' not found or unable to stat
[Tue Jan 13 04:45:15.905601 2026] [php:error] [pid 33087] [client 65.111.15.67:0] script '/domains/carynm/xmlrpc.php' not found or unable to stat
[Tue Jan 13 04:45:16.278516 2026] [php:error] [pid 33091] [client 65.111.15.67:0] script '/domains/carynm/xmlrpc.php' not found or unable to stat
[Tue Jan 13 04:45:16.652342 2026] [php:error] [pid 29306] [client 65.111.15.67:0] script '/domains/carynm/xmlrpc.php' not found or unable to stat
[Tue Jan 13 04:45:17.005408 2026] [php:error] [pid 33087] [client 65.111.15.67:0] script '/domains/carynm/xmlrpc.php' not found or unable to stat
[Tue Jan 13 04:45:17.368067 2026] [php:error] [pid 33091] [client 65.111.15.67:0] script '/domains/carynm/xmlrpc.php' not found or unable to stat
[Tue Jan 13 04:45:17.498654 2026] [php:error] [pid 29306] [client 216.26.232.96:0] script '/domains/carynm/xmlrpc.php' not found or unable to stat
[Tue Jan 13 04:45:17.541265 2026] [php:error] [pid 33087] [client 104.207.60.36:0] script '/domains/carynm/xmlrpc.php' not found or unable to stat
[Tue Jan 13 04:45:17.721449 2026] [php:error] [pid 33091] [client 65.111.15.67:0] script '/domains/carynm/xmlrpc.php' not found or unable to stat
[Tue Jan 13 04:45:18.002967 2026] [php:error] [pid 29306] [client 216.26.232.96:0] script '/domains/carynm/xmlrpc.php' not found or unable to stat
[Tue Jan 13 04:45:18.020562 2026] [php:error] [pid 33087] [client 104.207.60.36:0] script '/domains/carynm/xmlrpc.php' not found or unable to stat
[Tue Jan 13 04:45:18.103307 2026] [php:error] [pid 33091] [client 65.111.10.57:0] script '/domains/carynm/wp-login.php' not found or unable to stat
[Tue Jan 13 04:45:18.456934 2026] [php:error] [pid 29306] [client 65.111.10.57:0] script '/domains/carynm/wp-login.php' not found or unable to stat
[Tue Jan 13 04:45:18.469523 2026] [php:error] [pid 33087] [client 216.26.232.96:0] script '/domains/carynm/xmlrpc.php' not found or unable to stat
[Tue Jan 13 04:45:18.496782 2026] [php:error] [pid 33091] [client 104.207.60.36:0] script '/domains/carynm/xmlrpc.php' not found or unable to stat
[Tue Jan 13 04:45:18.945420 2026] [php:error] [pid 33087] [client 216.26.232.96:0] script '/domains/carynm/xmlrpc.php' not found or unable to stat
[Tue Jan 13 04:45:18.971797 2026] [php:error] [pid 33091] [client 104.207.60.36:0] script '/domains/carynm/xmlrpc.php' not found or unable to stat
[Tue Jan 13 04:45:19.413112 2026] [php:error] [pid 33091] [client 216.26.232.96:0] script '/domains/carynm/xmlrpc.php' not found or unable to stat
[Tue Jan 13 04:45:19.454054 2026] [php:error] [pid 33087] [client 104.207.60.36:0] script '/domains/carynm/xmlrpc.php' not found or unable to stat
[Tue Jan 13 04:45:19.897964 2026] [php:error] [pid 29306] [client 216.26.232.96:0] script '/domains/carynm/xmlrpc.php' not found or unable to stat
[Tue Jan 13 04:45:19.931426 2026] [php:error] [pid 33091] [client 104.207.60.36:0] script '/domains/carynm/xmlrpc.php' not found or unable to stat
[Tue Jan 13 04:45:20.251816 2026] [php:error] [pid 29306] [client 216.26.249.100:0] script '/domains/carynm/wp-login.php' not found or unable to stat
[Tue Jan 13 04:45:20.409737 2026] [php:error] [pid 33091] [client 209.50.187.193:0] script '/domains/carynm/wp-login.php' not found or unable to stat
[Tue Jan 13 04:45:20.689880 2026] [php:error] [pid 27437] [client 216.26.249.100:0] script '/domains/carynm/wp-login.php' not found or unable to stat
[Tue Jan 13 04:45:20.894402 2026] [php:error] [pid 33087] [client 209.50.187.193:0] script '/domains/carynm/wp-login.php' not found or unable to stat
[Tue Jan 13 04:46:16.400020 2026] [php:error] [pid 33088] [client 71.39.135.228:0] script '/domains/rextrav/222.php' not found or unable to stat, referer: https://www.google.com/
[Tue Jan 13 04:46:16.601688 2026] [php:error] [pid 33088] [client 125.172.55.82:0] script '/domains/rextrav/bolt.php' not found or unable to stat, referer: https://www.bing.com/
[Tue Jan 13 04:46:16.803100 2026] [php:error] [pid 33088] [client 64.75.218.234:0] script '/domains/rextrav/buy.php' not found or unable to stat, referer: https://duckduckgo.com/
[Tue Jan 13 04:46:17.005059 2026] [php:error] [pid 33088] [client 184.41.7.19:0] script '/domains/rextrav/abcd.php' not found or unable to stat, referer: https://www.google.fr/
[Tue Jan 13 04:46:17.206279 2026] [php:error] [pid 33088] [client 73.21.100.165:0] script '/domains/rextrav/adminfuns.php' not found or unable to stat, referer: https://duckduckgo.com/
[Tue Jan 13 04:46:17.407254 2026] [php:error] [pid 33088] [client 211.177.109.13:0] script '/domains/rextrav/akcc.php' not found or unable to stat, referer: https://duckduckgo.com/
[Tue Jan 13 04:46:17.608546 2026] [php:error] [pid 33088] [client 19.194.101.106:0] script '/domains/rextrav/bless.php' not found or unable to stat, referer: https://www.bing.com/
[Tue Jan 13 04:46:17.809255 2026] [php:error] [pid 33088] [client 208.43.94.26:0] script '/domains/rextrav/file.php' not found or unable to stat, referer: https://www.google.fr/
[Tue Jan 13 04:46:18.010088 2026] [php:error] [pid 33088] [client 216.179.125.151:0] script '/domains/rextrav/goods.php' not found or unable to stat, referer: https://www.yahoo.com/
[Tue Jan 13 04:46:18.210917 2026] [php:error] [pid 33088] [client 160.86.204.8:0] script '/domains/rextrav/info.php' not found or unable to stat, referer: https://www.google.co.uk/
[Tue Jan 13 04:46:18.412197 2026] [php:error] [pid 33088] [client 118.110.238.167:0] script '/domains/rextrav/ioxi-o.php' not found or unable to stat, referer: https://www.bing.com/
[Tue Jan 13 04:46:18.613145 2026] [php:error] [pid 33088] [client 252.221.247.7:0] script '/domains/rextrav/about.php' not found or unable to stat, referer: https://www.google.co.uk/
[Tue Jan 13 04:46:18.814120 2026] [php:error] [pid 33088] [client 137.142.98.148:0] script '/domains/rextrav/admin.php' not found or unable to stat, referer: https://www.google.co.uk/
[Tue Jan 13 04:46:19.015167 2026] [php:error] [pid 33088] [client 72.104.137.246:0] script '/domains/rextrav/php.php' not found or unable to stat, referer: https://www.google.fr/
[Tue Jan 13 04:46:19.216155 2026] [php:error] [pid 33088] [client 254.2.100.95:0] script '/domains/rextrav/403.php' not found or unable to stat, referer: https://www.google.com/
[Tue Jan 13 04:46:19.416862 2026] [php:error] [pid 33088] [client 144.251.140.39:0] script '/domains/rextrav/jp.php' not found or unable to stat, referer: https://www.bing.com/
[Tue Jan 13 04:46:19.617628 2026] [php:error] [pid 33088] [client 13.112.162.93:0] script '/domains/rextrav/server.php' not found or unable to stat, referer: https://www.yahoo.com/
[Tue Jan 13 04:46:19.818715 2026] [php:error] [pid 33088] [client 77.236.241.241:0] script '/domains/rextrav/classwithtostring.php' not found or unable to stat, referer: https://www.yahoo.com/
[Tue Jan 13 04:46:20.019661 2026] [php:error] [pid 33088] [client 73.143.90.57:0] script '/domains/rextrav/autoload_classmap.php' not found or unable to stat, referer: https://www.google.co.uk/
[Tue Jan 13 04:46:20.422458 2026] [php:error] [pid 33088] [client 231.207.216.40:0] script '/domains/rextrav/wp.php' not found or unable to stat, referer: https://www.yahoo.com/
[Tue Jan 13 04:46:20.623310 2026] [php:error] [pid 33088] [client 194.73.230.99:0] script '/domains/rextrav/wp-good.php' not found or unable to stat, referer: https://www.bing.com/
[Tue Jan 13 04:46:36.267513 2026] [php:error] [pid 29306] [client 150.246.47.240:0] script '/domains/carynm/ioxi-o.php' not found or unable to stat, referer: https://www.google.co.uk/
[Tue Jan 13 04:46:36.491398 2026] [php:error] [pid 29306] [client 248.149.121.1:0] script '/domains/carynm/0x.php' not found or unable to stat, referer: https://www.google.fr/
[Tue Jan 13 04:46:36.703373 2026] [php:error] [pid 29306] [client 122.176.171.193:0] script '/domains/carynm/222.php' not found or unable to stat, referer: https://duckduckgo.com/
[Tue Jan 13 04:46:36.914624 2026] [php:error] [pid 29306] [client 177.117.70.249:0] script '/domains/carynm/aa.php' not found or unable to stat, referer: https://www.google.com/
[Tue Jan 13 04:46:37.125882 2026] [php:error] [pid 29306] [client 34.228.57.62:0] script '/domains/carynm/abcd.php' not found or unable to stat, referer: https://www.google.com/
[Tue Jan 13 04:46:37.336827 2026] [php:error] [pid 29306] [client 30.46.254.117:0] script '/domains/carynm/admin.php' not found or unable to stat, referer: https://www.yahoo.com/
[Tue Jan 13 04:46:37.760075 2026] [php:error] [pid 29306] [client 38.75.162.145:0] script '/domains/carynm/akc.php' not found or unable to stat, referer: https://www.google.de/
[Tue Jan 13 04:46:37.970813 2026] [php:error] [pid 29306] [client 77.22.16.183:0] script '/domains/carynm/buy.php' not found or unable to stat, referer: https://www.bing.com/
[Tue Jan 13 04:46:38.181529 2026] [php:error] [pid 29306] [client 240.43.115.162:0] script '/domains/carynm/cong.php' not found or unable to stat, referer: https://www.bing.com/
[Tue Jan 13 04:46:38.393170 2026] [php:error] [pid 29306] [client 190.132.155.139:0] script '/domains/carynm/ioxi-o.php' not found or unable to stat, referer: https://www.google.fr/
[Tue Jan 13 04:46:38.605099 2026] [php:error] [pid 29306] [client 19.117.211.129:0] script '/domains/carynm/css/classwithtostring.php' not found or unable to stat, referer: https://www.google.com/
[Tue Jan 13 04:46:38.815836 2026] [php:error] [pid 29306] [client 167.205.78.217:0] script '/domains/carynm/db.php' not found or unable to stat, referer: https://www.google.co.uk/
[Tue Jan 13 04:46:39.027137 2026] [php:error] [pid 29306] [client 21.152.59.218:0] script '/domains/carynm/dropdown.php' not found or unable to stat, referer: https://www.google.fr/
[Tue Jan 13 04:46:39.239192 2026] [php:error] [pid 29306] [client 32.24.112.230:0] script '/domains/carynm/file.php' not found or unable to stat, referer: https://www.google.co.uk/
[Tue Jan 13 04:46:39.450618 2026] [php:error] [pid 29306] [client 98.82.167.68:0] script '/domains/carynm/goods.php' not found or unable to stat, referer: https://duckduckgo.com/
[Tue Jan 13 04:46:39.662165 2026] [php:error] [pid 29306] [client 202.171.100.148:0] script '/domains/carynm/hplfuns.php' not found or unable to stat, referer: https://duckduckgo.com/
[Tue Jan 13 04:46:39.874056 2026] [php:error] [pid 29306] [client 183.198.25.173:0] script '/domains/carynm/htaccess.php' not found or unable to stat, referer: https://www.bing.com/
[Tue Jan 13 04:46:40.086436 2026] [php:error] [pid 29306] [client 232.51.9.179:0] script '/domains/carynm/images/wso.php' not found or unable to stat, referer: https://www.google.co.uk/
[Tue Jan 13 04:46:40.510337 2026] [php:error] [pid 29306] [client 170.226.57.228:0] script '/domains/carynm/info.php' not found or unable to stat, referer: https://www.bing.com/
[Tue Jan 13 04:46:40.721317 2026] [php:error] [pid 29306] [client 64.133.50.150:0] script '/domains/carynm/profile.php' not found or unable to stat, referer: https://www.google.com/
[Tue Jan 13 04:46:40.932386 2026] [php:error] [pid 29306] [client 212.202.55.191:0] script '/domains/carynm/sx.php' not found or unable to stat, referer: https://www.google.com/
[Tue Jan 13 04:46:45.579879 2026] [php:error] [pid 29306] [client 99.227.181.210:0] script '/domains/carynm/wp-fclass.php' not found or unable to stat, referer: https://www.google.co.uk/
[Tue Jan 13 04:46:45.724894 2026] [php:error] [pid 33088] [client 209.38.152.94:0] script '/domains/fifibear/xmlrpc.php' not found or unable to stat, referer: https://www.feudo.temporalwebbuild.com//wp-login.php
[Tue Jan 13 04:46:49.599173 2026] [php:error] [pid 29306] [client 189.59.85.185:0] script '/domains/carynm/wp-themes.php' not found or unable to stat, referer: https://www.yahoo.com/
[Tue Jan 13 04:46:49.810570 2026] [php:error] [pid 29306] [client 195.67.213.85:0] script '/domains/carynm/xmlrpc.php' not found or unable to stat, referer: https://www.google.co.uk/
[Tue Jan 13 04:46:58.484843 2026] [php:error] [pid 33101] [client 52.169.119.118:0] script '/domains/system_default/pu8.php' not found or unable to stat
[Tue Jan 13 04:46:58.577309 2026] [php:error] [pid 33101] [client 52.169.119.118:0] script '/domains/system_default/lalala.php' not found or unable to stat
[Tue Jan 13 04:46:58.645088 2026] [php:error] [pid 33101] [client 52.169.119.118:0] script '/domains/system_default/mm.php' not found or unable to stat
[Tue Jan 13 04:46:58.795312 2026] [php:error] [pid 33101] [client 52.169.119.118:0] script '/domains/system_default/l10n.php' not found or unable to stat
[Tue Jan 13 04:46:58.863109 2026] [php:error] [pid 33101] [client 52.169.119.118:0] script '/domains/system_default/php.php' not found or unable to stat
[Tue Jan 13 04:46:58.930812 2026] [php:error] [pid 33101] [client 52.169.119.118:0] script '/domains/system_default/tmp.php' not found or unable to stat
[Tue Jan 13 04:46:59.013139 2026] [php:error] [pid 33101] [client 52.169.119.118:0] script '/domains/system_default/wp-load.php' not found or unable to stat
[Tue Jan 13 04:46:59.080966 2026] [php:error] [pid 33101] [client 52.169.119.118:0] script '/domains/system_default/updates.php' not found or unable to stat
[Tue Jan 13 04:46:59.216853 2026] [php:error] [pid 33101] [client 52.169.119.118:0] script '/domains/system_default/oo.php' not found or unable to stat
[Tue Jan 13 04:46:59.512736 2026] [php:error] [pid 33101] [client 52.169.119.118:0] script '/domains/system_default/juuuu.php' not found or unable to stat
[Tue Jan 13 04:46:59.581225 2026] [php:error] [pid 33101] [client 52.169.119.118:0] script '/domains/system_default/b.php' not found or unable to stat
[Tue Jan 13 04:46:59.806949 2026] [php:error] [pid 33101] [client 52.169.119.118:0] script '/domains/system_default/glx6w.php' not found or unable to stat
[Tue Jan 13 04:46:59.954526 2026] [php:error] [pid 33101] [client 52.169.119.118:0] script '/domains/system_default/01.php' not found or unable to stat
[Tue Jan 13 04:47:00.022861 2026] [php:error] [pid 33101] [client 52.169.119.118:0] script '/domains/system_default/sym.php' not found or unable to stat
[Tue Jan 13 04:47:00.091679 2026] [php:error] [pid 33101] [client 52.169.119.118:0] script '/domains/system_default/jatest4.php' not found or unable to stat
[Tue Jan 13 04:47:00.165386 2026] [php:error] [pid 33101] [client 52.169.119.118:0] script '/domains/system_default/sto.php' not found or unable to stat
[Tue Jan 13 04:47:00.246910 2026] [php:error] [pid 33101] [client 52.169.119.118:0] script '/domains/system_default/txets.php' not found or unable to stat
[Tue Jan 13 04:47:00.314529 2026] [php:error] [pid 33101] [client 52.169.119.118:0] script '/domains/system_default/filemanager.php' not found or unable to stat
[Tue Jan 13 04:47:00.622388 2026] [php:error] [pid 33101] [client 52.169.119.118:0] script '/domains/system_default/num.php' not found or unable to stat
[Tue Jan 13 04:47:01.053034 2026] [php:error] [pid 33101] [client 52.169.119.118:0] script '/domains/system_default/wp.php' not found or unable to stat
[Tue Jan 13 04:47:01.121800 2026] [php:error] [pid 33101] [client 52.169.119.118:0] script '/domains/system_default/990.php' not found or unable to stat
[Tue Jan 13 04:47:01.464495 2026] [php:error] [pid 33101] [client 52.169.119.118:0] script '/domains/system_default/xnitp.php' not found or unable to stat
[Tue Jan 13 04:47:01.536051 2026] [php:error] [pid 33101] [client 52.169.119.118:0] script '/domains/system_default/cyber.php' not found or unable to stat
[Tue Jan 13 04:47:01.609294 2026] [php:error] [pid 33101] [client 52.169.119.118:0] script '/domains/system_default/1.php' not found or unable to stat
[Tue Jan 13 04:47:02.112942 2026] [php:error] [pid 33101] [client 52.169.119.118:0] script '/domains/system_default/fv.php' not found or unable to stat
[Tue Jan 13 04:47:02.181866 2026] [php:error] [pid 33101] [client 52.169.119.118:0] script '/domains/system_default/lock.php' not found or unable to stat
[Tue Jan 13 04:47:02.259132 2026] [php:error] [pid 33101] [client 52.169.119.118:0] script '/domains/system_default/mar.php' not found or unable to stat
[Tue Jan 13 04:47:02.371883 2026] [php:error] [pid 33101] [client 52.169.119.118:0] script '/domains/system_default/13.php' not found or unable to stat
[Tue Jan 13 04:47:02.440043 2026] [php:error] [pid 33101] [client 52.169.119.118:0] script '/domains/system_default/term.php' not found or unable to stat
[Tue Jan 13 04:47:02.508924 2026] [php:error] [pid 33101] [client 52.169.119.118:0] script '/domains/system_default/iabzy.php' not found or unable to stat
[Tue Jan 13 04:47:02.576834 2026] [php:error] [pid 33101] [client 52.169.119.118:0] script '/domains/system_default/xox.php' not found or unable to stat
[Tue Jan 13 04:47:02.644454 2026] [php:error] [pid 33101] [client 52.169.119.118:0] script '/domains/system_default/glx6w.php' not found or unable to stat
[Tue Jan 13 04:47:02.712955 2026] [php:error] [pid 33101] [client 52.169.119.118:0] script '/domains/system_default/accesson1.php' not found or unable to stat
[Tue Jan 13 04:47:02.793098 2026] [php:error] [pid 33101] [client 52.169.119.118:0] script '/domains/system_default/mcd.php' not found or unable to stat
[Tue Jan 13 04:47:02.860976 2026] [php:error] [pid 33101] [client 52.169.119.118:0] script '/domains/system_default/alfa.php' not found or unable to stat
[Tue Jan 13 04:47:02.946656 2026] [php:error] [pid 33101] [client 52.169.119.118:0] script '/domains/system_default/mini.php' not found or unable to stat
[Tue Jan 13 04:47:03.014548 2026] [php:error] [pid 33101] [client 52.169.119.118:0] script '/domains/system_default/alf.php' not found or unable to stat
[Tue Jan 13 04:47:03.104857 2026] [php:error] [pid 33101] [client 52.169.119.118:0] script '/domains/system_default/yanz.php' not found or unable to stat
[Tue Jan 13 04:47:03.184437 2026] [php:error] [pid 33101] [client 52.169.119.118:0] script '/domains/system_default/fan.php' not found or unable to stat
[Tue Jan 13 04:47:03.252343 2026] [php:error] [pid 33101] [client 52.169.119.118:0] script '/domains/system_default/b2.php' not found or unable to stat
[Tue Jan 13 04:47:03.360939 2026] [php:error] [pid 33101] [client 52.169.119.118:0] script '/domains/system_default/wso.php' not found or unable to stat
[Tue Jan 13 04:47:03.469604 2026] [php:error] [pid 33101] [client 52.169.119.118:0] script '/domains/system_default/chitchatback.php' not found or unable to stat
[Tue Jan 13 04:47:03.590071 2026] [php:error] [pid 33101] [client 52.169.119.118:0] script '/domains/system_default/up4.php' not found or unable to stat
[Tue Jan 13 04:47:03.671972 2026] [php:error] [pid 33101] [client 52.169.119.118:0] script '/domains/system_default/up.php' not found or unable to stat
[Tue Jan 13 04:47:03.739864 2026] [php:error] [pid 33101] [client 52.169.119.118:0] script '/domains/system_default/tiny.php' not found or unable to stat
[Tue Jan 13 04:47:03.843058 2026] [php:error] [pid 33101] [client 52.169.119.118:0] script '/domains/system_default/xsas.php' not found or unable to stat
[Tue Jan 13 04:47:03.911479 2026] [php:error] [pid 33101] [client 52.169.119.118:0] script '/domains/system_default/wp-bapbc.php' not found or unable to stat
[Tue Jan 13 04:47:03.980044 2026] [php:error] [pid 33101] [client 52.169.119.118:0] script '/domains/system_default/aQw.php' not found or unable to stat
[Tue Jan 13 04:47:04.053721 2026] [php:error] [pid 33101] [client 52.169.119.118:0] script '/domains/system_default/anon.php' not found or unable to stat
[Tue Jan 13 04:47:04.151004 2026] [php:error] [pid 33101] [client 52.169.119.118:0] script '/domains/system_default/7h.php' not found or unable to stat
[Tue Jan 13 04:47:04.220765 2026] [php:error] [pid 33101] [client 52.169.119.118:0] script '/domains/system_default/bbn.php' not found or unable to stat
[Tue Jan 13 04:47:04.294115 2026] [php:error] [pid 33101] [client 52.169.119.118:0] script '/domains/system_default/modules.php' not found or unable to stat
[Tue Jan 13 04:47:04.376832 2026] [php:error] [pid 33101] [client 52.169.119.118:0] script '/domains/system_default/Cok.php' not found or unable to stat
[Tue Jan 13 04:47:04.511999 2026] [php:error] [pid 33101] [client 52.169.119.118:0] script '/domains/system_default/Zeiss.php' not found or unable to stat
[Tue Jan 13 04:47:04.580483 2026] [php:error] [pid 33101] [client 52.169.119.118:0] script '/domains/system_default/c.php' not found or unable to stat
[Tue Jan 13 04:47:04.857202 2026] [php:error] [pid 33101] [client 52.169.119.118:0] script '/domains/system_default/aa.php' not found or unable to stat
[Tue Jan 13 04:47:04.927138 2026] [php:error] [pid 33101] [client 52.169.119.118:0] script '/domains/system_default/sagym.php' not found or unable to stat
[Tue Jan 13 04:47:05.229717 2026] [php:error] [pid 33101] [client 52.169.119.118:0] script '/domains/system_default/lyda.php' not found or unable to stat
[Tue Jan 13 04:47:05.352733 2026] [php:error] [pid 33101] [client 52.169.119.118:0] script '/domains/system_default/hilk.php' not found or unable to stat
[Tue Jan 13 04:47:05.439645 2026] [php:error] [pid 33101] [client 52.169.119.118:0] script '/domains/system_default/rxr.php' not found or unable to stat
[Tue Jan 13 04:47:05.507229 2026] [php:error] [pid 33101] [client 52.169.119.118:0] script '/domains/system_default/xrp.php' not found or unable to stat
[Tue Jan 13 04:47:05.576272 2026] [php:error] [pid 33101] [client 52.169.119.118:0] script '/domains/system_default/ah24.php' not found or unable to stat
[Tue Jan 13 04:47:05.644197 2026] [php:error] [pid 33101] [client 52.169.119.118:0] script '/domains/system_default/x.php' not found or unable to stat
[Tue Jan 13 04:47:05.755583 2026] [php:error] [pid 33101] [client 52.169.119.118:0] script '/domains/system_default/0z.php' not found or unable to stat
[Tue Jan 13 04:47:05.824088 2026] [php:error] [pid 33101] [client 52.169.119.118:0] script '/domains/system_default/xwpg.php' not found or unable to stat
[Tue Jan 13 04:47:05.958632 2026] [php:error] [pid 33101] [client 52.169.119.118:0] script '/domains/system_default/sf9.php' not found or unable to stat
[Tue Jan 13 04:47:06.045284 2026] [php:error] [pid 33101] [client 52.169.119.118:0] script '/domains/system_default/qvaaq.php' not found or unable to stat
[Tue Jan 13 04:47:06.114031 2026] [php:error] [pid 33101] [client 52.169.119.118:0] script '/domains/system_default/rezor.php' not found or unable to stat
[Tue Jan 13 04:47:06.246388 2026] [php:error] [pid 33101] [client 52.169.119.118:0] script '/domains/system_default/style.php' not found or unable to stat
[Tue Jan 13 04:47:06.360198 2026] [php:error] [pid 33101] [client 52.169.119.118:0] script '/domains/system_default/beence.php' not found or unable to stat
[Tue Jan 13 04:47:06.482161 2026] [php:error] [pid 33101] [client 52.169.119.118:0] script '/domains/system_default/waw.php' not found or unable to stat
[Tue Jan 13 04:47:06.555029 2026] [php:error] [pid 33101] [client 52.169.119.118:0] script '/domains/system_default/wso112233.php' not found or unable to stat
[Tue Jan 13 04:47:06.622982 2026] [php:error] [pid 33101] [client 52.169.119.118:0] script '/domains/system_default/wxdxn.php' not found or unable to stat
[Tue Jan 13 04:47:06.796432 2026] [php:error] [pid 33101] [client 52.169.119.118:0] script '/domains/system_default/503.php' not found or unable to stat
[Tue Jan 13 04:47:06.942286 2026] [php:error] [pid 33101] [client 52.169.119.118:0] script '/domains/system_default/nsexz.php' not found or unable to stat
[Tue Jan 13 04:47:07.010253 2026] [php:error] [pid 33101] [client 52.169.119.118:0] script '/domains/system_default/wp-2019.php' not found or unable to stat
[Tue Jan 13 04:47:07.176975 2026] [php:error] [pid 33101] [client 52.169.119.118:0] script '/domains/system_default/fgd.php' not found or unable to stat
[Tue Jan 13 04:47:07.297619 2026] [php:error] [pid 33101] [client 52.169.119.118:0] script '/domains/system_default/vxnxvgfw.php' not found or unable to stat
[Tue Jan 13 04:47:07.378723 2026] [php:error] [pid 33101] [client 52.169.119.118:0] script '/domains/system_default/wakak.php' not found or unable to stat
[Tue Jan 13 04:47:07.451527 2026] [php:error] [pid 33101] [client 52.169.119.118:0] script '/domains/system_default/vbbn.php' not found or unable to stat
[Tue Jan 13 04:47:07.571208 2026] [php:error] [pid 33101] [client 52.169.119.118:0] script '/domains/system_default/ws.php' not found or unable to stat
[Tue Jan 13 04:47:07.700349 2026] [php:error] [pid 33101] [client 52.169.119.118:0] script '/domains/system_default/wp-god.php' not found or unable to stat
[Tue Jan 13 04:47:07.788388 2026] [php:error] [pid 33101] [client 52.169.119.118:0] script '/domains/system_default/wp-22.php' not found or unable to stat
[Tue Jan 13 04:47:07.862081 2026] [php:error] [pid 33101] [client 52.169.119.118:0] script '/domains/system_default/wp-load.php' not found or unable to stat
[Tue Jan 13 04:47:07.931244 2026] [php:error] [pid 33101] [client 52.169.119.118:0] script '/domains/system_default/click.php' not found or unable to stat
[Tue Jan 13 04:47:08.000692 2026] [php:error] [pid 33101] [client 52.169.119.118:0] script '/domains/system_default/xl2023.php' not found or unable to stat
[Tue Jan 13 04:47:08.094578 2026] [php:error] [pid 33101] [client 52.169.119.118:0] script '/domains/system_default/1vbqo.php' not found or unable to stat
[Tue Jan 13 04:47:08.287514 2026] [php:error] [pid 33101] [client 52.169.119.118:0] script '/domains/system_default/22c.php' not found or unable to stat
[Tue Jan 13 04:47:08.355747 2026] [php:error] [pid 33101] [client 52.169.119.118:0] script '/domains/system_default/1vbqo.php' not found or unable to stat
[Tue Jan 13 04:47:08.427695 2026] [php:error] [pid 33101] [client 52.169.119.118:0] script '/domains/system_default/as.php' not found or unable to stat
[Tue Jan 13 04:47:08.569316 2026] [php:error] [pid 33101] [client 52.169.119.118:0] script '/domains/system_default/p.php' not found or unable to stat
[Tue Jan 13 04:47:08.947556 2026] [php:error] [pid 33099] [client 52.169.119.118:0] script '/domains/system_default/2clas.php' not found or unable to stat
[Tue Jan 13 04:47:09.015413 2026] [php:error] [pid 33099] [client 52.169.119.118:0] script '/domains/system_default/family.php' not found or unable to stat
[Tue Jan 13 04:47:09.107719 2026] [php:error] [pid 33099] [client 52.169.119.118:0] script '/domains/system_default/m.php' not found or unable to stat
[Tue Jan 13 04:47:09.177878 2026] [php:error] [pid 33099] [client 52.169.119.118:0] script '/domains/system_default/1234.php' not found or unable to stat
[Tue Jan 13 04:47:09.190971 2026] [php:error] [pid 33087] [client 220.92.251.114:0] script '/domains/viamonte3/autoload_classmap.php' not found or unable to stat, referer: https://www.yahoo.com/
[Tue Jan 13 04:47:09.255191 2026] [php:error] [pid 33099] [client 52.169.119.118:0] script '/domains/system_default/shx.php' not found or unable to stat
[Tue Jan 13 04:47:09.420245 2026] [php:error] [pid 33099] [client 52.169.119.118:0] script '/domains/system_default/inc.php' not found or unable to stat
[Tue Jan 13 04:47:09.422571 2026] [php:error] [pid 33087] [client 172.187.246.21:0] script '/domains/viamonte3/bolt.php' not found or unable to stat, referer: https://www.google.de/
[Tue Jan 13 04:47:09.488542 2026] [php:error] [pid 33099] [client 52.169.119.118:0] script '/domains/system_default/XxX.php' not found or unable to stat
[Tue Jan 13 04:47:09.556001 2026] [php:error] [pid 33099] [client 52.169.119.118:0] script '/domains/system_default/z60.php' not found or unable to stat
[Tue Jan 13 04:47:09.623559 2026] [php:error] [pid 33099] [client 52.169.119.118:0] script '/domains/system_default/wp-apxupx.php' not found or unable to stat
[Tue Jan 13 04:47:09.655766 2026] [php:error] [pid 33087] [client 164.198.9.171:0] script '/domains/viamonte3/1.php' not found or unable to stat, referer: https://www.yahoo.com/
[Tue Jan 13 04:47:09.691149 2026] [php:error] [pid 33099] [client 52.169.119.118:0] script '/domains/system_default/file22.php' not found or unable to stat
[Tue Jan 13 04:47:09.886654 2026] [php:error] [pid 33087] [client 33.42.148.158:0] script '/domains/viamonte3/aa.php' not found or unable to stat, referer: https://www.google.fr/
[Tue Jan 13 04:47:10.118114 2026] [php:error] [pid 33087] [client 4.46.129.180:0] script '/domains/viamonte3/abcd.php' not found or unable to stat, referer: https://www.google.com/
[Tue Jan 13 04:47:10.167491 2026] [php:error] [pid 33099] [client 52.169.119.118:0] script '/domains/system_default/sql.php' not found or unable to stat
[Tue Jan 13 04:47:10.212584 2026] [core:crit] [pid 33094] (13)Permission denied: [client 18.214.186.220:0] AH00529: /domains/performancepartsinc/graphics/psd/.htaccess pcfg_openfile: unable to check htaccess file, ensure it is readable and that '/domains/performancepartsinc/graphics/psd/' is executable
[Tue Jan 13 04:47:10.244855 2026] [php:error] [pid 33099] [client 52.169.119.118:0] script '/domains/system_default/ad1.php' not found or unable to stat
[Tue Jan 13 04:47:10.313235 2026] [php:error] [pid 33099] [client 52.169.119.118:0] script '/domains/system_default/anz.php' not found or unable to stat
[Tue Jan 13 04:47:10.349390 2026] [php:error] [pid 33087] [client 125.26.102.194:0] script '/domains/viamonte3/about.php' not found or unable to stat, referer: https://www.bing.com/
[Tue Jan 13 04:47:10.380763 2026] [php:error] [pid 33099] [client 52.169.119.118:0] script '/domains/system_default/bala.php' not found or unable to stat
[Tue Jan 13 04:47:10.447986 2026] [php:error] [pid 33099] [client 52.169.119.118:0] script '/domains/system_default/chosen.php' not found or unable to stat
[Tue Jan 13 04:47:10.531478 2026] [php:error] [pid 33099] [client 52.169.119.118:0] script '/domains/system_default/ava.php' not found or unable to stat
[Tue Jan 13 04:47:10.769577 2026] [php:error] [pid 33099] [client 52.169.119.118:0] script '/domains/system_default/nox.php' not found or unable to stat
[Tue Jan 13 04:47:10.812142 2026] [php:error] [pid 33087] [client 27.116.32.130:0] script '/domains/viamonte3/admin.php' not found or unable to stat, referer: https://duckduckgo.com/
[Tue Jan 13 04:47:10.922684 2026] [php:error] [pid 33099] [client 52.169.119.118:0] script '/domains/system_default/ca5.php' not found or unable to stat
[Tue Jan 13 04:47:11.004267 2026] [php:error] [pid 33099] [client 52.169.119.118:0] script '/domains/system_default/file2.php' not found or unable to stat
[Tue Jan 13 04:47:11.043151 2026] [php:error] [pid 33087] [client 81.144.252.147:0] script '/domains/viamonte3/adminfuns.php' not found or unable to stat, referer: https://duckduckgo.com/
[Tue Jan 13 04:47:11.080059 2026] [php:error] [pid 33099] [client 52.169.119.118:0] script '/domains/system_default/zxl.php' not found or unable to stat
[Tue Jan 13 04:47:11.148013 2026] [php:error] [pid 33099] [client 52.169.119.118:0] script '/domains/system_default/fm1.php' not found or unable to stat
[Tue Jan 13 04:47:11.216240 2026] [php:error] [pid 33099] [client 52.169.119.118:0] script '/domains/system_default/mds.php' not found or unable to stat
[Tue Jan 13 04:47:11.274104 2026] [php:error] [pid 33087] [client 170.11.228.65:0] script '/domains/viamonte3/alfa.php' not found or unable to stat, referer: https://www.google.co.uk/
[Tue Jan 13 04:47:11.331395 2026] [php:error] [pid 33099] [client 52.169.119.118:0] script '/domains/system_default/bge.php' not found or unable to stat
[Tue Jan 13 04:47:11.400401 2026] [php:error] [pid 33099] [client 52.169.119.118:0] script '/domains/system_default/wo.php' not found or unable to stat
[Tue Jan 13 04:47:11.468212 2026] [php:error] [pid 33099] [client 52.169.119.118:0] script '/domains/system_default/Marvins.php' not found or unable to stat
[Tue Jan 13 04:47:11.506816 2026] [php:error] [pid 33087] [client 72.119.109.176:0] script '/domains/viamonte3/api.php' not found or unable to stat, referer: https://duckduckgo.com/
[Tue Jan 13 04:47:11.572841 2026] [php:error] [pid 33099] [client 52.169.119.118:0] script '/domains/system_default/X7x.php' not found or unable to stat
[Tue Jan 13 04:47:11.640379 2026] [php:error] [pid 33099] [client 52.169.119.118:0] script '/domains/system_default/snd.php' not found or unable to stat
[Tue Jan 13 04:47:11.709732 2026] [php:error] [pid 33099] [client 52.169.119.118:0] script '/domains/system_default/slsqc.php' not found or unable to stat
[Tue Jan 13 04:47:11.739099 2026] [php:error] [pid 33087] [client 228.190.85.129:0] script '/domains/viamonte3/bless.php' not found or unable to stat, referer: https://www.google.com/
[Tue Jan 13 04:47:11.786213 2026] [php:error] [pid 33099] [client 52.169.119.118:0] script '/domains/system_default/ws34.php' not found or unable to stat
[Tue Jan 13 04:47:11.871731 2026] [php:error] [pid 33099] [client 52.169.119.118:0] script '/domains/system_default/ws.php' not found or unable to stat
[Tue Jan 13 04:47:11.939599 2026] [php:error] [pid 33099] [client 52.169.119.118:0] script '/domains/system_default/bypass.php' not found or unable to stat
[Tue Jan 13 04:47:12.097335 2026] [php:error] [pid 33099] [client 52.169.119.118:0] script '/domains/system_default/bb.php' not found or unable to stat
[Tue Jan 13 04:47:12.164770 2026] [php:error] [pid 33099] [client 52.169.119.118:0] script '/domains/system_default/y.php' not found or unable to stat
[Tue Jan 13 04:47:12.201358 2026] [php:error] [pid 33087] [client 171.149.22.79:0] script '/domains/viamonte3/classwithtostring.php' not found or unable to stat, referer: https://www.bing.com/
[Tue Jan 13 04:47:12.232321 2026] [php:error] [pid 33099] [client 52.169.119.118:0] script '/domains/system_default/b1a3k.php' not found or unable to stat
[Tue Jan 13 04:47:12.300371 2026] [php:error] [pid 33099] [client 52.169.119.118:0] script '/domains/system_default/mar.php' not found or unable to stat
[Tue Jan 13 04:47:12.367435 2026] [php:error] [pid 33099] [client 52.169.119.118:0] script '/domains/system_default/wl.php' not found or unable to stat
[Tue Jan 13 04:47:12.432552 2026] [php:error] [pid 33087] [client 123.13.232.66:0] script '/domains/viamonte3/edit.php' not found or unable to stat, referer: https://www.google.de/
[Tue Jan 13 04:47:12.435205 2026] [php:error] [pid 33099] [client 52.169.119.118:0] script '/domains/system_default/baxa1.phP' not found or unable to stat
[Tue Jan 13 04:47:12.571709 2026] [php:error] [pid 33099] [client 52.169.119.118:0] script '/domains/system_default/fw.php' not found or unable to stat
[Tue Jan 13 04:47:12.639508 2026] [php:error] [pid 33099] [client 52.169.119.118:0] script '/domains/system_default/1877.php' not found or unable to stat
[Tue Jan 13 04:47:12.663450 2026] [php:error] [pid 33087] [client 167.225.132.48:0] script '/domains/viamonte3/file.php' not found or unable to stat, referer: https://www.yahoo.com/
[Tue Jan 13 04:47:12.707016 2026] [php:error] [pid 33099] [client 52.169.119.118:0] script '/domains/system_default/wp-xml.php' not found or unable to stat
[Tue Jan 13 04:47:12.774407 2026] [php:error] [pid 33099] [client 52.169.119.118:0] script '/domains/system_default/cp.php' not found or unable to stat
[Tue Jan 13 04:47:12.848579 2026] [php:error] [pid 33099] [client 52.169.119.118:0] script '/domains/system_default/haxor.php' not found or unable to stat
[Tue Jan 13 04:47:12.894829 2026] [php:error] [pid 33087] [client 29.97.241.211:0] script '/domains/viamonte3/goods.php' not found or unable to stat, referer: https://www.google.co.uk/
[Tue Jan 13 04:47:12.915606 2026] [php:error] [pid 33099] [client 52.169.119.118:0] script '/domains/system_default/13ede.php' not found or unable to stat
[Tue Jan 13 04:47:12.985203 2026] [php:error] [pid 33099] [client 52.169.119.118:0] script '/domains/system_default/wp-cc.php' not found or unable to stat
[Tue Jan 13 04:47:13.053219 2026] [php:error] [pid 33099] [client 52.169.119.118:0] script '/domains/system_default/pn.php' not found or unable to stat
[Tue Jan 13 04:47:13.122618 2026] [php:error] [pid 33099] [client 52.169.119.118:0] script '/domains/system_default/ccea.php' not found or unable to stat
[Tue Jan 13 04:47:13.125770 2026] [php:error] [pid 33087] [client 129.94.19.36:0] script '/domains/viamonte3/info.php' not found or unable to stat, referer: https://www.google.de/
[Tue Jan 13 04:47:13.189829 2026] [php:error] [pid 33099] [client 52.169.119.118:0] script '/domains/system_default/lx.php' not found or unable to stat
[Tue Jan 13 04:47:13.274938 2026] [php:error] [pid 33099] [client 52.169.119.118:0] script '/domains/system_default/ak.php' not found or unable to stat
[Tue Jan 13 04:47:13.352827 2026] [php:error] [pid 33099] [client 52.169.119.118:0] script '/domains/system_default/ee.php' not found or unable to stat
[Tue Jan 13 04:47:13.356935 2026] [php:error] [pid 33087] [client 36.101.181.57:0] script '/domains/viamonte3/ioxi-o.php' not found or unable to stat, referer: https://www.bing.com/
[Tue Jan 13 04:47:13.428238 2026] [php:error] [pid 33099] [client 52.169.119.118:0] script '/domains/system_default/wsz.php' not found or unable to stat
[Tue Jan 13 04:47:13.514888 2026] [php:error] [pid 33099] [client 52.169.119.118:0] script '/domains/system_default/xpass.php' not found or unable to stat
[Tue Jan 13 04:47:13.587903 2026] [php:error] [pid 33087] [client 11.49.186.73:0] script '/domains/viamonte3/manager.php' not found or unable to stat, referer: https://www.bing.com/
[Tue Jan 13 04:47:13.633185 2026] [php:error] [pid 33099] [client 52.169.119.118:0] script '/domains/system_default/file.php' not found or unable to stat
[Tue Jan 13 04:47:13.700802 2026] [php:error] [pid 33099] [client 52.169.119.118:0] script '/domains/system_default/gl.php' not found or unable to stat
[Tue Jan 13 04:47:13.769628 2026] [php:error] [pid 33099] [client 52.169.119.118:0] script '/domains/system_default/gg.php' not found or unable to stat
[Tue Jan 13 04:47:13.851332 2026] [php:error] [pid 33099] [client 52.169.119.118:0] script '/domains/system_default/delete3.php' not found or unable to stat
[Tue Jan 13 04:47:14.050644 2026] [php:error] [pid 33087] [client 137.234.132.57:0] script '/domains/viamonte3/wp-user.php' not found or unable to stat, referer: https://www.bing.com/
[Tue Jan 13 04:47:14.282089 2026] [php:error] [pid 33087] [client 204.131.231.86:0] script '/domains/viamonte3/wp.php' not found or unable to stat, referer: https://www.google.com/
[Tue Jan 13 04:47:14.514576 2026] [php:error] [pid 33087] [client 187.228.120.241:0] script '/domains/viamonte3/xmrlpc.php' not found or unable to stat, referer: https://www.yahoo.com/
[Tue Jan 13 04:47:14.746042 2026] [php:error] [pid 33087] [client 40.247.167.107:0] script '/domains/viamonte3/ahax.php' not found or unable to stat, referer: https://www.yahoo.com/
[Tue Jan 13 04:47:14.978132 2026] [php:error] [pid 33087] [client 121.169.26.223:0] script '/domains/viamonte3/akcc.php' not found or unable to stat, referer: https://www.google.co.uk/
[Tue Jan 13 04:47:15.673827 2026] [php:error] [pid 33087] [client 147.54.133.238:0] script '/domains/viamonte3/av.php' not found or unable to stat, referer: https://duckduckgo.com/
[Tue Jan 13 04:47:15.906897 2026] [php:error] [pid 33087] [client 40.105.117.118:0] script '/domains/viamonte3/buy.php' not found or unable to stat, referer: https://www.google.fr/
[Tue Jan 13 04:47:16.370170 2026] [php:error] [pid 33087] [client 249.77.244.102:0] script '/domains/viamonte3/chosen.php' not found or unable to stat, referer: https://www.google.de/
[Tue Jan 13 04:47:16.607561 2026] [php:error] [pid 33087] [client 150.55.230.2:0] script '/domains/viamonte3/elp.php' not found or unable to stat, referer: https://duckduckgo.com/
[Tue Jan 13 04:47:17.357223 2026] [php:error] [pid 33087] [client 149.61.216.115:0] script '/domains/viamonte3/inputs.php' not found or unable to stat, referer: https://www.yahoo.com/
[Tue Jan 13 04:47:17.588557 2026] [php:error] [pid 33087] [client 59.124.44.255:0] script '/domains/viamonte3/mah.php' not found or unable to stat, referer: https://www.google.fr/
[Tue Jan 13 04:47:18.051825 2026] [php:error] [pid 33087] [client 94.123.119.127:0] script '/domains/viamonte3/mini.php' not found or unable to stat, referer: https://www.bing.com/
[Tue Jan 13 04:47:18.514339 2026] [php:error] [pid 33087] [client 183.130.233.154:0] script '/domains/viamonte3/new.php' not found or unable to stat, referer: https://www.google.com/
[Tue Jan 13 04:47:18.745553 2026] [php:error] [pid 33087] [client 154.170.170.212:0] script '/domains/viamonte3/options-reading.php' not found or unable to stat, referer: https://www.google.fr/
[Tue Jan 13 04:47:18.976789 2026] [php:error] [pid 33087] [client 147.254.56.185:0] script '/domains/viamonte3/simple.php' not found or unable to stat, referer: https://www.yahoo.com/
[Tue Jan 13 04:47:19.669648 2026] [php:error] [pid 33087] [client 25.145.73.177:0] script '/domains/viamonte3/new.php' not found or unable to stat, referer: https://www.google.de/
[Tue Jan 13 04:47:20.363079 2026] [php:error] [pid 33087] [client 44.172.165.196:0] script '/domains/viamonte3/radio.php' not found or unable to stat, referer: https://www.bing.com/
[Tue Jan 13 04:47:21.980083 2026] [php:error] [pid 33087] [client 196.12.166.118:0] script '/domains/viamonte3/wp-blog.php' not found or unable to stat, referer: https://www.bing.com/
[Tue Jan 13 04:47:23.842648 2026] [php:error] [pid 33087] [client 217.141.218.97:0] script '/domains/viamonte3/wp-good.php' not found or unable to stat, referer: https://www.google.com/
[Tue Jan 13 04:47:29.173382 2026] [php:error] [pid 33087] [client 229.254.166.214:0] script '/domains/viamonte3/wp-editor.php' not found or unable to stat, referer: https://www.yahoo.com/
[Tue Jan 13 04:47:35.722491 2026] [php:error] [pid 33094] [client 88.25.218.106:0] script '/domains/viamonte3/wp-themes.php' not found or unable to stat, referer: https://www.google.com/
[Tue Jan 13 04:47:35.955127 2026] [php:error] [pid 33094] [client 219.50.115.105:0] script '/domains/viamonte3/x.php' not found or unable to stat, referer: https://www.bing.com/
[Tue Jan 13 04:47:36.187682 2026] [php:error] [pid 33094] [client 150.161.35.81:0] script '/domains/viamonte3/yas.php' not found or unable to stat, referer: https://www.google.com/
[Tue Jan 13 04:47:56.809548 2026] [php:error] [pid 33107] [client 108.160.46.52:0] script '/domains/sjsachs/autoload_classmap.php' not found or unable to stat, referer: https://www.bing.com/
