[Tue Jan 13 01:50:59.956835 2026] [php:error] [pid 96769] [client 4.213.159.69:0] script '/domains/assetenhance/wpupex.php' not found or unable to stat
[Tue Jan 13 01:51:00.730987 2026] [php:error] [pid 96769] [client 4.213.159.69:0] script '/domains/assetenhance/ava.php' not found or unable to stat
[Tue Jan 13 01:51:01.630716 2026] [php:error] [pid 96769] [client 4.213.159.69:0] script '/domains/assetenhance/nks.php' not found or unable to stat
[Tue Jan 13 01:51:02.782761 2026] [php:error] [pid 96752] [client 247.135.146.201:0] script '/domains/drsuper/ioxi-o.php' not found or unable to stat, referer: https://www.google.co.uk/
[Tue Jan 13 01:51:02.993689 2026] [php:error] [pid 96752] [client 143.60.87.24:0] script '/domains/drsuper/0x.php' not found or unable to stat, referer: https://www.yahoo.com/
[Tue Jan 13 01:51:03.204501 2026] [php:error] [pid 96752] [client 52.197.124.123:0] script '/domains/drsuper/222.php' not found or unable to stat, referer: https://www.bing.com/
[Tue Jan 13 01:51:03.415175 2026] [php:error] [pid 96752] [client 209.16.90.34:0] script '/domains/drsuper/aa.php' not found or unable to stat, referer: https://www.google.com/
[Tue Jan 13 01:51:03.627575 2026] [php:error] [pid 96752] [client 54.134.190.26:0] script '/domains/drsuper/abcd.php' not found or unable to stat, referer: https://www.yahoo.com/
[Tue Jan 13 01:51:03.839373 2026] [php:error] [pid 96752] [client 115.6.212.194:0] script '/domains/drsuper/admin.php' not found or unable to stat, referer: https://www.yahoo.com/
[Tue Jan 13 01:51:04.027795 2026] [php:error] [pid 96769] [client 4.213.159.69:0] script '/domains/assetenhance/ss.php' not found or unable to stat
[Tue Jan 13 01:51:04.261507 2026] [php:error] [pid 96752] [client 137.160.75.21:0] script '/domains/drsuper/adminfuns.php' not found or unable to stat, referer: https://www.yahoo.com/
[Tue Jan 13 01:51:04.472539 2026] [php:error] [pid 96752] [client 36.168.227.241:0] script '/domains/drsuper/akc.php' not found or unable to stat, referer: https://www.google.com/
[Tue Jan 13 01:51:04.683347 2026] [php:error] [pid 96752] [client 223.139.209.214:0] script '/domains/drsuper/buy.php' not found or unable to stat, referer: https://www.google.fr/
[Tue Jan 13 01:51:04.894662 2026] [php:error] [pid 96752] [client 206.182.155.168:0] script '/domains/drsuper/cong.php' not found or unable to stat, referer: https://duckduckgo.com/
[Tue Jan 13 01:51:05.106810 2026] [php:error] [pid 96752] [client 58.131.3.17:0] script '/domains/drsuper/ioxi-o.php' not found or unable to stat, referer: https://duckduckgo.com/
[Tue Jan 13 01:51:05.399209 2026] [php:error] [pid 96769] [client 4.213.159.69:0] script '/domains/assetenhance/sxo.php' not found or unable to stat
[Tue Jan 13 01:51:05.530912 2026] [php:error] [pid 96752] [client 132.242.198.105:0] script '/domains/drsuper/db.php' not found or unable to stat, referer: https://www.yahoo.com/
[Tue Jan 13 01:51:05.742481 2026] [php:error] [pid 96752] [client 178.108.114.199:0] script '/domains/drsuper/dropdown.php' not found or unable to stat, referer: https://duckduckgo.com/
[Tue Jan 13 01:51:05.953359 2026] [php:error] [pid 96752] [client 75.29.212.165:0] script '/domains/drsuper/file.php' not found or unable to stat, referer: https://www.google.com/
[Tue Jan 13 01:51:06.165193 2026] [php:error] [pid 96752] [client 79.122.128.174:0] script '/domains/drsuper/goods.php' not found or unable to stat, referer: https://www.google.fr/
[Tue Jan 13 01:51:06.376301 2026] [php:error] [pid 96752] [client 57.246.180.190:0] script '/domains/drsuper/hplfuns.php' not found or unable to stat, referer: https://www.yahoo.com/
[Tue Jan 13 01:51:06.587695 2026] [php:error] [pid 96752] [client 18.233.69.10:0] script '/domains/drsuper/htaccess.php' not found or unable to stat, referer: https://duckduckgo.com/
[Tue Jan 13 01:51:06.799372 2026] [php:error] [pid 96752] [client 20.167.150.93:0] script '/domains/drsuper/images/wso.php' not found or unable to stat, referer: https://www.google.de/
[Tue Jan 13 01:51:07.220973 2026] [php:error] [pid 96752] [client 51.198.163.154:0] script '/domains/drsuper/info.php' not found or unable to stat, referer: https://www.yahoo.com/
[Tue Jan 13 01:51:07.432477 2026] [php:error] [pid 96752] [client 74.85.233.109:0] script '/domains/drsuper/profile.php' not found or unable to stat, referer: https://www.bing.com/
[Tue Jan 13 01:51:07.643662 2026] [php:error] [pid 96752] [client 63.34.234.5:0] script '/domains/drsuper/sx.php' not found or unable to stat, referer: https://www.google.de/
[Tue Jan 13 01:51:08.328841 2026] [php:error] [pid 96769] [client 4.213.159.69:0] script '/domains/assetenhance/new.php' not found or unable to stat
[Tue Jan 13 01:51:10.731170 2026] [php:error] [pid 96769] [client 4.213.159.69:0] script '/domains/assetenhance/dom.php' not found or unable to stat
[Tue Jan 13 01:51:11.549170 2026] [php:error] [pid 96769] [client 4.213.159.69:0] script '/domains/assetenhance/ooj.php' not found or unable to stat
[Tue Jan 13 01:51:12.284988 2026] [php:error] [pid 96752] [client 165.55.171.241:0] script '/domains/drsuper/wp-fclass.php' not found or unable to stat, referer: https://www.google.fr/
[Tue Jan 13 01:51:12.733370 2026] [php:error] [pid 96764] [client 101.47.135.181:0] script '/domains/hdickens.enteract/kmnj.php' not found or unable to stat
[Tue Jan 13 01:51:12.918504 2026] [php:error] [pid 96769] [client 4.213.159.69:0] script '/domains/assetenhance/BGA.php' not found or unable to stat
[Tue Jan 13 01:51:14.304421 2026] [php:error] [pid 96769] [client 4.213.159.69:0] script '/domains/assetenhance/nas.php' not found or unable to stat
[Tue Jan 13 01:51:14.964116 2026] [php:error] [pid 96769] [client 4.213.159.69:0] script '/domains/assetenhance/loi.php' not found or unable to stat
[Tue Jan 13 01:51:15.471807 2026] [php:error] [pid 96772] [client 184.173.231.234:0] script '/domains/redpeninc/autoload_classmap.php' not found or unable to stat, referer: https://duckduckgo.com/
[Tue Jan 13 01:51:15.626881 2026] [php:error] [pid 96769] [client 4.213.159.69:0] script '/domains/assetenhance/lov.php' not found or unable to stat
[Tue Jan 13 01:51:15.643101 2026] [php:error] [pid 96772] [client 205.90.37.228:0] script '/domains/redpeninc/bolt.php' not found or unable to stat, referer: https://www.bing.com/
[Tue Jan 13 01:51:15.814065 2026] [php:error] [pid 96772] [client 211.37.158.4:0] script '/domains/redpeninc/1.php' not found or unable to stat, referer: https://www.google.fr/
[Tue Jan 13 01:51:15.984181 2026] [php:error] [pid 96772] [client 217.42.37.202:0] script '/domains/redpeninc/aa.php' not found or unable to stat, referer: https://www.google.co.uk/
[Tue Jan 13 01:51:16.154645 2026] [php:error] [pid 96772] [client 86.104.72.14:0] script '/domains/redpeninc/abcd.php' not found or unable to stat, referer: https://www.google.de/
[Tue Jan 13 01:51:16.291442 2026] [php:error] [pid 96752] [client 84.178.17.114:0] script '/domains/drsuper/wp-themes.php' not found or unable to stat, referer: https://www.google.com/
[Tue Jan 13 01:51:16.316841 2026] [php:error] [pid 96769] [client 4.213.159.69:0] script '/domains/assetenhance/avaa.php' not found or unable to stat
[Tue Jan 13 01:51:16.324679 2026] [php:error] [pid 96772] [client 187.161.119.95:0] script '/domains/redpeninc/about.php' not found or unable to stat, referer: https://duckduckgo.com/
[Tue Jan 13 01:51:16.502593 2026] [php:error] [pid 96752] [client 174.116.14.188:0] script '/domains/drsuper/xmlrpc.php' not found or unable to stat, referer: https://www.google.co.uk/
[Tue Jan 13 01:51:16.666212 2026] [php:error] [pid 96772] [client 108.194.65.102:0] script '/domains/redpeninc/admin.php' not found or unable to stat, referer: https://www.yahoo.com/
[Tue Jan 13 01:51:16.836595 2026] [php:error] [pid 96772] [client 251.115.77.39:0] script '/domains/redpeninc/adminfuns.php' not found or unable to stat, referer: https://www.bing.com/
[Tue Jan 13 01:51:17.009060 2026] [php:error] [pid 96772] [client 185.157.64.32:0] script '/domains/redpeninc/alfa.php' not found or unable to stat, referer: https://www.yahoo.com/
[Tue Jan 13 01:51:17.017993 2026] [php:error] [pid 96769] [client 4.213.159.69:0] script '/domains/assetenhance/nwwha.php' not found or unable to stat
[Tue Jan 13 01:51:17.179491 2026] [php:error] [pid 96772] [client 154.42.74.173:0] script '/domains/redpeninc/api.php' not found or unable to stat, referer: https://www.google.fr/
[Tue Jan 13 01:51:17.351508 2026] [php:error] [pid 96772] [client 35.201.33.66:0] script '/domains/redpeninc/bless.php' not found or unable to stat, referer: https://www.google.fr/
[Tue Jan 13 01:51:17.693760 2026] [php:error] [pid 96772] [client 191.202.42.42:0] script '/domains/redpeninc/classwithtostring.php' not found or unable to stat, referer: https://www.google.de/
[Tue Jan 13 01:51:17.864159 2026] [php:error] [pid 96772] [client 71.150.100.174:0] script '/domains/redpeninc/edit.php' not found or unable to stat, referer: https://www.bing.com/
[Tue Jan 13 01:51:18.034093 2026] [php:error] [pid 96772] [client 60.99.191.140:0] script '/domains/redpeninc/file.php' not found or unable to stat, referer: https://www.yahoo.com/
[Tue Jan 13 01:51:18.205252 2026] [php:error] [pid 96772] [client 214.226.22.128:0] script '/domains/redpeninc/goods.php' not found or unable to stat, referer: https://duckduckgo.com/
[Tue Jan 13 01:51:18.355886 2026] [php:error] [pid 96769] [client 4.213.159.69:0] script '/domains/assetenhance/admin.php' not found or unable to stat
[Tue Jan 13 01:51:18.375429 2026] [php:error] [pid 96772] [client 134.143.115.169:0] script '/domains/redpeninc/info.php' not found or unable to stat, referer: https://www.google.com/
[Tue Jan 13 01:51:18.545544 2026] [php:error] [pid 96772] [client 13.203.171.214:0] script '/domains/redpeninc/ioxi-o.php' not found or unable to stat, referer: https://www.bing.com/
[Tue Jan 13 01:51:18.715458 2026] [php:error] [pid 96772] [client 9.134.217.26:0] script '/domains/redpeninc/manager.php' not found or unable to stat, referer: https://www.google.co.uk/
[Tue Jan 13 01:51:19.056321 2026] [php:error] [pid 96772] [client 235.206.253.137:0] script '/domains/redpeninc/wp-user.php' not found or unable to stat, referer: https://www.google.fr/
[Tue Jan 13 01:51:19.233177 2026] [php:error] [pid 96772] [client 112.160.203.197:0] script '/domains/redpeninc/wp.php' not found or unable to stat, referer: https://duckduckgo.com/
[Tue Jan 13 01:51:19.403977 2026] [php:error] [pid 96772] [client 185.2.172.21:0] script '/domains/redpeninc/xmrlpc.php' not found or unable to stat, referer: https://www.google.fr/
[Tue Jan 13 01:51:19.575134 2026] [php:error] [pid 96772] [client 41.194.48.207:0] script '/domains/redpeninc/ahax.php' not found or unable to stat, referer: https://www.google.co.uk/
[Tue Jan 13 01:51:19.745200 2026] [php:error] [pid 96772] [client 3.113.208.93:0] script '/domains/redpeninc/akcc.php' not found or unable to stat, referer: https://www.google.com/
[Tue Jan 13 01:51:19.831340 2026] [php:error] [pid 96769] [client 4.213.159.69:0] script '/domains/assetenhance/shell20211028.php' not found or unable to stat
[Tue Jan 13 01:51:20.255538 2026] [php:error] [pid 96772] [client 207.240.8.250:0] script '/domains/redpeninc/av.php' not found or unable to stat, referer: https://www.bing.com/
[Tue Jan 13 01:51:20.426152 2026] [php:error] [pid 96772] [client 211.176.143.70:0] script '/domains/redpeninc/buy.php' not found or unable to stat, referer: https://www.google.co.uk/
[Tue Jan 13 01:51:20.766303 2026] [php:error] [pid 96772] [client 44.174.119.108:0] script '/domains/redpeninc/chosen.php' not found or unable to stat, referer: https://duckduckgo.com/
[Tue Jan 13 01:51:20.936489 2026] [php:error] [pid 96772] [client 49.0.112.212:0] script '/domains/redpeninc/elp.php' not found or unable to stat, referer: https://www.bing.com/
[Tue Jan 13 01:51:21.456824 2026] [php:error] [pid 96772] [client 221.180.39.116:0] script '/domains/redpeninc/inputs.php' not found or unable to stat, referer: https://duckduckgo.com/
[Tue Jan 13 01:51:21.640064 2026] [php:error] [pid 96772] [client 129.161.151.31:0] script '/domains/redpeninc/mah.php' not found or unable to stat, referer: https://www.yahoo.com/
[Tue Jan 13 01:51:21.980123 2026] [php:error] [pid 96772] [client 224.157.77.59:0] script '/domains/redpeninc/mini.php' not found or unable to stat, referer: https://www.google.com/
[Tue Jan 13 01:51:22.320683 2026] [php:error] [pid 96772] [client 214.67.145.202:0] script '/domains/redpeninc/new.php' not found or unable to stat, referer: https://www.google.com/
[Tue Jan 13 01:51:22.490990 2026] [php:error] [pid 96772] [client 168.215.71.176:0] script '/domains/redpeninc/options-reading.php' not found or unable to stat, referer: https://www.google.fr/
[Tue Jan 13 01:51:22.661289 2026] [php:error] [pid 96772] [client 107.46.138.133:0] script '/domains/redpeninc/simple.php' not found or unable to stat, referer: https://www.bing.com/
[Tue Jan 13 01:51:22.931900 2026] [php:error] [pid 96769] [client 4.213.159.69:0] script '/domains/assetenhance/buy.php' not found or unable to stat
[Tue Jan 13 01:51:23.170759 2026] [php:error] [pid 96772] [client 101.181.45.251:0] script '/domains/redpeninc/new.php' not found or unable to stat, referer: https://www.google.com/
[Tue Jan 13 01:51:23.682089 2026] [php:error] [pid 96772] [client 3.20.96.127:0] script '/domains/redpeninc/radio.php' not found or unable to stat, referer: https://www.yahoo.com/
[Tue Jan 13 01:51:23.883077 2026] [php:error] [pid 96769] [client 4.213.159.69:0] script '/domains/assetenhance/gib.php' not found or unable to stat
[Tue Jan 13 01:51:24.802380 2026] [php:error] [pid 96769] [client 4.213.159.69:0] script '/domains/assetenhance/des.php' not found or unable to stat
[Tue Jan 13 01:51:24.883666 2026] [php:error] [pid 96772] [client 151.53.228.242:0] script '/domains/redpeninc/wp-blog.php' not found or unable to stat, referer: https://www.google.co.uk/
[Tue Jan 13 01:51:26.150280 2026] [php:error] [pid 96769] [client 4.213.159.69:0] script '/domains/assetenhance/hzz.php' not found or unable to stat
[Tue Jan 13 01:51:26.245359 2026] [php:error] [pid 96772] [client 153.108.197.210:0] script '/domains/redpeninc/wp-good.php' not found or unable to stat, referer: https://duckduckgo.com/
[Tue Jan 13 01:51:26.979279 2026] [php:error] [pid 96769] [client 4.213.159.69:0] script '/domains/assetenhance/rezor.php' not found or unable to stat
[Tue Jan 13 01:51:28.675012 2026] [php:error] [pid 96769] [client 4.213.159.69:0] script '/domains/assetenhance/oivcl.php' not found or unable to stat
[Tue Jan 13 01:51:29.817599 2026] [php:error] [pid 96771] [client 34.96.162.56:0] script '/domains/piltdweb1/mydb.php' not found or unable to stat
[Tue Jan 13 01:51:30.168620 2026] [php:error] [pid 96772] [client 207.110.204.176:0] script '/domains/redpeninc/wp-editor.php' not found or unable to stat, referer: https://www.google.de/
[Tue Jan 13 01:51:30.649867 2026] [php:error] [pid 96769] [client 4.213.159.69:0] script '/domains/assetenhance/db.php' not found or unable to stat
[Tue Jan 13 01:51:31.342090 2026] [php:error] [pid 96769] [client 4.213.159.69:0] script '/domains/assetenhance/autoload_classmap.php' not found or unable to stat
[Tue Jan 13 01:51:32.059467 2026] [php:error] [pid 96769] [client 4.213.159.69:0] script '/domains/assetenhance/dropdown.php' not found or unable to stat
[Tue Jan 13 01:51:32.766568 2026] [php:error] [pid 96769] [client 4.213.159.69:0] script '/domains/assetenhance/images/c99.php' not found or unable to stat
[Tue Jan 13 01:51:33.667335 2026] [php:error] [pid 96769] [client 4.213.159.69:0] script '/domains/assetenhance/doc.php' not found or unable to stat
[Tue Jan 13 01:51:34.437172 2026] [php:error] [pid 96769] [client 4.213.159.69:0] script '/domains/assetenhance/ps.php' not found or unable to stat
[Tue Jan 13 01:51:34.563263 2026] [php:error] [pid 96764] [client 218.162.15.23:0] script '/domains/redpeninc/wp-themes.php' not found or unable to stat, referer: https://www.google.fr/
[Tue Jan 13 01:51:34.739310 2026] [php:error] [pid 96764] [client 18.147.252.224:0] script '/domains/redpeninc/x.php' not found or unable to stat, referer: https://www.bing.com/
[Tue Jan 13 01:51:34.915388 2026] [php:error] [pid 96764] [client 253.7.200.99:0] script '/domains/redpeninc/yas.php' not found or unable to stat, referer: https://www.bing.com/
[Tue Jan 13 01:51:35.982920 2026] [php:error] [pid 96769] [client 4.213.159.69:0] script '/domains/assetenhance/output.php' not found or unable to stat
[Tue Jan 13 01:51:36.128481 2026] [php:error] [pid 96775] [client 35.247.243.253:0] script '/domains/piltdweb1/adminer-5.0.5-en.php' not found or unable to stat
[Tue Jan 13 01:51:36.730604 2026] [php:error] [pid 96769] [client 4.213.159.69:0] script '/domains/assetenhance/wp-xml.php' not found or unable to stat
[Tue Jan 13 01:51:37.351536 2026] [php:error] [pid 96769] [client 4.213.159.69:0] script '/domains/assetenhance/13.php' not found or unable to stat
[Tue Jan 13 01:51:38.093254 2026] [php:error] [pid 96769] [client 4.213.159.69:0] script '/domains/assetenhance/wp-2019.php' not found or unable to stat
[Tue Jan 13 01:51:38.761776 2026] [php:error] [pid 96769] [client 4.213.159.69:0] script '/domains/assetenhance/classwithtostring.php' not found or unable to stat
[Tue Jan 13 01:51:40.002578 2026] [php:error] [pid 96769] [client 4.213.159.69:0] script '/domains/assetenhance/wp.php' not found or unable to stat
[Tue Jan 13 01:51:40.632169 2026] [php:error] [pid 96769] [client 4.213.159.69:0] script '/domains/assetenhance/lufix.php' not found or unable to stat
[Tue Jan 13 01:51:41.256396 2026] [php:error] [pid 96769] [client 4.213.159.69:0] script '/domains/assetenhance/elp.php' not found or unable to stat
[Tue Jan 13 01:51:41.939166 2026] [php:error] [pid 96769] [client 4.213.159.69:0] script '/domains/assetenhance/wrt.php' not found or unable to stat
[Tue Jan 13 01:51:42.693904 2026] [php:error] [pid 96769] [client 4.213.159.69:0] script '/domains/assetenhance/dr.php' not found or unable to stat
[Tue Jan 13 01:51:44.544572 2026] [php:error] [pid 96769] [client 4.213.159.69:0] script '/domains/assetenhance/wtu.php' not found or unable to stat
[Tue Jan 13 01:51:46.054982 2026] [php:error] [pid 96769] [client 4.213.159.69:0] script '/domains/assetenhance/led.php' not found or unable to stat
[Tue Jan 13 01:51:46.695130 2026] [php:error] [pid 96769] [client 4.213.159.69:0] script '/domains/assetenhance/bhfnd.php' not found or unable to stat
[Tue Jan 13 01:51:48.295569 2026] [php:error] [pid 96769] [client 4.213.159.69:0] script '/domains/assetenhance/readme.php' not found or unable to stat
[Tue Jan 13 01:51:49.027615 2026] [php:error] [pid 96769] [client 4.213.159.69:0] script '/domains/assetenhance/aku.php' not found or unable to stat
[Tue Jan 13 01:51:50.662385 2026] [php:error] [pid 96769] [client 4.213.159.69:0] script '/domains/assetenhance/x.php' not found or unable to stat
[Tue Jan 13 01:51:51.538952 2026] [php:error] [pid 96769] [client 4.213.159.69:0] script '/domains/assetenhance/fox.php' not found or unable to stat
[Tue Jan 13 01:51:52.236904 2026] [php:error] [pid 96769] [client 4.213.159.69:0] script '/domains/assetenhance/7f8c8.php' not found or unable to stat
[Tue Jan 13 01:51:53.024276 2026] [php:error] [pid 96769] [client 4.213.159.69:0] script '/domains/assetenhance/poj.php' not found or unable to stat
[Tue Jan 13 01:51:53.666265 2026] [php:error] [pid 96769] [client 4.213.159.69:0] script '/domains/assetenhance/zze.php' not found or unable to stat
[Tue Jan 13 01:51:55.186234 2026] [php:error] [pid 96769] [client 4.213.159.69:0] script '/domains/assetenhance/weozh.php' not found or unable to stat
[Tue Jan 13 01:51:56.872769 2026] [php:error] [pid 96769] [client 4.213.159.69:0] script '/domains/assetenhance/zznmg.php' not found or unable to stat
[Tue Jan 13 01:51:58.339403 2026] [php:error] [pid 96769] [client 4.213.159.69:0] script '/domains/assetenhance/eru.php' not found or unable to stat
[Tue Jan 13 01:51:59.792574 2026] [php:error] [pid 96769] [client 4.213.159.69:0] script '/domains/assetenhance/images/2008.php' not found or unable to stat
[Tue Jan 13 01:52:01.638158 2026] [php:error] [pid 96769] [client 4.213.159.69:0] script '/domains/assetenhance/pow.php' not found or unable to stat
[Tue Jan 13 01:52:02.452446 2026] [php:error] [pid 96769] [client 4.213.159.69:0] script '/domains/assetenhance/dop.php' not found or unable to stat
[Tue Jan 13 01:52:04.341666 2026] [php:error] [pid 96769] [client 4.213.159.69:0] script '/domains/assetenhance/lv.php' not found or unable to stat
[Tue Jan 13 01:52:06.909663 2026] [php:error] [pid 96752] [client 34.96.162.56:0] script '/domains/piltdweb1/adminer-5.0.4-mysql-en.php' not found or unable to stat
[Tue Jan 13 01:52:08.061754 2026] [php:error] [pid 96775] [client 4.213.159.69:0] script '/domains/assetenhance/pkmoj.php' not found or unable to stat
[Tue Jan 13 01:52:09.648518 2026] [php:error] [pid 96775] [client 4.213.159.69:0] script '/domains/assetenhance/hehehehe.php' not found or unable to stat
[Tue Jan 13 01:52:10.386366 2026] [php:error] [pid 96775] [client 4.213.159.69:0] script '/domains/assetenhance/fss.php' not found or unable to stat
[Tue Jan 13 01:52:10.466560 2026] [php:error] [pid 96771] [client 9.246.240.21:0] script '/domains/hpveweb/ioxi-o.php' not found or unable to stat, referer: https://www.bing.com/
[Tue Jan 13 01:52:10.686727 2026] [php:error] [pid 96771] [client 187.85.117.130:0] script '/domains/hpveweb/0x.php' not found or unable to stat, referer: https://www.yahoo.com/
[Tue Jan 13 01:52:10.906298 2026] [php:error] [pid 96771] [client 72.118.172.85:0] script '/domains/hpveweb/222.php' not found or unable to stat, referer: https://www.yahoo.com/
[Tue Jan 13 01:52:11.121563 2026] [php:error] [pid 96775] [client 4.213.159.69:0] script '/domains/assetenhance/wwr.php' not found or unable to stat
[Tue Jan 13 01:52:11.125831 2026] [php:error] [pid 96771] [client 61.177.12.209:0] script '/domains/hpveweb/aa.php' not found or unable to stat, referer: https://www.google.fr/
[Tue Jan 13 01:52:11.345792 2026] [php:error] [pid 96771] [client 192.136.239.14:0] script '/domains/hpveweb/abcd.php' not found or unable to stat, referer: https://duckduckgo.com/
[Tue Jan 13 01:52:11.566699 2026] [php:error] [pid 96771] [client 181.49.221.18:0] script '/domains/hpveweb/admin.php' not found or unable to stat, referer: https://www.google.de/
[Tue Jan 13 01:52:11.777595 2026] [php:error] [pid 96775] [client 4.213.159.69:0] script '/domains/assetenhance/content.php' not found or unable to stat
[Tue Jan 13 01:52:12.008389 2026] [php:error] [pid 96771] [client 89.79.138.197:0] script '/domains/hpveweb/adminfuns.php' not found or unable to stat, referer: https://www.yahoo.com/
[Tue Jan 13 01:52:12.228258 2026] [php:error] [pid 96771] [client 232.220.113.193:0] script '/domains/hpveweb/akc.php' not found or unable to stat, referer: https://www.google.co.uk/
[Tue Jan 13 01:52:12.448085 2026] [php:error] [pid 96771] [client 67.87.102.125:0] script '/domains/hpveweb/buy.php' not found or unable to stat, referer: https://www.google.com/
[Tue Jan 13 01:52:12.667875 2026] [php:error] [pid 96771] [client 55.184.238.245:0] script '/domains/hpveweb/cong.php' not found or unable to stat, referer: https://duckduckgo.com/
[Tue Jan 13 01:52:12.887486 2026] [php:error] [pid 96771] [client 185.110.97.252:0] script '/domains/hpveweb/ioxi-o.php' not found or unable to stat, referer: https://www.yahoo.com/
[Tue Jan 13 01:52:13.327223 2026] [php:error] [pid 96771] [client 100.33.168.210:0] script '/domains/hpveweb/db.php' not found or unable to stat, referer: https://www.google.fr/
[Tue Jan 13 01:52:13.547531 2026] [php:error] [pid 96771] [client 60.44.130.110:0] script '/domains/hpveweb/dropdown.php' not found or unable to stat, referer: https://duckduckgo.com/
[Tue Jan 13 01:52:13.767488 2026] [php:error] [pid 96771] [client 30.171.103.210:0] script '/domains/hpveweb/file.php' not found or unable to stat, referer: https://www.yahoo.com/
[Tue Jan 13 01:52:13.987140 2026] [php:error] [pid 96771] [client 152.206.207.24:0] script '/domains/hpveweb/goods.php' not found or unable to stat, referer: https://www.google.fr/
[Tue Jan 13 01:52:14.207830 2026] [php:error] [pid 96771] [client 122.254.103.65:0] script '/domains/hpveweb/hplfuns.php' not found or unable to stat, referer: https://www.google.fr/
[Tue Jan 13 01:52:14.429222 2026] [php:error] [pid 96771] [client 166.71.171.168:0] script '/domains/hpveweb/htaccess.php' not found or unable to stat, referer: https://www.bing.com/
[Tue Jan 13 01:52:14.458635 2026] [php:error] [pid 96775] [client 4.213.159.69:0] script '/domains/assetenhance/install.php' not found or unable to stat
[Tue Jan 13 01:52:14.650951 2026] [php:error] [pid 96771] [client 18.247.250.255:0] script '/domains/hpveweb/images/wso.php' not found or unable to stat, referer: https://www.google.co.uk/
[Tue Jan 13 01:52:15.091720 2026] [php:error] [pid 96771] [client 214.10.115.82:0] script '/domains/hpveweb/info.php' not found or unable to stat, referer: https://www.google.de/
[Tue Jan 13 01:52:15.107664 2026] [php:error] [pid 96775] [client 4.213.159.69:0] script '/domains/assetenhance/kopyw.php' not found or unable to stat
[Tue Jan 13 01:52:15.312037 2026] [php:error] [pid 96771] [client 36.82.246.185:0] script '/domains/hpveweb/profile.php' not found or unable to stat, referer: https://www.bing.com/
[Tue Jan 13 01:52:15.532898 2026] [php:error] [pid 96771] [client 146.142.52.123:0] script '/domains/hpveweb/sx.php' not found or unable to stat, referer: https://duckduckgo.com/
[Tue Jan 13 01:52:15.782265 2026] [php:error] [pid 96775] [client 4.213.159.69:0] script '/domains/assetenhance/cong.php' not found or unable to stat
[Tue Jan 13 01:52:17.235953 2026] [php:error] [pid 96775] [client 4.213.159.69:0] script '/domains/assetenhance/shop.php' not found or unable to stat
[Tue Jan 13 01:52:17.871386 2026] [php:error] [pid 96775] [client 4.213.159.69:0] script '/domains/assetenhance/lla.php' not found or unable to stat
[Tue Jan 13 01:52:18.568611 2026] [php:error] [pid 96775] [client 4.213.159.69:0] script '/domains/assetenhance/nok.php' not found or unable to stat
[Tue Jan 13 01:52:20.373791 2026] [php:error] [pid 96771] [client 20.216.202.165:0] script '/domains/hpveweb/wp-fclass.php' not found or unable to stat, referer: https://www.yahoo.com/
[Tue Jan 13 01:52:20.597276 2026] [php:error] [pid 96775] [client 4.213.159.69:0] script '/domains/assetenhance/ker.php' not found or unable to stat
[Tue Jan 13 01:52:21.606479 2026] [php:error] [pid 96775] [client 4.213.159.69:0] script '/domains/assetenhance/dropdown.php' not found or unable to stat
[Tue Jan 13 01:52:23.566120 2026] [php:error] [pid 96775] [client 4.213.159.69:0] script '/domains/assetenhance/qfvqu.php' not found or unable to stat
[Tue Jan 13 01:52:24.277284 2026] [php:error] [pid 96775] [client 4.213.159.69:0] script '/domains/assetenhance/crt.php' not found or unable to stat
[Tue Jan 13 01:52:24.549603 2026] [php:error] [pid 96771] [client 117.172.6.235:0] script '/domains/hpveweb/wp-themes.php' not found or unable to stat, referer: https://www.google.fr/
[Tue Jan 13 01:52:24.769523 2026] [php:error] [pid 96771] [client 94.54.153.212:0] script '/domains/hpveweb/xmlrpc.php' not found or unable to stat, referer: https://duckduckgo.com/
[Tue Jan 13 01:52:24.987875 2026] [php:error] [pid 96775] [client 4.213.159.69:0] script '/domains/assetenhance/2eaa2.php' not found or unable to stat
[Tue Jan 13 01:52:26.445388 2026] [php:error] [pid 96775] [client 4.213.159.69:0] script '/domains/assetenhance/has.php' not found or unable to stat
[Tue Jan 13 01:52:27.080627 2026] [php:error] [pid 96775] [client 4.213.159.69:0] script '/domains/assetenhance/nka.php' not found or unable to stat
[Tue Jan 13 01:52:28.540834 2026] [php:error] [pid 96775] [client 4.213.159.69:0] script '/domains/assetenhance/dropdown.php' not found or unable to stat
[Tue Jan 13 01:52:30.628505 2026] [php:error] [pid 96775] [client 4.213.159.69:0] script '/domains/assetenhance/jvcpa.php' not found or unable to stat
[Tue Jan 13 01:52:31.270637 2026] [php:error] [pid 96775] [client 4.213.159.69:0] script '/domains/assetenhance/zil.php' not found or unable to stat
[Tue Jan 13 01:52:31.968473 2026] [php:error] [pid 96775] [client 4.213.159.69:0] script '/domains/assetenhance/images/uploadform.php' not found or unable to stat
[Tue Jan 13 01:52:32.723563 2026] [php:error] [pid 96775] [client 4.213.159.69:0] script '/domains/assetenhance/system_log.php' not found or unable to stat
[Tue Jan 13 01:52:34.893187 2026] [php:error] [pid 96775] [client 4.213.159.69:0] script '/domains/assetenhance/ar.php' not found or unable to stat
[Tue Jan 13 01:52:35.566623 2026] [php:error] [pid 96775] [client 4.213.159.69:0] script '/domains/assetenhance/shelp.php' not found or unable to stat
[Tue Jan 13 01:52:36.889895 2026] [php:error] [pid 96775] [client 4.213.159.69:0] script '/domains/assetenhance/file.php' not found or unable to stat
[Tue Jan 13 01:52:38.887587 2026] [php:error] [pid 96775] [client 4.213.159.69:0] script '/domains/assetenhance/first.php' not found or unable to stat
[Tue Jan 13 01:52:40.164229 2026] [php:error] [pid 96775] [client 4.213.159.69:0] script '/domains/assetenhance/404.php' not found or unable to stat
[Tue Jan 13 01:52:46.316631 2026] [php:error] [pid 96781] [client 34.96.162.59:0] script '/domains/piltdweb1/adminer-5.1.1-mysql.php' not found or unable to stat
[Tue Jan 13 01:55:04.866380 2026] [php:error] [pid 96793] [client 34.96.162.58:0] script '/domains/piltdweb1/DB.php' not found or unable to stat
[Tue Jan 13 01:55:54.045861 2026] [core:crit] [pid 96813] (13)Permission denied: [client 23.23.212.212:0] AH00529: /domains/performancepartsinc/graphics/psd/.htaccess pcfg_openfile: unable to check htaccess file, ensure it is readable and that '/domains/performancepartsinc/graphics/psd/' is executable
[Tue Jan 13 01:56:43.626172 2026] [php:error] [pid 96792] [client 35.247.243.252:0] script '/domains/piltdweb1/adminer-5.2.1.php' not found or unable to stat
[Tue Jan 13 01:56:59.779674 2026] [php:error] [pid 96792] [client 34.96.162.58:0] script '/domains/piltdweb1/adminer-5.4.0-en.php' not found or unable to stat
[Tue Jan 13 01:57:46.026262 2026] [php:error] [pid 96792] [client 34.96.162.62:0] script '/domains/piltdweb1/adminer-5.4.1-en.php' not found or unable to stat
[Tue Jan 13 01:57:52.771554 2026] [php:error] [pid 96819] [client 91.190.155.179:0] script '/domains/domilici/ioxi-o.php' not found or unable to stat, referer: https://www.google.fr/
[Tue Jan 13 01:57:52.948163 2026] [php:error] [pid 96819] [client 255.115.98.229:0] script '/domains/domilici/0x.php' not found or unable to stat, referer: https://duckduckgo.com/
[Tue Jan 13 01:57:53.124990 2026] [php:error] [pid 96819] [client 19.255.114.192:0] script '/domains/domilici/222.php' not found or unable to stat, referer: https://www.yahoo.com/
[Tue Jan 13 01:57:53.301234 2026] [php:error] [pid 96819] [client 138.166.3.20:0] script '/domains/domilici/aa.php' not found or unable to stat, referer: https://www.bing.com/
[Tue Jan 13 01:57:53.477604 2026] [php:error] [pid 96819] [client 181.254.225.71:0] script '/domains/domilici/abcd.php' not found or unable to stat, referer: https://duckduckgo.com/
[Tue Jan 13 01:57:53.658474 2026] [php:error] [pid 96819] [client 227.15.222.6:0] script '/domains/domilici/admin.php' not found or unable to stat, referer: https://duckduckgo.com/
[Tue Jan 13 01:57:54.037600 2026] [php:error] [pid 96819] [client 208.212.40.95:0] script '/domains/domilici/adminfuns.php' not found or unable to stat, referer: https://www.google.fr/
[Tue Jan 13 01:57:54.236490 2026] [php:error] [pid 96819] [client 53.207.232.90:0] script '/domains/domilici/akc.php' not found or unable to stat, referer: https://www.google.de/
[Tue Jan 13 01:57:54.424370 2026] [php:error] [pid 96819] [client 162.129.5.19:0] script '/domains/domilici/buy.php' not found or unable to stat, referer: https://duckduckgo.com/
[Tue Jan 13 01:57:54.608463 2026] [php:error] [pid 96819] [client 249.37.20.51:0] script '/domains/domilici/cong.php' not found or unable to stat, referer: https://duckduckgo.com/
[Tue Jan 13 01:57:54.784822 2026] [php:error] [pid 96819] [client 230.221.221.245:0] script '/domains/domilici/ioxi-o.php' not found or unable to stat, referer: https://www.google.fr/
[Tue Jan 13 01:57:55.141678 2026] [php:error] [pid 96819] [client 164.104.133.112:0] script '/domains/domilici/db.php' not found or unable to stat, referer: https://www.google.fr/
[Tue Jan 13 01:57:55.324811 2026] [php:error] [pid 96819] [client 141.204.56.114:0] script '/domains/domilici/dropdown.php' not found or unable to stat, referer: https://duckduckgo.com/
[Tue Jan 13 01:57:55.503439 2026] [php:error] [pid 96819] [client 252.94.196.229:0] script '/domains/domilici/file.php' not found or unable to stat, referer: https://www.google.com/
[Tue Jan 13 01:57:55.680836 2026] [php:error] [pid 96819] [client 68.141.80.184:0] script '/domains/domilici/goods.php' not found or unable to stat, referer: https://www.google.fr/
[Tue Jan 13 01:57:55.857596 2026] [php:error] [pid 96819] [client 13.234.56.28:0] script '/domains/domilici/hplfuns.php' not found or unable to stat, referer: https://duckduckgo.com/
[Tue Jan 13 01:57:56.035568 2026] [php:error] [pid 96819] [client 48.145.110.44:0] script '/domains/domilici/htaccess.php' not found or unable to stat, referer: https://www.google.fr/
[Tue Jan 13 01:57:56.585869 2026] [php:error] [pid 96819] [client 84.13.206.32:0] script '/domains/domilici/info.php' not found or unable to stat, referer: https://www.google.com/
[Tue Jan 13 01:57:56.762479 2026] [php:error] [pid 96819] [client 197.129.131.154:0] script '/domains/domilici/profile.php' not found or unable to stat, referer: https://www.google.com/
[Tue Jan 13 01:57:56.939039 2026] [php:error] [pid 96819] [client 92.192.243.56:0] script '/domains/domilici/sx.php' not found or unable to stat, referer: https://www.google.com/
[Tue Jan 13 01:57:59.000399 2026] [php:error] [pid 96828] [client 34.96.162.58:0] script '/domains/piltdweb1/SQL.php' not found or unable to stat
[Tue Jan 13 01:58:00.914643 2026] [php:error] [pid 96819] [client 122.208.67.159:0] script '/domains/domilici/wp-fclass.php' not found or unable to stat, referer: https://duckduckgo.com/
[Tue Jan 13 01:58:04.308186 2026] [php:error] [pid 96819] [client 132.71.57.11:0] script '/domains/domilici/wp-themes.php' not found or unable to stat, referer: https://www.google.com/
[Tue Jan 13 01:58:04.485521 2026] [php:error] [pid 96819] [client 160.54.195.154:0] script '/domains/domilici/xmlrpc.php' not found or unable to stat, referer: https://www.google.de/
[Tue Jan 13 01:58:31.813813 2026] [authz_core:error] [pid 96829] [client 66.175.211.202:0] AH01630: client denied by server configuration: /
[Tue Jan 13 01:58:55.212221 2026] [php:error] [pid 96826] [client 35.247.243.252:0] script '/domains/piltdweb1/_adminer.php' not found or unable to stat
[Tue Jan 13 01:59:04.771427 2026] [php:error] [pid 96826] [client 35.247.243.255:0] script '/domains/piltdweb1/adminer-5.0.6-en.php' not found or unable to stat
[Tue Jan 13 01:59:10.863968 2026] [php:error] [pid 96825] [client 34.96.162.48:0] script '/domains/piltdweb1/adminer.php' not found or unable to stat
[Tue Jan 13 01:59:50.178360 2026] [php:error] [pid 96839] [client 34.96.162.53:0] script '/domains/piltdweb1/adminer-db.php' not found or unable to stat
[Tue Jan 13 01:59:53.700649 2026] [php:error] [pid 96839] [client 35.247.243.248:0] script '/domains/piltdweb1/adminer-5.0.4-en.php' not found or unable to stat
[Tue Jan 13 01:59:59.784113 2026] [php:error] [pid 96849] [client 215.45.168.194:0] script '/domains/awciii/222.php' not found or unable to stat, referer: https://duckduckgo.com/
[Tue Jan 13 01:59:59.950698 2026] [php:error] [pid 96849] [client 24.102.168.183:0] script '/domains/awciii/bolt.php' not found or unable to stat, referer: https://www.google.de/
[Tue Jan 13 02:00:00.117084 2026] [php:error] [pid 96849] [client 163.125.51.143:0] script '/domains/awciii/buy.php' not found or unable to stat, referer: https://www.google.de/
[Tue Jan 13 02:00:00.283804 2026] [php:error] [pid 96849] [client 254.234.179.62:0] script '/domains/awciii/abcd.php' not found or unable to stat, referer: https://www.google.co.uk/
[Tue Jan 13 02:00:00.451019 2026] [php:error] [pid 96849] [client 16.174.110.157:0] script '/domains/awciii/adminfuns.php' not found or unable to stat, referer: https://www.bing.com/
[Tue Jan 13 02:00:00.617851 2026] [php:error] [pid 96849] [client 82.246.174.243:0] script '/domains/awciii/akcc.php' not found or unable to stat, referer: https://www.bing.com/
[Tue Jan 13 02:00:00.784215 2026] [php:error] [pid 96849] [client 252.179.20.120:0] script '/domains/awciii/bless.php' not found or unable to stat, referer: https://www.yahoo.com/
[Tue Jan 13 02:00:00.950438 2026] [php:error] [pid 96849] [client 117.124.217.113:0] script '/domains/awciii/file.php' not found or unable to stat, referer: https://duckduckgo.com/
[Tue Jan 13 02:00:01.116879 2026] [php:error] [pid 96849] [client 107.24.133.96:0] script '/domains/awciii/goods.php' not found or unable to stat, referer: https://www.google.de/
[Tue Jan 13 02:00:01.283210 2026] [php:error] [pid 96849] [client 5.129.41.241:0] script '/domains/awciii/info.php' not found or unable to stat, referer: https://www.google.com/
[Tue Jan 13 02:00:01.449526 2026] [php:error] [pid 96849] [client 34.120.150.144:0] script '/domains/awciii/ioxi-o.php' not found or unable to stat, referer: https://duckduckgo.com/
[Tue Jan 13 02:00:01.616060 2026] [php:error] [pid 96849] [client 152.71.178.32:0] script '/domains/awciii/about.php' not found or unable to stat, referer: https://www.google.co.uk/
[Tue Jan 13 02:00:01.782596 2026] [php:error] [pid 96849] [client 243.155.33.198:0] script '/domains/awciii/admin.php' not found or unable to stat, referer: https://www.yahoo.com/
[Tue Jan 13 02:00:01.948969 2026] [php:error] [pid 96849] [client 152.233.220.209:0] script '/domains/awciii/php.php' not found or unable to stat, referer: https://www.google.com/
[Tue Jan 13 02:00:02.115589 2026] [php:error] [pid 96849] [client 95.254.189.199:0] script '/domains/awciii/403.php' not found or unable to stat, referer: https://www.google.de/
[Tue Jan 13 02:00:02.282023 2026] [php:error] [pid 96849] [client 105.132.127.89:0] script '/domains/awciii/jp.php' not found or unable to stat, referer: https://www.google.de/
[Tue Jan 13 02:00:02.448277 2026] [php:error] [pid 96849] [client 196.172.60.123:0] script '/domains/awciii/server.php' not found or unable to stat, referer: https://www.google.com/
[Tue Jan 13 02:00:02.614746 2026] [php:error] [pid 96849] [client 67.151.137.253:0] script '/domains/awciii/classwithtostring.php' not found or unable to stat, referer: https://www.google.co.uk/
[Tue Jan 13 02:00:02.781803 2026] [php:error] [pid 96849] [client 35.134.94.74:0] script '/domains/awciii/autoload_classmap.php' not found or unable to stat, referer: https://www.google.fr/
[Tue Jan 13 02:00:03.114467 2026] [php:error] [pid 96849] [client 1.115.209.232:0] script '/domains/awciii/wp.php' not found or unable to stat, referer: https://duckduckgo.com/
[Tue Jan 13 02:00:03.281809 2026] [php:error] [pid 96849] [client 221.218.250.59:0] script '/domains/awciii/wp-good.php' not found or unable to stat, referer: https://www.bing.com/
[Tue Jan 13 02:00:03.282866 2026] [php:error] [pid 96847] [client 152.69.221.30:0] script '/domains/aatweb/wp-login.php' not found or unable to stat
[Tue Jan 13 02:00:03.872738 2026] [php:error] [pid 96862] [client 152.69.221.30:0] script '/domains/aatweb/wp-login.php' not found or unable to stat, referer: https://www.google.com/
[Tue Jan 13 02:00:23.047107 2026] [rewrite:error] [pid 96838] [client 17.22.253.166:0] AH10508: Unsafe URL with %3f URL rewritten without UnsafeAllow3F
[Tue Jan 13 02:00:33.532718 2026] [core:crit] [pid 96863] (13)Permission denied: [client 47.128.21.238:0] AH00529: /domains/dcarlone/test/web/.htaccess pcfg_openfile: unable to check htaccess file, ensure it is readable and that '/domains/dcarlone/test/web/' is executable
[Tue Jan 13 02:00:33.590022 2026] [core:crit] [pid 96838] (13)Permission denied: [client 47.128.126.6:0] AH00529: /domains/dcarlone/test/web/.htaccess pcfg_openfile: unable to check htaccess file, ensure it is readable and that '/domains/dcarlone/test/web/' is executable
[Tue Jan 13 02:00:47.817756 2026] [php:error] [pid 96864] [client 34.96.162.54:0] script '/domains/piltdweb1/adminer-5.2.0-mysql-en.php' not found or unable to stat
[Tue Jan 13 02:01:13.971918 2026] [authz_core:error] [pid 96868] [client 66.175.211.202:0] AH01630: client denied by server configuration: /
[Tue Jan 13 02:01:39.653717 2026] [php:error] [pid 96865] [client 35.247.243.243:0] script '/domains/piltdweb1/adminer-5.0.1-mysql-en.php' not found or unable to stat
[Tue Jan 13 02:01:51.883764 2026] [php:error] [pid 96872] [client 34.96.162.53:0] script '/domains/piltdweb1/adminer-5.4.1.php' not found or unable to stat
[Tue Jan 13 02:02:18.954682 2026] [php:error] [pid 96864] [client 34.96.162.61:0] script '/domains/piltdweb1/adminer-5.0.1.php' not found or unable to stat
[Tue Jan 13 02:02:21.271431 2026] [php:error] [pid 96825] [client 208.84.101.66:0] script '/domains/fbardin/xmlrpc.php' not found or unable to stat
[Tue Jan 13 02:02:36.270069 2026] [php:error] [pid 96878] [client 34.96.162.58:0] script '/domains/piltdweb1/adminer-5.1.0-en.php' not found or unable to stat
[Tue Jan 13 02:02:43.078915 2026] [core:crit] [pid 96864] (13)Permission denied: [client 114.119.133.30:0] AH00529: /domains/performancepartsinc/graphics/psd/.htaccess pcfg_openfile: unable to check htaccess file, ensure it is readable and that '/domains/performancepartsinc/graphics/psd/' is executable
[Tue Jan 13 02:02:53.743044 2026] [core:crit] [pid 96886] (13)Permission denied: [client 114.119.150.248:0] AH00529: /domains/dcarlone/test/web/.htaccess pcfg_openfile: unable to check htaccess file, ensure it is readable and that '/domains/dcarlone/test/web/' is executable
/bin/sh: /usr/public/bin/counter.cgi: not found
[Tue Jan 13 02:03:28.947178 2026] [php:error] [pid 96825] [client 34.96.162.54:0] script '/domains/piltdweb1/adminer-5.0.2-mysql-en.php' not found or unable to stat
[Tue Jan 13 02:04:12.551024 2026] [php:error] [pid 96894] [client 35.247.243.241:0] script '/domains/piltdweb1/adminer-4.1.0.php' not found or unable to stat
[Tue Jan 13 02:04:19.349339 2026] [php:error] [pid 96891] [client 130.12.182.47:0] script '/domains/fayemoran/wp-login.php' not found or unable to stat
[Tue Jan 13 02:04:20.251473 2026] [php:error] [pid 96864] [client 130.12.182.47:0] script '/domains/fayemoran/wp-login.php' not found or unable to stat
[Tue Jan 13 02:04:23.073398 2026] [php:error] [pid 96882] [client 34.96.162.59:0] script '/domains/piltdweb1/adminer-5.0.3-mysql-en.php' not found or unable to stat
[Tue Jan 13 02:04:27.494995 2026] [php:error] [pid 96877] [client 34.96.162.49:0] script '/domains/piltdweb1/adminer-5.4.0-mysql-en.php' not found or unable to stat
[Tue Jan 13 02:05:38.435156 2026] [php:error] [pid 96920] [client 145.239.10.137:0] script '/domains/system_suspended/about.php' not found or unable to stat, referer: http://racerx.com/about.php
[Tue Jan 13 02:05:55.220281 2026] [php:error] [pid 96864] [client 131.77.19.93:0] script '/domains/fbardin/wp-good.php' not found or unable to stat, referer: https://www.google.com/
[Tue Jan 13 02:05:55.271530 2026] [php:error] [pid 96941] [client 25.185.50.142:0] script '/domains/system_suspended/autoload_classmap.php' not found or unable to stat, referer: https://www.google.fr/
[Tue Jan 13 02:05:55.407720 2026] [php:error] [pid 96864] [client 154.238.76.63:0] script '/domains/fbardin/file.php' not found or unable to stat, referer: https://www.google.de/
[Tue Jan 13 02:05:55.446989 2026] [php:error] [pid 96941] [client 25.36.168.44:0] script '/domains/system_suspended/bolt.php' not found or unable to stat, referer: https://duckduckgo.com/
[Tue Jan 13 02:05:55.576823 2026] [php:error] [pid 96864] [client 165.62.79.227:0] script '/domains/fbardin/xmrlpc.php' not found or unable to stat, referer: https://duckduckgo.com/
[Tue Jan 13 02:05:55.622628 2026] [php:error] [pid 96941] [client 66.138.239.35:0] script '/domains/system_suspended/1.php' not found or unable to stat, referer: https://www.yahoo.com/
[Tue Jan 13 02:05:55.777624 2026] [php:error] [pid 96864] [client 86.118.18.75:0] script '/domains/fbardin/av.php' not found or unable to stat, referer: https://www.bing.com/
[Tue Jan 13 02:05:55.798220 2026] [php:error] [pid 96941] [client 199.5.151.188:0] script '/domains/system_suspended/aa.php' not found or unable to stat, referer: https://www.bing.com/
[Tue Jan 13 02:05:55.943547 2026] [php:error] [pid 96864] [client 62.156.55.75:0] script '/domains/fbardin/bless.php' not found or unable to stat, referer: https://www.yahoo.com/
[Tue Jan 13 02:05:55.973807 2026] [php:error] [pid 96941] [client 107.232.239.222:0] script '/domains/system_suspended/abcd.php' not found or unable to stat, referer: https://www.google.com/
[Tue Jan 13 02:05:56.109815 2026] [php:error] [pid 96864] [client 242.208.210.245:0] script '/domains/fbardin/classwithtostring.php' not found or unable to stat, referer: https://www.google.com/
[Tue Jan 13 02:05:56.149341 2026] [php:error] [pid 96941] [client 130.198.81.58:0] script '/domains/system_suspended/about.php' not found or unable to stat, referer: https://www.google.fr/
[Tue Jan 13 02:05:56.276198 2026] [php:error] [pid 96864] [client 137.72.163.164:0] script '/domains/fbardin/abcd.php' not found or unable to stat, referer: https://www.google.de/
[Tue Jan 13 02:05:56.442099 2026] [php:error] [pid 96864] [client 231.81.180.59:0] script '/domains/fbardin/admin.php' not found or unable to stat, referer: https://www.yahoo.com/
[Tue Jan 13 02:05:56.502089 2026] [php:error] [pid 96941] [client 75.249.149.253:0] script '/domains/system_suspended/admin.php' not found or unable to stat, referer: https://www.google.co.uk/
[Tue Jan 13 02:05:56.610771 2026] [php:error] [pid 96864] [client 117.69.7.82:0] script '/domains/fbardin/adminfuns.php' not found or unable to stat, referer: https://www.yahoo.com/
[Tue Jan 13 02:05:56.678896 2026] [php:error] [pid 96941] [client 47.51.158.61:0] script '/domains/system_suspended/adminfuns.php' not found or unable to stat, referer: https://www.google.com/
[Tue Jan 13 02:05:56.776758 2026] [php:error] [pid 96864] [client 128.19.164.68:0] script '/domains/fbardin/edit.php' not found or unable to stat, referer: https://www.google.fr/
[Tue Jan 13 02:05:56.854841 2026] [php:error] [pid 96941] [client 222.179.144.211:0] script '/domains/system_suspended/alfa.php' not found or unable to stat, referer: https://www.bing.com/
[Tue Jan 13 02:05:56.977122 2026] [php:error] [pid 96864] [client 195.92.28.157:0] script '/domains/fbardin/ioxi-o.php' not found or unable to stat, referer: https://www.google.fr/
[Tue Jan 13 02:05:57.035402 2026] [php:error] [pid 96941] [client 158.116.126.46:0] script '/domains/system_suspended/api.php' not found or unable to stat, referer: https://www.bing.com/
[Tue Jan 13 02:05:57.211233 2026] [php:error] [pid 96941] [client 171.198.222.225:0] script '/domains/system_suspended/bless.php' not found or unable to stat, referer: https://www.google.de/
[Tue Jan 13 02:05:57.309492 2026] [php:error] [pid 96864] [client 171.160.234.220:0] script '/domains/fbardin/aa.php' not found or unable to stat, referer: https://www.google.com/
[Tue Jan 13 02:05:57.486747 2026] [php:error] [pid 96864] [client 49.58.106.117:0] script '/domains/fbardin/buy.php' not found or unable to stat, referer: https://www.google.com/
[Tue Jan 13 02:05:57.563239 2026] [php:error] [pid 96941] [client 46.104.216.9:0] script '/domains/system_suspended/classwithtostring.php' not found or unable to stat, referer: https://duckduckgo.com/
[Tue Jan 13 02:05:57.696685 2026] [php:error] [pid 96864] [client 170.203.26.46:0] script '/domains/fbardin/chosen.php' not found or unable to stat, referer: https://www.google.co.uk/
[Tue Jan 13 02:05:57.738715 2026] [php:error] [pid 96941] [client 228.92.47.17:0] script '/domains/system_suspended/edit.php' not found or unable to stat, referer: https://www.google.com/
[Tue Jan 13 02:05:57.863223 2026] [php:error] [pid 96864] [client 36.165.26.105:0] script '/domains/fbardin/goods.php' not found or unable to stat, referer: https://www.bing.com/
[Tue Jan 13 02:05:57.915084 2026] [php:error] [pid 96941] [client 70.232.97.19:0] script '/domains/system_suspended/file.php' not found or unable to stat, referer: https://www.google.co.uk/
[Tue Jan 13 02:05:58.091158 2026] [php:error] [pid 96941] [client 97.208.21.77:0] script '/domains/system_suspended/goods.php' not found or unable to stat, referer: https://duckduckgo.com/
[Tue Jan 13 02:05:58.267445 2026] [php:error] [pid 96941] [client 68.141.7.144:0] script '/domains/system_suspended/info.php' not found or unable to stat, referer: https://www.google.fr/
[Tue Jan 13 02:05:58.377994 2026] [php:error] [pid 96864] [client 112.108.12.140:0] script '/domains/fbardin/wp-blog.php' not found or unable to stat, referer: https://www.google.fr/
[Tue Jan 13 02:05:58.444781 2026] [php:error] [pid 96941] [client 193.36.222.235:0] script '/domains/system_suspended/ioxi-o.php' not found or unable to stat, referer: https://www.google.de/
[Tue Jan 13 02:05:58.619049 2026] [php:error] [pid 96922] [client 35.247.243.252:0] script '/domains/piltdweb1/adminer-5.1.1-mysql-en.php' not found or unable to stat
[Tue Jan 13 02:05:58.620458 2026] [php:error] [pid 96941] [client 245.227.130.91:0] script '/domains/system_suspended/manager.php' not found or unable to stat, referer: https://www.yahoo.com/
