[Tue Jan 13 04:24:48.364339 2026] [php:error] [pid 27198] [client 135.126.111.160:0] script '/domains/system_default/cong.php' not found or unable to stat, referer: https://www.yahoo.com/
[Tue Jan 13 04:24:48.528604 2026] [php:error] [pid 27198] [client 63.129.244.111:0] script '/domains/system_default/ioxi-o.php' not found or unable to stat, referer: https://www.google.co.uk/
[Tue Jan 13 04:24:48.857739 2026] [php:error] [pid 27198] [client 101.58.171.224:0] script '/domains/system_default/db.php' not found or unable to stat, referer: https://duckduckgo.com/
[Tue Jan 13 04:24:49.038082 2026] [php:error] [pid 27198] [client 119.223.105.24:0] script '/domains/system_default/dropdown.php' not found or unable to stat, referer: https://www.google.de/
[Tue Jan 13 04:24:49.203048 2026] [php:error] [pid 27198] [client 132.136.165.171:0] script '/domains/system_default/file.php' not found or unable to stat, referer: https://www.google.com/
[Tue Jan 13 04:24:49.372910 2026] [php:error] [pid 27198] [client 111.128.109.208:0] script '/domains/system_default/goods.php' not found or unable to stat, referer: https://www.google.co.uk/
[Tue Jan 13 04:24:49.538078 2026] [php:error] [pid 27198] [client 107.149.93.131:0] script '/domains/system_default/hplfuns.php' not found or unable to stat, referer: https://www.google.de/
[Tue Jan 13 04:24:49.703662 2026] [php:error] [pid 27198] [client 99.80.157.172:0] script '/domains/system_default/htaccess.php' not found or unable to stat, referer: https://www.google.fr/
[Tue Jan 13 04:24:50.201393 2026] [php:error] [pid 27198] [client 123.165.35.59:0] script '/domains/system_default/info.php' not found or unable to stat, referer: https://www.yahoo.com/
[Tue Jan 13 04:24:50.368581 2026] [php:error] [pid 27198] [client 26.196.20.104:0] script '/domains/system_default/profile.php' not found or unable to stat, referer: https://www.google.co.uk/
[Tue Jan 13 04:24:50.534621 2026] [php:error] [pid 27198] [client 228.171.68.141:0] script '/domains/system_default/sx.php' not found or unable to stat, referer: https://www.google.com/
[Tue Jan 13 04:24:54.168706 2026] [php:error] [pid 27198] [client 42.69.211.60:0] script '/domains/system_default/wp-fclass.php' not found or unable to stat, referer: https://www.google.fr/
[Tue Jan 13 04:24:57.304735 2026] [php:error] [pid 27198] [client 48.60.206.170:0] script '/domains/system_default/wp-themes.php' not found or unable to stat, referer: https://www.yahoo.com/
[Tue Jan 13 04:24:57.470605 2026] [php:error] [pid 27198] [client 47.42.237.53:0] script '/domains/system_default/xmlrpc.php' not found or unable to stat, referer: https://duckduckgo.com/
[Tue Jan 13 04:25:10.206440 2026] [php:error] [pid 27227] [client 141.98.11.98:0] script '/domains/brigadeweb/wp-login.php' not found or unable to stat
[Tue Jan 13 04:25:11.975211 2026] [php:error] [pid 27229] [client 148.21.43.221:0] script '/domains/brigadeweb/wp-login.php' not found or unable to stat
[Tue Jan 13 04:25:29.389581 2026] [php:error] [pid 27239] [client 106.162.42.20:0] script '/domains/system_default/autoload_classmap.php' not found or unable to stat, referer: https://www.google.co.uk/
[Tue Jan 13 04:25:29.600905 2026] [php:error] [pid 27239] [client 82.12.224.11:0] script '/domains/system_default/bolt.php' not found or unable to stat, referer: https://duckduckgo.com/
[Tue Jan 13 04:25:29.812667 2026] [php:error] [pid 27239] [client 218.198.74.117:0] script '/domains/system_default/1.php' not found or unable to stat, referer: https://www.yahoo.com/
[Tue Jan 13 04:25:29.821379 2026] [core:crit] [pid 27241] (13)Permission denied: [client 66.249.66.77:0] AH00529: /domains/performancepartsinc/graphics/psd/.htaccess pcfg_openfile: unable to check htaccess file, ensure it is readable and that '/domains/performancepartsinc/graphics/psd/' is executable
[Tue Jan 13 04:25:30.023790 2026] [php:error] [pid 27239] [client 149.50.231.67:0] script '/domains/system_default/aa.php' not found or unable to stat, referer: https://www.google.co.uk/
[Tue Jan 13 04:25:30.234629 2026] [php:error] [pid 27239] [client 64.26.240.2:0] script '/domains/system_default/abcd.php' not found or unable to stat, referer: https://www.google.com/
[Tue Jan 13 04:25:30.445678 2026] [php:error] [pid 27239] [client 36.38.107.60:0] script '/domains/system_default/about.php' not found or unable to stat, referer: https://www.google.fr/
[Tue Jan 13 04:25:30.868476 2026] [php:error] [pid 27239] [client 95.184.127.168:0] script '/domains/system_default/admin.php' not found or unable to stat, referer: https://duckduckgo.com/
[Tue Jan 13 04:25:31.079318 2026] [php:error] [pid 27239] [client 46.49.171.48:0] script '/domains/system_default/adminfuns.php' not found or unable to stat, referer: https://duckduckgo.com/
[Tue Jan 13 04:25:31.290263 2026] [php:error] [pid 27239] [client 151.101.41.87:0] script '/domains/system_default/alfa.php' not found or unable to stat, referer: https://www.google.de/
[Tue Jan 13 04:25:31.501250 2026] [php:error] [pid 27239] [client 98.2.126.33:0] script '/domains/system_default/api.php' not found or unable to stat, referer: https://www.google.de/
[Tue Jan 13 04:25:31.712347 2026] [php:error] [pid 27239] [client 75.230.173.174:0] script '/domains/system_default/bless.php' not found or unable to stat, referer: https://www.google.de/
[Tue Jan 13 04:25:32.135733 2026] [php:error] [pid 27239] [client 55.174.28.93:0] script '/domains/system_default/classwithtostring.php' not found or unable to stat, referer: https://www.google.com/
[Tue Jan 13 04:25:32.347230 2026] [php:error] [pid 27239] [client 79.140.48.150:0] script '/domains/system_default/edit.php' not found or unable to stat, referer: https://www.google.de/
[Tue Jan 13 04:25:32.559358 2026] [php:error] [pid 27239] [client 179.191.71.151:0] script '/domains/system_default/file.php' not found or unable to stat, referer: https://www.google.co.uk/
[Tue Jan 13 04:25:32.770206 2026] [php:error] [pid 27239] [client 32.218.157.135:0] script '/domains/system_default/goods.php' not found or unable to stat, referer: https://www.google.fr/
[Tue Jan 13 04:25:32.981204 2026] [php:error] [pid 27239] [client 76.108.184.73:0] script '/domains/system_default/info.php' not found or unable to stat, referer: https://www.yahoo.com/
[Tue Jan 13 04:25:33.192281 2026] [php:error] [pid 27239] [client 54.227.7.102:0] script '/domains/system_default/ioxi-o.php' not found or unable to stat, referer: https://www.yahoo.com/
[Tue Jan 13 04:25:33.403899 2026] [php:error] [pid 27239] [client 126.20.252.195:0] script '/domains/system_default/manager.php' not found or unable to stat, referer: https://duckduckgo.com/
[Tue Jan 13 04:25:33.826272 2026] [php:error] [pid 27239] [client 207.108.3.252:0] script '/domains/system_default/wp-user.php' not found or unable to stat, referer: https://www.google.fr/
[Tue Jan 13 04:25:34.037623 2026] [php:error] [pid 27239] [client 194.193.166.17:0] script '/domains/system_default/wp.php' not found or unable to stat, referer: https://www.google.fr/
[Tue Jan 13 04:25:34.249026 2026] [php:error] [pid 27239] [client 187.238.178.153:0] script '/domains/system_default/xmrlpc.php' not found or unable to stat, referer: https://www.bing.com/
[Tue Jan 13 04:25:34.369292 2026] [php:error] [pid 27235] [client 216.244.66.232:0] script '/domains/hdickens.enteract/kmnj.php' not found or unable to stat
[Tue Jan 13 04:25:34.460307 2026] [php:error] [pid 27239] [client 162.200.184.185:0] script '/domains/system_default/ahax.php' not found or unable to stat, referer: https://duckduckgo.com/
[Tue Jan 13 04:25:34.676885 2026] [php:error] [pid 27239] [client 79.192.113.94:0] script '/domains/system_default/akcc.php' not found or unable to stat, referer: https://www.google.fr/
[Tue Jan 13 04:25:35.313606 2026] [php:error] [pid 27239] [client 73.192.130.205:0] script '/domains/system_default/av.php' not found or unable to stat, referer: https://www.google.fr/
[Tue Jan 13 04:25:35.526844 2026] [php:error] [pid 27239] [client 70.100.40.103:0] script '/domains/system_default/buy.php' not found or unable to stat, referer: https://www.google.fr/
[Tue Jan 13 04:25:35.949557 2026] [php:error] [pid 27239] [client 139.14.125.118:0] script '/domains/system_default/chosen.php' not found or unable to stat, referer: https://duckduckgo.com/
[Tue Jan 13 04:25:36.168911 2026] [php:error] [pid 27239] [client 5.202.149.74:0] script '/domains/system_default/elp.php' not found or unable to stat, referer: https://www.google.de/
[Tue Jan 13 04:25:36.802250 2026] [php:error] [pid 27239] [client 174.34.45.137:0] script '/domains/system_default/inputs.php' not found or unable to stat, referer: https://www.google.co.uk/
[Tue Jan 13 04:25:37.013343 2026] [php:error] [pid 27239] [client 84.57.63.130:0] script '/domains/system_default/mah.php' not found or unable to stat, referer: https://www.google.com/
[Tue Jan 13 04:25:37.435871 2026] [php:error] [pid 27239] [client 83.219.115.5:0] script '/domains/system_default/mini.php' not found or unable to stat, referer: https://duckduckgo.com/
[Tue Jan 13 04:25:37.858622 2026] [php:error] [pid 27239] [client 130.71.206.252:0] script '/domains/system_default/new.php' not found or unable to stat, referer: https://www.google.co.uk/
[Tue Jan 13 04:25:38.070017 2026] [php:error] [pid 27239] [client 22.188.235.227:0] script '/domains/system_default/options-reading.php' not found or unable to stat, referer: https://www.google.com/
[Tue Jan 13 04:25:38.281279 2026] [php:error] [pid 27239] [client 132.142.4.152:0] script '/domains/system_default/simple.php' not found or unable to stat, referer: https://www.google.de/
[Tue Jan 13 04:25:38.914970 2026] [php:error] [pid 27239] [client 36.98.193.240:0] script '/domains/system_default/new.php' not found or unable to stat, referer: https://www.google.fr/
[Tue Jan 13 04:25:39.550960 2026] [php:error] [pid 27239] [client 68.40.60.37:0] script '/domains/system_default/radio.php' not found or unable to stat, referer: https://www.google.co.uk/
[Tue Jan 13 04:25:41.034098 2026] [php:error] [pid 27239] [client 73.208.152.154:0] script '/domains/system_default/wp-blog.php' not found or unable to stat, referer: https://www.google.co.uk/
[Tue Jan 13 04:25:42.726524 2026] [php:error] [pid 27239] [client 125.186.89.241:0] script '/domains/system_default/wp-good.php' not found or unable to stat, referer: https://www.google.fr/
[Tue Jan 13 04:25:46.846045 2026] [core:crit] [pid 27245] (13)Permission denied: [client 114.119.139.185:0] AH00529: /domains/dcarlone/test/web/.htaccess pcfg_openfile: unable to check htaccess file, ensure it is readable and that '/domains/dcarlone/test/web/' is executable
[Tue Jan 13 04:25:47.593460 2026] [php:error] [pid 27239] [client 171.225.218.37:0] script '/domains/system_default/wp-editor.php' not found or unable to stat, referer: https://www.google.de/
[Tue Jan 13 04:25:52.799484 2026] [php:error] [pid 27243] [client 134.246.110.190:0] script '/domains/system_default/wp-themes.php' not found or unable to stat, referer: https://www.yahoo.com/
[Tue Jan 13 04:25:53.007795 2026] [php:error] [pid 27243] [client 222.53.129.2:0] script '/domains/system_default/x.php' not found or unable to stat, referer: https://www.google.fr/
[Tue Jan 13 04:25:53.216390 2026] [php:error] [pid 27243] [client 99.161.232.124:0] script '/domains/system_default/yas.php' not found or unable to stat, referer: https://www.google.co.uk/
[Tue Jan 13 04:25:54.927507 2026] [php:error] [pid 27256] [client 216.244.66.232:0] script '/domains/hdickens.enteract/kmnj.php' not found or unable to stat
[Tue Jan 13 04:26:07.226202 2026] [core:crit] [pid 27239] (13)Permission denied: [client 47.128.23.110:0] AH00529: /domains/dcarlone/test/web/.htaccess pcfg_openfile: unable to check htaccess file, ensure it is readable and that '/domains/dcarlone/test/web/' is executable
[Tue Jan 13 04:26:09.719031 2026] [php:error] [pid 27238] [client 244.155.84.198:0] script '/domains/smartny/autoload_classmap.php' not found or unable to stat, referer: https://www.google.com/
[Tue Jan 13 04:26:10.237242 2026] [php:error] [pid 27238] [client 225.198.150.12:0] script '/domains/smartny/bolt.php' not found or unable to stat, referer: https://www.bing.com/
[Tue Jan 13 04:26:10.748967 2026] [php:error] [pid 27238] [client 55.150.194.178:0] script '/domains/smartny/1.php' not found or unable to stat, referer: https://www.google.de/
[Tue Jan 13 04:26:11.243223 2026] [php:error] [pid 27238] [client 48.109.28.45:0] script '/domains/smartny/aa.php' not found or unable to stat, referer: https://www.google.fr/
[Tue Jan 13 04:26:11.279107 2026] [php:error] [pid 27262] [client 35.247.243.246:0] script '/domains/machinadynamica/adminer-5.1.0-mysql.php' not found or unable to stat
[Tue Jan 13 04:26:11.762448 2026] [php:error] [pid 27238] [client 199.18.217.78:0] script '/domains/smartny/abcd.php' not found or unable to stat, referer: https://duckduckgo.com/
[Tue Jan 13 04:26:12.279138 2026] [php:error] [pid 27238] [client 219.249.104.33:0] script '/domains/smartny/about.php' not found or unable to stat, referer: https://www.google.de/
[Tue Jan 13 04:26:13.308449 2026] [php:error] [pid 27238] [client 198.186.208.136:0] script '/domains/smartny/admin.php' not found or unable to stat, referer: https://www.google.co.uk/
[Tue Jan 13 04:26:13.844038 2026] [php:error] [pid 27238] [client 40.208.238.133:0] script '/domains/smartny/adminfuns.php' not found or unable to stat, referer: https://www.google.de/
[Tue Jan 13 04:26:14.342638 2026] [php:error] [pid 27238] [client 167.186.223.3:0] script '/domains/smartny/alfa.php' not found or unable to stat, referer: https://www.yahoo.com/
[Tue Jan 13 04:26:14.863082 2026] [php:error] [pid 27238] [client 158.100.234.142:0] script '/domains/smartny/api.php' not found or unable to stat, referer: https://www.google.com/
[Tue Jan 13 04:26:15.379478 2026] [php:error] [pid 27238] [client 251.63.59.237:0] script '/domains/smartny/bless.php' not found or unable to stat, referer: https://www.yahoo.com/
[Tue Jan 13 04:26:16.230926 2026] [php:error] [pid 27243] [client 123.243.41.164:0] script '/domains/homesbyaudrey1/222.php' not found or unable to stat, referer: https://duckduckgo.com/
[Tue Jan 13 04:26:16.402893 2026] [php:error] [pid 27238] [client 138.97.39.130:0] script '/domains/smartny/classwithtostring.php' not found or unable to stat, referer: https://www.bing.com/
[Tue Jan 13 04:26:16.546870 2026] [php:error] [pid 27243] [client 63.104.118.147:0] script '/domains/homesbyaudrey1/bolt.php' not found or unable to stat, referer: https://www.bing.com/
[Tue Jan 13 04:26:16.862046 2026] [php:error] [pid 27243] [client 80.172.101.81:0] script '/domains/homesbyaudrey1/buy.php' not found or unable to stat, referer: https://www.google.com/
[Tue Jan 13 04:26:16.916594 2026] [php:error] [pid 27238] [client 97.63.15.96:0] script '/domains/smartny/edit.php' not found or unable to stat, referer: https://www.google.fr/
[Tue Jan 13 04:26:17.177045 2026] [php:error] [pid 27243] [client 239.193.184.46:0] script '/domains/homesbyaudrey1/abcd.php' not found or unable to stat, referer: https://www.bing.com/
[Tue Jan 13 04:26:17.418625 2026] [php:error] [pid 27238] [client 9.153.119.218:0] script '/domains/smartny/file.php' not found or unable to stat, referer: https://www.google.co.uk/
[Tue Jan 13 04:26:17.490954 2026] [php:error] [pid 27243] [client 47.127.202.146:0] script '/domains/homesbyaudrey1/adminfuns.php' not found or unable to stat, referer: https://www.google.co.uk/
[Tue Jan 13 04:26:17.937702 2026] [php:error] [pid 27238] [client 189.60.103.164:0] script '/domains/smartny/goods.php' not found or unable to stat, referer: https://www.yahoo.com/
[Tue Jan 13 04:26:17.956966 2026] [php:error] [pid 27243] [client 95.6.94.238:0] script '/domains/homesbyaudrey1/bless.php' not found or unable to stat, referer: https://www.google.de/
[Tue Jan 13 04:26:18.271057 2026] [php:error] [pid 27243] [client 102.207.87.210:0] script '/domains/homesbyaudrey1/file.php' not found or unable to stat, referer: https://www.google.com/
[Tue Jan 13 04:26:18.452930 2026] [php:error] [pid 27238] [client 183.162.60.27:0] script '/domains/smartny/info.php' not found or unable to stat, referer: https://www.google.co.uk/
[Tue Jan 13 04:26:18.593504 2026] [php:error] [pid 27243] [client 31.104.58.193:0] script '/domains/homesbyaudrey1/goods.php' not found or unable to stat, referer: https://www.bing.com/
[Tue Jan 13 04:26:18.908284 2026] [php:error] [pid 27243] [client 243.4.169.145:0] script '/domains/homesbyaudrey1/info.php' not found or unable to stat, referer: https://www.google.fr/
[Tue Jan 13 04:26:18.952605 2026] [php:error] [pid 27238] [client 98.125.228.234:0] script '/domains/smartny/ioxi-o.php' not found or unable to stat, referer: https://www.google.com/
[Tue Jan 13 04:26:19.242129 2026] [php:error] [pid 27243] [client 159.44.16.87:0] script '/domains/homesbyaudrey1/ioxi-o.php' not found or unable to stat, referer: https://www.google.fr/
[Tue Jan 13 04:26:19.451890 2026] [php:error] [pid 27238] [client 197.196.202.89:0] script '/domains/smartny/manager.php' not found or unable to stat, referer: https://www.yahoo.com/
[Tue Jan 13 04:26:19.558014 2026] [php:error] [pid 27243] [client 20.2.162.55:0] script '/domains/homesbyaudrey1/about.php' not found or unable to stat, referer: https://www.google.co.uk/
[Tue Jan 13 04:26:19.872581 2026] [php:error] [pid 27243] [client 19.150.89.115:0] script '/domains/homesbyaudrey1/admin.php' not found or unable to stat, referer: https://www.google.de/
[Tue Jan 13 04:26:20.187481 2026] [php:error] [pid 27243] [client 103.188.211.77:0] script '/domains/homesbyaudrey1/php.php' not found or unable to stat, referer: https://www.google.co.uk/
[Tue Jan 13 04:26:20.459848 2026] [php:error] [pid 27238] [client 39.186.127.198:0] script '/domains/smartny/wp-user.php' not found or unable to stat, referer: https://www.bing.com/
[Tue Jan 13 04:26:20.501953 2026] [php:error] [pid 27243] [client 166.165.127.114:0] script '/domains/homesbyaudrey1/403.php' not found or unable to stat, referer: https://www.google.de/
[Tue Jan 13 04:26:20.819668 2026] [php:error] [pid 27243] [client 214.123.205.129:0] script '/domains/homesbyaudrey1/jp.php' not found or unable to stat, referer: https://www.google.co.uk/
[Tue Jan 13 04:26:20.971187 2026] [php:error] [pid 27238] [client 219.214.18.75:0] script '/domains/smartny/wp.php' not found or unable to stat, referer: https://www.google.fr/
[Tue Jan 13 04:26:21.134724 2026] [php:error] [pid 27243] [client 253.237.195.112:0] script '/domains/homesbyaudrey1/server.php' not found or unable to stat, referer: https://www.google.co.uk/
[Tue Jan 13 04:26:21.448861 2026] [php:error] [pid 27243] [client 246.255.189.23:0] script '/domains/homesbyaudrey1/classwithtostring.php' not found or unable to stat, referer: https://www.yahoo.com/
[Tue Jan 13 04:26:21.467312 2026] [php:error] [pid 27238] [client 179.140.72.206:0] script '/domains/smartny/xmrlpc.php' not found or unable to stat, referer: https://www.yahoo.com/
[Tue Jan 13 04:26:21.762851 2026] [php:error] [pid 27243] [client 177.54.73.188:0] script '/domains/homesbyaudrey1/autoload_classmap.php' not found or unable to stat, referer: https://www.google.fr/
[Tue Jan 13 04:26:21.990920 2026] [php:error] [pid 27238] [client 177.27.19.61:0] script '/domains/smartny/ahax.php' not found or unable to stat, referer: https://www.google.de/
[Tue Jan 13 04:26:22.403381 2026] [php:error] [pid 27243] [client 41.156.30.215:0] script '/domains/homesbyaudrey1/wp.php' not found or unable to stat, referer: https://www.google.fr/
[Tue Jan 13 04:26:22.509995 2026] [php:error] [pid 27238] [client 199.214.119.252:0] script '/domains/smartny/akcc.php' not found or unable to stat, referer: https://www.bing.com/
[Tue Jan 13 04:26:22.717940 2026] [php:error] [pid 27243] [client 63.133.170.7:0] script '/domains/homesbyaudrey1/wp-good.php' not found or unable to stat, referer: https://www.google.com/
[Tue Jan 13 04:26:24.059104 2026] [php:error] [pid 27238] [client 81.116.22.125:0] script '/domains/smartny/av.php' not found or unable to stat, referer: https://www.google.fr/
[Tue Jan 13 04:26:24.556487 2026] [php:error] [pid 27238] [client 43.2.242.129:0] script '/domains/smartny/buy.php' not found or unable to stat, referer: https://duckduckgo.com/
[Tue Jan 13 04:26:25.521301 2026] [php:error] [pid 27262] [client 13.74.146.113:0] script '/domains/samscars/motu.php' not found or unable to stat
[Tue Jan 13 04:26:25.576308 2026] [php:error] [pid 27238] [client 210.65.204.146:0] script '/domains/smartny/chosen.php' not found or unable to stat, referer: https://www.google.fr/
[Tue Jan 13 04:26:25.588455 2026] [php:error] [pid 27262] [client 13.74.146.113:0] script '/domains/samscars/xsas.php' not found or unable to stat
[Tue Jan 13 04:26:25.655787 2026] [php:error] [pid 27262] [client 13.74.146.113:0] script '/domains/samscars/wen.php' not found or unable to stat
[Tue Jan 13 04:26:25.722950 2026] [php:error] [pid 27262] [client 13.74.146.113:0] script '/domains/samscars/xwpg.php' not found or unable to stat
[Tue Jan 13 04:26:25.790676 2026] [php:error] [pid 27262] [client 13.74.146.113:0] script '/domains/samscars/baee.php' not found or unable to stat
[Tue Jan 13 04:26:25.858290 2026] [php:error] [pid 27262] [client 13.74.146.113:0] script '/domains/samscars/iov.php' not found or unable to stat
[Tue Jan 13 04:26:25.925622 2026] [php:error] [pid 27262] [client 13.74.146.113:0] script '/domains/samscars/mds.php' not found or unable to stat
[Tue Jan 13 04:26:25.992815 2026] [php:error] [pid 27262] [client 13.74.146.113:0] script '/domains/samscars/mga.php' not found or unable to stat
[Tue Jan 13 04:26:26.060307 2026] [php:error] [pid 27262] [client 13.74.146.113:0] script '/domains/samscars/rendi59.php' not found or unable to stat
[Tue Jan 13 04:26:26.083825 2026] [php:error] [pid 27238] [client 28.34.83.25:0] script '/domains/smartny/elp.php' not found or unable to stat, referer: https://www.google.co.uk/
[Tue Jan 13 04:26:26.127526 2026] [php:error] [pid 27262] [client 13.74.146.113:0] script '/domains/samscars/bgymj.php' not found or unable to stat
[Tue Jan 13 04:26:26.194775 2026] [php:error] [pid 27262] [client 13.74.146.113:0] script '/domains/samscars/assacc.php' not found or unable to stat
[Tue Jan 13 04:26:26.262495 2026] [php:error] [pid 27262] [client 13.74.146.113:0] script '/domains/samscars/6y7t.php' not found or unable to stat
[Tue Jan 13 04:26:26.329858 2026] [php:error] [pid 27262] [client 13.74.146.113:0] script '/domains/samscars/monso.php' not found or unable to stat
[Tue Jan 13 04:26:26.396808 2026] [php:error] [pid 27262] [client 13.74.146.113:0] script '/domains/samscars/bnnof6.php' not found or unable to stat
[Tue Jan 13 04:26:26.463761 2026] [php:error] [pid 27262] [client 13.74.146.113:0] script '/domains/samscars/str.php' not found or unable to stat
[Tue Jan 13 04:26:27.603352 2026] [php:error] [pid 27238] [client 180.58.148.206:0] script '/domains/smartny/inputs.php' not found or unable to stat, referer: https://duckduckgo.com/
[Tue Jan 13 04:26:28.100556 2026] [php:error] [pid 27238] [client 232.143.58.237:0] script '/domains/smartny/mah.php' not found or unable to stat, referer: https://www.google.fr/
[Tue Jan 13 04:26:29.109890 2026] [php:error] [pid 27238] [client 175.60.74.77:0] script '/domains/smartny/mini.php' not found or unable to stat, referer: https://www.google.fr/
[Tue Jan 13 04:26:30.103127 2026] [php:error] [pid 27238] [client 14.71.235.41:0] script '/domains/smartny/new.php' not found or unable to stat, referer: https://duckduckgo.com/
[Tue Jan 13 04:26:30.600526 2026] [php:error] [pid 27238] [client 13.7.71.220:0] script '/domains/smartny/options-reading.php' not found or unable to stat, referer: https://www.bing.com/
[Tue Jan 13 04:26:31.096146 2026] [php:error] [pid 27238] [client 207.168.54.98:0] script '/domains/smartny/simple.php' not found or unable to stat, referer: https://www.google.co.uk/
[Tue Jan 13 04:26:32.648722 2026] [php:error] [pid 27238] [client 212.224.146.189:0] script '/domains/smartny/new.php' not found or unable to stat, referer: https://www.yahoo.com/
[Tue Jan 13 04:26:34.187094 2026] [php:error] [pid 27238] [client 139.111.96.241:0] script '/domains/smartny/radio.php' not found or unable to stat, referer: https://www.google.fr/
[Tue Jan 13 04:26:37.740933 2026] [php:error] [pid 27238] [client 79.187.26.185:0] script '/domains/smartny/wp-blog.php' not found or unable to stat, referer: https://duckduckgo.com/
[Tue Jan 13 04:26:41.866160 2026] [php:error] [pid 27238] [client 206.244.90.229:0] script '/domains/smartny/wp-good.php' not found or unable to stat, referer: https://www.yahoo.com/
[Tue Jan 13 04:26:43.405684 2026] [php:error] [pid 27253] [client 34.96.162.62:0] script '/domains/machinadynamica/adminer-5.0.2-en.php' not found or unable to stat
[Tue Jan 13 04:26:53.578690 2026] [php:error] [pid 27238] [client 185.177.147.143:0] script '/domains/smartny/wp-editor.php' not found or unable to stat, referer: https://www.bing.com/
[Tue Jan 13 04:27:21.089278 2026] [php:error] [pid 27263] [client 105.119.38.57:0] script '/domains/quintet/ioxi-o.php' not found or unable to stat, referer: https://www.google.fr/
[Tue Jan 13 04:27:21.282004 2026] [php:error] [pid 27263] [client 83.144.63.107:0] script '/domains/quintet/0x.php' not found or unable to stat, referer: https://www.yahoo.com/
[Tue Jan 13 04:27:21.473689 2026] [php:error] [pid 27263] [client 166.179.29.97:0] script '/domains/quintet/222.php' not found or unable to stat, referer: https://www.google.co.uk/
[Tue Jan 13 04:27:21.667754 2026] [php:error] [pid 27263] [client 16.244.130.128:0] script '/domains/quintet/aa.php' not found or unable to stat, referer: https://duckduckgo.com/
[Tue Jan 13 04:27:21.859296 2026] [php:error] [pid 27263] [client 20.144.83.40:0] script '/domains/quintet/abcd.php' not found or unable to stat, referer: https://www.google.de/
[Tue Jan 13 04:27:22.051073 2026] [php:error] [pid 27263] [client 187.200.15.78:0] script '/domains/quintet/admin.php' not found or unable to stat, referer: https://www.google.co.uk/
[Tue Jan 13 04:27:22.434266 2026] [php:error] [pid 27263] [client 151.204.198.117:0] script '/domains/quintet/akc.php' not found or unable to stat, referer: https://www.google.fr/
[Tue Jan 13 04:27:22.626969 2026] [php:error] [pid 27263] [client 38.242.234.94:0] script '/domains/quintet/buy.php' not found or unable to stat, referer: https://www.google.de/
[Tue Jan 13 04:27:22.819255 2026] [php:error] [pid 27263] [client 97.227.105.6:0] script '/domains/quintet/cong.php' not found or unable to stat, referer: https://www.bing.com/
[Tue Jan 13 04:27:23.012010 2026] [php:error] [pid 27263] [client 179.92.207.90:0] script '/domains/quintet/ioxi-o.php' not found or unable to stat, referer: https://www.google.co.uk/
[Tue Jan 13 04:27:23.395712 2026] [php:error] [pid 27263] [client 58.119.138.77:0] script '/domains/quintet/db.php' not found or unable to stat, referer: https://www.google.de/
[Tue Jan 13 04:27:23.587537 2026] [php:error] [pid 27263] [client 52.41.220.175:0] script '/domains/quintet/dropdown.php' not found or unable to stat, referer: https://duckduckgo.com/
[Tue Jan 13 04:27:23.779165 2026] [php:error] [pid 27263] [client 27.213.90.31:0] script '/domains/quintet/file.php' not found or unable to stat, referer: https://www.google.fr/
[Tue Jan 13 04:27:23.971125 2026] [php:error] [pid 27263] [client 156.47.33.245:0] script '/domains/quintet/goods.php' not found or unable to stat, referer: https://www.google.com/
[Tue Jan 13 04:27:24.163771 2026] [php:error] [pid 27263] [client 18.68.34.190:0] script '/domains/quintet/hplfuns.php' not found or unable to stat, referer: https://www.bing.com/
[Tue Jan 13 04:27:24.356201 2026] [php:error] [pid 27263] [client 215.32.165.150:0] script '/domains/quintet/htaccess.php' not found or unable to stat, referer: https://www.google.com/
[Tue Jan 13 04:27:24.549153 2026] [php:error] [pid 27263] [client 197.50.100.206:0] script '/domains/quintet/images/wso.php' not found or unable to stat, referer: https://www.google.de/
[Tue Jan 13 04:27:24.932300 2026] [php:error] [pid 27263] [client 196.240.137.242:0] script '/domains/quintet/info.php' not found or unable to stat, referer: https://duckduckgo.com/
[Tue Jan 13 04:27:25.125304 2026] [php:error] [pid 27263] [client 5.144.120.175:0] script '/domains/quintet/profile.php' not found or unable to stat, referer: https://duckduckgo.com/
[Tue Jan 13 04:27:25.317161 2026] [php:error] [pid 27263] [client 29.131.93.202:0] script '/domains/quintet/sx.php' not found or unable to stat, referer: https://www.bing.com/
[Tue Jan 13 04:27:29.562060 2026] [php:error] [pid 27263] [client 197.218.46.7:0] script '/domains/quintet/wp-fclass.php' not found or unable to stat, referer: https://www.yahoo.com/
[Tue Jan 13 04:27:31.422815 2026] [php:error] [pid 27237] [client 57.67.30.216:0] script '/domains/mschmid/autoload_classmap.php' not found or unable to stat, referer: https://www.bing.com/
[Tue Jan 13 04:27:31.866195 2026] [php:error] [pid 27237] [client 191.12.68.81:0] script '/domains/mschmid/bolt.php' not found or unable to stat, referer: https://www.google.com/
[Tue Jan 13 04:27:32.318212 2026] [php:error] [pid 27237] [client 227.18.99.22:0] script '/domains/mschmid/1.php' not found or unable to stat, referer: https://www.google.com/
[Tue Jan 13 04:27:32.760990 2026] [php:error] [pid 27237] [client 140.78.132.203:0] script '/domains/mschmid/aa.php' not found or unable to stat, referer: https://www.google.fr/
[Tue Jan 13 04:27:33.209221 2026] [php:error] [pid 27263] [client 13.34.155.98:0] script '/domains/quintet/wp-themes.php' not found or unable to stat, referer: https://duckduckgo.com/
[Tue Jan 13 04:27:33.314812 2026] [php:error] [pid 27265] [client 103.195.202.24:0] script '/domains/tennex/xmlrpc.php' not found or unable to stat
[Tue Jan 13 04:27:33.400868 2026] [php:error] [pid 27263] [client 141.243.184.116:0] script '/domains/quintet/xmlrpc.php' not found or unable to stat, referer: https://www.google.de/
[Tue Jan 13 04:27:33.475459 2026] [php:error] [pid 27237] [client 8.39.252.34:0] script '/domains/mschmid/about.php' not found or unable to stat, referer: https://www.bing.com/
[Tue Jan 13 04:27:34.364693 2026] [php:error] [pid 27237] [client 140.144.122.65:0] script '/domains/mschmid/admin.php' not found or unable to stat, referer: https://www.google.com/
[Tue Jan 13 04:27:34.817264 2026] [php:error] [pid 27237] [client 58.203.59.41:0] script '/domains/mschmid/adminfuns.php' not found or unable to stat, referer: https://www.google.fr/
[Tue Jan 13 04:27:35.262851 2026] [php:error] [pid 27237] [client 255.23.153.46:0] script '/domains/mschmid/alfa.php' not found or unable to stat, referer: https://www.google.de/
[Tue Jan 13 04:27:35.707844 2026] [php:error] [pid 27237] [client 238.189.18.103:0] script '/domains/mschmid/api.php' not found or unable to stat, referer: https://www.bing.com/
[Tue Jan 13 04:27:36.152306 2026] [php:error] [pid 27237] [client 211.65.169.61:0] script '/domains/mschmid/bless.php' not found or unable to stat, referer: https://www.google.co.uk/
[Tue Jan 13 04:27:37.042187 2026] [php:error] [pid 27237] [client 182.191.177.35:0] script '/domains/mschmid/classwithtostring.php' not found or unable to stat, referer: https://www.bing.com/
[Tue Jan 13 04:27:37.491058 2026] [php:error] [pid 27237] [client 195.245.216.168:0] script '/domains/mschmid/edit.php' not found or unable to stat, referer: https://duckduckgo.com/
[Tue Jan 13 04:27:37.871433 2026] [php:error] [pid 27243] [client 59.103.100.20:0] script '/domains/tennex/xmlrpc.php' not found or unable to stat
[Tue Jan 13 04:27:37.935162 2026] [php:error] [pid 27237] [client 161.169.97.145:0] script '/domains/mschmid/file.php' not found or unable to stat, referer: https://www.google.com/
[Tue Jan 13 04:27:38.377513 2026] [php:error] [pid 27237] [client 174.116.162.97:0] script '/domains/mschmid/goods.php' not found or unable to stat, referer: https://www.google.de/
[Tue Jan 13 04:27:38.832000 2026] [php:error] [pid 27237] [client 18.156.252.91:0] script '/domains/mschmid/info.php' not found or unable to stat, referer: https://www.bing.com/
[Tue Jan 13 04:27:39.522919 2026] [php:error] [pid 27237] [client 0.16.34.47:0] script '/domains/mschmid/manager.php' not found or unable to stat, referer: https://www.google.fr/
[Tue Jan 13 04:27:40.210735 2026] [php:error] [pid 27237] [client 135.185.119.230:0] script '/domains/mschmid/wp-user.php' not found or unable to stat, referer: https://www.google.de/
[Tue Jan 13 04:27:40.661782 2026] [php:error] [pid 27237] [client 59.12.73.120:0] script '/domains/mschmid/wp.php' not found or unable to stat, referer: https://duckduckgo.com/
[Tue Jan 13 04:27:41.105813 2026] [php:error] [pid 27237] [client 213.20.237.5:0] script '/domains/mschmid/xmrlpc.php' not found or unable to stat, referer: https://www.bing.com/
[Tue Jan 13 04:27:41.550681 2026] [php:error] [pid 27237] [client 146.56.183.209:0] script '/domains/mschmid/ahax.php' not found or unable to stat, referer: https://www.google.fr/
[Tue Jan 13 04:27:41.995491 2026] [php:error] [pid 27237] [client 250.67.134.236:0] script '/domains/mschmid/akcc.php' not found or unable to stat, referer: https://www.google.co.uk/
[Tue Jan 13 04:27:43.332235 2026] [php:error] [pid 27237] [client 155.158.54.64:0] script '/domains/mschmid/av.php' not found or unable to stat, referer: https://www.google.co.uk/
[Tue Jan 13 04:27:43.775419 2026] [php:error] [pid 27237] [client 65.73.177.104:0] script '/domains/mschmid/buy.php' not found or unable to stat, referer: https://www.google.de/
[Tue Jan 13 04:27:44.661766 2026] [php:error] [pid 27237] [client 103.152.249.17:0] script '/domains/mschmid/chosen.php' not found or unable to stat, referer: https://duckduckgo.com/
[Tue Jan 13 04:27:45.106534 2026] [php:error] [pid 27237] [client 214.97.241.17:0] script '/domains/mschmid/elp.php' not found or unable to stat, referer: https://duckduckgo.com/
[Tue Jan 13 04:27:46.445291 2026] [php:error] [pid 27237] [client 8.114.49.211:0] script '/domains/mschmid/inputs.php' not found or unable to stat, referer: https://www.google.fr/
[Tue Jan 13 04:27:46.888897 2026] [php:error] [pid 27237] [client 129.183.251.251:0] script '/domains/mschmid/mah.php' not found or unable to stat, referer: https://www.yahoo.com/
[Tue Jan 13 04:27:47.775037 2026] [php:error] [pid 27237] [client 234.140.94.15:0] script '/domains/mschmid/mini.php' not found or unable to stat, referer: https://duckduckgo.com/
[Tue Jan 13 04:27:48.662979 2026] [php:error] [pid 27237] [client 42.108.2.37:0] script '/domains/mschmid/new.php' not found or unable to stat, referer: https://www.google.co.uk/
[Tue Jan 13 04:27:49.107380 2026] [php:error] [pid 27237] [client 48.249.156.94:0] script '/domains/mschmid/options-reading.php' not found or unable to stat, referer: https://duckduckgo.com/
[Tue Jan 13 04:27:49.551037 2026] [php:error] [pid 27237] [client 86.144.252.85:0] script '/domains/mschmid/simple.php' not found or unable to stat, referer: https://www.google.com/
[Tue Jan 13 04:27:50.893397 2026] [php:error] [pid 27237] [client 221.218.3.212:0] script '/domains/mschmid/new.php' not found or unable to stat, referer: https://www.google.co.uk/
[Tue Jan 13 04:27:51.979582 2026] [php:error] [pid 27272] [client 157.119.93.22:0] script '/domains/astrosfm/s.php' not found or unable to stat
[Tue Jan 13 04:27:52.044609 2026] [php:error] [pid 27237] [client 73.0.98.28:0] script '/domains/mschmid/radio.php' not found or unable to stat, referer: https://www.google.de/
[Tue Jan 13 04:27:55.146486 2026] [php:error] [pid 27237] [client 206.149.223.106:0] script '/domains/mschmid/wp-blog.php' not found or unable to stat, referer: https://duckduckgo.com/
[Tue Jan 13 04:27:58.499688 2026] [php:error] [pid 27237] [client 106.115.164.109:0] script '/domains/mschmid/wp-good.php' not found or unable to stat, referer: https://duckduckgo.com/
[Tue Jan 13 04:27:59.071443 2026] [core:crit] [pid 27265] (13)Permission denied: [client 216.244.66.241:0] AH00529: /domains/dcarlone/test/web/.htaccess pcfg_openfile: unable to check htaccess file, ensure it is readable and that '/domains/dcarlone/test/web/' is executable
[Tue Jan 13 04:28:08.017634 2026] [core:crit] [pid 27265] (13)Permission denied: [client 66.249.66.194:0] AH00529: /domains/performancepartsinc/graphics/psd/.htaccess pcfg_openfile: unable to check htaccess file, ensure it is readable and that '/domains/performancepartsinc/graphics/psd/' is executable
[Tue Jan 13 04:28:08.805318 2026] [php:error] [pid 27237] [client 109.47.30.117:0] script '/domains/mschmid/wp-editor.php' not found or unable to stat, referer: https://www.google.co.uk/
[Tue Jan 13 04:28:19.251608 2026] [php:error] [pid 27270] [client 146.45.21.95:0] script '/domains/mschmid/wp-themes.php' not found or unable to stat, referer: https://www.google.fr/
[Tue Jan 13 04:28:19.685516 2026] [php:error] [pid 27270] [client 153.196.146.203:0] script '/domains/mschmid/x.php' not found or unable to stat, referer: https://www.google.com/
[Tue Jan 13 04:28:20.126316 2026] [php:error] [pid 27270] [client 111.188.66.108:0] script '/domains/mschmid/yas.php' not found or unable to stat, referer: https://duckduckgo.com/
[Tue Jan 13 04:29:42.800303 2026] [php:error] [pid 27292] [client 121.183.161.147:0] script '/domains/jaspen/xmlrpc.php' not found or unable to stat
[Tue Jan 13 04:30:12.380992 2026] [php:error] [pid 27291] [client 209.38.152.94:0] script '/domains/fairlane1/xmlrpc.php' not found or unable to stat
[Tue Jan 13 04:30:39.802949 2026] [php:error] [pid 27305] [client 2.58.56.98:0] script '/domains/piltdweb1/wp-plain.php' not found or unable to stat, referer: www.google.com
[Tue Jan 13 04:30:39.909959 2026] [php:error] [pid 27313] [client 2.58.56.98:0] script '/domains/piltdweb1/abzixopc.php' not found or unable to stat, referer: www.google.com
[Tue Jan 13 04:30:40.203011 2026] [php:error] [pid 27309] [client 2.58.56.98:0] script '/domains/piltdweb1/wp-plain.php' not found or unable to stat, referer: www.google.com
[Tue Jan 13 04:30:40.391131 2026] [php:error] [pid 27317] [client 2.58.56.98:0] script '/domains/piltdweb1/iyacumbm.php' not found or unable to stat, referer: www.google.com
[Tue Jan 13 04:31:06.149144 2026] [php:error] [pid 27330] [client 68.218.76.201:0] script '/domains/hofficer1/rymmm.php' not found or unable to stat
[Tue Jan 13 04:31:06.351572 2026] [php:error] [pid 27330] [client 68.218.76.201:0] script '/domains/hofficer1/ws34.php' not found or unable to stat
[Tue Jan 13 04:31:06.551654 2026] [php:error] [pid 27330] [client 68.218.76.201:0] script '/domains/hofficer1/ws45.php' not found or unable to stat
[Tue Jan 13 04:31:06.760815 2026] [php:error] [pid 27330] [client 68.218.76.201:0] script '/domains/hofficer1/xxw.php' not found or unable to stat
[Tue Jan 13 04:31:06.960604 2026] [php:error] [pid 27330] [client 68.218.76.201:0] script '/domains/hofficer1/ws33.php' not found or unable to stat
[Tue Jan 13 04:31:07.160423 2026] [php:error] [pid 27330] [client 68.218.76.201:0] script '/domains/hofficer1/lm13.php' not found or unable to stat
[Tue Jan 13 04:31:07.361668 2026] [php:error] [pid 27330] [client 68.218.76.201:0] script '/domains/hofficer1/ws38.php' not found or unable to stat
[Tue Jan 13 04:31:07.561564 2026] [php:error] [pid 27330] [client 68.218.76.201:0] script '/domains/hofficer1/xeqdlun.php' not found or unable to stat
[Tue Jan 13 04:31:07.761739 2026] [php:error] [pid 27330] [client 68.218.76.201:0] script '/domains/hofficer1/ws37.php' not found or unable to stat
[Tue Jan 13 04:31:07.961725 2026] [php:error] [pid 27330] [client 68.218.76.201:0] script '/domains/hofficer1/ws36.php' not found or unable to stat
[Tue Jan 13 04:31:08.161746 2026] [php:error] [pid 27330] [client 68.218.76.201:0] script '/domains/hofficer1/xinder.php' not found or unable to stat
[Tue Jan 13 04:31:08.461589 2026] [php:error] [pid 27330] [client 68.218.76.201:0] script '/domains/hofficer1/rendi59.php' not found or unable to stat
[Tue Jan 13 04:31:08.872919 2026] [php:error] [pid 27330] [client 68.218.76.201:0] script '/domains/hofficer1/style2.php' not found or unable to stat
[Tue Jan 13 04:31:09.072996 2026] [php:error] [pid 27330] [client 68.218.76.201:0] script '/domains/hofficer1/alfa.php' not found or unable to stat
[Tue Jan 13 04:31:09.272897 2026] [php:error] [pid 27330] [client 68.218.76.201:0] script '/domains/hofficer1/wpupex.php' not found or unable to stat
[Tue Jan 13 04:31:09.482779 2026] [php:error] [pid 27330] [client 68.218.76.201:0] script '/domains/hofficer1/ava.php' not found or unable to stat
[Tue Jan 13 04:31:09.711211 2026] [php:error] [pid 27330] [client 68.218.76.201:0] script '/domains/hofficer1/nks.php' not found or unable to stat
[Tue Jan 13 04:31:10.497122 2026] [php:error] [pid 27330] [client 68.218.76.201:0] script '/domains/hofficer1/ss.php' not found or unable to stat
[Tue Jan 13 04:31:10.920854 2026] [php:error] [pid 27330] [client 68.218.76.201:0] script '/domains/hofficer1/sxo.php' not found or unable to stat
[Tue Jan 13 04:31:11.501455 2026] [core:crit] [pid 27332] (13)Permission denied: [client 66.249.66.196:0] AH00529: /domains/performancepartsinc/graphics/psd/.htaccess pcfg_openfile: unable to check htaccess file, ensure it is readable and that '/domains/performancepartsinc/graphics/psd/' is executable
[Tue Jan 13 04:31:11.720727 2026] [php:error] [pid 27330] [client 68.218.76.201:0] script '/domains/hofficer1/new.php' not found or unable to stat
[Tue Jan 13 04:31:12.361096 2026] [php:error] [pid 27330] [client 68.218.76.201:0] script '/domains/hofficer1/dom.php' not found or unable to stat
[Tue Jan 13 04:31:12.561211 2026] [php:error] [pid 27330] [client 68.218.76.201:0] script '/domains/hofficer1/ooj.php' not found or unable to stat
[Tue Jan 13 04:31:12.988673 2026] [php:error] [pid 27330] [client 68.218.76.201:0] script '/domains/hofficer1/BGA.php' not found or unable to stat
[Tue Jan 13 04:31:13.389758 2026] [php:error] [pid 27330] [client 68.218.76.201:0] script '/domains/hofficer1/nas.php' not found or unable to stat
[Tue Jan 13 04:31:13.598091 2026] [php:error] [pid 27330] [client 68.218.76.201:0] script '/domains/hofficer1/loi.php' not found or unable to stat
[Tue Jan 13 04:31:13.961146 2026] [php:error] [pid 27330] [client 68.218.76.201:0] script '/domains/hofficer1/lov.php' not found or unable to stat
[Tue Jan 13 04:31:14.270961 2026] [php:error] [pid 27330] [client 68.218.76.201:0] script '/domains/hofficer1/avaa.php' not found or unable to stat
[Tue Jan 13 04:31:14.470948 2026] [php:error] [pid 27330] [client 68.218.76.201:0] script '/domains/hofficer1/nwwha.php' not found or unable to stat
[Tue Jan 13 04:31:14.928347 2026] [php:error] [pid 27330] [client 68.218.76.201:0] script '/domains/hofficer1/admin.php' not found or unable to stat
[Tue Jan 13 04:31:15.328899 2026] [php:error] [pid 27330] [client 68.218.76.201:0] script '/domains/hofficer1/shell20211028.php' not found or unable to stat
[Tue Jan 13 04:31:16.191520 2026] [php:error] [pid 27330] [client 68.218.76.201:0] script '/domains/hofficer1/buy.php' not found or unable to stat
[Tue Jan 13 04:31:16.416246 2026] [php:error] [pid 27330] [client 68.218.76.201:0] script '/domains/hofficer1/gib.php' not found or unable to stat
[Tue Jan 13 04:31:16.636570 2026] [php:error] [pid 27330] [client 68.218.76.201:0] script '/domains/hofficer1/des.php' not found or unable to stat
[Tue Jan 13 04:31:17.038363 2026] [php:error] [pid 27330] [client 68.218.76.201:0] script '/domains/hofficer1/hzz.php' not found or unable to stat
[Tue Jan 13 04:31:17.249092 2026] [php:error] [pid 27330] [client 68.218.76.201:0] script '/domains/hofficer1/rezor.php' not found or unable to stat
[Tue Jan 13 04:31:17.650848 2026] [php:error] [pid 27330] [client 68.218.76.201:0] script '/domains/hofficer1/oivcl.php' not found or unable to stat
[Tue Jan 13 04:31:18.054050 2026] [php:error] [pid 27330] [client 68.218.76.201:0] script '/domains/hofficer1/db.php' not found or unable to stat
[Tue Jan 13 04:31:18.254150 2026] [php:error] [pid 27330] [client 68.218.76.201:0] script '/domains/hofficer1/autoload_classmap.php' not found or unable to stat
[Tue Jan 13 04:31:18.454391 2026] [php:error] [pid 27330] [client 68.218.76.201:0] script '/domains/hofficer1/dropdown.php' not found or unable to stat
[Tue Jan 13 04:31:18.655329 2026] [php:error] [pid 27330] [client 68.218.76.201:0] script '/domains/hofficer1/images/c99.php' not found or unable to stat
[Tue Jan 13 04:31:18.858590 2026] [php:error] [pid 27330] [client 68.218.76.201:0] script '/domains/hofficer1/doc.php' not found or unable to stat
[Tue Jan 13 04:31:19.079981 2026] [php:error] [pid 27330] [client 68.218.76.201:0] script '/domains/hofficer1/ps.php' not found or unable to stat
[Tue Jan 13 04:31:19.480481 2026] [php:error] [pid 27330] [client 68.218.76.201:0] script '/domains/hofficer1/output.php' not found or unable to stat
[Tue Jan 13 04:31:19.680406 2026] [php:error] [pid 27330] [client 68.218.76.201:0] script '/domains/hofficer1/wp-xml.php' not found or unable to stat
[Tue Jan 13 04:31:19.880713 2026] [php:error] [pid 27330] [client 68.218.76.201:0] script '/domains/hofficer1/13.php' not found or unable to stat
[Tue Jan 13 04:31:20.086265 2026] [php:error] [pid 27330] [client 68.218.76.201:0] script '/domains/hofficer1/wp-2019.php' not found or unable to stat
[Tue Jan 13 04:31:20.291267 2026] [php:error] [pid 27330] [client 68.218.76.201:0] script '/domains/hofficer1/classwithtostring.php' not found or unable to stat
[Tue Jan 13 04:31:20.712221 2026] [php:error] [pid 27330] [client 68.218.76.201:0] script '/domains/hofficer1/wp.php' not found or unable to stat
[Tue Jan 13 04:31:20.928154 2026] [php:error] [pid 27330] [client 68.218.76.201:0] script '/domains/hofficer1/lufix.php' not found or unable to stat
[Tue Jan 13 04:31:21.128266 2026] [php:error] [pid 27330] [client 68.218.76.201:0] script '/domains/hofficer1/elp.php' not found or unable to stat
[Tue Jan 13 04:31:21.328135 2026] [php:error] [pid 27330] [client 68.218.76.201:0] script '/domains/hofficer1/wrt.php' not found or unable to stat
[Tue Jan 13 04:31:21.528585 2026] [php:error] [pid 27330] [client 68.218.76.201:0] script '/domains/hofficer1/dr.php' not found or unable to stat
[Tue Jan 13 04:31:21.954873 2026] [php:error] [pid 27330] [client 68.218.76.201:0] script '/domains/hofficer1/wtu.php' not found or unable to stat
[Tue Jan 13 04:31:22.355401 2026] [php:error] [pid 27330] [client 68.218.76.201:0] script '/domains/hofficer1/led.php' not found or unable to stat
[Tue Jan 13 04:31:22.536064 2026] [php:error] [pid 27329] [client 228.54.79.22:0] script '/domains/nostrada/ioxi-o.php' not found or unable to stat, referer: https://www.yahoo.com/
[Tue Jan 13 04:31:22.565908 2026] [php:error] [pid 27330] [client 68.218.76.201:0] script '/domains/hofficer1/bhfnd.php' not found or unable to stat
[Tue Jan 13 04:31:22.696684 2026] [php:error] [pid 27329] [client 58.210.116.230:0] script '/domains/nostrada/0x.php' not found or unable to stat, referer: https://www.google.fr/
[Tue Jan 13 04:31:22.856646 2026] [php:error] [pid 27329] [client 180.61.30.24:0] script '/domains/nostrada/222.php' not found or unable to stat, referer: https://www.bing.com/
[Tue Jan 13 04:31:22.965028 2026] [php:error] [pid 27330] [client 68.218.76.201:0] script '/domains/hofficer1/readme.php' not found or unable to stat
[Tue Jan 13 04:31:23.016724 2026] [php:error] [pid 27329] [client 76.151.56.81:0] script '/domains/nostrada/aa.php' not found or unable to stat, referer: https://www.google.de/
[Tue Jan 13 04:31:23.165178 2026] [php:error] [pid 27330] [client 68.218.76.201:0] script '/domains/hofficer1/aku.php' not found or unable to stat
[Tue Jan 13 04:31:23.177158 2026] [php:error] [pid 27329] [client 15.193.132.131:0] script '/domains/nostrada/abcd.php' not found or unable to stat, referer: https://www.google.co.uk/
[Tue Jan 13 04:31:23.338468 2026] [php:error] [pid 27329] [client 139.92.170.118:0] script '/domains/nostrada/admin.php' not found or unable to stat, referer: https://www.google.com/
[Tue Jan 13 04:31:23.573319 2026] [php:error] [pid 27330] [client 68.218.76.201:0] script '/domains/hofficer1/x.php' not found or unable to stat
[Tue Jan 13 04:31:23.658785 2026] [php:error] [pid 27329] [client 93.242.168.75:0] script '/domains/nostrada/akc.php' not found or unable to stat, referer: https://duckduckgo.com/
[Tue Jan 13 04:31:23.778467 2026] [php:error] [pid 27330] [client 68.218.76.201:0] script '/domains/hofficer1/fox.php' not found or unable to stat
[Tue Jan 13 04:31:23.819995 2026] [php:error] [pid 27329] [client 23.54.109.42:0] script '/domains/nostrada/buy.php' not found or unable to stat, referer: https://www.google.com/
[Tue Jan 13 04:31:23.978660 2026] [php:error] [pid 27330] [client 68.218.76.201:0] script '/domains/hofficer1/7f8c8.php' not found or unable to stat
[Tue Jan 13 04:31:23.980307 2026] [php:error] [pid 27329] [client 20.222.152.177:0] script '/domains/nostrada/cong.php' not found or unable to stat, referer: https://www.bing.com/
[Tue Jan 13 04:31:24.140216 2026] [php:error] [pid 27329] [client 112.110.225.81:0] script '/domains/nostrada/ioxi-o.php' not found or unable to stat, referer: https://www.google.de/
[Tue Jan 13 04:31:24.178439 2026] [php:error] [pid 27330] [client 68.218.76.201:0] script '/domains/hofficer1/poj.php' not found or unable to stat
[Tue Jan 13 04:31:24.381070 2026] [php:error] [pid 27330] [client 68.218.76.201:0] script '/domains/hofficer1/zze.php' not found or unable to stat
[Tue Jan 13 04:31:24.461438 2026] [php:error] [pid 27329] [client 6.207.20.234:0] script '/domains/nostrada/db.php' not found or unable to stat, referer: https://www.google.com/
[Tue Jan 13 04:31:24.622564 2026] [php:error] [pid 27329] [client 162.214.88.191:0] script '/domains/nostrada/dropdown.php' not found or unable to stat, referer: https://www.yahoo.com/
