[Tue Jan 13 00:43:25.065765 2026] [php:error] [pid 79067] [client 20.78.178.66:0] script '/domains/astrosfm/ava.php' not found or unable to stat
[Tue Jan 13 00:43:25.236888 2026] [php:error] [pid 79067] [client 20.78.178.66:0] script '/domains/astrosfm/nks.php' not found or unable to stat
[Tue Jan 13 00:43:25.817350 2026] [php:error] [pid 79067] [client 20.78.178.66:0] script '/domains/astrosfm/ss.php' not found or unable to stat
[Tue Jan 13 00:43:26.159337 2026] [php:error] [pid 79067] [client 20.78.178.66:0] script '/domains/astrosfm/sxo.php' not found or unable to stat
[Tue Jan 13 00:43:26.827503 2026] [php:error] [pid 79067] [client 20.78.178.66:0] script '/domains/astrosfm/new.php' not found or unable to stat
[Tue Jan 13 00:43:27.489081 2026] [php:error] [pid 79067] [client 20.78.178.66:0] script '/domains/astrosfm/dom.php' not found or unable to stat
[Tue Jan 13 00:43:27.658518 2026] [php:error] [pid 79067] [client 20.78.178.66:0] script '/domains/astrosfm/ooj.php' not found or unable to stat
[Tue Jan 13 00:43:27.992517 2026] [php:error] [pid 79067] [client 20.78.178.66:0] script '/domains/astrosfm/BGA.php' not found or unable to stat
[Tue Jan 13 00:43:28.324163 2026] [php:error] [pid 79067] [client 20.78.178.66:0] script '/domains/astrosfm/nas.php' not found or unable to stat
[Tue Jan 13 00:43:28.502735 2026] [php:error] [pid 79067] [client 20.78.178.66:0] script '/domains/astrosfm/loi.php' not found or unable to stat
[Tue Jan 13 00:43:28.667318 2026] [php:error] [pid 79067] [client 20.78.178.66:0] script '/domains/astrosfm/lov.php' not found or unable to stat
[Tue Jan 13 00:43:28.832972 2026] [php:error] [pid 79067] [client 20.78.178.66:0] script '/domains/astrosfm/avaa.php' not found or unable to stat
[Tue Jan 13 00:43:29.004565 2026] [php:error] [pid 79067] [client 20.78.178.66:0] script '/domains/astrosfm/nwwha.php' not found or unable to stat
[Tue Jan 13 00:43:29.335982 2026] [php:error] [pid 79067] [client 20.78.178.66:0] script '/domains/astrosfm/admin.php' not found or unable to stat
[Tue Jan 13 00:43:29.671453 2026] [php:error] [pid 79067] [client 20.78.178.66:0] script '/domains/astrosfm/shell20211028.php' not found or unable to stat
[Tue Jan 13 00:43:30.348146 2026] [php:error] [pid 79067] [client 20.78.178.66:0] script '/domains/astrosfm/buy.php' not found or unable to stat
[Tue Jan 13 00:43:30.564076 2026] [php:error] [pid 79067] [client 20.78.178.66:0] script '/domains/astrosfm/gib.php' not found or unable to stat
[Tue Jan 13 00:43:30.728599 2026] [php:error] [pid 79067] [client 20.78.178.66:0] script '/domains/astrosfm/des.php' not found or unable to stat
[Tue Jan 13 00:43:31.064885 2026] [php:error] [pid 79067] [client 20.78.178.66:0] script '/domains/astrosfm/hzz.php' not found or unable to stat
[Tue Jan 13 00:43:31.233587 2026] [php:error] [pid 79067] [client 20.78.178.66:0] script '/domains/astrosfm/rezor.php' not found or unable to stat
[Tue Jan 13 00:43:31.614601 2026] [php:error] [pid 79067] [client 20.78.178.66:0] script '/domains/astrosfm/oivcl.php' not found or unable to stat
[Tue Jan 13 00:43:31.995630 2026] [php:error] [pid 79067] [client 20.78.178.66:0] script '/domains/astrosfm/db.php' not found or unable to stat
[Tue Jan 13 00:43:32.164156 2026] [php:error] [pid 79067] [client 20.78.178.66:0] script '/domains/astrosfm/autoload_classmap.php' not found or unable to stat
[Tue Jan 13 00:43:32.328427 2026] [php:error] [pid 79067] [client 20.78.178.66:0] script '/domains/astrosfm/dropdown.php' not found or unable to stat
[Tue Jan 13 00:43:32.679396 2026] [php:error] [pid 79067] [client 20.78.178.66:0] script '/domains/astrosfm/doc.php' not found or unable to stat
[Tue Jan 13 00:43:32.845674 2026] [php:error] [pid 79067] [client 20.78.178.66:0] script '/domains/astrosfm/ps.php' not found or unable to stat
[Tue Jan 13 00:43:33.181706 2026] [php:error] [pid 79067] [client 20.78.178.66:0] script '/domains/astrosfm/output.php' not found or unable to stat
[Tue Jan 13 00:43:33.347920 2026] [php:error] [pid 79067] [client 20.78.178.66:0] script '/domains/astrosfm/wp-xml.php' not found or unable to stat
[Tue Jan 13 00:43:33.512922 2026] [php:error] [pid 79067] [client 20.78.178.66:0] script '/domains/astrosfm/13.php' not found or unable to stat
[Tue Jan 13 00:43:33.677717 2026] [php:error] [pid 79067] [client 20.78.178.66:0] script '/domains/astrosfm/wp-2019.php' not found or unable to stat
[Tue Jan 13 00:43:33.842874 2026] [php:error] [pid 79067] [client 20.78.178.66:0] script '/domains/astrosfm/classwithtostring.php' not found or unable to stat
[Tue Jan 13 00:43:34.215529 2026] [php:error] [pid 79067] [client 20.78.178.66:0] script '/domains/astrosfm/wp.php' not found or unable to stat
[Tue Jan 13 00:43:34.380560 2026] [php:error] [pid 79067] [client 20.78.178.66:0] script '/domains/astrosfm/lufix.php' not found or unable to stat
[Tue Jan 13 00:43:34.549112 2026] [php:error] [pid 79067] [client 20.78.178.66:0] script '/domains/astrosfm/elp.php' not found or unable to stat
[Tue Jan 13 00:43:34.714177 2026] [php:error] [pid 79067] [client 20.78.178.66:0] script '/domains/astrosfm/wrt.php' not found or unable to stat
[Tue Jan 13 00:43:34.879121 2026] [php:error] [pid 79067] [client 20.78.178.66:0] script '/domains/astrosfm/dr.php' not found or unable to stat
[Tue Jan 13 00:43:35.222104 2026] [php:error] [pid 79067] [client 20.78.178.66:0] script '/domains/astrosfm/wtu.php' not found or unable to stat
[Tue Jan 13 00:43:35.579207 2026] [php:error] [pid 79067] [client 20.78.178.66:0] script '/domains/astrosfm/led.php' not found or unable to stat
[Tue Jan 13 00:43:35.761892 2026] [php:error] [pid 79067] [client 20.78.178.66:0] script '/domains/astrosfm/bhfnd.php' not found or unable to stat
[Tue Jan 13 00:43:36.100456 2026] [php:error] [pid 79067] [client 20.78.178.66:0] script '/domains/astrosfm/readme.php' not found or unable to stat
[Tue Jan 13 00:43:36.264857 2026] [php:error] [pid 79067] [client 20.78.178.66:0] script '/domains/astrosfm/aku.php' not found or unable to stat
[Tue Jan 13 00:43:36.611001 2026] [php:error] [pid 79067] [client 20.78.178.66:0] script '/domains/astrosfm/x.php' not found or unable to stat
[Tue Jan 13 00:43:36.802493 2026] [php:error] [pid 79067] [client 20.78.178.66:0] script '/domains/astrosfm/fox.php' not found or unable to stat
[Tue Jan 13 00:43:36.992409 2026] [php:error] [pid 79067] [client 20.78.178.66:0] script '/domains/astrosfm/7f8c8.php' not found or unable to stat
[Tue Jan 13 00:43:37.186558 2026] [php:error] [pid 79067] [client 20.78.178.66:0] script '/domains/astrosfm/poj.php' not found or unable to stat
[Tue Jan 13 00:43:37.350878 2026] [php:error] [pid 79067] [client 20.78.178.66:0] script '/domains/astrosfm/zze.php' not found or unable to stat
[Tue Jan 13 00:43:37.679690 2026] [php:error] [pid 79067] [client 20.78.178.66:0] script '/domains/astrosfm/weozh.php' not found or unable to stat
[Tue Jan 13 00:43:38.034477 2026] [php:error] [pid 79067] [client 20.78.178.66:0] script '/domains/astrosfm/zznmg.php' not found or unable to stat
[Tue Jan 13 00:43:38.367317 2026] [php:error] [pid 79067] [client 20.78.178.66:0] script '/domains/astrosfm/eru.php' not found or unable to stat
[Tue Jan 13 00:43:39.038664 2026] [php:error] [pid 79067] [client 20.78.178.66:0] script '/domains/astrosfm/pow.php' not found or unable to stat
[Tue Jan 13 00:43:39.204037 2026] [php:error] [pid 79067] [client 20.78.178.66:0] script '/domains/astrosfm/dop.php' not found or unable to stat
[Tue Jan 13 00:43:39.535815 2026] [php:error] [pid 79067] [client 20.78.178.66:0] script '/domains/astrosfm/lv.php' not found or unable to stat
[Tue Jan 13 00:43:40.489487 2026] [php:error] [pid 79060] [client 20.78.178.66:0] script '/domains/astrosfm/pkmoj.php' not found or unable to stat
[Tue Jan 13 00:43:40.825413 2026] [php:error] [pid 79060] [client 20.78.178.66:0] script '/domains/astrosfm/hehehehe.php' not found or unable to stat
[Tue Jan 13 00:43:40.992151 2026] [php:error] [pid 79060] [client 20.78.178.66:0] script '/domains/astrosfm/fss.php' not found or unable to stat
[Tue Jan 13 00:43:41.266381 2026] [php:error] [pid 79060] [client 20.78.178.66:0] script '/domains/astrosfm/wwr.php' not found or unable to stat
[Tue Jan 13 00:43:41.439726 2026] [php:error] [pid 79060] [client 20.78.178.66:0] script '/domains/astrosfm/content.php' not found or unable to stat
[Tue Jan 13 00:43:41.950766 2026] [php:error] [pid 79060] [client 20.78.178.66:0] script '/domains/astrosfm/install.php' not found or unable to stat
[Tue Jan 13 00:43:42.119552 2026] [php:error] [pid 79060] [client 20.78.178.66:0] script '/domains/astrosfm/kopyw.php' not found or unable to stat
[Tue Jan 13 00:43:42.284654 2026] [php:error] [pid 79060] [client 20.78.178.66:0] script '/domains/astrosfm/cong.php' not found or unable to stat
[Tue Jan 13 00:43:42.616628 2026] [php:error] [pid 79060] [client 20.78.178.66:0] script '/domains/astrosfm/shop.php' not found or unable to stat
[Tue Jan 13 00:43:42.791864 2026] [php:error] [pid 79060] [client 20.78.178.66:0] script '/domains/astrosfm/lla.php' not found or unable to stat
[Tue Jan 13 00:43:42.993428 2026] [php:error] [pid 79060] [client 20.78.178.66:0] script '/domains/astrosfm/nok.php' not found or unable to stat
[Tue Jan 13 00:43:43.354259 2026] [php:error] [pid 79060] [client 20.78.178.66:0] script '/domains/astrosfm/ker.php' not found or unable to stat
[Tue Jan 13 00:43:43.518763 2026] [php:error] [pid 79060] [client 20.78.178.66:0] script '/domains/astrosfm/dropdown.php' not found or unable to stat
[Tue Jan 13 00:43:44.079900 2026] [php:error] [pid 79060] [client 20.78.178.66:0] script '/domains/astrosfm/qfvqu.php' not found or unable to stat
[Tue Jan 13 00:43:44.279480 2026] [php:error] [pid 79060] [client 20.78.178.66:0] script '/domains/astrosfm/crt.php' not found or unable to stat
[Tue Jan 13 00:43:44.445284 2026] [php:error] [pid 79060] [client 20.78.178.66:0] script '/domains/astrosfm/2eaa2.php' not found or unable to stat
[Tue Jan 13 00:43:44.774463 2026] [php:error] [pid 79060] [client 20.78.178.66:0] script '/domains/astrosfm/has.php' not found or unable to stat
[Tue Jan 13 00:43:44.964400 2026] [php:error] [pid 79060] [client 20.78.178.66:0] script '/domains/astrosfm/nka.php' not found or unable to stat
[Tue Jan 13 00:43:45.366462 2026] [php:error] [pid 79060] [client 20.78.178.66:0] script '/domains/astrosfm/dropdown.php' not found or unable to stat
[Tue Jan 13 00:43:45.875274 2026] [php:error] [pid 79060] [client 20.78.178.66:0] script '/domains/astrosfm/jvcpa.php' not found or unable to stat
[Tue Jan 13 00:43:46.056846 2026] [php:error] [pid 79060] [client 20.78.178.66:0] script '/domains/astrosfm/zil.php' not found or unable to stat
[Tue Jan 13 00:43:46.389836 2026] [php:error] [pid 79060] [client 20.78.178.66:0] script '/domains/astrosfm/system_log.php' not found or unable to stat
[Tue Jan 13 00:43:46.896906 2026] [php:error] [pid 79060] [client 20.78.178.66:0] script '/domains/astrosfm/ar.php' not found or unable to stat
[Tue Jan 13 00:43:47.061175 2026] [php:error] [pid 79060] [client 20.78.178.66:0] script '/domains/astrosfm/shelp.php' not found or unable to stat
[Tue Jan 13 00:43:47.393385 2026] [php:error] [pid 79060] [client 20.78.178.66:0] script '/domains/astrosfm/file.php' not found or unable to stat
[Tue Jan 13 00:43:47.903914 2026] [php:error] [pid 79060] [client 20.78.178.66:0] script '/domains/astrosfm/first.php' not found or unable to stat
[Tue Jan 13 00:43:48.297721 2026] [php:error] [pid 79060] [client 20.78.178.66:0] script '/domains/astrosfm/404.php' not found or unable to stat
[Tue Jan 13 00:44:42.176947 2026] [php:error] [pid 84718] [client 207.136.163.210:0] script '/domains/tmandel/222.php' not found or unable to stat, referer: https://duckduckgo.com/
[Tue Jan 13 00:44:42.388247 2026] [php:error] [pid 84718] [client 167.207.105.92:0] script '/domains/tmandel/bolt.php' not found or unable to stat, referer: https://duckduckgo.com/
[Tue Jan 13 00:44:42.599261 2026] [php:error] [pid 84718] [client 254.160.239.96:0] script '/domains/tmandel/buy.php' not found or unable to stat, referer: https://duckduckgo.com/
[Tue Jan 13 00:44:42.810615 2026] [php:error] [pid 84718] [client 34.228.26.196:0] script '/domains/tmandel/abcd.php' not found or unable to stat, referer: https://www.google.com/
[Tue Jan 13 00:44:43.021658 2026] [php:error] [pid 84718] [client 33.65.156.185:0] script '/domains/tmandel/adminfuns.php' not found or unable to stat, referer: https://www.google.co.uk/
[Tue Jan 13 00:44:43.233957 2026] [php:error] [pid 84718] [client 85.58.158.221:0] script '/domains/tmandel/akcc.php' not found or unable to stat, referer: https://www.google.de/
[Tue Jan 13 00:44:43.445188 2026] [php:error] [pid 84718] [client 22.178.142.238:0] script '/domains/tmandel/bless.php' not found or unable to stat, referer: https://www.google.fr/
[Tue Jan 13 00:44:43.656019 2026] [php:error] [pid 84718] [client 110.87.196.127:0] script '/domains/tmandel/file.php' not found or unable to stat, referer: https://www.bing.com/
[Tue Jan 13 00:44:43.868118 2026] [php:error] [pid 84718] [client 152.89.151.136:0] script '/domains/tmandel/goods.php' not found or unable to stat, referer: https://www.google.com/
[Tue Jan 13 00:44:44.079437 2026] [php:error] [pid 84718] [client 182.36.105.112:0] script '/domains/tmandel/info.php' not found or unable to stat, referer: https://www.google.fr/
[Tue Jan 13 00:44:44.290711 2026] [php:error] [pid 84718] [client 188.89.17.138:0] script '/domains/tmandel/ioxi-o.php' not found or unable to stat, referer: https://www.google.com/
[Tue Jan 13 00:44:44.503385 2026] [php:error] [pid 84718] [client 178.71.248.19:0] script '/domains/tmandel/about.php' not found or unable to stat, referer: https://www.google.com/
[Tue Jan 13 00:44:44.714797 2026] [php:error] [pid 84718] [client 170.186.179.4:0] script '/domains/tmandel/admin.php' not found or unable to stat, referer: https://www.google.com/
[Tue Jan 13 00:44:44.927310 2026] [php:error] [pid 84718] [client 142.205.5.191:0] script '/domains/tmandel/php.php' not found or unable to stat, referer: https://www.yahoo.com/
[Tue Jan 13 00:44:45.138441 2026] [php:error] [pid 84718] [client 74.7.214.168:0] script '/domains/tmandel/403.php' not found or unable to stat, referer: https://www.yahoo.com/
[Tue Jan 13 00:44:45.350911 2026] [php:error] [pid 84718] [client 126.65.234.219:0] script '/domains/tmandel/jp.php' not found or unable to stat, referer: https://www.google.fr/
[Tue Jan 13 00:44:45.570523 2026] [php:error] [pid 84718] [client 152.241.144.179:0] script '/domains/tmandel/server.php' not found or unable to stat, referer: https://www.google.com/
[Tue Jan 13 00:44:45.781794 2026] [php:error] [pid 84718] [client 8.158.146.94:0] script '/domains/tmandel/classwithtostring.php' not found or unable to stat, referer: https://www.google.fr/
[Tue Jan 13 00:44:45.992924 2026] [php:error] [pid 84718] [client 199.19.133.221:0] script '/domains/tmandel/autoload_classmap.php' not found or unable to stat, referer: https://www.google.de/
[Tue Jan 13 00:44:46.420615 2026] [php:error] [pid 84718] [client 24.49.247.43:0] script '/domains/tmandel/wp.php' not found or unable to stat, referer: https://www.bing.com/
[Tue Jan 13 00:44:46.631648 2026] [php:error] [pid 84718] [client 63.85.118.81:0] script '/domains/tmandel/wp-good.php' not found or unable to stat, referer: https://www.google.co.uk/
[Tue Jan 13 00:45:12.106409 2026] [php:error] [pid 84743] [client 208.76.71.121:0] script '/domains/system_default/ioxi-o.php' not found or unable to stat, referer: https://www.google.co.uk/
[Tue Jan 13 00:45:12.318435 2026] [php:error] [pid 84743] [client 108.141.92.237:0] script '/domains/system_default/0x.php' not found or unable to stat, referer: https://duckduckgo.com/
[Tue Jan 13 00:45:12.530286 2026] [php:error] [pid 84743] [client 46.158.119.113:0] script '/domains/system_default/222.php' not found or unable to stat, referer: https://www.google.co.uk/
[Tue Jan 13 00:45:12.742353 2026] [php:error] [pid 84743] [client 49.24.141.240:0] script '/domains/system_default/aa.php' not found or unable to stat, referer: https://www.google.fr/
[Tue Jan 13 00:45:12.954118 2026] [php:error] [pid 84743] [client 153.17.76.11:0] script '/domains/system_default/abcd.php' not found or unable to stat, referer: https://www.google.com/
[Tue Jan 13 00:45:13.166254 2026] [php:error] [pid 84743] [client 69.135.241.165:0] script '/domains/system_default/admin.php' not found or unable to stat, referer: https://www.google.co.uk/
[Tue Jan 13 00:45:13.589986 2026] [php:error] [pid 84743] [client 45.223.99.12:0] script '/domains/system_default/adminfuns.php' not found or unable to stat, referer: https://www.google.com/
[Tue Jan 13 00:45:13.801651 2026] [php:error] [pid 84743] [client 138.56.196.42:0] script '/domains/system_default/akc.php' not found or unable to stat, referer: https://www.yahoo.com/
[Tue Jan 13 00:45:14.013973 2026] [php:error] [pid 84743] [client 195.2.181.120:0] script '/domains/system_default/buy.php' not found or unable to stat, referer: https://www.google.fr/
[Tue Jan 13 00:45:14.225704 2026] [php:error] [pid 84743] [client 118.143.198.18:0] script '/domains/system_default/cong.php' not found or unable to stat, referer: https://www.bing.com/
[Tue Jan 13 00:45:14.437146 2026] [php:error] [pid 84743] [client 56.180.103.233:0] script '/domains/system_default/ioxi-o.php' not found or unable to stat, referer: https://www.bing.com/
[Tue Jan 13 00:45:14.860935 2026] [php:error] [pid 84743] [client 216.175.52.139:0] script '/domains/system_default/db.php' not found or unable to stat, referer: https://www.google.co.uk/
[Tue Jan 13 00:45:15.072846 2026] [php:error] [pid 84743] [client 93.33.253.18:0] script '/domains/system_default/dropdown.php' not found or unable to stat, referer: https://www.google.fr/
[Tue Jan 13 00:45:15.284731 2026] [php:error] [pid 84743] [client 199.118.34.217:0] script '/domains/system_default/file.php' not found or unable to stat, referer: https://www.google.de/
[Tue Jan 13 00:45:15.496952 2026] [php:error] [pid 84743] [client 221.240.125.229:0] script '/domains/system_default/goods.php' not found or unable to stat, referer: https://www.google.de/
[Tue Jan 13 00:45:15.709404 2026] [php:error] [pid 84743] [client 61.228.14.9:0] script '/domains/system_default/hplfuns.php' not found or unable to stat, referer: https://www.google.com/
[Tue Jan 13 00:45:15.921200 2026] [php:error] [pid 84743] [client 118.98.10.60:0] script '/domains/system_default/htaccess.php' not found or unable to stat, referer: https://www.google.co.uk/
[Tue Jan 13 00:45:16.559075 2026] [php:error] [pid 84743] [client 155.248.69.212:0] script '/domains/system_default/info.php' not found or unable to stat, referer: https://duckduckgo.com/
[Tue Jan 13 00:45:16.771870 2026] [php:error] [pid 84743] [client 8.42.237.134:0] script '/domains/system_default/profile.php' not found or unable to stat, referer: https://www.bing.com/
[Tue Jan 13 00:45:16.983586 2026] [php:error] [pid 84743] [client 33.2.229.60:0] script '/domains/system_default/sx.php' not found or unable to stat, referer: https://www.bing.com/
[Tue Jan 13 00:45:21.652949 2026] [php:error] [pid 84743] [client 2.75.17.180:0] script '/domains/system_default/wp-fclass.php' not found or unable to stat, referer: https://duckduckgo.com/
[Tue Jan 13 00:45:25.681333 2026] [php:error] [pid 84743] [client 108.45.232.193:0] script '/domains/system_default/wp-themes.php' not found or unable to stat, referer: https://www.google.co.uk/
[Tue Jan 13 00:45:25.893380 2026] [php:error] [pid 84743] [client 49.52.183.123:0] script '/domains/system_default/xmlrpc.php' not found or unable to stat, referer: https://www.google.fr/
[Tue Jan 13 00:46:42.135842 2026] [php:error] [pid 84757] [client 207.243.118.222:0] script '/domains/tbarnhil/wp-good.php' not found or unable to stat, referer: https://www.google.com/
[Tue Jan 13 00:46:42.317908 2026] [php:error] [pid 84757] [client 36.114.22.234:0] script '/domains/tbarnhil/file.php' not found or unable to stat, referer: https://www.google.co.uk/
[Tue Jan 13 00:46:42.499795 2026] [php:error] [pid 84757] [client 151.191.217.69:0] script '/domains/tbarnhil/xmrlpc.php' not found or unable to stat, referer: https://www.google.co.uk/
[Tue Jan 13 00:46:42.682331 2026] [php:error] [pid 84757] [client 189.24.174.231:0] script '/domains/tbarnhil/av.php' not found or unable to stat, referer: https://www.google.co.uk/
[Tue Jan 13 00:46:42.864000 2026] [php:error] [pid 84757] [client 4.218.10.48:0] script '/domains/tbarnhil/bless.php' not found or unable to stat, referer: https://www.yahoo.com/
[Tue Jan 13 00:46:43.048107 2026] [php:error] [pid 84757] [client 129.243.200.238:0] script '/domains/tbarnhil/classwithtostring.php' not found or unable to stat, referer: https://www.google.co.uk/
[Tue Jan 13 00:46:43.229794 2026] [php:error] [pid 84757] [client 162.184.120.205:0] script '/domains/tbarnhil/abcd.php' not found or unable to stat, referer: https://www.google.de/
[Tue Jan 13 00:46:43.411057 2026] [php:error] [pid 84757] [client 26.46.31.185:0] script '/domains/tbarnhil/admin.php' not found or unable to stat, referer: https://www.bing.com/
[Tue Jan 13 00:46:43.592478 2026] [php:error] [pid 84757] [client 21.207.50.125:0] script '/domains/tbarnhil/adminfuns.php' not found or unable to stat, referer: https://www.google.com/
[Tue Jan 13 00:46:43.773793 2026] [php:error] [pid 84757] [client 69.205.171.174:0] script '/domains/tbarnhil/edit.php' not found or unable to stat, referer: https://duckduckgo.com/
[Tue Jan 13 00:46:43.954987 2026] [php:error] [pid 84757] [client 59.231.208.189:0] script '/domains/tbarnhil/ioxi-o.php' not found or unable to stat, referer: https://www.bing.com/
[Tue Jan 13 00:46:44.318028 2026] [php:error] [pid 84757] [client 74.255.6.2:0] script '/domains/tbarnhil/aa.php' not found or unable to stat, referer: https://www.bing.com/
[Tue Jan 13 00:46:44.500813 2026] [php:error] [pid 84757] [client 136.198.197.227:0] script '/domains/tbarnhil/buy.php' not found or unable to stat, referer: https://www.bing.com/
[Tue Jan 13 00:46:44.682277 2026] [php:error] [pid 84757] [client 93.122.33.6:0] script '/domains/tbarnhil/chosen.php' not found or unable to stat, referer: https://www.yahoo.com/
[Tue Jan 13 00:46:44.863645 2026] [php:error] [pid 84757] [client 15.175.147.254:0] script '/domains/tbarnhil/goods.php' not found or unable to stat, referer: https://www.google.co.uk/
[Tue Jan 13 00:46:45.409311 2026] [php:error] [pid 84757] [client 235.122.60.61:0] script '/domains/tbarnhil/wp-blog.php' not found or unable to stat, referer: https://www.google.fr/
[Tue Jan 13 00:46:46.170677 2026] [php:error] [pid 84757] [client 209.146.83.26:0] script '/domains/tbarnhil/ahax.php' not found or unable to stat, referer: https://www.google.de/
[Tue Jan 13 00:46:46.352108 2026] [php:error] [pid 84757] [client 141.111.111.166:0] script '/domains/tbarnhil/akcc.php' not found or unable to stat, referer: https://www.bing.com/
[Tue Jan 13 00:46:46.907207 2026] [php:error] [pid 84757] [client 58.113.224.138:0] script '/domains/tbarnhil/bolt.php' not found or unable to stat, referer: https://www.google.com/
[Tue Jan 13 00:46:47.271171 2026] [php:error] [pid 84757] [client 20.81.198.197:0] script '/domains/tbarnhil/elp.php' not found or unable to stat, referer: https://www.google.co.uk/
[Tue Jan 13 00:46:47.635229 2026] [php:error] [pid 84757] [client 217.137.59.74:0] script '/domains/tbarnhil/info.php' not found or unable to stat, referer: https://www.google.co.uk/
[Tue Jan 13 00:46:50.184401 2026] [php:error] [pid 84757] [client 200.56.221.207:0] script '/domains/tbarnhil/wp-user.php' not found or unable to stat, referer: https://www.google.de/
[Tue Jan 13 00:47:02.199171 2026] [core:crit] [pid 84760] (13)Permission denied: [client 44.212.145.46:0] AH00529: /domains/performancepartsinc/graphics/psd/.htaccess pcfg_openfile: unable to check htaccess file, ensure it is readable and that '/domains/performancepartsinc/graphics/psd/' is executable
[Tue Jan 13 00:47:32.840940 2026] [php:error] [pid 84760] [client 226.173.85.184:0] script '/domains/byardrealestate/wp-login.php' not found or unable to stat
[Tue Jan 13 00:47:34.492881 2026] [php:error] [pid 84765] [client 141.98.11.98:0] script '/domains/byardrealestate/wp-login.php' not found or unable to stat
[Tue Jan 13 00:48:38.506688 2026] [php:error] [pid 84765] [client 194.26.192.39:0] script '/domains/deltaele/xmlrpc.php' not found or unable to stat
[Tue Jan 13 00:49:02.276549 2026] [php:error] [pid 84783] [client 189.177.194.230:0] script '/domains/apunderkofler/autoload_classmap.php' not found or unable to stat, referer: https://duckduckgo.com/
[Tue Jan 13 00:49:02.509184 2026] [php:error] [pid 84783] [client 213.136.94.114:0] script '/domains/apunderkofler/bolt.php' not found or unable to stat, referer: https://www.yahoo.com/
[Tue Jan 13 00:49:02.746453 2026] [php:error] [pid 84783] [client 249.178.20.48:0] script '/domains/apunderkofler/1.php' not found or unable to stat, referer: https://www.google.fr/
[Tue Jan 13 00:49:02.979244 2026] [php:error] [pid 84783] [client 73.195.154.159:0] script '/domains/apunderkofler/aa.php' not found or unable to stat, referer: https://www.google.de/
[Tue Jan 13 00:49:03.223484 2026] [php:error] [pid 84783] [client 50.19.141.169:0] script '/domains/apunderkofler/abcd.php' not found or unable to stat, referer: https://www.google.fr/
[Tue Jan 13 00:49:03.456509 2026] [php:error] [pid 84783] [client 50.243.239.85:0] script '/domains/apunderkofler/about.php' not found or unable to stat, referer: https://www.yahoo.com/
[Tue Jan 13 00:49:03.921451 2026] [php:error] [pid 84783] [client 9.24.209.78:0] script '/domains/apunderkofler/admin.php' not found or unable to stat, referer: https://www.bing.com/
[Tue Jan 13 00:49:04.154263 2026] [php:error] [pid 84783] [client 68.143.210.46:0] script '/domains/apunderkofler/adminfuns.php' not found or unable to stat, referer: https://www.yahoo.com/
[Tue Jan 13 00:49:04.386964 2026] [php:error] [pid 84783] [client 116.47.160.88:0] script '/domains/apunderkofler/alfa.php' not found or unable to stat, referer: https://duckduckgo.com/
[Tue Jan 13 00:49:04.619910 2026] [php:error] [pid 84783] [client 180.201.211.30:0] script '/domains/apunderkofler/api.php' not found or unable to stat, referer: https://www.yahoo.com/
[Tue Jan 13 00:49:04.852664 2026] [php:error] [pid 84783] [client 208.211.148.180:0] script '/domains/apunderkofler/bless.php' not found or unable to stat, referer: https://www.bing.com/
[Tue Jan 13 00:49:05.318218 2026] [php:error] [pid 84783] [client 117.13.84.186:0] script '/domains/apunderkofler/classwithtostring.php' not found or unable to stat, referer: https://www.yahoo.com/
[Tue Jan 13 00:49:05.551055 2026] [php:error] [pid 84783] [client 219.23.73.2:0] script '/domains/apunderkofler/edit.php' not found or unable to stat, referer: https://www.google.fr/
[Tue Jan 13 00:49:05.783720 2026] [php:error] [pid 84783] [client 124.12.53.28:0] script '/domains/apunderkofler/file.php' not found or unable to stat, referer: https://www.google.fr/
[Tue Jan 13 00:49:06.017677 2026] [php:error] [pid 84783] [client 218.140.29.55:0] script '/domains/apunderkofler/goods.php' not found or unable to stat, referer: https://www.google.com/
[Tue Jan 13 00:49:06.251031 2026] [php:error] [pid 84783] [client 2.182.131.136:0] script '/domains/apunderkofler/info.php' not found or unable to stat, referer: https://www.google.fr/
[Tue Jan 13 00:49:06.484078 2026] [php:error] [pid 84783] [client 98.207.48.6:0] script '/domains/apunderkofler/ioxi-o.php' not found or unable to stat, referer: https://www.bing.com/
[Tue Jan 13 00:49:06.717752 2026] [php:error] [pid 84783] [client 230.208.50.121:0] script '/domains/apunderkofler/manager.php' not found or unable to stat, referer: https://duckduckgo.com/
[Tue Jan 13 00:49:07.183378 2026] [php:error] [pid 84783] [client 236.24.215.40:0] script '/domains/apunderkofler/wp-user.php' not found or unable to stat, referer: https://duckduckgo.com/
[Tue Jan 13 00:49:07.428511 2026] [php:error] [pid 84783] [client 254.243.2.224:0] script '/domains/apunderkofler/wp.php' not found or unable to stat, referer: https://www.bing.com/
[Tue Jan 13 00:49:07.661233 2026] [php:error] [pid 84783] [client 175.75.76.144:0] script '/domains/apunderkofler/xmrlpc.php' not found or unable to stat, referer: https://duckduckgo.com/
[Tue Jan 13 00:49:07.894457 2026] [php:error] [pid 84783] [client 151.213.39.222:0] script '/domains/apunderkofler/ahax.php' not found or unable to stat, referer: https://www.google.com/
[Tue Jan 13 00:49:08.126999 2026] [php:error] [pid 84783] [client 217.250.113.88:0] script '/domains/apunderkofler/akcc.php' not found or unable to stat, referer: https://www.yahoo.com/
[Tue Jan 13 00:49:08.824809 2026] [php:error] [pid 84783] [client 141.239.84.208:0] script '/domains/apunderkofler/av.php' not found or unable to stat, referer: https://duckduckgo.com/
[Tue Jan 13 00:49:09.057265 2026] [php:error] [pid 84783] [client 71.71.88.121:0] script '/domains/apunderkofler/buy.php' not found or unable to stat, referer: https://duckduckgo.com/
[Tue Jan 13 00:49:09.521925 2026] [php:error] [pid 84783] [client 113.65.35.223:0] script '/domains/apunderkofler/chosen.php' not found or unable to stat, referer: https://www.google.com/
[Tue Jan 13 00:49:09.755747 2026] [php:error] [pid 84783] [client 118.223.142.48:0] script '/domains/apunderkofler/elp.php' not found or unable to stat, referer: https://www.bing.com/
[Tue Jan 13 00:49:10.462632 2026] [php:error] [pid 84783] [client 71.90.223.135:0] script '/domains/apunderkofler/inputs.php' not found or unable to stat, referer: https://www.google.de/
[Tue Jan 13 00:49:10.695056 2026] [php:error] [pid 84783] [client 189.63.124.20:0] script '/domains/apunderkofler/mah.php' not found or unable to stat, referer: https://www.yahoo.com/
[Tue Jan 13 00:49:11.159596 2026] [php:error] [pid 84783] [client 118.140.124.24:0] script '/domains/apunderkofler/mini.php' not found or unable to stat, referer: https://www.google.fr/
[Tue Jan 13 00:49:11.625820 2026] [php:error] [pid 84783] [client 198.104.198.239:0] script '/domains/apunderkofler/new.php' not found or unable to stat, referer: https://www.google.de/
[Tue Jan 13 00:49:11.858149 2026] [php:error] [pid 84783] [client 221.124.44.182:0] script '/domains/apunderkofler/options-reading.php' not found or unable to stat, referer: https://www.yahoo.com/
[Tue Jan 13 00:49:12.092076 2026] [php:error] [pid 84783] [client 20.110.69.188:0] script '/domains/apunderkofler/simple.php' not found or unable to stat, referer: https://duckduckgo.com/
[Tue Jan 13 00:49:12.795337 2026] [php:error] [pid 84783] [client 210.114.39.125:0] script '/domains/apunderkofler/new.php' not found or unable to stat, referer: https://www.google.com/
[Tue Jan 13 00:49:13.493087 2026] [php:error] [pid 84783] [client 4.14.6.26:0] script '/domains/apunderkofler/radio.php' not found or unable to stat, referer: https://www.bing.com/
[Tue Jan 13 00:49:15.128855 2026] [php:error] [pid 84783] [client 105.42.239.125:0] script '/domains/apunderkofler/wp-blog.php' not found or unable to stat, referer: https://www.bing.com/
[Tue Jan 13 00:49:15.340792 2026] [php:error] [pid 84788] [client 141.98.11.98:0] script '/domains/redpeninc/wp-login.php' not found or unable to stat
[Tue Jan 13 00:49:16.991664 2026] [php:error] [pid 84783] [client 32.3.203.179:0] script '/domains/apunderkofler/wp-good.php' not found or unable to stat, referer: https://www.yahoo.com/
[Tue Jan 13 00:49:17.618541 2026] [php:error] [pid 84784] [client 141.98.11.98:0] script '/domains/redpeninc/wp-login.php' not found or unable to stat
[Tue Jan 13 00:49:22.333869 2026] [php:error] [pid 84783] [client 178.212.10.83:0] script '/domains/apunderkofler/wp-editor.php' not found or unable to stat, referer: https://www.yahoo.com/
[Tue Jan 13 00:49:27.884012 2026] [php:error] [pid 84795] [client 209.50.191.154:0] script '/domains/piltdweb1/xmlrpc.php' not found or unable to stat
[Tue Jan 13 00:49:27.884117 2026] [php:error] [pid 84796] [client 65.111.12.35:0] script '/domains/piltdweb1/xmlrpc.php' not found or unable to stat
[Tue Jan 13 00:49:28.134451 2026] [php:error] [pid 84795] [client 65.111.28.53:0] script '/domains/piltdweb1/xmlrpc.php' not found or unable to stat
[Tue Jan 13 00:49:28.207710 2026] [php:error] [pid 84797] [client 209.50.191.154:0] script '/domains/piltdweb1/xmlrpc.php' not found or unable to stat
[Tue Jan 13 00:49:28.282399 2026] [php:error] [pid 84795] [client 65.111.12.35:0] script '/domains/piltdweb1/xmlrpc.php' not found or unable to stat
[Tue Jan 13 00:49:28.465733 2026] [php:error] [pid 84795] [client 65.111.28.53:0] script '/domains/piltdweb1/xmlrpc.php' not found or unable to stat
[Tue Jan 13 00:49:28.532741 2026] [php:error] [pid 84795] [client 209.50.191.154:0] script '/domains/piltdweb1/xmlrpc.php' not found or unable to stat
[Tue Jan 13 00:49:28.635060 2026] [php:error] [pid 84795] [client 65.111.12.35:0] script '/domains/piltdweb1/xmlrpc.php' not found or unable to stat
[Tue Jan 13 00:49:28.800954 2026] [php:error] [pid 84795] [client 65.111.28.53:0] script '/domains/piltdweb1/xmlrpc.php' not found or unable to stat
[Tue Jan 13 00:49:28.886218 2026] [php:error] [pid 84786] [client 142.204.197.154:0] script '/domains/apunderkofler/wp-themes.php' not found or unable to stat, referer: https://www.yahoo.com/
[Tue Jan 13 00:49:28.899672 2026] [php:error] [pid 84795] [client 209.50.191.154:0] script '/domains/piltdweb1/xmlrpc.php' not found or unable to stat
[Tue Jan 13 00:49:28.987493 2026] [php:error] [pid 84791] [client 65.111.12.35:0] script '/domains/piltdweb1/xmlrpc.php' not found or unable to stat
[Tue Jan 13 00:49:29.118924 2026] [php:error] [pid 84786] [client 223.156.155.196:0] script '/domains/apunderkofler/x.php' not found or unable to stat, referer: https://www.google.com/
[Tue Jan 13 00:49:29.158671 2026] [php:error] [pid 84798] [client 65.111.28.53:0] script '/domains/piltdweb1/xmlrpc.php' not found or unable to stat
[Tue Jan 13 00:49:29.217459 2026] [php:error] [pid 84799] [client 209.50.191.154:0] script '/domains/piltdweb1/xmlrpc.php' not found or unable to stat
[Tue Jan 13 00:49:29.339911 2026] [php:error] [pid 84800] [client 65.111.12.35:0] script '/domains/piltdweb1/xmlrpc.php' not found or unable to stat
[Tue Jan 13 00:49:29.351227 2026] [php:error] [pid 84786] [client 27.221.168.56:0] script '/domains/apunderkofler/yas.php' not found or unable to stat, referer: https://www.google.co.uk/
[Tue Jan 13 00:49:29.497140 2026] [php:error] [pid 84801] [client 65.111.28.53:0] script '/domains/piltdweb1/xmlrpc.php' not found or unable to stat
[Tue Jan 13 00:49:29.554194 2026] [php:error] [pid 84802] [client 209.50.191.154:0] script '/domains/piltdweb1/xmlrpc.php' not found or unable to stat
[Tue Jan 13 00:49:29.758906 2026] [php:error] [pid 84804] [client 65.111.12.35:0] script '/domains/piltdweb1/xmlrpc.php' not found or unable to stat
[Tue Jan 13 00:49:29.856063 2026] [php:error] [pid 84805] [client 65.111.28.53:0] script '/domains/piltdweb1/xmlrpc.php' not found or unable to stat
[Tue Jan 13 00:49:30.067083 2026] [php:error] [pid 84795] [client 45.3.40.101:0] script '/domains/piltdweb1/wp-login.php' not found or unable to stat
[Tue Jan 13 00:49:30.200393 2026] [php:error] [pid 84798] [client 209.50.176.80:0] script '/domains/piltdweb1/wp-login.php' not found or unable to stat
[Tue Jan 13 00:49:30.235823 2026] [php:error] [pid 84799] [client 65.111.8.215:0] script '/domains/piltdweb1/wp-login.php' not found or unable to stat
[Tue Jan 13 00:49:30.522394 2026] [php:error] [pid 84800] [client 45.3.40.101:0] script '/domains/piltdweb1/wp-login.php' not found or unable to stat
[Tue Jan 13 00:49:30.614515 2026] [php:error] [pid 84802] [client 65.111.8.215:0] script '/domains/piltdweb1/wp-login.php' not found or unable to stat
[Tue Jan 13 00:49:30.668690 2026] [php:error] [pid 84788] [client 209.50.176.80:0] script '/domains/piltdweb1/wp-login.php' not found or unable to stat
[Tue Jan 13 00:49:32.138852 2026] [php:error] [pid 84802] [client 216.26.227.169:0] script '/domains/piltdweb1/xmlrpc.php' not found or unable to stat
[Tue Jan 13 00:49:32.315093 2026] [php:error] [pid 84788] [client 65.111.20.213:0] script '/domains/piltdweb1/xmlrpc.php' not found or unable to stat
[Tue Jan 13 00:49:32.514950 2026] [php:error] [pid 84804] [client 216.26.227.169:0] script '/domains/piltdweb1/xmlrpc.php' not found or unable to stat
[Tue Jan 13 00:49:32.803085 2026] [php:error] [pid 84793] [client 65.111.20.213:0] script '/domains/piltdweb1/xmlrpc.php' not found or unable to stat
[Tue Jan 13 00:49:32.900662 2026] [php:error] [pid 84805] [client 216.26.227.169:0] script '/domains/piltdweb1/xmlrpc.php' not found or unable to stat
[Tue Jan 13 00:49:33.291571 2026] [php:error] [pid 84792] [client 65.111.20.213:0] script '/domains/piltdweb1/xmlrpc.php' not found or unable to stat
[Tue Jan 13 00:49:33.323484 2026] [php:error] [pid 84799] [client 216.26.227.169:0] script '/domains/piltdweb1/xmlrpc.php' not found or unable to stat
[Tue Jan 13 00:49:33.704907 2026] [php:error] [pid 84788] [client 216.26.227.169:0] script '/domains/piltdweb1/xmlrpc.php' not found or unable to stat
[Tue Jan 13 00:49:33.752218 2026] [php:error] [pid 84804] [client 65.111.20.213:0] script '/domains/piltdweb1/xmlrpc.php' not found or unable to stat
[Tue Jan 13 00:49:33.841830 2026] [php:error] [pid 84784] [client 209.50.169.74:0] script '/domains/piltdweb1/xmlrpc.php' not found or unable to stat
[Tue Jan 13 00:49:34.076539 2026] [php:error] [pid 84781] [client 216.26.227.169:0] script '/domains/piltdweb1/xmlrpc.php' not found or unable to stat
[Tue Jan 13 00:49:34.193660 2026] [php:error] [pid 84793] [client 209.50.169.74:0] script '/domains/piltdweb1/xmlrpc.php' not found or unable to stat
[Tue Jan 13 00:49:34.249374 2026] [php:error] [pid 84805] [client 65.111.20.213:0] script '/domains/piltdweb1/xmlrpc.php' not found or unable to stat
[Tue Jan 13 00:49:34.406231 2026] [php:error] [pid 84795] [client 216.26.252.36:0] script '/domains/piltdweb1/wp-login.php' not found or unable to stat
[Tue Jan 13 00:49:34.572860 2026] [php:error] [pid 84789] [client 209.50.169.74:0] script '/domains/piltdweb1/xmlrpc.php' not found or unable to stat
[Tue Jan 13 00:49:34.715654 2026] [php:error] [pid 84792] [client 65.111.20.213:0] script '/domains/piltdweb1/xmlrpc.php' not found or unable to stat
[Tue Jan 13 00:49:34.732827 2026] [php:error] [pid 84799] [client 216.26.252.36:0] script '/domains/piltdweb1/wp-login.php' not found or unable to stat
[Tue Jan 13 00:49:34.949218 2026] [php:error] [pid 84794] [client 209.50.169.74:0] script '/domains/piltdweb1/xmlrpc.php' not found or unable to stat
[Tue Jan 13 00:49:35.081675 2026] [php:error] [pid 84804] [client 65.111.1.162:0] script '/domains/piltdweb1/wp-login.php' not found or unable to stat
[Tue Jan 13 00:49:35.300602 2026] [php:error] [pid 84781] [client 209.50.169.74:0] script '/domains/piltdweb1/xmlrpc.php' not found or unable to stat
[Tue Jan 13 00:49:35.467567 2026] [php:error] [pid 84805] [client 65.111.1.162:0] script '/domains/piltdweb1/wp-login.php' not found or unable to stat
[Tue Jan 13 00:49:35.674769 2026] [php:error] [pid 84789] [client 209.50.169.74:0] script '/domains/piltdweb1/xmlrpc.php' not found or unable to stat
[Tue Jan 13 00:49:36.112559 2026] [php:error] [pid 84787] [client 104.207.34.202:0] script '/domains/piltdweb1/wp-login.php' not found or unable to stat
[Tue Jan 13 00:49:36.470423 2026] [php:error] [pid 84804] [client 104.207.34.202:0] script '/domains/piltdweb1/wp-login.php' not found or unable to stat
[Tue Jan 13 00:49:37.467670 2026] [php:error] [pid 84792] [client 65.111.14.184:0] script '/domains/piltdweb1/xmlrpc.php' not found or unable to stat
[Tue Jan 13 00:49:37.840967 2026] [php:error] [pid 84794] [client 65.111.14.184:0] script '/domains/piltdweb1/xmlrpc.php' not found or unable to stat
[Tue Jan 13 00:49:38.197317 2026] [php:error] [pid 84804] [client 65.111.14.184:0] script '/domains/piltdweb1/xmlrpc.php' not found or unable to stat
[Tue Jan 13 00:49:38.487608 2026] [php:error] [pid 84781] [client 216.26.243.200:0] script '/domains/piltdweb1/xmlrpc.php' not found or unable to stat
[Tue Jan 13 00:49:38.550844 2026] [php:error] [pid 84793] [client 65.111.14.184:0] script '/domains/piltdweb1/xmlrpc.php' not found or unable to stat
[Tue Jan 13 00:49:38.856001 2026] [php:error] [pid 84789] [client 216.26.243.200:0] script '/domains/piltdweb1/xmlrpc.php' not found or unable to stat
[Tue Jan 13 00:49:38.921520 2026] [php:error] [pid 84792] [client 65.111.14.184:0] script '/domains/piltdweb1/xmlrpc.php' not found or unable to stat
[Tue Jan 13 00:49:38.923590 2026] [php:error] [pid 84787] [client 45.3.51.113:0] script '/domains/piltdweb1/xmlrpc.php' not found or unable to stat
[Tue Jan 13 00:49:39.199401 2026] [php:error] [pid 84801] [client 216.26.243.200:0] script '/domains/piltdweb1/xmlrpc.php' not found or unable to stat
[Tue Jan 13 00:49:39.291431 2026] [php:error] [pid 84786] [client 65.111.14.184:0] script '/domains/piltdweb1/xmlrpc.php' not found or unable to stat
[Tue Jan 13 00:49:39.305842 2026] [php:error] [pid 84804] [client 45.3.51.113:0] script '/domains/piltdweb1/xmlrpc.php' not found or unable to stat
[Tue Jan 13 00:49:39.555672 2026] [php:error] [pid 84781] [client 216.26.243.200:0] script '/domains/piltdweb1/xmlrpc.php' not found or unable to stat
[Tue Jan 13 00:49:39.684976 2026] [php:error] [pid 84793] [client 45.3.51.113:0] script '/domains/piltdweb1/xmlrpc.php' not found or unable to stat
[Tue Jan 13 00:49:39.685957 2026] [php:error] [pid 84789] [client 45.3.36.154:0] script '/domains/piltdweb1/wp-login.php' not found or unable to stat
[Tue Jan 13 00:49:39.872783 2026] [php:error] [pid 84792] [client 216.26.243.200:0] script '/domains/piltdweb1/xmlrpc.php' not found or unable to stat
[Tue Jan 13 00:49:40.041623 2026] [php:error] [pid 84787] [client 45.3.36.154:0] script '/domains/piltdweb1/wp-login.php' not found or unable to stat
[Tue Jan 13 00:49:40.060101 2026] [php:error] [pid 84801] [client 45.3.51.113:0] script '/domains/piltdweb1/xmlrpc.php' not found or unable to stat
[Tue Jan 13 00:49:40.212324 2026] [php:error] [pid 84786] [client 216.26.243.200:0] script '/domains/piltdweb1/xmlrpc.php' not found or unable to stat
[Tue Jan 13 00:49:40.453777 2026] [php:error] [pid 84793] [client 45.3.51.113:0] script '/domains/piltdweb1/xmlrpc.php' not found or unable to stat
[Tue Jan 13 00:49:40.624411 2026] [php:error] [pid 84789] [client 209.50.161.216:0] script '/domains/piltdweb1/wp-login.php' not found or unable to stat
[Tue Jan 13 00:49:40.827991 2026] [php:error] [pid 84787] [client 45.3.51.113:0] script '/domains/piltdweb1/xmlrpc.php' not found or unable to stat
[Tue Jan 13 00:49:40.975377 2026] [php:error] [pid 84786] [client 209.50.161.216:0] script '/domains/piltdweb1/wp-login.php' not found or unable to stat
[Tue Jan 13 00:49:41.332948 2026] [php:error] [pid 84793] [client 154.213.166.1:0] script '/domains/piltdweb1/wp-login.php' not found or unable to stat
[Tue Jan 13 00:49:41.711727 2026] [php:error] [pid 84801] [client 154.213.166.1:0] script '/domains/piltdweb1/wp-login.php' not found or unable to stat
[Tue Jan 13 00:51:08.777421 2026] [core:crit] [pid 84811] (13)Permission denied: [client 47.128.121.227:0] AH00529: /domains/performancepartsinc/graphics/psd/.htaccess pcfg_openfile: unable to check htaccess file, ensure it is readable and that '/domains/performancepartsinc/graphics/psd/' is executable
[Tue Jan 13 00:51:14.398418 2026] [php:error] [pid 84813] [client 102.24.38.42:0] script '/domains/jaspen/wp-good.php' not found or unable to stat, referer: https://www.yahoo.com/
[Tue Jan 13 00:51:14.605565 2026] [php:error] [pid 84813] [client 156.225.70.105:0] script '/domains/jaspen/file.php' not found or unable to stat, referer: https://www.yahoo.com/
[Tue Jan 13 00:51:14.812402 2026] [php:error] [pid 84813] [client 253.130.47.52:0] script '/domains/jaspen/xmrlpc.php' not found or unable to stat, referer: https://duckduckgo.com/
[Tue Jan 13 00:51:15.018286 2026] [php:error] [pid 84813] [client 230.48.67.211:0] script '/domains/jaspen/av.php' not found or unable to stat, referer: https://www.google.co.uk/
[Tue Jan 13 00:51:15.224963 2026] [php:error] [pid 84813] [client 129.5.116.97:0] script '/domains/jaspen/bless.php' not found or unable to stat, referer: https://www.yahoo.com/
[Tue Jan 13 00:51:15.430974 2026] [php:error] [pid 84813] [client 180.108.248.50:0] script '/domains/jaspen/classwithtostring.php' not found or unable to stat, referer: https://www.google.fr/
[Tue Jan 13 00:51:15.642252 2026] [php:error] [pid 84813] [client 195.220.237.192:0] script '/domains/jaspen/abcd.php' not found or unable to stat, referer: https://www.yahoo.com/
[Tue Jan 13 00:51:15.847989 2026] [php:error] [pid 84813] [client 8.59.3.118:0] script '/domains/jaspen/admin.php' not found or unable to stat, referer: https://www.google.fr/
[Tue Jan 13 00:51:16.053600 2026] [php:error] [pid 84813] [client 234.151.33.194:0] script '/domains/jaspen/adminfuns.php' not found or unable to stat, referer: https://www.google.co.uk/
[Tue Jan 13 00:51:16.259647 2026] [php:error] [pid 84813] [client 173.211.57.188:0] script '/domains/jaspen/edit.php' not found or unable to stat, referer: https://www.google.fr/
[Tue Jan 13 00:51:16.465535 2026] [php:error] [pid 84813] [client 49.15.45.89:0] script '/domains/jaspen/ioxi-o.php' not found or unable to stat, referer: https://www.google.de/
[Tue Jan 13 00:51:16.878559 2026] [php:error] [pid 84813] [client 66.217.97.235:0] script '/domains/jaspen/aa.php' not found or unable to stat, referer: https://duckduckgo.com/
[Tue Jan 13 00:51:17.084585 2026] [php:error] [pid 84813] [client 200.251.166.47:0] script '/domains/jaspen/buy.php' not found or unable to stat, referer: https://duckduckgo.com/
[Tue Jan 13 00:51:17.290954 2026] [php:error] [pid 84813] [client 116.206.59.87:0] script '/domains/jaspen/chosen.php' not found or unable to stat, referer: https://www.bing.com/
[Tue Jan 13 00:51:17.496670 2026] [php:error] [pid 84813] [client 168.69.19.225:0] script '/domains/jaspen/goods.php' not found or unable to stat, referer: https://www.google.com/
[Tue Jan 13 00:51:18.113957 2026] [php:error] [pid 84813] [client 137.49.133.7:0] script '/domains/jaspen/wp-blog.php' not found or unable to stat, referer: https://www.google.de/
[Tue Jan 13 00:51:18.937473 2026] [php:error] [pid 84813] [client 195.171.55.240:0] script '/domains/jaspen/ahax.php' not found or unable to stat, referer: https://www.google.com/
[Tue Jan 13 00:51:19.143180 2026] [php:error] [pid 84813] [client 188.28.86.82:0] script '/domains/jaspen/akcc.php' not found or unable to stat, referer: https://www.yahoo.com/
[Tue Jan 13 00:51:19.765877 2026] [php:error] [pid 84813] [client 114.64.191.226:0] script '/domains/jaspen/bolt.php' not found or unable to stat, referer: https://www.bing.com/
[Tue Jan 13 00:51:20.178241 2026] [php:error] [pid 84813] [client 37.23.182.10:0] script '/domains/jaspen/elp.php' not found or unable to stat, referer: https://duckduckgo.com/
[Tue Jan 13 00:51:20.591012 2026] [php:error] [pid 84813] [client 232.4.27.141:0] script '/domains/jaspen/info.php' not found or unable to stat, referer: https://www.google.com/
[Tue Jan 13 00:51:23.474444 2026] [php:error] [pid 84813] [client 34.231.215.207:0] script '/domains/jaspen/wp-user.php' not found or unable to stat, referer: https://www.google.fr/
[Tue Jan 13 00:51:27.799165 2026] [core:crit] [pid 84821] (13)Permission denied: [client 114.119.140.115:0] AH00529: /domains/dcarlone/test/web/.htaccess pcfg_openfile: unable to check htaccess file, ensure it is readable and that '/domains/dcarlone/test/web/' is executable
[Tue Jan 13 00:52:18.204445 2026] [php:error] [pid 84825] [client 216.24.219.87:0] script '/domains/ltemple/txets.php' not found or unable to stat
[Tue Jan 13 00:52:18.526555 2026] [php:error] [pid 84825] [client 216.24.219.87:0] script '/domains/ltemple/schallfuns.php' not found or unable to stat
[Tue Jan 13 00:52:18.605617 2026] [php:error] [pid 84825] [client 216.24.219.87:0] script '/domains/ltemple/postnews.php' not found or unable to stat
[Tue Jan 13 00:53:00.749932 2026] [php:error] [pid 84840] [client 141.98.11.98:0] script '/domains/ecernstelectric/wp-login.php' not found or unable to stat
[Tue Jan 13 00:53:02.896657 2026] [php:error] [pid 84836] [client 141.98.11.98:0] script '/domains/ecernstelectric/wp-login.php' not found or unable to stat
[Tue Jan 13 00:53:15.833908 2026] [php:error] [pid 84838] [client 157.66.56.178:0] script '/domains/wsmith.enteract/404.php' not found or unable to stat
[Tue Jan 13 00:53:19.878923 2026] [php:error] [pid 84852] [client 157.66.56.178:0] script '/domains/wsmith.enteract/users.php' not found or unable to stat
[Tue Jan 13 00:53:20.443205 2026] [php:error] [pid 84818] [client 157.66.56.178:0] script '/domains/wsmith.enteract/classwithtostring.php' not found or unable to stat
[Tue Jan 13 00:53:31.433102 2026] [php:error] [pid 84818] [client 157.66.56.178:0] script '/domains/wsmith.enteract/wp-head.php' not found or unable to stat
[Tue Jan 13 00:53:33.051564 2026] [php:error] [pid 84836] [client 157.66.56.178:0] script '/domains/wsmith.enteract/admin.php' not found or unable to stat
[Tue Jan 13 00:53:33.624434 2026] [php:error] [pid 84853] [client 157.66.56.178:0] script '/domains/wsmith.enteract/about.php' not found or unable to stat
[Tue Jan 13 00:53:34.187988 2026] [php:error] [pid 84818] [client 157.66.56.178:0] script '/domains/wsmith.enteract/dropdown.php' not found or unable to stat
[Tue Jan 13 00:53:35.086354 2026] [php:error] [pid 84854] [client 157.66.56.178:0] script '/domains/wsmith.enteract/wp-header.php' not found or unable to stat
[Tue Jan 13 00:53:35.740637 2026] [php:error] [pid 84836] [client 157.66.56.178:0] script '/domains/wsmith.enteract/alfanew.php' not found or unable to stat
