[Mon Jan 12 02:55:22.920663 2026] [php:error] [pid 16535] [client 163.128.78.152:0] script '/domains/aatweb/13.php' not found or unable to stat, referer: https://www.google.de/
[Mon Jan 12 02:55:23.144455 2026] [php:error] [pid 16535] [client 242.211.236.19:0] script '/domains/aatweb/fx.php' not found or unable to stat, referer: https://www.google.co.uk/
[Mon Jan 12 02:55:23.368208 2026] [php:error] [pid 16535] [client 100.109.208.123:0] script '/domains/aatweb/black.php' not found or unable to stat, referer: https://duckduckgo.com/
[Mon Jan 12 02:55:23.591688 2026] [php:error] [pid 16535] [client 218.195.215.112:0] script '/domains/aatweb/ioxi-o.php' not found or unable to stat, referer: https://www.bing.com/
[Mon Jan 12 02:55:23.816345 2026] [php:error] [pid 16535] [client 200.194.2.160:0] script '/domains/aatweb/php.php' not found or unable to stat, referer: https://www.google.de/
[Mon Jan 12 02:55:24.039897 2026] [php:error] [pid 16535] [client 112.44.29.244:0] script '/domains/aatweb/s.php' not found or unable to stat, referer: https://www.google.co.uk/
[Mon Jan 12 02:55:24.268676 2026] [php:error] [pid 16535] [client 244.168.66.166:0] script '/domains/aatweb/akcc.php' not found or unable to stat, referer: https://www.google.com/
[Mon Jan 12 02:55:24.494234 2026] [php:error] [pid 16535] [client 52.230.121.63:0] script '/domains/aatweb/buy.php' not found or unable to stat, referer: https://www.google.de/
[Mon Jan 12 02:55:24.717633 2026] [php:error] [pid 16535] [client 74.166.155.187:0] script '/domains/aatweb/xmrlpc.php' not found or unable to stat, referer: https://www.google.fr/
[Mon Jan 12 02:55:24.940923 2026] [php:error] [pid 16535] [client 209.127.127.62:0] script '/domains/aatweb/defaults.php' not found or unable to stat, referer: https://www.google.co.uk/
[Mon Jan 12 02:55:25.164347 2026] [php:error] [pid 16535] [client 52.230.121.63:0] script '/domains/aatweb/radio.php' not found or unable to stat, referer: https://www.google.com/
[Mon Jan 12 02:55:25.390773 2026] [php:error] [pid 16535] [client 231.251.126.123:0] script '/domains/aatweb/images/wso.php' not found or unable to stat, referer: https://www.bing.com/
[Mon Jan 12 02:55:25.615021 2026] [php:error] [pid 16535] [client 25.184.39.163:0] script '/domains/aatweb/wp-xml.php' not found or unable to stat, referer: https://duckduckgo.com/
[Mon Jan 12 02:55:25.838662 2026] [php:error] [pid 16535] [client 180.137.51.122:0] script '/domains/aatweb/wp-conflg.php' not found or unable to stat, referer: https://www.yahoo.com/
[Mon Jan 12 02:55:26.062200 2026] [php:error] [pid 16535] [client 99.236.164.111:0] script '/domains/aatweb/wp1.php' not found or unable to stat, referer: https://www.google.com/
[Mon Jan 12 02:55:28.297051 2026] [php:error] [pid 16532] [client 49.131.38.148:0] script '/domains/efusion1/bjfl.php' not found or unable to stat, referer: https://www.google.fr/
[Mon Jan 12 02:55:28.497022 2026] [php:error] [pid 16532] [client 103.72.203.151:0] script '/domains/efusion1/byp.php' not found or unable to stat, referer: https://www.google.com/
[Mon Jan 12 02:55:28.696834 2026] [php:error] [pid 16532] [client 27.233.204.250:0] script '/domains/efusion1/man.php' not found or unable to stat, referer: https://www.bing.com/
[Mon Jan 12 02:55:29.096691 2026] [php:error] [pid 16532] [client 130.30.199.91:0] script '/domains/efusion1/user.php' not found or unable to stat, referer: https://www.google.fr/
[Mon Jan 12 02:55:30.104919 2026] [php:error] [pid 16532] [client 23.170.88.85:0] script '/domains/efusion1/alfanew.php' not found or unable to stat, referer: https://www.yahoo.com/
[Mon Jan 12 02:55:30.304898 2026] [php:error] [pid 16532] [client 90.70.104.35:0] script '/domains/efusion1/file2.php' not found or unable to stat, referer: https://www.google.com/
[Mon Jan 12 02:55:30.508692 2026] [php:error] [pid 16532] [client 146.52.139.37:0] script '/domains/efusion1/index2.php' not found or unable to stat, referer: https://www.google.fr/
[Mon Jan 12 02:55:30.708434 2026] [php:error] [pid 16532] [client 111.130.24.106:0] script '/domains/efusion1/v.php' not found or unable to stat, referer: https://www.google.de/
[Mon Jan 12 02:55:31.435036 2026] [php:error] [pid 16535] [client 170.136.208.177:0] script '/domains/aatweb/images/wso.php' not found or unable to stat, referer: https://www.bing.com/
[Mon Jan 12 02:55:31.713221 2026] [php:error] [pid 16532] [client 103.90.175.1:0] script '/domains/efusion1/wsa.php' not found or unable to stat, referer: https://www.google.fr/
[Mon Jan 12 02:55:31.912740 2026] [php:error] [pid 16532] [client 252.151.127.116:0] script '/domains/efusion1/ad.php' not found or unable to stat, referer: https://www.google.com/
[Mon Jan 12 02:55:32.112245 2026] [php:error] [pid 16532] [client 94.141.156.77:0] script '/domains/efusion1/b.php' not found or unable to stat, referer: https://www.google.com/
[Mon Jan 12 02:55:32.315877 2026] [php:error] [pid 16532] [client 214.113.166.198:0] script '/domains/efusion1/fm1.php' not found or unable to stat, referer: https://www.google.co.uk/
[Mon Jan 12 02:55:32.515859 2026] [php:error] [pid 16532] [client 136.233.116.46:0] script '/domains/efusion1/lv.php' not found or unable to stat, referer: https://www.google.com/
[Mon Jan 12 02:55:32.915638 2026] [php:error] [pid 16532] [client 75.69.7.0:0] script '/domains/efusion1/uploaded_script.php' not found or unable to stat, referer: https://www.google.de/
[Mon Jan 12 02:55:34.727740 2026] [php:error] [pid 16522] [client 223.135.69.31:0] script '/domains/efusion1/he.php' not found or unable to stat, referer: https://www.bing.com/
[Mon Jan 12 02:55:34.932031 2026] [php:error] [pid 16522] [client 71.12.70.238:0] script '/domains/efusion1/leafmailer.php' not found or unable to stat, referer: https://www.google.fr/
[Mon Jan 12 02:55:35.135426 2026] [php:error] [pid 16522] [client 165.135.174.106:0] script '/domains/efusion1/users.php' not found or unable to stat, referer: https://www.google.com/
[Mon Jan 12 02:55:36.150912 2026] [php:error] [pid 16522] [client 140.230.195.88:0] script '/domains/efusion1/wp-editor.php' not found or unable to stat, referer: https://www.bing.com/
[Mon Jan 12 02:55:36.354745 2026] [php:error] [pid 16522] [client 247.132.211.169:0] script '/domains/efusion1/wp-head.php' not found or unable to stat, referer: https://www.google.co.uk/
[Mon Jan 12 02:55:37.368340 2026] [php:error] [pid 16522] [client 113.70.202.76:0] script '/domains/efusion1/app.php' not found or unable to stat, referer: https://www.google.fr/
[Mon Jan 12 02:55:37.571100 2026] [php:error] [pid 16522] [client 241.60.4.182:0] script '/domains/efusion1/link.php' not found or unable to stat, referer: https://www.yahoo.com/
[Mon Jan 12 02:56:07.216250 2026] [php:error] [pid 16546] [client 145.239.10.137:0] script '/domains/gk3c/info.php' not found or unable to stat, referer: http://cluffassociates.com/info.php
[Mon Jan 12 02:56:08.535121 2026] [php:error] [pid 16516] [client 73.114.49.12:0] script '/domains/agribiz/config.php' not found or unable to stat, referer: https://www.google.fr/
[Mon Jan 12 02:56:08.705631 2026] [php:error] [pid 16516] [client 91.122.218.253:0] script '/domains/agribiz/ini.php' not found or unable to stat, referer: https://www.google.de/
[Mon Jan 12 02:56:09.730396 2026] [php:error] [pid 16516] [client 11.255.230.159:0] script '/domains/agribiz/wp-conf.php' not found or unable to stat, referer: https://duckduckgo.com/
[Mon Jan 12 02:56:11.948127 2026] [php:error] [pid 16516] [client 167.189.30.16:0] script '/domains/agribiz/up.php' not found or unable to stat, referer: https://www.google.fr/
[Mon Jan 12 02:56:13.996682 2026] [php:error] [pid 16516] [client 162.41.161.78:0] script '/domains/agribiz/wp-mail.php' not found or unable to stat, referer: https://www.google.co.uk/
[Mon Jan 12 02:56:14.166947 2026] [php:error] [pid 16516] [client 6.235.125.73:0] script '/domains/agribiz/wp-sign.php' not found or unable to stat, referer: https://www.google.com/
[Mon Jan 12 02:56:14.337369 2026] [php:error] [pid 16516] [client 45.239.46.195:0] script '/domains/agribiz/wp-user.php' not found or unable to stat, referer: https://duckduckgo.com/
[Mon Jan 12 02:56:52.039724 2026] [php:error] [pid 16556] [client 140.211.141.189:0] script '/domains/hdickens.enteract/server.php' not found or unable to stat, referer: https://www.google.co.uk/
[Mon Jan 12 02:56:52.234442 2026] [php:error] [pid 16556] [client 105.89.137.17:0] script '/domains/hdickens.enteract/about.php' not found or unable to stat, referer: https://www.google.co.uk/
[Mon Jan 12 02:56:52.413562 2026] [php:error] [pid 16556] [client 169.136.41.11:0] script '/domains/hdickens.enteract/admin.php' not found or unable to stat, referer: https://www.google.de/
[Mon Jan 12 02:56:52.592758 2026] [php:error] [pid 16556] [client 148.5.231.43:0] script '/domains/hdickens.enteract/adminfuns.php' not found or unable to stat, referer: https://www.google.com/
[Mon Jan 12 02:56:52.771982 2026] [php:error] [pid 16556] [client 98.98.60.143:0] script '/domains/hdickens.enteract/wp-good.php' not found or unable to stat, referer: https://www.google.fr/
[Mon Jan 12 02:56:52.837614 2026] [php:error] [pid 16546] [client 140.171.47.182:0] script '/domains/performancepartsinc/php.php' not found or unable to stat, referer: https://duckduckgo.com/
[Mon Jan 12 02:56:52.951029 2026] [php:error] [pid 16556] [client 88.230.210.11:0] script '/domains/hdickens.enteract/ahax.php' not found or unable to stat, referer: https://www.google.co.uk/
[Mon Jan 12 02:56:53.130423 2026] [php:error] [pid 16556] [client 17.173.74.7:0] script '/domains/hdickens.enteract/asasx.php' not found or unable to stat, referer: https://www.bing.com/
[Mon Jan 12 02:56:53.258034 2026] [core:crit] [pid 16557] (13)Permission denied: [client 114.119.133.69:0] AH00529: /domains/performancepartsinc/graphics/psd/.htaccess pcfg_openfile: unable to check htaccess file, ensure it is readable and that '/domains/performancepartsinc/graphics/psd/' is executable, referer: http://www.performancepartsinc.com/graphics/psd/q.php?%2Ffeelings-after-a-hookup%2F
[Mon Jan 12 02:56:53.309436 2026] [php:error] [pid 16556] [client 86.131.10.237:0] script '/domains/hdickens.enteract/inputs.php' not found or unable to stat, referer: https://www.google.de/
[Mon Jan 12 02:56:53.488518 2026] [php:error] [pid 16556] [client 60.65.152.51:0] script '/domains/hdickens.enteract/bless.php' not found or unable to stat, referer: https://www.google.co.uk/
[Mon Jan 12 02:56:53.668546 2026] [php:error] [pid 16556] [client 132.118.160.43:0] script '/domains/hdickens.enteract/edit.php' not found or unable to stat, referer: https://duckduckgo.com/
[Mon Jan 12 02:56:53.856256 2026] [php:error] [pid 16556] [client 49.35.91.203:0] script '/domains/hdickens.enteract/alfa.php' not found or unable to stat, referer: https://duckduckgo.com/
[Mon Jan 12 02:56:54.035295 2026] [php:error] [pid 16556] [client 195.95.86.81:0] script '/domains/hdickens.enteract/install.php' not found or unable to stat, referer: https://www.google.de/
[Mon Jan 12 02:56:54.071881 2026] [php:error] [pid 16546] [client 204.1.151.26:0] script '/domains/performancepartsinc/load.php' not found or unable to stat, referer: https://www.google.co.uk/
[Mon Jan 12 02:56:54.214704 2026] [php:error] [pid 16556] [client 146.94.118.225:0] script '/domains/hdickens.enteract/abcd.php' not found or unable to stat, referer: https://www.google.fr/
[Mon Jan 12 02:56:54.394102 2026] [php:error] [pid 16556] [client 170.30.26.50:0] script '/domains/hdickens.enteract/222.php' not found or unable to stat, referer: https://www.yahoo.com/
[Mon Jan 12 02:56:54.483394 2026] [php:error] [pid 16546] [client 236.22.192.228:0] script '/domains/performancepartsinc/wp-login.php' not found or unable to stat, referer: https://www.google.co.uk/
[Mon Jan 12 02:56:54.573206 2026] [php:error] [pid 16556] [client 230.68.52.246:0] script '/domains/hdickens.enteract/aa.php' not found or unable to stat, referer: https://www.google.com/
[Mon Jan 12 02:56:54.752127 2026] [php:error] [pid 16556] [client 212.180.244.28:0] script '/domains/hdickens.enteract/bolt.php' not found or unable to stat, referer: https://www.google.fr/
[Mon Jan 12 02:56:54.895945 2026] [php:error] [pid 16546] [client 91.180.201.98:0] script '/domains/performancepartsinc/wp-Owl.php' not found or unable to stat, referer: https://www.bing.com/
[Mon Jan 12 02:56:54.932006 2026] [php:error] [pid 16556] [client 236.9.162.232:0] script '/domains/hdickens.enteract/file.php' not found or unable to stat, referer: https://www.google.fr/
[Mon Jan 12 02:56:55.102791 2026] [php:error] [pid 16546] [client 190.87.141.144:0] script '/domains/performancepartsinc/classsmtps.php' not found or unable to stat, referer: https://www.google.fr/
[Mon Jan 12 02:56:55.117735 2026] [php:error] [pid 16556] [client 176.209.52.86:0] script '/domains/hdickens.enteract/info.php' not found or unable to stat, referer: https://www.google.co.uk/
[Mon Jan 12 02:56:55.296987 2026] [php:error] [pid 16556] [client 227.138.37.236:0] script '/domains/hdickens.enteract/wp-editor.php' not found or unable to stat, referer: https://www.yahoo.com/
[Mon Jan 12 02:56:55.476213 2026] [php:error] [pid 16556] [client 23.156.118.147:0] script '/domains/hdickens.enteract/themes.php' not found or unable to stat, referer: https://www.google.fr/
[Mon Jan 12 02:56:55.656331 2026] [php:error] [pid 16556] [client 169.133.223.124:0] script '/domains/hdickens.enteract/classwithtostring.php' not found or unable to stat, referer: https://www.google.co.uk/
[Mon Jan 12 02:56:55.835631 2026] [php:error] [pid 16556] [client 105.203.43.74:0] script '/domains/hdickens.enteract/class.php' not found or unable to stat, referer: https://duckduckgo.com/
[Mon Jan 12 02:56:56.014506 2026] [php:error] [pid 16556] [client 145.30.63.184:0] script '/domains/hdickens.enteract/gelay.php' not found or unable to stat, referer: https://www.yahoo.com/
[Mon Jan 12 02:56:56.193289 2026] [php:error] [pid 16556] [client 187.192.215.251:0] script '/domains/hdickens.enteract/wp.php' not found or unable to stat, referer: https://www.bing.com/
[Mon Jan 12 02:56:56.372199 2026] [php:error] [pid 16556] [client 252.245.144.139:0] script '/domains/hdickens.enteract/13.php' not found or unable to stat, referer: https://www.google.co.uk/
[Mon Jan 12 02:56:56.552449 2026] [php:error] [pid 16556] [client 139.115.116.208:0] script '/domains/hdickens.enteract/fx.php' not found or unable to stat, referer: https://www.bing.com/
[Mon Jan 12 02:56:56.738296 2026] [php:error] [pid 16556] [client 196.37.30.28:0] script '/domains/hdickens.enteract/black.php' not found or unable to stat, referer: https://www.google.com/
[Mon Jan 12 02:56:56.918588 2026] [php:error] [pid 16556] [client 53.230.30.15:0] script '/domains/hdickens.enteract/ioxi-o.php' not found or unable to stat, referer: https://www.google.com/
[Mon Jan 12 02:56:56.951334 2026] [php:error] [pid 16546] [client 2.194.113.184:0] script '/domains/performancepartsinc/moon.php' not found or unable to stat, referer: https://www.google.com/
[Mon Jan 12 02:56:57.098505 2026] [php:error] [pid 16556] [client 131.96.41.88:0] script '/domains/hdickens.enteract/php.php' not found or unable to stat, referer: https://www.bing.com/
[Mon Jan 12 02:56:57.156785 2026] [php:error] [pid 16546] [client 95.2.33.106:0] script '/domains/performancepartsinc/wp-blog.php' not found or unable to stat, referer: https://www.google.fr/
[Mon Jan 12 02:56:57.277829 2026] [php:error] [pid 16556] [client 242.187.253.188:0] script '/domains/hdickens.enteract/s.php' not found or unable to stat, referer: https://www.bing.com/
[Mon Jan 12 02:56:57.457190 2026] [php:error] [pid 16556] [client 44.237.227.52:0] script '/domains/hdickens.enteract/akcc.php' not found or unable to stat, referer: https://www.bing.com/
[Mon Jan 12 02:56:57.638878 2026] [php:error] [pid 16556] [client 227.165.248.97:0] script '/domains/hdickens.enteract/buy.php' not found or unable to stat, referer: https://www.google.fr/
[Mon Jan 12 02:56:57.823486 2026] [php:error] [pid 16556] [client 14.196.67.207:0] script '/domains/hdickens.enteract/xmrlpc.php' not found or unable to stat, referer: https://www.yahoo.com/
[Mon Jan 12 02:56:58.003835 2026] [php:error] [pid 16556] [client 8.188.101.131:0] script '/domains/hdickens.enteract/defaults.php' not found or unable to stat, referer: https://duckduckgo.com/
[Mon Jan 12 02:56:58.183932 2026] [php:error] [pid 16556] [client 121.235.126.211:0] script '/domains/hdickens.enteract/radio.php' not found or unable to stat, referer: https://www.bing.com/
[Mon Jan 12 02:56:58.364427 2026] [php:error] [pid 16556] [client 153.242.130.128:0] script '/domains/hdickens.enteract/images/wso.php' not found or unable to stat, referer: https://www.bing.com/
[Mon Jan 12 02:56:58.544125 2026] [php:error] [pid 16556] [client 86.38.223.49:0] script '/domains/hdickens.enteract/wp-xml.php' not found or unable to stat, referer: https://www.bing.com/
[Mon Jan 12 02:56:58.594629 2026] [php:error] [pid 16546] [client 151.220.48.209:0] script '/domains/performancepartsinc/default.php' not found or unable to stat, referer: https://www.google.de/
[Mon Jan 12 02:56:58.723833 2026] [php:error] [pid 16556] [client 221.200.157.211:0] script '/domains/hdickens.enteract/wp-conflg.php' not found or unable to stat, referer: https://www.google.com/
[Mon Jan 12 02:56:58.800427 2026] [php:error] [pid 16546] [client 43.125.12.219:0] script '/domains/performancepartsinc/motu.php' not found or unable to stat, referer: https://www.yahoo.com/
[Mon Jan 12 02:56:58.903623 2026] [php:error] [pid 16556] [client 241.210.244.156:0] script '/domains/hdickens.enteract/wp1.php' not found or unable to stat, referer: https://www.google.fr/
[Mon Jan 12 02:56:59.005811 2026] [php:error] [pid 16546] [client 138.19.107.152:0] script '/domains/performancepartsinc/past.php' not found or unable to stat, referer: https://www.google.fr/
[Mon Jan 12 02:56:59.211475 2026] [php:error] [pid 16546] [client 141.214.180.20:0] script '/domains/performancepartsinc/tinyfilemanager.php' not found or unable to stat, referer: https://www.yahoo.com/
[Mon Jan 12 02:56:59.417312 2026] [php:error] [pid 16546] [client 230.35.251.65:0] script '/domains/performancepartsinc/wp-file.php' not found or unable to stat, referer: https://www.google.co.uk/
[Mon Jan 12 02:56:59.622566 2026] [php:error] [pid 16546] [client 138.17.106.81:0] script '/domains/performancepartsinc/wp-trackback.php' not found or unable to stat, referer: https://www.google.co.uk/
[Mon Jan 12 02:56:59.827960 2026] [php:error] [pid 16546] [client 158.13.163.94:0] script '/domains/performancepartsinc/gecko.php' not found or unable to stat, referer: https://www.yahoo.com/
[Mon Jan 12 02:57:00.033297 2026] [php:error] [pid 16546] [client 154.107.177.133:0] script '/domains/performancepartsinc/install.php' not found or unable to stat, referer: https://duckduckgo.com/
[Mon Jan 12 02:57:00.444844 2026] [php:error] [pid 16546] [client 65.90.133.41:0] script '/domains/performancepartsinc/woh.php' not found or unable to stat, referer: https://www.yahoo.com/
[Mon Jan 12 02:57:00.855212 2026] [php:error] [pid 16546] [client 37.196.65.34:0] script '/domains/performancepartsinc/a.php' not found or unable to stat, referer: https://www.bing.com/
[Mon Jan 12 02:57:01.060688 2026] [php:error] [pid 16546] [client 25.119.5.23:0] script '/domains/performancepartsinc/eagle.php' not found or unable to stat, referer: https://www.yahoo.com/
[Mon Jan 12 02:57:02.087127 2026] [php:error] [pid 16546] [client 162.40.124.0:0] script '/domains/performancepartsinc/xc.php' not found or unable to stat, referer: https://www.yahoo.com/
[Mon Jan 12 02:57:02.292553 2026] [php:error] [pid 16546] [client 120.161.198.131:0] script '/domains/performancepartsinc/ahax.php' not found or unable to stat, referer: https://duckduckgo.com/
[Mon Jan 12 02:57:02.499293 2026] [php:error] [pid 16546] [client 42.9.30.176:0] script '/domains/performancepartsinc/server.php' not found or unable to stat, referer: https://www.bing.com/
[Mon Jan 12 02:57:03.120938 2026] [php:error] [pid 16546] [client 151.98.141.18:0] script '/domains/performancepartsinc/images/class-config.php' not found or unable to stat, referer: https://www.google.co.uk/
[Mon Jan 12 02:57:03.218818 2026] [php:error] [pid 16556] [client 94.70.50.151:0] script '/domains/hdickens.enteract/images/wso.php' not found or unable to stat, referer: https://www.google.fr/
[Mon Jan 12 02:57:16.314671 2026] [php:error] [pid 16561] [client 207.73.255.163:0] script '/domains/hdickens.enteract/php.php' not found or unable to stat, referer: https://www.google.co.uk/
[Mon Jan 12 02:57:17.365768 2026] [php:error] [pid 16561] [client 156.194.247.242:0] script '/domains/hdickens.enteract/contact.php' not found or unable to stat, referer: https://www.google.fr/
[Mon Jan 12 02:57:17.576279 2026] [php:error] [pid 16561] [client 210.117.197.220:0] script '/domains/hdickens.enteract/load.php' not found or unable to stat, referer: https://www.google.com/
[Mon Jan 12 02:57:17.998059 2026] [php:error] [pid 16561] [client 106.46.15.241:0] script '/domains/hdickens.enteract/wp-login.php' not found or unable to stat, referer: https://duckduckgo.com/
[Mon Jan 12 02:57:18.432131 2026] [php:error] [pid 16561] [client 19.154.38.204:0] script '/domains/hdickens.enteract/wp-Owl.php' not found or unable to stat, referer: https://www.yahoo.com/
[Mon Jan 12 02:57:18.643353 2026] [php:error] [pid 16561] [client 60.2.8.227:0] script '/domains/hdickens.enteract/classsmtps.php' not found or unable to stat, referer: https://duckduckgo.com/
[Mon Jan 12 02:57:20.540255 2026] [php:error] [pid 16561] [client 114.164.196.198:0] script '/domains/hdickens.enteract/moon.php' not found or unable to stat, referer: https://www.bing.com/
[Mon Jan 12 02:57:20.750458 2026] [php:error] [pid 16561] [client 42.10.254.185:0] script '/domains/hdickens.enteract/wp-blog.php' not found or unable to stat, referer: https://www.google.fr/
[Mon Jan 12 02:57:22.220628 2026] [php:error] [pid 16561] [client 49.92.8.197:0] script '/domains/hdickens.enteract/default.php' not found or unable to stat, referer: https://www.google.com/
[Mon Jan 12 02:57:22.437834 2026] [php:error] [pid 16561] [client 186.114.154.46:0] script '/domains/hdickens.enteract/motu.php' not found or unable to stat, referer: https://www.google.co.uk/
[Mon Jan 12 02:57:22.647990 2026] [php:error] [pid 16561] [client 84.48.161.37:0] script '/domains/hdickens.enteract/past.php' not found or unable to stat, referer: https://www.google.com/
[Mon Jan 12 02:57:22.858433 2026] [php:error] [pid 16561] [client 235.203.5.43:0] script '/domains/hdickens.enteract/tinyfilemanager.php' not found or unable to stat, referer: https://www.google.com/
[Mon Jan 12 02:57:23.068902 2026] [php:error] [pid 16561] [client 17.26.169.97:0] script '/domains/hdickens.enteract/wp-file.php' not found or unable to stat, referer: https://www.google.com/
[Mon Jan 12 02:57:23.280011 2026] [php:error] [pid 16561] [client 14.151.229.216:0] script '/domains/hdickens.enteract/wp-trackback.php' not found or unable to stat, referer: https://duckduckgo.com/
[Mon Jan 12 02:57:23.495446 2026] [php:error] [pid 16561] [client 167.60.241.177:0] script '/domains/hdickens.enteract/gecko.php' not found or unable to stat, referer: https://www.google.de/
[Mon Jan 12 02:57:23.705896 2026] [php:error] [pid 16561] [client 53.161.93.165:0] script '/domains/hdickens.enteract/install.php' not found or unable to stat, referer: https://www.google.co.uk/
[Mon Jan 12 02:57:24.126867 2026] [php:error] [pid 16561] [client 92.195.246.254:0] script '/domains/hdickens.enteract/woh.php' not found or unable to stat, referer: https://www.google.fr/
[Mon Jan 12 02:57:24.547660 2026] [php:error] [pid 16561] [client 121.230.241.47:0] script '/domains/hdickens.enteract/a.php' not found or unable to stat, referer: https://www.google.fr/
[Mon Jan 12 02:57:24.760212 2026] [php:error] [pid 16561] [client 64.105.187.190:0] script '/domains/hdickens.enteract/eagle.php' not found or unable to stat, referer: https://www.google.de/
[Mon Jan 12 02:57:25.819205 2026] [php:error] [pid 16561] [client 210.250.183.167:0] script '/domains/hdickens.enteract/xc.php' not found or unable to stat, referer: https://duckduckgo.com/
[Mon Jan 12 02:57:26.029376 2026] [php:error] [pid 16561] [client 16.219.76.229:0] script '/domains/hdickens.enteract/ahax.php' not found or unable to stat, referer: https://www.google.com/
[Mon Jan 12 02:57:26.239229 2026] [php:error] [pid 16561] [client 187.26.237.118:0] script '/domains/hdickens.enteract/server.php' not found or unable to stat, referer: https://www.google.fr/
[Mon Jan 12 02:57:26.869495 2026] [php:error] [pid 16561] [client 241.60.34.27:0] script '/domains/hdickens.enteract/images/class-config.php' not found or unable to stat, referer: https://www.google.com/
[Mon Jan 12 02:57:38.325793 2026] [php:error] [pid 16561] [client 28.158.64.85:0] script '/domains/system_default/config.php' not found or unable to stat, referer: https://www.google.de/
[Mon Jan 12 02:57:38.496542 2026] [php:error] [pid 16561] [client 224.157.150.235:0] script '/domains/system_default/ini.php' not found or unable to stat, referer: https://www.google.fr/
[Mon Jan 12 02:57:39.521380 2026] [php:error] [pid 16561] [client 155.159.3.204:0] script '/domains/system_default/wp-conf.php' not found or unable to stat, referer: https://www.google.de/
[Mon Jan 12 02:57:41.745930 2026] [php:error] [pid 16561] [client 173.72.228.179:0] script '/domains/system_default/up.php' not found or unable to stat, referer: https://www.yahoo.com/
[Mon Jan 12 02:57:43.803883 2026] [php:error] [pid 16561] [client 250.129.156.36:0] script '/domains/system_default/wp-mail.php' not found or unable to stat, referer: https://www.yahoo.com/
[Mon Jan 12 02:57:43.974459 2026] [php:error] [pid 16561] [client 171.119.220.228:0] script '/domains/system_default/wp-sign.php' not found or unable to stat, referer: https://www.google.de/
[Mon Jan 12 02:57:44.145278 2026] [php:error] [pid 16561] [client 16.170.162.152:0] script '/domains/system_default/wp-user.php' not found or unable to stat, referer: https://www.google.fr/
[Mon Jan 12 02:58:09.660470 2026] [php:error] [pid 16566] [client 40.65.177.112:0] script '/domains/nostrada/dox.php' not found or unable to stat
[Mon Jan 12 02:58:09.882225 2026] [php:error] [pid 16566] [client 40.65.177.112:0] script '/domains/nostrada/ton.php' not found or unable to stat
[Mon Jan 12 02:58:10.103579 2026] [php:error] [pid 16566] [client 40.65.177.112:0] script '/domains/nostrada/bala.php' not found or unable to stat
[Mon Jan 12 02:58:10.620750 2026] [php:error] [pid 16566] [client 40.65.177.112:0] script '/domains/nostrada/gecko.php' not found or unable to stat
[Mon Jan 12 02:58:10.763413 2026] [php:error] [pid 16564] [client 49.108.60.54:0] script '/domains/system_suspended/server.php' not found or unable to stat, referer: https://www.bing.com/
[Mon Jan 12 02:58:10.915914 2026] [rewrite:error] [pid 16563] [client 17.22.237.112:0] AH10508: Unsafe URL with %3f URL rewritten without UnsafeAllow3F
[Mon Jan 12 02:58:10.970701 2026] [php:error] [pid 16564] [client 14.151.111.38:0] script '/domains/system_suspended/about.php' not found or unable to stat, referer: https://www.google.de/
[Mon Jan 12 02:58:11.177383 2026] [php:error] [pid 16564] [client 41.35.140.188:0] script '/domains/system_suspended/admin.php' not found or unable to stat, referer: https://www.google.de/
[Mon Jan 12 02:58:11.267983 2026] [php:error] [pid 16566] [client 40.65.177.112:0] script '/domains/nostrada/log.php' not found or unable to stat
[Mon Jan 12 02:58:11.384358 2026] [php:error] [pid 16564] [client 236.205.220.21:0] script '/domains/system_suspended/adminfuns.php' not found or unable to stat, referer: https://www.google.fr/
[Mon Jan 12 02:58:11.490327 2026] [php:error] [pid 16566] [client 40.65.177.112:0] script '/domains/nostrada/xl2023.php' not found or unable to stat
[Mon Jan 12 02:58:11.591226 2026] [php:error] [pid 16564] [client 255.185.205.28:0] script '/domains/system_suspended/wp-good.php' not found or unable to stat, referer: https://www.yahoo.com/
[Mon Jan 12 02:58:11.711599 2026] [php:error] [pid 16566] [client 40.65.177.112:0] script '/domains/nostrada/wsoyanzorng.php' not found or unable to stat
[Mon Jan 12 02:58:11.802841 2026] [php:error] [pid 16564] [client 183.209.129.106:0] script '/domains/system_suspended/ahax.php' not found or unable to stat, referer: https://www.google.com/
[Mon Jan 12 02:58:11.932760 2026] [php:error] [pid 16566] [client 40.65.177.112:0] script '/domains/nostrada/alf.php' not found or unable to stat
[Mon Jan 12 02:58:12.009318 2026] [php:error] [pid 16564] [client 203.168.101.210:0] script '/domains/system_suspended/asasx.php' not found or unable to stat, referer: https://www.bing.com/
[Mon Jan 12 02:58:12.154122 2026] [php:error] [pid 16566] [client 40.65.177.112:0] script '/domains/nostrada/xmlrpc2.php' not found or unable to stat
[Mon Jan 12 02:58:12.215888 2026] [php:error] [pid 16564] [client 108.87.214.94:0] script '/domains/system_suspended/inputs.php' not found or unable to stat, referer: https://www.yahoo.com/
[Mon Jan 12 02:58:12.397671 2026] [php:error] [pid 16566] [client 40.65.177.112:0] script '/domains/nostrada/evil.php' not found or unable to stat
[Mon Jan 12 02:58:12.422944 2026] [php:error] [pid 16564] [client 175.56.44.239:0] script '/domains/system_suspended/bless.php' not found or unable to stat, referer: https://www.bing.com/
[Mon Jan 12 02:58:12.620800 2026] [php:error] [pid 16566] [client 40.65.177.112:0] script '/domains/nostrada/demo.php' not found or unable to stat
[Mon Jan 12 02:58:12.629321 2026] [php:error] [pid 16564] [client 242.106.150.207:0] script '/domains/system_suspended/edit.php' not found or unable to stat, referer: https://www.google.de/
[Mon Jan 12 02:58:12.836073 2026] [php:error] [pid 16564] [client 119.92.115.41:0] script '/domains/system_suspended/alfa.php' not found or unable to stat, referer: https://www.yahoo.com/
[Mon Jan 12 02:58:12.870095 2026] [php:error] [pid 16566] [client 40.65.177.112:0] script '/domains/nostrada/tmpshell.php' not found or unable to stat
[Mon Jan 12 02:58:13.042871 2026] [php:error] [pid 16564] [client 75.126.1.46:0] script '/domains/system_suspended/install.php' not found or unable to stat, referer: https://www.yahoo.com/
[Mon Jan 12 02:58:13.092739 2026] [php:error] [pid 16566] [client 40.65.177.112:0] script '/domains/nostrada/moto.php' not found or unable to stat
[Mon Jan 12 02:58:13.251383 2026] [php:error] [pid 16564] [client 109.161.109.59:0] script '/domains/system_suspended/abcd.php' not found or unable to stat, referer: https://duckduckgo.com/
[Mon Jan 12 02:58:13.458301 2026] [php:error] [pid 16564] [client 104.243.61.71:0] script '/domains/system_suspended/222.php' not found or unable to stat, referer: https://www.google.com/
[Mon Jan 12 02:58:13.665361 2026] [php:error] [pid 16564] [client 150.223.45.55:0] script '/domains/system_suspended/aa.php' not found or unable to stat, referer: https://www.yahoo.com/
[Mon Jan 12 02:58:13.873385 2026] [php:error] [pid 16564] [client 52.148.193.9:0] script '/domains/system_suspended/bolt.php' not found or unable to stat, referer: https://www.google.fr/
[Mon Jan 12 02:58:14.082849 2026] [php:error] [pid 16564] [client 114.165.54.88:0] script '/domains/system_suspended/file.php' not found or unable to stat, referer: https://www.google.de/
[Mon Jan 12 02:58:14.296837 2026] [php:error] [pid 16564] [client 86.178.34.138:0] script '/domains/system_suspended/info.php' not found or unable to stat, referer: https://www.bing.com/
[Mon Jan 12 02:58:14.405950 2026] [php:error] [pid 16566] [client 40.65.177.112:0] script '/domains/nostrada/columns.php' not found or unable to stat
[Mon Jan 12 02:58:14.504385 2026] [php:error] [pid 16564] [client 155.26.133.89:0] script '/domains/system_suspended/wp-editor.php' not found or unable to stat, referer: https://www.yahoo.com/
[Mon Jan 12 02:58:14.628166 2026] [php:error] [pid 16566] [client 40.65.177.112:0] script '/domains/nostrada/utchiha.php' not found or unable to stat
[Mon Jan 12 02:58:14.710899 2026] [php:error] [pid 16564] [client 169.216.132.48:0] script '/domains/system_suspended/themes.php' not found or unable to stat, referer: https://duckduckgo.com/
[Mon Jan 12 02:58:14.854576 2026] [php:error] [pid 16566] [client 40.65.177.112:0] script '/domains/nostrada/utchiha_uploader.php' not found or unable to stat
[Mon Jan 12 02:58:14.918129 2026] [php:error] [pid 16564] [client 234.132.188.154:0] script '/domains/system_suspended/classwithtostring.php' not found or unable to stat, referer: https://www.bing.com/
[Mon Jan 12 02:58:15.026896 2026] [php:error] [pid 16565] [client 44.241.32.88:0] script '/domains/system_default/wp-2019.php' not found or unable to stat, referer: https://www.google.co.uk/
[Mon Jan 12 02:58:15.076021 2026] [php:error] [pid 16566] [client 40.65.177.112:0] script '/domains/nostrada/Deadcode1975.php' not found or unable to stat
[Mon Jan 12 02:58:15.125823 2026] [php:error] [pid 16564] [client 3.87.196.192:0] script '/domains/system_suspended/class.php' not found or unable to stat, referer: https://www.google.de/
[Mon Jan 12 02:58:15.302991 2026] [php:error] [pid 16566] [client 40.65.177.112:0] script '/domains/nostrada/wp.php' not found or unable to stat
[Mon Jan 12 02:58:15.332249 2026] [php:error] [pid 16564] [client 96.219.63.25:0] script '/domains/system_suspended/gelay.php' not found or unable to stat, referer: https://www.yahoo.com/
[Mon Jan 12 02:58:15.484498 2026] [php:error] [pid 16565] [client 138.212.9.86:0] script '/domains/system_default/2.php' not found or unable to stat, referer: https://www.google.co.uk/
[Mon Jan 12 02:58:15.541592 2026] [php:error] [pid 16564] [client 48.252.174.238:0] script '/domains/system_suspended/wp.php' not found or unable to stat, referer: https://www.google.fr/
[Mon Jan 12 02:58:15.713695 2026] [php:error] [pid 16565] [client 83.27.150.145:0] script '/domains/system_default/css.php' not found or unable to stat, referer: https://www.yahoo.com/
[Mon Jan 12 02:58:15.748875 2026] [php:error] [pid 16564] [client 198.71.160.121:0] script '/domains/system_suspended/13.php' not found or unable to stat, referer: https://duckduckgo.com/
[Mon Jan 12 02:58:15.942829 2026] [php:error] [pid 16565] [client 75.6.99.93:0] script '/domains/system_default/f35.php' not found or unable to stat, referer: https://duckduckgo.com/
[Mon Jan 12 02:58:15.955579 2026] [php:error] [pid 16564] [client 141.40.221.219:0] script '/domains/system_suspended/fx.php' not found or unable to stat, referer: https://www.yahoo.com/
[Mon Jan 12 02:58:16.163006 2026] [php:error] [pid 16564] [client 238.44.237.205:0] script '/domains/system_suspended/black.php' not found or unable to stat, referer: https://www.google.de/
[Mon Jan 12 02:58:16.172198 2026] [php:error] [pid 16565] [client 210.214.245.254:0] script '/domains/system_default/gg.php' not found or unable to stat, referer: https://www.google.de/
[Mon Jan 12 02:58:16.212815 2026] [php:error] [pid 16566] [client 40.65.177.112:0] script '/domains/nostrada/shells.php' not found or unable to stat
[Mon Jan 12 02:58:16.370540 2026] [php:error] [pid 16564] [client 40.152.215.38:0] script '/domains/system_suspended/ioxi-o.php' not found or unable to stat, referer: https://www.yahoo.com/
[Mon Jan 12 02:58:16.401214 2026] [php:error] [pid 16565] [client 119.18.254.152:0] script '/domains/system_default/ma.php' not found or unable to stat, referer: https://www.bing.com/
[Mon Jan 12 02:58:16.435003 2026] [php:error] [pid 16566] [client 40.65.177.112:0] script '/domains/nostrada/wp-22.php' not found or unable to stat
[Mon Jan 12 02:58:16.576937 2026] [php:error] [pid 16564] [client 121.64.240.241:0] script '/domains/system_suspended/php.php' not found or unable to stat, referer: https://www.google.co.uk/
[Mon Jan 12 02:58:16.672247 2026] [php:error] [pid 16566] [client 40.65.177.112:0] script '/domains/nostrada/1975.php' not found or unable to stat
[Mon Jan 12 02:58:16.783641 2026] [php:error] [pid 16564] [client 254.89.181.23:0] script '/domains/system_suspended/s.php' not found or unable to stat, referer: https://duckduckgo.com/
[Mon Jan 12 02:58:16.901521 2026] [php:error] [pid 16566] [client 40.65.177.112:0] script '/domains/nostrada/emergency.php' not found or unable to stat
[Mon Jan 12 02:58:16.990029 2026] [php:error] [pid 16564] [client 2.249.174.89:0] script '/domains/system_suspended/akcc.php' not found or unable to stat, referer: https://www.yahoo.com/
[Mon Jan 12 02:58:17.155201 2026] [php:error] [pid 16566] [client 40.65.177.112:0] script '/domains/nostrada/cp.php' not found or unable to stat
[Mon Jan 12 02:58:17.196534 2026] [php:error] [pid 16564] [client 128.94.240.102:0] script '/domains/system_suspended/buy.php' not found or unable to stat, referer: https://www.google.co.uk/
[Mon Jan 12 02:58:17.376412 2026] [php:error] [pid 16566] [client 40.65.177.112:0] script '/domains/nostrada/Marvins.php' not found or unable to stat
[Mon Jan 12 02:58:17.402955 2026] [php:error] [pid 16564] [client 215.159.192.50:0] script '/domains/system_suspended/xmrlpc.php' not found or unable to stat, referer: https://www.yahoo.com/
[Mon Jan 12 02:58:17.597341 2026] [php:error] [pid 16566] [client 40.65.177.112:0] script '/domains/nostrada/rxr.php' not found or unable to stat
[Mon Jan 12 02:58:17.611348 2026] [php:error] [pid 16564] [client 130.144.219.234:0] script '/domains/system_suspended/defaults.php' not found or unable to stat, referer: https://www.bing.com/
[Mon Jan 12 02:58:17.776176 2026] [php:error] [pid 16565] [client 175.120.243.219:0] script '/domains/system_default/cc.php' not found or unable to stat, referer: https://www.google.com/
[Mon Jan 12 02:58:17.818264 2026] [php:error] [pid 16564] [client 231.218.171.88:0] script '/domains/system_suspended/radio.php' not found or unable to stat, referer: https://www.yahoo.com/
[Mon Jan 12 02:58:17.818565 2026] [php:error] [pid 16566] [client 40.65.177.112:0] script '/domains/nostrada/F0x.php' not found or unable to stat
[Mon Jan 12 02:58:18.240799 2026] [php:error] [pid 16564] [client 213.221.115.234:0] script '/domains/system_suspended/wp-xml.php' not found or unable to stat, referer: https://www.google.fr/
[Mon Jan 12 02:58:18.447106 2026] [php:error] [pid 16564] [client 106.119.227.37:0] script '/domains/system_suspended/wp-conflg.php' not found or unable to stat, referer: https://duckduckgo.com/
[Mon Jan 12 02:58:18.464038 2026] [php:error] [pid 16565] [client 20.160.226.156:0] script '/domains/system_default/help.php' not found or unable to stat, referer: https://www.google.com/
[Mon Jan 12 02:58:18.653225 2026] [php:error] [pid 16564] [client 79.186.51.253:0] script '/domains/system_suspended/wp1.php' not found or unable to stat, referer: https://www.google.co.uk/
[Mon Jan 12 02:58:18.660813 2026] [php:error] [pid 16566] [client 40.65.177.112:0] script '/domains/nostrada/images/F0x.php' not found or unable to stat
[Mon Jan 12 02:58:18.882048 2026] [php:error] [pid 16566] [client 40.65.177.112:0] script '/domains/nostrada/payload.php' not found or unable to stat
[Mon Jan 12 02:58:19.104459 2026] [php:error] [pid 16566] [client 40.65.177.112:0] script '/domains/nostrada/alfaindex.php' not found or unable to stat
[Mon Jan 12 02:58:19.327202 2026] [php:error] [pid 16566] [client 40.65.177.112:0] script '/domains/nostrada/www.php' not found or unable to stat
[Mon Jan 12 02:58:19.610028 2026] [php:error] [pid 16565] [client 199.26.28.70:0] script '/domains/system_default/13.php' not found or unable to stat, referer: https://www.google.de/
[Mon Jan 12 02:58:19.742845 2026] [php:error] [pid 16566] [client 40.65.177.112:0] script '/domains/nostrada/snd.php' not found or unable to stat
[Mon Jan 12 02:58:19.839233 2026] [php:error] [pid 16565] [client 254.160.160.0:0] script '/domains/system_default/doc.php' not found or unable to stat, referer: https://www.google.co.uk/
[Mon Jan 12 02:58:19.968649 2026] [php:error] [pid 16566] [client 40.65.177.112:0] script '/domains/nostrada/lalala.php' not found or unable to stat
[Mon Jan 12 02:58:20.192540 2026] [php:error] [pid 16566] [client 40.65.177.112:0] script '/domains/nostrada/me.php' not found or unable to stat
[Mon Jan 12 02:58:20.420480 2026] [php:error] [pid 16566] [client 40.65.177.112:0] script '/domains/nostrada/0x55.php' not found or unable to stat
[Mon Jan 12 02:58:20.659424 2026] [php:error] [pid 16566] [client 40.65.177.112:0] script '/domains/nostrada/xx.php' not found or unable to stat
[Mon Jan 12 02:58:21.214213 2026] [php:error] [pid 16565] [client 45.101.137.82:0] script '/domains/system_default/ava.php' not found or unable to stat, referer: https://www.google.fr/
[Mon Jan 12 02:58:21.243486 2026] [php:error] [pid 16566] [client 40.65.177.112:0] script '/domains/nostrada/alfa.php' not found or unable to stat
[Mon Jan 12 02:58:21.443065 2026] [php:error] [pid 16565] [client 71.122.114.112:0] script '/domains/system_default/shell20211028.php' not found or unable to stat, referer: https://www.google.com/
[Mon Jan 12 02:58:21.672024 2026] [php:error] [pid 16565] [client 22.124.46.156:0] script '/domains/system_default/st.php' not found or unable to stat, referer: https://www.google.com/
[Mon Jan 12 02:58:21.719152 2026] [php:error] [pid 16566] [client 40.65.177.112:0] script '/domains/nostrada/buy.php' not found or unable to stat
[Mon Jan 12 02:58:21.902123 2026] [php:error] [pid 16565] [client 113.53.247.184:0] script '/domains/system_default/ab.php' not found or unable to stat, referer: https://duckduckgo.com/
[Mon Jan 12 02:58:21.940866 2026] [php:error] [pid 16566] [client 40.65.177.112:0] script '/domains/nostrada/doc.php' not found or unable to stat
[Mon Jan 12 02:58:22.130891 2026] [php:error] [pid 16565] [client 185.123.173.97:0] script '/domains/system_default/bala.php' not found or unable to stat, referer: https://www.google.fr/
[Mon Jan 12 02:58:22.161539 2026] [php:error] [pid 16566] [client 40.65.177.112:0] script '/domains/nostrada/wp.php' not found or unable to stat
[Mon Jan 12 02:58:22.359875 2026] [php:error] [pid 16565] [client 13.139.50.54:0] script '/domains/system_default/ca4.php' not found or unable to stat, referer: https://www.google.fr/
[Mon Jan 12 02:58:22.384363 2026] [php:error] [pid 16566] [client 40.65.177.112:0] script '/domains/nostrada/lufix.php' not found or unable to stat
[Mon Jan 12 02:58:22.588498 2026] [php:error] [pid 16565] [client 196.167.31.135:0] script '/domains/system_default/content.php' not found or unable to stat, referer: https://www.google.de/
[Mon Jan 12 02:58:22.818602 2026] [php:error] [pid 16565] [client 38.57.160.46:0] script '/domains/system_default/gmo.php' not found or unable to stat, referer: https://duckduckgo.com/
[Mon Jan 12 02:58:22.857109 2026] [php:error] [pid 16566] [client 40.65.177.112:0] script '/domains/nostrada/elp.php' not found or unable to stat
[Mon Jan 12 02:58:23.047783 2026] [php:error] [pid 16565] [client 7.166.237.131:0] script '/domains/system_default/ulc6.php' not found or unable to stat, referer: https://www.google.de/
[Mon Jan 12 02:58:23.964037 2026] [php:error] [pid 16565] [client 101.148.177.201:0] script '/domains/system_default/xx.php' not found or unable to stat, referer: https://www.bing.com/
[Mon Jan 12 02:58:24.015718 2026] [php:error] [pid 16566] [client 40.65.177.112:0] script '/domains/nostrada/install.php' not found or unable to stat
[Mon Jan 12 02:58:24.193142 2026] [php:error] [pid 16565] [client 91.250.25.1:0] script '/domains/system_default/12.php' not found or unable to stat, referer: https://www.google.fr/
[Mon Jan 12 02:58:24.251633 2026] [php:error] [pid 16566] [client 40.65.177.112:0] script '/domains/nostrada/content.php' not found or unable to stat
[Mon Jan 12 02:58:24.422094 2026] [php:error] [pid 16565] [client 91.133.135.126:0] script '/domains/system_default/autoloadclassmap.php' not found or unable to stat, referer: https://www.google.de/
[Mon Jan 12 02:58:24.651164 2026] [php:error] [pid 16565] [client 103.222.191.73:0] script '/domains/system_default/berlin.php' not found or unable to stat, referer: https://www.google.fr/
[Mon Jan 12 02:58:25.040446 2026] [php:error] [pid 16566] [client 40.65.177.112:0] script '/domains/nostrada/wso.php' not found or unable to stat
[Mon Jan 12 02:58:25.261451 2026] [php:error] [pid 16566] [client 40.65.177.112:0] script '/domains/nostrada/h.php' not found or unable to stat
[Mon Jan 12 02:58:25.483727 2026] [php:error] [pid 16566] [client 40.65.177.112:0] script '/domains/nostrada/simple.php' not found or unable to stat
[Mon Jan 12 02:58:25.797086 2026] [php:error] [pid 16565] [client 107.187.103.20:0] script '/domains/system_default/ar.php' not found or unable to stat, referer: https://www.google.com/
[Mon Jan 12 02:58:26.028028 2026] [php:error] [pid 16565] [client 5.213.117.52:0] script '/domains/system_default/copypaths.php' not found or unable to stat, referer: https://duckduckgo.com/
[Mon Jan 12 02:58:26.121287 2026] [php:error] [pid 16566] [client 40.65.177.112:0] script '/domains/nostrada/zwso.php' not found or unable to stat
[Mon Jan 12 02:58:26.259018 2026] [php:error] [pid 16565] [client 160.21.248.168:0] script '/domains/system_default/function.php' not found or unable to stat, referer: https://www.google.de/
[Mon Jan 12 02:58:26.343598 2026] [php:error] [pid 16566] [client 40.65.177.112:0] script '/domains/nostrada/lock.php' not found or unable to stat
[Mon Jan 12 02:58:26.490309 2026] [php:error] [pid 16565] [client 175.180.176.66:0] script '/domains/system_default/go.php' not found or unable to stat, referer: https://www.yahoo.com/
[Mon Jan 12 02:58:26.566228 2026] [php:error] [pid 16566] [client 40.65.177.112:0] script '/domains/nostrada/x.php' not found or unable to stat
[Mon Jan 12 02:58:26.719896 2026] [php:error] [pid 16565] [client 79.59.174.184:0] script '/domains/system_default/options-reading.php' not found or unable to stat, referer: https://www.google.co.uk/
[Mon Jan 12 02:58:26.789406 2026] [php:error] [pid 16566] [client 40.65.177.112:0] script '/domains/nostrada/404.php' not found or unable to stat
[Mon Jan 12 02:58:26.950712 2026] [php:error] [pid 16565] [client 129.243.200.135:0] script '/domains/system_default/randkeyword.php' not found or unable to stat, referer: https://www.google.de/
[Mon Jan 12 02:58:28.619472 2026] [php:error] [pid 16566] [client 40.65.177.112:0] script '/domains/nostrada/moon.php' not found or unable to stat
[Mon Jan 12 02:58:28.840702 2026] [php:error] [pid 16566] [client 40.65.177.112:0] script '/domains/nostrada/403.php' not found or unable to stat
[Mon Jan 12 02:58:29.075074 2026] [php:error] [pid 16566] [client 40.65.177.112:0] script '/domains/nostrada/user.php' not found or unable to stat
[Mon Jan 12 02:58:29.622967 2026] [php:error] [pid 16566] [client 40.65.177.112:0] script '/domains/nostrada/web.php' not found or unable to stat
[Mon Jan 12 02:58:29.844842 2026] [php:error] [pid 16566] [client 40.65.177.112:0] script '/domains/nostrada/acwfihfh.php' not found or unable to stat
[Mon Jan 12 02:58:30.077435 2026] [php:error] [pid 16566] [client 40.65.177.112:0] script '/domains/nostrada/file.php' not found or unable to stat
[Mon Jan 12 02:58:30.753615 2026] [php:error] [pid 16566] [client 40.65.177.112:0] script '/domains/nostrada/ea.php' not found or unable to stat
[Mon Jan 12 02:58:30.975316 2026] [php:error] [pid 16566] [client 40.65.177.112:0] script '/domains/nostrada/2clas.php' not found or unable to stat
[Mon Jan 12 02:58:31.268391 2026] [php:error] [pid 16566] [client 40.65.177.112:0] script '/domains/nostrada/item.php' not found or unable to stat
[Mon Jan 12 02:58:31.489912 2026] [php:error] [pid 16566] [client 40.65.177.112:0] script '/domains/nostrada/0x0x.php' not found or unable to stat
[Mon Jan 12 02:58:31.711095 2026] [php:error] [pid 16566] [client 40.65.177.112:0] script '/domains/nostrada/nov.php' not found or unable to stat
[Mon Jan 12 02:58:32.426340 2026] [php:error] [pid 16566] [client 40.65.177.112:0] script '/domains/nostrada/wp-good.php' not found or unable to stat
[Mon Jan 12 02:58:32.735820 2026] [php:error] [pid 16566] [client 40.65.177.112:0] script '/domains/nostrada/555.php' not found or unable to stat
[Mon Jan 12 02:58:32.956849 2026] [php:error] [pid 16566] [client 40.65.177.112:0] script '/domains/nostrada/lanz.php' not found or unable to stat
[Mon Jan 12 02:58:33.179206 2026] [php:error] [pid 16566] [client 40.65.177.112:0] script '/domains/nostrada/ha.php' not found or unable to stat
[Mon Jan 12 02:58:33.404354 2026] [php:error] [pid 16566] [client 40.65.177.112:0] script '/domains/nostrada/3406.php' not found or unable to stat
[Mon Jan 12 02:58:33.626328 2026] [php:error] [pid 16566] [client 40.65.177.112:0] script '/domains/nostrada/mail.php' not found or unable to stat
[Mon Jan 12 02:58:33.847461 2026] [php:error] [pid 16566] [client 40.65.177.112:0] script '/domains/nostrada/cccc.php' not found or unable to stat
[Mon Jan 12 02:58:34.289185 2026] [php:error] [pid 16566] [client 40.65.177.112:0] script '/domains/nostrada/file2.php' not found or unable to stat
[Mon Jan 12 02:58:35.031405 2026] [php:error] [pid 16566] [client 40.65.177.112:0] script '/domains/nostrada/ws28.php' not found or unable to stat
[Mon Jan 12 02:58:35.252583 2026] [php:error] [pid 16566] [client 40.65.177.112:0] script '/domains/nostrada/a2.php' not found or unable to stat
[Mon Jan 12 02:58:35.473929 2026] [php:error] [pid 16566] [client 40.65.177.112:0] script '/domains/nostrada/000.php' not found or unable to stat
[Mon Jan 12 02:58:35.694774 2026] [php:error] [pid 16566] [client 40.65.177.112:0] script '/domains/nostrada/xx.php' not found or unable to stat
[Mon Jan 12 02:58:35.916139 2026] [php:error] [pid 16566] [client 40.65.177.112:0] script '/domains/nostrada/avtst.php' not found or unable to stat
