[Fri Jan 09 08:10:09.539007 2026] [core:crit] [pid 470] (13)Permission denied: [client 47.82.11.25:0] AH00529: /domains/performancepartsinc/graphics/psd/.htaccess pcfg_openfile: unable to check htaccess file, ensure it is readable and that '/domains/performancepartsinc/graphics/psd/' is executable, referer: http://www.performancepartsinc.com/
[Fri Jan 09 08:10:33.046343 2026] [php:error] [pid 500] [client 206.189.151.177:0] script '/domains/cccweb/wp-login.php' not found or unable to stat
[Fri Jan 09 08:10:50.760302 2026] [php:error] [pid 517] [client 208.84.101.66:0] script '/domains/mjbradley/xmlrpc.php' not found or unable to stat
[Fri Jan 09 08:10:55.861977 2026] [php:error] [pid 517] [client 208.84.101.66:0] script '/domains/tmandel/xmlrpc.php' not found or unable to stat
[Fri Jan 09 08:15:15.665201 2026] [php:error] [pid 579] [client 195.178.110.132:0] script '/domains/brigadeweb/wp-config.php' not found or unable to stat
[Fri Jan 09 08:15:15.748207 2026] [php:error] [pid 579] [client 195.178.110.132:0] script '/domains/brigadeweb/wp-config.php.old' not found or unable to stat
[Fri Jan 09 08:15:15.830906 2026] [php:error] [pid 579] [client 195.178.110.132:0] script '/domains/brigadeweb/config.php' not found or unable to stat
[Fri Jan 09 08:15:15.913813 2026] [php:error] [pid 579] [client 195.178.110.132:0] script '/domains/brigadeweb/config.php.bak' not found or unable to stat
[Fri Jan 09 08:16:34.106553 2026] [php:error] [pid 6302] [client 138.197.19.215:0] script '/domains/mjbradley/wp-login.php' not found or unable to stat
[Fri Jan 09 08:17:17.996256 2026] [php:error] [pid 6302] [client 175.177.178.1:0] script '/domains/larrysr/xmlrpc.php' not found or unable to stat
[Fri Jan 09 08:17:19.202310 2026] [php:error] [pid 6304] [client 161.97.161.228:0] script '/domains/fayemoran/phpinfo.php' not found or unable to stat
[Fri Jan 09 08:17:22.563516 2026] [php:error] [pid 6304] [client 161.97.161.228:0] script '/domains/fayemoran/info.php' not found or unable to stat
[Fri Jan 09 08:17:31.906015 2026] [php:error] [pid 6326] [client 43.207.175.254:0] script '/domains/rextrav/phpinfo.php' not found or unable to stat
[Fri Jan 09 08:17:33.298278 2026] [php:error] [pid 6322] [client 43.207.175.254:0] script '/domains/rextrav/info.php' not found or unable to stat
[Fri Jan 09 08:17:35.614918 2026] [php:error] [pid 6319] [client 43.207.175.254:0] script '/domains/rextrav/test.php' not found or unable to stat
[Fri Jan 09 08:17:52.336822 2026] [core:crit] [pid 6302] (13)Permission denied: [client 3.217.82.254:0] AH00529: /domains/performancepartsinc/graphics/psd/.htaccess pcfg_openfile: unable to check htaccess file, ensure it is readable and that '/domains/performancepartsinc/graphics/psd/' is executable
[Fri Jan 09 08:17:55.962149 2026] [php:error] [pid 6323] [client 43.207.175.254:0] script '/domains/rextrav/server.php' not found or unable to stat
[Fri Jan 09 08:17:56.886970 2026] [php:error] [pid 6322] [client 43.207.175.254:0] script '/domains/rextrav/php_version.php' not found or unable to stat
[Fri Jan 09 08:17:58.278099 2026] [php:error] [pid 6322] [client 43.207.175.254:0] script '/domains/rextrav/pi.php' not found or unable to stat
[Fri Jan 09 08:18:01.639460 2026] [php:error] [pid 6328] [client 43.207.175.254:0] script '/domains/rextrav/php.php' not found or unable to stat
[Fri Jan 09 08:18:03.954863 2026] [php:error] [pid 6330] [client 43.207.175.254:0] script '/domains/rextrav/i.php' not found or unable to stat
[Fri Jan 09 08:18:09.500270 2026] [php:error] [pid 6323] [client 43.207.175.254:0] script '/domains/rextrav/configuration.php' not found or unable to stat
[Fri Jan 09 08:18:19.719146 2026] [php:error] [pid 6328] [client 43.207.175.254:0] script '/domains/rextrav/debug.php' not found or unable to stat
[Fri Jan 09 08:18:20.888897 2026] [php:error] [pid 6331] [client 43.207.175.254:0] script '/domains/rextrav/info2.php' not found or unable to stat
[Fri Jan 09 08:18:21.452191 2026] [php:error] [pid 6337] [client 43.207.175.254:0] script '/domains/rextrav/info1.php' not found or unable to stat
[Fri Jan 09 08:18:21.916000 2026] [php:error] [pid 6337] [client 43.207.175.254:0] script '/domains/rextrav/php_info.php' not found or unable to stat
[Fri Jan 09 08:18:22.196213 2026] [php:error] [pid 6336] [client 195.178.110.132:0] script '/domains/egmaweb/wp-config.php' not found or unable to stat
[Fri Jan 09 08:18:22.278609 2026] [php:error] [pid 6336] [client 195.178.110.132:0] script '/domains/egmaweb/wp-config.php.old' not found or unable to stat
[Fri Jan 09 08:18:22.361080 2026] [php:error] [pid 6336] [client 195.178.110.132:0] script '/domains/egmaweb/config.php' not found or unable to stat
[Fri Jan 09 08:18:22.443429 2026] [php:error] [pid 6336] [client 195.178.110.132:0] script '/domains/egmaweb/config.php.bak' not found or unable to stat
[Fri Jan 09 08:18:29.618665 2026] [php:error] [pid 6332] [client 45.148.10.160:0] script '/domains/telacomp/phpinfo.php' not found or unable to stat
[Fri Jan 09 08:18:30.695798 2026] [php:error] [pid 6323] [client 43.207.175.254:0] script '/domains/rextrav/testphp.php' not found or unable to stat
[Fri Jan 09 08:18:31.156646 2026] [php:error] [pid 6336] [client 43.207.175.254:0] script '/domains/rextrav/infophp.php' not found or unable to stat
[Fri Jan 09 08:18:31.617381 2026] [php:error] [pid 6333] [client 43.207.175.254:0] script '/domains/rextrav/php-info.php' not found or unable to stat
[Fri Jan 09 08:18:32.081493 2026] [php:error] [pid 6331] [client 43.207.175.254:0] script '/domains/rextrav/info_php.php' not found or unable to stat
[Fri Jan 09 08:18:32.544468 2026] [php:error] [pid 6330] [client 43.207.175.254:0] script '/domains/rextrav/t.php' not found or unable to stat
[Fri Jan 09 08:18:33.007856 2026] [php:error] [pid 6336] [client 43.207.175.254:0] script '/domains/rextrav/p.php' not found or unable to stat
[Fri Jan 09 08:18:33.469574 2026] [php:error] [pid 6333] [client 43.207.175.254:0] script '/domains/rextrav/3.php' not found or unable to stat
[Fri Jan 09 08:18:33.930793 2026] [php:error] [pid 6331] [client 43.207.175.254:0] script '/domains/rextrav/2.php' not found or unable to stat
[Fri Jan 09 08:18:34.394282 2026] [php:error] [pid 6340] [client 43.207.175.254:0] script '/domains/rextrav/1.php' not found or unable to stat
[Fri Jan 09 08:18:34.858824 2026] [php:error] [pid 6336] [client 43.207.175.254:0] script '/domains/rextrav/probe.php' not found or unable to stat
[Fri Jan 09 08:18:35.322630 2026] [php:error] [pid 6331] [client 43.207.175.254:0] script '/domains/rextrav/check.php' not found or unable to stat
[Fri Jan 09 08:18:35.783656 2026] [php:error] [pid 6322] [client 43.207.175.254:0] script '/domains/rextrav/phptest.php' not found or unable to stat
[Fri Jan 09 08:18:36.245843 2026] [php:error] [pid 6340] [client 43.207.175.254:0] script '/domains/rextrav/diagnostic.php' not found or unable to stat
[Fri Jan 09 08:18:36.708683 2026] [php:error] [pid 6335] [client 43.207.175.254:0] script '/domains/rextrav/serverinfo.php' not found or unable to stat
[Fri Jan 09 08:18:37.171639 2026] [php:error] [pid 6331] [client 43.207.175.254:0] script '/domains/rextrav/phpversion.php' not found or unable to stat
[Fri Jan 09 08:18:37.634012 2026] [php:error] [pid 6322] [client 43.207.175.254:0] script '/domains/rextrav/info3.php' not found or unable to stat
[Fri Jan 09 08:18:51.531925 2026] [php:error] [pid 6343] [client 45.148.10.160:0] script '/domains/telacomp/_phpinfo.php' not found or unable to stat
[Fri Jan 09 08:20:17.844437 2026] [php:error] [pid 6331] [client 45.148.10.160:0] script '/domains/telacomp/wp-config.php.bak' not found or unable to stat
[Fri Jan 09 08:20:18.492015 2026] [php:error] [pid 6331] [client 45.148.10.160:0] script '/domains/telacomp/info.php' not found or unable to stat
[Fri Jan 09 08:20:25.137373 2026] [php:error] [pid 6373] [client 45.148.10.160:0] script '/domains/telacomp/server_info.php' not found or unable to stat
[Fri Jan 09 08:20:29.291163 2026] [php:error] [pid 6373] [client 45.148.10.160:0] script '/domains/telacomp/app_dev.php' not found or unable to stat
[Fri Jan 09 08:20:30.001203 2026] [php:error] [pid 6373] [client 45.148.10.160:0] script '/domains/telacomp/test.php' not found or unable to stat
[Fri Jan 09 08:20:31.036268 2026] [access_compat:error] [pid 6373] [client 45.148.10.160:0] AH01797: client denied by server configuration: /domains/telacomp/server-info
[Fri Jan 09 08:20:32.949935 2026] [php:error] [pid 6382] [client 45.148.10.160:0] script '/domains/telacomp/server-info.php' not found or unable to stat
[Fri Jan 09 08:21:25.826591 2026] [php:error] [pid 6395] [client 13.71.36.82:0] script '/domains/system_cancel/class-t.api.php' not found or unable to stat
[Fri Jan 09 08:21:26.873208 2026] [php:error] [pid 6395] [client 13.71.36.82:0] script '/domains/system_cancel/class19.php' not found or unable to stat
[Fri Jan 09 08:21:27.065424 2026] [php:error] [pid 6395] [client 13.71.36.82:0] script '/domains/system_cancel/class20.php' not found or unable to stat
[Fri Jan 09 08:21:27.257069 2026] [php:error] [pid 6395] [client 13.71.36.82:0] script '/domains/system_cancel/admin.php' not found or unable to stat
[Fri Jan 09 08:21:27.484771 2026] [php:error] [pid 6395] [client 13.71.36.82:0] script '/domains/system_cancel/randkeyword.php' not found or unable to stat
[Fri Jan 09 08:21:28.665775 2026] [php:error] [pid 6395] [client 13.71.36.82:0] script '/domains/system_cancel/tx1.php' not found or unable to stat
[Fri Jan 09 08:21:28.855037 2026] [php:error] [pid 6395] [client 13.71.36.82:0] script '/domains/system_cancel/xv.php' not found or unable to stat
[Fri Jan 09 08:21:29.047160 2026] [php:error] [pid 6395] [client 13.71.36.82:0] script '/domains/system_cancel/x56.php' not found or unable to stat
[Fri Jan 09 08:21:29.236345 2026] [php:error] [pid 6395] [client 13.71.36.82:0] script '/domains/system_cancel/htaccess.php' not found or unable to stat
[Fri Jan 09 08:21:29.425815 2026] [php:error] [pid 6395] [client 13.71.36.82:0] script '/domains/system_cancel/readme.php' not found or unable to stat
[Fri Jan 09 08:21:29.624568 2026] [php:error] [pid 6395] [client 13.71.36.82:0] script '/domains/system_cancel/x50.php' not found or unable to stat
[Fri Jan 09 08:21:30.598238 2026] [php:error] [pid 6395] [client 13.71.36.82:0] script '/domains/system_cancel/lsd.php' not found or unable to stat
[Fri Jan 09 08:21:30.788029 2026] [php:error] [pid 6395] [client 13.71.36.82:0] script '/domains/system_cancel/as.php' not found or unable to stat
[Fri Jan 09 08:21:31.952378 2026] [php:error] [pid 6395] [client 13.71.36.82:0] script '/domains/system_cancel/atx.php' not found or unable to stat
[Fri Jan 09 08:21:32.913202 2026] [php:error] [pid 6395] [client 13.71.36.82:0] script '/domains/system_cancel/m.php' not found or unable to stat
[Fri Jan 09 08:21:33.102615 2026] [php:error] [pid 6395] [client 13.71.36.82:0] script '/domains/system_cancel/themes.php' not found or unable to stat
[Fri Jan 09 08:21:34.167299 2026] [php:error] [pid 6395] [client 13.71.36.82:0] script '/domains/system_cancel/click.php' not found or unable to stat
[Fri Jan 09 08:21:34.356644 2026] [php:error] [pid 6395] [client 13.71.36.82:0] script '/domains/system_cancel/install.php' not found or unable to stat
[Fri Jan 09 08:21:34.554931 2026] [php:error] [pid 6395] [client 13.71.36.82:0] script '/domains/system_cancel/lv.php' not found or unable to stat
[Fri Jan 09 08:21:35.390722 2026] [php:error] [pid 6395] [client 13.71.36.82:0] script '/domains/system_cancel/css.php' not found or unable to stat
[Fri Jan 09 08:21:35.594700 2026] [php:error] [pid 6395] [client 13.71.36.82:0] script '/domains/system_cancel/cong.php' not found or unable to stat
[Fri Jan 09 08:21:36.298453 2026] [php:error] [pid 6395] [client 13.71.36.82:0] script '/domains/system_cancel/cong.php' not found or unable to stat
[Fri Jan 09 08:21:37.272844 2026] [php:error] [pid 6395] [client 13.71.36.82:0] script '/domains/system_cancel/ioxi-o.php' not found or unable to stat
[Fri Jan 09 08:21:37.871629 2026] [php:error] [pid 6395] [client 13.71.36.82:0] script '/domains/system_cancel/css.php' not found or unable to stat
[Fri Jan 09 08:21:38.851881 2026] [php:error] [pid 6395] [client 13.71.36.82:0] script '/domains/system_cancel/admin.php' not found or unable to stat
[Fri Jan 09 08:21:39.738486 2026] [php:error] [pid 6395] [client 13.71.36.82:0] script '/domains/system_cancel/classwithtostring.php' not found or unable to stat
[Fri Jan 09 08:21:39.927647 2026] [php:error] [pid 6395] [client 13.71.36.82:0] script '/domains/system_cancel/abcd.php' not found or unable to stat
[Fri Jan 09 08:21:40.209413 2026] [php:error] [pid 6395] [client 13.71.36.82:0] script '/domains/system_cancel/autoload_classmap.php' not found or unable to stat
[Fri Jan 09 08:21:40.398683 2026] [php:error] [pid 6395] [client 13.71.36.82:0] script '/domains/system_cancel/inputs.php' not found or unable to stat
[Fri Jan 09 08:21:40.588176 2026] [php:error] [pid 6395] [client 13.71.36.82:0] script '/domains/system_cancel/about.php' not found or unable to stat
[Fri Jan 09 08:21:40.778632 2026] [php:error] [pid 6395] [client 13.71.36.82:0] script '/domains/system_cancel/alfa.php' not found or unable to stat
[Fri Jan 09 08:21:42.352436 2026] [php:error] [pid 6395] [client 13.71.36.82:0] script '/domains/system_cancel/manager.php' not found or unable to stat
[Fri Jan 09 08:21:42.558772 2026] [php:error] [pid 6395] [client 13.71.36.82:0] script '/domains/system_cancel/item.php' not found or unable to stat
[Fri Jan 09 08:21:43.530965 2026] [php:error] [pid 6395] [client 13.71.36.82:0] script '/domains/system_cancel/mail.php' not found or unable to stat
[Fri Jan 09 08:21:45.026897 2026] [php:error] [pid 6395] [client 13.71.36.82:0] script '/domains/system_cancel/alfa.php' not found or unable to stat
[Fri Jan 09 08:21:57.425392 2026] [php:error] [pid 6395] [client 13.71.36.82:0] script '/domains/system_cancel/class.php' not found or unable to stat
[Fri Jan 09 08:21:58.835823 2026] [php:error] [pid 6395] [client 13.71.36.82:0] script '/domains/system_cancel/lock360.php' not found or unable to stat
[Fri Jan 09 08:21:59.533497 2026] [php:error] [pid 6395] [client 13.71.36.82:0] script '/domains/system_cancel/ioxi-o1.php' not found or unable to stat
[Fri Jan 09 08:22:00.148697 2026] [php:error] [pid 6395] [client 13.71.36.82:0] script '/domains/system_cancel/ha.php' not found or unable to stat
[Fri Jan 09 08:22:02.405378 2026] [php:error] [pid 6395] [client 13.71.36.82:0] script '/domains/system_cancel/ar.php' not found or unable to stat
[Fri Jan 09 08:22:02.605914 2026] [php:error] [pid 6395] [client 13.71.36.82:0] script '/domains/system_cancel/x.php' not found or unable to stat
[Fri Jan 09 08:22:02.870958 2026] [php:error] [pid 6395] [client 13.71.36.82:0] script '/domains/system_cancel/xx.php' not found or unable to stat
[Fri Jan 09 08:22:03.916174 2026] [php:error] [pid 6395] [client 13.71.36.82:0] script '/domains/system_cancel/ave.php' not found or unable to stat
[Fri Jan 09 08:22:04.947508 2026] [php:error] [pid 6395] [client 13.71.36.82:0] script '/domains/system_cancel/radio.php' not found or unable to stat
[Fri Jan 09 08:22:06.946081 2026] [php:error] [pid 6395] [client 13.71.36.82:0] script '/domains/system_cancel/nox.php' not found or unable to stat
[Fri Jan 09 08:22:07.592476 2026] [php:error] [pid 6395] [client 13.71.36.82:0] script '/domains/system_cancel/info.php' not found or unable to stat
[Fri Jan 09 08:22:07.797531 2026] [php:error] [pid 6395] [client 13.71.36.82:0] script '/domains/system_cancel/class9.php' not found or unable to stat
[Fri Jan 09 08:22:07.998274 2026] [php:error] [pid 6395] [client 13.71.36.82:0] script '/domains/system_cancel/la.php' not found or unable to stat
[Fri Jan 09 08:22:08.615812 2026] [php:error] [pid 6395] [client 13.71.36.82:0] script '/domains/system_cancel/ccou.php' not found or unable to stat
[Fri Jan 09 08:22:08.816366 2026] [php:error] [pid 6395] [client 13.71.36.82:0] script '/domains/system_cancel/ton.php' not found or unable to stat
[Fri Jan 09 08:22:09.317507 2026] [php:error] [pid 6382] [client 167.172.33.51:0] script '/domains/mschmid/wp-login.php' not found or unable to stat
[Fri Jan 09 08:22:09.927810 2026] [php:error] [pid 6395] [client 13.71.36.82:0] script '/domains/system_cancel/ac.php' not found or unable to stat
[Fri Jan 09 08:22:10.143871 2026] [php:error] [pid 6395] [client 13.71.36.82:0] script '/domains/system_cancel/new4.php' not found or unable to stat
[Fri Jan 09 08:22:10.785029 2026] [php:error] [pid 6395] [client 13.71.36.82:0] script '/domains/system_cancel/az.php' not found or unable to stat
[Fri Jan 09 08:22:10.987432 2026] [php:error] [pid 6395] [client 13.71.36.82:0] script '/domains/system_cancel/xaz.php' not found or unable to stat
[Fri Jan 09 08:22:11.996885 2026] [php:error] [pid 6395] [client 13.71.36.82:0] script '/domains/system_cancel/elp.php' not found or unable to stat
[Fri Jan 09 08:22:13.128978 2026] [php:error] [pid 6395] [client 13.71.36.82:0] script '/domains/system_cancel/xb.php' not found or unable to stat
[Fri Jan 09 08:22:14.844115 2026] [php:error] [pid 6429] [client 13.71.36.82:0] script '/domains/system_cancel/rh.php' not found or unable to stat
[Fri Jan 09 08:22:17.931754 2026] [php:error] [pid 6432] [client 164.92.170.93:0] script '/domains/ltemple/wp-login.php' not found or unable to stat
[Fri Jan 09 08:22:23.805956 2026] [php:error] [pid 6430] [client 167.172.33.51:0] script '/domains/apunderkofler/wp-login.php' not found or unable to stat
[Fri Jan 09 08:23:20.374183 2026] [php:error] [pid 6430] [client 45.148.10.158:0] script '/domains/csiniaws/phpinfo.php' not found or unable to stat
[Fri Jan 09 08:23:20.945675 2026] [php:error] [pid 6444] [client 45.148.10.158:0] script '/domains/csiniaws/info.php' not found or unable to stat
[Fri Jan 09 08:23:21.400818 2026] [php:error] [pid 6448] [client 45.148.10.158:0] script '/domains/csiniaws/test.php' not found or unable to stat
[Fri Jan 09 08:23:21.716475 2026] [php:error] [pid 6438] [client 45.148.10.158:0] script '/domains/csiniaws/php.php' not found or unable to stat
[Fri Jan 09 08:23:22.451469 2026] [php:error] [pid 6449] [client 45.148.10.158:0] script '/domains/csiniaws/i.php' not found or unable to stat
[Fri Jan 09 08:23:28.363538 2026] [php:error] [pid 6455] [client 45.148.10.158:0] script '/domains/csiniaws/wp-config.php.bak' not found or unable to stat
[Fri Jan 09 08:23:29.034829 2026] [php:error] [pid 6456] [client 45.148.10.158:0] script '/domains/csiniaws/config.php.bak' not found or unable to stat
[Fri Jan 09 08:23:32.949851 2026] [php:error] [pid 6449] [client 45.148.10.158:0] script '/domains/csiniaws/configuration.php.bak' not found or unable to stat
[Fri Jan 09 08:23:40.814649 2026] [core:crit] [pid 6448] (13)Permission denied: [client 47.128.96.40:0] AH00529: /domains/dcarlone/test/web/.htaccess pcfg_openfile: unable to check htaccess file, ensure it is readable and that '/domains/dcarlone/test/web/' is executable
[Fri Jan 09 08:23:43.710548 2026] [php:error] [pid 6461] [client 45.148.10.158:0] script '/domains/csiniaws/phpinfo.php' not found or unable to stat
[Fri Jan 09 08:23:44.065836 2026] [php:error] [pid 6460] [client 45.148.10.158:0] script '/domains/csiniaws/info.php' not found or unable to stat
[Fri Jan 09 08:23:44.512779 2026] [php:error] [pid 6461] [client 45.148.10.158:0] script '/domains/csiniaws/test.php' not found or unable to stat
[Fri Jan 09 08:23:44.797763 2026] [php:error] [pid 6460] [client 45.148.10.158:0] script '/domains/csiniaws/php.php' not found or unable to stat
[Fri Jan 09 08:23:45.215133 2026] [php:error] [pid 6460] [client 45.148.10.158:0] script '/domains/csiniaws/i.php' not found or unable to stat
[Fri Jan 09 08:23:48.781575 2026] [php:error] [pid 6467] [client 45.148.10.158:0] script '/domains/csiniaws/wp-config.php.bak' not found or unable to stat
[Fri Jan 09 08:23:50.065598 2026] [php:error] [pid 6470] [client 45.148.10.158:0] script '/domains/csiniaws/config.php.bak' not found or unable to stat
[Fri Jan 09 08:23:52.905670 2026] [php:error] [pid 6463] [client 45.148.10.158:0] script '/domains/csiniaws/configuration.php.bak' not found or unable to stat
[Fri Jan 09 08:24:10.159066 2026] [php:error] [pid 6471] [client 164.92.199.122:0] script '/domains/king1969/wp-login.php' not found or unable to stat
[Fri Jan 09 08:24:24.403328 2026] [php:error] [pid 6456] [client 142.248.80.123:0] script '/domains/agribiz/xmlrpc.php' not found or unable to stat
[Fri Jan 09 08:24:27.360308 2026] [php:error] [pid 6456] [client 164.92.190.44:0] script '/domains/biehlweb/wp-login.php' not found or unable to stat
[Fri Jan 09 08:24:31.866138 2026] [php:error] [pid 6458] [client 195.178.110.132:0] script '/domains/thuebner/wp-config.php' not found or unable to stat
[Fri Jan 09 08:24:31.948711 2026] [php:error] [pid 6458] [client 195.178.110.132:0] script '/domains/thuebner/wp-config.php.old' not found or unable to stat
[Fri Jan 09 08:24:32.031367 2026] [php:error] [pid 6458] [client 195.178.110.132:0] script '/domains/thuebner/config.php' not found or unable to stat
[Fri Jan 09 08:24:32.113851 2026] [php:error] [pid 6458] [client 195.178.110.132:0] script '/domains/thuebner/config.php.bak' not found or unable to stat
[Fri Jan 09 08:24:36.219311 2026] [php:error] [pid 6468] [client 167.99.135.214:0] script '/domains/pauljbrock/wp-login.php' not found or unable to stat
[Fri Jan 09 08:25:39.160262 2026] [php:error] [pid 6481] [client 165.232.185.28:0] script '/domains/thuebner/wp-login.php' not found or unable to stat
[Fri Jan 09 08:25:52.181650 2026] [php:error] [pid 6481] [client 164.92.170.93:0] script '/domains/tmandel/wp-login.php' not found or unable to stat
[Fri Jan 09 08:27:06.131115 2026] [php:error] [pid 6502] [client 66.249.66.42:0] script '/domains/hdickens.enteract/kmnj.php' not found or unable to stat
[Fri Jan 09 08:27:09.723153 2026] [php:error] [pid 6504] [client 145.239.10.137:0] script '/domains/highlandlabs/byp.php' not found or unable to stat, referer: http://highlandlabs.com/byp.php
[Fri Jan 09 08:27:16.856857 2026] [php:error] [pid 6503] [client 145.239.10.137:0] script '/domains/highlandlabs/byp.php' not found or unable to stat, referer: http://www.highlandlabs.com/byp.php
[Fri Jan 09 08:27:40.450691 2026] [core:crit] [pid 6521] (13)Permission denied: [client 47.128.122.166:0] AH00529: /domains/dcarlone/test/web/.htaccess pcfg_openfile: unable to check htaccess file, ensure it is readable and that '/domains/dcarlone/test/web/' is executable
[Fri Jan 09 08:27:59.090775 2026] [php:error] [pid 6504] [client 165.227.171.53:0] script '/domains/pauljbrock/wp-login.php' not found or unable to stat
[Fri Jan 09 08:28:18.234760 2026] [php:error] [pid 6519] [client 167.172.33.51:0] script '/domains/acagolf1/wp-login.php' not found or unable to stat
[Fri Jan 09 08:29:06.298213 2026] [php:error] [pid 6488] [client 165.227.128.48:0] script '/domains/agribiz/wp-login.php' not found or unable to stat
[Fri Jan 09 08:29:15.417690 2026] [php:error] [pid 6526] [client 18.143.183.59:0] script '/domains/fairlane1/phpinfo.php' not found or unable to stat
[Fri Jan 09 08:29:17.555802 2026] [php:error] [pid 6526] [client 18.143.183.59:0] script '/domains/fairlane1/info.php' not found or unable to stat
[Fri Jan 09 08:29:21.081925 2026] [php:error] [pid 6526] [client 18.143.183.59:0] script '/domains/fairlane1/test.php' not found or unable to stat
[Fri Jan 09 08:29:31.378232 2026] [php:error] [pid 6491] [client 177.136.15.2:0] script '/domains/peterbmiller/xmlrpc.php' not found or unable to stat
[Fri Jan 09 08:29:52.777042 2026] [php:error] [pid 6534] [client 18.143.183.59:0] script '/domains/fairlane1/server.php' not found or unable to stat
[Fri Jan 09 08:29:54.156314 2026] [php:error] [pid 6542] [client 18.143.183.59:0] script '/domains/fairlane1/php_version.php' not found or unable to stat
[Fri Jan 09 08:29:56.296016 2026] [php:error] [pid 6528] [client 18.143.183.59:0] script '/domains/fairlane1/pi.php' not found or unable to stat
[Fri Jan 09 08:29:57.971855 2026] [php:error] [pid 6526] [client 15.134.142.166:0] script '/domains/cccweb/phpinfo.php' not found or unable to stat
[Fri Jan 09 08:29:59.805428 2026] [php:error] [pid 6539] [client 15.134.142.166:0] script '/domains/cccweb/info.php' not found or unable to stat
[Fri Jan 09 08:30:01.420010 2026] [php:error] [pid 6541] [client 18.143.183.59:0] script '/domains/fairlane1/php.php' not found or unable to stat
[Fri Jan 09 08:30:02.861563 2026] [php:error] [pid 6534] [client 15.134.142.166:0] script '/domains/cccweb/test.php' not found or unable to stat
[Fri Jan 09 08:30:09.584668 2026] [php:error] [pid 6586] [client 18.143.183.59:0] script '/domains/fairlane1/i.php' not found or unable to stat
[Fri Jan 09 08:30:18.067796 2026] [php:error] [pid 6535] [client 18.143.183.59:0] script '/domains/fairlane1/configuration.php' not found or unable to stat
[Fri Jan 09 08:30:32.352854 2026] [php:error] [pid 6582] [client 18.143.183.59:0] script '/domains/fairlane1/debug.php' not found or unable to stat
[Fri Jan 09 08:30:33.110419 2026] [php:error] [pid 6592] [client 18.143.183.59:0] script '/domains/fairlane1/info2.php' not found or unable to stat
[Fri Jan 09 08:30:33.801775 2026] [php:error] [pid 6568] [client 18.143.183.59:0] script '/domains/fairlane1/info1.php' not found or unable to stat
[Fri Jan 09 08:30:34.092204 2026] [php:error] [pid 6581] [client 15.134.142.166:0] script '/domains/cccweb/server.php' not found or unable to stat
[Fri Jan 09 08:30:34.560005 2026] [php:error] [pid 6566] [client 18.143.183.59:0] script '/domains/fairlane1/php_info.php' not found or unable to stat
[Fri Jan 09 08:30:35.315880 2026] [php:error] [pid 6577] [client 15.134.142.166:0] script '/domains/cccweb/php_version.php' not found or unable to stat
[Fri Jan 09 08:30:37.152565 2026] [php:error] [pid 6551] [client 15.134.142.166:0] script '/domains/cccweb/pi.php' not found or unable to stat
[Fri Jan 09 08:30:41.441552 2026] [php:error] [pid 6580] [client 15.134.142.166:0] script '/domains/cccweb/php.php' not found or unable to stat
[Fri Jan 09 08:30:44.502865 2026] [php:error] [pid 6594] [client 15.134.142.166:0] script '/domains/cccweb/i.php' not found or unable to stat
[Fri Jan 09 08:30:48.005656 2026] [php:error] [pid 6582] [client 18.143.183.59:0] script '/domains/fairlane1/testphp.php' not found or unable to stat
[Fri Jan 09 08:30:48.710714 2026] [php:error] [pid 6567] [client 18.143.183.59:0] script '/domains/fairlane1/infophp.php' not found or unable to stat
[Fri Jan 09 08:30:49.467608 2026] [php:error] [pid 6566] [client 18.143.183.59:0] script '/domains/fairlane1/php-info.php' not found or unable to stat
[Fri Jan 09 08:30:50.170002 2026] [php:error] [pid 6579] [client 18.143.183.59:0] script '/domains/fairlane1/info_php.php' not found or unable to stat
[Fri Jan 09 08:30:50.888183 2026] [php:error] [pid 6612] [client 18.143.183.59:0] script '/domains/fairlane1/t.php' not found or unable to stat
[Fri Jan 09 08:30:51.632730 2026] [php:error] [pid 6590] [client 18.143.183.59:0] script '/domains/fairlane1/p.php' not found or unable to stat
[Fri Jan 09 08:30:51.855118 2026] [php:error] [pid 6526] [client 15.134.142.166:0] script '/domains/cccweb/configuration.php' not found or unable to stat
[Fri Jan 09 08:30:51.966289 2026] [php:error] [pid 6599] [client 45.148.10.158:0] script '/domains/system_suspended/phpinfo.php' not found or unable to stat
[Fri Jan 09 08:30:52.355920 2026] [php:error] [pid 6555] [client 18.143.183.59:0] script '/domains/fairlane1/3.php' not found or unable to stat
[Fri Jan 09 08:30:53.071998 2026] [php:error] [pid 6550] [client 18.143.183.59:0] script '/domains/fairlane1/2.php' not found or unable to stat
[Fri Jan 09 08:30:53.814315 2026] [php:error] [pid 6580] [client 18.143.183.59:0] script '/domains/fairlane1/1.php' not found or unable to stat
[Fri Jan 09 08:30:53.892297 2026] [php:error] [pid 6557] [client 45.148.10.158:0] script '/domains/system_suspended/info.php' not found or unable to stat
[Fri Jan 09 08:30:54.522227 2026] [php:error] [pid 6553] [client 18.143.183.59:0] script '/domains/fairlane1/probe.php' not found or unable to stat
[Fri Jan 09 08:30:55.258988 2026] [php:error] [pid 6591] [client 18.143.183.59:0] script '/domains/fairlane1/check.php' not found or unable to stat
[Fri Jan 09 08:30:55.961831 2026] [php:error] [pid 6596] [client 18.143.183.59:0] script '/domains/fairlane1/phptest.php' not found or unable to stat
[Fri Jan 09 08:30:55.997234 2026] [php:error] [pid 6584] [client 45.148.10.158:0] script '/domains/system_suspended/test.php' not found or unable to stat
[Fri Jan 09 08:30:56.690186 2026] [php:error] [pid 6594] [client 18.143.183.59:0] script '/domains/fairlane1/diagnostic.php' not found or unable to stat
[Fri Jan 09 08:30:57.405962 2026] [php:error] [pid 6555] [client 18.143.183.59:0] script '/domains/fairlane1/serverinfo.php' not found or unable to stat
[Fri Jan 09 08:30:58.078500 2026] [php:error] [pid 6534] [client 45.148.10.158:0] script '/domains/system_suspended/php.php' not found or unable to stat
[Fri Jan 09 08:30:58.123938 2026] [php:error] [pid 6559] [client 18.143.183.59:0] script '/domains/fairlane1/phpversion.php' not found or unable to stat
[Fri Jan 09 08:30:58.868484 2026] [php:error] [pid 6582] [client 18.143.183.59:0] script '/domains/fairlane1/info3.php' not found or unable to stat
[Fri Jan 09 08:31:01.302837 2026] [php:error] [pid 6579] [client 45.148.10.158:0] script '/domains/system_suspended/i.php' not found or unable to stat
[Fri Jan 09 08:31:03.196616 2026] [php:error] [pid 6550] [client 208.84.101.251:0] script '/domains/miles.interport/xmlrpc.php' not found or unable to stat
[Fri Jan 09 08:31:04.127790 2026] [php:error] [pid 6562] [client 15.134.142.166:0] script '/domains/cccweb/debug.php' not found or unable to stat
[Fri Jan 09 08:31:04.741167 2026] [php:error] [pid 6553] [client 15.134.142.166:0] script '/domains/cccweb/info2.php' not found or unable to stat
[Fri Jan 09 08:31:05.351237 2026] [php:error] [pid 6596] [client 15.134.142.166:0] script '/domains/cccweb/info1.php' not found or unable to stat
[Fri Jan 09 08:31:05.964422 2026] [php:error] [pid 6594] [client 15.134.142.166:0] script '/domains/cccweb/php_info.php' not found or unable to stat
[Fri Jan 09 08:31:15.417995 2026] [php:error] [pid 6553] [client 208.84.101.154:0] script '/domains/aatweb/xmlrpc.php' not found or unable to stat
[Fri Jan 09 08:31:17.631540 2026] [php:error] [pid 6588] [client 15.134.142.166:0] script '/domains/cccweb/testphp.php' not found or unable to stat
[Fri Jan 09 08:31:18.244563 2026] [php:error] [pid 6553] [client 15.134.142.166:0] script '/domains/cccweb/infophp.php' not found or unable to stat
[Fri Jan 09 08:31:18.864815 2026] [php:error] [pid 6582] [client 15.134.142.166:0] script '/domains/cccweb/php-info.php' not found or unable to stat
[Fri Jan 09 08:31:19.476701 2026] [php:error] [pid 6588] [client 15.134.142.166:0] script '/domains/cccweb/info_php.php' not found or unable to stat
[Fri Jan 09 08:31:20.088514 2026] [php:error] [pid 6553] [client 15.134.142.166:0] script '/domains/cccweb/t.php' not found or unable to stat
[Fri Jan 09 08:31:20.699840 2026] [php:error] [pid 6582] [client 15.134.142.166:0] script '/domains/cccweb/p.php' not found or unable to stat
[Fri Jan 09 08:31:21.314919 2026] [php:error] [pid 6608] [client 15.134.142.166:0] script '/domains/cccweb/3.php' not found or unable to stat
[Fri Jan 09 08:31:21.927864 2026] [php:error] [pid 6582] [client 15.134.142.166:0] script '/domains/cccweb/2.php' not found or unable to stat
[Fri Jan 09 08:31:22.539026 2026] [php:error] [pid 6615] [client 15.134.142.166:0] script '/domains/cccweb/1.php' not found or unable to stat
[Fri Jan 09 08:31:23.150318 2026] [php:error] [pid 6582] [client 15.134.142.166:0] script '/domains/cccweb/probe.php' not found or unable to stat
[Fri Jan 09 08:31:23.764417 2026] [php:error] [pid 6608] [client 15.134.142.166:0] script '/domains/cccweb/check.php' not found or unable to stat
[Fri Jan 09 08:31:24.375551 2026] [php:error] [pid 6615] [client 15.134.142.166:0] script '/domains/cccweb/phptest.php' not found or unable to stat
[Fri Jan 09 08:31:24.677613 2026] [php:error] [pid 6582] [client 45.148.10.158:0] script '/domains/system_suspended/wp-config.php.bak' not found or unable to stat
[Fri Jan 09 08:31:24.990636 2026] [php:error] [pid 6616] [client 15.134.142.166:0] script '/domains/cccweb/diagnostic.php' not found or unable to stat
[Fri Jan 09 08:31:25.602839 2026] [php:error] [pid 6608] [client 15.134.142.166:0] script '/domains/cccweb/serverinfo.php' not found or unable to stat
[Fri Jan 09 08:31:26.217980 2026] [php:error] [pid 6615] [client 15.134.142.166:0] script '/domains/cccweb/phpversion.php' not found or unable to stat
[Fri Jan 09 08:31:26.828884 2026] [php:error] [pid 6616] [client 15.134.142.166:0] script '/domains/cccweb/info3.php' not found or unable to stat
[Fri Jan 09 08:31:28.879075 2026] [php:error] [pid 6596] [client 45.148.10.158:0] script '/domains/system_suspended/config.php.bak' not found or unable to stat
[Fri Jan 09 08:31:47.977531 2026] [php:error] [pid 6608] [client 45.148.10.158:0] script '/domains/system_suspended/configuration.php.bak' not found or unable to stat
[Fri Jan 09 08:33:03.013132 2026] [core:error] [pid 6557] [client 192.241.142.133:0] AH10244: invalid URI path (/../../illu/dallas_1.jpg), referer: http://carillon.org/
[Fri Jan 09 08:33:03.975334 2026] [core:error] [pid 6553] [client 188.163.110.37:0] AH10244: invalid URI path (/../../illu/dallas_1.jpg), referer: http://carillon.org/
[Fri Jan 09 08:34:03.507554 2026] [php:error] [pid 6645] [client 40.119.197.161:0] script '/domains/system_default/smklh.php' not found or unable to stat
[Fri Jan 09 08:34:03.733262 2026] [php:error] [pid 6645] [client 40.119.197.161:0] script '/domains/system_default/ws28.php' not found or unable to stat
[Fri Jan 09 08:34:04.071014 2026] [php:error] [pid 6645] [client 40.119.197.161:0] script '/domains/system_default/X7x.php' not found or unable to stat
[Fri Jan 09 08:34:04.296897 2026] [php:error] [pid 6645] [client 40.119.197.161:0] script '/domains/system_default/100.kb.php' not found or unable to stat
[Fri Jan 09 08:34:04.522493 2026] [php:error] [pid 6645] [client 40.119.197.161:0] script '/domains/system_default/new.php' not found or unable to stat
[Fri Jan 09 08:34:04.748295 2026] [php:error] [pid 6645] [client 40.119.197.161:0] script '/domains/system_default/num.php' not found or unable to stat
[Fri Jan 09 08:34:04.974357 2026] [php:error] [pid 6645] [client 40.119.197.161:0] script '/domains/system_default/re.php' not found or unable to stat
[Fri Jan 09 08:34:05.200327 2026] [php:error] [pid 6645] [client 40.119.197.161:0] script '/domains/system_default/ahax.php' not found or unable to stat
[Fri Jan 09 08:34:05.426533 2026] [php:error] [pid 6645] [client 40.119.197.161:0] script '/domains/system_default/new4.php' not found or unable to stat
[Fri Jan 09 08:34:05.653039 2026] [php:error] [pid 6645] [client 40.119.197.161:0] script '/domains/system_default/JPG.php' not found or unable to stat
[Fri Jan 09 08:34:05.988769 2026] [php:error] [pid 6645] [client 40.119.197.161:0] script '/domains/system_default/ws35.php' not found or unable to stat
[Fri Jan 09 08:34:06.214650 2026] [php:error] [pid 6645] [client 40.119.197.161:0] script '/domains/system_default/rzki.php' not found or unable to stat
[Fri Jan 09 08:34:06.440837 2026] [php:error] [pid 6645] [client 40.119.197.161:0] script '/domains/system_default/oysdxc.php' not found or unable to stat
[Fri Jan 09 08:34:06.670310 2026] [php:error] [pid 6645] [client 40.119.197.161:0] script '/domains/system_default/xopvne.php' not found or unable to stat
[Fri Jan 09 08:34:07.145923 2026] [php:error] [pid 6645] [client 40.119.197.161:0] script '/domains/system_default/moie.php' not found or unable to stat
[Fri Jan 09 08:34:07.376685 2026] [php:error] [pid 6645] [client 40.119.197.161:0] script '/domains/system_default/hilk.php' not found or unable to stat
[Fri Jan 09 08:34:07.602281 2026] [php:error] [pid 6645] [client 40.119.197.161:0] script '/domains/system_default/gm.php' not found or unable to stat
[Fri Jan 09 08:34:07.829568 2026] [php:error] [pid 6645] [client 40.119.197.161:0] script '/domains/system_default/iko.php' not found or unable to stat
[Fri Jan 09 08:34:08.055873 2026] [php:error] [pid 6645] [client 40.119.197.161:0] script '/domains/system_default/hlonk.php' not found or unable to stat
[Fri Jan 09 08:34:08.283149 2026] [php:error] [pid 6645] [client 40.119.197.161:0] script '/domains/system_default/sagym.php' not found or unable to stat
[Fri Jan 09 08:34:08.509672 2026] [php:error] [pid 6645] [client 40.119.197.161:0] script '/domains/system_default/qvaaq.php' not found or unable to stat
[Fri Jan 09 08:34:08.735549 2026] [php:error] [pid 6645] [client 40.119.197.161:0] script '/domains/system_default/content.php' not found or unable to stat
[Fri Jan 09 08:34:09.229492 2026] [php:error] [pid 6645] [client 40.119.197.161:0] script '/domains/system_default/gi.php' not found or unable to stat
[Fri Jan 09 08:34:09.455753 2026] [php:error] [pid 6645] [client 40.119.197.161:0] script '/domains/system_default/ccou.php' not found or unable to stat
[Fri Jan 09 08:34:09.835471 2026] [php:error] [pid 6645] [client 40.119.197.161:0] script '/domains/system_default/wp-freya.php' not found or unable to stat
[Fri Jan 09 08:34:10.061277 2026] [php:error] [pid 6645] [client 40.119.197.161:0] script '/domains/system_default/frg.php' not found or unable to stat
[Fri Jan 09 08:34:10.534397 2026] [php:error] [pid 6645] [client 40.119.197.161:0] script '/domains/system_default/hly.php' not found or unable to stat
[Fri Jan 09 08:34:10.762388 2026] [php:error] [pid 6645] [client 40.119.197.161:0] script '/domains/system_default/to.php' not found or unable to stat
[Fri Jan 09 08:34:11.025563 2026] [php:error] [pid 6645] [client 40.119.197.161:0] script '/domains/system_default/v2.php' not found or unable to stat
[Fri Jan 09 08:34:11.253379 2026] [php:error] [pid 6645] [client 40.119.197.161:0] script '/domains/system_default/class-.php' not found or unable to stat
[Fri Jan 09 08:34:11.481421 2026] [php:error] [pid 6645] [client 40.119.197.161:0] script '/domains/system_default/fso.php' not found or unable to stat
[Fri Jan 09 08:34:11.711279 2026] [php:error] [pid 6645] [client 40.119.197.161:0] script '/domains/system_default/nox.php' not found or unable to stat
[Fri Jan 09 08:34:11.939080 2026] [php:error] [pid 6645] [client 40.119.197.161:0] script '/domains/system_default/fdd2.php' not found or unable to stat
[Fri Jan 09 08:34:12.192600 2026] [php:error] [pid 6645] [client 40.119.197.161:0] script '/domains/system_default/aQw.php' not found or unable to stat
[Fri Jan 09 08:34:12.420579 2026] [php:error] [pid 6645] [client 40.119.197.161:0] script '/domains/system_default/rh.php' not found or unable to stat
[Fri Jan 09 08:34:12.765091 2026] [php:error] [pid 6645] [client 40.119.197.161:0] script '/domains/system_default/sto.php' not found or unable to stat
[Fri Jan 09 08:34:13.059343 2026] [php:error] [pid 6645] [client 40.119.197.161:0] script '/domains/system_default/bipas.php' not found or unable to stat
[Fri Jan 09 08:34:13.287463 2026] [php:error] [pid 6645] [client 40.119.197.161:0] script '/domains/system_default/xaz.php' not found or unable to stat
[Fri Jan 09 08:34:13.514912 2026] [php:error] [pid 6645] [client 40.119.197.161:0] script '/domains/system_default/conte.php' not found or unable to stat
[Fri Jan 09 08:34:13.807124 2026] [php:error] [pid 6645] [client 40.119.197.161:0] script '/domains/system_default/lopst.php' not found or unable to stat
[Fri Jan 09 08:34:14.046789 2026] [php:error] [pid 6645] [client 40.119.197.161:0] script '/domains/system_default/xv.php' not found or unable to stat
[Fri Jan 09 08:34:14.274958 2026] [php:error] [pid 6645] [client 40.119.197.161:0] script '/domains/system_default/ixj.php' not found or unable to stat
[Fri Jan 09 08:34:14.502491 2026] [php:error] [pid 6645] [client 40.119.197.161:0] script '/domains/system_default/nansa.php' not found or unable to stat
[Fri Jan 09 08:34:14.988151 2026] [php:error] [pid 6645] [client 40.119.197.161:0] script '/domains/system_default/gecko.php' not found or unable to stat
[Fri Jan 09 08:34:15.216033 2026] [php:error] [pid 6645] [client 40.119.197.161:0] script '/domains/system_default/blurbs.php' not found or unable to stat
[Fri Jan 09 08:34:15.444420 2026] [php:error] [pid 6645] [client 40.119.197.161:0] script '/domains/system_default/18299.php' not found or unable to stat
[Fri Jan 09 08:34:15.672308 2026] [php:error] [pid 6645] [client 40.119.197.161:0] script '/domains/system_default/wl.php' not found or unable to stat
[Fri Jan 09 08:34:15.900114 2026] [php:error] [pid 6645] [client 40.119.197.161:0] script '/domains/system_default/xsas.php' not found or unable to stat
[Fri Jan 09 08:34:16.128197 2026] [php:error] [pid 6645] [client 40.119.197.161:0] script '/domains/system_default/pn.php' not found or unable to stat
[Fri Jan 09 08:34:16.355764 2026] [php:error] [pid 6645] [client 40.119.197.161:0] script '/domains/system_default/x50.php' not found or unable to stat
[Fri Jan 09 08:34:16.587009 2026] [php:error] [pid 6645] [client 40.119.197.161:0] script '/domains/system_default/ant.php' not found or unable to stat
[Fri Jan 09 08:34:16.814844 2026] [php:error] [pid 6645] [client 40.119.197.161:0] script '/domains/system_default/show.php' not found or unable to stat
[Fri Jan 09 08:34:17.066245 2026] [php:error] [pid 6645] [client 40.119.197.161:0] script '/domains/system_default/cro.php' not found or unable to stat
[Fri Jan 09 08:34:17.293940 2026] [php:error] [pid 6645] [client 40.119.197.161:0] script '/domains/system_default/wo.php' not found or unable to stat
[Fri Jan 09 08:34:17.522761 2026] [php:error] [pid 6645] [client 40.119.197.161:0] script '/domains/system_default/shoyo.php' not found or unable to stat
[Fri Jan 09 08:34:17.754245 2026] [php:error] [pid 6645] [client 40.119.197.161:0] script '/domains/system_default/qqq.php' not found or unable to stat
[Fri Jan 09 08:34:17.984186 2026] [php:error] [pid 6645] [client 40.119.197.161:0] script '/domains/system_default/ccou.php' not found or unable to stat
[Fri Jan 09 08:34:18.226644 2026] [php:error] [pid 6645] [client 40.119.197.161:0] script '/domains/system_default/fz.php' not found or unable to stat
[Fri Jan 09 08:34:18.472363 2026] [php:error] [pid 6645] [client 40.119.197.161:0] script '/domains/system_default/congab.php' not found or unable to stat
[Fri Jan 09 08:34:18.829198 2026] [php:error] [pid 6645] [client 40.119.197.161:0] script '/domains/system_default/fv.php' not found or unable to stat
[Fri Jan 09 08:34:19.058137 2026] [php:error] [pid 6645] [client 40.119.197.161:0] script '/domains/system_default/X7x.php' not found or unable to stat
[Fri Jan 09 08:34:19.287100 2026] [php:error] [pid 6645] [client 40.119.197.161:0] script '/domains/system_default/xvent.php' not found or unable to stat
[Fri Jan 09 08:34:19.515955 2026] [php:error] [pid 6645] [client 40.119.197.161:0] script '/domains/system_default/zeu.php' not found or unable to stat
[Fri Jan 09 08:34:19.743623 2026] [php:error] [pid 6645] [client 40.119.197.161:0] script '/domains/system_default/jatuh.php' not found or unable to stat
[Fri Jan 09 08:34:20.129898 2026] [php:error] [pid 6645] [client 40.119.197.161:0] script '/domains/system_default/as.php' not found or unable to stat
[Fri Jan 09 08:34:20.358370 2026] [php:error] [pid 6645] [client 40.119.197.161:0] script '/domains/system_default/0o0.php' not found or unable to stat
[Fri Jan 09 08:34:20.600320 2026] [php:error] [pid 6645] [client 40.119.197.161:0] script '/domains/system_default/mans.php' not found or unable to stat
[Fri Jan 09 08:34:21.050860 2026] [php:error] [pid 6645] [client 40.119.197.161:0] script '/domains/system_default/info.php' not found or unable to stat
[Fri Jan 09 08:34:21.188217 2026] [php:error] [pid 6648] [client 20.78.178.249:0] script '/domains/system_cancel/aa.php' not found or unable to stat
[Fri Jan 09 08:34:21.356920 2026] [php:error] [pid 6648] [client 20.78.178.249:0] script '/domains/system_cancel/av.php' not found or unable to stat
[Fri Jan 09 08:34:21.526277 2026] [php:error] [pid 6648] [client 20.78.178.249:0] script '/domains/system_cancel/adminfuns.php' not found or unable to stat
[Fri Jan 09 08:34:21.528264 2026] [php:error] [pid 6645] [client 40.119.197.161:0] script '/domains/system_default/efsd.php' not found or unable to stat
[Fri Jan 09 08:34:21.759133 2026] [php:error] [pid 6645] [client 40.119.197.161:0] script '/domains/system_default/w1w.php' not found or unable to stat
[Fri Jan 09 08:34:22.225437 2026] [php:error] [pid 6648] [client 20.78.178.249:0] script '/domains/system_cancel/admin.php' not found or unable to stat
[Fri Jan 09 08:34:22.258790 2026] [php:error] [pid 6645] [client 40.119.197.161:0] script '/domains/system_default/up4.php' not found or unable to stat
[Fri Jan 09 08:34:22.486243 2026] [php:error] [pid 6645] [client 40.119.197.161:0] script '/domains/system_default/galex.php' not found or unable to stat
[Fri Jan 09 08:34:22.717053 2026] [php:error] [pid 6645] [client 40.119.197.161:0] script '/domains/system_default/file48.php' not found or unable to stat
[Fri Jan 09 08:34:22.888449 2026] [php:error] [pid 6648] [client 20.78.178.249:0] script '/domains/system_cancel/edit.php' not found or unable to stat
[Fri Jan 09 08:34:22.944364 2026] [php:error] [pid 6645] [client 40.119.197.161:0] script '/domains/system_default/hans.php' not found or unable to stat
[Fri Jan 09 08:34:23.060472 2026] [php:error] [pid 6648] [client 20.78.178.249:0] script '/domains/system_cancel/inc.php' not found or unable to stat
[Fri Jan 09 08:34:23.201494 2026] [php:error] [pid 6645] [client 40.119.197.161:0] script '/domains/system_default/kairolin.php' not found or unable to stat
[Fri Jan 09 08:34:23.402710 2026] [php:error] [pid 6648] [client 20.78.178.249:0] script '/domains/system_cancel/item.php' not found or unable to stat
[Fri Jan 09 08:34:23.429286 2026] [php:error] [pid 6645] [client 40.119.197.161:0] script '/domains/system_default/z60.php' not found or unable to stat
[Fri Jan 09 08:34:23.675153 2026] [php:error] [pid 6645] [client 40.119.197.161:0] script '/domains/system_default/9v6.php' not found or unable to stat
[Fri Jan 09 08:34:23.903295 2026] [php:error] [pid 6645] [client 40.119.197.161:0] script '/domains/system_default/ma.php' not found or unable to stat
[Fri Jan 09 08:34:23.934602 2026] [php:error] [pid 6648] [client 20.78.178.249:0] script '/domains/system_cancel/alfa.php' not found or unable to stat
[Fri Jan 09 08:34:24.103656 2026] [php:error] [pid 6648] [client 20.78.178.249:0] script '/domains/system_cancel/log.php' not found or unable to stat
[Fri Jan 09 08:34:24.130932 2026] [php:error] [pid 6645] [client 40.119.197.161:0] script '/domains/system_default/zozla.php' not found or unable to stat
[Fri Jan 09 08:34:24.294779 2026] [php:error] [pid 6648] [client 20.78.178.249:0] script '/domains/system_cancel/lock360.php' not found or unable to stat
[Fri Jan 09 08:34:24.358798 2026] [php:error] [pid 6645] [client 40.119.197.161:0] script '/domains/system_default/class9.php' not found or unable to stat
[Fri Jan 09 08:34:24.463539 2026] [php:error] [pid 6648] [client 20.78.178.249:0] script '/domains/system_cancel/class.php' not found or unable to stat
[Fri Jan 09 08:34:24.593148 2026] [php:error] [pid 6645] [client 40.119.197.161:0] script '/domains/system_default/ctex1.php' not found or unable to stat
[Fri Jan 09 08:34:24.838664 2026] [php:error] [pid 6645] [client 40.119.197.161:0] script '/domains/system_default/lts.php' not found or unable to stat
[Fri Jan 09 08:34:25.066258 2026] [php:error] [pid 6645] [client 40.119.197.161:0] script '/domains/system_default/mmm.php' not found or unable to stat
[Fri Jan 09 08:34:25.325797 2026] [php:error] [pid 6645] [client 40.119.197.161:0] script '/domains/system_default/Cok.php' not found or unable to stat
[Fri Jan 09 08:34:25.583893 2026] [php:error] [pid 6645] [client 40.119.197.161:0] script '/domains/system_default/lx.php' not found or unable to stat
[Fri Jan 09 08:34:25.811550 2026] [php:error] [pid 6645] [client 40.119.197.161:0] script '/domains/system_default/admiin.php' not found or unable to stat
[Fri Jan 09 08:34:26.050531 2026] [php:error] [pid 6645] [client 40.119.197.161:0] script '/domains/system_default/mcd.php' not found or unable to stat
[Fri Jan 09 08:34:26.266944 2026] [php:error] [pid 6648] [client 20.78.178.249:0] script '/domains/system_cancel/adminfuns.php' not found or unable to stat
[Fri Jan 09 08:34:26.278612 2026] [php:error] [pid 6645] [client 40.119.197.161:0] script '/domains/system_default/Zeiss.php' not found or unable to stat
[Fri Jan 09 08:34:26.506101 2026] [php:error] [pid 6645] [client 40.119.197.161:0] script '/domains/system_default/flower.php' not found or unable to stat
[Fri Jan 09 08:34:26.734123 2026] [php:error] [pid 6645] [client 40.119.197.161:0] script '/domains/system_default/zxl.php' not found or unable to stat
[Fri Jan 09 08:34:26.971311 2026] [php:error] [pid 6645] [client 40.119.197.161:0] script '/domains/system_default/EM.php' not found or unable to stat
[Fri Jan 09 08:34:27.205854 2026] [php:error] [pid 6645] [client 40.119.197.161:0] script '/domains/system_default/pop.php' not found or unable to stat
[Fri Jan 09 08:34:27.281918 2026] [php:error] [pid 6648] [client 20.78.178.249:0] script '/domains/system_cancel/hi.php' not found or unable to stat
[Fri Jan 09 08:34:27.445363 2026] [php:error] [pid 6645] [client 40.119.197.161:0] script '/domains/system_default/kcs.php' not found or unable to stat
[Fri Jan 09 08:34:27.672879 2026] [php:error] [pid 6645] [client 40.119.197.161:0] script '/domains/system_default/fh26.php' not found or unable to stat
