[Fri Jan 09 06:12:06.776820 2026] [php:error] [pid 76236] [client 45.148.10.158:0] script '/domains/jrp.interport/config.php.bak' not found or unable to stat
[Fri Jan 09 06:12:22.764347 2026] [php:error] [pid 76238] [client 167.71.251.80:0] script '/domains/lover/wp-login.php' not found or unable to stat
[Fri Jan 09 06:12:32.293260 2026] [php:error] [pid 76234] [client 208.84.101.102:0] script '/domains/quintet/xmlrpc.php' not found or unable to stat
[Fri Jan 09 06:12:32.336805 2026] [php:error] [pid 76243] [client 45.148.10.158:0] script '/domains/jrp.interport/configuration.php.bak' not found or unable to stat
[Fri Jan 09 06:14:17.189691 2026] [php:error] [pid 76245] [client 142.248.80.123:0] script '/domains/ceonlinenews/xmlrpc.php' not found or unable to stat
[Fri Jan 09 06:14:22.147718 2026] [core:crit] [pid 76245] (13)Permission denied: [client 114.119.150.248:0] AH00529: /domains/dcarlone/test/web/.htaccess pcfg_openfile: unable to check htaccess file, ensure it is readable and that '/domains/dcarlone/test/web/' is executable, referer: http://www.carloneassociates.com/test/web/i.php/real-college-hookup-stories/
[Fri Jan 09 06:15:10.424675 2026] [php:error] [pid 76251] [client 208.84.101.102:0] script '/domains/fbardin/xmlrpc.php' not found or unable to stat
[Fri Jan 09 06:15:51.320177 2026] [php:error] [pid 81893] [client 159.65.187.122:0] script '/domains/pauljbrock/wp-login.php' not found or unable to stat
[Fri Jan 09 06:16:45.671498 2026] [php:error] [pid 81901] [client 208.84.101.154:0] script '/domains/astrosfm/xmlrpc.php' not found or unable to stat
[Fri Jan 09 06:17:34.412588 2026] [php:error] [pid 81907] [client 130.12.182.47:0] script '/domains/tmandel/wp-login.php' not found or unable to stat
[Fri Jan 09 06:17:35.280785 2026] [php:error] [pid 81908] [client 130.12.182.47:0] script '/domains/tmandel/wp-login.php' not found or unable to stat, referer: https://duckduckgo.com/
[Fri Jan 09 06:19:07.491727 2026] [php:error] [pid 81928] [client 45.148.10.158:0] script '/domains/tamara1/phpinfo.php' not found or unable to stat
[Fri Jan 09 06:19:08.884081 2026] [php:error] [pid 81917] [client 45.148.10.158:0] script '/domains/tamara1/info.php' not found or unable to stat
[Fri Jan 09 06:19:11.045498 2026] [php:error] [pid 81923] [client 45.148.10.158:0] script '/domains/tamara1/test.php' not found or unable to stat
[Fri Jan 09 06:19:12.659875 2026] [php:error] [pid 81928] [client 45.148.10.158:0] script '/domains/tamara1/php.php' not found or unable to stat
[Fri Jan 09 06:19:15.603361 2026] [php:error] [pid 81917] [client 45.148.10.158:0] script '/domains/tamara1/i.php' not found or unable to stat
[Fri Jan 09 06:19:41.607316 2026] [php:error] [pid 81934] [client 45.148.10.158:0] script '/domains/tamara1/wp-config.php.bak' not found or unable to stat
[Fri Jan 09 06:19:45.038052 2026] [php:error] [pid 81934] [client 45.148.10.158:0] script '/domains/tamara1/config.php.bak' not found or unable to stat
[Fri Jan 09 06:19:49.159010 2026] [php:error] [pid 81937] [client 165.227.179.66:0] script '/domains/homesbyaudrey1/wp-login.php' not found or unable to stat
[Fri Jan 09 06:20:07.006423 2026] [php:error] [pid 81932] [client 45.148.10.158:0] script '/domains/tamara1/configuration.php.bak' not found or unable to stat
[Fri Jan 09 06:20:18.921308 2026] [php:error] [pid 81938] [client 13.239.225.28:0] script '/domains/afglcweb/phpinfo.php' not found or unable to stat
[Fri Jan 09 06:20:21.988997 2026] [php:error] [pid 81934] [client 13.239.225.28:0] script '/domains/afglcweb/info.php' not found or unable to stat
[Fri Jan 09 06:20:26.110634 2026] [php:error] [pid 81934] [client 13.239.225.28:0] script '/domains/afglcweb/test.php' not found or unable to stat
[Fri Jan 09 06:20:54.333372 2026] [php:error] [pid 81934] [client 13.239.225.28:0] script '/domains/afglcweb/server.php' not found or unable to stat
[Fri Jan 09 06:20:55.584770 2026] [php:error] [pid 81948] [client 13.239.225.28:0] script '/domains/afglcweb/php_version.php' not found or unable to stat
[Fri Jan 09 06:20:57.460933 2026] [php:error] [pid 81940] [client 13.239.225.28:0] script '/domains/afglcweb/pi.php' not found or unable to stat
[Fri Jan 09 06:21:01.789349 2026] [php:error] [pid 81934] [client 13.239.225.28:0] script '/domains/afglcweb/php.php' not found or unable to stat
[Fri Jan 09 06:21:01.974720 2026] [php:error] [pid 81903] [client 142.248.80.123:0] script '/domains/bels/xmlrpc.php' not found or unable to stat
[Fri Jan 09 06:21:04.870909 2026] [php:error] [pid 81950] [client 13.239.225.28:0] script '/domains/afglcweb/i.php' not found or unable to stat
[Fri Jan 09 06:21:12.386415 2026] [php:error] [pid 81948] [client 13.239.225.28:0] script '/domains/afglcweb/configuration.php' not found or unable to stat
[Fri Jan 09 06:21:24.730909 2026] [php:error] [pid 81940] [client 13.239.225.28:0] script '/domains/afglcweb/debug.php' not found or unable to stat
[Fri Jan 09 06:21:25.339986 2026] [php:error] [pid 81950] [client 13.239.225.28:0] script '/domains/afglcweb/info2.php' not found or unable to stat
[Fri Jan 09 06:21:25.956626 2026] [php:error] [pid 81953] [client 13.239.225.28:0] script '/domains/afglcweb/info1.php' not found or unable to stat
[Fri Jan 09 06:21:26.575318 2026] [php:error] [pid 81903] [client 13.239.225.28:0] script '/domains/afglcweb/php_info.php' not found or unable to stat
[Fri Jan 09 06:21:39.114981 2026] [php:error] [pid 81956] [client 13.239.225.28:0] script '/domains/afglcweb/testphp.php' not found or unable to stat
[Fri Jan 09 06:21:39.728318 2026] [php:error] [pid 81954] [client 13.239.225.28:0] script '/domains/afglcweb/infophp.php' not found or unable to stat
[Fri Jan 09 06:21:40.349533 2026] [php:error] [pid 81959] [client 13.239.225.28:0] script '/domains/afglcweb/php-info.php' not found or unable to stat
[Fri Jan 09 06:21:40.963298 2026] [php:error] [pid 81956] [client 13.239.225.28:0] script '/domains/afglcweb/info_php.php' not found or unable to stat
[Fri Jan 09 06:21:41.577279 2026] [php:error] [pid 81954] [client 13.239.225.28:0] script '/domains/afglcweb/t.php' not found or unable to stat
[Fri Jan 09 06:21:42.198555 2026] [php:error] [pid 81959] [client 13.239.225.28:0] script '/domains/afglcweb/p.php' not found or unable to stat
[Fri Jan 09 06:21:42.812053 2026] [php:error] [pid 81956] [client 13.239.225.28:0] script '/domains/afglcweb/3.php' not found or unable to stat
[Fri Jan 09 06:21:43.422937 2026] [php:error] [pid 81955] [client 13.239.225.28:0] script '/domains/afglcweb/2.php' not found or unable to stat
[Fri Jan 09 06:21:44.034276 2026] [php:error] [pid 81963] [client 13.239.225.28:0] script '/domains/afglcweb/1.php' not found or unable to stat
[Fri Jan 09 06:21:44.642714 2026] [php:error] [pid 81940] [client 13.239.225.28:0] script '/domains/afglcweb/probe.php' not found or unable to stat
[Fri Jan 09 06:21:45.258973 2026] [php:error] [pid 81950] [client 13.239.225.28:0] script '/domains/afglcweb/check.php' not found or unable to stat
[Fri Jan 09 06:21:45.877070 2026] [php:error] [pid 81955] [client 13.239.225.28:0] script '/domains/afglcweb/phptest.php' not found or unable to stat
[Fri Jan 09 06:21:46.492056 2026] [php:error] [pid 81940] [client 13.239.225.28:0] script '/domains/afglcweb/diagnostic.php' not found or unable to stat
[Fri Jan 09 06:21:47.125756 2026] [php:error] [pid 81950] [client 13.239.225.28:0] script '/domains/afglcweb/serverinfo.php' not found or unable to stat
[Fri Jan 09 06:21:47.748269 2026] [php:error] [pid 81962] [client 13.239.225.28:0] script '/domains/afglcweb/phpversion.php' not found or unable to stat
[Fri Jan 09 06:21:48.362394 2026] [php:error] [pid 81961] [client 13.239.225.28:0] script '/domains/afglcweb/info3.php' not found or unable to stat
[Fri Jan 09 06:21:48.682238 2026] [core:crit] [pid 81940] (13)Permission denied: [client 184.73.239.35:0] AH00529: /domains/performancepartsinc/graphics/psd/.htaccess pcfg_openfile: unable to check htaccess file, ensure it is readable and that '/domains/performancepartsinc/graphics/psd/' is executable
[Fri Jan 09 06:26:23.377221 2026] [php:error] [pid 82016] [client 145.239.10.137:0] script '/domains/conceptlabs1/dds.php' not found or unable to stat, referer: http://conceptlabs.com/dds.php
[Fri Jan 09 06:26:52.707590 2026] [php:error] [pid 82021] [client 45.148.10.158:0] script '/domains/tinatina/phpinfo.php' not found or unable to stat
[Fri Jan 09 06:26:55.414647 2026] [php:error] [pid 82023] [client 45.148.10.158:0] script '/domains/tinatina/info.php' not found or unable to stat
[Fri Jan 09 06:26:58.012429 2026] [php:error] [pid 82011] [client 45.148.10.158:0] script '/domains/tinatina/test.php' not found or unable to stat
[Fri Jan 09 06:27:00.644688 2026] [php:error] [pid 82015] [client 45.148.10.158:0] script '/domains/tinatina/php.php' not found or unable to stat
[Fri Jan 09 06:27:05.059329 2026] [php:error] [pid 82011] [client 45.148.10.158:0] script '/domains/tinatina/i.php' not found or unable to stat
[Fri Jan 09 06:27:31.654470 2026] [php:error] [pid 82011] [client 45.148.10.158:0] script '/domains/tinatina/wp-config.php.bak' not found or unable to stat
[Fri Jan 09 06:27:36.547819 2026] [php:error] [pid 82009] [client 45.148.10.158:0] script '/domains/tinatina/config.php.bak' not found or unable to stat
[Fri Jan 09 06:27:43.711951 2026] [php:error] [pid 82029] [client 174.138.73.161:0] script '/domains/system_suspended/wp-login.php' not found or unable to stat
[Fri Jan 09 06:27:58.657060 2026] [php:error] [pid 82033] [client 45.148.10.158:0] script '/domains/tinatina/configuration.php.bak' not found or unable to stat
[Fri Jan 09 06:28:08.386098 2026] [php:error] [pid 82041] [client 142.248.80.123:0] script '/domains/afglcweb/xmlrpc.php' not found or unable to stat
[Fri Jan 09 06:28:39.493826 2026] [php:error] [pid 82043] [client 45.148.10.158:0] script '/domains/tinatina/phpinfo.php' not found or unable to stat
[Fri Jan 09 06:28:41.202256 2026] [php:error] [pid 82040] [client 45.148.10.158:0] script '/domains/tinatina/info.php' not found or unable to stat
[Fri Jan 09 06:28:42.837893 2026] [php:error] [pid 82024] [client 45.148.10.158:0] script '/domains/tinatina/test.php' not found or unable to stat
[Fri Jan 09 06:28:45.190863 2026] [php:error] [pid 82042] [client 45.148.10.158:0] script '/domains/tinatina/php.php' not found or unable to stat
[Fri Jan 09 06:28:47.673580 2026] [core:crit] [pid 82042] (13)Permission denied: [client 216.244.66.241:0] AH00529: /domains/dcarlone/test/web/.htaccess pcfg_openfile: unable to check htaccess file, ensure it is readable and that '/domains/dcarlone/test/web/' is executable
[Fri Jan 09 06:28:48.958928 2026] [php:error] [pid 82024] [client 45.148.10.158:0] script '/domains/tinatina/i.php' not found or unable to stat
[Fri Jan 09 06:29:09.513727 2026] [php:error] [pid 82009] [client 45.148.10.158:0] script '/domains/tinatina/wp-config.php.bak' not found or unable to stat
[Fri Jan 09 06:29:12.345761 2026] [php:error] [pid 82009] [client 45.148.10.158:0] script '/domains/tinatina/config.php.bak' not found or unable to stat
[Fri Jan 09 06:29:25.996746 2026] [php:error] [pid 82009] [client 45.148.10.158:0] script '/domains/tinatina/configuration.php.bak' not found or unable to stat
[Fri Jan 09 06:29:26.685502 2026] [php:error] [pid 82047] [client 216.41.234.100:0] script '/domains/vangoghagainweb/wp-login.php' not found or unable to stat
[Fri Jan 09 06:29:57.919544 2026] [php:error] [pid 82058] [client 134.122.11.115:0] script '/domains/system_suspended/wp-login.php' not found or unable to stat
[Fri Jan 09 06:30:18.434707 2026] [php:error] [pid 82057] [client 45.148.10.159:0] script '/domains/fdcarter/phpinfo.php' not found or unable to stat
/bin/sh: /usr/public/bin/counter.cgi: not found
[Fri Jan 09 06:30:46.886060 2026] [core:crit] [pid 82075] (13)Permission denied: [client 47.128.97.198:0] AH00529: /domains/dcarlone/test/web/.htaccess pcfg_openfile: unable to check htaccess file, ensure it is readable and that '/domains/dcarlone/test/web/' is executable
[Fri Jan 09 06:31:34.803661 2026] [core:crit] [pid 82086] (13)Permission denied: [client 47.128.18.236:0] AH00529: /domains/performancepartsinc/graphics/psd/.htaccess pcfg_openfile: unable to check htaccess file, ensure it is readable and that '/domains/performancepartsinc/graphics/psd/' is executable
[Fri Jan 09 06:31:49.947350 2026] [core:crit] [pid 82095] (13)Permission denied: [client 216.244.66.241:0] AH00529: /domains/dcarlone/test/web/.htaccess pcfg_openfile: unable to check htaccess file, ensure it is readable and that '/domains/dcarlone/test/web/' is executable
[Fri Jan 09 06:32:11.877222 2026] [core:crit] [pid 82057] (13)Permission denied: [client 216.244.66.241:0] AH00529: /domains/dcarlone/test/web/.htaccess pcfg_openfile: unable to check htaccess file, ensure it is readable and that '/domains/dcarlone/test/web/' is executable
[Fri Jan 09 06:32:14.579275 2026] [php:error] [pid 82057] [client 45.148.10.159:0] script '/domains/fdcarter/_phpinfo.php' not found or unable to stat
[Fri Jan 09 06:32:44.706336 2026] [core:crit] [pid 82107] (13)Permission denied: [client 114.119.140.115:0] AH00529: /domains/dcarlone/test/web/.htaccess pcfg_openfile: unable to check htaccess file, ensure it is readable and that '/domains/dcarlone/test/web/' is executable, referer: http://www.carloneassociates.com/test/web/i.php/hook-up-guide-uk/
[Fri Jan 09 06:33:15.423859 2026] [php:error] [pid 82119] [client 45.148.10.158:0] script '/domains/tmandel/phpinfo.php' not found or unable to stat
[Fri Jan 09 06:33:17.137671 2026] [php:error] [pid 82110] [client 45.148.10.158:0] script '/domains/tmandel/info.php' not found or unable to stat
[Fri Jan 09 06:33:17.393138 2026] [php:error] [pid 82104] [client 82.118.29.80:0] script '/domains/markrose/autoload_classmap.php' not found or unable to stat
[Fri Jan 09 06:33:17.685956 2026] [php:error] [pid 82104] [client 82.118.29.80:0] script '/domains/markrose/classwithtostring.php' not found or unable to stat
[Fri Jan 09 06:33:19.821317 2026] [php:error] [pid 82104] [client 82.118.29.80:0] script '/domains/markrose/shell20211028.php' not found or unable to stat
[Fri Jan 09 06:33:20.097796 2026] [php:error] [pid 82110] [client 45.148.10.158:0] script '/domains/tmandel/test.php' not found or unable to stat
[Fri Jan 09 06:33:20.161802 2026] [php:error] [pid 82104] [client 82.118.29.80:0] script '/domains/markrose/wordfence-waf.php' not found or unable to stat
[Fri Jan 09 06:33:21.011630 2026] [php:error] [pid 82104] [client 82.118.29.80:0] script '/domains/markrose/function.php' not found or unable to stat
[Fri Jan 09 06:33:21.356832 2026] [php:error] [pid 82104] [client 82.118.29.80:0] script '/domains/markrose/wp-admin.php' not found or unable to stat
[Fri Jan 09 06:33:21.680175 2026] [php:error] [pid 82104] [client 82.118.29.80:0] script '/domains/markrose/dropdown.php' not found or unable to stat
[Fri Jan 09 06:33:21.972990 2026] [php:error] [pid 82104] [client 82.118.29.80:0] script '/domains/markrose/content.php' not found or unable to stat
[Fri Jan 09 06:33:22.305718 2026] [php:error] [pid 82104] [client 82.118.29.80:0] script '/domains/markrose/default.php' not found or unable to stat
[Fri Jan 09 06:33:22.329096 2026] [php:error] [pid 82127] [client 45.148.10.158:0] script '/domains/tmandel/php.php' not found or unable to stat
[Fri Jan 09 06:33:22.632444 2026] [php:error] [pid 82104] [client 82.118.29.80:0] script '/domains/markrose/config.php' not found or unable to stat
[Fri Jan 09 06:33:22.936819 2026] [php:error] [pid 82104] [client 82.118.29.80:0] script '/domains/markrose/themes.php' not found or unable to stat
[Fri Jan 09 06:33:23.238245 2026] [php:error] [pid 82104] [client 82.118.29.80:0] script '/domains/markrose/upload.php' not found or unable to stat
[Fri Jan 09 06:33:23.531671 2026] [php:error] [pid 82104] [client 82.118.29.80:0] script '/domains/markrose/bypass.php' not found or unable to stat
[Fri Jan 09 06:33:23.828256 2026] [php:error] [pid 82104] [client 82.118.29.80:0] script '/domains/markrose/simple.php' not found or unable to stat
[Fri Jan 09 06:33:24.182487 2026] [php:error] [pid 82104] [client 82.118.29.80:0] script '/domains/markrose/inputs.php' not found or unable to stat
[Fri Jan 09 06:33:24.537583 2026] [php:error] [pid 82104] [client 82.118.29.80:0] script '/domains/markrose/xl2023.php' not found or unable to stat
[Fri Jan 09 06:33:24.833881 2026] [php:error] [pid 82104] [client 82.118.29.80:0] script '/domains/markrose/chosen.php' not found or unable to stat
[Fri Jan 09 06:33:25.123868 2026] [php:error] [pid 82104] [client 82.118.29.80:0] script '/domains/markrose/login.php' not found or unable to stat
[Fri Jan 09 06:33:25.507161 2026] [php:error] [pid 82104] [client 82.118.29.80:0] script '/domains/markrose/about.php' not found or unable to stat
[Fri Jan 09 06:33:25.871814 2026] [php:error] [pid 82104] [client 82.118.29.80:0] script '/domains/markrose/radio.php' not found or unable to stat
[Fri Jan 09 06:33:26.110279 2026] [php:error] [pid 82129] [client 45.148.10.158:0] script '/domains/tmandel/i.php' not found or unable to stat
[Fri Jan 09 06:33:26.172010 2026] [php:error] [pid 82104] [client 82.118.29.80:0] script '/domains/markrose/style.php' not found or unable to stat
[Fri Jan 09 06:33:26.462443 2026] [php:error] [pid 82104] [client 82.118.29.80:0] script '/domains/markrose/gel4y.php' not found or unable to stat
[Fri Jan 09 06:33:26.757372 2026] [php:error] [pid 82104] [client 82.118.29.80:0] script '/domains/markrose/admin.php' not found or unable to stat
[Fri Jan 09 06:33:27.051058 2026] [php:error] [pid 82104] [client 82.118.29.80:0] script '/domains/markrose/xleet.php' not found or unable to stat
[Fri Jan 09 06:33:27.342263 2026] [php:error] [pid 82104] [client 82.118.29.80:0] script '/domains/markrose/pachr.php' not found or unable to stat
[Fri Jan 09 06:33:27.633969 2026] [php:error] [pid 82104] [client 82.118.29.80:0] script '/domains/markrose/file.php' not found or unable to stat
[Fri Jan 09 06:33:27.926909 2026] [php:error] [pid 82104] [client 82.118.29.80:0] script '/domains/markrose/mini.php' not found or unable to stat
[Fri Jan 09 06:33:28.216628 2026] [php:error] [pid 82104] [client 82.118.29.80:0] script '/domains/markrose/menu.php' not found or unable to stat
[Fri Jan 09 06:33:28.788370 2026] [php:error] [pid 82126] [client 82.118.29.67:0] script '/domains/markrose/test.php' not found or unable to stat
[Fri Jan 09 06:33:29.087194 2026] [php:error] [pid 82126] [client 82.118.29.67:0] script '/domains/markrose/user.php' not found or unable to stat
[Fri Jan 09 06:33:29.373043 2026] [php:error] [pid 82126] [client 82.118.29.67:0] script '/domains/markrose/moon.php' not found or unable to stat
[Fri Jan 09 06:33:29.672598 2026] [php:error] [pid 82126] [client 82.118.29.67:0] script '/domains/markrose/alfa.php' not found or unable to stat
[Fri Jan 09 06:33:29.962107 2026] [php:error] [pid 82126] [client 82.118.29.67:0] script '/domains/markrose/text.php' not found or unable to stat
[Fri Jan 09 06:33:30.246821 2026] [php:error] [pid 82126] [client 82.118.29.67:0] script '/domains/markrose/link.php' not found or unable to stat
[Fri Jan 09 06:33:30.530050 2026] [php:error] [pid 82126] [client 82.118.29.67:0] script '/domains/markrose/info.php' not found or unable to stat
[Fri Jan 09 06:33:30.896026 2026] [php:error] [pid 82126] [client 82.118.29.67:0] script '/domains/markrose/demo.php' not found or unable to stat
[Fri Jan 09 06:33:31.188451 2026] [php:error] [pid 82126] [client 82.118.29.67:0] script '/domains/markrose/tiny.php' not found or unable to stat
[Fri Jan 09 06:33:31.469842 2026] [php:error] [pid 82126] [client 82.118.29.67:0] script '/domains/markrose/log.php' not found or unable to stat
[Fri Jan 09 06:33:31.752436 2026] [php:error] [pid 82126] [client 82.118.29.67:0] script '/domains/markrose/wso.php' not found or unable to stat
[Fri Jan 09 06:33:32.034122 2026] [php:error] [pid 82126] [client 82.118.29.67:0] script '/domains/markrose/xml.php' not found or unable to stat
[Fri Jan 09 06:33:32.317565 2026] [php:error] [pid 82126] [client 82.118.29.67:0] script '/domains/markrose/byp.php' not found or unable to stat
[Fri Jan 09 06:33:32.601849 2026] [php:error] [pid 82126] [client 82.118.29.67:0] script '/domains/markrose/403.php' not found or unable to stat
[Fri Jan 09 06:33:32.886806 2026] [php:error] [pid 82126] [client 82.118.29.67:0] script '/domains/markrose/xxx.php' not found or unable to stat
[Fri Jan 09 06:33:33.168948 2026] [php:error] [pid 82126] [client 82.118.29.67:0] script '/domains/markrose/doc.php' not found or unable to stat
[Fri Jan 09 06:33:33.453071 2026] [php:error] [pid 82126] [client 82.118.29.67:0] script '/domains/markrose/404.php' not found or unable to stat
[Fri Jan 09 06:33:33.775881 2026] [php:error] [pid 82126] [client 82.118.29.67:0] script '/domains/markrose/mah.php' not found or unable to stat
[Fri Jan 09 06:33:34.062155 2026] [php:error] [pid 82126] [client 82.118.29.67:0] script '/domains/markrose/fm.php' not found or unable to stat
[Fri Jan 09 06:33:34.344734 2026] [php:error] [pid 82126] [client 82.118.29.67:0] script '/domains/markrose/wp.php' not found or unable to stat
[Fri Jan 09 06:33:34.626316 2026] [php:error] [pid 82126] [client 82.118.29.67:0] script '/domains/markrose/up.php' not found or unable to stat
[Fri Jan 09 06:33:34.912181 2026] [php:error] [pid 82126] [client 82.118.29.67:0] script '/domains/markrose/x.php' not found or unable to stat
[Fri Jan 09 06:33:35.194083 2026] [php:error] [pid 82126] [client 82.118.29.67:0] script '/domains/markrose/1.php' not found or unable to stat
[Fri Jan 09 06:33:35.480791 2026] [php:error] [pid 82126] [client 82.118.29.67:0] script '/domains/markrose/m.php' not found or unable to stat
[Fri Jan 09 06:33:35.767428 2026] [php:error] [pid 82126] [client 82.118.29.67:0] script '/domains/markrose/a.php' not found or unable to stat
[Fri Jan 09 06:33:53.414743 2026] [php:error] [pid 82133] [client 45.148.10.158:0] script '/domains/tmandel/wp-config.php.bak' not found or unable to stat
[Fri Jan 09 06:33:55.233208 2026] [php:error] [pid 82134] [client 45.148.10.158:0] script '/domains/system_suspended/info.php' not found or unable to stat
[Fri Jan 09 06:33:56.443671 2026] [php:error] [pid 82134] [client 45.148.10.158:0] script '/domains/system_suspended/test.php' not found or unable to stat
[Fri Jan 09 06:33:57.191887 2026] [php:error] [pid 82137] [client 45.148.10.158:0] script '/domains/tmandel/config.php.bak' not found or unable to stat
[Fri Jan 09 06:33:58.437553 2026] [php:error] [pid 82125] [client 45.148.10.158:0] script '/domains/system_suspended/php.php' not found or unable to stat
[Fri Jan 09 06:33:58.673064 2026] [php:error] [pid 82139] [client 195.178.110.132:0] script '/domains/trodine/wp-config.php' not found or unable to stat
[Fri Jan 09 06:33:58.758942 2026] [php:error] [pid 82139] [client 195.178.110.132:0] script '/domains/trodine/wp-config.php.old' not found or unable to stat
[Fri Jan 09 06:33:58.843713 2026] [php:error] [pid 82139] [client 195.178.110.132:0] script '/domains/trodine/config.php' not found or unable to stat
[Fri Jan 09 06:33:58.928128 2026] [php:error] [pid 82139] [client 195.178.110.132:0] script '/domains/trodine/config.php.bak' not found or unable to stat
[Fri Jan 09 06:34:01.960795 2026] [php:error] [pid 82109] [client 45.148.10.158:0] script '/domains/system_suspended/i.php' not found or unable to stat
[Fri Jan 09 06:34:08.665470 2026] [php:error] [pid 82102] [client 180.131.145.105:0] script '/domains/gohover/unzipper.php' not found or unable to stat
[Fri Jan 09 06:34:12.467200 2026] [php:error] [pid 82140] [client 82.118.29.60:0] script '/domains/markrose/system.php' not found or unable to stat
[Fri Jan 09 06:34:18.489305 2026] [php:error] [pid 82131] [client 45.148.10.158:0] script '/domains/tmandel/configuration.php.bak' not found or unable to stat
[Fri Jan 09 06:34:24.289284 2026] [php:error] [pid 82109] [client 45.148.10.158:0] script '/domains/system_suspended/wp-config.php.bak' not found or unable to stat
[Fri Jan 09 06:34:27.810468 2026] [php:error] [pid 82146] [client 45.148.10.158:0] script '/domains/system_suspended/config.php.bak' not found or unable to stat
[Fri Jan 09 06:34:39.389550 2026] [php:error] [pid 82143] [client 45.148.10.158:0] script '/domains/sjsachs/phpinfo.php' not found or unable to stat
[Fri Jan 09 06:34:41.765239 2026] [php:error] [pid 82143] [client 45.148.10.158:0] script '/domains/sjsachs/info.php' not found or unable to stat
[Fri Jan 09 06:34:42.922505 2026] [php:error] [pid 82135] [client 45.148.10.158:0] script '/domains/system_suspended/configuration.php.bak' not found or unable to stat
[Fri Jan 09 06:34:43.907468 2026] [php:error] [pid 82152] [client 45.148.10.158:0] script '/domains/sjsachs/test.php' not found or unable to stat
[Fri Jan 09 06:34:45.813060 2026] [php:error] [pid 82143] [client 45.148.10.158:0] script '/domains/sjsachs/php.php' not found or unable to stat
[Fri Jan 09 06:34:50.956453 2026] [php:error] [pid 82152] [client 45.148.10.158:0] script '/domains/sjsachs/i.php' not found or unable to stat
[Fri Jan 09 06:34:53.497401 2026] [core:error] [pid 82143] [client 65.21.247.201:0] AH10244: invalid URI path (/../Global2.html)
[Fri Jan 09 06:34:54.314454 2026] [core:error] [pid 82144] [client 65.21.247.201:0] AH10244: invalid URI path (/../digital_brochure/DigitalBrochure2d.html)
[Fri Jan 09 06:34:55.185478 2026] [core:error] [pid 82144] [client 65.21.247.201:0] AH10244: invalid URI path (/../AboutAultClark2.html)
[Fri Jan 09 06:34:55.588662 2026] [core:error] [pid 82143] [client 65.21.247.201:0] AH10244: invalid URI path (/../DigitalBrochure2.html)
[Fri Jan 09 06:34:57.032243 2026] [core:error] [pid 82144] [client 65.21.247.201:0] AH10244: invalid URI path (/../project_list/ProjectListinternational01-2.html)
[Fri Jan 09 06:34:58.449725 2026] [core:error] [pid 82144] [client 65.21.247.201:0] AH10244: invalid URI path (/../History2.html)
[Fri Jan 09 06:34:59.834416 2026] [core:error] [pid 82144] [client 65.21.247.201:0] AH10244: invalid URI path (/../project_list/ProjectListresorts01-2.html)
[Fri Jan 09 06:35:00.391090 2026] [php:error] [pid 82146] [client 45.148.10.158:0] script '/domains/tmandel/phpinfo.php' not found or unable to stat
[Fri Jan 09 06:35:02.270430 2026] [php:error] [pid 82146] [client 45.148.10.158:0] script '/domains/tmandel/info.php' not found or unable to stat
[Fri Jan 09 06:35:04.633320 2026] [php:error] [pid 82155] [client 45.148.10.158:0] script '/domains/tmandel/test.php' not found or unable to stat
[Fri Jan 09 06:35:06.158710 2026] [php:error] [pid 82156] [client 45.148.10.158:0] script '/domains/tmandel/php.php' not found or unable to stat
[Fri Jan 09 06:35:10.280003 2026] [php:error] [pid 82158] [client 45.148.10.158:0] script '/domains/tmandel/i.php' not found or unable to stat
[Fri Jan 09 06:35:12.605643 2026] [php:error] [pid 82156] [client 45.148.10.158:0] script '/domains/sjsachs/wp-config.php.bak' not found or unable to stat
[Fri Jan 09 06:35:17.539102 2026] [php:error] [pid 82159] [client 45.148.10.158:0] script '/domains/sjsachs/config.php.bak' not found or unable to stat
[Fri Jan 09 06:35:37.469541 2026] [php:error] [pid 82161] [client 45.148.10.158:0] script '/domains/tmandel/wp-config.php.bak' not found or unable to stat
[Fri Jan 09 06:35:38.807800 2026] [php:error] [pid 82131] [client 45.148.10.158:0] script '/domains/sjsachs/configuration.php.bak' not found or unable to stat
[Fri Jan 09 06:35:41.262597 2026] [php:error] [pid 82131] [client 45.148.10.158:0] script '/domains/tmandel/config.php.bak' not found or unable to stat
[Fri Jan 09 06:36:00.102200 2026] [php:error] [pid 82160] [client 45.148.10.158:0] script '/domains/tmandel/configuration.php.bak' not found or unable to stat
[Fri Jan 09 06:37:03.059741 2026] [php:error] [pid 82180] [client 195.178.110.132:0] script '/domains/ltemple/wp-config.php' not found or unable to stat
[Fri Jan 09 06:37:03.144064 2026] [php:error] [pid 82180] [client 195.178.110.132:0] script '/domains/ltemple/wp-config.php.old' not found or unable to stat
[Fri Jan 09 06:37:03.227675 2026] [php:error] [pid 82180] [client 195.178.110.132:0] script '/domains/ltemple/config.php' not found or unable to stat
[Fri Jan 09 06:37:03.312538 2026] [php:error] [pid 82180] [client 195.178.110.132:0] script '/domains/ltemple/config.php.bak' not found or unable to stat
[Fri Jan 09 06:37:22.466885 2026] [php:error] [pid 82183] [client 45.148.10.158:0] script '/domains/tcrlle/phpinfo.php' not found or unable to stat
[Fri Jan 09 06:37:24.392596 2026] [php:error] [pid 82182] [client 45.148.10.158:0] script '/domains/tcrlle/info.php' not found or unable to stat
[Fri Jan 09 06:37:26.723990 2026] [php:error] [pid 82164] [client 45.148.10.158:0] script '/domains/tcrlle/test.php' not found or unable to stat
[Fri Jan 09 06:37:27.864467 2026] [php:error] [pid 82185] [client 195.178.110.132:0] script '/domains/tennex/wp-config.php' not found or unable to stat
[Fri Jan 09 06:37:27.945157 2026] [php:error] [pid 82185] [client 195.178.110.132:0] script '/domains/tennex/wp-config.php.old' not found or unable to stat
[Fri Jan 09 06:37:28.025960 2026] [php:error] [pid 82185] [client 195.178.110.132:0] script '/domains/tennex/config.php' not found or unable to stat
[Fri Jan 09 06:37:28.107004 2026] [php:error] [pid 82185] [client 195.178.110.132:0] script '/domains/tennex/config.php.bak' not found or unable to stat
[Fri Jan 09 06:37:28.778594 2026] [php:error] [pid 82183] [client 45.148.10.158:0] script '/domains/tcrlle/php.php' not found or unable to stat
[Fri Jan 09 06:37:33.743145 2026] [php:error] [pid 82176] [client 45.148.10.158:0] script '/domains/tcrlle/i.php' not found or unable to stat
[Fri Jan 09 06:37:58.478476 2026] [php:error] [pid 82183] [client 45.148.10.158:0] script '/domains/tcrlle/wp-config.php.bak' not found or unable to stat
[Fri Jan 09 06:38:02.530799 2026] [php:error] [pid 82164] [client 45.148.10.158:0] script '/domains/tcrlle/config.php.bak' not found or unable to stat
[Fri Jan 09 06:38:20.594728 2026] [php:error] [pid 82164] [client 52.176.217.57:0] script '/domains/peterbmiller/class-t.api.php' not found or unable to stat
[Fri Jan 09 06:38:20.632138 2026] [php:error] [pid 82164] [client 52.176.217.57:0] script '/domains/peterbmiller/zwso.php' not found or unable to stat
[Fri Jan 09 06:38:20.690898 2026] [php:error] [pid 82164] [client 52.176.217.57:0] script '/domains/peterbmiller/class19.php' not found or unable to stat
[Fri Jan 09 06:38:20.745152 2026] [php:error] [pid 82164] [client 52.176.217.57:0] script '/domains/peterbmiller/class20.php' not found or unable to stat
[Fri Jan 09 06:38:20.775760 2026] [php:error] [pid 82164] [client 52.176.217.57:0] script '/domains/peterbmiller/admin.php' not found or unable to stat
[Fri Jan 09 06:38:20.803976 2026] [php:error] [pid 82164] [client 52.176.217.57:0] script '/domains/peterbmiller/randkeyword.php' not found or unable to stat
[Fri Jan 09 06:38:20.831908 2026] [php:error] [pid 82164] [client 52.176.217.57:0] script '/domains/peterbmiller/fwe.php' not found or unable to stat
[Fri Jan 09 06:38:20.839380 2026] [php:error] [pid 82189] [client 4.230.25.164:0] script '/domains/pmifit/worksec.php' not found or unable to stat
[Fri Jan 09 06:38:20.876794 2026] [php:error] [pid 82164] [client 52.176.217.57:0] script '/domains/peterbmiller/images/m.php' not found or unable to stat
[Fri Jan 09 06:38:20.905643 2026] [php:error] [pid 82164] [client 52.176.217.57:0] script '/domains/peterbmiller/g.php' not found or unable to stat
[Fri Jan 09 06:38:20.935298 2026] [php:error] [pid 82164] [client 52.176.217.57:0] script '/domains/peterbmiller/tx1.php' not found or unable to stat
[Fri Jan 09 06:38:20.972486 2026] [php:error] [pid 82164] [client 52.176.217.57:0] script '/domains/peterbmiller/xv.php' not found or unable to stat
[Fri Jan 09 06:38:21.002297 2026] [php:error] [pid 82164] [client 52.176.217.57:0] script '/domains/peterbmiller/x56.php' not found or unable to stat
[Fri Jan 09 06:38:21.017335 2026] [php:error] [pid 82189] [client 4.230.25.164:0] script '/domains/pmifit/amax.php' not found or unable to stat
[Fri Jan 09 06:38:21.056189 2026] [php:error] [pid 82164] [client 52.176.217.57:0] script '/domains/peterbmiller/htaccess.php' not found or unable to stat
[Fri Jan 09 06:38:21.089968 2026] [php:error] [pid 82164] [client 52.176.217.57:0] script '/domains/peterbmiller/readme.php' not found or unable to stat
[Fri Jan 09 06:38:21.119215 2026] [php:error] [pid 82164] [client 52.176.217.57:0] script '/domains/peterbmiller/x50.php' not found or unable to stat
[Fri Jan 09 06:38:21.200241 2026] [php:error] [pid 82189] [client 4.230.25.164:0] script '/domains/pmifit/shell.php' not found or unable to stat
[Fri Jan 09 06:38:21.379066 2026] [php:error] [pid 82189] [client 4.230.25.164:0] script '/domains/pmifit/mini.php' not found or unable to stat
[Fri Jan 09 06:38:21.562351 2026] [php:error] [pid 82189] [client 4.230.25.164:0] script '/domains/pmifit/an8.php' not found or unable to stat
[Fri Jan 09 06:38:21.744435 2026] [php:error] [pid 82189] [client 4.230.25.164:0] script '/domains/pmifit/t.php' not found or unable to stat
[Fri Jan 09 06:38:21.933731 2026] [php:error] [pid 82189] [client 4.230.25.164:0] script '/domains/pmifit/bolt.php' not found or unable to stat
[Fri Jan 09 06:38:22.112532 2026] [php:error] [pid 82189] [client 4.230.25.164:0] script '/domains/pmifit/ma.php' not found or unable to stat
[Fri Jan 09 06:38:22.293919 2026] [php:error] [pid 82189] [client 4.230.25.164:0] script '/domains/pmifit/byp8.php' not found or unable to stat
[Fri Jan 09 06:38:22.430861 2026] [php:error] [pid 82164] [client 52.176.217.57:0] script '/domains/peterbmiller/fv.php' not found or unable to stat
[Fri Jan 09 06:38:22.459690 2026] [php:error] [pid 82164] [client 52.176.217.57:0] script '/domains/peterbmiller/file.php' not found or unable to stat
[Fri Jan 09 06:38:22.479407 2026] [php:error] [pid 82189] [client 4.230.25.164:0] script '/domains/pmifit/s.php' not found or unable to stat
[Fri Jan 09 06:38:22.515044 2026] [php:error] [pid 82164] [client 52.176.217.57:0] script '/domains/peterbmiller/lsd.php' not found or unable to stat
[Fri Jan 09 06:38:22.551234 2026] [php:error] [pid 82164] [client 52.176.217.57:0] script '/domains/peterbmiller/as.php' not found or unable to stat
[Fri Jan 09 06:38:22.665172 2026] [php:error] [pid 82189] [client 4.230.25.164:0] script '/domains/pmifit/xrp.php' not found or unable to stat
[Fri Jan 09 06:38:22.785111 2026] [php:error] [pid 82164] [client 52.176.217.57:0] script '/domains/peterbmiller/wsd.php' not found or unable to stat
[Fri Jan 09 06:38:22.843389 2026] [php:error] [pid 82189] [client 4.230.25.164:0] script '/domains/pmifit/byp.php' not found or unable to stat
[Fri Jan 09 06:38:23.021742 2026] [php:error] [pid 82189] [client 4.230.25.164:0] script '/domains/pmifit/ws28.php' not found or unable to stat
[Fri Jan 09 06:38:23.200572 2026] [php:error] [pid 82189] [client 4.230.25.164:0] script '/domains/pmifit/num.php' not found or unable to stat
[Fri Jan 09 06:38:23.379141 2026] [php:error] [pid 82189] [client 4.230.25.164:0] script '/domains/pmifit/gmo.php' not found or unable to stat
[Fri Jan 09 06:38:23.516825 2026] [php:error] [pid 82164] [client 52.176.217.57:0] script '/domains/peterbmiller/gtc.php' not found or unable to stat
[Fri Jan 09 06:38:23.551136 2026] [php:error] [pid 82164] [client 52.176.217.57:0] script '/domains/peterbmiller/atx.php' not found or unable to stat
[Fri Jan 09 06:38:23.560117 2026] [php:error] [pid 82189] [client 4.230.25.164:0] script '/domains/pmifit/app.php' not found or unable to stat
[Fri Jan 09 06:38:23.742242 2026] [php:error] [pid 82189] [client 4.230.25.164:0] script '/domains/pmifit/new4.php' not found or unable to stat
[Fri Jan 09 06:38:23.920074 2026] [php:error] [pid 82189] [client 4.230.25.164:0] script '/domains/pmifit/dox.php' not found or unable to stat
[Fri Jan 09 06:38:23.975949 2026] [php:error] [pid 82164] [client 52.176.217.57:0] script '/domains/peterbmiller/z60.php' not found or unable to stat
[Fri Jan 09 06:38:24.004569 2026] [php:error] [pid 82164] [client 52.176.217.57:0] script '/domains/peterbmiller/403.php' not found or unable to stat
[Fri Jan 09 06:38:24.033401 2026] [php:error] [pid 82164] [client 52.176.217.57:0] script '/domains/peterbmiller/m.php' not found or unable to stat
[Fri Jan 09 06:38:24.061089 2026] [php:error] [pid 82164] [client 52.176.217.57:0] script '/domains/peterbmiller/themes.php' not found or unable to stat
[Fri Jan 09 06:38:24.102550 2026] [php:error] [pid 82189] [client 4.230.25.164:0] script '/domains/pmifit/vx.php' not found or unable to stat
[Fri Jan 09 06:38:24.127399 2026] [php:error] [pid 82172] [client 45.148.10.158:0] script '/domains/tcrlle/configuration.php.bak' not found or unable to stat
[Fri Jan 09 06:38:24.280970 2026] [php:error] [pid 82189] [client 4.230.25.164:0] script '/domains/pmifit/admin.php' not found or unable to stat
[Fri Jan 09 06:38:24.320854 2026] [php:error] [pid 82164] [client 52.176.217.57:0] script '/domains/peterbmiller/click.php' not found or unable to stat
[Fri Jan 09 06:38:24.387986 2026] [php:error] [pid 82164] [client 52.176.217.57:0] script '/domains/peterbmiller/install.php' not found or unable to stat
[Fri Jan 09 06:38:24.435611 2026] [php:error] [pid 82164] [client 52.176.217.57:0] script '/domains/peterbmiller/lv.php' not found or unable to stat
[Fri Jan 09 06:38:24.461580 2026] [php:error] [pid 82189] [client 4.230.25.164:0] script '/domains/pmifit/wp-good.php' not found or unable to stat
[Fri Jan 09 06:38:24.466296 2026] [php:error] [pid 82164] [client 52.176.217.57:0] script '/domains/peterbmiller/simple.php' not found or unable to stat
[Fri Jan 09 06:38:24.640050 2026] [php:error] [pid 82189] [client 4.230.25.164:0] script '/domains/pmifit/xa.php' not found or unable to stat
[Fri Jan 09 06:38:24.746197 2026] [php:error] [pid 82164] [client 52.176.217.57:0] script '/domains/peterbmiller/css.php' not found or unable to stat
[Fri Jan 09 06:38:24.774433 2026] [php:error] [pid 82164] [client 52.176.217.57:0] script '/domains/peterbmiller/cong.php' not found or unable to stat
[Fri Jan 09 06:38:24.818010 2026] [php:error] [pid 82189] [client 4.230.25.164:0] script '/domains/pmifit/f8.php' not found or unable to stat
[Fri Jan 09 06:38:24.996005 2026] [php:error] [pid 82189] [client 4.230.25.164:0] script '/domains/pmifit/moon3.php' not found or unable to stat
[Fri Jan 09 06:38:25.184395 2026] [php:error] [pid 82189] [client 4.230.25.164:0] script '/domains/pmifit/ffile.php' not found or unable to stat
[Fri Jan 09 06:38:25.362772 2026] [php:error] [pid 82189] [client 4.230.25.164:0] script '/domains/pmifit/X7x.php' not found or unable to stat
[Fri Jan 09 06:38:25.540910 2026] [php:error] [pid 82189] [client 4.230.25.164:0] script '/domains/pmifit/xxxx.php' not found or unable to stat
[Fri Jan 09 06:38:25.596366 2026] [php:error] [pid 82164] [client 52.176.217.57:0] script '/domains/peterbmiller/cong.php' not found or unable to stat
[Fri Jan 09 06:38:25.624105 2026] [php:error] [pid 82164] [client 52.176.217.57:0] script '/domains/peterbmiller/w.php' not found or unable to stat
[Fri Jan 09 06:38:25.651849 2026] [php:error] [pid 82164] [client 52.176.217.57:0] script '/domains/peterbmiller/404.php' not found or unable to stat
[Fri Jan 09 06:38:25.719926 2026] [php:error] [pid 82189] [client 4.230.25.164:0] script '/domains/pmifit/Sanskrit.php' not found or unable to stat
[Fri Jan 09 06:38:25.725979 2026] [php:error] [pid 82164] [client 52.176.217.57:0] script '/domains/peterbmiller/ioxi-o.php' not found or unable to stat
[Fri Jan 09 06:38:25.766229 2026] [php:error] [pid 82164] [client 52.176.217.57:0] script '/domains/peterbmiller/0x.php' not found or unable to stat
[Fri Jan 09 06:38:25.797695 2026] [php:error] [pid 82164] [client 52.176.217.57:0] script '/domains/peterbmiller/css.php' not found or unable to stat
[Fri Jan 09 06:38:25.826028 2026] [php:error] [pid 82164] [client 52.176.217.57:0] script '/domains/peterbmiller/222.php' not found or unable to stat
[Fri Jan 09 06:38:25.898890 2026] [php:error] [pid 82164] [client 52.176.217.57:0] script '/domains/peterbmiller/admin.php' not found or unable to stat
[Fri Jan 09 06:38:25.902480 2026] [php:error] [pid 82189] [client 4.230.25.164:0] script '/domains/pmifit/gec.php' not found or unable to stat
[Fri Jan 09 06:38:25.956526 2026] [php:error] [pid 82164] [client 52.176.217.57:0] script '/domains/peterbmiller/classwithtostring.php' not found or unable to stat
[Fri Jan 09 06:38:25.984623 2026] [php:error] [pid 82164] [client 52.176.217.57:0] script '/domains/peterbmiller/abcd.php' not found or unable to stat
[Fri Jan 09 06:38:26.027129 2026] [php:error] [pid 82164] [client 52.176.217.57:0] script '/domains/peterbmiller/autoload_classmap.php' not found or unable to stat
[Fri Jan 09 06:38:26.060003 2026] [php:error] [pid 82164] [client 52.176.217.57:0] script '/domains/peterbmiller/inputs.php' not found or unable to stat
[Fri Jan 09 06:38:26.080358 2026] [php:error] [pid 82189] [client 4.230.25.164:0] script '/domains/pmifit/as.php' not found or unable to stat
[Fri Jan 09 06:38:26.117611 2026] [php:error] [pid 82164] [client 52.176.217.57:0] script '/domains/peterbmiller/about.php' not found or unable to stat
[Fri Jan 09 06:38:26.150264 2026] [php:error] [pid 82164] [client 52.176.217.57:0] script '/domains/peterbmiller/alfa.php' not found or unable to stat
[Fri Jan 09 06:38:26.258554 2026] [php:error] [pid 82189] [client 4.230.25.164:0] script '/domains/pmifit/file30.php' not found or unable to stat
[Fri Jan 09 06:38:26.436629 2026] [php:error] [pid 82189] [client 4.230.25.164:0] script '/domains/pmifit/nox.php' not found or unable to stat
[Fri Jan 09 06:38:26.617412 2026] [php:error] [pid 82189] [client 4.230.25.164:0] script '/domains/pmifit/222.php' not found or unable to stat
[Fri Jan 09 06:38:26.707107 2026] [php:error] [pid 82164] [client 52.176.217.57:0] script '/domains/peterbmiller/manager.php' not found or unable to stat
[Fri Jan 09 06:38:26.765329 2026] [php:error] [pid 82164] [client 52.176.217.57:0] script '/domains/peterbmiller/item.php' not found or unable to stat
[Fri Jan 09 06:38:26.795799 2026] [php:error] [pid 82189] [client 4.230.25.164:0] script '/domains/pmifit/xml.php' not found or unable to stat
[Fri Jan 09 06:38:26.981452 2026] [php:error] [pid 82189] [client 4.230.25.164:0] script '/domains/pmifit/bless14.php' not found or unable to stat
[Fri Jan 09 06:38:27.169721 2026] [php:error] [pid 82189] [client 4.230.25.164:0] script '/domains/pmifit/css.php' not found or unable to stat
[Fri Jan 09 06:38:27.348281 2026] [php:error] [pid 82189] [client 4.230.25.164:0] script '/domains/pmifit/oo.php' not found or unable to stat
[Fri Jan 09 06:38:27.537992 2026] [php:error] [pid 82189] [client 4.230.25.164:0] script '/domains/pmifit/x.php' not found or unable to stat
[Fri Jan 09 06:38:27.716796 2026] [php:error] [pid 82189] [client 4.230.25.164:0] script '/domains/pmifit/f35.php' not found or unable to stat
[Fri Jan 09 06:38:27.895188 2026] [php:error] [pid 82189] [client 4.230.25.164:0] script '/domains/pmifit/jga.php' not found or unable to stat
[Fri Jan 09 06:38:27.948901 2026] [php:error] [pid 82164] [client 52.176.217.57:0] script '/domains/peterbmiller/404.php' not found or unable to stat
[Fri Jan 09 06:38:27.984387 2026] [php:error] [pid 82164] [client 52.176.217.57:0] script '/domains/peterbmiller/mail.php' not found or unable to stat
[Fri Jan 09 06:38:28.058910 2026] [php:error] [pid 82164] [client 52.176.217.57:0] script '/domains/peterbmiller/sx.php' not found or unable to stat
[Fri Jan 09 06:38:28.076093 2026] [php:error] [pid 82189] [client 4.230.25.164:0] script '/domains/pmifit/gg.php' not found or unable to stat
[Fri Jan 09 06:38:28.187638 2026] [php:error] [pid 82164] [client 52.176.217.57:0] script '/domains/peterbmiller/alfa.php' not found or unable to stat
[Fri Jan 09 06:38:28.215608 2026] [php:error] [pid 82164] [client 52.176.217.57:0] script '/domains/peterbmiller/1.php' not found or unable to stat
[Fri Jan 09 06:38:28.243867 2026] [php:error] [pid 82164] [client 52.176.217.57:0] script '/domains/peterbmiller/byp.php' not found or unable to stat
[Fri Jan 09 06:38:28.279979 2026] [php:error] [pid 82164] [client 52.176.217.57:0] script '/domains/peterbmiller/wp-trackback.php' not found or unable to stat
[Fri Jan 09 06:38:28.431829 2026] [php:error] [pid 82189] [client 4.230.25.164:0] script '/domains/pmifit/ws29.php' not found or unable to stat
[Fri Jan 09 06:38:28.441600 2026] [php:error] [pid 82164] [client 52.176.217.57:0] script '/domains/peterbmiller/gmo.php' not found or unable to stat
[Fri Jan 09 06:38:28.609788 2026] [php:error] [pid 82189] [client 4.230.25.164:0] script '/domains/pmifit/wen.php' not found or unable to stat
[Fri Jan 09 06:38:28.802160 2026] [php:error] [pid 82189] [client 4.230.25.164:0] script '/domains/pmifit/pass.php' not found or unable to stat
[Fri Jan 09 06:38:28.980586 2026] [php:error] [pid 82189] [client 4.230.25.164:0] script '/domains/pmifit/themes.php' not found or unable to stat
[Fri Jan 09 06:38:29.159059 2026] [php:error] [pid 82189] [client 4.230.25.164:0] script '/domains/pmifit/log.php' not found or unable to stat
[Fri Jan 09 06:38:29.337666 2026] [php:error] [pid 82189] [client 4.230.25.164:0] script '/domains/pmifit/sitemaps.php' not found or unable to stat
[Fri Jan 09 06:38:29.515766 2026] [php:error] [pid 82189] [client 4.230.25.164:0] script '/domains/pmifit/wp-trackback.php' not found or unable to stat
[Fri Jan 09 06:38:29.876964 2026] [php:error] [pid 82189] [client 4.230.25.164:0] script '/domains/pmifit/cc.php' not found or unable to stat
[Fri Jan 09 06:38:30.060402 2026] [php:error] [pid 82189] [client 4.230.25.164:0] script '/domains/pmifit/class.php' not found or unable to stat
[Fri Jan 09 06:38:30.160929 2026] [php:error] [pid 82164] [client 52.176.217.57:0] script '/domains/peterbmiller/ww1.php' not found or unable to stat
[Fri Jan 09 06:38:30.238332 2026] [php:error] [pid 82189] [client 4.230.25.164:0] script '/domains/pmifit/img.php' not found or unable to stat
[Fri Jan 09 06:38:30.418431 2026] [php:error] [pid 82189] [client 4.230.25.164:0] script '/domains/pmifit/edit.php' not found or unable to stat
[Fri Jan 09 06:38:30.596636 2026] [php:error] [pid 82189] [client 4.230.25.164:0] script '/domains/pmifit/file.php' not found or unable to stat
[Fri Jan 09 06:38:30.796730 2026] [php:error] [pid 82189] [client 4.230.25.164:0] script '/domains/pmifit/user.php' not found or unable to stat
[Fri Jan 09 06:38:30.975071 2026] [php:error] [pid 82189] [client 4.230.25.164:0] script '/domains/pmifit/0x.php' not found or unable to stat
[Fri Jan 09 06:38:31.156140 2026] [php:error] [pid 82189] [client 4.230.25.164:0] script '/domains/pmifit/buy.php' not found or unable to stat
[Fri Jan 09 06:38:31.282764 2026] [php:error] [pid 82195] [client 52.176.217.57:0] script '/domains/peterbmiller/security.php' not found or unable to stat
[Fri Jan 09 06:38:31.334357 2026] [php:error] [pid 82189] [client 4.230.25.164:0] script '/domains/pmifit/bless.php' not found or unable to stat
[Fri Jan 09 06:38:31.518064 2026] [php:error] [pid 82189] [client 4.230.25.164:0] script '/domains/pmifit/wp-sign.php' not found or unable to stat
[Fri Jan 09 06:38:31.699284 2026] [php:error] [pid 82189] [client 4.230.25.164:0] script '/domains/pmifit/ppp.php' not found or unable to stat
[Fri Jan 09 06:38:31.878186 2026] [php:error] [pid 82189] [client 4.230.25.164:0] script '/domains/pmifit/atomlib.php' not found or unable to stat
[Fri Jan 09 06:38:31.925272 2026] [php:error] [pid 82195] [client 52.176.217.57:0] script '/domains/peterbmiller/class.php' not found or unable to stat
[Fri Jan 09 06:38:31.953210 2026] [php:error] [pid 82195] [client 52.176.217.57:0] script '/domains/peterbmiller/bless5.php' not found or unable to stat
[Fri Jan 09 06:38:32.041867 2026] [php:error] [pid 82195] [client 52.176.217.57:0] script '/domains/peterbmiller/lock360.php' not found or unable to stat
[Fri Jan 09 06:38:32.056183 2026] [php:error] [pid 82189] [client 4.230.25.164:0] script '/domains/pmifit/Ov-Simple1.php' not found or unable to stat
[Fri Jan 09 06:38:32.087646 2026] [php:error] [pid 82195] [client 52.176.217.57:0] script '/domains/peterbmiller/f35.php' not found or unable to stat
[Fri Jan 09 06:38:32.158869 2026] [php:error] [pid 82195] [client 52.176.217.57:0] script '/domains/peterbmiller/ioxi-o1.php' not found or unable to stat
[Fri Jan 09 06:38:32.184144 2026] [php:error] [pid 82195] [client 52.176.217.57:0] script '/domains/peterbmiller/juuuu.php' not found or unable to stat
[Fri Jan 09 06:38:32.209461 2026] [php:error] [pid 82195] [client 52.176.217.57:0] script '/domains/peterbmiller/ha.php' not found or unable to stat
[Fri Jan 09 06:38:32.234259 2026] [php:error] [pid 82189] [client 4.230.25.164:0] script '/domains/pmifit/cong.php' not found or unable to stat
[Fri Jan 09 06:38:32.253510 2026] [php:error] [pid 82195] [client 52.176.217.57:0] script '/domains/peterbmiller/gg.php' not found or unable to stat
[Fri Jan 09 06:38:32.278644 2026] [php:error] [pid 82195] [client 52.176.217.57:0] script '/domains/peterbmiller/we2.php' not found or unable to stat
[Fri Jan 09 06:38:32.303875 2026] [php:error] [pid 82195] [client 52.176.217.57:0] script '/domains/peterbmiller/04.php' not found or unable to stat
[Fri Jan 09 06:38:32.340539 2026] [php:error] [pid 82195] [client 52.176.217.57:0] script '/domains/peterbmiller/333.php' not found or unable to stat
[Fri Jan 09 06:38:32.374632 2026] [php:error] [pid 82195] [client 52.176.217.57:0] script '/domains/peterbmiller/520.php' not found or unable to stat
[Fri Jan 09 06:38:32.409326 2026] [php:error] [pid 82195] [client 52.176.217.57:0] script '/domains/peterbmiller/ar.php' not found or unable to stat
