[Fri Jan 09 03:27:22.957264 2026] [php:error] [pid 45965] [client 145.239.10.137:0] script '/domains/system_default/info.php' not found or unable to stat, referer: http://tricordinc-va.com/info.php
[Fri Jan 09 03:27:23.760918 2026] [php:error] [pid 45966] [client 35.247.243.244:0] script '/domains/smartny/adminer-5.0.0-mysql.php' not found or unable to stat
[Fri Jan 09 03:27:23.775074 2026] [php:error] [pid 45952] [client 34.96.162.55:0] script '/domains/telacomp/adminer-5.0.1.php' not found or unable to stat
[Fri Jan 09 03:27:37.114454 2026] [php:error] [pid 45964] [client 130.12.182.47:0] script '/domains/larrysr/wp-login.php' not found or unable to stat
[Fri Jan 09 03:27:37.988093 2026] [php:error] [pid 45963] [client 130.12.182.47:0] script '/domains/larrysr/wp-login.php' not found or unable to stat, referer: https://www.google.com/search?q=wordpress
[Fri Jan 09 03:27:38.650266 2026] [php:error] [pid 45955] [client 161.118.251.160:0] script '/domains/highlandlabs/wp-login.php' not found or unable to stat, referer: https://t.co/
[Fri Jan 09 03:27:39.232842 2026] [php:error] [pid 45968] [client 161.118.251.160:0] script '/domains/highlandlabs/wp-login.php' not found or unable to stat, referer: https://www.google.com/search?q=wordpress
[Fri Jan 09 03:27:43.096697 2026] [php:error] [pid 45966] [client 145.239.10.137:0] script '/domains/jeffbell/info.php' not found or unable to stat, referer: http://tricountyre.com/info.php
[Fri Jan 09 03:27:45.970541 2026] [php:error] [pid 45964] [client 45.78.229.245:0] script '/domains/hdickens.enteract/kmnj.php' not found or unable to stat
[Fri Jan 09 03:28:02.489997 2026] [php:error] [pid 45969] [client 34.96.162.62:0] script '/domains/telacomp/adminer-5.0.1-mysql.php' not found or unable to stat
[Fri Jan 09 03:28:02.772618 2026] [php:error] [pid 45964] [client 35.247.243.243:0] script '/domains/smartny/adminer-5.0.0-en.php' not found or unable to stat
[Fri Jan 09 03:28:08.670630 2026] [php:error] [pid 45968] [client 35.247.243.242:0] script '/domains/telacomp/DB.php' not found or unable to stat
[Fri Jan 09 03:28:27.765872 2026] [php:error] [pid 45975] [client 130.12.182.47:0] script '/domains/micra/wp-login.php' not found or unable to stat
[Fri Jan 09 03:28:28.706505 2026] [php:error] [pid 45968] [client 130.12.182.47:0] script '/domains/micra/wp-login.php' not found or unable to stat, referer: https://www.bing.com/
[Fri Jan 09 03:28:34.226442 2026] [php:error] [pid 45977] [client 130.12.182.47:0] script '/domains/pbuilder/wp-login.php' not found or unable to stat
[Fri Jan 09 03:28:34.825055 2026] [php:error] [pid 45969] [client 130.12.182.47:0] script '/domains/pbuilder/wp-login.php' not found or unable to stat
[Fri Jan 09 03:28:40.674598 2026] [php:error] [pid 45975] [client 130.12.182.47:0] script '/domains/performancepartsinc/wp-login.php' not found or unable to stat
[Fri Jan 09 03:28:40.835817 2026] [php:error] [pid 45968] [client 35.247.243.244:0] script '/domains/telacomp/adminer-5.1.1-en.php' not found or unable to stat
[Fri Jan 09 03:28:40.846471 2026] [php:error] [pid 45974] [client 35.247.243.244:0] script '/domains/smartny/adminer-5.1.0-mysql-en.php' not found or unable to stat
[Fri Jan 09 03:28:41.389204 2026] [php:error] [pid 45977] [client 130.12.182.47:0] script '/domains/performancepartsinc/wp-login.php' not found or unable to stat
[Fri Jan 09 03:28:46.906699 2026] [php:error] [pid 45974] [client 130.12.182.47:0] script '/domains/highlandlabs/wp-login.php' not found or unable to stat, referer: https://www.google.com/
[Fri Jan 09 03:28:47.814936 2026] [php:error] [pid 45977] [client 130.12.182.47:0] script '/domains/highlandlabs/wp-login.php' not found or unable to stat
[Fri Jan 09 03:29:05.763374 2026] [php:error] [pid 45980] [client 3.96.148.120:0] script '/domains/covertcomic/phpinfo.php' not found or unable to stat
[Fri Jan 09 03:29:05.929806 2026] [php:error] [pid 45980] [client 3.96.148.120:0] script '/domains/covertcomic/info.php' not found or unable to stat
[Fri Jan 09 03:29:06.201204 2026] [php:error] [pid 45974] [client 3.96.148.120:0] script '/domains/covertcomic/test.php' not found or unable to stat
[Fri Jan 09 03:29:06.824372 2026] [core:crit] [pid 45980] (13)Permission denied: [client 114.119.150.248:0] AH00529: /domains/dcarlone/test/web/.htaccess pcfg_openfile: unable to check htaccess file, ensure it is readable and that '/domains/dcarlone/test/web/' is executable, referer: http://www.carloneassociates.com/test/web/i.php/happy-school-hook-up-help/
[Fri Jan 09 03:29:08.627451 2026] [php:error] [pid 45967] [client 3.96.148.120:0] script '/domains/covertcomic/server.php' not found or unable to stat
[Fri Jan 09 03:29:08.741363 2026] [php:error] [pid 45980] [client 3.96.148.120:0] script '/domains/covertcomic/php_version.php' not found or unable to stat
[Fri Jan 09 03:29:08.905418 2026] [php:error] [pid 45967] [client 3.96.148.120:0] script '/domains/covertcomic/pi.php' not found or unable to stat
[Fri Jan 09 03:29:09.300987 2026] [php:error] [pid 45982] [client 3.96.148.120:0] script '/domains/covertcomic/php.php' not found or unable to stat
[Fri Jan 09 03:29:09.575614 2026] [php:error] [pid 45980] [client 3.96.148.120:0] script '/domains/covertcomic/i.php' not found or unable to stat
[Fri Jan 09 03:29:10.251701 2026] [php:error] [pid 45984] [client 3.96.148.120:0] script '/domains/covertcomic/configuration.php' not found or unable to stat
[Fri Jan 09 03:29:10.424538 2026] [php:error] [pid 45986] [client 208.84.101.102:0] script '/domains/lover/xmlrpc.php' not found or unable to stat
[Fri Jan 09 03:29:11.347081 2026] [php:error] [pid 45987] [client 3.96.148.120:0] script '/domains/covertcomic/debug.php' not found or unable to stat
[Fri Jan 09 03:29:11.399757 2026] [php:error] [pid 45986] [client 3.96.148.120:0] script '/domains/covertcomic/info2.php' not found or unable to stat
[Fri Jan 09 03:29:11.450608 2026] [php:error] [pid 45980] [client 3.96.148.120:0] script '/domains/covertcomic/info1.php' not found or unable to stat
[Fri Jan 09 03:29:11.510111 2026] [php:error] [pid 45983] [client 3.96.148.120:0] script '/domains/covertcomic/php_info.php' not found or unable to stat
[Fri Jan 09 03:29:11.908199 2026] [php:error] [pid 45984] [client 130.12.182.47:0] script '/domains/system_suspended/wp-login.php' not found or unable to stat, referer: https://www.facebook.com/
[Fri Jan 09 03:29:12.507831 2026] [php:error] [pid 45983] [client 130.12.182.47:0] script '/domains/system_suspended/wp-login.php' not found or unable to stat
[Fri Jan 09 03:29:12.526746 2026] [php:error] [pid 45985] [client 3.96.148.120:0] script '/domains/covertcomic/testphp.php' not found or unable to stat
[Fri Jan 09 03:29:12.577721 2026] [php:error] [pid 45968] [client 3.96.148.120:0] script '/domains/covertcomic/infophp.php' not found or unable to stat
[Fri Jan 09 03:29:12.629613 2026] [php:error] [pid 45974] [client 3.96.148.120:0] script '/domains/covertcomic/php-info.php' not found or unable to stat
[Fri Jan 09 03:29:12.680792 2026] [php:error] [pid 45987] [client 3.96.148.120:0] script '/domains/covertcomic/info_php.php' not found or unable to stat
[Fri Jan 09 03:29:12.731609 2026] [php:error] [pid 45974] [client 3.96.148.120:0] script '/domains/covertcomic/t.php' not found or unable to stat
[Fri Jan 09 03:29:12.786786 2026] [php:error] [pid 45987] [client 3.96.148.120:0] script '/domains/covertcomic/p.php' not found or unable to stat
[Fri Jan 09 03:29:12.842809 2026] [php:error] [pid 45980] [client 3.96.148.120:0] script '/domains/covertcomic/3.php' not found or unable to stat
[Fri Jan 09 03:29:12.899588 2026] [php:error] [pid 45985] [client 3.96.148.120:0] script '/domains/covertcomic/2.php' not found or unable to stat
[Fri Jan 09 03:29:12.958401 2026] [php:error] [pid 45974] [client 3.96.148.120:0] script '/domains/covertcomic/1.php' not found or unable to stat
[Fri Jan 09 03:29:13.013790 2026] [php:error] [pid 45987] [client 3.96.148.120:0] script '/domains/covertcomic/probe.php' not found or unable to stat
[Fri Jan 09 03:29:13.070012 2026] [php:error] [pid 45980] [client 3.96.148.120:0] script '/domains/covertcomic/check.php' not found or unable to stat
[Fri Jan 09 03:29:13.126689 2026] [php:error] [pid 45985] [client 3.96.148.120:0] script '/domains/covertcomic/phptest.php' not found or unable to stat
[Fri Jan 09 03:29:13.183254 2026] [php:error] [pid 45974] [client 3.96.148.120:0] script '/domains/covertcomic/diagnostic.php' not found or unable to stat
[Fri Jan 09 03:29:13.239633 2026] [php:error] [pid 45975] [client 3.96.148.120:0] script '/domains/covertcomic/serverinfo.php' not found or unable to stat
[Fri Jan 09 03:29:13.296697 2026] [php:error] [pid 45980] [client 3.96.148.120:0] script '/domains/covertcomic/phpversion.php' not found or unable to stat
[Fri Jan 09 03:29:13.348585 2026] [php:error] [pid 45985] [client 3.96.148.120:0] script '/domains/covertcomic/info3.php' not found or unable to stat
[Fri Jan 09 03:29:15.818539 2026] [php:error] [pid 45980] [client 34.96.162.59:0] script '/domains/telacomp/unzipper.php' not found or unable to stat
[Fri Jan 09 03:29:29.964519 2026] [php:error] [pid 45988] [client 35.247.243.243:0] script '/domains/smartny/adminer-5.1.1.php' not found or unable to stat
[Fri Jan 09 03:29:29.972357 2026] [php:error] [pid 45974] [client 35.247.243.248:0] script '/domains/telacomp/adminer-5.2.0-mysql.php' not found or unable to stat
[Fri Jan 09 03:29:42.481379 2026] [php:error] [pid 45981] [client 130.12.182.47:0] script '/domains/smartny/wp-login.php' not found or unable to stat, referer: https://www.google.com/search?q=wordpress
[Fri Jan 09 03:29:43.603326 2026] [php:error] [pid 45981] [client 130.12.182.47:0] script '/domains/smartny/wp-login.php' not found or unable to stat
[Fri Jan 09 03:29:49.538210 2026] [php:error] [pid 45989] [client 130.12.182.47:0] script '/domains/awciii/wp-login.php' not found or unable to stat, referer: https://www.facebook.com/
[Fri Jan 09 03:29:50.800303 2026] [php:error] [pid 45980] [client 130.12.182.47:0] script '/domains/awciii/wp-login.php' not found or unable to stat, referer: https://www.bing.com/
[Fri Jan 09 03:29:56.986112 2026] [php:error] [pid 45985] [client 34.96.162.55:0] script '/domains/telacomp/adminer-5.3.0-mysql.php' not found or unable to stat
[Fri Jan 09 03:29:57.110237 2026] [php:error] [pid 45989] [client 35.247.243.249:0] script '/domains/smartny/adminer-5.2.1.php' not found or unable to stat
[Fri Jan 09 03:29:57.438606 2026] [php:error] [pid 45980] [client 130.12.182.47:0] script '/domains/astrosfm/wp-login.php' not found or unable to stat, referer: https://wordpress.org/
[Fri Jan 09 03:29:57.902358 2026] [php:error] [pid 45981] [client 130.12.182.47:0] script '/domains/astrosfm/wp-login.php' not found or unable to stat, referer: https://t.co/
[Fri Jan 09 03:29:59.987044 2026] [php:error] [pid 45989] [client 34.96.162.62:0] script '/domains/telacomp/SQL.php' not found or unable to stat
[Fri Jan 09 03:29:59.992299 2026] [php:error] [pid 45991] [client 35.247.243.242:0] script '/domains/smartny/SQL.php' not found or unable to stat
[Fri Jan 09 03:30:04.166620 2026] [php:error] [pid 45989] [client 130.12.182.47:0] script '/domains/navarrospring/wp-login.php' not found or unable to stat, referer: https://wordpress.org/
[Fri Jan 09 03:30:05.271134 2026] [php:error] [pid 45981] [client 130.12.182.47:0] script '/domains/navarrospring/wp-login.php' not found or unable to stat
[Fri Jan 09 03:30:08.788674 2026] [php:error] [pid 45985] [client 35.247.243.248:0] script '/domains/telacomp/adminer-4.6.1.php' not found or unable to stat
[Fri Jan 09 03:30:08.889669 2026] [php:error] [pid 45974] [client 35.247.243.252:0] script '/domains/smartny/adminer-4.3.0.php' not found or unable to stat
[Fri Jan 09 03:30:17.542441 2026] [php:error] [pid 45974] [client 35.247.243.250:0] script '/domains/telacomp/adminer-5.2.0-en.php' not found or unable to stat
[Fri Jan 09 03:30:17.771543 2026] [php:error] [pid 45991] [client 35.247.243.254:0] script '/domains/smartny/adminer-5.1.1-mysql-en.php' not found or unable to stat
[Fri Jan 09 03:30:28.330704 2026] [php:error] [pid 45991] [client 130.12.182.47:0] script '/domains/king1969/wp-login.php' not found or unable to stat, referer: https://wordpress.org/
[Fri Jan 09 03:30:28.976518 2026] [php:error] [pid 45985] [client 130.12.182.47:0] script '/domains/king1969/wp-login.php' not found or unable to stat
[Fri Jan 09 03:30:33.918032 2026] [php:error] [pid 45985] [client 130.12.182.47:0] script '/domains/dcoffman/wp-login.php' not found or unable to stat, referer: https://duckduckgo.com/
[Fri Jan 09 03:30:34.963995 2026] [php:error] [pid 45989] [client 130.12.182.47:0] script '/domains/dcoffman/wp-login.php' not found or unable to stat, referer: https://www.google.com/
[Fri Jan 09 03:30:37.456661 2026] [php:error] [pid 45991] [client 47.79.118.18:0] script '/domains/hdickens.enteract/kmnj.php' not found or unable to stat
[Fri Jan 09 03:30:40.656625 2026] [php:error] [pid 45981] [client 176.28.192.173:0] script '/domains/quintet/photos/2013memories/getperson.php' not found or unable to stat
[Fri Jan 09 03:30:51.266101 2026] [php:error] [pid 45981] [client 130.12.182.47:0] script '/domains/quintet/wp-login.php' not found or unable to stat
[Fri Jan 09 03:30:52.129318 2026] [php:error] [pid 45994] [client 130.12.182.47:0] script '/domains/quintet/wp-login.php' not found or unable to stat, referer: https://www.google.com/search?q=wordpress
[Fri Jan 09 03:30:59.098852 2026] [php:error] [pid 45997] [client 34.96.162.56:0] script '/domains/smartny/adminer-4.8.1.php' not found or unable to stat
[Fri Jan 09 03:30:59.118944 2026] [php:error] [pid 45985] [client 34.96.162.48:0] script '/domains/telacomp/adminer-4.3.0.php' not found or unable to stat
[Fri Jan 09 03:30:59.844901 2026] [php:error] [pid 45994] [client 130.12.182.47:0] script '/domains/nostrada/wp-login.php' not found or unable to stat
[Fri Jan 09 03:31:00.490253 2026] [php:error] [pid 45974] [client 130.12.182.47:0] script '/domains/nostrada/wp-login.php' not found or unable to stat, referer: https://www.google.com/search?q=wordpress
[Fri Jan 09 03:31:05.910092 2026] [php:error] [pid 45994] [client 130.12.182.47:0] script '/domains/amisol/wp-login.php' not found or unable to stat
[Fri Jan 09 03:31:07.462583 2026] [php:error] [pid 45974] [client 130.12.182.47:0] script '/domains/amisol/wp-login.php' not found or unable to stat, referer: https://www.bing.com/
[Fri Jan 09 03:31:33.424637 2026] [php:error] [pid 45994] [client 130.12.182.47:0] script '/domains/supolo/wp-login.php' not found or unable to stat
[Fri Jan 09 03:31:34.241361 2026] [php:error] [pid 46002] [client 130.12.182.47:0] script '/domains/supolo/wp-login.php' not found or unable to stat, referer: https://t.co/
[Fri Jan 09 03:31:41.258410 2026] [php:error] [pid 46004] [client 130.12.182.47:0] script '/domains/piltdweb1/wp-login.php' not found or unable to stat, referer: https://duckduckgo.com/
[Fri Jan 09 03:31:42.291230 2026] [php:error] [pid 45994] [client 130.12.182.47:0] script '/domains/piltdweb1/wp-login.php' not found or unable to stat, referer: https://www.google.com/
[Fri Jan 09 03:31:46.189771 2026] [php:error] [pid 46007] [client 34.96.162.61:0] script '/domains/telacomp/adminer-5.0.6-mysql.php' not found or unable to stat
[Fri Jan 09 03:31:46.198424 2026] [php:error] [pid 46009] [client 34.96.162.55:0] script '/domains/smartny/adminer-5.0.5-en.php' not found or unable to stat
[Fri Jan 09 03:31:51.339552 2026] [php:error] [pid 46003] [client 101.47.177.27:0] script '/domains/hdickens.enteract/kmnj.php' not found or unable to stat
[Fri Jan 09 03:31:56.992797 2026] [php:error] [pid 46011] [client 24.199.107.169:0] script '/domains/homesbyaudrey1/xmlrpc.php' not found or unable to stat
[Fri Jan 09 03:32:16.782607 2026] [php:error] [pid 46007] [client 130.12.182.47:0] script '/domains/acagolf1/wp-login.php' not found or unable to stat, referer: https://wordpress.org/
[Fri Jan 09 03:32:18.596122 2026] [php:error] [pid 46018] [client 130.12.182.47:0] script '/domains/acagolf1/wp-login.php' not found or unable to stat
[Fri Jan 09 03:32:24.419324 2026] [php:error] [pid 46007] [client 130.12.182.47:0] script '/domains/memanuel/wp-login.php' not found or unable to stat, referer: https://www.google.com/
[Fri Jan 09 03:32:25.146516 2026] [php:error] [pid 46011] [client 130.12.182.47:0] script '/domains/memanuel/wp-login.php' not found or unable to stat
[Fri Jan 09 03:32:52.570653 2026] [php:error] [pid 46014] [client 130.12.182.47:0] script '/domains/system_suspended/wp-login.php' not found or unable to stat
[Fri Jan 09 03:32:53.620220 2026] [php:error] [pid 46021] [client 130.12.182.47:0] script '/domains/system_suspended/wp-login.php' not found or unable to stat
[Fri Jan 09 03:32:56.915499 2026] [php:error] [pid 46011] [client 34.96.162.58:0] script '/domains/smartny/adminer-5.0.4.php' not found or unable to stat
[Fri Jan 09 03:32:56.918176 2026] [php:error] [pid 46022] [client 34.96.162.55:0] script '/domains/telacomp/adminer-5.0.3-en.php' not found or unable to stat
[Fri Jan 09 03:33:11.328397 2026] [php:error] [pid 46011] [client 192.42.116.177:0] script '/domains/perless2web/wp-login.php' not found or unable to stat
[Fri Jan 09 03:33:12.077933 2026] [php:error] [pid 46031] [client 185.220.101.8:0] script '/domains/perless2web/wp-login.php' not found or unable to stat
[Fri Jan 09 03:33:12.150865 2026] [php:error] [pid 46032] [client 130.12.182.47:0] script '/domains/trodine/wp-login.php' not found or unable to stat, referer: https://www.facebook.com/
[Fri Jan 09 03:33:12.837953 2026] [php:error] [pid 46031] [client 130.12.182.47:0] script '/domains/trodine/wp-login.php' not found or unable to stat, referer: https://www.google.com/
[Fri Jan 09 03:33:18.409572 2026] [php:error] [pid 46019] [client 35.247.243.255:0] script '/domains/telacomp/adminer-5.0.6-mysql-en.php' not found or unable to stat
[Fri Jan 09 03:33:18.416726 2026] [php:error] [pid 46014] [client 34.96.162.49:0] script '/domains/smartny/adminer-5.0.3.php' not found or unable to stat
[Fri Jan 09 03:33:27.739042 2026] [php:error] [pid 46033] [client 34.96.162.56:0] script '/domains/telacomp/adminer-5.0.4-mysql.php' not found or unable to stat
[Fri Jan 09 03:33:27.751733 2026] [php:error] [pid 46007] [client 35.247.243.246:0] script '/domains/smartny/adminer-5.0.3.php' not found or unable to stat
[Fri Jan 09 03:33:34.748861 2026] [php:error] [pid 46007] [client 35.247.243.242:0] script '/domains/telacomp/adminer-4.8.1-en.php' not found or unable to stat
[Fri Jan 09 03:33:44.171521 2026] [php:error] [pid 46007] [client 142.248.80.123:0] script '/domains/hungariantasteweb/xmlrpc.php' not found or unable to stat
[Fri Jan 09 03:34:05.588012 2026] [php:error] [pid 46037] [client 35.247.243.252:0] script '/domains/telacomp/_adminer.php' not found or unable to stat
[Fri Jan 09 03:34:05.677083 2026] [php:error] [pid 46034] [client 35.247.243.241:0] script '/domains/smartny/adminer-5.4.1-en.php' not found or unable to stat
[Fri Jan 09 03:34:08.756569 2026] [php:error] [pid 46037] [client 130.12.182.47:0] script '/domains/ferguson.interport/wp-login.php' not found or unable to stat
[Fri Jan 09 03:34:09.435587 2026] [php:error] [pid 46034] [client 130.12.182.47:0] script '/domains/ferguson.interport/wp-login.php' not found or unable to stat, referer: https://www.facebook.com/
[Fri Jan 09 03:34:26.829029 2026] [php:error] [pid 46040] [client 142.248.80.123:0] script '/domains/jaspen/xmlrpc.php' not found or unable to stat
[Fri Jan 09 03:34:40.297580 2026] [include:error] [pid 46007] [client 45.67.231.187:0] AH01371: unknown directive "code" in parsed doc /domains/testregisgroup/contactUs/index.shtml, referer: http://regisgroup.org/contactUs/
[Fri Jan 09 03:34:40.297605 2026] [include:error] [pid 46007] [client 45.67.231.187:0] AH01371: unknown directive "#code" in parsed doc /domains/testregisgroup/contactUs/index.shtml, referer: http://regisgroup.org/contactUs/
[Fri Jan 09 03:34:40.297621 2026] [include:error] [pid 46007] [client 45.67.231.187:0] AH01371: unknown directive "code" in parsed doc /domains/testregisgroup/contactUs/index.shtml, referer: http://regisgroup.org/contactUs/
[Fri Jan 09 03:34:40.297628 2026] [include:error] [pid 46007] [client 45.67.231.187:0] AH01371: unknown directive "code" in parsed doc /domains/testregisgroup/contactUs/index.shtml, referer: http://regisgroup.org/contactUs/
[Fri Jan 09 03:34:43.426815 2026] [php:error] [pid 46007] [client 130.12.182.47:0] script '/domains/astweb/wp-login.php' not found or unable to stat
[Fri Jan 09 03:34:44.158339 2026] [php:error] [pid 46040] [client 130.12.182.47:0] script '/domains/astweb/wp-login.php' not found or unable to stat, referer: https://www.facebook.com/
[Fri Jan 09 03:35:08.671870 2026] [php:error] [pid 46040] [client 130.12.182.47:0] script '/domains/system_suspended/wp-login.php' not found or unable to stat, referer: https://www.google.com/
[Fri Jan 09 03:35:09.417038 2026] [php:error] [pid 46034] [client 130.12.182.47:0] script '/domains/system_suspended/wp-login.php' not found or unable to stat, referer: https://wordpress.org/
[Fri Jan 09 03:35:24.601736 2026] [php:error] [pid 46052] [client 130.12.182.47:0] script '/domains/dcarlone/wp-login.php' not found or unable to stat
[Fri Jan 09 03:35:25.315370 2026] [php:error] [pid 46053] [client 130.12.182.47:0] script '/domains/dcarlone/wp-login.php' not found or unable to stat, referer: https://www.bing.com/
[Fri Jan 09 03:35:31.618714 2026] [php:error] [pid 46052] [client 130.12.182.47:0] script '/domains/rnachum/wp-login.php' not found or unable to stat, referer: https://duckduckgo.com/
[Fri Jan 09 03:35:32.363778 2026] [php:error] [pid 46033] [client 130.12.182.47:0] script '/domains/rnachum/wp-login.php' not found or unable to stat
[Fri Jan 09 03:35:42.469178 2026] [php:error] [pid 46033] [client 130.12.182.47:0] script '/domains/miles.interport/wp-login.php' not found or unable to stat, referer: https://www.facebook.com/
[Fri Jan 09 03:35:43.057484 2026] [php:error] [pid 46054] [client 130.12.182.47:0] script '/domains/miles.interport/wp-login.php' not found or unable to stat, referer: https://duckduckgo.com/
[Fri Jan 09 03:35:50.279497 2026] [php:error] [pid 46054] [client 130.12.182.47:0] script '/domains/system_suspended/wp-login.php' not found or unable to stat, referer: https://www.google.com/search?q=wordpress
[Fri Jan 09 03:35:50.902049 2026] [php:error] [pid 46055] [client 130.12.182.47:0] script '/domains/system_suspended/wp-login.php' not found or unable to stat, referer: https://duckduckgo.com/
[Fri Jan 09 03:36:06.175924 2026] [php:error] [pid 46054] [client 130.12.182.47:0] script '/domains/bels/wp-login.php' not found or unable to stat, referer: https://t.co/
[Fri Jan 09 03:36:06.764791 2026] [php:error] [pid 46055] [client 130.12.182.47:0] script '/domains/bels/wp-login.php' not found or unable to stat, referer: https://duckduckgo.com/
[Fri Jan 09 03:36:12.649501 2026] [php:error] [pid 46040] [client 34.96.162.55:0] script '/domains/telacomp/phpminiadmin.php' not found or unable to stat
[Fri Jan 09 03:36:30.046625 2026] [php:error] [pid 46072] [client 208.84.101.66:0] script '/domains/biehlweb/xmlrpc.php' not found or unable to stat
[Fri Jan 09 03:36:36.278797 2026] [php:error] [pid 46058] [client 130.12.182.47:0] script '/domains/tennex/wp-login.php' not found or unable to stat, referer: https://www.bing.com/
[Fri Jan 09 03:36:36.677514 2026] [php:error] [pid 46055] [client 130.12.182.47:0] script '/domains/tennex/wp-login.php' not found or unable to stat
[Fri Jan 09 03:36:39.068201 2026] [php:error] [pid 46065] [client 159.223.120.185:0] script '/domains/pmglobal/wp-login.php' not found or unable to stat
[Fri Jan 09 03:36:44.210189 2026] [php:error] [pid 46055] [client 34.96.162.53:0] script '/domains/telacomp/adminer-4.4.0.php' not found or unable to stat
[Fri Jan 09 03:36:44.313012 2026] [php:error] [pid 46054] [client 34.96.162.58:0] script '/domains/smartny/adminer-4.2.0.php' not found or unable to stat
[Fri Jan 09 03:36:59.423022 2026] [php:error] [pid 46068] [client 34.96.162.57:0] script '/domains/telacomp/adminer-4.6.3.php' not found or unable to stat
[Fri Jan 09 03:36:59.516810 2026] [php:error] [pid 46058] [client 35.247.243.255:0] script '/domains/smartny/adminer-4.4.0.php' not found or unable to stat
[Fri Jan 09 03:37:34.878179 2026] [php:error] [pid 46076] [client 130.12.182.47:0] script '/domains/viamonte3/wp-login.php' not found or unable to stat, referer: https://www.bing.com/
[Fri Jan 09 03:37:35.653904 2026] [php:error] [pid 46074] [client 130.12.182.47:0] script '/domains/viamonte3/wp-login.php' not found or unable to stat, referer: https://www.facebook.com/
[Fri Jan 09 03:37:52.113948 2026] [php:error] [pid 46081] [client 130.12.182.47:0] script '/domains/system_suspended/wp-login.php' not found or unable to stat, referer: https://www.google.com/
[Fri Jan 09 03:37:52.724501 2026] [php:error] [pid 46082] [client 130.12.182.47:0] script '/domains/system_suspended/wp-login.php' not found or unable to stat, referer: https://www.google.com/search?q=wordpress
[Fri Jan 09 03:38:02.931339 2026] [php:error] [pid 46081] [client 130.12.182.47:0] script '/domains/familyplayhouse2/wp-login.php' not found or unable to stat, referer: https://www.google.com/
[Fri Jan 09 03:38:03.658566 2026] [php:error] [pid 46080] [client 130.12.182.47:0] script '/domains/familyplayhouse2/wp-login.php' not found or unable to stat
[Fri Jan 09 03:38:10.610001 2026] [php:error] [pid 46079] [client 34.96.162.52:0] script '/domains/smartny/adminer-db.php' not found or unable to stat
[Fri Jan 09 03:38:10.787631 2026] [php:error] [pid 46068] [client 130.12.182.47:0] script '/domains/agribiz/wp-login.php' not found or unable to stat, referer: https://www.google.com/
[Fri Jan 09 03:38:11.350141 2026] [php:error] [pid 46080] [client 130.12.182.47:0] script '/domains/agribiz/wp-login.php' not found or unable to stat
[Fri Jan 09 03:38:26.925155 2026] [php:error] [pid 46080] [client 130.12.182.47:0] script '/domains/covertcomic/wp-login.php' not found or unable to stat, referer: https://t.co/
[Fri Jan 09 03:38:27.577387 2026] [php:error] [pid 46094] [client 130.12.182.47:0] script '/domains/covertcomic/wp-login.php' not found or unable to stat, referer: https://www.google.com/search?q=wordpress
[Fri Jan 09 03:38:35.944526 2026] [php:error] [pid 46080] [client 130.12.182.47:0] script '/domains/wsmith.enteract/wp-login.php' not found or unable to stat, referer: https://www.facebook.com/
[Fri Jan 09 03:38:36.448526 2026] [php:error] [pid 46076] [client 130.12.182.47:0] script '/domains/wsmith.enteract/wp-login.php' not found or unable to stat, referer: https://t.co/
[Fri Jan 09 03:38:42.276388 2026] [php:error] [pid 46103] [client 195.178.110.132:0] script '/domains/dcarlone/wp-config.php' not found or unable to stat
[Fri Jan 09 03:38:42.358716 2026] [php:error] [pid 46103] [client 195.178.110.132:0] script '/domains/dcarlone/wp-config.php.old' not found or unable to stat
[Fri Jan 09 03:38:42.740080 2026] [php:error] [pid 46103] [client 195.178.110.132:0] script '/domains/dcarlone/config.php' not found or unable to stat
[Fri Jan 09 03:38:42.842892 2026] [php:error] [pid 46103] [client 195.178.110.132:0] script '/domains/dcarlone/config.php.bak' not found or unable to stat
[Fri Jan 09 03:38:44.697314 2026] [php:error] [pid 46095] [client 130.12.182.47:0] script '/domains/schellin/wp-login.php' not found or unable to stat, referer: https://www.google.com/
[Fri Jan 09 03:38:45.310612 2026] [php:error] [pid 46080] [client 130.12.182.47:0] script '/domains/schellin/wp-login.php' not found or unable to stat
[Fri Jan 09 03:38:53.695645 2026] [php:error] [pid 46100] [client 130.12.182.47:0] script '/domains/icrse/wp-login.php' not found or unable to stat, referer: https://t.co/
[Fri Jan 09 03:38:53.801692 2026] [php:error] [pid 46095] [client 34.96.162.56:0] script '/domains/smartny/_adminer.php' not found or unable to stat
[Fri Jan 09 03:38:54.123263 2026] [php:error] [pid 46080] [client 130.12.182.47:0] script '/domains/icrse/wp-login.php' not found or unable to stat
[Fri Jan 09 03:38:56.453882 2026] [php:error] [pid 46101] [client 35.247.243.244:0] script '/domains/telacomp/adminer-4.6.2.php' not found or unable to stat
[Fri Jan 09 03:38:56.835775 2026] [php:error] [pid 46095] [client 34.96.162.55:0] script '/domains/smartny/adminer-4.3.1.php' not found or unable to stat
[Fri Jan 09 03:39:02.455909 2026] [php:error] [pid 46102] [client 130.12.182.47:0] script '/domains/system_suspended/wp-login.php' not found or unable to stat, referer: https://t.co/
[Fri Jan 09 03:39:03.291606 2026] [php:error] [pid 46080] [client 130.12.182.47:0] script '/domains/system_suspended/wp-login.php' not found or unable to stat, referer: https://www.google.com/
[Fri Jan 09 03:39:08.839556 2026] [php:error] [pid 46096] [client 34.96.162.61:0] script '/domains/telacomp/adminer-5.0.4-mysql-en.php' not found or unable to stat
[Fri Jan 09 03:39:09.117832 2026] [php:error] [pid 46103] [client 34.96.162.58:0] script '/domains/smartny/adminer-5.0.3-mysql.php' not found or unable to stat
[Fri Jan 09 03:39:18.755322 2026] [php:error] [pid 46080] [client 159.223.120.185:0] script '/domains/pmifit/wp-login.php' not found or unable to stat
[Fri Jan 09 03:39:31.402108 2026] [php:error] [pid 46103] [client 145.239.10.137:0] script '/domains/dcoffman/byp.php' not found or unable to stat, referer: http://guardenia.com/byp.php
[Fri Jan 09 03:39:39.011216 2026] [php:error] [pid 46080] [client 34.96.162.63:0] script '/domains/smartny/adminer-5.0.3-mysql.php' not found or unable to stat
[Fri Jan 09 03:39:39.036206 2026] [php:error] [pid 46108] [client 34.96.162.53:0] script '/domains/telacomp/adminer-5.0.5.php' not found or unable to stat
[Fri Jan 09 03:39:43.283738 2026] [php:error] [pid 46080] [client 13.212.219.17:0] script '/domains/highlandlabs/phpinfo.php' not found or unable to stat
[Fri Jan 09 03:39:45.455778 2026] [php:error] [pid 46107] [client 13.212.219.17:0] script '/domains/highlandlabs/info.php' not found or unable to stat
[Fri Jan 09 03:39:49.051833 2026] [php:error] [pid 46080] [client 13.212.219.17:0] script '/domains/highlandlabs/test.php' not found or unable to stat
[Fri Jan 09 03:39:57.811029 2026] [php:error] [pid 46109] [client 2.58.56.98:0] script '/domains/byardrealestate/style.php' not found or unable to stat
[Fri Jan 09 03:40:05.815022 2026] [php:error] [pid 46109] [client 2.58.56.98:0] script '/domains/byardrealestate/chosen.php' not found or unable to stat
[Fri Jan 09 03:40:07.301448 2026] [php:error] [pid 46107] [client 2.58.56.98:0] script '/domains/byardrealestate/file.php' not found or unable to stat
[Fri Jan 09 03:40:08.809599 2026] [php:error] [pid 46109] [client 2.58.56.98:0] script '/domains/byardrealestate/flower.php' not found or unable to stat
[Fri Jan 09 03:40:10.491467 2026] [php:error] [pid 46109] [client 2.58.56.98:0] script '/domains/byardrealestate/gifclass.php' not found or unable to stat
[Fri Jan 09 03:40:11.952535 2026] [php:error] [pid 46095] [client 2.58.56.98:0] script '/domains/markrose/style.php' not found or unable to stat
[Fri Jan 09 03:40:12.177279 2026] [php:error] [pid 46115] [client 2.58.56.98:0] script '/domains/byardrealestate/bless.php' not found or unable to stat
[Fri Jan 09 03:40:13.434008 2026] [php:error] [pid 46080] [client 2.58.56.98:0] script '/domains/byardrealestate/class-t.api.php' not found or unable to stat
[Fri Jan 09 03:40:15.106993 2026] [php:error] [pid 46115] [client 2.58.56.98:0] script '/domains/byardrealestate/blurbs.php' not found or unable to stat
[Fri Jan 09 03:40:16.920829 2026] [php:error] [pid 46115] [client 2.58.56.98:0] script '/domains/byardrealestate/akcc.php' not found or unable to stat
[Fri Jan 09 03:40:19.218995 2026] [php:error] [pid 46113] [client 2.58.56.98:0] script '/domains/byardrealestate/abcd.php' not found or unable to stat
[Fri Jan 09 03:40:20.103479 2026] [php:error] [pid 46109] [client 13.212.219.17:0] script '/domains/highlandlabs/server.php' not found or unable to stat
[Fri Jan 09 03:40:21.227375 2026] [php:error] [pid 46109] [client 2.58.56.98:0] script '/domains/markrose/chosen.php' not found or unable to stat
[Fri Jan 09 03:40:21.569317 2026] [php:error] [pid 46120] [client 2.58.56.98:0] script '/domains/byardrealestate/flex.php' not found or unable to stat
[Fri Jan 09 03:40:21.584735 2026] [php:error] [pid 46113] [client 13.212.219.17:0] script '/domains/highlandlabs/php_version.php' not found or unable to stat
[Fri Jan 09 03:40:22.554282 2026] [php:error] [pid 46117] [client 2.58.56.98:0] script '/domains/markrose/file.php' not found or unable to stat
[Fri Jan 09 03:40:22.805365 2026] [php:error] [pid 46122] [client 2.58.56.98:0] script '/domains/byardrealestate/doc.php' not found or unable to stat
[Fri Jan 09 03:40:23.731209 2026] [php:error] [pid 46120] [client 13.212.219.17:0] script '/domains/highlandlabs/pi.php' not found or unable to stat
[Fri Jan 09 03:40:23.755784 2026] [php:error] [pid 46108] [client 2.58.56.98:0] script '/domains/markrose/flower.php' not found or unable to stat
[Fri Jan 09 03:40:25.008006 2026] [php:error] [pid 46110] [client 2.58.56.98:0] script '/domains/markrose/gifclass.php' not found or unable to stat
[Fri Jan 09 03:40:25.369478 2026] [php:error] [pid 46122] [client 2.58.56.98:0] script '/domains/byardrealestate/akc.php' not found or unable to stat
[Fri Jan 09 03:40:26.368374 2026] [php:error] [pid 46108] [client 2.58.56.98:0] script '/domains/markrose/bless.php' not found or unable to stat
[Fri Jan 09 03:40:26.886438 2026] [php:error] [pid 46095] [client 2.58.56.98:0] script '/domains/byardrealestate/zoo.php' not found or unable to stat
[Fri Jan 09 03:40:28.174996 2026] [php:error] [pid 46109] [client 2.58.56.98:0] script '/domains/markrose/class-t.api.php' not found or unable to stat
[Fri Jan 09 03:40:28.797008 2026] [php:error] [pid 46108] [client 2.58.56.98:0] script '/domains/byardrealestate/zwso.php' not found or unable to stat
[Fri Jan 09 03:40:28.826122 2026] [php:error] [pid 46115] [client 13.212.219.17:0] script '/domains/highlandlabs/php.php' not found or unable to stat
[Fri Jan 09 03:40:30.461333 2026] [php:error] [pid 46118] [client 2.58.56.98:0] script '/domains/markrose/blurbs.php' not found or unable to stat
[Fri Jan 09 03:40:32.223097 2026] [php:error] [pid 46109] [client 2.58.56.98:0] script '/domains/markrose/akcc.php' not found or unable to stat
[Fri Jan 09 03:40:32.374479 2026] [php:error] [pid 46113] [client 13.212.219.17:0] script '/domains/highlandlabs/i.php' not found or unable to stat
[Fri Jan 09 03:40:32.804871 2026] [php:error] [pid 46117] [client 2.58.56.98:0] script '/domains/byardrealestate/bolt.php' not found or unable to stat
[Fri Jan 09 03:40:34.007285 2026] [php:error] [pid 46118] [client 2.58.56.98:0] script '/domains/markrose/abcd.php' not found or unable to stat
[Fri Jan 09 03:40:34.299785 2026] [php:error] [pid 46120] [client 2.58.56.98:0] script '/domains/byardrealestate/shlo.php' not found or unable to stat
[Fri Jan 09 03:40:35.317863 2026] [php:error] [pid 46117] [client 2.58.56.98:0] script '/domains/markrose/flex.php' not found or unable to stat
[Fri Jan 09 03:40:35.587426 2026] [php:error] [pid 46109] [client 2.58.56.98:0] script '/domains/byardrealestate/files.php' not found or unable to stat
[Fri Jan 09 03:40:36.737069 2026] [php:error] [pid 46117] [client 2.58.56.98:0] script '/domains/markrose/doc.php' not found or unable to stat
[Fri Jan 09 03:40:36.912751 2026] [php:error] [pid 46095] [client 2.58.56.98:0] script '/domains/byardrealestate/wp-editor.php' not found or unable to stat
[Fri Jan 09 03:40:39.441260 2026] [core:crit] [pid 46113] (13)Permission denied: [client 13.212.219.17:0] AH00529: /domains/highlandlabs/logs/.htaccess pcfg_openfile: unable to check htaccess file, ensure it is readable and that '/domains/highlandlabs/logs/' is executable
[Fri Jan 09 03:40:39.754449 2026] [php:error] [pid 46115] [client 2.58.56.98:0] script '/domains/markrose/akc.php' not found or unable to stat
[Fri Jan 09 03:40:40.906530 2026] [php:error] [pid 46117] [client 13.212.219.17:0] script '/domains/highlandlabs/configuration.php' not found or unable to stat
[Fri Jan 09 03:40:41.486469 2026] [php:error] [pid 46095] [client 2.58.56.98:0] script '/domains/markrose/zoo.php' not found or unable to stat
[Fri Jan 09 03:40:43.188890 2026] [php:error] [pid 46113] [client 2.58.56.98:0] script '/domains/markrose/zwso.php' not found or unable to stat
[Fri Jan 09 03:40:46.187777 2026] [php:error] [pid 46108] [client 2.58.56.98:0] script '/domains/markrose/bolt.php' not found or unable to stat
[Fri Jan 09 03:40:46.567301 2026] [core:crit] [pid 46095] (13)Permission denied: [client 13.212.219.17:0] AH00529: /domains/highlandlabs/logs/.htaccess pcfg_openfile: unable to check htaccess file, ensure it is readable and that '/domains/highlandlabs/logs/' is executable
[Fri Jan 09 03:40:47.812842 2026] [php:error] [pid 46095] [client 2.58.56.98:0] script '/domains/markrose/shlo.php' not found or unable to stat
[Fri Jan 09 03:40:48.378264 2026] [php:error] [pid 46120] [client 35.247.243.243:0] script '/domains/telacomp/__adm.php' not found or unable to stat
[Fri Jan 09 03:40:49.986841 2026] [php:error] [pid 46120] [client 2.58.56.98:0] script '/domains/markrose/files.php' not found or unable to stat
[Fri Jan 09 03:40:52.085014 2026] [php:error] [pid 46115] [client 2.58.56.98:0] script '/domains/markrose/wp-editor.php' not found or unable to stat
[Fri Jan 09 03:40:56.179523 2026] [php:error] [pid 46126] [client 13.212.219.17:0] script '/domains/highlandlabs/debug.php' not found or unable to stat
[Fri Jan 09 03:40:56.904584 2026] [php:error] [pid 46129] [client 13.212.219.17:0] script '/domains/highlandlabs/info2.php' not found or unable to stat
[Fri Jan 09 03:40:57.613182 2026] [php:error] [pid 46130] [client 13.212.219.17:0] script '/domains/highlandlabs/info1.php' not found or unable to stat
[Fri Jan 09 03:40:58.339684 2026] [php:error] [pid 46126] [client 13.212.219.17:0] script '/domains/highlandlabs/php_info.php' not found or unable to stat
[Fri Jan 09 03:41:11.923754 2026] [php:error] [pid 46108] [client 13.212.219.17:0] script '/domains/highlandlabs/testphp.php' not found or unable to stat
[Fri Jan 09 03:41:12.644914 2026] [php:error] [pid 46129] [client 13.212.219.17:0] script '/domains/highlandlabs/infophp.php' not found or unable to stat
[Fri Jan 09 03:41:13.350443 2026] [php:error] [pid 46130] [client 13.212.219.17:0] script '/domains/highlandlabs/php-info.php' not found or unable to stat
[Fri Jan 09 03:41:14.064174 2026] [php:error] [pid 46108] [client 13.212.219.17:0] script '/domains/highlandlabs/info_php.php' not found or unable to stat
[Fri Jan 09 03:41:14.752900 2026] [php:error] [pid 46129] [client 13.212.219.17:0] script '/domains/highlandlabs/t.php' not found or unable to stat
[Fri Jan 09 03:41:15.468941 2026] [php:error] [pid 46115] [client 13.212.219.17:0] script '/domains/highlandlabs/p.php' not found or unable to stat
[Fri Jan 09 03:41:16.160991 2026] [php:error] [pid 46130] [client 13.212.219.17:0] script '/domains/highlandlabs/3.php' not found or unable to stat
[Fri Jan 09 03:41:16.848631 2026] [php:error] [pid 46108] [client 13.212.219.17:0] script '/domains/highlandlabs/2.php' not found or unable to stat
[Fri Jan 09 03:41:17.565287 2026] [php:error] [pid 46129] [client 13.212.219.17:0] script '/domains/highlandlabs/1.php' not found or unable to stat
[Fri Jan 09 03:41:18.273418 2026] [php:error] [pid 46115] [client 13.212.219.17:0] script '/domains/highlandlabs/probe.php' not found or unable to stat
[Fri Jan 09 03:41:18.958176 2026] [php:error] [pid 46108] [client 13.212.219.17:0] script '/domains/highlandlabs/check.php' not found or unable to stat
[Fri Jan 09 03:41:19.671862 2026] [php:error] [pid 46129] [client 13.212.219.17:0] script '/domains/highlandlabs/phptest.php' not found or unable to stat
[Fri Jan 09 03:41:20.392891 2026] [php:error] [pid 46130] [client 13.212.219.17:0] script '/domains/highlandlabs/diagnostic.php' not found or unable to stat
[Fri Jan 09 03:41:21.093940 2026] [php:error] [pid 46129] [client 13.212.219.17:0] script '/domains/highlandlabs/serverinfo.php' not found or unable to stat
[Fri Jan 09 03:41:21.789464 2026] [php:error] [pid 46115] [client 13.212.219.17:0] script '/domains/highlandlabs/phpversion.php' not found or unable to stat
[Fri Jan 09 03:41:22.496386 2026] [php:error] [pid 46107] [client 13.212.219.17:0] script '/domains/highlandlabs/info3.php' not found or unable to stat
[Fri Jan 09 03:42:17.595501 2026] [php:error] [pid 46131] [client 130.12.182.47:0] script '/domains/hungariantasteweb/wp-login.php' not found or unable to stat, referer: https://www.google.com/search?q=wordpress
[Fri Jan 09 03:42:18.668648 2026] [php:error] [pid 46138] [client 130.12.182.47:0] script '/domains/hungariantasteweb/wp-login.php' not found or unable to stat, referer: https://wordpress.org/
[Fri Jan 09 03:42:34.891859 2026] [php:error] [pid 46130] [client 130.12.182.47:0] script '/domains/tcrlle/wp-login.php' not found or unable to stat, referer: https://wordpress.org/
[Fri Jan 09 03:42:35.552624 2026] [php:error] [pid 46131] [client 130.12.182.47:0] script '/domains/tcrlle/wp-login.php' not found or unable to stat, referer: https://www.facebook.com/
[Fri Jan 09 03:42:44.620516 2026] [php:error] [pid 46131] [client 130.12.182.47:0] script '/domains/redpeninc/wp-login.php' not found or unable to stat
[Fri Jan 09 03:42:45.534081 2026] [php:error] [pid 46130] [client 130.12.182.47:0] script '/domains/redpeninc/wp-login.php' not found or unable to stat, referer: https://wordpress.org/
[Fri Jan 09 03:42:59.469636 2026] [php:error] [pid 46132] [client 35.247.243.249:0] script '/domains/telacomp/adminer-5.4.1-mysql.php' not found or unable to stat
[Fri Jan 09 03:42:59.579284 2026] [php:error] [pid 46131] [client 34.96.162.63:0] script '/domains/smartny/adminer-5.4.0.php' not found or unable to stat
[Fri Jan 09 03:43:52.099364 2026] [php:error] [pid 46150] [client 195.178.110.132:0] script '/domains/rainho/wp-config.php' not found or unable to stat
[Fri Jan 09 03:43:52.204071 2026] [php:error] [pid 46150] [client 195.178.110.132:0] script '/domains/rainho/wp-config.php.old' not found or unable to stat
[Fri Jan 09 03:43:52.314098 2026] [php:error] [pid 46150] [client 195.178.110.132:0] script '/domains/rainho/config.php' not found or unable to stat
[Fri Jan 09 03:43:52.418697 2026] [php:error] [pid 46150] [client 195.178.110.132:0] script '/domains/rainho/config.php.bak' not found or unable to stat
[Fri Jan 09 03:44:21.926686 2026] [php:error] [pid 46144] [client 35.247.243.247:0] script '/domains/telacomp/db.php' not found or unable to stat
[Fri Jan 09 03:44:22.143534 2026] [php:error] [pid 46131] [client 34.96.162.54:0] script '/domains/smartny/db.php' not found or unable to stat
[Fri Jan 09 03:44:48.528321 2026] [php:error] [pid 51791] [client 45.149.173.217:0] script '/domains/system_suspended/xmlrpc.php' not found or unable to stat
[Fri Jan 09 03:45:09.415557 2026] [php:error] [pid 46149] [client 34.96.162.51:0] script '/domains/smartny/adminer-5.1.1-mysql.php' not found or unable to stat
[Fri Jan 09 03:45:09.453445 2026] [php:error] [pid 51794] [client 35.247.243.249:0] script '/domains/telacomp/adminer-5.2.0-mysql-en.php' not found or unable to stat
[Fri Jan 09 03:46:13.882426 2026] [php:error] [pid 51800] [client 208.84.101.102:0] script '/domains/msintl/xmlrpc.php' not found or unable to stat
[Fri Jan 09 03:47:07.680778 2026] [php:error] [pid 46149] [client 13.54.41.58:0] script '/domains/bruceweb/phpinfo.php' not found or unable to stat
[Fri Jan 09 03:47:09.524982 2026] [php:error] [pid 51800] [client 13.54.41.58:0] script '/domains/bruceweb/info.php' not found or unable to stat
[Fri Jan 09 03:47:12.590830 2026] [php:error] [pid 51807] [client 13.54.41.58:0] script '/domains/bruceweb/test.php' not found or unable to stat
[Fri Jan 09 03:47:30.642513 2026] [core:crit] [pid 51820] (13)Permission denied: [client 114.119.134.1:0] AH00529: /domains/dcarlone/test/web/.htaccess pcfg_openfile: unable to check htaccess file, ensure it is readable and that '/domains/dcarlone/test/web/' is executable, referer: http://www.carloneassociates.com/test/web/i.php/hook-up-adventure-time/
[Fri Jan 09 03:47:40.138614 2026] [authz_core:error] [pid 51797] [client 36.12.246.149:0] AH01630: client denied by server configuration: /domains/127.0.0.1
[Fri Jan 09 03:47:40.450384 2026] [php:error] [pid 51811] [client 13.54.41.58:0] script '/domains/bruceweb/server.php' not found or unable to stat
[Fri Jan 09 03:47:41.672588 2026] [php:error] [pid 51820] [client 13.54.41.58:0] script '/domains/bruceweb/php_version.php' not found or unable to stat
[Fri Jan 09 03:47:43.526708 2026] [php:error] [pid 51797] [client 13.54.41.58:0] script '/domains/bruceweb/pi.php' not found or unable to stat
[Fri Jan 09 03:47:47.814548 2026] [php:error] [pid 51815] [client 13.54.41.58:0] script '/domains/bruceweb/php.php' not found or unable to stat
[Fri Jan 09 03:47:50.891608 2026] [php:error] [pid 51807] [client 13.54.41.58:0] script '/domains/bruceweb/i.php' not found or unable to stat
[Fri Jan 09 03:47:58.162907 2026] [php:error] [pid 51807] [client 34.96.162.50:0] script '/domains/telacomp/adminer-5.1.0-mysql-en.php' not found or unable to stat
[Fri Jan 09 03:47:58.258713 2026] [php:error] [pid 51797] [client 13.54.41.58:0] script '/domains/bruceweb/configuration.php' not found or unable to stat
[Fri Jan 09 03:47:58.269712 2026] [php:error] [pid 51815] [client 35.247.243.252:0] script '/domains/smartny/adminer-5.0.6-en.php' not found or unable to stat
[Fri Jan 09 03:48:10.562244 2026] [php:error] [pid 51822] [client 13.54.41.58:0] script '/domains/bruceweb/debug.php' not found or unable to stat
[Fri Jan 09 03:48:11.175702 2026] [php:error] [pid 51824] [client 13.54.41.58:0] script '/domains/bruceweb/info2.php' not found or unable to stat
[Fri Jan 09 03:48:11.791101 2026] [php:error] [pid 51822] [client 13.54.41.58:0] script '/domains/bruceweb/info1.php' not found or unable to stat
[Fri Jan 09 03:48:12.321158 2026] [php:error] [pid 51826] [client 35.247.243.240:0] script '/domains/telacomp/adminer-5.0.6.php' not found or unable to stat
[Fri Jan 09 03:48:12.408110 2026] [php:error] [pid 51807] [client 13.54.41.58:0] script '/domains/bruceweb/php_info.php' not found or unable to stat
[Fri Jan 09 03:48:12.544622 2026] [php:error] [pid 51824] [client 35.247.243.245:0] script '/domains/smartny/adminer-5.0.5-mysql.php' not found or unable to stat
[Fri Jan 09 03:48:20.441575 2026] [php:error] [pid 51822] [client 208.84.101.102:0] script '/domains/pookie.dnai/xmlrpc.php' not found or unable to stat
[Fri Jan 09 03:48:24.057672 2026] [php:error] [pid 51823] [client 13.54.41.58:0] script '/domains/bruceweb/testphp.php' not found or unable to stat
[Fri Jan 09 03:48:24.672981 2026] [php:error] [pid 51825] [client 13.54.41.58:0] script '/domains/bruceweb/infophp.php' not found or unable to stat
[Fri Jan 09 03:48:25.285588 2026] [php:error] [pid 51824] [client 13.54.41.58:0] script '/domains/bruceweb/php-info.php' not found or unable to stat
[Fri Jan 09 03:48:25.896002 2026] [php:error] [pid 51827] [client 13.54.41.58:0] script '/domains/bruceweb/info_php.php' not found or unable to stat
[Fri Jan 09 03:48:26.507007 2026] [php:error] [pid 51807] [client 13.54.41.58:0] script '/domains/bruceweb/t.php' not found or unable to stat
[Fri Jan 09 03:48:27.115660 2026] [php:error] [pid 51820] [client 13.54.41.58:0] script '/domains/bruceweb/p.php' not found or unable to stat
[Fri Jan 09 03:48:27.734329 2026] [php:error] [pid 51827] [client 13.54.41.58:0] script '/domains/bruceweb/3.php' not found or unable to stat
[Fri Jan 09 03:48:28.354931 2026] [php:error] [pid 51829] [client 13.54.41.58:0] script '/domains/bruceweb/2.php' not found or unable to stat
[Fri Jan 09 03:48:28.967574 2026] [php:error] [pid 51807] [client 13.54.41.58:0] script '/domains/bruceweb/1.php' not found or unable to stat
[Fri Jan 09 03:48:29.582541 2026] [php:error] [pid 51829] [client 13.54.41.58:0] script '/domains/bruceweb/probe.php' not found or unable to stat
[Fri Jan 09 03:48:29.880384 2026] [php:error] [pid 51807] [client 34.96.162.58:0] script '/domains/telacomp/adminer-5.4.1.php' not found or unable to stat
[Fri Jan 09 03:48:29.984351 2026] [php:error] [pid 51829] [client 35.247.243.251:0] script '/domains/smartny/adminer-5.3.0-en.php' not found or unable to stat
[Fri Jan 09 03:48:30.196187 2026] [php:error] [pid 51823] [client 13.54.41.58:0] script '/domains/bruceweb/check.php' not found or unable to stat
[Fri Jan 09 03:48:30.813907 2026] [php:error] [pid 51829] [client 13.54.41.58:0] script '/domains/bruceweb/phptest.php' not found or unable to stat
[Fri Jan 09 03:48:31.431652 2026] [php:error] [pid 51823] [client 13.54.41.58:0] script '/domains/bruceweb/diagnostic.php' not found or unable to stat
[Fri Jan 09 03:48:31.702607 2026] [php:error] [pid 51826] [client 13.79.87.25:0] script '/domains/ecernstelectric/aa.php' not found or unable to stat
[Fri Jan 09 03:48:31.800025 2026] [php:error] [pid 51826] [client 13.79.87.25:0] script '/domains/ecernstelectric/av.php' not found or unable to stat
[Fri Jan 09 03:48:31.901407 2026] [php:error] [pid 51826] [client 13.79.87.25:0] script '/domains/ecernstelectric/adminfuns.php' not found or unable to stat
[Fri Jan 09 03:48:31.998722 2026] [php:error] [pid 51826] [client 13.79.87.25:0] script '/domains/ecernstelectric/1.php' not found or unable to stat
[Fri Jan 09 03:48:32.052750 2026] [php:error] [pid 51829] [client 13.54.41.58:0] script '/domains/bruceweb/serverinfo.php' not found or unable to stat
[Fri Jan 09 03:48:32.193808 2026] [php:error] [pid 51826] [client 13.79.87.25:0] script '/domains/ecernstelectric/admin.php' not found or unable to stat
