[Fri Jan 09 04:01:55.661414 2026] [php:error] [pid 52013] [client 130.12.182.47:0] script '/domains/brigadeweb/wp-login.php' not found or unable to stat, referer: https://www.google.com/search?q=wordpress
[Fri Jan 09 04:02:02.782188 2026] [php:error] [pid 52024] [client 47.79.116.42:0] script '/domains/hdickens.enteract/kmnj.php' not found or unable to stat
[Fri Jan 09 04:02:50.156860 2026] [php:error] [pid 52026] [client 34.96.162.53:0] script '/domains/telacomp/sql.php' not found or unable to stat
[Fri Jan 09 04:02:50.379909 2026] [php:error] [pid 52137] [client 34.96.162.62:0] script '/domains/smartny/sql.php' not found or unable to stat
[Fri Jan 09 04:02:52.023901 2026] [php:error] [pid 52094] [client 130.12.182.47:0] script '/domains/frog.interport1/wp-login.php' not found or unable to stat, referer: https://www.bing.com/
[Fri Jan 09 04:02:52.842513 2026] [php:error] [pid 52100] [client 130.12.182.47:0] script '/domains/frog.interport1/wp-login.php' not found or unable to stat, referer: https://www.google.com/search?q=wordpress
[Fri Jan 09 04:02:55.236823 2026] [php:error] [pid 52067] [client 35.247.243.250:0] script '/domains/telacomp/adminer-5.4.0-mysql.php' not found or unable to stat
[Fri Jan 09 04:02:55.332068 2026] [php:error] [pid 52111] [client 34.96.162.49:0] script '/domains/smartny/adminer-5.3.0.php' not found or unable to stat
[Fri Jan 09 04:02:57.975216 2026] [php:error] [pid 52117] [client 35.247.243.241:0] script '/domains/telacomp/adminer-5.1.0-mysql.php' not found or unable to stat
[Fri Jan 09 04:02:57.999367 2026] [php:error] [pid 52122] [client 34.96.162.50:0] script '/domains/smartny/adminer-5.0.6-mysql-en.php' not found or unable to stat
[Fri Jan 09 04:03:13.989394 2026] [php:error] [pid 52062] [client 45.148.10.158:0] script '/domains/rainho/phpinfo.php' not found or unable to stat
[Fri Jan 09 04:03:15.591126 2026] [php:error] [pid 52083] [client 45.148.10.158:0] script '/domains/rainho/info.php' not found or unable to stat
[Fri Jan 09 04:03:17.427958 2026] [php:error] [pid 52088] [client 45.148.10.158:0] script '/domains/rainho/test.php' not found or unable to stat
[Fri Jan 09 04:03:18.797556 2026] [php:error] [pid 52137] [client 35.247.243.252:0] script '/domains/telacomp/ADMINER.php' not found or unable to stat
[Fri Jan 09 04:03:19.702434 2026] [php:error] [pid 52147] [client 45.148.10.158:0] script '/domains/rainho/php.php' not found or unable to stat
[Fri Jan 09 04:03:23.023725 2026] [php:error] [pid 52100] [client 130.12.182.47:0] script '/domains/fifibear/wp-login.php' not found or unable to stat, referer: https://duckduckgo.com/
[Fri Jan 09 04:03:23.704115 2026] [php:error] [pid 52113] [client 130.12.182.47:0] script '/domains/fifibear/wp-login.php' not found or unable to stat, referer: https://www.bing.com/
[Fri Jan 09 04:03:24.138673 2026] [php:error] [pid 52110] [client 45.148.10.158:0] script '/domains/rainho/i.php' not found or unable to stat
[Fri Jan 09 04:03:24.674704 2026] [php:error] [pid 52116] [client 34.96.162.58:0] script '/domains/smartny/unzipper.php' not found or unable to stat
[Fri Jan 09 04:03:32.472906 2026] [php:error] [pid 51980] [client 130.12.182.47:0] script '/domains/viamonte3/wp-login.php' not found or unable to stat, referer: https://www.google.com/
[Fri Jan 09 04:03:32.860735 2026] [php:error] [pid 52083] [client 130.12.182.47:0] script '/domains/viamonte3/wp-login.php' not found or unable to stat
[Fri Jan 09 04:03:45.625479 2026] [php:error] [pid 52107] [client 45.148.10.158:0] script '/domains/rainho/wp-config.php.bak' not found or unable to stat
[Fri Jan 09 04:03:48.474858 2026] [php:error] [pid 52162] [client 45.148.10.158:0] script '/domains/rainho/config.php.bak' not found or unable to stat
[Fri Jan 09 04:03:56.677000 2026] [php:error] [pid 52137] [client 35.247.243.243:0] script '/domains/telacomp/adminer-5.4.0-en.php' not found or unable to stat
[Fri Jan 09 04:03:56.883864 2026] [php:error] [pid 52154] [client 35.247.243.250:0] script '/domains/smartny/adminer-5.3.0-mysql-en.php' not found or unable to stat
[Fri Jan 09 04:04:08.028012 2026] [php:error] [pid 52122] [client 45.148.10.158:0] script '/domains/rainho/configuration.php.bak' not found or unable to stat
[Fri Jan 09 04:04:11.173424 2026] [php:error] [pid 52106] [client 45.148.10.158:0] script '/domains/smartny/phpinfo.php' not found or unable to stat
[Fri Jan 09 04:04:12.050655 2026] [php:error] [pid 52019] [client 34.96.162.54:0] script '/domains/telacomp/adminer-5.0.0-en.php' not found or unable to stat
[Fri Jan 09 04:04:12.062759 2026] [php:error] [pid 52062] [client 34.96.162.56:0] script '/domains/smartny/adminer-4.7.7.php' not found or unable to stat
[Fri Jan 09 04:04:13.897781 2026] [php:error] [pid 52173] [client 45.148.10.158:0] script '/domains/smartny/info.php' not found or unable to stat
[Fri Jan 09 04:04:16.030420 2026] [php:error] [pid 52083] [client 45.148.10.158:0] script '/domains/smartny/test.php' not found or unable to stat
[Fri Jan 09 04:04:17.220114 2026] [php:error] [pid 52083] [client 145.239.10.137:0] script '/domains/gk3c/dds.php' not found or unable to stat, referer: http://cluffassociates.com/dds.php
[Fri Jan 09 04:04:17.679141 2026] [php:error] [pid 52174] [client 45.148.10.158:0] script '/domains/smartny/php.php' not found or unable to stat
[Fri Jan 09 04:04:21.057547 2026] [php:error] [pid 52165] [client 45.148.10.158:0] script '/domains/smartny/i.php' not found or unable to stat
[Fri Jan 09 04:04:27.218850 2026] [php:error] [pid 52141] [client 52.23.225.117:0] script '/domains/peterbmiller/phpinfo.php' not found or unable to stat
[Fri Jan 09 04:04:27.266375 2026] [php:error] [pid 52122] [client 52.23.225.117:0] script '/domains/peterbmiller/info.php' not found or unable to stat
[Fri Jan 09 04:04:27.328302 2026] [php:error] [pid 52122] [client 52.23.225.117:0] script '/domains/peterbmiller/test.php' not found or unable to stat
[Fri Jan 09 04:04:27.854251 2026] [php:error] [pid 52165] [client 52.23.225.117:0] script '/domains/peterbmiller/server.php' not found or unable to stat
[Fri Jan 09 04:04:27.878539 2026] [php:error] [pid 52141] [client 52.23.225.117:0] script '/domains/peterbmiller/php_version.php' not found or unable to stat
[Fri Jan 09 04:04:27.911155 2026] [php:error] [pid 52106] [client 52.23.225.117:0] script '/domains/peterbmiller/pi.php' not found or unable to stat
[Fri Jan 09 04:04:27.990270 2026] [php:error] [pid 52106] [client 52.23.225.117:0] script '/domains/peterbmiller/php.php' not found or unable to stat
[Fri Jan 09 04:04:28.047110 2026] [php:error] [pid 52141] [client 52.23.225.117:0] script '/domains/peterbmiller/i.php' not found or unable to stat
[Fri Jan 09 04:04:28.182287 2026] [php:error] [pid 52088] [client 52.23.225.117:0] script '/domains/peterbmiller/configuration.php' not found or unable to stat
[Fri Jan 09 04:04:28.417610 2026] [php:error] [pid 52088] [client 52.23.225.117:0] script '/domains/peterbmiller/debug.php' not found or unable to stat
[Fri Jan 09 04:04:28.429813 2026] [php:error] [pid 52165] [client 52.23.225.117:0] script '/domains/peterbmiller/info2.php' not found or unable to stat
[Fri Jan 09 04:04:28.440777 2026] [php:error] [pid 52106] [client 52.23.225.117:0] script '/domains/peterbmiller/info1.php' not found or unable to stat
[Fri Jan 09 04:04:28.452536 2026] [php:error] [pid 52141] [client 52.23.225.117:0] script '/domains/peterbmiller/php_info.php' not found or unable to stat
[Fri Jan 09 04:04:28.677134 2026] [php:error] [pid 52106] [client 52.23.225.117:0] script '/domains/peterbmiller/testphp.php' not found or unable to stat
[Fri Jan 09 04:04:28.688531 2026] [php:error] [pid 52141] [client 52.23.225.117:0] script '/domains/peterbmiller/infophp.php' not found or unable to stat
[Fri Jan 09 04:04:28.699562 2026] [php:error] [pid 52088] [client 52.23.225.117:0] script '/domains/peterbmiller/php-info.php' not found or unable to stat
[Fri Jan 09 04:04:28.711199 2026] [php:error] [pid 52165] [client 52.23.225.117:0] script '/domains/peterbmiller/info_php.php' not found or unable to stat
[Fri Jan 09 04:04:28.724669 2026] [php:error] [pid 52106] [client 52.23.225.117:0] script '/domains/peterbmiller/t.php' not found or unable to stat
[Fri Jan 09 04:04:28.736616 2026] [php:error] [pid 52141] [client 52.23.225.117:0] script '/domains/peterbmiller/p.php' not found or unable to stat
[Fri Jan 09 04:04:28.748451 2026] [php:error] [pid 52088] [client 52.23.225.117:0] script '/domains/peterbmiller/3.php' not found or unable to stat
[Fri Jan 09 04:04:28.759826 2026] [php:error] [pid 52165] [client 52.23.225.117:0] script '/domains/peterbmiller/2.php' not found or unable to stat
[Fri Jan 09 04:04:28.770963 2026] [php:error] [pid 52106] [client 52.23.225.117:0] script '/domains/peterbmiller/1.php' not found or unable to stat
[Fri Jan 09 04:04:28.782216 2026] [php:error] [pid 52141] [client 52.23.225.117:0] script '/domains/peterbmiller/probe.php' not found or unable to stat
[Fri Jan 09 04:04:28.793327 2026] [php:error] [pid 52088] [client 52.23.225.117:0] script '/domains/peterbmiller/check.php' not found or unable to stat
[Fri Jan 09 04:04:28.807711 2026] [php:error] [pid 52165] [client 52.23.225.117:0] script '/domains/peterbmiller/phptest.php' not found or unable to stat
[Fri Jan 09 04:04:28.819560 2026] [php:error] [pid 52106] [client 52.23.225.117:0] script '/domains/peterbmiller/diagnostic.php' not found or unable to stat
[Fri Jan 09 04:04:28.835467 2026] [php:error] [pid 52088] [client 52.23.225.117:0] script '/domains/peterbmiller/serverinfo.php' not found or unable to stat
[Fri Jan 09 04:04:28.847102 2026] [php:error] [pid 52165] [client 52.23.225.117:0] script '/domains/peterbmiller/phpversion.php' not found or unable to stat
[Fri Jan 09 04:04:28.858626 2026] [php:error] [pid 52106] [client 52.23.225.117:0] script '/domains/peterbmiller/info3.php' not found or unable to stat
[Fri Jan 09 04:04:46.251690 2026] [core:crit] [pid 52083] (13)Permission denied: [client 52.4.229.9:0] AH00529: /domains/performancepartsinc/graphics/psd/.htaccess pcfg_openfile: unable to check htaccess file, ensure it is readable and that '/domains/performancepartsinc/graphics/psd/' is executable
[Fri Jan 09 04:04:46.657286 2026] [php:error] [pid 52150] [client 45.148.10.158:0] script '/domains/smartny/wp-config.php.bak' not found or unable to stat
[Fri Jan 09 04:04:48.429979 2026] [core:crit] [pid 52088] (13)Permission denied: [client 54.83.240.58:0] AH00529: /domains/performancepartsinc/graphics/psd/.htaccess pcfg_openfile: unable to check htaccess file, ensure it is readable and that '/domains/performancepartsinc/graphics/psd/' is executable
[Fri Jan 09 04:04:50.594922 2026] [php:error] [pid 52164] [client 45.148.10.158:0] script '/domains/smartny/config.php.bak' not found or unable to stat
[Fri Jan 09 04:05:06.955777 2026] [php:error] [pid 52175] [client 208.84.101.102:0] script '/domains/gohover/xmlrpc.php' not found or unable to stat
[Fri Jan 09 04:05:12.515732 2026] [php:error] [pid 52083] [client 45.148.10.158:0] script '/domains/smartny/configuration.php.bak' not found or unable to stat
[Fri Jan 09 04:05:24.133304 2026] [php:error] [pid 52083] [client 35.247.243.245:0] script '/domains/telacomp/adminer-db.php' not found or unable to stat
[Fri Jan 09 04:05:24.236048 2026] [php:error] [pid 52122] [client 34.96.162.49:0] script '/domains/smartny/adminer-5.4.1.php' not found or unable to stat
[Fri Jan 09 04:05:32.425725 2026] [php:error] [pid 52184] [client 35.247.243.254:0] script '/domains/telacomp/adminer-5.0.2-mysql-en.php' not found or unable to stat
[Fri Jan 09 04:05:32.635776 2026] [php:error] [pid 52185] [client 35.247.243.250:0] script '/domains/smartny/adminer-5.0.1-mysql-en.php' not found or unable to stat
[Fri Jan 09 04:05:50.371598 2026] [core:crit] [pid 52184] (13)Permission denied: [client 114.119.140.115:0] AH00529: /domains/dcarlone/test/web/.htaccess pcfg_openfile: unable to check htaccess file, ensure it is readable and that '/domains/dcarlone/test/web/' is executable, referer: http://www.carloneassociates.com/test/web/i.php/local-dating-in-astaneh-ir/
[Fri Jan 09 04:05:58.670690 2026] [php:error] [pid 52182] [client 180.131.145.105:0] script '/domains/miles.interport/unzipper.php' not found or unable to stat
[Fri Jan 09 04:06:49.286732 2026] [php:error] [pid 52193] [client 34.96.162.52:0] script '/domains/telacomp/adminer-5.0.5-mysql.php' not found or unable to stat
[Fri Jan 09 04:06:49.401270 2026] [php:error] [pid 52165] [client 34.96.162.56:0] script '/domains/smartny/adminer-5.0.3-en.php' not found or unable to stat
[Fri Jan 09 04:07:37.392711 2026] [php:error] [pid 52200] [client 35.247.243.247:0] script '/domains/telacomp/adminer-5.4.0.php' not found or unable to stat
[Fri Jan 09 04:07:37.597133 2026] [php:error] [pid 52182] [client 34.96.162.51:0] script '/domains/smartny/adminer-5.2.1-en.php' not found or unable to stat
[Fri Jan 09 04:08:11.526772 2026] [php:error] [pid 52197] [client 43.207.80.206:0] script '/domains/thuebner/phpinfo.php' not found or unable to stat
[Fri Jan 09 04:08:12.911687 2026] [php:error] [pid 52197] [client 43.207.80.206:0] script '/domains/thuebner/info.php' not found or unable to stat
[Fri Jan 09 04:08:15.227583 2026] [php:error] [pid 52200] [client 43.207.80.206:0] script '/domains/thuebner/test.php' not found or unable to stat
[Fri Jan 09 04:08:15.790186 2026] [php:error] [pid 52165] [client 34.96.162.48:0] script '/domains/telacomp/adminer-4.7.0.php' not found or unable to stat
[Fri Jan 09 04:08:15.906903 2026] [php:error] [pid 52193] [client 35.247.243.241:0] script '/domains/smartny/adminer-4.5.0.php' not found or unable to stat
[Fri Jan 09 04:08:35.566589 2026] [php:error] [pid 52122] [client 43.207.80.206:0] script '/domains/thuebner/server.php' not found or unable to stat
[Fri Jan 09 04:08:36.491910 2026] [php:error] [pid 52204] [client 43.207.80.206:0] script '/domains/thuebner/php_version.php' not found or unable to stat
[Fri Jan 09 04:08:37.879916 2026] [php:error] [pid 52203] [client 43.207.80.206:0] script '/domains/thuebner/pi.php' not found or unable to stat
[Fri Jan 09 04:08:41.109586 2026] [php:error] [pid 52206] [client 43.207.80.206:0] script '/domains/thuebner/php.php' not found or unable to stat
[Fri Jan 09 04:08:43.419907 2026] [php:error] [pid 52203] [client 43.207.80.206:0] script '/domains/thuebner/i.php' not found or unable to stat
[Fri Jan 09 04:08:49.280039 2026] [php:error] [pid 52208] [client 43.207.80.206:0] script '/domains/thuebner/configuration.php' not found or unable to stat
[Fri Jan 09 04:08:51.322287 2026] [php:error] [pid 52208] [client 34.96.162.61:0] script '/domains/telacomp/adminer-4.7.3.php' not found or unable to stat
[Fri Jan 09 04:08:51.438879 2026] [php:error] [pid 52209] [client 35.247.243.241:0] script '/domains/smartny/adminer-4.6.2.php' not found or unable to stat
[Fri Jan 09 04:08:58.534696 2026] [php:error] [pid 52203] [client 43.207.80.206:0] script '/domains/thuebner/debug.php' not found or unable to stat
[Fri Jan 09 04:08:58.997676 2026] [php:error] [pid 52210] [client 43.207.80.206:0] script '/domains/thuebner/info2.php' not found or unable to stat
[Fri Jan 09 04:08:59.459184 2026] [php:error] [pid 52200] [client 43.207.80.206:0] script '/domains/thuebner/info1.php' not found or unable to stat
[Fri Jan 09 04:08:59.919176 2026] [php:error] [pid 52207] [client 43.207.80.206:0] script '/domains/thuebner/php_info.php' not found or unable to stat
[Fri Jan 09 04:09:08.713880 2026] [php:error] [pid 52207] [client 43.207.80.206:0] script '/domains/thuebner/testphp.php' not found or unable to stat
[Fri Jan 09 04:09:09.175415 2026] [php:error] [pid 52206] [client 43.207.80.206:0] script '/domains/thuebner/infophp.php' not found or unable to stat
[Fri Jan 09 04:09:09.636223 2026] [php:error] [pid 52200] [client 43.207.80.206:0] script '/domains/thuebner/php-info.php' not found or unable to stat
[Fri Jan 09 04:09:10.098451 2026] [php:error] [pid 52213] [client 43.207.80.206:0] script '/domains/thuebner/info_php.php' not found or unable to stat
[Fri Jan 09 04:09:10.561991 2026] [php:error] [pid 52206] [client 43.207.80.206:0] script '/domains/thuebner/t.php' not found or unable to stat
[Fri Jan 09 04:09:11.029523 2026] [php:error] [pid 52213] [client 43.207.80.206:0] script '/domains/thuebner/p.php' not found or unable to stat
[Fri Jan 09 04:09:11.491138 2026] [php:error] [pid 52207] [client 43.207.80.206:0] script '/domains/thuebner/3.php' not found or unable to stat
[Fri Jan 09 04:09:11.951479 2026] [php:error] [pid 52200] [client 43.207.80.206:0] script '/domains/thuebner/2.php' not found or unable to stat
[Fri Jan 09 04:09:12.415575 2026] [php:error] [pid 52197] [client 43.207.80.206:0] script '/domains/thuebner/1.php' not found or unable to stat
[Fri Jan 09 04:09:12.877633 2026] [php:error] [pid 52213] [client 43.207.80.206:0] script '/domains/thuebner/probe.php' not found or unable to stat
[Fri Jan 09 04:09:13.343330 2026] [php:error] [pid 52197] [client 43.207.80.206:0] script '/domains/thuebner/check.php' not found or unable to stat
[Fri Jan 09 04:09:13.804675 2026] [php:error] [pid 52207] [client 43.207.80.206:0] script '/domains/thuebner/phptest.php' not found or unable to stat
[Fri Jan 09 04:09:14.267061 2026] [php:error] [pid 52197] [client 43.207.80.206:0] script '/domains/thuebner/diagnostic.php' not found or unable to stat
[Fri Jan 09 04:09:14.729111 2026] [php:error] [pid 52213] [client 43.207.80.206:0] script '/domains/thuebner/serverinfo.php' not found or unable to stat
[Fri Jan 09 04:09:15.192869 2026] [php:error] [pid 52197] [client 43.207.80.206:0] script '/domains/thuebner/phpversion.php' not found or unable to stat
[Fri Jan 09 04:09:15.654481 2026] [php:error] [pid 52207] [client 43.207.80.206:0] script '/domains/thuebner/info3.php' not found or unable to stat
[Fri Jan 09 04:09:16.365282 2026] [php:error] [pid 52210] [client 195.178.110.132:0] script '/domains/redpeninc/wp-config.php' not found or unable to stat
[Fri Jan 09 04:09:16.813459 2026] [php:error] [pid 52210] [client 195.178.110.132:0] script '/domains/redpeninc/wp-config.php.old' not found or unable to stat
[Fri Jan 09 04:09:17.043381 2026] [php:error] [pid 52210] [client 195.178.110.132:0] script '/domains/redpeninc/config.php' not found or unable to stat
[Fri Jan 09 04:09:17.126014 2026] [php:error] [pid 52210] [client 195.178.110.132:0] script '/domains/redpeninc/config.php.bak' not found or unable to stat
[Fri Jan 09 04:09:22.203870 2026] [php:error] [pid 52210] [client 34.96.162.54:0] script '/domains/telacomp/adminer-5.0.1-mysql-en.php' not found or unable to stat
[Fri Jan 09 04:09:22.419000 2026] [php:error] [pid 52197] [client 35.247.243.241:0] script '/domains/smartny/adminer-5.4.0.php' not found or unable to stat
[Fri Jan 09 04:09:27.314693 2026] [php:error] [pid 52210] [client 35.247.243.242:0] script '/domains/telacomp/adminer-4.2.0.php' not found or unable to stat
[Fri Jan 09 04:09:27.517201 2026] [php:error] [pid 52214] [client 35.247.243.245:0] script '/domains/smartny/adminer-4.8.1-mysql-en.php' not found or unable to stat
[Fri Jan 09 04:10:07.024258 2026] [php:error] [pid 52214] [client 195.178.110.132:0] script '/domains/mschmid/wp-config.php' not found or unable to stat
[Fri Jan 09 04:10:07.101968 2026] [php:error] [pid 52214] [client 195.178.110.132:0] script '/domains/mschmid/wp-config.php.old' not found or unable to stat
[Fri Jan 09 04:10:07.179862 2026] [php:error] [pid 52214] [client 195.178.110.132:0] script '/domains/mschmid/config.php' not found or unable to stat
[Fri Jan 09 04:10:07.258010 2026] [php:error] [pid 52214] [client 195.178.110.132:0] script '/domains/mschmid/config.php.bak' not found or unable to stat
[Fri Jan 09 04:10:09.912551 2026] [php:error] [pid 52220] [client 34.96.162.63:0] script '/domains/telacomp/adminer-4.2.5.php' not found or unable to stat
[Fri Jan 09 04:10:10.008310 2026] [php:error] [pid 52215] [client 35.247.243.254:0] script '/domains/smartny/adminer-4.8.1-en.php' not found or unable to stat
[Fri Jan 09 04:10:17.909296 2026] [php:error] [pid 52215] [client 130.12.182.47:0] script '/domains/pookie.dnai/wp-login.php' not found or unable to stat, referer: https://duckduckgo.com/
[Fri Jan 09 04:10:18.739034 2026] [php:error] [pid 52224] [client 130.12.182.47:0] script '/domains/pookie.dnai/wp-login.php' not found or unable to stat, referer: https://t.co/
[Fri Jan 09 04:10:21.242855 2026] [php:error] [pid 52231] [client 34.96.162.51:0] script '/domains/telacomp/mydb.php' not found or unable to stat
[Fri Jan 09 04:10:21.336153 2026] [php:error] [pid 52232] [client 35.247.243.246:0] script '/domains/smartny/adminer-5.4.1-mysql.php' not found or unable to stat
[Fri Jan 09 04:10:33.260519 2026] [php:error] [pid 52236] [client 34.96.162.50:0] script '/domains/smartny/adminer-4.16.0.php' not found or unable to stat
[Fri Jan 09 04:10:33.359849 2026] [php:error] [pid 52233] [client 35.247.243.247:0] script '/domains/telacomp/adminer-5.0.0.php' not found or unable to stat
[Fri Jan 09 04:10:36.206793 2026] [php:error] [pid 52230] [client 130.12.182.47:0] script '/domains/tinatina/wp-login.php' not found or unable to stat, referer: https://www.facebook.com/
[Fri Jan 09 04:10:37.218199 2026] [php:error] [pid 52237] [client 130.12.182.47:0] script '/domains/tinatina/wp-login.php' not found or unable to stat
[Fri Jan 09 04:11:19.042831 2026] [php:error] [pid 52244] [client 34.96.162.60:0] script '/domains/telacomp/adminer-5.0.4.php' not found or unable to stat
[Fri Jan 09 04:11:19.130576 2026] [php:error] [pid 52252] [client 35.247.243.240:0] script '/domains/smartny/adminer-5.0.2-en.php' not found or unable to stat
[Fri Jan 09 04:11:21.826811 2026] [php:error] [pid 52244] [client 145.239.10.137:0] script '/domains/system_suspended/webix.php' not found or unable to stat, referer: http://andrewpastorino.com/webix.php
[Fri Jan 09 04:11:58.441265 2026] [php:error] [pid 52257] [client 52.196.127.24:0] script '/domains/apunderkofler/phpinfo.php' not found or unable to stat
[Fri Jan 09 04:11:59.833045 2026] [php:error] [pid 52256] [client 52.196.127.24:0] script '/domains/apunderkofler/info.php' not found or unable to stat
[Fri Jan 09 04:12:02.140123 2026] [php:error] [pid 52230] [client 52.196.127.24:0] script '/domains/apunderkofler/test.php' not found or unable to stat
[Fri Jan 09 04:12:04.356708 2026] [php:error] [pid 52226] [client 195.178.110.132:0] script '/domains/king1969/wp-config.php' not found or unable to stat
[Fri Jan 09 04:12:04.447467 2026] [php:error] [pid 52226] [client 195.178.110.132:0] script '/domains/king1969/wp-config.php.old' not found or unable to stat
[Fri Jan 09 04:12:04.542495 2026] [php:error] [pid 52226] [client 195.178.110.132:0] script '/domains/king1969/config.php' not found or unable to stat
[Fri Jan 09 04:12:04.626896 2026] [php:error] [pid 52226] [client 195.178.110.132:0] script '/domains/king1969/config.php.bak' not found or unable to stat
[Fri Jan 09 04:12:10.777116 2026] [php:error] [pid 52233] [client 195.178.110.132:0] script '/domains/oneylaw/wp-config.php' not found or unable to stat
[Fri Jan 09 04:12:10.861893 2026] [php:error] [pid 52233] [client 195.178.110.132:0] script '/domains/oneylaw/wp-config.php.old' not found or unable to stat
[Fri Jan 09 04:12:10.946287 2026] [php:error] [pid 52233] [client 195.178.110.132:0] script '/domains/oneylaw/config.php' not found or unable to stat
[Fri Jan 09 04:12:11.050510 2026] [php:error] [pid 52233] [client 195.178.110.132:0] script '/domains/oneylaw/config.php.bak' not found or unable to stat
[Fri Jan 09 04:12:22.485251 2026] [php:error] [pid 52233] [client 52.196.127.24:0] script '/domains/apunderkofler/server.php' not found or unable to stat
[Fri Jan 09 04:12:23.411863 2026] [php:error] [pid 52244] [client 52.196.127.24:0] script '/domains/apunderkofler/php_version.php' not found or unable to stat
[Fri Jan 09 04:12:24.802540 2026] [php:error] [pid 52233] [client 52.196.127.24:0] script '/domains/apunderkofler/pi.php' not found or unable to stat
[Fri Jan 09 04:12:28.570431 2026] [php:error] [pid 52267] [client 52.196.127.24:0] script '/domains/apunderkofler/php.php' not found or unable to stat
[Fri Jan 09 04:12:28.818697 2026] [php:error] [pid 52269] [client 35.247.243.247:0] script '/domains/smartny/adminer.php' not found or unable to stat
[Fri Jan 09 04:12:28.907871 2026] [php:error] [pid 52268] [client 34.96.162.52:0] script '/domains/telacomp/adminer.php' not found or unable to stat
[Fri Jan 09 04:12:30.879922 2026] [php:error] [pid 52226] [client 52.196.127.24:0] script '/domains/apunderkofler/i.php' not found or unable to stat
[Fri Jan 09 04:12:36.431343 2026] [php:error] [pid 52262] [client 52.196.127.24:0] script '/domains/apunderkofler/configuration.php' not found or unable to stat
[Fri Jan 09 04:12:43.747242 2026] [php:error] [pid 52265] [client 35.247.243.252:0] script '/domains/telacomp/adminer-4.8.1.php' not found or unable to stat
[Fri Jan 09 04:12:45.680059 2026] [php:error] [pid 52262] [client 52.196.127.24:0] script '/domains/apunderkofler/debug.php' not found or unable to stat
[Fri Jan 09 04:12:46.140292 2026] [php:error] [pid 52267] [client 52.196.127.24:0] script '/domains/apunderkofler/info2.php' not found or unable to stat
[Fri Jan 09 04:12:46.600530 2026] [php:error] [pid 52226] [client 52.196.127.24:0] script '/domains/apunderkofler/info1.php' not found or unable to stat
[Fri Jan 09 04:12:47.062900 2026] [php:error] [pid 52226] [client 52.196.127.24:0] script '/domains/apunderkofler/php_info.php' not found or unable to stat
[Fri Jan 09 04:12:53.415925 2026] [php:error] [pid 52230] [client 206.189.151.177:0] script '/domains/rnachum/wp-login.php' not found or unable to stat
[Fri Jan 09 04:12:55.845876 2026] [php:error] [pid 52272] [client 52.196.127.24:0] script '/domains/apunderkofler/testphp.php' not found or unable to stat
[Fri Jan 09 04:12:56.308498 2026] [php:error] [pid 52265] [client 52.196.127.24:0] script '/domains/apunderkofler/infophp.php' not found or unable to stat
[Fri Jan 09 04:12:56.769551 2026] [php:error] [pid 52272] [client 52.196.127.24:0] script '/domains/apunderkofler/php-info.php' not found or unable to stat
[Fri Jan 09 04:12:57.234200 2026] [php:error] [pid 52262] [client 52.196.127.24:0] script '/domains/apunderkofler/info_php.php' not found or unable to stat
[Fri Jan 09 04:12:57.697327 2026] [php:error] [pid 52273] [client 52.196.127.24:0] script '/domains/apunderkofler/t.php' not found or unable to stat
[Fri Jan 09 04:12:58.158337 2026] [php:error] [pid 52265] [client 52.196.127.24:0] script '/domains/apunderkofler/p.php' not found or unable to stat
[Fri Jan 09 04:12:58.619887 2026] [php:error] [pid 52262] [client 52.196.127.24:0] script '/domains/apunderkofler/3.php' not found or unable to stat
[Fri Jan 09 04:12:59.081217 2026] [php:error] [pid 52265] [client 52.196.127.24:0] script '/domains/apunderkofler/2.php' not found or unable to stat
[Fri Jan 09 04:12:59.544174 2026] [php:error] [pid 52262] [client 52.196.127.24:0] script '/domains/apunderkofler/1.php' not found or unable to stat
[Fri Jan 09 04:13:00.006243 2026] [php:error] [pid 52273] [client 52.196.127.24:0] script '/domains/apunderkofler/probe.php' not found or unable to stat
[Fri Jan 09 04:13:00.468330 2026] [php:error] [pid 52265] [client 52.196.127.24:0] script '/domains/apunderkofler/check.php' not found or unable to stat
[Fri Jan 09 04:13:00.931797 2026] [php:error] [pid 52267] [client 52.196.127.24:0] script '/domains/apunderkofler/phptest.php' not found or unable to stat
[Fri Jan 09 04:13:01.394614 2026] [php:error] [pid 52262] [client 52.196.127.24:0] script '/domains/apunderkofler/diagnostic.php' not found or unable to stat
[Fri Jan 09 04:13:01.860320 2026] [php:error] [pid 52230] [client 52.196.127.24:0] script '/domains/apunderkofler/serverinfo.php' not found or unable to stat
[Fri Jan 09 04:13:02.323949 2026] [php:error] [pid 52265] [client 52.196.127.24:0] script '/domains/apunderkofler/phpversion.php' not found or unable to stat
[Fri Jan 09 04:13:02.784906 2026] [php:error] [pid 52262] [client 52.196.127.24:0] script '/domains/apunderkofler/info3.php' not found or unable to stat
[Fri Jan 09 04:13:11.466322 2026] [php:error] [pid 52262] [client 35.247.243.244:0] script '/domains/smartny/DB.php' not found or unable to stat
[Fri Jan 09 04:13:32.959880 2026] [php:error] [pid 52274] [client 78.153.140.218:0] script '/domains/gohover/app_dev.php' not found or unable to stat
[Fri Jan 09 04:13:33.761170 2026] [php:error] [pid 52273] [client 35.247.243.254:0] script '/domains/telacomp/adminer-5.0.3-mysql.php' not found or unable to stat
[Fri Jan 09 04:13:33.773179 2026] [php:error] [pid 52262] [client 35.247.243.255:0] script '/domains/smartny/adminer-5.0.1.php' not found or unable to stat
[Fri Jan 09 04:13:38.662273 2026] [php:error] [pid 52262] [client 78.153.140.218:0] script '/domains/gohover/phpinfo.php' not found or unable to stat
[Fri Jan 09 04:14:00.405521 2026] [php:error] [pid 52277] [client 35.247.243.253:0] script '/domains/telacomp/adminer-5.0.0-mysql.php' not found or unable to stat
[Fri Jan 09 04:14:00.491094 2026] [php:error] [pid 52274] [client 35.247.243.251:0] script '/domains/smartny/adminer-4.8.1.php' not found or unable to stat
[Fri Jan 09 04:14:15.656287 2026] [php:error] [pid 52273] [client 142.248.80.123:0] script '/domains/lover/xmlrpc.php' not found or unable to stat
[Fri Jan 09 04:14:35.816949 2026] [php:error] [pid 52277] [client 35.247.243.255:0] script '/domains/telacomp/adminer-5.2.1-en.php' not found or unable to stat
[Fri Jan 09 04:14:35.934563 2026] [php:error] [pid 52262] [client 34.96.162.53:0] script '/domains/smartny/adminer-5.2.0-mysql-en.php' not found or unable to stat
[Fri Jan 09 04:14:46.587296 2026] [php:error] [pid 52277] [client 13.210.91.229:0] script '/domains/aatweb/phpinfo.php' not found or unable to stat
[Fri Jan 09 04:14:48.433313 2026] [php:error] [pid 52273] [client 13.210.91.229:0] script '/domains/aatweb/info.php' not found or unable to stat
[Fri Jan 09 04:14:51.519410 2026] [php:error] [pid 57909] [client 13.210.91.229:0] script '/domains/aatweb/test.php' not found or unable to stat
[Fri Jan 09 04:14:56.600144 2026] [php:error] [pid 52262] [client 106.219.210.228:0] script '/domains/dcoffman/xmlrpc.php' not found or unable to stat
[Fri Jan 09 04:14:58.535126 2026] [php:error] [pid 52277] [client 78.153.140.128:0] script '/domains/acagolf1/app_dev.php' not found or unable to stat
[Fri Jan 09 04:15:03.349256 2026] [php:error] [pid 57909] [client 78.153.140.128:0] script '/domains/acagolf1/phpinfo.php' not found or unable to stat
[Fri Jan 09 04:15:18.522047 2026] [php:error] [pid 57909] [client 13.210.91.229:0] script '/domains/aatweb/server.php' not found or unable to stat
[Fri Jan 09 04:15:19.747170 2026] [php:error] [pid 52262] [client 13.210.91.229:0] script '/domains/aatweb/php_version.php' not found or unable to stat
[Fri Jan 09 04:15:21.596127 2026] [php:error] [pid 57909] [client 13.210.91.229:0] script '/domains/aatweb/pi.php' not found or unable to stat
[Fri Jan 09 04:15:23.558518 2026] [php:error] [pid 57909] [client 34.96.162.58:0] script '/domains/telacomp/adminer-5.2.1-mysql-en.php' not found or unable to stat
[Fri Jan 09 04:15:23.668070 2026] [php:error] [pid 52273] [client 35.247.243.242:0] script '/domains/smartny/adminer-5.2.0-mysql.php' not found or unable to stat
[Fri Jan 09 04:15:25.889805 2026] [php:error] [pid 57908] [client 13.210.91.229:0] script '/domains/aatweb/php.php' not found or unable to stat
[Fri Jan 09 04:15:26.607534 2026] [php:error] [pid 52262] [client 35.247.243.246:0] script '/domains/smartny/adminer-5.0.4-en.php' not found or unable to stat
[Fri Jan 09 04:15:26.609336 2026] [php:error] [pid 52274] [client 34.96.162.56:0] script '/domains/telacomp/adminer-5.0.5-mysql-en.php' not found or unable to stat
[Fri Jan 09 04:15:28.973624 2026] [php:error] [pid 57908] [client 13.210.91.229:0] script '/domains/aatweb/i.php' not found or unable to stat
[Fri Jan 09 04:15:29.552266 2026] [php:error] [pid 52262] [client 34.96.162.61:0] script '/domains/telacomp/adminer-5.0.1-en.php' not found or unable to stat
[Fri Jan 09 04:15:29.663973 2026] [php:error] [pid 52274] [client 34.96.162.48:0] script '/domains/smartny/adminer-5.0.0-mysql-en.php' not found or unable to stat
[Fri Jan 09 04:15:36.346928 2026] [php:error] [pid 52274] [client 13.210.91.229:0] script '/domains/aatweb/configuration.php' not found or unable to stat
[Fri Jan 09 04:15:45.916474 2026] [php:error] [pid 57915] [client 35.247.243.254:0] script '/domains/smartny/adminer-5.4.1-mysql-en.php' not found or unable to stat
[Fri Jan 09 04:15:48.621091 2026] [php:error] [pid 52273] [client 13.210.91.229:0] script '/domains/aatweb/debug.php' not found or unable to stat
[Fri Jan 09 04:15:49.240442 2026] [php:error] [pid 57908] [client 13.210.91.229:0] script '/domains/aatweb/info2.php' not found or unable to stat
[Fri Jan 09 04:15:49.861898 2026] [php:error] [pid 57915] [client 13.210.91.229:0] script '/domains/aatweb/info1.php' not found or unable to stat
[Fri Jan 09 04:15:50.482199 2026] [php:error] [pid 57910] [client 13.210.91.229:0] script '/domains/aatweb/php_info.php' not found or unable to stat
[Fri Jan 09 04:16:02.405576 2026] [php:error] [pid 57916] [client 13.210.91.229:0] script '/domains/aatweb/testphp.php' not found or unable to stat
[Fri Jan 09 04:16:03.024314 2026] [php:error] [pid 52273] [client 13.210.91.229:0] script '/domains/aatweb/infophp.php' not found or unable to stat
[Fri Jan 09 04:16:03.637319 2026] [php:error] [pid 57915] [client 13.210.91.229:0] script '/domains/aatweb/php-info.php' not found or unable to stat
[Fri Jan 09 04:16:04.252594 2026] [php:error] [pid 57916] [client 13.210.91.229:0] script '/domains/aatweb/info_php.php' not found or unable to stat
[Fri Jan 09 04:16:04.866661 2026] [php:error] [pid 52273] [client 13.210.91.229:0] script '/domains/aatweb/t.php' not found or unable to stat
[Fri Jan 09 04:16:05.481755 2026] [php:error] [pid 57908] [client 13.210.91.229:0] script '/domains/aatweb/p.php' not found or unable to stat
[Fri Jan 09 04:16:06.100404 2026] [php:error] [pid 57915] [client 13.210.91.229:0] script '/domains/aatweb/3.php' not found or unable to stat
[Fri Jan 09 04:16:06.718739 2026] [php:error] [pid 52273] [client 13.210.91.229:0] script '/domains/aatweb/2.php' not found or unable to stat
[Fri Jan 09 04:16:06.888907 2026] [php:error] [pid 57916] [client 104.131.168.27:0] script '/domains/cccweb/wp-login.php' not found or unable to stat
[Fri Jan 09 04:16:07.338050 2026] [php:error] [pid 57915] [client 13.210.91.229:0] script '/domains/aatweb/1.php' not found or unable to stat
[Fri Jan 09 04:16:07.949330 2026] [php:error] [pid 57916] [client 13.210.91.229:0] script '/domains/aatweb/probe.php' not found or unable to stat
[Fri Jan 09 04:16:08.559994 2026] [php:error] [pid 57908] [client 13.210.91.229:0] script '/domains/aatweb/check.php' not found or unable to stat
[Fri Jan 09 04:16:09.171578 2026] [php:error] [pid 52273] [client 13.210.91.229:0] script '/domains/aatweb/phptest.php' not found or unable to stat
[Fri Jan 09 04:16:09.781491 2026] [php:error] [pid 52273] [client 13.210.91.229:0] script '/domains/aatweb/diagnostic.php' not found or unable to stat
[Fri Jan 09 04:16:10.392725 2026] [php:error] [pid 57916] [client 13.210.91.229:0] script '/domains/aatweb/serverinfo.php' not found or unable to stat
[Fri Jan 09 04:16:11.004125 2026] [php:error] [pid 57908] [client 13.210.91.229:0] script '/domains/aatweb/phpversion.php' not found or unable to stat
[Fri Jan 09 04:16:11.619596 2026] [php:error] [pid 57915] [client 13.210.91.229:0] script '/domains/aatweb/info3.php' not found or unable to stat
[Fri Jan 09 04:17:26.664267 2026] [php:error] [pid 57921] [client 167.99.75.2:0] script '/domains/homesbyaudrey1/xmlrpc.php' not found or unable to stat
[Fri Jan 09 04:17:37.340238 2026] [php:error] [pid 57923] [client 35.247.243.253:0] script '/domains/telacomp/adminer-4.2.1.php' not found or unable to stat
[Fri Jan 09 04:17:37.541918 2026] [php:error] [pid 57921] [client 34.96.162.49:0] script '/domains/smartny/adminer-4.8.1-mysql.php' not found or unable to stat
[Fri Jan 09 04:17:47.567120 2026] [php:error] [pid 57908] [client 4.241.228.159:0] script '/domains/davidbacker/class-t.api.php' not found or unable to stat
[Fri Jan 09 04:17:47.757041 2026] [php:error] [pid 57908] [client 4.241.228.159:0] script '/domains/davidbacker/zwso.php' not found or unable to stat
[Fri Jan 09 04:17:48.267792 2026] [php:error] [pid 57908] [client 4.241.228.159:0] script '/domains/davidbacker/class19.php' not found or unable to stat
[Fri Jan 09 04:17:48.433135 2026] [php:error] [pid 57908] [client 4.241.228.159:0] script '/domains/davidbacker/class20.php' not found or unable to stat
[Fri Jan 09 04:17:48.612778 2026] [php:error] [pid 57908] [client 4.241.228.159:0] script '/domains/davidbacker/admin.php' not found or unable to stat
[Fri Jan 09 04:17:48.769967 2026] [php:error] [pid 57908] [client 4.241.228.159:0] script '/domains/davidbacker/randkeyword.php' not found or unable to stat
[Fri Jan 09 04:17:48.939622 2026] [php:error] [pid 57908] [client 4.241.228.159:0] script '/domains/davidbacker/fwe.php' not found or unable to stat
[Fri Jan 09 04:17:49.098476 2026] [php:error] [pid 57908] [client 4.241.228.159:0] script '/domains/davidbacker/images/m.php' not found or unable to stat
[Fri Jan 09 04:17:49.255887 2026] [php:error] [pid 57908] [client 4.241.228.159:0] script '/domains/davidbacker/g.php' not found or unable to stat
[Fri Jan 09 04:17:49.421601 2026] [php:error] [pid 57908] [client 4.241.228.159:0] script '/domains/davidbacker/tx1.php' not found or unable to stat
[Fri Jan 09 04:17:49.581424 2026] [php:error] [pid 57908] [client 4.241.228.159:0] script '/domains/davidbacker/xv.php' not found or unable to stat
[Fri Jan 09 04:17:49.739456 2026] [php:error] [pid 57908] [client 4.241.228.159:0] script '/domains/davidbacker/x56.php' not found or unable to stat
[Fri Jan 09 04:17:49.906677 2026] [php:error] [pid 57908] [client 4.241.228.159:0] script '/domains/davidbacker/htaccess.php' not found or unable to stat
[Fri Jan 09 04:17:50.063588 2026] [php:error] [pid 57908] [client 4.241.228.159:0] script '/domains/davidbacker/readme.php' not found or unable to stat
[Fri Jan 09 04:17:50.224307 2026] [php:error] [pid 57908] [client 4.241.228.159:0] script '/domains/davidbacker/x50.php' not found or unable to stat
[Fri Jan 09 04:17:50.381594 2026] [php:error] [pid 57908] [client 4.241.228.159:0] script '/domains/davidbacker/fv.php' not found or unable to stat
[Fri Jan 09 04:17:50.550225 2026] [php:error] [pid 57908] [client 4.241.228.159:0] script '/domains/davidbacker/file.php' not found or unable to stat
[Fri Jan 09 04:17:50.730703 2026] [php:error] [pid 57908] [client 4.241.228.159:0] script '/domains/davidbacker/lsd.php' not found or unable to stat
[Fri Jan 09 04:17:50.897781 2026] [php:error] [pid 57908] [client 4.241.228.159:0] script '/domains/davidbacker/as.php' not found or unable to stat
[Fri Jan 09 04:17:51.842373 2026] [php:error] [pid 57908] [client 4.241.228.159:0] script '/domains/davidbacker/wsd.php' not found or unable to stat
[Fri Jan 09 04:17:52.000783 2026] [php:error] [pid 57908] [client 4.241.228.159:0] script '/domains/davidbacker/gtc.php' not found or unable to stat
[Fri Jan 09 04:17:52.158128 2026] [php:error] [pid 57908] [client 4.241.228.159:0] script '/domains/davidbacker/atx.php' not found or unable to stat
[Fri Jan 09 04:17:52.432312 2026] [php:error] [pid 57908] [client 4.241.228.159:0] script '/domains/davidbacker/z60.php' not found or unable to stat
[Fri Jan 09 04:17:52.590511 2026] [php:error] [pid 57908] [client 4.241.228.159:0] script '/domains/davidbacker/403.php' not found or unable to stat
[Fri Jan 09 04:17:52.781738 2026] [php:error] [pid 57908] [client 4.241.228.159:0] script '/domains/davidbacker/m.php' not found or unable to stat
[Fri Jan 09 04:17:52.940037 2026] [php:error] [pid 57908] [client 4.241.228.159:0] script '/domains/davidbacker/themes.php' not found or unable to stat
[Fri Jan 09 04:17:53.428952 2026] [php:error] [pid 57908] [client 4.241.228.159:0] script '/domains/davidbacker/click.php' not found or unable to stat
[Fri Jan 09 04:17:53.586172 2026] [php:error] [pid 57908] [client 4.241.228.159:0] script '/domains/davidbacker/install.php' not found or unable to stat
[Fri Jan 09 04:17:53.743217 2026] [php:error] [pid 57908] [client 4.241.228.159:0] script '/domains/davidbacker/lv.php' not found or unable to stat
[Fri Jan 09 04:17:53.900610 2026] [php:error] [pid 57908] [client 4.241.228.159:0] script '/domains/davidbacker/simple.php' not found or unable to stat
[Fri Jan 09 04:17:54.193816 2026] [php:error] [pid 57908] [client 4.241.228.159:0] script '/domains/davidbacker/css.php' not found or unable to stat
[Fri Jan 09 04:17:54.351418 2026] [php:error] [pid 57908] [client 4.241.228.159:0] script '/domains/davidbacker/cong.php' not found or unable to stat
[Fri Jan 09 04:17:55.059712 2026] [php:error] [pid 57908] [client 4.241.228.159:0] script '/domains/davidbacker/cong.php' not found or unable to stat
[Fri Jan 09 04:17:55.217126 2026] [php:error] [pid 57908] [client 4.241.228.159:0] script '/domains/davidbacker/w.php' not found or unable to stat
[Fri Jan 09 04:17:55.374873 2026] [php:error] [pid 57908] [client 4.241.228.159:0] script '/domains/davidbacker/404.php' not found or unable to stat
[Fri Jan 09 04:17:55.532081 2026] [php:error] [pid 57908] [client 4.241.228.159:0] script '/domains/davidbacker/ioxi-o.php' not found or unable to stat
[Fri Jan 09 04:17:55.786753 2026] [php:error] [pid 57908] [client 4.241.228.159:0] script '/domains/davidbacker/0x.php' not found or unable to stat
[Fri Jan 09 04:17:55.944013 2026] [php:error] [pid 57908] [client 4.241.228.159:0] script '/domains/davidbacker/css.php' not found or unable to stat
[Fri Jan 09 04:17:56.121832 2026] [php:error] [pid 57908] [client 4.241.228.159:0] script '/domains/davidbacker/222.php' not found or unable to stat
[Fri Jan 09 04:17:56.457432 2026] [php:error] [pid 57908] [client 4.241.228.159:0] script '/domains/davidbacker/admin.php' not found or unable to stat
[Fri Jan 09 04:17:56.794890 2026] [php:error] [pid 57908] [client 4.241.228.159:0] script '/domains/davidbacker/classwithtostring.php' not found or unable to stat
[Fri Jan 09 04:17:56.952135 2026] [php:error] [pid 57908] [client 4.241.228.159:0] script '/domains/davidbacker/abcd.php' not found or unable to stat
[Fri Jan 09 04:17:57.109887 2026] [php:error] [pid 57908] [client 4.241.228.159:0] script '/domains/davidbacker/autoload_classmap.php' not found or unable to stat
[Fri Jan 09 04:17:57.267389 2026] [php:error] [pid 57908] [client 4.241.228.159:0] script '/domains/davidbacker/inputs.php' not found or unable to stat
[Fri Jan 09 04:17:57.424308 2026] [php:error] [pid 57908] [client 4.241.228.159:0] script '/domains/davidbacker/about.php' not found or unable to stat
[Fri Jan 09 04:17:57.593781 2026] [php:error] [pid 57908] [client 4.241.228.159:0] script '/domains/davidbacker/alfa.php' not found or unable to stat
[Fri Jan 09 04:17:58.386100 2026] [php:error] [pid 57908] [client 4.241.228.159:0] script '/domains/davidbacker/manager.php' not found or unable to stat
[Fri Jan 09 04:17:58.548088 2026] [php:error] [pid 57908] [client 4.241.228.159:0] script '/domains/davidbacker/item.php' not found or unable to stat
[Fri Jan 09 04:17:58.910837 2026] [php:error] [pid 57908] [client 4.241.228.159:0] script '/domains/davidbacker/404.php' not found or unable to stat
[Fri Jan 09 04:17:59.068713 2026] [php:error] [pid 57908] [client 4.241.228.159:0] script '/domains/davidbacker/mail.php' not found or unable to stat
[Fri Jan 09 04:17:59.389905 2026] [php:error] [pid 57908] [client 4.241.228.159:0] script '/domains/davidbacker/sx.php' not found or unable to stat
[Fri Jan 09 04:17:59.711082 2026] [php:error] [pid 57908] [client 4.241.228.159:0] script '/domains/davidbacker/alfa.php' not found or unable to stat
[Fri Jan 09 04:17:59.872483 2026] [php:error] [pid 57908] [client 4.241.228.159:0] script '/domains/davidbacker/1.php' not found or unable to stat
[Fri Jan 09 04:18:00.046594 2026] [php:error] [pid 57908] [client 4.241.228.159:0] script '/domains/davidbacker/byp.php' not found or unable to stat
[Fri Jan 09 04:18:00.204250 2026] [php:error] [pid 57908] [client 4.241.228.159:0] script '/domains/davidbacker/wp-trackback.php' not found or unable to stat
[Fri Jan 09 04:18:00.842003 2026] [php:error] [pid 57908] [client 4.241.228.159:0] script '/domains/davidbacker/gmo.php' not found or unable to stat
[Fri Jan 09 04:18:01.161661 2026] [php:error] [pid 57908] [client 4.241.228.159:0] script '/domains/davidbacker/css/index.php' not found or unable to stat
[Fri Jan 09 04:18:02.710940 2026] [php:error] [pid 57908] [client 4.241.228.159:0] script '/domains/davidbacker/ww1.php' not found or unable to stat
[Fri Jan 09 04:18:02.868773 2026] [php:error] [pid 57908] [client 4.241.228.159:0] script '/domains/davidbacker/about/function.php' not found or unable to stat
[Fri Jan 09 04:18:05.522687 2026] [php:error] [pid 57923] [client 4.241.228.159:0] script '/domains/davidbacker/security.php' not found or unable to stat
[Fri Jan 09 04:18:06.724956 2026] [php:error] [pid 57926] [client 34.96.162.61:0] script '/domains/smartny/adminer-5.0.4-mysql-en.php' not found or unable to stat
[Fri Jan 09 04:18:06.821134 2026] [php:error] [pid 57924] [client 34.96.162.54:0] script '/domains/telacomp/adminer-5.0.3.php' not found or unable to stat
[Fri Jan 09 04:18:07.754218 2026] [php:error] [pid 57923] [client 4.241.228.159:0] script '/domains/davidbacker/class.php' not found or unable to stat
[Fri Jan 09 04:18:07.927005 2026] [php:error] [pid 57923] [client 4.241.228.159:0] script '/domains/davidbacker/bless5.php' not found or unable to stat
[Fri Jan 09 04:18:08.136302 2026] [php:error] [pid 57925] [client 223.233.84.202:0] script '/domains/dcoffman/xmlrpc.php' not found or unable to stat
[Fri Jan 09 04:18:08.516819 2026] [php:error] [pid 57923] [client 4.241.228.159:0] script '/domains/davidbacker/lock360.php' not found or unable to stat
[Fri Jan 09 04:18:08.677531 2026] [php:error] [pid 57923] [client 4.241.228.159:0] script '/domains/davidbacker/f35.php' not found or unable to stat
[Fri Jan 09 04:18:08.838377 2026] [php:error] [pid 57923] [client 4.241.228.159:0] script '/domains/davidbacker/ioxi-o1.php' not found or unable to stat
[Fri Jan 09 04:18:09.005202 2026] [php:error] [pid 57923] [client 4.241.228.159:0] script '/domains/davidbacker/juuuu.php' not found or unable to stat
[Fri Jan 09 04:18:09.167091 2026] [php:error] [pid 57923] [client 4.241.228.159:0] script '/domains/davidbacker/ha.php' not found or unable to stat
[Fri Jan 09 04:18:09.327719 2026] [php:error] [pid 57923] [client 4.241.228.159:0] script '/domains/davidbacker/gg.php' not found or unable to stat
[Fri Jan 09 04:18:09.494487 2026] [php:error] [pid 57923] [client 4.241.228.159:0] script '/domains/davidbacker/we2.php' not found or unable to stat
[Fri Jan 09 04:18:09.675189 2026] [php:error] [pid 57923] [client 4.241.228.159:0] script '/domains/davidbacker/04.php' not found or unable to stat
[Fri Jan 09 04:18:09.834978 2026] [php:error] [pid 57924] [client 195.178.110.132:0] script '/domains/highlandlabs/wp-config.php' not found or unable to stat
[Fri Jan 09 04:18:09.835543 2026] [php:error] [pid 57923] [client 4.241.228.159:0] script '/domains/davidbacker/333.php' not found or unable to stat
[Fri Jan 09 04:18:09.914707 2026] [php:error] [pid 57924] [client 195.178.110.132:0] script '/domains/highlandlabs/wp-config.php.old' not found or unable to stat
[Fri Jan 09 04:18:09.994664 2026] [php:error] [pid 57924] [client 195.178.110.132:0] script '/domains/highlandlabs/config.php' not found or unable to stat
[Fri Jan 09 04:18:10.004019 2026] [php:error] [pid 57923] [client 4.241.228.159:0] script '/domains/davidbacker/520.php' not found or unable to stat
[Fri Jan 09 04:18:10.074500 2026] [php:error] [pid 57924] [client 195.178.110.132:0] script '/domains/highlandlabs/config.php.bak' not found or unable to stat
[Fri Jan 09 04:18:10.165917 2026] [php:error] [pid 57923] [client 4.241.228.159:0] script '/domains/davidbacker/ar.php' not found or unable to stat
[Fri Jan 09 04:18:10.327583 2026] [php:error] [pid 57923] [client 4.241.228.159:0] script '/domains/davidbacker/x.php' not found or unable to stat
[Fri Jan 09 04:18:10.506750 2026] [php:error] [pid 57923] [client 4.241.228.159:0] script '/domains/davidbacker/xx.php' not found or unable to stat
[Fri Jan 09 04:18:10.690298 2026] [php:error] [pid 57923] [client 4.241.228.159:0] script '/domains/davidbacker/gifclass4.php' not found or unable to stat
[Fri Jan 09 04:18:10.866297 2026] [php:error] [pid 57923] [client 4.241.228.159:0] script '/domains/davidbacker/2clas.php' not found or unable to stat
[Fri Jan 09 04:18:11.029491 2026] [php:error] [pid 57923] [client 4.241.228.159:0] script '/domains/davidbacker/ave.php' not found or unable to stat
[Fri Jan 09 04:18:11.192086 2026] [php:error] [pid 57923] [client 4.241.228.159:0] script '/domains/davidbacker/wrt.php' not found or unable to stat
[Fri Jan 09 04:18:12.912084 2026] [php:error] [pid 57923] [client 4.241.228.159:0] script '/domains/davidbacker/bibil.php' not found or unable to stat
[Fri Jan 09 04:18:13.088352 2026] [php:error] [pid 57923] [client 4.241.228.159:0] script '/domains/davidbacker/radio.php' not found or unable to stat
[Fri Jan 09 04:18:13.661676 2026] [php:error] [pid 57923] [client 4.241.228.159:0] script '/domains/davidbacker/files.php' not found or unable to stat
[Fri Jan 09 04:18:13.822269 2026] [php:error] [pid 57923] [client 4.241.228.159:0] script '/domains/davidbacker/file7.php' not found or unable to stat
[Fri Jan 09 04:18:13.983364 2026] [php:error] [pid 57923] [client 4.241.228.159:0] script '/domains/davidbacker/gifclass.php' not found or unable to stat
