[Fri Jan 09 10:57:55.093771 2026] [php:error] [pid 37313] [client 74.225.220.212:0] script '/domains/system_suspended/gg.php' not found or unable to stat
[Fri Jan 09 10:57:55.291431 2026] [php:error] [pid 37313] [client 74.225.220.212:0] script '/domains/system_suspended/we2.php' not found or unable to stat
[Fri Jan 09 10:57:55.496930 2026] [php:error] [pid 37313] [client 74.225.220.212:0] script '/domains/system_suspended/04.php' not found or unable to stat
[Fri Jan 09 10:57:55.693215 2026] [php:error] [pid 37313] [client 74.225.220.212:0] script '/domains/system_suspended/333.php' not found or unable to stat
[Fri Jan 09 10:57:55.891705 2026] [php:error] [pid 37313] [client 74.225.220.212:0] script '/domains/system_suspended/520.php' not found or unable to stat
[Fri Jan 09 10:57:56.096543 2026] [php:error] [pid 37313] [client 74.225.220.212:0] script '/domains/system_suspended/ar.php' not found or unable to stat
[Fri Jan 09 10:57:56.299783 2026] [php:error] [pid 37313] [client 74.225.220.212:0] script '/domains/system_suspended/x.php' not found or unable to stat
[Fri Jan 09 10:57:56.503061 2026] [php:error] [pid 37313] [client 74.225.220.212:0] script '/domains/system_suspended/xx.php' not found or unable to stat
[Fri Jan 09 10:57:56.604932 2026] [php:error] [pid 37316] [client 4.189.144.170:0] script '/domains/lover/wp-freya.php' not found or unable to stat
[Fri Jan 09 10:57:56.699368 2026] [php:error] [pid 37313] [client 74.225.220.212:0] script '/domains/system_suspended/gifclass4.php' not found or unable to stat
[Fri Jan 09 10:57:56.766975 2026] [php:error] [pid 37316] [client 4.189.144.170:0] script '/domains/lover/ea.php' not found or unable to stat
[Fri Jan 09 10:57:56.925428 2026] [php:error] [pid 37313] [client 74.225.220.212:0] script '/domains/system_suspended/2clas.php' not found or unable to stat
[Fri Jan 09 10:57:56.925669 2026] [php:error] [pid 37316] [client 4.189.144.170:0] script '/domains/lover/gi.php' not found or unable to stat
[Fri Jan 09 10:57:57.087377 2026] [php:error] [pid 37316] [client 4.189.144.170:0] script '/domains/lover/nov.php' not found or unable to stat
[Fri Jan 09 10:57:57.126087 2026] [php:error] [pid 37313] [client 74.225.220.212:0] script '/domains/system_suspended/ave.php' not found or unable to stat
[Fri Jan 09 10:57:57.246034 2026] [php:error] [pid 37316] [client 4.189.144.170:0] script '/domains/lover/xo.php' not found or unable to stat
[Fri Jan 09 10:57:57.404509 2026] [php:error] [pid 37316] [client 4.189.144.170:0] script '/domains/lover/555.php' not found or unable to stat
[Fri Jan 09 10:57:57.415028 2026] [php:error] [pid 37313] [client 74.225.220.212:0] script '/domains/system_suspended/wrt.php' not found or unable to stat
[Fri Jan 09 10:57:57.565675 2026] [php:error] [pid 37316] [client 4.189.144.170:0] script '/domains/lover/anskrit.php' not found or unable to stat
[Fri Jan 09 10:57:57.617465 2026] [php:error] [pid 37313] [client 74.225.220.212:0] script '/domains/system_suspended/bibil.php' not found or unable to stat
[Fri Jan 09 10:57:57.722718 2026] [php:error] [pid 37316] [client 4.189.144.170:0] script '/domains/lover/win.php' not found or unable to stat
[Fri Jan 09 10:57:57.825503 2026] [php:error] [pid 37313] [client 74.225.220.212:0] script '/domains/system_suspended/radio.php' not found or unable to stat
[Fri Jan 09 10:57:57.906687 2026] [php:error] [pid 37316] [client 4.189.144.170:0] script '/domains/lover/ut.php' not found or unable to stat
[Fri Jan 09 10:57:58.069521 2026] [php:error] [pid 37316] [client 4.189.144.170:0] script '/domains/lover/ooaiyc.php' not found or unable to stat
[Fri Jan 09 10:57:58.123417 2026] [php:error] [pid 37313] [client 74.225.220.212:0] script '/domains/system_suspended/files.php' not found or unable to stat
[Fri Jan 09 10:57:58.226854 2026] [php:error] [pid 37316] [client 4.189.144.170:0] script '/domains/lover/nx1.php' not found or unable to stat
[Fri Jan 09 10:57:58.320136 2026] [php:error] [pid 37313] [client 74.225.220.212:0] script '/domains/system_suspended/file7.php' not found or unable to stat
[Fri Jan 09 10:57:58.386525 2026] [php:error] [pid 37316] [client 4.189.144.170:0] script '/domains/lover/avtst.php' not found or unable to stat
[Fri Jan 09 10:57:58.516139 2026] [php:error] [pid 37313] [client 74.225.220.212:0] script '/domains/system_suspended/gifclass.php' not found or unable to stat
[Fri Jan 09 10:57:58.545788 2026] [php:error] [pid 37316] [client 4.189.144.170:0] script '/domains/lover/inde.php' not found or unable to stat
[Fri Jan 09 10:57:58.702977 2026] [php:error] [pid 37316] [client 4.189.144.170:0] script '/domains/lover/classgoto24.php' not found or unable to stat
[Fri Jan 09 10:57:58.863568 2026] [php:error] [pid 37316] [client 4.189.144.170:0] script '/domains/lover/lx.php' not found or unable to stat
[Fri Jan 09 10:57:58.937446 2026] [php:error] [pid 37313] [client 74.225.220.212:0] script '/domains/system_suspended/nox.php' not found or unable to stat
[Fri Jan 09 10:57:59.022733 2026] [php:error] [pid 37316] [client 4.189.144.170:0] script '/domains/lover/die.php' not found or unable to stat
[Fri Jan 09 10:57:59.133396 2026] [php:error] [pid 37313] [client 74.225.220.212:0] script '/domains/system_suspended/file48.php' not found or unable to stat
[Fri Jan 09 10:57:59.179899 2026] [php:error] [pid 37316] [client 4.189.144.170:0] script '/domains/lover/aaaa.php' not found or unable to stat
[Fri Jan 09 10:57:59.329899 2026] [php:error] [pid 37313] [client 74.225.220.212:0] script '/domains/system_suspended/info.php' not found or unable to stat
[Fri Jan 09 10:57:59.336895 2026] [php:error] [pid 37316] [client 4.189.144.170:0] script '/domains/lover/bbbb.php' not found or unable to stat
[Fri Jan 09 10:57:59.495561 2026] [php:error] [pid 37316] [client 4.189.144.170:0] script '/domains/lover/cccc.php' not found or unable to stat
[Fri Jan 09 10:57:59.527520 2026] [php:error] [pid 37313] [client 74.225.220.212:0] script '/domains/system_suspended/class9.php' not found or unable to stat
[Fri Jan 09 10:57:59.658387 2026] [php:error] [pid 37316] [client 4.189.144.170:0] script '/domains/lover/file.php' not found or unable to stat
[Fri Jan 09 10:57:59.725661 2026] [php:error] [pid 37313] [client 74.225.220.212:0] script '/domains/system_suspended/la.php' not found or unable to stat
[Fri Jan 09 10:57:59.818620 2026] [php:error] [pid 37316] [client 4.189.144.170:0] script '/domains/lover/file1.php' not found or unable to stat
[Fri Jan 09 10:57:59.922389 2026] [php:error] [pid 37313] [client 74.225.220.212:0] script '/domains/system_suspended/bless11.php' not found or unable to stat
[Fri Jan 09 10:57:59.979534 2026] [php:error] [pid 37316] [client 4.189.144.170:0] script '/domains/lover/file2.php' not found or unable to stat
[Fri Jan 09 10:58:00.128448 2026] [php:error] [pid 37313] [client 74.225.220.212:0] script '/domains/system_suspended/ccou.php' not found or unable to stat
[Fri Jan 09 10:58:00.139063 2026] [php:error] [pid 37316] [client 4.189.144.170:0] script '/domains/lover/file5.php' not found or unable to stat
[Fri Jan 09 10:58:00.298025 2026] [php:error] [pid 37316] [client 4.189.144.170:0] script '/domains/lover/file17.php' not found or unable to stat
[Fri Jan 09 10:58:00.324829 2026] [php:error] [pid 37313] [client 74.225.220.212:0] script '/domains/system_suspended/ton.php' not found or unable to stat
[Fri Jan 09 10:58:00.465398 2026] [php:error] [pid 37316] [client 4.189.144.170:0] script '/domains/lover/file32.php' not found or unable to stat
[Fri Jan 09 10:58:00.520844 2026] [php:error] [pid 37313] [client 74.225.220.212:0] script '/domains/system_suspended/403.php' not found or unable to stat
[Fri Jan 09 10:58:00.624693 2026] [php:error] [pid 37316] [client 4.189.144.170:0] script '/domains/lover/filesss.php' not found or unable to stat
[Fri Jan 09 10:58:00.786923 2026] [php:error] [pid 37316] [client 4.189.144.170:0] script '/domains/lover/file9.php' not found or unable to stat
[Fri Jan 09 10:58:00.859328 2026] [php:error] [pid 37313] [client 74.225.220.212:0] script '/domains/system_suspended/file9.php' not found or unable to stat
[Fri Jan 09 10:58:00.945334 2026] [php:error] [pid 37316] [client 4.189.144.170:0] script '/domains/lover/file13.php' not found or unable to stat
[Fri Jan 09 10:58:01.065068 2026] [php:error] [pid 37313] [client 74.225.220.212:0] script '/domains/system_suspended/ac.php' not found or unable to stat
[Fri Jan 09 10:58:01.111052 2026] [php:error] [pid 37316] [client 4.189.144.170:0] script '/domains/lover/file3.php' not found or unable to stat
[Fri Jan 09 10:58:01.265778 2026] [php:error] [pid 37313] [client 74.225.220.212:0] script '/domains/system_suspended/new4.php' not found or unable to stat
[Fri Jan 09 10:58:01.269844 2026] [php:error] [pid 37316] [client 4.189.144.170:0] script '/domains/lover/3406.php' not found or unable to stat
[Fri Jan 09 10:58:01.427276 2026] [php:error] [pid 37316] [client 4.189.144.170:0] script '/domains/lover/963e.php' not found or unable to stat
[Fri Jan 09 10:58:01.462767 2026] [php:error] [pid 37313] [client 74.225.220.212:0] script '/domains/system_suspended/pop.php' not found or unable to stat
[Fri Jan 09 10:58:01.586531 2026] [php:error] [pid 37316] [client 4.189.144.170:0] script '/domains/lover/hk.php' not found or unable to stat
[Fri Jan 09 10:58:01.747528 2026] [php:error] [pid 37316] [client 4.189.144.170:0] script '/domains/lover/cjfuns.php' not found or unable to stat
[Fri Jan 09 10:58:01.786631 2026] [php:error] [pid 37313] [client 74.225.220.212:0] script '/domains/system_suspended/az.php' not found or unable to stat
[Fri Jan 09 10:58:01.905189 2026] [php:error] [pid 37316] [client 4.189.144.170:0] script '/domains/lover/akk.php' not found or unable to stat
[Fri Jan 09 10:58:01.983858 2026] [php:error] [pid 37313] [client 74.225.220.212:0] script '/domains/system_suspended/xaz.php' not found or unable to stat
[Fri Jan 09 10:58:02.062625 2026] [php:error] [pid 37316] [client 4.189.144.170:0] script '/domains/lover/alpa.php' not found or unable to stat
[Fri Jan 09 10:58:02.197054 2026] [php:error] [pid 37313] [client 74.225.220.212:0] script '/domains/system_suspended/up4.php' not found or unable to stat
[Fri Jan 09 10:58:02.219814 2026] [php:error] [pid 37316] [client 4.189.144.170:0] script '/domains/lover/rrr.php' not found or unable to stat
[Fri Jan 09 10:58:02.384097 2026] [php:error] [pid 37316] [client 4.189.144.170:0] script '/domains/lover/vee.php' not found or unable to stat
[Fri Jan 09 10:58:02.411133 2026] [php:error] [pid 37313] [client 74.225.220.212:0] script '/domains/system_suspended/1aa.php' not found or unable to stat
[Fri Jan 09 10:58:02.544742 2026] [php:error] [pid 37316] [client 4.189.144.170:0] script '/domains/lover/0x0x.php' not found or unable to stat
[Fri Jan 09 10:58:02.624802 2026] [php:error] [pid 37313] [client 74.225.220.212:0] script '/domains/system_suspended/elp.php' not found or unable to stat
[Fri Jan 09 10:58:02.707508 2026] [php:error] [pid 37316] [client 4.189.144.170:0] script '/domains/lover/atomlib.php' not found or unable to stat
[Fri Jan 09 10:58:02.829152 2026] [php:error] [pid 37313] [client 74.225.220.212:0] script '/domains/system_suspended/wtz.php' not found or unable to stat
[Fri Jan 09 10:58:02.868649 2026] [php:error] [pid 37316] [client 4.189.144.170:0] script '/domains/lover/manager.php' not found or unable to stat
[Fri Jan 09 10:58:03.033474 2026] [php:error] [pid 37316] [client 4.189.144.170:0] script '/domains/lover/abcd.php' not found or unable to stat
[Fri Jan 09 10:58:03.190650 2026] [php:error] [pid 37316] [client 4.189.144.170:0] script '/domains/lover/we.php' not found or unable to stat
[Fri Jan 09 10:58:03.347946 2026] [php:error] [pid 37316] [client 4.189.144.170:0] script '/domains/lover/fe5.php' not found or unable to stat
[Fri Jan 09 10:58:03.376479 2026] [php:error] [pid 37313] [client 74.225.220.212:0] script '/domains/system_suspended/galex.php' not found or unable to stat
[Fri Jan 09 10:58:03.506557 2026] [php:error] [pid 37316] [client 4.189.144.170:0] script '/domains/lover/shell1.php' not found or unable to stat
[Fri Jan 09 10:58:03.591577 2026] [php:error] [pid 37313] [client 74.225.220.212:0] script '/domains/system_suspended/xb.php' not found or unable to stat
[Fri Jan 09 10:58:03.664730 2026] [php:error] [pid 37316] [client 4.189.144.170:0] script '/domains/lover/gm.php' not found or unable to stat
[Fri Jan 09 10:58:03.791462 2026] [php:error] [pid 37313] [client 74.225.220.212:0] script '/domains/system_suspended/ova.php' not found or unable to stat
[Fri Jan 09 10:58:03.822635 2026] [php:error] [pid 37316] [client 4.189.144.170:0] script '/domains/lover/lala.php' not found or unable to stat
[Fri Jan 09 10:58:03.980154 2026] [php:error] [pid 37316] [client 4.189.144.170:0] script '/domains/lover/hexx.php' not found or unable to stat
[Fri Jan 09 10:58:03.987323 2026] [php:error] [pid 37313] [client 74.225.220.212:0] script '/domains/system_suspended/vx.php' not found or unable to stat
[Fri Jan 09 10:58:04.138138 2026] [php:error] [pid 37316] [client 4.189.144.170:0] script '/domains/lover/444.php' not found or unable to stat
[Fri Jan 09 10:58:04.296134 2026] [php:error] [pid 37316] [client 4.189.144.170:0] script '/domains/lover/a2.php' not found or unable to stat
[Fri Jan 09 10:58:04.453378 2026] [php:error] [pid 37316] [client 4.189.144.170:0] script '/domains/lover/lv.php' not found or unable to stat
[Fri Jan 09 10:58:04.476150 2026] [php:error] [pid 37313] [client 74.225.220.212:0] script '/domains/system_suspended/rh.php' not found or unable to stat
[Fri Jan 09 10:58:04.610665 2026] [php:error] [pid 37316] [client 4.189.144.170:0] script '/domains/lover/ioxi-o.php' not found or unable to stat
[Fri Jan 09 10:58:04.773872 2026] [php:error] [pid 37316] [client 4.189.144.170:0] script '/domains/lover/222.php' not found or unable to stat
[Fri Jan 09 10:58:04.940187 2026] [php:error] [pid 37316] [client 4.189.144.170:0] script '/domains/lover/admin.php' not found or unable to stat
[Fri Jan 09 10:58:05.100409 2026] [php:error] [pid 37316] [client 4.189.144.170:0] script '/domains/lover/new.php' not found or unable to stat
[Fri Jan 09 10:58:05.257639 2026] [php:error] [pid 37316] [client 4.189.144.170:0] script '/domains/lover/zfile.php' not found or unable to stat
[Fri Jan 09 10:58:05.414647 2026] [php:error] [pid 37316] [client 4.189.144.170:0] script '/domains/lover/conflg.php' not found or unable to stat
[Fri Jan 09 10:58:05.573814 2026] [php:error] [pid 37316] [client 4.189.144.170:0] script '/domains/lover/classwithtostring.php' not found or unable to stat
[Fri Jan 09 10:58:05.730932 2026] [php:error] [pid 37316] [client 4.189.144.170:0] script '/domains/lover/k.php' not found or unable to stat
[Fri Jan 09 10:58:05.888751 2026] [php:error] [pid 37316] [client 4.189.144.170:0] script '/domains/lover/cache.php' not found or unable to stat
[Fri Jan 09 10:58:06.047399 2026] [php:error] [pid 37316] [client 4.189.144.170:0] script '/domains/lover/NewFile.php' not found or unable to stat
[Fri Jan 09 10:58:06.204580 2026] [php:error] [pid 37316] [client 4.189.144.170:0] script '/domains/lover/406.php' not found or unable to stat
[Fri Jan 09 10:58:06.366863 2026] [php:error] [pid 37316] [client 4.189.144.170:0] script '/domains/lover/r.php' not found or unable to stat
[Fri Jan 09 10:58:06.529410 2026] [php:error] [pid 37316] [client 4.189.144.170:0] script '/domains/lover/wp-info.php' not found or unable to stat
[Fri Jan 09 10:58:06.693251 2026] [php:error] [pid 37316] [client 4.189.144.170:0] script '/domains/lover/link.php' not found or unable to stat
[Fri Jan 09 10:58:06.850524 2026] [php:error] [pid 37316] [client 4.189.144.170:0] script '/domains/lover/css.php' not found or unable to stat
[Fri Jan 09 10:58:07.008252 2026] [php:error] [pid 37316] [client 4.189.144.170:0] script '/domains/lover/wp.php' not found or unable to stat
[Fri Jan 09 10:58:07.166570 2026] [php:error] [pid 37316] [client 4.189.144.170:0] script '/domains/lover/1.php' not found or unable to stat
[Fri Jan 09 10:58:07.324018 2026] [php:error] [pid 37316] [client 4.189.144.170:0] script '/domains/lover/info.php' not found or unable to stat
[Fri Jan 09 10:58:07.481261 2026] [php:error] [pid 37316] [client 4.189.144.170:0] script '/domains/lover/lc.php' not found or unable to stat
[Fri Jan 09 10:58:07.638956 2026] [php:error] [pid 37316] [client 4.189.144.170:0] script '/domains/lover/inputs.php' not found or unable to stat
[Fri Jan 09 10:58:07.796296 2026] [php:error] [pid 37316] [client 4.189.144.170:0] script '/domains/lover/asas.php' not found or unable to stat
[Fri Jan 09 10:58:07.954181 2026] [php:error] [pid 37316] [client 4.189.144.170:0] script '/domains/lover/rk2.php' not found or unable to stat
[Fri Jan 09 10:58:08.112825 2026] [php:error] [pid 37316] [client 4.189.144.170:0] script '/domains/lover/c.php' not found or unable to stat
[Fri Jan 09 10:58:08.270128 2026] [php:error] [pid 37316] [client 4.189.144.170:0] script '/domains/lover/makeasmtp.php' not found or unable to stat
[Fri Jan 09 10:58:08.427376 2026] [php:error] [pid 37316] [client 4.189.144.170:0] script '/domains/lover/wp-aespa.php' not found or unable to stat
[Fri Jan 09 10:58:08.586617 2026] [php:error] [pid 37316] [client 4.189.144.170:0] script '/domains/lover/alfa.php' not found or unable to stat
[Fri Jan 09 10:58:08.743879 2026] [php:error] [pid 37316] [client 4.189.144.170:0] script '/domains/lover/inputs.php' not found or unable to stat
[Fri Jan 09 10:58:08.908104 2026] [php:error] [pid 37316] [client 4.189.144.170:0] script '/domains/lover/num.php' not found or unable to stat
[Fri Jan 09 10:58:09.070335 2026] [php:error] [pid 37316] [client 4.189.144.170:0] script '/domains/lover/11.php' not found or unable to stat
[Fri Jan 09 10:58:09.227527 2026] [php:error] [pid 37316] [client 4.189.144.170:0] script '/domains/lover/fm.php' not found or unable to stat
[Fri Jan 09 10:58:09.387282 2026] [php:error] [pid 37316] [client 4.189.144.170:0] script '/domains/lover/bolt.php' not found or unable to stat
[Fri Jan 09 10:58:09.545566 2026] [php:error] [pid 37316] [client 4.189.144.170:0] script '/domains/lover/xmrlpc.php' not found or unable to stat
[Fri Jan 09 10:58:09.702939 2026] [php:error] [pid 37316] [client 4.189.144.170:0] script '/domains/lover/wso.php' not found or unable to stat
[Fri Jan 09 10:58:09.860037 2026] [php:error] [pid 37316] [client 4.189.144.170:0] script '/domains/lover/js.php' not found or unable to stat
[Fri Jan 09 10:58:10.024112 2026] [php:error] [pid 37316] [client 4.189.144.170:0] script '/domains/lover/up.php' not found or unable to stat
[Fri Jan 09 10:58:10.181903 2026] [php:error] [pid 37316] [client 4.189.144.170:0] script '/domains/lover/autoload_classmap.php' not found or unable to stat
[Fri Jan 09 10:58:10.339527 2026] [php:error] [pid 37316] [client 4.189.144.170:0] script '/domains/lover/oivcl.php' not found or unable to stat
[Fri Jan 09 10:58:10.502774 2026] [php:error] [pid 37316] [client 4.189.144.170:0] script '/domains/lover/nwwha.php' not found or unable to stat
[Fri Jan 09 10:58:10.660924 2026] [php:error] [pid 37316] [client 4.189.144.170:0] script '/domains/lover/jvcpa.php' not found or unable to stat
[Fri Jan 09 10:58:10.818125 2026] [php:error] [pid 37316] [client 4.189.144.170:0] script '/domains/lover/lddxs.php' not found or unable to stat
[Fri Jan 09 10:58:10.975439 2026] [php:error] [pid 37316] [client 4.189.144.170:0] script '/domains/lover/1337.php' not found or unable to stat
[Fri Jan 09 10:58:11.132974 2026] [php:error] [pid 37316] [client 4.189.144.170:0] script '/domains/lover/wp-miiss.php.php' not found or unable to stat
[Fri Jan 09 10:58:11.291359 2026] [php:error] [pid 37316] [client 4.189.144.170:0] script '/domains/lover/web.php' not found or unable to stat
[Fri Jan 09 10:58:11.449570 2026] [php:error] [pid 37316] [client 4.189.144.170:0] script '/domains/lover/elp.php' not found or unable to stat
[Fri Jan 09 10:58:11.764920 2026] [php:error] [pid 37316] [client 4.189.144.170:0] script '/domains/lover/wp-cron.php' not found or unable to stat
[Fri Jan 09 10:58:11.938308 2026] [php:error] [pid 37316] [client 4.189.144.170:0] script '/domains/lover/alfa-rex.php' not found or unable to stat
[Fri Jan 09 10:58:12.095335 2026] [php:error] [pid 37316] [client 4.189.144.170:0] script '/domains/lover/w-1.php' not found or unable to stat
[Fri Jan 09 10:58:12.251899 2026] [php:error] [pid 37316] [client 4.189.144.170:0] script '/domains/lover/moon.php' not found or unable to stat
[Fri Jan 09 10:58:12.413739 2026] [php:error] [pid 37316] [client 4.189.144.170:0] script '/domains/lover/buy.php' not found or unable to stat
[Fri Jan 09 10:58:12.738143 2026] [php:error] [pid 37318] [client 4.189.144.170:0] script '/domains/lover/doc.php' not found or unable to stat
[Fri Jan 09 10:58:12.895219 2026] [php:error] [pid 37318] [client 4.189.144.170:0] script '/domains/lover/x.php' not found or unable to stat
[Fri Jan 09 10:58:13.055243 2026] [php:error] [pid 37318] [client 4.189.144.170:0] script '/domains/lover/wp-widgets.php' not found or unable to stat
[Fri Jan 09 10:58:13.212575 2026] [php:error] [pid 37318] [client 4.189.144.170:0] script '/domains/lover/wpupex.php' not found or unable to stat
[Fri Jan 09 10:58:13.369645 2026] [php:error] [pid 37318] [client 4.189.144.170:0] script '/domains/lover/first.php' not found or unable to stat
[Fri Jan 09 10:58:13.526649 2026] [php:error] [pid 37318] [client 4.189.144.170:0] script '/domains/lover/class-t.api.php' not found or unable to stat
[Fri Jan 09 10:58:13.683740 2026] [php:error] [pid 37318] [client 4.189.144.170:0] script '/domains/lover/file48.php' not found or unable to stat
[Fri Jan 09 10:58:13.841257 2026] [php:error] [pid 37318] [client 4.189.144.170:0] script '/domains/lover/class19.php' not found or unable to stat
[Fri Jan 09 10:58:13.998505 2026] [php:error] [pid 37318] [client 4.189.144.170:0] script '/domains/lover/class20.php' not found or unable to stat
[Fri Jan 09 10:58:14.157641 2026] [php:error] [pid 37318] [client 4.189.144.170:0] script '/domains/lover/f35.php' not found or unable to stat
[Fri Jan 09 10:58:14.316193 2026] [php:error] [pid 37318] [client 4.189.144.170:0] script '/domains/lover/f6.php' not found or unable to stat
[Fri Jan 09 10:59:32.767540 2026] [php:error] [pid 37330] [client 65.60.132.52:0] script '/domains/micra/xmlrpc.php' not found or unable to stat, referer: https://www.google.co.uk/
[Fri Jan 09 10:59:33.127742 2026] [php:error] [pid 37330] [client 217.116.138.0:0] script '/domains/micra/autoload_classmap.php' not found or unable to stat, referer: https://www.bing.com/
[Fri Jan 09 10:59:34.024400 2026] [php:error] [pid 37328] [client 94.184.48.170:0] script '/domains/micra/NewFile.php' not found or unable to stat, referer: https://www.yahoo.com/
[Fri Jan 09 10:59:34.384888 2026] [php:error] [pid 37328] [client 23.96.3.20:0] script '/domains/micra/adminfuns.php' not found or unable to stat, referer: https://www.google.de/
[Fri Jan 09 10:59:34.744073 2026] [php:error] [pid 37328] [client 21.205.193.129:0] script '/domains/micra/inputs.php' not found or unable to stat, referer: https://duckduckgo.com/
[Fri Jan 09 10:59:35.102949 2026] [php:error] [pid 37328] [client 245.19.176.224:0] script '/domains/micra/upload.php' not found or unable to stat, referer: https://www.google.com/
[Fri Jan 09 10:59:35.462400 2026] [php:error] [pid 37328] [client 112.2.85.108:0] script '/domains/micra/simple.php' not found or unable to stat, referer: https://duckduckgo.com/
[Fri Jan 09 10:59:36.181639 2026] [php:error] [pid 37328] [client 152.154.19.66:0] script '/domains/micra/tinyy.php' not found or unable to stat, referer: https://duckduckgo.com/
[Fri Jan 09 10:59:36.540490 2026] [php:error] [pid 37328] [client 41.33.240.116:0] script '/domains/micra/makeasmtp.php' not found or unable to stat, referer: https://www.bing.com/
[Fri Jan 09 10:59:36.899579 2026] [php:error] [pid 37328] [client 75.11.93.131:0] script '/domains/micra/elp.php' not found or unable to stat, referer: https://www.google.de/
[Fri Jan 09 10:59:37.258843 2026] [php:error] [pid 37328] [client 152.26.246.19:0] script '/domains/micra/flower.php' not found or unable to stat, referer: https://www.bing.com/
[Fri Jan 09 10:59:37.617402 2026] [php:error] [pid 37328] [client 172.237.62.80:0] script '/domains/micra/bala.php' not found or unable to stat, referer: https://www.bing.com/
[Fri Jan 09 10:59:37.977011 2026] [php:error] [pid 37328] [client 169.114.201.208:0] script '/domains/micra/goods.php' not found or unable to stat, referer: https://www.google.com/
[Fri Jan 09 10:59:38.335409 2026] [php:error] [pid 37328] [client 172.200.60.152:0] script '/domains/micra/bolt.php' not found or unable to stat, referer: https://www.google.de/
[Fri Jan 09 10:59:39.048782 2026] [php:error] [pid 37328] [client 84.16.114.133:0] script '/domains/micra/system.php' not found or unable to stat, referer: https://www.google.co.uk/
[Fri Jan 09 10:59:39.409180 2026] [php:error] [pid 37328] [client 157.133.116.90:0] script '/domains/micra/about.php' not found or unable to stat, referer: https://www.google.de/
[Fri Jan 09 10:59:39.768044 2026] [php:error] [pid 37328] [client 208.186.34.153:0] script '/domains/micra/text.php' not found or unable to stat, referer: https://www.google.fr/
[Fri Jan 09 10:59:40.126326 2026] [php:error] [pid 37328] [client 163.227.249.57:0] script '/domains/micra/abcd.php' not found or unable to stat, referer: https://www.yahoo.com/
[Fri Jan 09 10:59:40.486045 2026] [php:error] [pid 37328] [client 130.199.206.44:0] script '/domains/micra/admin.php' not found or unable to stat, referer: https://www.yahoo.com/
[Fri Jan 09 10:59:41.021855 2026] [php:error] [pid 37328] [client 168.86.173.12:0] script '/domains/micra/file.php' not found or unable to stat, referer: https://www.google.co.uk/
[Fri Jan 09 10:59:41.738494 2026] [php:error] [pid 37328] [client 59.216.165.72:0] script '/domains/micra/gecko-new.php' not found or unable to stat, referer: https://www.bing.com/
[Fri Jan 09 10:59:42.097973 2026] [php:error] [pid 37328] [client 5.232.93.212:0] script '/domains/micra/admin-header.php' not found or unable to stat, referer: https://duckduckgo.com/
[Fri Jan 09 10:59:42.457722 2026] [php:error] [pid 37328] [client 214.139.18.230:0] script '/domains/micra/edit.php' not found or unable to stat, referer: https://www.google.fr/
[Fri Jan 09 10:59:42.816611 2026] [php:error] [pid 37328] [client 46.144.87.163:0] script '/domains/micra/ioxi-o.php' not found or unable to stat, referer: https://www.google.fr/
[Fri Jan 09 10:59:43.184376 2026] [php:error] [pid 37328] [client 158.96.209.29:0] script '/domains/micra/info.php' not found or unable to stat, referer: https://duckduckgo.com/
[Fri Jan 09 10:59:43.543014 2026] [php:error] [pid 37328] [client 205.241.188.56:0] script '/domains/micra/lock360.php' not found or unable to stat, referer: https://www.google.de/
[Fri Jan 09 10:59:43.903031 2026] [php:error] [pid 37328] [client 99.2.131.144:0] script '/domains/micra/ws.php' not found or unable to stat, referer: https://www.google.de/
[Fri Jan 09 10:59:44.262281 2026] [php:error] [pid 37328] [client 4.40.20.115:0] script '/domains/micra/file4.php' not found or unable to stat, referer: https://www.google.co.uk/
[Fri Jan 09 10:59:44.621250 2026] [php:error] [pid 37328] [client 96.137.166.170:0] script '/domains/micra/wp-good.php' not found or unable to stat, referer: https://www.google.de/
[Fri Jan 09 10:59:44.979867 2026] [php:error] [pid 37328] [client 231.35.85.29:0] script '/domains/micra/content.php' not found or unable to stat, referer: https://duckduckgo.com/
[Fri Jan 09 10:59:45.338747 2026] [php:error] [pid 37328] [client 167.36.16.172:0] script '/domains/micra/wp-signup.php' not found or unable to stat, referer: https://www.google.de/
[Fri Jan 09 10:59:45.701026 2026] [php:error] [pid 37328] [client 174.3.33.199:0] script '/domains/micra/log.php' not found or unable to stat, referer: https://www.bing.com/
[Fri Jan 09 10:59:46.060195 2026] [php:error] [pid 37328] [client 235.123.99.76:0] script '/domains/micra/hplfuns.php' not found or unable to stat, referer: https://www.google.fr/
[Fri Jan 09 10:59:46.419224 2026] [php:error] [pid 37328] [client 135.226.122.148:0] script '/domains/micra/ahax.php' not found or unable to stat, referer: https://www.google.co.uk/
[Fri Jan 09 10:59:46.783016 2026] [php:error] [pid 37328] [client 45.104.182.75:0] script '/domains/micra/atomlib.php' not found or unable to stat, referer: https://www.yahoo.com/
[Fri Jan 09 10:59:47.141936 2026] [php:error] [pid 37328] [client 51.41.118.142:0] script '/domains/micra/server.php' not found or unable to stat, referer: https://www.google.fr/
[Fri Jan 09 10:59:47.500877 2026] [php:error] [pid 37328] [client 180.146.234.113:0] script '/domains/micra/wp-trackback.php' not found or unable to stat, referer: https://www.google.com/
[Fri Jan 09 10:59:47.859452 2026] [php:error] [pid 37328] [client 45.56.63.23:0] script '/domains/micra/radio.php' not found or unable to stat, referer: https://www.google.com/
[Fri Jan 09 10:59:48.218049 2026] [php:error] [pid 37328] [client 193.150.26.108:0] script '/domains/micra/wp-setup.php' not found or unable to stat, referer: https://www.google.com/
[Fri Jan 09 10:59:48.577149 2026] [php:error] [pid 37328] [client 205.255.0.149:0] script '/domains/micra/options.php' not found or unable to stat, referer: https://www.google.fr/
[Fri Jan 09 10:59:48.937451 2026] [php:error] [pid 37328] [client 225.121.195.198:0] script '/domains/micra/wp-user.php' not found or unable to stat, referer: https://www.google.de/
[Fri Jan 09 10:59:49.296635 2026] [php:error] [pid 37328] [client 160.119.179.167:0] script '/domains/micra/new.php' not found or unable to stat, referer: https://www.google.fr/
[Fri Jan 09 10:59:49.654738 2026] [php:error] [pid 37328] [client 195.26.245.80:0] script '/domains/micra/classwithtostring.php' not found or unable to stat, referer: https://www.bing.com/
[Fri Jan 09 10:59:50.013661 2026] [php:error] [pid 37328] [client 95.188.92.242:0] script '/domains/micra/bgymj.php' not found or unable to stat, referer: https://duckduckgo.com/
[Fri Jan 09 10:59:50.372605 2026] [php:error] [pid 37328] [client 19.220.174.243:0] script '/domains/micra/default.php' not found or unable to stat, referer: https://www.google.fr/
[Fri Jan 09 10:59:50.731198 2026] [php:error] [pid 37328] [client 66.167.95.41:0] script '/domains/micra/root.php' not found or unable to stat, referer: https://www.google.co.uk/
[Fri Jan 09 10:59:51.090880 2026] [php:error] [pid 37328] [client 221.173.125.230:0] script '/domains/micra/wp-file.php' not found or unable to stat, referer: https://www.google.co.uk/
[Fri Jan 09 10:59:51.399877 2026] [php:error] [pid 37337] [client 206.189.151.177:0] script '/domains/emsco1/wp-login.php' not found or unable to stat
[Fri Jan 09 10:59:51.449318 2026] [php:error] [pid 37328] [client 253.75.16.100:0] script '/domains/micra/themes.php' not found or unable to stat, referer: https://www.yahoo.com/
[Fri Jan 09 10:59:51.808424 2026] [php:error] [pid 37328] [client 243.238.204.31:0] script '/domains/micra/gmo.php' not found or unable to stat, referer: https://www.google.de/
[Fri Jan 09 10:59:52.167614 2026] [php:error] [pid 37328] [client 169.155.156.23:0] script '/domains/micra/asasx.php' not found or unable to stat, referer: https://duckduckgo.com/
[Fri Jan 09 10:59:52.531935 2026] [php:error] [pid 37328] [client 249.150.16.30:0] script '/domains/micra/xleet.php' not found or unable to stat, referer: https://www.bing.com/
[Fri Jan 09 10:59:52.890703 2026] [php:error] [pid 37328] [client 173.58.77.40:0] script '/domains/micra/wp-error.php' not found or unable to stat, referer: https://www.yahoo.com/
[Fri Jan 09 11:00:51.711325 2026] [php:error] [pid 37365] [client 159.89.169.97:0] script '/domains/tennex/wp-login.php' not found or unable to stat
[Fri Jan 09 11:02:35.199982 2026] [php:error] [pid 37383] [client 20.205.120.64:0] script '/domains/conceptlabs1/class-t.api.php' not found or unable to stat
[Fri Jan 09 11:02:35.411080 2026] [php:error] [pid 37383] [client 20.205.120.64:0] script '/domains/conceptlabs1/zwso.php' not found or unable to stat
[Fri Jan 09 11:02:35.831486 2026] [php:error] [pid 37383] [client 20.205.120.64:0] script '/domains/conceptlabs1/class19.php' not found or unable to stat
[Fri Jan 09 11:02:36.041557 2026] [php:error] [pid 37383] [client 20.205.120.64:0] script '/domains/conceptlabs1/class20.php' not found or unable to stat
[Fri Jan 09 11:02:36.252308 2026] [php:error] [pid 37383] [client 20.205.120.64:0] script '/domains/conceptlabs1/admin.php' not found or unable to stat
[Fri Jan 09 11:02:36.462368 2026] [php:error] [pid 37383] [client 20.205.120.64:0] script '/domains/conceptlabs1/randkeyword.php' not found or unable to stat
[Fri Jan 09 11:02:36.676204 2026] [php:error] [pid 37383] [client 20.205.120.64:0] script '/domains/conceptlabs1/fwe.php' not found or unable to stat
[Fri Jan 09 11:02:36.887741 2026] [php:error] [pid 37383] [client 20.205.120.64:0] script '/domains/conceptlabs1/images/m.php' not found or unable to stat
[Fri Jan 09 11:02:37.098282 2026] [php:error] [pid 37383] [client 20.205.120.64:0] script '/domains/conceptlabs1/g.php' not found or unable to stat
[Fri Jan 09 11:02:37.311741 2026] [php:error] [pid 37383] [client 20.205.120.64:0] script '/domains/conceptlabs1/tx1.php' not found or unable to stat
[Fri Jan 09 11:02:37.521903 2026] [php:error] [pid 37383] [client 20.205.120.64:0] script '/domains/conceptlabs1/xv.php' not found or unable to stat
[Fri Jan 09 11:02:37.736040 2026] [php:error] [pid 37383] [client 20.205.120.64:0] script '/domains/conceptlabs1/x56.php' not found or unable to stat
[Fri Jan 09 11:02:37.946277 2026] [php:error] [pid 37383] [client 20.205.120.64:0] script '/domains/conceptlabs1/htaccess.php' not found or unable to stat
[Fri Jan 09 11:02:38.156921 2026] [php:error] [pid 37383] [client 20.205.120.64:0] script '/domains/conceptlabs1/readme.php' not found or unable to stat
[Fri Jan 09 11:02:38.367464 2026] [php:error] [pid 37383] [client 20.205.120.64:0] script '/domains/conceptlabs1/x50.php' not found or unable to stat
[Fri Jan 09 11:02:38.578119 2026] [php:error] [pid 37383] [client 20.205.120.64:0] script '/domains/conceptlabs1/fv.php' not found or unable to stat
[Fri Jan 09 11:02:38.788146 2026] [php:error] [pid 37383] [client 20.205.120.64:0] script '/domains/conceptlabs1/file.php' not found or unable to stat
[Fri Jan 09 11:02:38.999056 2026] [php:error] [pid 37383] [client 20.205.120.64:0] script '/domains/conceptlabs1/lsd.php' not found or unable to stat
[Fri Jan 09 11:02:39.209796 2026] [php:error] [pid 37383] [client 20.205.120.64:0] script '/domains/conceptlabs1/as.php' not found or unable to stat
[Fri Jan 09 11:02:39.420275 2026] [php:error] [pid 37383] [client 20.205.120.64:0] script '/domains/conceptlabs1/wsd.php' not found or unable to stat
[Fri Jan 09 11:02:39.646611 2026] [php:error] [pid 37383] [client 20.205.120.64:0] script '/domains/conceptlabs1/gtc.php' not found or unable to stat
[Fri Jan 09 11:02:39.859617 2026] [php:error] [pid 37383] [client 20.205.120.64:0] script '/domains/conceptlabs1/atx.php' not found or unable to stat
[Fri Jan 09 11:02:40.082837 2026] [php:error] [pid 37383] [client 20.205.120.64:0] script '/domains/conceptlabs1/z60.php' not found or unable to stat
[Fri Jan 09 11:02:40.293118 2026] [php:error] [pid 37383] [client 20.205.120.64:0] script '/domains/conceptlabs1/403.php' not found or unable to stat
[Fri Jan 09 11:02:40.506057 2026] [php:error] [pid 37383] [client 20.205.120.64:0] script '/domains/conceptlabs1/m.php' not found or unable to stat
[Fri Jan 09 11:02:40.731264 2026] [php:error] [pid 37383] [client 20.205.120.64:0] script '/domains/conceptlabs1/themes.php' not found or unable to stat
[Fri Jan 09 11:02:41.371104 2026] [php:error] [pid 37383] [client 20.205.120.64:0] script '/domains/conceptlabs1/click.php' not found or unable to stat
[Fri Jan 09 11:02:41.581259 2026] [php:error] [pid 37383] [client 20.205.120.64:0] script '/domains/conceptlabs1/install.php' not found or unable to stat
[Fri Jan 09 11:02:41.796477 2026] [php:error] [pid 37383] [client 20.205.120.64:0] script '/domains/conceptlabs1/lv.php' not found or unable to stat
[Fri Jan 09 11:02:42.012396 2026] [php:error] [pid 37383] [client 20.205.120.64:0] script '/domains/conceptlabs1/simple.php' not found or unable to stat
[Fri Jan 09 11:02:42.253838 2026] [php:error] [pid 37383] [client 20.205.120.64:0] script '/domains/conceptlabs1/css.php' not found or unable to stat
[Fri Jan 09 11:02:42.465130 2026] [php:error] [pid 37383] [client 20.205.120.64:0] script '/domains/conceptlabs1/cong.php' not found or unable to stat
[Fri Jan 09 11:02:42.893928 2026] [php:error] [pid 37383] [client 20.205.120.64:0] script '/domains/conceptlabs1/cong.php' not found or unable to stat
[Fri Jan 09 11:02:43.107240 2026] [php:error] [pid 37383] [client 20.205.120.64:0] script '/domains/conceptlabs1/w.php' not found or unable to stat
[Fri Jan 09 11:02:43.327729 2026] [php:error] [pid 37383] [client 20.205.120.64:0] script '/domains/conceptlabs1/404.php' not found or unable to stat
[Fri Jan 09 11:02:43.537944 2026] [php:error] [pid 37383] [client 20.205.120.64:0] script '/domains/conceptlabs1/ioxi-o.php' not found or unable to stat
[Fri Jan 09 11:02:43.748049 2026] [php:error] [pid 37383] [client 20.205.120.64:0] script '/domains/conceptlabs1/0x.php' not found or unable to stat
[Fri Jan 09 11:02:43.963756 2026] [php:error] [pid 37383] [client 20.205.120.64:0] script '/domains/conceptlabs1/css.php' not found or unable to stat
[Fri Jan 09 11:02:44.177303 2026] [php:error] [pid 37383] [client 20.205.120.64:0] script '/domains/conceptlabs1/222.php' not found or unable to stat
[Fri Jan 09 11:02:44.628609 2026] [php:error] [pid 37383] [client 20.205.120.64:0] script '/domains/conceptlabs1/admin.php' not found or unable to stat
[Fri Jan 09 11:02:45.063881 2026] [php:error] [pid 37383] [client 20.205.120.64:0] script '/domains/conceptlabs1/classwithtostring.php' not found or unable to stat
[Fri Jan 09 11:02:45.274441 2026] [php:error] [pid 37383] [client 20.205.120.64:0] script '/domains/conceptlabs1/abcd.php' not found or unable to stat
[Fri Jan 09 11:02:45.484836 2026] [php:error] [pid 37383] [client 20.205.120.64:0] script '/domains/conceptlabs1/autoload_classmap.php' not found or unable to stat
[Fri Jan 09 11:02:45.703198 2026] [php:error] [pid 37383] [client 20.205.120.64:0] script '/domains/conceptlabs1/inputs.php' not found or unable to stat
[Fri Jan 09 11:02:45.914019 2026] [php:error] [pid 37383] [client 20.205.120.64:0] script '/domains/conceptlabs1/about.php' not found or unable to stat
[Fri Jan 09 11:02:46.124603 2026] [php:error] [pid 37383] [client 20.205.120.64:0] script '/domains/conceptlabs1/alfa.php' not found or unable to stat
[Fri Jan 09 11:02:47.188847 2026] [php:error] [pid 37383] [client 20.205.120.64:0] script '/domains/conceptlabs1/manager.php' not found or unable to stat
[Fri Jan 09 11:02:47.420675 2026] [php:error] [pid 37383] [client 20.205.120.64:0] script '/domains/conceptlabs1/item.php' not found or unable to stat
[Fri Jan 09 11:02:47.846202 2026] [php:error] [pid 37383] [client 20.205.120.64:0] script '/domains/conceptlabs1/404.php' not found or unable to stat
[Fri Jan 09 11:02:48.056628 2026] [php:error] [pid 37383] [client 20.205.120.64:0] script '/domains/conceptlabs1/mail.php' not found or unable to stat
[Fri Jan 09 11:02:48.533684 2026] [php:error] [pid 37383] [client 20.205.120.64:0] script '/domains/conceptlabs1/sx.php' not found or unable to stat
[Fri Jan 09 11:02:48.954841 2026] [php:error] [pid 37383] [client 20.205.120.64:0] script '/domains/conceptlabs1/alfa.php' not found or unable to stat
[Fri Jan 09 11:02:49.168655 2026] [php:error] [pid 37383] [client 20.205.120.64:0] script '/domains/conceptlabs1/1.php' not found or unable to stat
[Fri Jan 09 11:02:49.385655 2026] [php:error] [pid 37383] [client 20.205.120.64:0] script '/domains/conceptlabs1/byp.php' not found or unable to stat
[Fri Jan 09 11:02:49.596202 2026] [php:error] [pid 37383] [client 20.205.120.64:0] script '/domains/conceptlabs1/wp-trackback.php' not found or unable to stat
[Fri Jan 09 11:02:50.461839 2026] [php:error] [pid 37383] [client 20.205.120.64:0] script '/domains/conceptlabs1/gmo.php' not found or unable to stat
[Fri Jan 09 11:02:50.890282 2026] [php:error] [pid 37383] [client 20.205.120.64:0] script '/domains/conceptlabs1/css/index.php' not found or unable to stat
[Fri Jan 09 11:02:52.823425 2026] [php:error] [pid 37383] [client 20.205.120.64:0] script '/domains/conceptlabs1/ww1.php' not found or unable to stat
[Fri Jan 09 11:02:54.139501 2026] [php:error] [pid 37388] [client 20.205.120.64:0] script '/domains/conceptlabs1/security.php' not found or unable to stat
[Fri Jan 09 11:02:56.698355 2026] [php:error] [pid 37388] [client 20.205.120.64:0] script '/domains/conceptlabs1/class.php' not found or unable to stat
[Fri Jan 09 11:02:56.908228 2026] [php:error] [pid 37388] [client 20.205.120.64:0] script '/domains/conceptlabs1/bless5.php' not found or unable to stat
[Fri Jan 09 11:02:57.527513 2026] [php:error] [pid 37388] [client 20.205.120.64:0] script '/domains/conceptlabs1/lock360.php' not found or unable to stat
[Fri Jan 09 11:02:57.733106 2026] [php:error] [pid 37388] [client 20.205.120.64:0] script '/domains/conceptlabs1/f35.php' not found or unable to stat
[Fri Jan 09 11:02:57.943523 2026] [php:error] [pid 37388] [client 20.205.120.64:0] script '/domains/conceptlabs1/ioxi-o1.php' not found or unable to stat
[Fri Jan 09 11:02:58.149692 2026] [php:error] [pid 37388] [client 20.205.120.64:0] script '/domains/conceptlabs1/juuuu.php' not found or unable to stat
[Fri Jan 09 11:02:58.359574 2026] [php:error] [pid 37388] [client 20.205.120.64:0] script '/domains/conceptlabs1/ha.php' not found or unable to stat
[Fri Jan 09 11:02:58.565269 2026] [php:error] [pid 37388] [client 20.205.120.64:0] script '/domains/conceptlabs1/gg.php' not found or unable to stat
[Fri Jan 09 11:02:58.774186 2026] [php:error] [pid 37388] [client 20.205.120.64:0] script '/domains/conceptlabs1/we2.php' not found or unable to stat
[Fri Jan 09 11:02:58.981504 2026] [php:error] [pid 37388] [client 20.205.120.64:0] script '/domains/conceptlabs1/04.php' not found or unable to stat
[Fri Jan 09 11:02:59.187028 2026] [php:error] [pid 37388] [client 20.205.120.64:0] script '/domains/conceptlabs1/333.php' not found or unable to stat
[Fri Jan 09 11:02:59.399155 2026] [php:error] [pid 37388] [client 20.205.120.64:0] script '/domains/conceptlabs1/520.php' not found or unable to stat
[Fri Jan 09 11:02:59.613680 2026] [php:error] [pid 37388] [client 20.205.120.64:0] script '/domains/conceptlabs1/ar.php' not found or unable to stat
[Fri Jan 09 11:02:59.820640 2026] [php:error] [pid 37388] [client 20.205.120.64:0] script '/domains/conceptlabs1/x.php' not found or unable to stat
[Fri Jan 09 11:03:00.028866 2026] [php:error] [pid 37388] [client 20.205.120.64:0] script '/domains/conceptlabs1/xx.php' not found or unable to stat
[Fri Jan 09 11:03:00.236824 2026] [php:error] [pid 37388] [client 20.205.120.64:0] script '/domains/conceptlabs1/gifclass4.php' not found or unable to stat
[Fri Jan 09 11:03:00.443185 2026] [php:error] [pid 37388] [client 20.205.120.64:0] script '/domains/conceptlabs1/2clas.php' not found or unable to stat
[Fri Jan 09 11:03:00.648752 2026] [php:error] [pid 37388] [client 20.205.120.64:0] script '/domains/conceptlabs1/ave.php' not found or unable to stat
[Fri Jan 09 11:03:00.856612 2026] [php:error] [pid 37388] [client 20.205.120.64:0] script '/domains/conceptlabs1/wrt.php' not found or unable to stat
[Fri Jan 09 11:03:01.064125 2026] [php:error] [pid 37388] [client 20.205.120.64:0] script '/domains/conceptlabs1/bibil.php' not found or unable to stat
[Fri Jan 09 11:03:01.271958 2026] [php:error] [pid 37388] [client 20.205.120.64:0] script '/domains/conceptlabs1/radio.php' not found or unable to stat
[Fri Jan 09 11:03:01.479662 2026] [php:error] [pid 37388] [client 20.205.120.64:0] script '/domains/conceptlabs1/files.php' not found or unable to stat
[Fri Jan 09 11:03:01.685112 2026] [php:error] [pid 37388] [client 20.205.120.64:0] script '/domains/conceptlabs1/file7.php' not found or unable to stat
[Fri Jan 09 11:03:01.894931 2026] [php:error] [pid 37388] [client 20.205.120.64:0] script '/domains/conceptlabs1/gifclass.php' not found or unable to stat
[Fri Jan 09 11:03:02.307059 2026] [php:error] [pid 37388] [client 20.205.120.64:0] script '/domains/conceptlabs1/nox.php' not found or unable to stat
[Fri Jan 09 11:03:02.513295 2026] [php:error] [pid 37388] [client 20.205.120.64:0] script '/domains/conceptlabs1/file48.php' not found or unable to stat
[Fri Jan 09 11:03:02.725322 2026] [php:error] [pid 37388] [client 20.205.120.64:0] script '/domains/conceptlabs1/info.php' not found or unable to stat
[Fri Jan 09 11:03:02.930991 2026] [php:error] [pid 37388] [client 20.205.120.64:0] script '/domains/conceptlabs1/class9.php' not found or unable to stat
[Fri Jan 09 11:03:03.145805 2026] [php:error] [pid 37388] [client 20.205.120.64:0] script '/domains/conceptlabs1/la.php' not found or unable to stat
[Fri Jan 09 11:03:03.352383 2026] [php:error] [pid 37388] [client 20.205.120.64:0] script '/domains/conceptlabs1/bless11.php' not found or unable to stat
[Fri Jan 09 11:03:03.558314 2026] [php:error] [pid 37388] [client 20.205.120.64:0] script '/domains/conceptlabs1/ccou.php' not found or unable to stat
[Fri Jan 09 11:03:03.776310 2026] [php:error] [pid 37388] [client 20.205.120.64:0] script '/domains/conceptlabs1/ton.php' not found or unable to stat
[Fri Jan 09 11:03:03.982101 2026] [php:error] [pid 37388] [client 20.205.120.64:0] script '/domains/conceptlabs1/403.php' not found or unable to stat
[Fri Jan 09 11:03:04.187756 2026] [php:error] [pid 37388] [client 20.205.120.64:0] script '/domains/conceptlabs1/file9.php' not found or unable to stat
[Fri Jan 09 11:03:04.393031 2026] [php:error] [pid 37388] [client 20.205.120.64:0] script '/domains/conceptlabs1/ac.php' not found or unable to stat
[Fri Jan 09 11:03:04.598959 2026] [php:error] [pid 37388] [client 20.205.120.64:0] script '/domains/conceptlabs1/new4.php' not found or unable to stat
[Fri Jan 09 11:03:04.804277 2026] [php:error] [pid 37388] [client 20.205.120.64:0] script '/domains/conceptlabs1/pop.php' not found or unable to stat
[Fri Jan 09 11:03:05.010544 2026] [php:error] [pid 37388] [client 20.205.120.64:0] script '/domains/conceptlabs1/az.php' not found or unable to stat
[Fri Jan 09 11:03:05.220216 2026] [php:error] [pid 37388] [client 20.205.120.64:0] script '/domains/conceptlabs1/xaz.php' not found or unable to stat
[Fri Jan 09 11:03:05.425638 2026] [php:error] [pid 37388] [client 20.205.120.64:0] script '/domains/conceptlabs1/up4.php' not found or unable to stat
[Fri Jan 09 11:03:05.688313 2026] [php:error] [pid 37388] [client 20.205.120.64:0] script '/domains/conceptlabs1/1aa.php' not found or unable to stat
[Fri Jan 09 11:03:05.894035 2026] [php:error] [pid 37388] [client 20.205.120.64:0] script '/domains/conceptlabs1/elp.php' not found or unable to stat
[Fri Jan 09 11:03:06.100171 2026] [php:error] [pid 37388] [client 20.205.120.64:0] script '/domains/conceptlabs1/wtz.php' not found or unable to stat
[Fri Jan 09 11:03:06.305601 2026] [php:error] [pid 37388] [client 20.205.120.64:0] script '/domains/conceptlabs1/galex.php' not found or unable to stat
[Fri Jan 09 11:03:06.511132 2026] [php:error] [pid 37388] [client 20.205.120.64:0] script '/domains/conceptlabs1/xb.php' not found or unable to stat
[Fri Jan 09 11:03:06.721693 2026] [php:error] [pid 37388] [client 20.205.120.64:0] script '/domains/conceptlabs1/ova.php' not found or unable to stat
[Fri Jan 09 11:03:06.927246 2026] [php:error] [pid 37388] [client 20.205.120.64:0] script '/domains/conceptlabs1/vx.php' not found or unable to stat
[Fri Jan 09 11:03:07.132708 2026] [php:error] [pid 37388] [client 20.205.120.64:0] script '/domains/conceptlabs1/rh.php' not found or unable to stat
[Fri Jan 09 11:05:20.416326 2026] [php:error] [pid 37436] [client 188.166.255.2:0] script '/domains/gk3c/phpinfo.php' not found or unable to stat
[Fri Jan 09 11:05:20.639214 2026] [php:error] [pid 37436] [client 188.166.255.2:0] script '/domains/gk3c/info.php' not found or unable to stat
[Fri Jan 09 11:05:20.884687 2026] [php:error] [pid 37436] [client 188.166.255.2:0] script '/domains/gk3c/php_info.php' not found or unable to stat
[Fri Jan 09 11:05:21.266356 2026] [php:error] [pid 37436] [client 188.166.255.2:0] script '/domains/gk3c/test.php' not found or unable to stat
[Fri Jan 09 11:05:21.590246 2026] [php:error] [pid 37436] [client 188.166.255.2:0] script '/domains/gk3c/debug.php' not found or unable to stat
[Fri Jan 09 11:05:22.132358 2026] [php:error] [pid 37436] [client 188.166.255.2:0] script '/domains/gk3c/server-info.php' not found or unable to stat
[Fri Jan 09 11:05:22.458401 2026] [php:error] [pid 37436] [client 188.166.255.2:0] script '/domains/gk3c/system-info.php' not found or unable to stat
[Fri Jan 09 11:05:33.029180 2026] [php:error] [pid 37436] [client 188.166.255.2:0] script '/domains/gk3c/index.php' not found or unable to stat
[Fri Jan 09 11:05:35.761249 2026] [php:error] [pid 37436] [client 188.166.255.2:0] script '/domains/gk3c/wp-config.php.bak' not found or unable to stat
[Fri Jan 09 11:06:28.192345 2026] [core:crit] [pid 37452] (13)Permission denied: [client 52.54.95.127:0] AH00529: /domains/performancepartsinc/graphics/psd/.htaccess pcfg_openfile: unable to check htaccess file, ensure it is readable and that '/domains/performancepartsinc/graphics/psd/' is executable
