[Fri Jan 09 03:48:32.291127 2026] [php:error] [pid 51826] [client 13.79.87.25:0] script '/domains/ecernstelectric/system.php' not found or unable to stat
[Fri Jan 09 03:48:32.389450 2026] [php:error] [pid 51826] [client 13.79.87.25:0] script '/domains/ecernstelectric/edit.php' not found or unable to stat
[Fri Jan 09 03:48:32.487467 2026] [php:error] [pid 51826] [client 13.79.87.25:0] script '/domains/ecernstelectric/inc.php' not found or unable to stat
[Fri Jan 09 03:48:32.584898 2026] [php:error] [pid 51826] [client 13.79.87.25:0] script '/domains/ecernstelectric/item.php' not found or unable to stat
[Fri Jan 09 03:48:32.664462 2026] [php:error] [pid 51830] [client 13.54.41.58:0] script '/domains/bruceweb/phpversion.php' not found or unable to stat
[Fri Jan 09 03:48:32.735073 2026] [php:error] [pid 51825] [client 34.96.162.59:0] script '/domains/telacomp/adminer-5.2.0.php' not found or unable to stat
[Fri Jan 09 03:48:32.785768 2026] [php:error] [pid 51826] [client 13.79.87.25:0] script '/domains/ecernstelectric/alfa.php' not found or unable to stat
[Fri Jan 09 03:48:32.843741 2026] [php:error] [pid 51823] [client 35.247.243.253:0] script '/domains/smartny/adminer-5.1.0-en.php' not found or unable to stat
[Fri Jan 09 03:48:32.882738 2026] [php:error] [pid 51826] [client 13.79.87.25:0] script '/domains/ecernstelectric/log.php' not found or unable to stat
[Fri Jan 09 03:48:32.979931 2026] [php:error] [pid 51826] [client 13.79.87.25:0] script '/domains/ecernstelectric/lock360.php' not found or unable to stat
[Fri Jan 09 03:48:33.077948 2026] [php:error] [pid 51826] [client 13.79.87.25:0] script '/domains/ecernstelectric/class.php' not found or unable to stat
[Fri Jan 09 03:48:33.274426 2026] [php:error] [pid 51829] [client 13.54.41.58:0] script '/domains/bruceweb/info3.php' not found or unable to stat
[Fri Jan 09 03:48:33.274753 2026] [php:error] [pid 51826] [client 13.79.87.25:0] script '/domains/ecernstelectric/f.php' not found or unable to stat
[Fri Jan 09 03:48:33.470361 2026] [php:error] [pid 51826] [client 13.79.87.25:0] script '/domains/ecernstelectric/404.php' not found or unable to stat
[Fri Jan 09 03:48:33.568734 2026] [php:error] [pid 51826] [client 13.79.87.25:0] script '/domains/ecernstelectric/adminfuns.php' not found or unable to stat
[Fri Jan 09 03:48:33.763012 2026] [php:error] [pid 51826] [client 13.79.87.25:0] script '/domains/ecernstelectric/goods.php' not found or unable to stat
[Fri Jan 09 03:48:33.860590 2026] [php:error] [pid 51826] [client 13.79.87.25:0] script '/domains/ecernstelectric/hi.php' not found or unable to stat
[Fri Jan 09 03:48:33.959455 2026] [php:error] [pid 51826] [client 13.79.87.25:0] script '/domains/ecernstelectric/wp-l0gin.php' not found or unable to stat
[Fri Jan 09 03:48:34.156575 2026] [php:error] [pid 51826] [client 13.79.87.25:0] script '/domains/ecernstelectric/sadd5.php' not found or unable to stat
[Fri Jan 09 03:48:34.256712 2026] [php:error] [pid 51826] [client 13.79.87.25:0] script '/domains/ecernstelectric/xenium4.php' not found or unable to stat
[Fri Jan 09 03:48:34.356189 2026] [php:error] [pid 51826] [client 13.79.87.25:0] script '/domains/ecernstelectric/sadd5.php' not found or unable to stat
[Fri Jan 09 03:48:34.455126 2026] [php:error] [pid 51826] [client 13.79.87.25:0] script '/domains/ecernstelectric/file58.php' not found or unable to stat
[Fri Jan 09 03:48:34.554601 2026] [php:error] [pid 51826] [client 13.79.87.25:0] script '/domains/ecernstelectric/f5.php' not found or unable to stat
[Fri Jan 09 03:48:34.652617 2026] [php:error] [pid 51826] [client 13.79.87.25:0] script '/domains/ecernstelectric/ma.php' not found or unable to stat
[Fri Jan 09 03:48:34.750522 2026] [php:error] [pid 51826] [client 13.79.87.25:0] script '/domains/ecernstelectric/s1.php' not found or unable to stat
[Fri Jan 09 03:48:34.849517 2026] [php:error] [pid 51826] [client 13.79.87.25:0] script '/domains/ecernstelectric/xa.php' not found or unable to stat
[Fri Jan 09 03:48:34.947127 2026] [php:error] [pid 51826] [client 13.79.87.25:0] script '/domains/ecernstelectric/f8.php' not found or unable to stat
[Fri Jan 09 03:48:35.044647 2026] [php:error] [pid 51826] [client 13.79.87.25:0] script '/domains/ecernstelectric/flower2.php' not found or unable to stat
[Fri Jan 09 03:48:35.142678 2026] [php:error] [pid 51826] [client 13.79.87.25:0] script '/domains/ecernstelectric/000.php' not found or unable to stat
[Fri Jan 09 03:48:35.240763 2026] [php:error] [pid 51826] [client 13.79.87.25:0] script '/domains/ecernstelectric/xxxx.php' not found or unable to stat
[Fri Jan 09 03:48:35.338523 2026] [php:error] [pid 51826] [client 13.79.87.25:0] script '/domains/ecernstelectric/wen.php' not found or unable to stat
[Fri Jan 09 03:48:35.436082 2026] [php:error] [pid 51826] [client 13.79.87.25:0] script '/domains/ecernstelectric/ss1.php' not found or unable to stat
[Fri Jan 09 03:48:35.532873 2026] [php:error] [pid 51826] [client 13.79.87.25:0] script '/domains/ecernstelectric/shoyo.php' not found or unable to stat
[Fri Jan 09 03:48:35.632100 2026] [php:error] [pid 51826] [client 13.79.87.25:0] script '/domains/ecernstelectric/flower.php' not found or unable to stat
[Fri Jan 09 03:48:35.731996 2026] [php:error] [pid 51826] [client 13.79.87.25:0] script '/domains/ecernstelectric/adminfuns.php' not found or unable to stat
[Fri Jan 09 03:48:35.828961 2026] [php:error] [pid 51826] [client 13.79.87.25:0] script '/domains/ecernstelectric/file48.php' not found or unable to stat
[Fri Jan 09 03:48:35.926349 2026] [php:error] [pid 51826] [client 13.79.87.25:0] script '/domains/ecernstelectric/info.php' not found or unable to stat
[Fri Jan 09 03:48:36.024412 2026] [php:error] [pid 51826] [client 13.79.87.25:0] script '/domains/ecernstelectric/class9.php' not found or unable to stat
[Fri Jan 09 03:48:36.122430 2026] [php:error] [pid 51826] [client 13.79.87.25:0] script '/domains/ecernstelectric/bless11.php' not found or unable to stat
[Fri Jan 09 03:48:36.219491 2026] [php:error] [pid 51826] [client 13.79.87.25:0] script '/domains/ecernstelectric/class.php' not found or unable to stat
[Fri Jan 09 03:48:36.322019 2026] [php:error] [pid 51826] [client 13.79.87.25:0] script '/domains/ecernstelectric/bless5.php' not found or unable to stat
[Fri Jan 09 03:48:36.419603 2026] [php:error] [pid 51826] [client 13.79.87.25:0] script '/domains/ecernstelectric/lock360.php' not found or unable to stat
[Fri Jan 09 03:48:36.516984 2026] [php:error] [pid 51826] [client 13.79.87.25:0] script '/domains/ecernstelectric/f35.php' not found or unable to stat
[Fri Jan 09 03:48:36.615400 2026] [php:error] [pid 51826] [client 13.79.87.25:0] script '/domains/ecernstelectric/gg.php' not found or unable to stat
[Fri Jan 09 03:48:36.713203 2026] [php:error] [pid 51826] [client 13.79.87.25:0] script '/domains/ecernstelectric/ar.php' not found or unable to stat
[Fri Jan 09 03:48:36.810249 2026] [php:error] [pid 51826] [client 13.79.87.25:0] script '/domains/ecernstelectric/alfa.php' not found or unable to stat
[Fri Jan 09 03:48:36.908631 2026] [php:error] [pid 51825] [client 13.79.87.25:0] script '/domains/ecernstelectric/classwithtostring.php' not found or unable to stat
[Fri Jan 09 03:48:37.005706 2026] [php:error] [pid 51825] [client 13.79.87.25:0] script '/domains/ecernstelectric/abcd.php' not found or unable to stat
[Fri Jan 09 03:48:37.102579 2026] [php:error] [pid 51825] [client 13.79.87.25:0] script '/domains/ecernstelectric/admin.php' not found or unable to stat
[Fri Jan 09 03:48:37.199939 2026] [php:error] [pid 51825] [client 13.79.87.25:0] script '/domains/ecernstelectric/ioxi-o.php' not found or unable to stat
[Fri Jan 09 03:48:37.297411 2026] [php:error] [pid 51825] [client 13.79.87.25:0] script '/domains/ecernstelectric/css.php' not found or unable to stat
[Fri Jan 09 03:48:37.396253 2026] [php:error] [pid 51825] [client 13.79.87.25:0] script '/domains/ecernstelectric/222.php' not found or unable to stat
[Fri Jan 09 03:48:37.494448 2026] [php:error] [pid 51825] [client 13.79.87.25:0] script '/domains/ecernstelectric/class19.php' not found or unable to stat
[Fri Jan 09 03:48:37.592914 2026] [php:error] [pid 51825] [client 13.79.87.25:0] script '/domains/ecernstelectric/class20.php' not found or unable to stat
[Fri Jan 09 03:48:37.691170 2026] [php:error] [pid 51825] [client 13.79.87.25:0] script '/domains/ecernstelectric/admin.php' not found or unable to stat
[Fri Jan 09 03:48:37.788745 2026] [php:error] [pid 51825] [client 13.79.87.25:0] script '/domains/ecernstelectric/css.php' not found or unable to stat
[Fri Jan 09 03:48:37.886819 2026] [php:error] [pid 51825] [client 13.79.87.25:0] script '/domains/ecernstelectric/wsd.php' not found or unable to stat
[Fri Jan 09 03:48:37.983693 2026] [php:error] [pid 51825] [client 13.79.87.25:0] script '/domains/ecernstelectric/gtc.php' not found or unable to stat
[Fri Jan 09 03:48:38.080881 2026] [php:error] [pid 51825] [client 13.79.87.25:0] script '/domains/ecernstelectric/xtride.php' not found or unable to stat
[Fri Jan 09 03:48:38.177909 2026] [php:error] [pid 51825] [client 13.79.87.25:0] script '/domains/ecernstelectric/s11.php' not found or unable to stat
[Fri Jan 09 03:48:38.278000 2026] [php:error] [pid 51825] [client 13.79.87.25:0] script '/domains/ecernstelectric/goat.php' not found or unable to stat
[Fri Jan 09 03:48:38.375253 2026] [php:error] [pid 51825] [client 13.79.87.25:0] script '/domains/ecernstelectric/wsvvs.php' not found or unable to stat
[Fri Jan 09 03:48:38.473269 2026] [php:error] [pid 51825] [client 13.79.87.25:0] script '/domains/ecernstelectric/f6.php' not found or unable to stat
[Fri Jan 09 03:48:38.570818 2026] [php:error] [pid 51825] [client 13.79.87.25:0] script '/domains/ecernstelectric/lyy.php' not found or unable to stat
[Fri Jan 09 03:48:38.668321 2026] [php:error] [pid 51825] [client 13.79.87.25:0] script '/domains/ecernstelectric/galex.php' not found or unable to stat
[Fri Jan 09 03:48:38.766062 2026] [php:error] [pid 51825] [client 13.79.87.25:0] script '/domains/ecernstelectric/inputs.php' not found or unable to stat
[Fri Jan 09 03:48:38.863633 2026] [php:error] [pid 51825] [client 13.79.87.25:0] script '/domains/ecernstelectric/about.php' not found or unable to stat
[Fri Jan 09 03:48:38.960910 2026] [php:error] [pid 51825] [client 13.79.87.25:0] script '/domains/ecernstelectric/pp.php' not found or unable to stat
[Fri Jan 09 03:48:39.058411 2026] [php:error] [pid 51825] [client 13.79.87.25:0] script '/domains/ecernstelectric/files.php' not found or unable to stat
[Fri Jan 09 03:48:40.144384 2026] [php:error] [pid 51825] [client 13.79.87.25:0] script '/domains/ecernstelectric/ac.php' not found or unable to stat
[Fri Jan 09 03:48:40.244142 2026] [php:error] [pid 51825] [client 13.79.87.25:0] script '/domains/ecernstelectric/bel.php' not found or unable to stat
[Fri Jan 09 03:48:40.537235 2026] [php:error] [pid 51825] [client 13.79.87.25:0] script '/domains/ecernstelectric/shell20211028.php' not found or unable to stat
[Fri Jan 09 03:48:40.839952 2026] [php:error] [pid 51825] [client 13.79.87.25:0] script '/domains/ecernstelectric/bras.php' not found or unable to stat
[Fri Jan 09 03:48:40.938930 2026] [php:error] [pid 51825] [client 13.79.87.25:0] script '/domains/ecernstelectric/vv.php' not found or unable to stat
[Fri Jan 09 03:48:41.036868 2026] [php:error] [pid 51825] [client 13.79.87.25:0] script '/domains/ecernstelectric/xe.php' not found or unable to stat
[Fri Jan 09 03:48:41.135976 2026] [php:error] [pid 51825] [client 13.79.87.25:0] script '/domains/ecernstelectric/bipas.php' not found or unable to stat
[Fri Jan 09 03:48:41.233351 2026] [php:error] [pid 51825] [client 13.79.87.25:0] script '/domains/ecernstelectric/xb.php' not found or unable to stat
[Fri Jan 09 03:48:41.331952 2026] [php:error] [pid 51825] [client 13.79.87.25:0] script '/domains/ecernstelectric/cx.php' not found or unable to stat
[Fri Jan 09 03:48:41.430749 2026] [php:error] [pid 51825] [client 13.79.87.25:0] script '/domains/ecernstelectric/x.php' not found or unable to stat
[Fri Jan 09 03:48:41.529271 2026] [php:error] [pid 51825] [client 13.79.87.25:0] script '/domains/ecernstelectric/xx.php' not found or unable to stat
[Fri Jan 09 03:48:41.626225 2026] [php:error] [pid 51825] [client 13.79.87.25:0] script '/domains/ecernstelectric/0x0x.php' not found or unable to stat
[Fri Jan 09 03:48:41.724541 2026] [php:error] [pid 51825] [client 13.79.87.25:0] script '/domains/ecernstelectric/xrr.php' not found or unable to stat
[Fri Jan 09 03:48:41.821181 2026] [php:error] [pid 51825] [client 13.79.87.25:0] script '/domains/ecernstelectric/xtt.php' not found or unable to stat
[Fri Jan 09 03:48:41.918325 2026] [php:error] [pid 51825] [client 13.79.87.25:0] script '/domains/ecernstelectric/gi.php' not found or unable to stat
[Fri Jan 09 03:48:42.015736 2026] [php:error] [pid 51825] [client 13.79.87.25:0] script '/domains/ecernstelectric/nov.php' not found or unable to stat
[Fri Jan 09 03:48:42.113522 2026] [php:error] [pid 51825] [client 13.79.87.25:0] script '/domains/ecernstelectric/xo.php' not found or unable to stat
[Fri Jan 09 03:48:42.211376 2026] [php:error] [pid 51825] [client 13.79.87.25:0] script '/domains/ecernstelectric/new4.php' not found or unable to stat
[Fri Jan 09 03:48:42.308216 2026] [php:error] [pid 51825] [client 13.79.87.25:0] script '/domains/ecernstelectric/des.php' not found or unable to stat
[Fri Jan 09 03:48:42.406075 2026] [php:error] [pid 51825] [client 13.79.87.25:0] script '/domains/ecernstelectric/ext.php' not found or unable to stat
[Fri Jan 09 03:48:43.186144 2026] [php:error] [pid 51825] [client 13.79.87.25:0] script '/domains/ecernstelectric/ant.php' not found or unable to stat
[Fri Jan 09 03:48:43.283896 2026] [php:error] [pid 51825] [client 13.79.87.25:0] script '/domains/ecernstelectric/da222.php' not found or unable to stat
[Fri Jan 09 03:48:43.381228 2026] [php:error] [pid 51825] [client 13.79.87.25:0] script '/domains/ecernstelectric/gec.php' not found or unable to stat
[Fri Jan 09 03:48:43.493293 2026] [php:error] [pid 51825] [client 13.79.87.25:0] script '/domains/ecernstelectric/batmplus.php' not found or unable to stat
[Fri Jan 09 03:48:43.590843 2026] [php:error] [pid 51825] [client 13.79.87.25:0] script '/domains/ecernstelectric/file.php' not found or unable to stat
[Fri Jan 09 03:48:53.373686 2026] [php:error] [pid 51820] [client 35.247.243.251:0] script '/domains/telacomp/adminer-5.0.3-mysql.php' not found or unable to stat
[Fri Jan 09 03:48:53.484292 2026] [php:error] [pid 51826] [client 34.96.162.54:0] script '/domains/smartny/adminer-5.0.4-mysql.php' not found or unable to stat
[Fri Jan 09 03:49:18.151703 2026] [php:error] [pid 51832] [client 45.148.10.158:0] script '/domains/quintet/info.php' not found or unable to stat
[Fri Jan 09 03:49:20.415188 2026] [php:error] [pid 51832] [client 34.96.162.59:0] script '/domains/smartny/adminer-5.4.1.php' not found or unable to stat
[Fri Jan 09 03:49:22.553292 2026] [php:error] [pid 51820] [client 45.148.10.158:0] script '/domains/quintet/php.php' not found or unable to stat
[Fri Jan 09 03:49:26.782915 2026] [php:error] [pid 51836] [client 45.148.10.158:0] script '/domains/quintet/i.php' not found or unable to stat
[Fri Jan 09 03:49:32.491286 2026] [php:error] [pid 51825] [client 195.178.110.132:0] script '/domains/ebon/wp-config.php' not found or unable to stat
[Fri Jan 09 03:49:32.587691 2026] [php:error] [pid 51825] [client 195.178.110.132:0] script '/domains/ebon/wp-config.php.old' not found or unable to stat
[Fri Jan 09 03:49:32.678762 2026] [php:error] [pid 51825] [client 195.178.110.132:0] script '/domains/ebon/config.php' not found or unable to stat
[Fri Jan 09 03:49:32.770997 2026] [php:error] [pid 51825] [client 195.178.110.132:0] script '/domains/ebon/config.php.bak' not found or unable to stat
[Fri Jan 09 03:49:35.363416 2026] [php:error] [pid 51826] [client 35.247.243.255:0] script '/domains/telacomp/adminer-5.0.3.php' not found or unable to stat
[Fri Jan 09 03:49:35.565553 2026] [php:error] [pid 51807] [client 35.247.243.248:0] script '/domains/smartny/adminer-5.0.1-mysql.php' not found or unable to stat
[Fri Jan 09 03:49:54.897406 2026] [php:error] [pid 51836] [client 45.148.10.158:0] script '/domains/quintet/wp-config.php.bak' not found or unable to stat
[Fri Jan 09 03:49:58.684048 2026] [php:error] [pid 51807] [client 45.148.10.158:0] script '/domains/quintet/config.php.bak' not found or unable to stat
[Fri Jan 09 03:50:00.332595 2026] [php:error] [pid 51826] [client 35.247.243.255:0] script '/domains/telacomp/adminer-5.3.0-en.php' not found or unable to stat
[Fri Jan 09 03:50:00.669699 2026] [php:error] [pid 51838] [client 34.96.162.63:0] script '/domains/smartny/adminer-5.2.1-mysql-en.php' not found or unable to stat
[Fri Jan 09 03:50:03.302003 2026] [php:error] [pid 51830] [client 35.247.243.249:0] script '/domains/telacomp/adminer-5.0.3-mysql-en.php' not found or unable to stat
[Fri Jan 09 03:50:03.506706 2026] [php:error] [pid 51807] [client 35.247.243.255:0] script '/domains/smartny/adminer-5.0.3-en.php' not found or unable to stat
[Fri Jan 09 03:50:16.121348 2026] [php:error] [pid 51838] [client 45.148.10.158:0] script '/domains/quintet/configuration.php.bak' not found or unable to stat
[Fri Jan 09 03:50:21.200405 2026] [php:error] [pid 51838] [client 35.247.243.248:0] script '/domains/smartny/Adminer.php' not found or unable to stat
[Fri Jan 09 03:50:21.201463 2026] [php:error] [pid 51844] [client 35.247.243.241:0] script '/domains/telacomp/Adminer.php' not found or unable to stat
[Fri Jan 09 03:50:32.804318 2026] [php:error] [pid 51845] [client 35.247.243.242:0] script '/domains/telacomp/adminer-5.0.6-en.php' not found or unable to stat
[Fri Jan 09 03:50:33.002629 2026] [php:error] [pid 51846] [client 35.247.243.250:0] script '/domains/smartny/adminer-5.0.5-mysql-en.php' not found or unable to stat
[Fri Jan 09 03:51:01.757435 2026] [php:error] [pid 51838] [client 34.96.162.60:0] script '/domains/telacomp/adminer-4.8.1.php' not found or unable to stat
[Fri Jan 09 03:51:02.006765 2026] [php:error] [pid 51844] [client 35.247.243.244:0] script '/domains/smartny/adminer-4.7.2.php' not found or unable to stat
[Fri Jan 09 03:51:45.182750 2026] [php:error] [pid 51854] [client 35.247.243.252:0] script '/domains/smartny/adminer-5.4.0-mysql.php' not found or unable to stat
[Fri Jan 09 03:51:45.287261 2026] [php:error] [pid 51855] [client 35.247.243.246:0] script '/domains/telacomp/adminer-5.4.1-en.php' not found or unable to stat
[Fri Jan 09 03:52:28.327255 2026] [php:error] [pid 51860] [client 103.72.212.250:0] script '/domains/king1969/xmlrpc.php' not found or unable to stat
[Fri Jan 09 03:52:42.745155 2026] [php:error] [pid 51873] [client 47.129.171.37:0] script '/domains/pauljbrock/phpinfo.php' not found or unable to stat
[Fri Jan 09 03:52:44.858489 2026] [php:error] [pid 51874] [client 47.129.171.37:0] script '/domains/pauljbrock/info.php' not found or unable to stat
[Fri Jan 09 03:52:48.358799 2026] [php:error] [pid 51863] [client 47.129.171.37:0] script '/domains/pauljbrock/test.php' not found or unable to stat
[Fri Jan 09 03:52:52.170223 2026] [php:error] [pid 51873] [client 34.96.162.50:0] script '/domains/telacomp/adminer-4.8.1-mysql.php' not found or unable to stat
[Fri Jan 09 03:53:19.612271 2026] [php:error] [pid 51882] [client 34.96.162.50:0] script '/domains/telacomp/adminer-5.0.5-en.php' not found or unable to stat
[Fri Jan 09 03:53:19.730884 2026] [php:error] [pid 51883] [client 34.96.162.58:0] script '/domains/smartny/adminer-5.0.3-mysql-en.php' not found or unable to stat
[Fri Jan 09 03:53:19.975068 2026] [php:error] [pid 51860] [client 47.129.171.37:0] script '/domains/pauljbrock/server.php' not found or unable to stat
[Fri Jan 09 03:53:21.407515 2026] [php:error] [pid 51863] [client 47.129.171.37:0] script '/domains/pauljbrock/php_version.php' not found or unable to stat
[Fri Jan 09 03:53:23.585608 2026] [php:error] [pid 51882] [client 47.129.171.37:0] script '/domains/pauljbrock/pi.php' not found or unable to stat
[Fri Jan 09 03:53:26.011676 2026] [php:error] [pid 51882] [client 35.247.243.252:0] script '/domains/smartny/ADMINER.php' not found or unable to stat
[Fri Jan 09 03:53:28.620206 2026] [php:error] [pid 51882] [client 47.129.171.37:0] script '/domains/pauljbrock/php.php' not found or unable to stat
[Fri Jan 09 03:53:28.753606 2026] [php:error] [pid 51883] [client 34.96.162.57:0] script '/domains/telacomp/adminer-5.4.0-mysql-en.php' not found or unable to stat
[Fri Jan 09 03:53:28.846917 2026] [php:error] [pid 51879] [client 34.96.162.49:0] script '/domains/smartny/adminer-5.3.0-mysql.php' not found or unable to stat
[Fri Jan 09 03:53:32.149648 2026] [php:error] [pid 51879] [client 47.129.171.37:0] script '/domains/pauljbrock/i.php' not found or unable to stat
[Fri Jan 09 03:53:40.712505 2026] [php:error] [pid 51879] [client 47.129.171.37:0] script '/domains/pauljbrock/configuration.php' not found or unable to stat
[Fri Jan 09 03:53:55.124459 2026] [php:error] [pid 51883] [client 47.129.171.37:0] script '/domains/pauljbrock/debug.php' not found or unable to stat
[Fri Jan 09 03:53:55.815079 2026] [php:error] [pid 51868] [client 47.129.171.37:0] script '/domains/pauljbrock/info2.php' not found or unable to stat
[Fri Jan 09 03:53:56.529665 2026] [php:error] [pid 51883] [client 47.129.171.37:0] script '/domains/pauljbrock/info1.php' not found or unable to stat
[Fri Jan 09 03:53:57.222987 2026] [php:error] [pid 51868] [client 47.129.171.37:0] script '/domains/pauljbrock/php_info.php' not found or unable to stat
[Fri Jan 09 03:54:10.709373 2026] [php:error] [pid 51895] [client 47.129.171.37:0] script '/domains/pauljbrock/testphp.php' not found or unable to stat
[Fri Jan 09 03:54:11.431964 2026] [php:error] [pid 51891] [client 47.129.171.37:0] script '/domains/pauljbrock/infophp.php' not found or unable to stat
[Fri Jan 09 03:54:12.123028 2026] [php:error] [pid 51868] [client 47.129.171.37:0] script '/domains/pauljbrock/php-info.php' not found or unable to stat
[Fri Jan 09 03:54:12.815072 2026] [php:error] [pid 51883] [client 47.129.171.37:0] script '/domains/pauljbrock/info_php.php' not found or unable to stat
[Fri Jan 09 03:54:13.530908 2026] [php:error] [pid 51879] [client 47.129.171.37:0] script '/domains/pauljbrock/t.php' not found or unable to stat
[Fri Jan 09 03:54:14.241587 2026] [php:error] [pid 51868] [client 47.129.171.37:0] script '/domains/pauljbrock/p.php' not found or unable to stat
[Fri Jan 09 03:54:14.933061 2026] [php:error] [pid 51895] [client 47.129.171.37:0] script '/domains/pauljbrock/3.php' not found or unable to stat
[Fri Jan 09 03:54:15.622028 2026] [php:error] [pid 51891] [client 47.129.171.37:0] script '/domains/pauljbrock/2.php' not found or unable to stat
[Fri Jan 09 03:54:16.308753 2026] [php:error] [pid 51895] [client 47.129.171.37:0] script '/domains/pauljbrock/1.php' not found or unable to stat
[Fri Jan 09 03:54:17.019046 2026] [php:error] [pid 51879] [client 47.129.171.37:0] script '/domains/pauljbrock/probe.php' not found or unable to stat
[Fri Jan 09 03:54:17.746491 2026] [php:error] [pid 51891] [client 47.129.171.37:0] script '/domains/pauljbrock/check.php' not found or unable to stat
[Fri Jan 09 03:54:18.453467 2026] [php:error] [pid 51895] [client 47.129.171.37:0] script '/domains/pauljbrock/phptest.php' not found or unable to stat
[Fri Jan 09 03:54:19.157952 2026] [php:error] [pid 51891] [client 47.129.171.37:0] script '/domains/pauljbrock/diagnostic.php' not found or unable to stat
[Fri Jan 09 03:54:19.903617 2026] [php:error] [pid 51868] [client 47.129.171.37:0] script '/domains/pauljbrock/serverinfo.php' not found or unable to stat
[Fri Jan 09 03:54:20.611646 2026] [php:error] [pid 51891] [client 47.129.171.37:0] script '/domains/pauljbrock/phpversion.php' not found or unable to stat
[Fri Jan 09 03:54:21.317979 2026] [php:error] [pid 51891] [client 47.129.171.37:0] script '/domains/pauljbrock/info3.php' not found or unable to stat
[Fri Jan 09 03:54:28.101770 2026] [php:error] [pid 51891] [client 34.96.162.55:0] script '/domains/telacomp/adminer-4.5.0.php' not found or unable to stat
[Fri Jan 09 03:54:28.316717 2026] [php:error] [pid 51899] [client 34.96.162.60:0] script '/domains/smartny/adminer-4.2.1.php' not found or unable to stat
[Fri Jan 09 03:54:57.902529 2026] [php:error] [pid 51868] [client 38.148.248.140:0] script '/domains/brenties/1234.php' not found or unable to stat
[Fri Jan 09 03:55:00.636185 2026] [php:error] [pid 51904] [client 45.148.10.158:0] script '/domains/apunderkofler/phpinfo.php' not found or unable to stat
[Fri Jan 09 03:55:02.070866 2026] [php:error] [pid 51903] [client 45.148.10.158:0] script '/domains/apunderkofler/info.php' not found or unable to stat
[Fri Jan 09 03:55:08.051315 2026] [php:error] [pid 51904] [client 45.148.10.158:0] script '/domains/apunderkofler/php.php' not found or unable to stat
[Fri Jan 09 03:55:12.165541 2026] [php:error] [pid 51904] [client 45.148.10.158:0] script '/domains/apunderkofler/i.php' not found or unable to stat
[Fri Jan 09 03:55:32.968267 2026] [php:error] [pid 51902] [client 45.148.10.158:0] script '/domains/apunderkofler/wp-config.php.bak' not found or unable to stat
[Fri Jan 09 03:55:36.068989 2026] [php:error] [pid 51903] [client 45.148.10.158:0] script '/domains/apunderkofler/config.php.bak' not found or unable to stat
[Fri Jan 09 03:55:56.883006 2026] [php:error] [pid 51904] [client 45.148.10.158:0] script '/domains/apunderkofler/configuration.php.bak' not found or unable to stat
[Fri Jan 09 03:56:15.770357 2026] [php:error] [pid 51902] [client 35.247.243.240:0] script '/domains/telacomp/adminer-5.0.2.php' not found or unable to stat
[Fri Jan 09 03:56:15.774924 2026] [php:error] [pid 51919] [client 34.96.162.62:0] script '/domains/smartny/adminer-5.0.0.php' not found or unable to stat
[Fri Jan 09 03:56:32.860149 2026] [php:error] [pid 51904] [client 35.247.243.240:0] script '/domains/telacomp/adminer-5.4.1-mysql-en.php' not found or unable to stat
[Fri Jan 09 03:56:32.863114 2026] [php:error] [pid 51919] [client 35.247.243.240:0] script '/domains/smartny/adminer-5.4.0-mysql-en.php' not found or unable to stat
[Fri Jan 09 03:56:50.740215 2026] [php:error] [pid 51922] [client 34.96.162.58:0] script '/domains/telacomp/adminer-5.1.1-mysql.php' not found or unable to stat
[Fri Jan 09 03:56:50.944896 2026] [php:error] [pid 51928] [client 35.247.243.248:0] script '/domains/smartny/adminer-5.1.0.php' not found or unable to stat
[Fri Jan 09 03:57:44.556129 2026] [php:error] [pid 51931] [client 35.247.243.250:0] script '/domains/telacomp/adminer-5.4.1.php' not found or unable to stat
[Fri Jan 09 03:57:44.765433 2026] [php:error] [pid 51924] [client 35.247.243.241:0] script '/domains/smartny/adminer-5.4.0-en.php' not found or unable to stat
[Fri Jan 09 03:57:56.570587 2026] [php:error] [pid 51934] [client 34.96.162.61:0] script '/domains/telacomp/adminer-4.7.6.php' not found or unable to stat
[Fri Jan 09 03:57:56.667924 2026] [php:error] [pid 51924] [client 34.96.162.51:0] script '/domains/smartny/adminer-4.7.0.php' not found or unable to stat
[Fri Jan 09 03:58:02.136543 2026] [php:error] [pid 51931] [client 35.247.243.252:0] script '/domains/telacomp/adminer-5.3.0.php' not found or unable to stat
[Fri Jan 09 03:58:02.244937 2026] [php:error] [pid 51924] [client 35.247.243.250:0] script '/domains/smartny/adminer-5.2.0-en.php' not found or unable to stat
[Fri Jan 09 03:58:16.571689 2026] [php:error] [pid 51934] [client 130.12.182.47:0] script '/domains/lover/wp-login.php' not found or unable to stat, referer: https://www.google.com/search?q=wordpress
[Fri Jan 09 03:58:17.220097 2026] [php:error] [pid 51931] [client 130.12.182.47:0] script '/domains/lover/wp-login.php' not found or unable to stat, referer: https://duckduckgo.com/
[Fri Jan 09 03:58:23.848029 2026] [php:error] [pid 51934] [client 130.12.182.47:0] script '/domains/davidbacker/wp-login.php' not found or unable to stat, referer: https://www.google.com/search?q=wordpress
[Fri Jan 09 03:58:24.780211 2026] [php:error] [pid 51924] [client 130.12.182.47:0] script '/domains/davidbacker/wp-login.php' not found or unable to stat, referer: https://www.bing.com/
[Fri Jan 09 03:58:41.819789 2026] [php:error] [pid 51937] [client 130.12.182.47:0] script '/domains/hofficer1/wp-login.php' not found or unable to stat, referer: https://t.co/
[Fri Jan 09 03:58:42.680330 2026] [php:error] [pid 51936] [client 130.12.182.47:0] script '/domains/hofficer1/wp-login.php' not found or unable to stat, referer: https://www.bing.com/
[Fri Jan 09 03:59:00.796468 2026] [php:error] [pid 51946] [client 54.168.242.254:0] script '/domains/dcarlone/phpinfo.php' not found or unable to stat
[Fri Jan 09 03:59:02.190329 2026] [php:error] [pid 51937] [client 54.168.242.254:0] script '/domains/dcarlone/info.php' not found or unable to stat
[Fri Jan 09 03:59:02.687792 2026] [php:error] [pid 51947] [client 130.12.182.47:0] script '/domains/jrp.interport/wp-login.php' not found or unable to stat, referer: https://t.co/
[Fri Jan 09 03:59:02.733465 2026] [php:error] [pid 51946] [client 54.95.222.3:0] script '/domains/braniff/phpinfo.php' not found or unable to stat
[Fri Jan 09 03:59:03.266185 2026] [php:error] [pid 51924] [client 130.12.182.47:0] script '/domains/jrp.interport/wp-login.php' not found or unable to stat, referer: https://www.facebook.com/
[Fri Jan 09 03:59:04.127639 2026] [php:error] [pid 51945] [client 54.95.222.3:0] script '/domains/braniff/info.php' not found or unable to stat
[Fri Jan 09 03:59:04.512879 2026] [php:error] [pid 51937] [client 54.168.242.254:0] script '/domains/dcarlone/test.php' not found or unable to stat
[Fri Jan 09 03:59:06.438641 2026] [php:error] [pid 51937] [client 54.95.222.3:0] script '/domains/braniff/test.php' not found or unable to stat
[Fri Jan 09 03:59:22.537395 2026] [php:error] [pid 51948] [client 130.12.182.47:0] script '/domains/pmglobal/wp-login.php' not found or unable to stat
[Fri Jan 09 03:59:23.285557 2026] [php:error] [pid 51946] [client 130.12.182.47:0] script '/domains/pmglobal/wp-login.php' not found or unable to stat
[Fri Jan 09 03:59:24.924043 2026] [php:error] [pid 51924] [client 54.168.242.254:0] script '/domains/dcarlone/server.php' not found or unable to stat
[Fri Jan 09 03:59:25.852572 2026] [php:error] [pid 51951] [client 54.168.242.254:0] script '/domains/dcarlone/php_version.php' not found or unable to stat
[Fri Jan 09 03:59:26.778355 2026] [php:error] [pid 51951] [client 54.95.222.3:0] script '/domains/braniff/server.php' not found or unable to stat
[Fri Jan 09 03:59:27.245088 2026] [php:error] [pid 51924] [client 54.168.242.254:0] script '/domains/dcarlone/pi.php' not found or unable to stat
[Fri Jan 09 03:59:27.712382 2026] [php:error] [pid 51950] [client 54.95.222.3:0] script '/domains/braniff/php_version.php' not found or unable to stat
[Fri Jan 09 03:59:29.100268 2026] [php:error] [pid 51948] [client 54.95.222.3:0] script '/domains/braniff/pi.php' not found or unable to stat
[Fri Jan 09 03:59:30.505557 2026] [php:error] [pid 51951] [client 54.168.242.254:0] script '/domains/dcarlone/php.php' not found or unable to stat
[Fri Jan 09 03:59:32.343165 2026] [php:error] [pid 51951] [client 54.95.222.3:0] script '/domains/braniff/php.php' not found or unable to stat
[Fri Jan 09 03:59:32.834882 2026] [php:error] [pid 51950] [client 54.168.242.254:0] script '/domains/dcarlone/i.php' not found or unable to stat
[Fri Jan 09 03:59:34.664638 2026] [php:error] [pid 51950] [client 54.95.222.3:0] script '/domains/braniff/i.php' not found or unable to stat
[Fri Jan 09 03:59:35.204384 2026] [php:error] [pid 51948] [client 130.12.182.47:0] script '/domains/bfitpro2/wp-login.php' not found or unable to stat
[Fri Jan 09 03:59:36.123646 2026] [php:error] [pid 51950] [client 130.12.182.47:0] script '/domains/bfitpro2/wp-login.php' not found or unable to stat
[Fri Jan 09 03:59:37.490817 2026] [core:crit] [pid 51953] (13)Permission denied: [client 54.168.242.254:0] AH00529: /domains/dcarlone/logs/.htaccess pcfg_openfile: unable to check htaccess file, ensure it is readable and that '/domains/dcarlone/logs/' is executable
[Fri Jan 09 03:59:38.425264 2026] [php:error] [pid 51953] [client 54.168.242.254:0] script '/domains/dcarlone/configuration.php' not found or unable to stat
[Fri Jan 09 03:59:39.299815 2026] [core:crit] [pid 51953] (13)Permission denied: [client 54.95.222.3:0] AH00529: /domains/braniff/logs/.htaccess pcfg_openfile: unable to check htaccess file, ensure it is readable and that '/domains/braniff/logs/' is executable
[Fri Jan 09 03:59:40.223030 2026] [php:error] [pid 51948] [client 54.95.222.3:0] script '/domains/braniff/configuration.php' not found or unable to stat
[Fri Jan 09 03:59:41.753298 2026] [php:error] [pid 51956] [client 130.12.182.47:0] script '/domains/takie/wp-login.php' not found or unable to stat
[Fri Jan 09 03:59:42.182270 2026] [core:crit] [pid 51953] (13)Permission denied: [client 54.168.242.254:0] AH00529: /domains/dcarlone/logs/.htaccess pcfg_openfile: unable to check htaccess file, ensure it is readable and that '/domains/dcarlone/logs/' is executable
[Fri Jan 09 03:59:42.783956 2026] [php:error] [pid 51957] [client 130.12.182.47:0] script '/domains/takie/wp-login.php' not found or unable to stat, referer: https://wordpress.org/
[Fri Jan 09 03:59:43.933167 2026] [core:crit] [pid 51958] (13)Permission denied: [client 54.95.222.3:0] AH00529: /domains/braniff/logs/.htaccess pcfg_openfile: unable to check htaccess file, ensure it is readable and that '/domains/braniff/logs/' is executable
[Fri Jan 09 03:59:44.446920 2026] [php:error] [pid 51960] [client 34.96.162.49:0] script '/domains/telacomp/adminer-4.1.0.php' not found or unable to stat
[Fri Jan 09 03:59:45.519411 2026] [php:error] [pid 51961] [client 38.148.248.140:0] script '/domains/supolo/1234.php' not found or unable to stat
[Fri Jan 09 03:59:47.801485 2026] [php:error] [pid 51955] [client 54.168.242.254:0] script '/domains/dcarlone/debug.php' not found or unable to stat
[Fri Jan 09 03:59:48.266236 2026] [php:error] [pid 51959] [client 54.168.242.254:0] script '/domains/dcarlone/info2.php' not found or unable to stat
[Fri Jan 09 03:59:48.731423 2026] [php:error] [pid 51962] [client 54.168.242.254:0] script '/domains/dcarlone/info1.php' not found or unable to stat
[Fri Jan 09 03:59:49.195588 2026] [php:error] [pid 51960] [client 54.168.242.254:0] script '/domains/dcarlone/php_info.php' not found or unable to stat
[Fri Jan 09 03:59:49.482944 2026] [php:error] [pid 51947] [client 54.95.222.3:0] script '/domains/braniff/debug.php' not found or unable to stat
[Fri Jan 09 03:59:49.605034 2026] [php:error] [pid 51957] [client 130.12.182.47:0] script '/domains/magicjim/wp-login.php' not found or unable to stat, referer: https://www.facebook.com/
[Fri Jan 09 03:59:49.944305 2026] [php:error] [pid 51948] [client 54.95.222.3:0] script '/domains/braniff/info2.php' not found or unable to stat
[Fri Jan 09 03:59:50.236842 2026] [php:error] [pid 51961] [client 130.12.182.47:0] script '/domains/magicjim/wp-login.php' not found or unable to stat
[Fri Jan 09 03:59:50.405928 2026] [php:error] [pid 51956] [client 54.95.222.3:0] script '/domains/braniff/info1.php' not found or unable to stat
[Fri Jan 09 03:59:50.868348 2026] [php:error] [pid 51947] [client 54.95.222.3:0] script '/domains/braniff/php_info.php' not found or unable to stat
[Fri Jan 09 03:59:52.753735 2026] [php:error] [pid 51956] [client 216.244.66.232:0] script '/domains/hdickens.enteract/kmnj.php' not found or unable to stat
[Fri Jan 09 03:59:57.146379 2026] [php:error] [pid 51956] [client 130.12.182.47:0] script '/domains/tbarnhil/wp-login.php' not found or unable to stat
[Fri Jan 09 03:59:57.896599 2026] [php:error] [pid 51946] [client 130.12.182.47:0] script '/domains/tbarnhil/wp-login.php' not found or unable to stat
[Fri Jan 09 03:59:57.940816 2026] [php:error] [pid 51960] [client 3.121.86.10:0] script '/domains/takie/phpinfo.php' not found or unable to stat
[Fri Jan 09 03:59:58.022463 2026] [php:error] [pid 51957] [client 54.168.242.254:0] script '/domains/dcarlone/testphp.php' not found or unable to stat
[Fri Jan 09 03:59:58.484319 2026] [php:error] [pid 51957] [client 54.168.242.254:0] script '/domains/dcarlone/infophp.php' not found or unable to stat
[Fri Jan 09 03:59:58.804661 2026] [php:error] [pid 51963] [client 3.121.86.10:0] script '/domains/takie/info.php' not found or unable to stat
[Fri Jan 09 03:59:58.953998 2026] [php:error] [pid 51960] [client 54.168.242.254:0] script '/domains/dcarlone/php-info.php' not found or unable to stat
[Fri Jan 09 03:59:59.419070 2026] [php:error] [pid 51965] [client 54.168.242.254:0] script '/domains/dcarlone/info_php.php' not found or unable to stat
[Fri Jan 09 03:59:59.661985 2026] [php:error] [pid 51960] [client 54.95.222.3:0] script '/domains/braniff/testphp.php' not found or unable to stat
[Fri Jan 09 03:59:59.890332 2026] [php:error] [pid 51947] [client 54.168.242.254:0] script '/domains/dcarlone/t.php' not found or unable to stat
[Fri Jan 09 04:00:00.123806 2026] [php:error] [pid 51957] [client 54.95.222.3:0] script '/domains/braniff/infophp.php' not found or unable to stat
[Fri Jan 09 04:00:00.249051 2026] [php:error] [pid 51963] [client 3.121.86.10:0] script '/domains/takie/test.php' not found or unable to stat
[Fri Jan 09 04:00:00.352863 2026] [php:error] [pid 51960] [client 54.168.242.254:0] script '/domains/dcarlone/p.php' not found or unable to stat
[Fri Jan 09 04:00:00.587988 2026] [php:error] [pid 51959] [client 54.95.222.3:0] script '/domains/braniff/php-info.php' not found or unable to stat
[Fri Jan 09 04:00:00.817361 2026] [php:error] [pid 51963] [client 54.168.242.254:0] script '/domains/dcarlone/3.php' not found or unable to stat
[Fri Jan 09 04:00:01.063669 2026] [php:error] [pid 51953] [client 54.95.222.3:0] script '/domains/braniff/info_php.php' not found or unable to stat
[Fri Jan 09 04:00:01.284691 2026] [php:error] [pid 51947] [client 54.168.242.254:0] script '/domains/dcarlone/2.php' not found or unable to stat
[Fri Jan 09 04:00:01.526002 2026] [php:error] [pid 51963] [client 54.95.222.3:0] script '/domains/braniff/t.php' not found or unable to stat
[Fri Jan 09 04:00:01.747357 2026] [php:error] [pid 51946] [client 54.168.242.254:0] script '/domains/dcarlone/1.php' not found or unable to stat
[Fri Jan 09 04:00:01.990834 2026] [php:error] [pid 51953] [client 54.95.222.3:0] script '/domains/braniff/p.php' not found or unable to stat
[Fri Jan 09 04:00:02.210145 2026] [php:error] [pid 51960] [client 54.168.242.254:0] script '/domains/dcarlone/probe.php' not found or unable to stat
[Fri Jan 09 04:00:02.453468 2026] [php:error] [pid 51946] [client 54.95.222.3:0] script '/domains/braniff/3.php' not found or unable to stat
[Fri Jan 09 04:00:02.672453 2026] [php:error] [pid 51947] [client 54.168.242.254:0] script '/domains/dcarlone/check.php' not found or unable to stat
[Fri Jan 09 04:00:02.754591 2026] [php:error] [pid 51960] [client 130.12.182.47:0] script '/domains/druckrey/wp-login.php' not found or unable to stat
[Fri Jan 09 04:00:02.917613 2026] [php:error] [pid 51953] [client 54.95.222.3:0] script '/domains/braniff/2.php' not found or unable to stat
[Fri Jan 09 04:00:03.134341 2026] [php:error] [pid 51947] [client 54.168.242.254:0] script '/domains/dcarlone/phptest.php' not found or unable to stat
[Fri Jan 09 04:00:03.249221 2026] [php:error] [pid 51957] [client 130.12.182.47:0] script '/domains/druckrey/wp-login.php' not found or unable to stat, referer: https://t.co/
[Fri Jan 09 04:00:03.379675 2026] [php:error] [pid 51956] [client 54.95.222.3:0] script '/domains/braniff/1.php' not found or unable to stat
[Fri Jan 09 04:00:03.596860 2026] [php:error] [pid 51953] [client 54.168.242.254:0] script '/domains/dcarlone/diagnostic.php' not found or unable to stat
[Fri Jan 09 04:00:03.843986 2026] [php:error] [pid 51947] [client 54.95.222.3:0] script '/domains/braniff/probe.php' not found or unable to stat
[Fri Jan 09 04:00:04.057319 2026] [php:error] [pid 51956] [client 54.168.242.254:0] script '/domains/dcarlone/serverinfo.php' not found or unable to stat
[Fri Jan 09 04:00:04.305394 2026] [php:error] [pid 51953] [client 54.95.222.3:0] script '/domains/braniff/check.php' not found or unable to stat
[Fri Jan 09 04:00:04.526983 2026] [php:error] [pid 51956] [client 54.168.242.254:0] script '/domains/dcarlone/phpversion.php' not found or unable to stat
[Fri Jan 09 04:00:04.767355 2026] [php:error] [pid 51961] [client 54.95.222.3:0] script '/domains/braniff/phptest.php' not found or unable to stat
[Fri Jan 09 04:00:04.991080 2026] [php:error] [pid 51953] [client 54.168.242.254:0] script '/domains/dcarlone/info3.php' not found or unable to stat
[Fri Jan 09 04:00:05.231746 2026] [php:error] [pid 51946] [client 54.95.222.3:0] script '/domains/braniff/diagnostic.php' not found or unable to stat
[Fri Jan 09 04:00:05.698743 2026] [php:error] [pid 51961] [client 54.95.222.3:0] script '/domains/braniff/serverinfo.php' not found or unable to stat
[Fri Jan 09 04:00:06.160815 2026] [php:error] [pid 51956] [client 54.95.222.3:0] script '/domains/braniff/phpversion.php' not found or unable to stat
[Fri Jan 09 04:00:06.622913 2026] [php:error] [pid 51947] [client 54.95.222.3:0] script '/domains/braniff/info3.php' not found or unable to stat
[Fri Jan 09 04:00:12.610135 2026] [php:error] [pid 51956] [client 3.121.86.10:0] script '/domains/takie/server.php' not found or unable to stat
[Fri Jan 09 04:00:13.169879 2026] [php:error] [pid 51947] [client 3.121.86.10:0] script '/domains/takie/php_version.php' not found or unable to stat
[Fri Jan 09 04:00:14.027790 2026] [php:error] [pid 51947] [client 3.121.86.10:0] script '/domains/takie/pi.php' not found or unable to stat
[Fri Jan 09 04:00:14.377606 2026] [php:error] [pid 51947] [client 130.12.182.47:0] script '/domains/thewalshgroup/wp-login.php' not found or unable to stat, referer: https://www.google.com/search?q=wordpress
[Fri Jan 09 04:00:15.047699 2026] [php:error] [pid 51953] [client 130.12.182.47:0] script '/domains/thewalshgroup/wp-login.php' not found or unable to stat
[Fri Jan 09 04:00:17.962485 2026] [php:error] [pid 51987] [client 3.121.86.10:0] script '/domains/takie/php.php' not found or unable to stat
[Fri Jan 09 04:00:17.964583 2026] [php:error] [pid 51988] [client 34.96.162.61:0] script '/domains/telacomp/adminer-4.3.1.php' not found or unable to stat
[Fri Jan 09 04:00:17.964709 2026] [php:error] [pid 51989] [client 35.247.243.241:0] script '/domains/smartny/adminer-4.1.0.php' not found or unable to stat
[Fri Jan 09 04:00:19.414057 2026] [php:error] [pid 51991] [client 3.121.86.10:0] script '/domains/takie/i.php' not found or unable to stat
[Fri Jan 09 04:00:22.275120 2026] [core:crit] [pid 51989] (13)Permission denied: [client 3.121.86.10:0] AH00529: /domains/takie/logs/.htaccess pcfg_openfile: unable to check htaccess file, ensure it is readable and that '/domains/takie/logs/' is executable
[Fri Jan 09 04:00:22.832397 2026] [php:error] [pid 51956] [client 3.121.86.10:0] script '/domains/takie/configuration.php' not found or unable to stat
[Fri Jan 09 04:00:25.559718 2026] [core:crit] [pid 51994] (13)Permission denied: [client 3.121.86.10:0] AH00529: /domains/takie/logs/.htaccess pcfg_openfile: unable to check htaccess file, ensure it is readable and that '/domains/takie/logs/' is executable
[Fri Jan 09 04:00:28.923655 2026] [php:error] [pid 51989] [client 3.121.86.10:0] script '/domains/takie/debug.php' not found or unable to stat
[Fri Jan 09 04:00:29.213684 2026] [php:error] [pid 51997] [client 3.121.86.10:0] script '/domains/takie/info2.php' not found or unable to stat
[Fri Jan 09 04:00:29.499421 2026] [php:error] [pid 51991] [client 3.121.86.10:0] script '/domains/takie/info1.php' not found or unable to stat
[Fri Jan 09 04:00:29.784379 2026] [php:error] [pid 51978] [client 3.121.86.10:0] script '/domains/takie/php_info.php' not found or unable to stat
[Fri Jan 09 04:00:31.851505 2026] [php:error] [pid 51979] [client 130.12.182.47:0] script '/domains/egmaweb/wp-login.php' not found or unable to stat
[Fri Jan 09 04:00:32.169328 2026] [php:error] [pid 51988] [client 130.12.182.47:0] script '/domains/egmaweb/wp-login.php' not found or unable to stat
[Fri Jan 09 04:00:35.082318 2026] [php:error] [pid 51981] [client 3.121.86.10:0] script '/domains/takie/testphp.php' not found or unable to stat
[Fri Jan 09 04:00:35.379564 2026] [php:error] [pid 51987] [client 3.121.86.10:0] script '/domains/takie/infophp.php' not found or unable to stat
[Fri Jan 09 04:00:35.672123 2026] [php:error] [pid 51978] [client 3.121.86.10:0] script '/domains/takie/php-info.php' not found or unable to stat
[Fri Jan 09 04:00:35.942446 2026] [php:error] [pid 51996] [client 3.121.86.10:0] script '/domains/takie/info_php.php' not found or unable to stat
[Fri Jan 09 04:00:36.211824 2026] [php:error] [pid 51956] [client 3.121.86.10:0] script '/domains/takie/t.php' not found or unable to stat
[Fri Jan 09 04:00:36.496674 2026] [php:error] [pid 51999] [client 3.121.86.10:0] script '/domains/takie/p.php' not found or unable to stat
[Fri Jan 09 04:00:36.778396 2026] [php:error] [pid 51980] [client 3.121.86.10:0] script '/domains/takie/3.php' not found or unable to stat
[Fri Jan 09 04:00:37.075183 2026] [php:error] [pid 51981] [client 3.121.86.10:0] script '/domains/takie/2.php' not found or unable to stat
[Fri Jan 09 04:00:37.363437 2026] [php:error] [pid 51991] [client 3.121.86.10:0] script '/domains/takie/1.php' not found or unable to stat
[Fri Jan 09 04:00:37.644724 2026] [php:error] [pid 51995] [client 3.121.86.10:0] script '/domains/takie/probe.php' not found or unable to stat
[Fri Jan 09 04:00:37.917867 2026] [php:error] [pid 51953] [client 3.121.86.10:0] script '/domains/takie/check.php' not found or unable to stat
[Fri Jan 09 04:00:37.990500 2026] [php:error] [pid 51978] [client 130.12.182.47:0] script '/domains/system_suspended/wp-login.php' not found or unable to stat, referer: https://wordpress.org/
[Fri Jan 09 04:00:38.183053 2026] [php:error] [pid 51982] [client 3.121.86.10:0] script '/domains/takie/phptest.php' not found or unable to stat
[Fri Jan 09 04:00:38.448421 2026] [php:error] [pid 51996] [client 3.121.86.10:0] script '/domains/takie/diagnostic.php' not found or unable to stat
[Fri Jan 09 04:00:38.636531 2026] [php:error] [pid 51983] [client 35.247.243.240:0] script '/domains/smartny/adminer-5.2.0.php' not found or unable to stat
[Fri Jan 09 04:00:38.662795 2026] [php:error] [pid 51999] [client 34.96.162.51:0] script '/domains/telacomp/adminer-5.2.1-mysql.php' not found or unable to stat
[Fri Jan 09 04:00:38.713784 2026] [php:error] [pid 51980] [client 3.121.86.10:0] script '/domains/takie/serverinfo.php' not found or unable to stat
[Fri Jan 09 04:00:38.747505 2026] [php:error] [pid 51979] [client 130.12.182.47:0] script '/domains/system_suspended/wp-login.php' not found or unable to stat, referer: https://t.co/
[Fri Jan 09 04:00:38.987706 2026] [php:error] [pid 51991] [client 3.121.86.10:0] script '/domains/takie/phpversion.php' not found or unable to stat
[Fri Jan 09 04:00:39.267905 2026] [php:error] [pid 51987] [client 3.121.86.10:0] script '/domains/takie/info3.php' not found or unable to stat
[Fri Jan 09 04:00:44.317716 2026] [php:error] [pid 51987] [client 34.96.162.60:0] script '/domains/telacomp/adminer-5.1.1-mysql-en.php' not found or unable to stat
[Fri Jan 09 04:00:44.425919 2026] [php:error] [pid 51997] [client 35.247.243.253:0] script '/domains/smartny/adminer-5.1.0-mysql.php' not found or unable to stat
[Fri Jan 09 04:00:47.490919 2026] [php:error] [pid 51980] [client 130.12.182.47:0] script '/domains/telacomp/wp-login.php' not found or unable to stat, referer: https://t.co/
[Fri Jan 09 04:00:47.956574 2026] [php:error] [pid 51994] [client 130.12.182.47:0] script '/domains/telacomp/wp-login.php' not found or unable to stat, referer: https://www.google.com/search?q=wordpress
[Fri Jan 09 04:00:55.961647 2026] [php:error] [pid 51994] [client 130.12.182.47:0] script '/domains/peterbmiller/wp-login.php' not found or unable to stat
[Fri Jan 09 04:00:56.597768 2026] [php:error] [pid 51999] [client 130.12.182.47:0] script '/domains/peterbmiller/wp-login.php' not found or unable to stat, referer: https://t.co/
[Fri Jan 09 04:01:00.560269 2026] [php:error] [pid 51997] [client 130.12.182.47:0] script '/domains/system_suspended/wp-login.php' not found or unable to stat
[Fri Jan 09 04:01:01.686691 2026] [php:error] [pid 51979] [client 130.12.182.47:0] script '/domains/system_suspended/wp-login.php' not found or unable to stat, referer: https://www.google.com/search?q=wordpress
[Fri Jan 09 04:01:30.561778 2026] [php:error] [pid 52013] [client 35.247.243.254:0] script '/domains/telacomp/adminer-4.7.7.php' not found or unable to stat
[Fri Jan 09 04:01:30.575965 2026] [php:error] [pid 52063] [client 35.247.243.254:0] script '/domains/smartny/adminer-4.7.1.php' not found or unable to stat
[Fri Jan 09 04:01:30.604264 2026] [php:error] [pid 52011] [client 130.12.182.47:0] script '/domains/hans.interport/wp-login.php' not found or unable to stat, referer: https://www.facebook.com/
[Fri Jan 09 04:01:31.410612 2026] [php:error] [pid 52076] [client 130.12.182.47:0] script '/domains/hans.interport/wp-login.php' not found or unable to stat
[Fri Jan 09 04:01:53.103865 2026] [php:error] [pid 52067] [client 34.96.162.54:0] script '/domains/telacomp/adminer-5.0.2-en.php' not found or unable to stat
[Fri Jan 09 04:01:53.305193 2026] [php:error] [pid 52066] [client 34.96.162.62:0] script '/domains/smartny/adminer-5.0.1-en.php' not found or unable to stat
[Fri Jan 09 04:01:54.505252 2026] [php:error] [pid 52049] [client 130.12.182.47:0] script '/domains/brigadeweb/wp-login.php' not found or unable to stat, referer: https://wordpress.org/
