[Fri Jan 09 08:34:27.900355 2026] [php:error] [pid 6645] [client 40.119.197.161:0] script '/domains/system_default/hq.php' not found or unable to stat
[Fri Jan 09 08:34:28.151482 2026] [php:error] [pid 6645] [client 40.119.197.161:0] script '/domains/system_default/wp-gzone.php' not found or unable to stat
[Fri Jan 09 08:34:28.422790 2026] [php:error] [pid 6645] [client 40.119.197.161:0] script '/domains/system_default/f2r4.php' not found or unable to stat
[Fri Jan 09 08:34:28.506596 2026] [php:error] [pid 6648] [client 20.78.178.249:0] script '/domains/system_cancel/xenium4.php' not found or unable to stat
[Fri Jan 09 08:34:28.651469 2026] [php:error] [pid 6645] [client 40.119.197.161:0] script '/domains/system_default/cafe.php' not found or unable to stat
[Fri Jan 09 08:34:29.278909 2026] [php:error] [pid 6652] [client 40.119.197.161:0] script '/domains/system_default/1aa.php' not found or unable to stat
[Fri Jan 09 08:34:29.506792 2026] [php:error] [pid 6652] [client 40.119.197.161:0] script '/domains/system_default/uuu.php' not found or unable to stat
[Fri Jan 09 08:34:29.737062 2026] [php:error] [pid 6652] [client 40.119.197.161:0] script '/domains/system_default/wsvvs.php' not found or unable to stat
[Fri Jan 09 08:34:29.757604 2026] [php:error] [pid 6648] [client 20.78.178.249:0] script '/domains/system_cancel/ma.php' not found or unable to stat
[Fri Jan 09 08:34:29.965395 2026] [php:error] [pid 6652] [client 40.119.197.161:0] script '/domains/system_default/222.php' not found or unable to stat
[Fri Jan 09 08:34:30.351278 2026] [php:error] [pid 6652] [client 40.119.197.161:0] script '/domains/system_default/mh.php' not found or unable to stat
[Fri Jan 09 08:34:30.454972 2026] [php:error] [pid 6648] [client 20.78.178.249:0] script '/domains/system_cancel/xa.php' not found or unable to stat
[Fri Jan 09 08:34:30.579296 2026] [php:error] [pid 6652] [client 40.119.197.161:0] script '/domains/system_default/7h.php' not found or unable to stat
[Fri Jan 09 08:34:30.959663 2026] [php:error] [pid 6652] [client 40.119.197.161:0] script '/domains/system_default/la.php' not found or unable to stat
[Fri Jan 09 08:34:31.218687 2026] [php:error] [pid 6652] [client 40.119.197.161:0] script '/domains/system_default/abc.php' not found or unable to stat
[Fri Jan 09 08:34:31.639255 2026] [php:error] [pid 6652] [client 40.119.197.161:0] script '/domains/system_default/ahy66.php' not found or unable to stat
[Fri Jan 09 08:34:31.867834 2026] [php:error] [pid 6652] [client 40.119.197.161:0] script '/domains/system_default/wp-wlx.php' not found or unable to stat
[Fri Jan 09 08:34:31.880335 2026] [php:error] [pid 6648] [client 20.78.178.249:0] script '/domains/system_cancel/xxxx.php' not found or unable to stat
[Fri Jan 09 08:34:32.115901 2026] [php:error] [pid 6652] [client 40.119.197.161:0] script '/domains/system_default/ww1.php' not found or unable to stat
[Fri Jan 09 08:34:32.344017 2026] [php:error] [pid 6652] [client 40.119.197.161:0] script '/domains/system_default/xb.php' not found or unable to stat
[Fri Jan 09 08:34:32.606148 2026] [php:error] [pid 6652] [client 40.119.197.161:0] script '/domains/system_default/ws28.php' not found or unable to stat
[Fri Jan 09 08:34:32.847332 2026] [php:error] [pid 6652] [client 40.119.197.161:0] script '/domains/system_default/dbc.php' not found or unable to stat
[Fri Jan 09 08:34:33.105239 2026] [php:error] [pid 6652] [client 40.119.197.161:0] script '/domains/system_default/l10n.php' not found or unable to stat
[Fri Jan 09 08:34:33.346947 2026] [php:error] [pid 6652] [client 40.119.197.161:0] script '/domains/system_default/adin.php' not found or unable to stat
[Fri Jan 09 08:34:33.445840 2026] [php:error] [pid 6648] [client 20.78.178.249:0] script '/domains/system_cancel/adminfuns.php' not found or unable to stat
[Fri Jan 09 08:34:33.574826 2026] [php:error] [pid 6652] [client 40.119.197.161:0] script '/domains/system_default/ifm.php' not found or unable to stat
[Fri Jan 09 08:34:33.904984 2026] [php:error] [pid 6652] [client 40.119.197.161:0] script '/domains/system_default/bge.php' not found or unable to stat
[Fri Jan 09 08:34:34.133359 2026] [php:error] [pid 6652] [client 40.119.197.161:0] script '/domains/system_default/blox.php' not found or unable to stat
[Fri Jan 09 08:34:34.300021 2026] [php:error] [pid 6648] [client 20.78.178.249:0] script '/domains/system_cancel/info.php' not found or unable to stat
[Fri Jan 09 08:34:34.361638 2026] [php:error] [pid 6652] [client 40.119.197.161:0] script '/domains/system_default/az.php' not found or unable to stat
[Fri Jan 09 08:34:34.468962 2026] [php:error] [pid 6648] [client 20.78.178.249:0] script '/domains/system_cancel/class9.php' not found or unable to stat
[Fri Jan 09 08:34:34.589933 2026] [php:error] [pid 6652] [client 40.119.197.161:0] script '/domains/system_default/x23.php' not found or unable to stat
[Fri Jan 09 08:34:35.103312 2026] [php:error] [pid 6652] [client 40.119.197.161:0] script '/domains/system_default/xz89.php' not found or unable to stat
[Fri Jan 09 08:34:35.331993 2026] [php:error] [pid 6652] [client 40.119.197.161:0] script '/domains/system_default/wsheet1.php' not found or unable to stat
[Fri Jan 09 08:34:35.595003 2026] [php:error] [pid 6652] [client 40.119.197.161:0] script '/domains/system_default/sao.php' not found or unable to stat
[Fri Jan 09 08:34:35.822926 2026] [php:error] [pid 6652] [client 40.119.197.161:0] script '/domains/system_default/zoz.php' not found or unable to stat
[Fri Jan 09 08:34:35.986435 2026] [php:error] [pid 6648] [client 20.78.178.249:0] script '/domains/system_cancel/class.php' not found or unable to stat
[Fri Jan 09 08:34:36.064327 2026] [php:error] [pid 6652] [client 40.119.197.161:0] script '/domains/system_default/priv.php' not found or unable to stat
[Fri Jan 09 08:34:36.292606 2026] [php:error] [pid 6652] [client 40.119.197.161:0] script '/domains/system_default/cwclass.php' not found or unable to stat
[Fri Jan 09 08:34:36.555449 2026] [php:error] [pid 6652] [client 40.119.197.161:0] script '/domains/system_default/file30.php' not found or unable to stat
[Fri Jan 09 08:34:36.643031 2026] [php:error] [pid 6648] [client 20.78.178.249:0] script '/domains/system_cancel/lock360.php' not found or unable to stat
[Fri Jan 09 08:34:36.783723 2026] [php:error] [pid 6652] [client 40.119.197.161:0] script '/domains/system_default/ah24.php' not found or unable to stat
[Fri Jan 09 08:34:37.011762 2026] [php:error] [pid 6652] [client 40.119.197.161:0] script '/domains/system_default/sko.php' not found or unable to stat
[Fri Jan 09 08:34:37.240213 2026] [php:error] [pid 6652] [client 40.119.197.161:0] script '/domains/system_default/wakak.php' not found or unable to stat
[Fri Jan 09 08:34:37.472556 2026] [php:error] [pid 6652] [client 40.119.197.161:0] script '/domains/system_default/ww3.php' not found or unable to stat
[Fri Jan 09 08:34:37.554477 2026] [php:error] [pid 6648] [client 20.78.178.249:0] script '/domains/system_cancel/ar.php' not found or unable to stat
[Fri Jan 09 08:34:37.700356 2026] [php:error] [pid 6652] [client 40.119.197.161:0] script '/domains/system_default/sang.php' not found or unable to stat
[Fri Jan 09 08:34:37.722965 2026] [php:error] [pid 6648] [client 20.78.178.249:0] script '/domains/system_cancel/alfa.php' not found or unable to stat
[Fri Jan 09 08:34:37.902001 2026] [php:error] [pid 6648] [client 20.78.178.249:0] script '/domains/system_cancel/classwithtostring.php' not found or unable to stat
[Fri Jan 09 08:34:38.070791 2026] [php:error] [pid 6648] [client 20.78.178.249:0] script '/domains/system_cancel/abcd.php' not found or unable to stat
[Fri Jan 09 08:34:38.239462 2026] [php:error] [pid 6648] [client 20.78.178.249:0] script '/domains/system_cancel/admin.php' not found or unable to stat
[Fri Jan 09 08:34:38.583751 2026] [php:error] [pid 6648] [client 20.78.178.249:0] script '/domains/system_cancel/ioxi-o.php' not found or unable to stat
[Fri Jan 09 08:34:38.646306 2026] [php:error] [pid 6652] [client 40.119.197.161:0] script '/domains/system_default/f35.php' not found or unable to stat
[Fri Jan 09 08:34:38.890931 2026] [php:error] [pid 6652] [client 40.119.197.161:0] script '/domains/system_default/wen.php' not found or unable to stat
[Fri Jan 09 08:34:39.032870 2026] [php:error] [pid 6648] [client 20.78.178.249:0] script '/domains/system_cancel/css.php' not found or unable to stat
[Fri Jan 09 08:34:39.119191 2026] [php:error] [pid 6652] [client 40.119.197.161:0] script '/domains/system_default/yyy.php' not found or unable to stat
[Fri Jan 09 08:34:39.347335 2026] [php:error] [pid 6652] [client 40.119.197.161:0] script '/domains/system_default/waq.php' not found or unable to stat
[Fri Jan 09 08:34:39.575091 2026] [php:error] [pid 6652] [client 40.119.197.161:0] script '/domains/system_default/wp-ana.php' not found or unable to stat
[Fri Jan 09 08:34:39.806613 2026] [php:error] [pid 6652] [client 40.119.197.161:0] script '/domains/system_default/f8.php' not found or unable to stat
[Fri Jan 09 08:34:40.126445 2026] [php:error] [pid 6652] [client 40.119.197.161:0] script '/domains/system_default/sf.php' not found or unable to stat
[Fri Jan 09 08:34:40.236274 2026] [php:error] [pid 6648] [client 20.78.178.249:0] script '/domains/system_cancel/class19.php' not found or unable to stat
[Fri Jan 09 08:34:40.354762 2026] [php:error] [pid 6652] [client 40.119.197.161:0] script '/domains/system_default/AxAo.php' not found or unable to stat
[Fri Jan 09 08:34:40.416947 2026] [php:error] [pid 6648] [client 20.78.178.249:0] script '/domains/system_cancel/class20.php' not found or unable to stat
[Fri Jan 09 08:34:40.586682 2026] [php:error] [pid 6648] [client 20.78.178.249:0] script '/domains/system_cancel/admin.php' not found or unable to stat
[Fri Jan 09 08:34:40.656095 2026] [php:error] [pid 6652] [client 40.119.197.161:0] script '/domains/system_default/vbbn.php' not found or unable to stat
[Fri Jan 09 08:34:40.756175 2026] [php:error] [pid 6648] [client 20.78.178.249:0] script '/domains/system_cancel/css.php' not found or unable to stat
[Fri Jan 09 08:34:40.898799 2026] [php:error] [pid 6652] [client 40.119.197.161:0] script '/domains/system_default/atx.php' not found or unable to stat
[Fri Jan 09 08:34:41.161760 2026] [php:error] [pid 6652] [client 40.119.197.161:0] script '/domains/system_default/sck.php' not found or unable to stat
[Fri Jan 09 08:34:41.392485 2026] [php:error] [pid 6652] [client 40.119.197.161:0] script '/domains/system_default/ww2.php' not found or unable to stat
[Fri Jan 09 08:34:41.620302 2026] [php:error] [pid 6652] [client 40.119.197.161:0] script '/domains/system_default/Contrller.php' not found or unable to stat
[Fri Jan 09 08:34:41.757030 2026] [php:error] [pid 6648] [client 20.78.178.249:0] script '/domains/system_cancel/xtride.php' not found or unable to stat
[Fri Jan 09 08:34:41.848762 2026] [php:error] [pid 6652] [client 40.119.197.161:0] script '/domains/system_default/gtc.php' not found or unable to stat
[Fri Jan 09 08:34:42.077082 2026] [php:error] [pid 6652] [client 40.119.197.161:0] script '/domains/system_default/lte7.php' not found or unable to stat
[Fri Jan 09 08:34:42.313860 2026] [php:error] [pid 6652] [client 40.119.197.161:0] script '/domains/system_default/xa.php' not found or unable to stat
[Fri Jan 09 08:34:42.581016 2026] [php:error] [pid 6652] [client 40.119.197.161:0] script '/domains/system_default/wp-good.php' not found or unable to stat
[Fri Jan 09 08:34:42.809432 2026] [php:error] [pid 6652] [client 40.119.197.161:0] script '/domains/system_default/xrp.php' not found or unable to stat
[Fri Jan 09 08:34:43.037392 2026] [php:error] [pid 6652] [client 40.119.197.161:0] script '/domains/system_default/fesa.php' not found or unable to stat
[Fri Jan 09 08:34:43.268405 2026] [php:error] [pid 6652] [client 40.119.197.161:0] script '/domains/system_default/wsz.php' not found or unable to stat
[Fri Jan 09 08:34:43.440256 2026] [php:error] [pid 6648] [client 20.78.178.249:0] script '/domains/system_cancel/lyy.php' not found or unable to stat
[Fri Jan 09 08:34:43.505751 2026] [php:error] [pid 6652] [client 40.119.197.161:0] script '/domains/system_default/horeg.php' not found or unable to stat
[Fri Jan 09 08:34:43.733916 2026] [php:error] [pid 6652] [client 40.119.197.161:0] script '/domains/system_default/siln.php' not found or unable to stat
[Fri Jan 09 08:34:43.950989 2026] [php:error] [pid 6648] [client 20.78.178.249:0] script '/domains/system_cancel/inputs.php' not found or unable to stat
[Fri Jan 09 08:34:43.963554 2026] [php:error] [pid 6652] [client 40.119.197.161:0] script '/domains/system_default/thxt.php' not found or unable to stat
[Fri Jan 09 08:34:44.191849 2026] [php:error] [pid 6652] [client 40.119.197.161:0] script '/domains/system_default/tajj.php' not found or unable to stat
[Fri Jan 09 08:34:44.418963 2026] [php:error] [pid 6648] [client 20.78.178.249:0] script '/domains/system_cancel/about.php' not found or unable to stat
[Fri Jan 09 08:34:44.423492 2026] [php:error] [pid 6652] [client 40.119.197.161:0] script '/domains/system_default/lsd.php' not found or unable to stat
[Fri Jan 09 08:34:44.677230 2026] [php:error] [pid 6652] [client 40.119.197.161:0] script '/domains/system_default/z60.php' not found or unable to stat
[Fri Jan 09 08:34:45.114850 2026] [php:error] [pid 6652] [client 40.119.197.161:0] script '/domains/system_default/ha.php' not found or unable to stat
[Fri Jan 09 08:34:45.343350 2026] [php:error] [pid 6652] [client 40.119.197.161:0] script '/domains/system_default/oo.php' not found or unable to stat
[Fri Jan 09 08:34:45.574321 2026] [php:error] [pid 6652] [client 40.119.197.161:0] script '/domains/system_default/13ede.php' not found or unable to stat
[Fri Jan 09 08:34:45.851807 2026] [php:error] [pid 6652] [client 40.119.197.161:0] script '/domains/system_default/xcre1.php' not found or unable to stat
[Fri Jan 09 08:34:46.079856 2026] [php:error] [pid 6652] [client 40.119.197.161:0] script '/domains/system_default/d12.php' not found or unable to stat
[Fri Jan 09 08:34:46.307544 2026] [php:error] [pid 6652] [client 40.119.197.161:0] script '/domains/system_default/x0x.php' not found or unable to stat
[Fri Jan 09 08:34:46.538225 2026] [php:error] [pid 6652] [client 40.119.197.161:0] script '/domains/system_default/Okxob.php' not found or unable to stat
[Fri Jan 09 08:34:46.766525 2026] [php:error] [pid 6652] [client 40.119.197.161:0] script '/domains/system_default/ws35.php' not found or unable to stat
[Fri Jan 09 08:34:47.144035 2026] [php:error] [pid 6652] [client 40.119.197.161:0] script '/domains/system_default/rtx.php' not found or unable to stat
[Fri Jan 09 08:34:47.375014 2026] [php:error] [pid 6652] [client 40.119.197.161:0] script '/domains/system_default/f-401.php' not found or unable to stat
[Fri Jan 09 08:34:47.833885 2026] [php:error] [pid 6652] [client 40.119.197.161:0] script '/domains/system_default/see.php' not found or unable to stat
[Fri Jan 09 08:34:48.110099 2026] [php:error] [pid 6652] [client 40.119.197.161:0] script '/domains/system_default/xse25.php' not found or unable to stat
[Fri Jan 09 08:34:48.338496 2026] [php:error] [pid 6652] [client 40.119.197.161:0] script '/domains/system_default/wtz.php' not found or unable to stat
[Fri Jan 09 08:34:48.571489 2026] [php:error] [pid 6652] [client 40.119.197.161:0] script '/domains/system_default/waw.php' not found or unable to stat
[Fri Jan 09 08:34:48.807523 2026] [php:error] [pid 6652] [client 40.119.197.161:0] script '/domains/system_default/elp.php' not found or unable to stat
[Fri Jan 09 08:34:49.036373 2026] [php:error] [pid 6652] [client 40.119.197.161:0] script '/domains/system_default/ioxi-o1.php' not found or unable to stat
[Fri Jan 09 08:34:49.265219 2026] [php:error] [pid 6652] [client 40.119.197.161:0] script '/domains/system_default/xpass.php' not found or unable to stat
[Fri Jan 09 08:34:49.493472 2026] [php:error] [pid 6652] [client 40.119.197.161:0] script '/domains/system_default/x56.php' not found or unable to stat
[Fri Jan 09 08:34:49.729896 2026] [php:error] [pid 6652] [client 40.119.197.161:0] script '/domains/system_default/tx1.php' not found or unable to stat
[Fri Jan 09 08:34:49.982110 2026] [php:error] [pid 6652] [client 40.119.197.161:0] script '/domains/system_default/zafir1.php' not found or unable to stat
[Fri Jan 09 08:34:50.130016 2026] [php:error] [pid 6648] [client 20.78.178.249:0] script '/domains/system_cancel/ac.php' not found or unable to stat
[Fri Jan 09 08:34:50.260113 2026] [php:error] [pid 6652] [client 40.119.197.161:0] script '/domains/system_default/admin.php' not found or unable to stat
[Fri Jan 09 08:34:50.557532 2026] [php:error] [pid 6652] [client 40.119.197.161:0] script '/domains/system_default/quoys.php' not found or unable to stat
[Fri Jan 09 08:34:50.785316 2026] [php:error] [pid 6652] [client 40.119.197.161:0] script '/domains/system_default/ova.php' not found or unable to stat
[Fri Jan 09 08:34:51.013663 2026] [php:error] [pid 6652] [client 40.119.197.161:0] script '/domains/system_default/juuuu.php' not found or unable to stat
[Fri Jan 09 08:34:51.381755 2026] [php:error] [pid 6652] [client 40.119.197.161:0] script '/domains/system_default/vx.php' not found or unable to stat
[Fri Jan 09 08:34:51.609921 2026] [php:error] [pid 6652] [client 40.119.197.161:0] script '/domains/system_default/1vbqo.php' not found or unable to stat
[Fri Jan 09 08:34:51.845520 2026] [php:error] [pid 6652] [client 40.119.197.161:0] script '/domains/system_default/0xs.php' not found or unable to stat
[Fri Jan 09 08:34:52.074476 2026] [php:error] [pid 6652] [client 40.119.197.161:0] script '/domains/system_default/O-Simple.php' not found or unable to stat
[Fri Jan 09 08:34:52.650118 2026] [php:error] [pid 6652] [client 40.119.197.161:0] script '/domains/system_default/sf9.php' not found or unable to stat
[Fri Jan 09 08:34:52.878132 2026] [php:error] [pid 6652] [client 40.119.197.161:0] script '/domains/system_default/thoms.php' not found or unable to stat
[Fri Jan 09 08:34:53.105873 2026] [php:error] [pid 6652] [client 40.119.197.161:0] script '/domains/system_default/sadis.php' not found or unable to stat
[Fri Jan 09 08:34:53.794283 2026] [php:error] [pid 6648] [client 20.78.178.249:0] script '/domains/system_cancel/xe.php' not found or unable to stat
[Fri Jan 09 08:34:54.369343 2026] [php:error] [pid 6648] [client 20.78.178.249:0] script '/domains/system_cancel/xb.php' not found or unable to stat
[Fri Jan 09 08:34:54.538922 2026] [php:error] [pid 6648] [client 20.78.178.249:0] script '/domains/system_cancel/cx.php' not found or unable to stat
[Fri Jan 09 08:34:54.710862 2026] [php:error] [pid 6648] [client 20.78.178.249:0] script '/domains/system_cancel/x.php' not found or unable to stat
[Fri Jan 09 08:34:54.881875 2026] [php:error] [pid 6648] [client 20.78.178.249:0] script '/domains/system_cancel/xx.php' not found or unable to stat
[Fri Jan 09 08:34:55.403893 2026] [php:error] [pid 6656] [client 20.78.178.249:0] script '/domains/system_cancel/xrr.php' not found or unable to stat
[Fri Jan 09 08:34:55.582949 2026] [php:error] [pid 6656] [client 20.78.178.249:0] script '/domains/system_cancel/xtt.php' not found or unable to stat
[Fri Jan 09 08:34:56.238227 2026] [php:error] [pid 6656] [client 20.78.178.249:0] script '/domains/system_cancel/nov.php' not found or unable to stat
[Fri Jan 09 08:34:56.406780 2026] [php:error] [pid 6656] [client 20.78.178.249:0] script '/domains/system_cancel/xo.php' not found or unable to stat
[Fri Jan 09 08:34:56.576344 2026] [php:error] [pid 6656] [client 20.78.178.249:0] script '/domains/system_cancel/new4.php' not found or unable to stat
[Fri Jan 09 08:34:56.763970 2026] [php:error] [pid 6656] [client 20.78.178.249:0] script '/domains/system_cancel/des.php' not found or unable to stat
[Fri Jan 09 08:34:56.932649 2026] [php:error] [pid 6656] [client 20.78.178.249:0] script '/domains/system_cancel/ext.php' not found or unable to stat
[Fri Jan 09 08:34:58.023613 2026] [php:error] [pid 6639] [client 46.101.207.155:0] script '/domains/bruceweb/wp-login.php' not found or unable to stat
[Fri Jan 09 08:34:58.760391 2026] [php:error] [pid 6645] [client 145.239.10.137:0] script '/domains/covertcomic/dds.php' not found or unable to stat, referer: http://covertcomic.com/dds.php
[Fri Jan 09 08:34:59.562082 2026] [php:error] [pid 6656] [client 20.78.178.249:0] script '/domains/system_cancel/ant.php' not found or unable to stat
[Fri Jan 09 08:34:59.914035 2026] [php:error] [pid 6656] [client 20.78.178.249:0] script '/domains/system_cancel/da222.php' not found or unable to stat
[Fri Jan 09 08:35:18.070499 2026] [php:error] [pid 6648] [client 46.101.106.196:0] script '/domains/hofficer1/wp-login.php' not found or unable to stat
[Fri Jan 09 08:35:23.134683 2026] [php:error] [pid 6639] [client 208.84.101.102:0] script '/domains/nlyfoods/xmlrpc.php' not found or unable to stat
[Fri Jan 09 08:36:16.995561 2026] [php:error] [pid 6639] [client 66.249.66.76:0] script '/domains/hdickens.enteract/kmnj.php' not found or unable to stat
[Fri Jan 09 08:36:22.238999 2026] [php:error] [pid 6665] [client 46.101.200.119:0] script '/domains/vangoghagainweb/wp-login.php' not found or unable to stat
[Fri Jan 09 08:36:52.028193 2026] [php:error] [pid 6677] [client 164.92.216.244:0] script '/domains/memanuel/wp-login.php' not found or unable to stat
[Fri Jan 09 08:36:53.247185 2026] [php:error] [pid 6678] [client 46.101.200.119:0] script '/domains/rextrav/wp-login.php' not found or unable to stat
[Fri Jan 09 08:37:02.314704 2026] [php:error] [pid 6683] [client 46.101.236.61:0] script '/domains/aatweb/wp-login.php' not found or unable to stat
[Fri Jan 09 08:37:35.246877 2026] [core:error] [pid 6653] [client 137.184.100.231:0] AH10244: invalid URI path (/../images/exhibits/14EMD.jpg), referer: http://viamontedesign.com/
[Fri Jan 09 08:37:36.209351 2026] [core:error] [pid 6673] [client 188.163.48.134:0] AH10244: invalid URI path (/../images/exhibits/14EMD.jpg), referer: http://viamontedesign.com/
[Fri Jan 09 08:37:55.620355 2026] [php:error] [pid 6687] [client 165.227.128.48:0] script '/domains/fairlane1/wp-login.php' not found or unable to stat
[Fri Jan 09 08:39:18.605345 2026] [core:error] [pid 6716] [client 167.172.65.85:0] AH10244: invalid URI path (/../../illu/newyork_1.jpg), referer: http://carillon.org/
[Fri Jan 09 08:39:52.705177 2026] [php:error] [pid 6754] [client 159.203.85.111:0] script '/domains/emsco1/wp-login.php' not found or unable to stat
[Fri Jan 09 08:39:54.764568 2026] [php:error] [pid 6730] [client 130.12.182.47:0] script '/domains/oneylaw/wp-login.php' not found or unable to stat, referer: https://wordpress.org/
[Fri Jan 09 08:39:55.451811 2026] [php:error] [pid 6754] [client 130.12.182.47:0] script '/domains/oneylaw/wp-login.php' not found or unable to stat, referer: https://wordpress.org/
[Fri Jan 09 08:40:32.956883 2026] [php:error] [pid 6754] [client 142.248.80.123:0] script '/domains/hand-hammerweb/xmlrpc.php' not found or unable to stat
[Fri Jan 09 08:42:06.316184 2026] [php:error] [pid 6809] [client 46.101.106.196:0] script '/domains/tennex/wp-login.php' not found or unable to stat
[Fri Jan 09 08:42:45.262211 2026] [php:error] [pid 6813] [client 45.148.10.158:0] script '/domains/mjbradley/phpinfo.php' not found or unable to stat
[Fri Jan 09 08:42:47.435634 2026] [php:error] [pid 6810] [client 45.148.10.158:0] script '/domains/mjbradley/info.php' not found or unable to stat
[Fri Jan 09 08:42:48.432645 2026] [php:error] [pid 6784] [client 45.148.10.158:0] script '/domains/mjbradley/test.php' not found or unable to stat
[Fri Jan 09 08:42:50.490110 2026] [php:error] [pid 6802] [client 45.148.10.158:0] script '/domains/mjbradley/php.php' not found or unable to stat
[Fri Jan 09 08:42:53.367204 2026] [php:error] [pid 6784] [client 45.148.10.158:0] script '/domains/mjbradley/i.php' not found or unable to stat
[Fri Jan 09 08:42:54.072374 2026] [php:error] [pid 6814] [client 18.143.133.244:0] script '/domains/king1969/phpinfo.php' not found or unable to stat
[Fri Jan 09 08:42:54.949988 2026] [php:error] [pid 6821] [client 165.232.117.143:0] script '/domains/carynm/wp-login.php' not found or unable to stat
[Fri Jan 09 08:42:55.285287 2026] [php:error] [pid 6814] [client 142.248.80.123:0] script '/domains/sjsachs/xmlrpc.php' not found or unable to stat
[Fri Jan 09 08:42:56.172569 2026] [php:error] [pid 6802] [client 18.143.133.244:0] script '/domains/king1969/info.php' not found or unable to stat
[Fri Jan 09 08:42:57.503098 2026] [php:error] [pid 6814] [client 40.69.66.178:0] script '/domains/system_default/motu.php' not found or unable to stat
[Fri Jan 09 08:42:57.572567 2026] [php:error] [pid 6814] [client 40.69.66.178:0] script '/domains/system_default/xsas.php' not found or unable to stat
[Fri Jan 09 08:42:57.643855 2026] [php:error] [pid 6814] [client 40.69.66.178:0] script '/domains/system_default/wen.php' not found or unable to stat
[Fri Jan 09 08:42:57.713340 2026] [php:error] [pid 6814] [client 40.69.66.178:0] script '/domains/system_default/xwpg.php' not found or unable to stat
[Fri Jan 09 08:42:57.782885 2026] [php:error] [pid 6814] [client 40.69.66.178:0] script '/domains/system_default/baee.php' not found or unable to stat
[Fri Jan 09 08:42:57.852274 2026] [php:error] [pid 6814] [client 40.69.66.178:0] script '/domains/system_default/iov.php' not found or unable to stat
[Fri Jan 09 08:42:57.921412 2026] [php:error] [pid 6814] [client 40.69.66.178:0] script '/domains/system_default/mds.php' not found or unable to stat
[Fri Jan 09 08:42:57.990483 2026] [php:error] [pid 6814] [client 40.69.66.178:0] script '/domains/system_default/mga.php' not found or unable to stat
[Fri Jan 09 08:42:58.059453 2026] [php:error] [pid 6814] [client 40.69.66.178:0] script '/domains/system_default/rendi59.php' not found or unable to stat
[Fri Jan 09 08:42:58.128885 2026] [php:error] [pid 6814] [client 40.69.66.178:0] script '/domains/system_default/bgymj.php' not found or unable to stat
[Fri Jan 09 08:42:58.197959 2026] [php:error] [pid 6814] [client 40.69.66.178:0] script '/domains/system_default/assacc.php' not found or unable to stat
[Fri Jan 09 08:42:58.267501 2026] [php:error] [pid 6814] [client 40.69.66.178:0] script '/domains/system_default/6y7t.php' not found or unable to stat
[Fri Jan 09 08:42:58.336583 2026] [php:error] [pid 6814] [client 40.69.66.178:0] script '/domains/system_default/monso.php' not found or unable to stat
[Fri Jan 09 08:42:58.405884 2026] [php:error] [pid 6814] [client 40.69.66.178:0] script '/domains/system_default/bnnof6.php' not found or unable to stat
[Fri Jan 09 08:42:58.475137 2026] [php:error] [pid 6814] [client 40.69.66.178:0] script '/domains/system_default/str.php' not found or unable to stat
[Fri Jan 09 08:42:59.708300 2026] [php:error] [pid 6813] [client 18.143.133.244:0] script '/domains/king1969/test.php' not found or unable to stat
[Fri Jan 09 08:43:10.310419 2026] [php:error] [pid 6784] [client 66.249.66.41:0] script '/domains/hdickens.enteract/kmnj.php' not found or unable to stat
[Fri Jan 09 08:43:16.634822 2026] [php:error] [pid 6814] [client 45.148.10.158:0] script '/domains/mjbradley/wp-config.php.bak' not found or unable to stat
[Fri Jan 09 08:43:20.788419 2026] [php:error] [pid 6784] [client 45.148.10.158:0] script '/domains/mjbradley/config.php.bak' not found or unable to stat
[Fri Jan 09 08:43:30.900612 2026] [php:error] [pid 6814] [client 18.143.133.244:0] script '/domains/king1969/server.php' not found or unable to stat
[Fri Jan 09 08:43:32.321541 2026] [php:error] [pid 6827] [client 18.143.133.244:0] script '/domains/king1969/php_version.php' not found or unable to stat
[Fri Jan 09 08:43:34.472906 2026] [php:error] [pid 6827] [client 18.143.133.244:0] script '/domains/king1969/pi.php' not found or unable to stat
[Fri Jan 09 08:43:39.420825 2026] [php:error] [pid 6829] [client 18.143.133.244:0] script '/domains/king1969/php.php' not found or unable to stat
[Fri Jan 09 08:43:42.913579 2026] [php:error] [pid 6814] [client 18.143.133.244:0] script '/domains/king1969/i.php' not found or unable to stat
[Fri Jan 09 08:43:51.422692 2026] [php:error] [pid 6829] [client 18.143.133.244:0] script '/domains/king1969/configuration.php' not found or unable to stat
[Fri Jan 09 08:43:52.543065 2026] [php:error] [pid 6810] [client 4.194.179.26:0] script '/domains/bels/class-t.api.php' not found or unable to stat
[Fri Jan 09 08:43:52.770582 2026] [php:error] [pid 6810] [client 4.194.179.26:0] script '/domains/bels/zwso.php' not found or unable to stat
[Fri Jan 09 08:43:53.225002 2026] [php:error] [pid 6810] [client 4.194.179.26:0] script '/domains/bels/class19.php' not found or unable to stat
[Fri Jan 09 08:43:53.452376 2026] [php:error] [pid 6810] [client 4.194.179.26:0] script '/domains/bels/class20.php' not found or unable to stat
[Fri Jan 09 08:43:53.679391 2026] [php:error] [pid 6810] [client 4.194.179.26:0] script '/domains/bels/admin.php' not found or unable to stat
[Fri Jan 09 08:43:53.906552 2026] [php:error] [pid 6810] [client 4.194.179.26:0] script '/domains/bels/randkeyword.php' not found or unable to stat
[Fri Jan 09 08:43:54.133415 2026] [php:error] [pid 6810] [client 4.194.179.26:0] script '/domains/bels/fwe.php' not found or unable to stat
[Fri Jan 09 08:43:54.590037 2026] [php:error] [pid 6810] [client 4.194.179.26:0] script '/domains/bels/g.php' not found or unable to stat
[Fri Jan 09 08:43:54.817516 2026] [php:error] [pid 6810] [client 4.194.179.26:0] script '/domains/bels/tx1.php' not found or unable to stat
[Fri Jan 09 08:43:55.044544 2026] [php:error] [pid 6810] [client 4.194.179.26:0] script '/domains/bels/xv.php' not found or unable to stat
[Fri Jan 09 08:43:55.271709 2026] [php:error] [pid 6810] [client 4.194.179.26:0] script '/domains/bels/x56.php' not found or unable to stat
[Fri Jan 09 08:43:55.499051 2026] [php:error] [pid 6810] [client 4.194.179.26:0] script '/domains/bels/htaccess.php' not found or unable to stat
[Fri Jan 09 08:43:55.726153 2026] [php:error] [pid 6810] [client 4.194.179.26:0] script '/domains/bels/readme.php' not found or unable to stat
[Fri Jan 09 08:43:55.953931 2026] [php:error] [pid 6810] [client 4.194.179.26:0] script '/domains/bels/x50.php' not found or unable to stat
[Fri Jan 09 08:43:56.181161 2026] [php:error] [pid 6810] [client 4.194.179.26:0] script '/domains/bels/fv.php' not found or unable to stat
[Fri Jan 09 08:43:56.408265 2026] [php:error] [pid 6810] [client 4.194.179.26:0] script '/domains/bels/file.php' not found or unable to stat
[Fri Jan 09 08:43:56.639285 2026] [php:error] [pid 6810] [client 4.194.179.26:0] script '/domains/bels/lsd.php' not found or unable to stat
[Fri Jan 09 08:43:56.866494 2026] [php:error] [pid 6810] [client 4.194.179.26:0] script '/domains/bels/as.php' not found or unable to stat
[Fri Jan 09 08:43:57.093710 2026] [php:error] [pid 6810] [client 4.194.179.26:0] script '/domains/bels/wsd.php' not found or unable to stat
[Fri Jan 09 08:43:57.320940 2026] [php:error] [pid 6810] [client 4.194.179.26:0] script '/domains/bels/gtc.php' not found or unable to stat
[Fri Jan 09 08:43:57.547993 2026] [php:error] [pid 6810] [client 4.194.179.26:0] script '/domains/bels/atx.php' not found or unable to stat
[Fri Jan 09 08:43:57.774980 2026] [php:error] [pid 6810] [client 4.194.179.26:0] script '/domains/bels/z60.php' not found or unable to stat
[Fri Jan 09 08:43:58.002553 2026] [php:error] [pid 6810] [client 4.194.179.26:0] script '/domains/bels/403.php' not found or unable to stat
[Fri Jan 09 08:43:58.229654 2026] [php:error] [pid 6810] [client 4.194.179.26:0] script '/domains/bels/m.php' not found or unable to stat
[Fri Jan 09 08:43:58.456979 2026] [php:error] [pid 6810] [client 4.194.179.26:0] script '/domains/bels/themes.php' not found or unable to stat
[Fri Jan 09 08:43:59.139869 2026] [php:error] [pid 6810] [client 4.194.179.26:0] script '/domains/bels/click.php' not found or unable to stat
[Fri Jan 09 08:43:59.367213 2026] [php:error] [pid 6810] [client 4.194.179.26:0] script '/domains/bels/install.php' not found or unable to stat
[Fri Jan 09 08:43:59.594345 2026] [php:error] [pid 6810] [client 4.194.179.26:0] script '/domains/bels/lv.php' not found or unable to stat
[Fri Jan 09 08:43:59.821374 2026] [php:error] [pid 6810] [client 4.194.179.26:0] script '/domains/bels/simple.php' not found or unable to stat
[Fri Jan 09 08:44:00.052232 2026] [php:error] [pid 6810] [client 4.194.179.26:0] script '/domains/bels/css.php' not found or unable to stat
[Fri Jan 09 08:44:00.282450 2026] [php:error] [pid 6810] [client 4.194.179.26:0] script '/domains/bels/cong.php' not found or unable to stat
[Fri Jan 09 08:44:00.736807 2026] [php:error] [pid 6810] [client 4.194.179.26:0] script '/domains/bels/cong.php' not found or unable to stat
[Fri Jan 09 08:44:00.964065 2026] [php:error] [pid 6810] [client 4.194.179.26:0] script '/domains/bels/w.php' not found or unable to stat
[Fri Jan 09 08:44:01.191593 2026] [php:error] [pid 6810] [client 4.194.179.26:0] script '/domains/bels/404.php' not found or unable to stat
[Fri Jan 09 08:44:01.418632 2026] [php:error] [pid 6810] [client 4.194.179.26:0] script '/domains/bels/ioxi-o.php' not found or unable to stat
[Fri Jan 09 08:44:01.647709 2026] [php:error] [pid 6810] [client 4.194.179.26:0] script '/domains/bels/0x.php' not found or unable to stat
[Fri Jan 09 08:44:01.874204 2026] [php:error] [pid 6810] [client 4.194.179.26:0] script '/domains/bels/css.php' not found or unable to stat
[Fri Jan 09 08:44:02.110291 2026] [php:error] [pid 6810] [client 4.194.179.26:0] script '/domains/bels/222.php' not found or unable to stat
[Fri Jan 09 08:44:02.564741 2026] [php:error] [pid 6810] [client 4.194.179.26:0] script '/domains/bels/admin.php' not found or unable to stat
[Fri Jan 09 08:44:03.018156 2026] [php:error] [pid 6810] [client 4.194.179.26:0] script '/domains/bels/classwithtostring.php' not found or unable to stat
[Fri Jan 09 08:44:03.245244 2026] [php:error] [pid 6810] [client 4.194.179.26:0] script '/domains/bels/abcd.php' not found or unable to stat
[Fri Jan 09 08:44:03.472119 2026] [php:error] [pid 6810] [client 4.194.179.26:0] script '/domains/bels/autoload_classmap.php' not found or unable to stat
[Fri Jan 09 08:44:03.699425 2026] [php:error] [pid 6810] [client 4.194.179.26:0] script '/domains/bels/inputs.php' not found or unable to stat
[Fri Jan 09 08:44:03.926220 2026] [php:error] [pid 6810] [client 4.194.179.26:0] script '/domains/bels/about.php' not found or unable to stat
[Fri Jan 09 08:44:04.159135 2026] [php:error] [pid 6810] [client 4.194.179.26:0] script '/domains/bels/alfa.php' not found or unable to stat
[Fri Jan 09 08:44:05.294271 2026] [php:error] [pid 6810] [client 4.194.179.26:0] script '/domains/bels/manager.php' not found or unable to stat
[Fri Jan 09 08:44:05.521001 2026] [php:error] [pid 6810] [client 4.194.179.26:0] script '/domains/bels/item.php' not found or unable to stat
[Fri Jan 09 08:44:05.817065 2026] [php:error] [pid 12481] [client 18.143.133.244:0] script '/domains/king1969/debug.php' not found or unable to stat
[Fri Jan 09 08:44:05.977298 2026] [php:error] [pid 6810] [client 4.194.179.26:0] script '/domains/bels/404.php' not found or unable to stat
[Fri Jan 09 08:44:06.204184 2026] [php:error] [pid 6810] [client 4.194.179.26:0] script '/domains/bels/mail.php' not found or unable to stat
[Fri Jan 09 08:44:06.512193 2026] [php:error] [pid 12482] [client 18.143.133.244:0] script '/domains/king1969/info2.php' not found or unable to stat
[Fri Jan 09 08:44:06.657922 2026] [php:error] [pid 6810] [client 4.194.179.26:0] script '/domains/bels/sx.php' not found or unable to stat
[Fri Jan 09 08:44:07.112242 2026] [php:error] [pid 6810] [client 4.194.179.26:0] script '/domains/bels/alfa.php' not found or unable to stat
[Fri Jan 09 08:44:07.210928 2026] [php:error] [pid 6830] [client 18.143.133.244:0] script '/domains/king1969/info1.php' not found or unable to stat
[Fri Jan 09 08:44:07.339086 2026] [php:error] [pid 6810] [client 4.194.179.26:0] script '/domains/bels/1.php' not found or unable to stat
[Fri Jan 09 08:44:07.566270 2026] [php:error] [pid 6810] [client 4.194.179.26:0] script '/domains/bels/byp.php' not found or unable to stat
[Fri Jan 09 08:44:07.793610 2026] [php:error] [pid 6810] [client 4.194.179.26:0] script '/domains/bels/wp-trackback.php' not found or unable to stat
[Fri Jan 09 08:44:07.912513 2026] [php:error] [pid 6907] [client 18.143.133.244:0] script '/domains/king1969/php_info.php' not found or unable to stat
[Fri Jan 09 08:44:08.703449 2026] [php:error] [pid 6810] [client 4.194.179.26:0] script '/domains/bels/gmo.php' not found or unable to stat
[Fri Jan 09 08:44:11.202072 2026] [php:error] [pid 6810] [client 4.194.179.26:0] script '/domains/bels/ww1.php' not found or unable to stat
[Fri Jan 09 08:44:12.576407 2026] [php:error] [pid 7887] [client 4.194.179.26:0] script '/domains/bels/security.php' not found or unable to stat
[Fri Jan 09 08:44:15.309822 2026] [php:error] [pid 7887] [client 4.194.179.26:0] script '/domains/bels/class.php' not found or unable to stat
[Fri Jan 09 08:44:15.537822 2026] [php:error] [pid 7887] [client 4.194.179.26:0] script '/domains/bels/bless5.php' not found or unable to stat
[Fri Jan 09 08:44:16.220032 2026] [php:error] [pid 7887] [client 4.194.179.26:0] script '/domains/bels/lock360.php' not found or unable to stat
[Fri Jan 09 08:44:16.447400 2026] [php:error] [pid 7887] [client 4.194.179.26:0] script '/domains/bels/f35.php' not found or unable to stat
[Fri Jan 09 08:44:16.674986 2026] [php:error] [pid 7887] [client 4.194.179.26:0] script '/domains/bels/ioxi-o1.php' not found or unable to stat
[Fri Jan 09 08:44:16.903872 2026] [php:error] [pid 7887] [client 4.194.179.26:0] script '/domains/bels/juuuu.php' not found or unable to stat
[Fri Jan 09 08:44:17.131420 2026] [php:error] [pid 7887] [client 4.194.179.26:0] script '/domains/bels/ha.php' not found or unable to stat
[Fri Jan 09 08:44:17.358894 2026] [php:error] [pid 7887] [client 4.194.179.26:0] script '/domains/bels/gg.php' not found or unable to stat
[Fri Jan 09 08:44:17.586608 2026] [php:error] [pid 7887] [client 4.194.179.26:0] script '/domains/bels/we2.php' not found or unable to stat
[Fri Jan 09 08:44:17.814438 2026] [php:error] [pid 7887] [client 4.194.179.26:0] script '/domains/bels/04.php' not found or unable to stat
[Fri Jan 09 08:44:18.042221 2026] [php:error] [pid 7887] [client 4.194.179.26:0] script '/domains/bels/333.php' not found or unable to stat
[Fri Jan 09 08:44:18.269715 2026] [php:error] [pid 7887] [client 4.194.179.26:0] script '/domains/bels/520.php' not found or unable to stat
[Fri Jan 09 08:44:18.497245 2026] [php:error] [pid 7887] [client 4.194.179.26:0] script '/domains/bels/ar.php' not found or unable to stat
[Fri Jan 09 08:44:18.728865 2026] [php:error] [pid 7887] [client 4.194.179.26:0] script '/domains/bels/x.php' not found or unable to stat
[Fri Jan 09 08:44:18.956954 2026] [php:error] [pid 7887] [client 4.194.179.26:0] script '/domains/bels/xx.php' not found or unable to stat
[Fri Jan 09 08:44:19.187381 2026] [php:error] [pid 7887] [client 4.194.179.26:0] script '/domains/bels/gifclass4.php' not found or unable to stat
[Fri Jan 09 08:44:19.415532 2026] [php:error] [pid 7887] [client 4.194.179.26:0] script '/domains/bels/2clas.php' not found or unable to stat
[Fri Jan 09 08:44:19.647306 2026] [php:error] [pid 7887] [client 4.194.179.26:0] script '/domains/bels/ave.php' not found or unable to stat
[Fri Jan 09 08:44:19.874680 2026] [php:error] [pid 7887] [client 4.194.179.26:0] script '/domains/bels/wrt.php' not found or unable to stat
[Fri Jan 09 08:44:20.103508 2026] [php:error] [pid 7887] [client 4.194.179.26:0] script '/domains/bels/bibil.php' not found or unable to stat
[Fri Jan 09 08:44:20.331593 2026] [php:error] [pid 7887] [client 4.194.179.26:0] script '/domains/bels/radio.php' not found or unable to stat
[Fri Jan 09 08:44:20.560190 2026] [php:error] [pid 7887] [client 4.194.179.26:0] script '/domains/bels/files.php' not found or unable to stat
[Fri Jan 09 08:44:20.788057 2026] [php:error] [pid 7887] [client 4.194.179.26:0] script '/domains/bels/file7.php' not found or unable to stat
[Fri Jan 09 08:44:21.015926 2026] [php:error] [pid 7887] [client 4.194.179.26:0] script '/domains/bels/gifclass.php' not found or unable to stat
[Fri Jan 09 08:44:21.446275 2026] [php:error] [pid 11096] [client 18.143.133.244:0] script '/domains/king1969/testphp.php' not found or unable to stat
[Fri Jan 09 08:44:21.470180 2026] [php:error] [pid 7887] [client 4.194.179.26:0] script '/domains/bels/nox.php' not found or unable to stat
[Fri Jan 09 08:44:21.699120 2026] [php:error] [pid 7887] [client 4.194.179.26:0] script '/domains/bels/file48.php' not found or unable to stat
[Fri Jan 09 08:44:21.926791 2026] [php:error] [pid 7887] [client 4.194.179.26:0] script '/domains/bels/info.php' not found or unable to stat
[Fri Jan 09 08:44:22.155107 2026] [php:error] [pid 7887] [client 4.194.179.26:0] script '/domains/bels/class9.php' not found or unable to stat
[Fri Jan 09 08:44:22.174627 2026] [php:error] [pid 12479] [client 18.143.133.244:0] script '/domains/king1969/infophp.php' not found or unable to stat
[Fri Jan 09 08:44:22.382563 2026] [php:error] [pid 7887] [client 4.194.179.26:0] script '/domains/bels/la.php' not found or unable to stat
[Fri Jan 09 08:44:22.610340 2026] [php:error] [pid 7887] [client 4.194.179.26:0] script '/domains/bels/bless11.php' not found or unable to stat
[Fri Jan 09 08:44:22.837712 2026] [php:error] [pid 7887] [client 4.194.179.26:0] script '/domains/bels/ccou.php' not found or unable to stat
[Fri Jan 09 08:44:22.860010 2026] [php:error] [pid 12235] [client 18.143.133.244:0] script '/domains/king1969/php-info.php' not found or unable to stat
[Fri Jan 09 08:44:23.072933 2026] [php:error] [pid 7887] [client 4.194.179.26:0] script '/domains/bels/ton.php' not found or unable to stat
[Fri Jan 09 08:44:23.300104 2026] [php:error] [pid 7887] [client 4.194.179.26:0] script '/domains/bels/403.php' not found or unable to stat
[Fri Jan 09 08:44:23.528559 2026] [php:error] [pid 7887] [client 4.194.179.26:0] script '/domains/bels/file9.php' not found or unable to stat
[Fri Jan 09 08:44:23.562187 2026] [php:error] [pid 11099] [client 18.143.133.244:0] script '/domains/king1969/info_php.php' not found or unable to stat
[Fri Jan 09 08:44:23.757289 2026] [php:error] [pid 7887] [client 4.194.179.26:0] script '/domains/bels/ac.php' not found or unable to stat
[Fri Jan 09 08:44:23.984683 2026] [php:error] [pid 7887] [client 4.194.179.26:0] script '/domains/bels/new4.php' not found or unable to stat
[Fri Jan 09 08:44:24.211856 2026] [php:error] [pid 7887] [client 4.194.179.26:0] script '/domains/bels/pop.php' not found or unable to stat
[Fri Jan 09 08:44:24.271367 2026] [php:error] [pid 11096] [client 18.143.133.244:0] script '/domains/king1969/t.php' not found or unable to stat
[Fri Jan 09 08:44:24.439248 2026] [php:error] [pid 7887] [client 4.194.179.26:0] script '/domains/bels/az.php' not found or unable to stat
[Fri Jan 09 08:44:24.667088 2026] [php:error] [pid 7887] [client 4.194.179.26:0] script '/domains/bels/xaz.php' not found or unable to stat
[Fri Jan 09 08:44:24.894892 2026] [php:error] [pid 7887] [client 4.194.179.26:0] script '/domains/bels/up4.php' not found or unable to stat
[Fri Jan 09 08:44:24.964830 2026] [php:error] [pid 6813] [client 18.143.133.244:0] script '/domains/king1969/p.php' not found or unable to stat
[Fri Jan 09 08:44:25.123439 2026] [php:error] [pid 7887] [client 4.194.179.26:0] script '/domains/bels/1aa.php' not found or unable to stat
[Fri Jan 09 08:44:25.353330 2026] [php:error] [pid 7887] [client 4.194.179.26:0] script '/domains/bels/elp.php' not found or unable to stat
[Fri Jan 09 08:44:25.580846 2026] [php:error] [pid 7887] [client 4.194.179.26:0] script '/domains/bels/wtz.php' not found or unable to stat
[Fri Jan 09 08:44:25.691496 2026] [php:error] [pid 11099] [client 18.143.133.244:0] script '/domains/king1969/3.php' not found or unable to stat
[Fri Jan 09 08:44:25.808278 2026] [php:error] [pid 7887] [client 4.194.179.26:0] script '/domains/bels/galex.php' not found or unable to stat
[Fri Jan 09 08:44:26.036671 2026] [php:error] [pid 7887] [client 4.194.179.26:0] script '/domains/bels/xb.php' not found or unable to stat
[Fri Jan 09 08:44:26.264960 2026] [php:error] [pid 7887] [client 4.194.179.26:0] script '/domains/bels/ova.php' not found or unable to stat
[Fri Jan 09 08:44:26.385811 2026] [php:error] [pid 12479] [client 18.143.133.244:0] script '/domains/king1969/2.php' not found or unable to stat
[Fri Jan 09 08:44:26.492224 2026] [php:error] [pid 7887] [client 4.194.179.26:0] script '/domains/bels/vx.php' not found or unable to stat
[Fri Jan 09 08:44:26.720082 2026] [php:error] [pid 7887] [client 4.194.179.26:0] script '/domains/bels/rh.php' not found or unable to stat
[Fri Jan 09 08:44:27.070823 2026] [php:error] [pid 11099] [client 18.143.133.244:0] script '/domains/king1969/1.php' not found or unable to stat
[Fri Jan 09 08:44:27.761875 2026] [php:error] [pid 11096] [client 18.143.133.244:0] script '/domains/king1969/probe.php' not found or unable to stat
[Fri Jan 09 08:44:28.445861 2026] [php:error] [pid 6813] [client 18.143.133.244:0] script '/domains/king1969/check.php' not found or unable to stat
[Fri Jan 09 08:44:29.180686 2026] [php:error] [pid 12241] [client 18.143.133.244:0] script '/domains/king1969/phptest.php' not found or unable to stat
[Fri Jan 09 08:44:29.902593 2026] [php:error] [pid 11096] [client 18.143.133.244:0] script '/domains/king1969/diagnostic.php' not found or unable to stat
[Fri Jan 09 08:44:30.616343 2026] [php:error] [pid 12241] [client 18.143.133.244:0] script '/domains/king1969/serverinfo.php' not found or unable to stat
[Fri Jan 09 08:44:31.329762 2026] [php:error] [pid 11096] [client 18.143.133.244:0] script '/domains/king1969/phpversion.php' not found or unable to stat
[Fri Jan 09 08:44:32.031442 2026] [php:error] [pid 12482] [client 18.143.133.244:0] script '/domains/king1969/info3.php' not found or unable to stat
[Fri Jan 09 08:44:35.686209 2026] [php:error] [pid 6907] [client 180.131.145.105:0] script '/domains/system_default/unzipper.php' not found or unable to stat
[Fri Jan 09 08:44:39.764382 2026] [php:error] [pid 12486] [client 45.148.10.158:0] script '/domains/mjbradley/phpinfo.php' not found or unable to stat
[Fri Jan 09 08:44:42.199797 2026] [php:error] [pid 12492] [client 45.148.10.158:0] script '/domains/mjbradley/info.php' not found or unable to stat
[Fri Jan 09 08:44:44.379957 2026] [php:error] [pid 12492] [client 45.148.10.158:0] script '/domains/mjbradley/test.php' not found or unable to stat
[Fri Jan 09 08:44:46.416963 2026] [php:error] [pid 12235] [client 45.148.10.158:0] script '/domains/mjbradley/php.php' not found or unable to stat
[Fri Jan 09 08:44:51.951252 2026] [php:error] [pid 12488] [client 45.148.10.158:0] script '/domains/mjbradley/i.php' not found or unable to stat
[Fri Jan 09 08:45:06.783425 2026] [php:error] [pid 12490] [client 164.92.199.122:0] script '/domains/nmksgroupweb/wp-login.php' not found or unable to stat
[Fri Jan 09 08:45:15.589813 2026] [php:error] [pid 12488] [client 45.148.10.158:0] script '/domains/mjbradley/wp-config.php.bak' not found or unable to stat
[Fri Jan 09 08:45:19.581395 2026] [php:error] [pid 12503] [client 45.148.10.158:0] script '/domains/mjbradley/config.php.bak' not found or unable to stat
[Fri Jan 09 08:45:29.948793 2026] [php:error] [pid 12487] [client 45.148.10.158:0] script '/domains/windsorweb/phpinfo.php' not found or unable to stat
[Fri Jan 09 08:45:31.811849 2026] [php:error] [pid 12487] [client 45.148.10.158:0] script '/domains/windsorweb/info.php' not found or unable to stat
[Fri Jan 09 08:45:33.381398 2026] [php:error] [pid 12503] [client 45.148.10.158:0] script '/domains/windsorweb/test.php' not found or unable to stat
[Fri Jan 09 08:45:35.050577 2026] [php:error] [pid 12503] [client 45.148.10.158:0] script '/domains/windsorweb/php.php' not found or unable to stat
[Fri Jan 09 08:45:38.581200 2026] [php:error] [pid 12505] [client 45.148.10.158:0] script '/domains/windsorweb/i.php' not found or unable to stat
[Fri Jan 09 08:45:39.609905 2026] [php:error] [pid 12506] [client 45.148.10.158:0] script '/domains/mjbradley/configuration.php.bak' not found or unable to stat
[Fri Jan 09 08:45:44.159769 2026] [php:error] [pid 12510] [client 167.71.44.127:0] script '/domains/takie/wp-login.php' not found or unable to stat
[Fri Jan 09 08:45:50.142052 2026] [php:error] [pid 12492] [client 45.148.10.158:0] script '/domains/braniff/phpinfo.php' not found or unable to stat
[Fri Jan 09 08:45:52.056156 2026] [php:error] [pid 12510] [client 45.148.10.158:0] script '/domains/braniff/info.php' not found or unable to stat
[Fri Jan 09 08:45:54.598779 2026] [php:error] [pid 12513] [client 45.148.10.158:0] script '/domains/braniff/test.php' not found or unable to stat
[Fri Jan 09 08:45:56.192291 2026] [php:error] [pid 12510] [client 45.148.10.158:0] script '/domains/braniff/php.php' not found or unable to stat
[Fri Jan 09 08:46:00.119036 2026] [php:error] [pid 12517] [client 45.148.10.158:0] script '/domains/braniff/i.php' not found or unable to stat
[Fri Jan 09 08:46:01.945924 2026] [php:error] [pid 12510] [client 45.148.10.158:0] script '/domains/windsorweb/wp-config.php.bak' not found or unable to stat
[Fri Jan 09 08:46:06.055070 2026] [php:error] [pid 12510] [client 45.148.10.158:0] script '/domains/windsorweb/config.php.bak' not found or unable to stat
[Fri Jan 09 08:46:22.273039 2026] [php:error] [pid 12523] [client 45.148.10.158:0] script '/domains/braniff/wp-config.php.bak' not found or unable to stat
[Fri Jan 09 08:46:25.059879 2026] [php:error] [pid 12524] [client 164.92.190.44:0] script '/domains/rainho/wp-login.php' not found or unable to stat
