[Fri Jan 09 07:18:22.660873 2026] [php:error] [pid 93977] [client 4.206.1.160:0] script '/domains/markrose/333.php' not found or unable to stat
[Fri Jan 09 07:18:22.685045 2026] [php:error] [pid 93977] [client 4.206.1.160:0] script '/domains/markrose/520.php' not found or unable to stat
[Fri Jan 09 07:18:22.714684 2026] [php:error] [pid 93977] [client 4.206.1.160:0] script '/domains/markrose/ar.php' not found or unable to stat
[Fri Jan 09 07:18:22.904094 2026] [php:error] [pid 93977] [client 4.206.1.160:0] script '/domains/markrose/x.php' not found or unable to stat
[Fri Jan 09 07:18:22.928481 2026] [php:error] [pid 93977] [client 4.206.1.160:0] script '/domains/markrose/xx.php' not found or unable to stat
[Fri Jan 09 07:18:22.952776 2026] [php:error] [pid 93977] [client 4.206.1.160:0] script '/domains/markrose/gifclass4.php' not found or unable to stat
[Fri Jan 09 07:18:22.982021 2026] [php:error] [pid 93977] [client 4.206.1.160:0] script '/domains/markrose/2clas.php' not found or unable to stat
[Fri Jan 09 07:18:23.009849 2026] [php:error] [pid 93977] [client 4.206.1.160:0] script '/domains/markrose/ave.php' not found or unable to stat
[Fri Jan 09 07:18:23.091701 2026] [php:error] [pid 93977] [client 4.206.1.160:0] script '/domains/markrose/wrt.php' not found or unable to stat
[Fri Jan 09 07:18:23.116430 2026] [php:error] [pid 93977] [client 4.206.1.160:0] script '/domains/markrose/bibil.php' not found or unable to stat
[Fri Jan 09 07:18:23.140606 2026] [php:error] [pid 93977] [client 4.206.1.160:0] script '/domains/markrose/radio.php' not found or unable to stat
[Fri Jan 09 07:18:23.164683 2026] [php:error] [pid 93977] [client 4.206.1.160:0] script '/domains/markrose/files.php' not found or unable to stat
[Fri Jan 09 07:18:23.204700 2026] [php:error] [pid 93977] [client 4.206.1.160:0] script '/domains/markrose/file7.php' not found or unable to stat
[Fri Jan 09 07:18:23.242150 2026] [php:error] [pid 93977] [client 4.206.1.160:0] script '/domains/markrose/gifclass.php' not found or unable to stat
[Fri Jan 09 07:18:23.305512 2026] [php:error] [pid 93977] [client 4.206.1.160:0] script '/domains/markrose/nox.php' not found or unable to stat
[Fri Jan 09 07:18:23.341607 2026] [php:error] [pid 93977] [client 4.206.1.160:0] script '/domains/markrose/file48.php' not found or unable to stat
[Fri Jan 09 07:18:23.366139 2026] [php:error] [pid 93977] [client 4.206.1.160:0] script '/domains/markrose/info.php' not found or unable to stat
[Fri Jan 09 07:18:23.401530 2026] [php:error] [pid 93977] [client 4.206.1.160:0] script '/domains/markrose/class9.php' not found or unable to stat
[Fri Jan 09 07:18:23.425572 2026] [php:error] [pid 93977] [client 4.206.1.160:0] script '/domains/markrose/la.php' not found or unable to stat
[Fri Jan 09 07:18:23.457919 2026] [php:error] [pid 93977] [client 4.206.1.160:0] script '/domains/markrose/bless11.php' not found or unable to stat
[Fri Jan 09 07:18:23.482382 2026] [php:error] [pid 93977] [client 4.206.1.160:0] script '/domains/markrose/ccou.php' not found or unable to stat
[Fri Jan 09 07:18:23.507374 2026] [php:error] [pid 93977] [client 4.206.1.160:0] script '/domains/markrose/ton.php' not found or unable to stat
[Fri Jan 09 07:18:23.542435 2026] [php:error] [pid 93977] [client 4.206.1.160:0] script '/domains/markrose/403.php' not found or unable to stat
[Fri Jan 09 07:18:23.566520 2026] [php:error] [pid 93977] [client 4.206.1.160:0] script '/domains/markrose/file9.php' not found or unable to stat
[Fri Jan 09 07:18:23.618039 2026] [php:error] [pid 93977] [client 4.206.1.160:0] script '/domains/markrose/ac.php' not found or unable to stat
[Fri Jan 09 07:18:23.642291 2026] [php:error] [pid 93977] [client 4.206.1.160:0] script '/domains/markrose/new4.php' not found or unable to stat
[Fri Jan 09 07:18:23.666426 2026] [php:error] [pid 93977] [client 4.206.1.160:0] script '/domains/markrose/pop.php' not found or unable to stat
[Fri Jan 09 07:18:23.690498 2026] [php:error] [pid 93977] [client 4.206.1.160:0] script '/domains/markrose/az.php' not found or unable to stat
[Fri Jan 09 07:18:23.728464 2026] [php:error] [pid 93977] [client 4.206.1.160:0] script '/domains/markrose/xaz.php' not found or unable to stat
[Fri Jan 09 07:18:23.754853 2026] [php:error] [pid 93977] [client 4.206.1.160:0] script '/domains/markrose/up4.php' not found or unable to stat
[Fri Jan 09 07:18:23.779080 2026] [php:error] [pid 93977] [client 4.206.1.160:0] script '/domains/markrose/1aa.php' not found or unable to stat
[Fri Jan 09 07:18:23.808850 2026] [php:error] [pid 93977] [client 4.206.1.160:0] script '/domains/markrose/elp.php' not found or unable to stat
[Fri Jan 09 07:18:23.837527 2026] [php:error] [pid 93977] [client 4.206.1.160:0] script '/domains/markrose/wtz.php' not found or unable to stat
[Fri Jan 09 07:18:23.862072 2026] [php:error] [pid 93977] [client 4.206.1.160:0] script '/domains/markrose/galex.php' not found or unable to stat
[Fri Jan 09 07:18:23.886446 2026] [php:error] [pid 93977] [client 4.206.1.160:0] script '/domains/markrose/xb.php' not found or unable to stat
[Fri Jan 09 07:18:23.933221 2026] [php:error] [pid 93977] [client 4.206.1.160:0] script '/domains/markrose/ova.php' not found or unable to stat
[Fri Jan 09 07:18:23.957248 2026] [php:error] [pid 93977] [client 4.206.1.160:0] script '/domains/markrose/vx.php' not found or unable to stat
[Fri Jan 09 07:18:23.981392 2026] [php:error] [pid 93977] [client 4.206.1.160:0] script '/domains/markrose/rh.php' not found or unable to stat
[Fri Jan 09 07:18:34.274014 2026] [php:error] [pid 93989] [client 139.59.112.129:0] script '/domains/markrose/xmlrpc.php' not found or unable to stat
[Fri Jan 09 07:19:38.763786 2026] [php:error] [pid 93993] [client 167.172.22.41:0] script '/domains/fbardin/wp-login.php' not found or unable to stat
[Fri Jan 09 07:20:33.774361 2026] [php:error] [pid 94017] [client 141.98.11.169:0] script '/domains/thuebner/wp-login.php' not found or unable to stat, referer: https://www.google.de/search?q=wordpress
[Fri Jan 09 07:20:33.986403 2026] [php:error] [pid 94008] [client 141.98.11.169:0] script '/domains/thuebner/wp-login.php' not found or unable to stat
[Fri Jan 09 07:21:21.556472 2026] [php:error] [pid 94026] [client 47.128.227.19:0] script '/domains/carynm/info.php' not found or unable to stat
[Fri Jan 09 07:21:29.102546 2026] [php:error] [pid 94025] [client 159.65.254.13:0] script '/domains/gohover/wp-login.php' not found or unable to stat
[Fri Jan 09 07:21:57.164561 2026] [php:error] [pid 94025] [client 47.128.227.19:0] script '/domains/carynm/server.php' not found or unable to stat
[Fri Jan 09 07:21:58.519521 2026] [php:error] [pid 94025] [client 194.163.150.79:0] script '/domains/system_default/wp-login.php' not found or unable to stat
[Fri Jan 09 07:21:58.578776 2026] [php:error] [pid 94025] [client 47.128.227.19:0] script '/domains/carynm/php_version.php' not found or unable to stat
[Fri Jan 09 07:21:59.513994 2026] [php:error] [pid 94025] [client 194.163.150.79:0] script '/domains/system_default/wp-login.php' not found or unable to stat
[Fri Jan 09 07:22:00.671342 2026] [php:error] [pid 94037] [client 47.128.227.19:0] script '/domains/carynm/pi.php' not found or unable to stat
[Fri Jan 09 07:22:05.681764 2026] [php:error] [pid 94031] [client 47.128.227.19:0] script '/domains/carynm/php.php' not found or unable to stat
[Fri Jan 09 07:22:09.219112 2026] [php:error] [pid 94031] [client 47.128.227.19:0] script '/domains/carynm/i.php' not found or unable to stat
[Fri Jan 09 07:22:12.656024 2026] [core:crit] [pid 94035] (13)Permission denied: [client 216.244.66.241:0] AH00529: /domains/dcarlone/test/web/.htaccess pcfg_openfile: unable to check htaccess file, ensure it is readable and that '/domains/dcarlone/test/web/' is executable
[Fri Jan 09 07:22:16.329220 2026] [core:crit] [pid 94030] (13)Permission denied: [client 47.128.227.19:0] AH00529: /domains/carynm/logs/.htaccess pcfg_openfile: unable to check htaccess file, ensure it is readable and that '/domains/carynm/logs/' is executable
[Fri Jan 09 07:22:17.724565 2026] [php:error] [pid 94045] [client 47.128.227.19:0] script '/domains/carynm/configuration.php' not found or unable to stat
[Fri Jan 09 07:22:21.884481 2026] [php:error] [pid 94052] [client 142.248.80.123:0] script '/domains/king1969/xmlrpc.php' not found or unable to stat
[Fri Jan 09 07:22:23.402142 2026] [core:crit] [pid 94055] (13)Permission denied: [client 47.128.227.19:0] AH00529: /domains/carynm/logs/.htaccess pcfg_openfile: unable to check htaccess file, ensure it is readable and that '/domains/carynm/logs/' is executable
[Fri Jan 09 07:22:24.275298 2026] [php:error] [pid 94045] [client 54.169.175.127:0] script '/domains/egmaweb/phpinfo.php' not found or unable to stat
[Fri Jan 09 07:22:24.465634 2026] [core:crit] [pid 94050] (13)Permission denied: [client 50.16.72.185:0] AH00529: /domains/performancepartsinc/graphics/psd/.htaccess pcfg_openfile: unable to check htaccess file, ensure it is readable and that '/domains/performancepartsinc/graphics/psd/' is executable
[Fri Jan 09 07:22:26.432262 2026] [php:error] [pid 94057] [client 54.169.175.127:0] script '/domains/egmaweb/info.php' not found or unable to stat
[Fri Jan 09 07:22:29.968236 2026] [php:error] [pid 94054] [client 54.169.175.127:0] script '/domains/egmaweb/test.php' not found or unable to stat
[Fri Jan 09 07:22:31.842501 2026] [php:error] [pid 94023] [client 47.128.227.19:0] script '/domains/carynm/debug.php' not found or unable to stat
[Fri Jan 09 07:22:32.568186 2026] [php:error] [pid 94057] [client 47.128.227.19:0] script '/domains/carynm/info2.php' not found or unable to stat
[Fri Jan 09 07:22:33.273755 2026] [php:error] [pid 94035] [client 47.128.227.19:0] script '/domains/carynm/info1.php' not found or unable to stat
[Fri Jan 09 07:22:33.980046 2026] [php:error] [pid 94054] [client 47.128.227.19:0] script '/domains/carynm/php_info.php' not found or unable to stat
[Fri Jan 09 07:22:47.455698 2026] [php:error] [pid 94052] [client 47.128.227.19:0] script '/domains/carynm/testphp.php' not found or unable to stat
[Fri Jan 09 07:22:48.198801 2026] [php:error] [pid 94054] [client 47.128.227.19:0] script '/domains/carynm/infophp.php' not found or unable to stat
[Fri Jan 09 07:22:48.639529 2026] [php:error] [pid 94035] [client 208.84.101.102:0] script '/domains/machinadynamica/xmlrpc.php' not found or unable to stat
[Fri Jan 09 07:22:48.947099 2026] [php:error] [pid 94048] [client 47.128.227.19:0] script '/domains/carynm/php-info.php' not found or unable to stat
[Fri Jan 09 07:22:49.684527 2026] [php:error] [pid 94052] [client 47.128.227.19:0] script '/domains/carynm/info_php.php' not found or unable to stat
[Fri Jan 09 07:22:50.399234 2026] [php:error] [pid 94048] [client 47.128.227.19:0] script '/domains/carynm/t.php' not found or unable to stat
[Fri Jan 09 07:22:51.090422 2026] [php:error] [pid 94054] [client 47.128.227.19:0] script '/domains/carynm/p.php' not found or unable to stat
[Fri Jan 09 07:22:51.833356 2026] [php:error] [pid 94057] [client 47.128.227.19:0] script '/domains/carynm/3.php' not found or unable to stat
[Fri Jan 09 07:22:52.558142 2026] [php:error] [pid 94052] [client 47.128.227.19:0] script '/domains/carynm/2.php' not found or unable to stat
[Fri Jan 09 07:22:53.244719 2026] [php:error] [pid 94035] [client 47.128.227.19:0] script '/domains/carynm/1.php' not found or unable to stat
[Fri Jan 09 07:22:53.937030 2026] [php:error] [pid 94054] [client 47.128.227.19:0] script '/domains/carynm/probe.php' not found or unable to stat
[Fri Jan 09 07:22:54.632413 2026] [php:error] [pid 94035] [client 47.128.227.19:0] script '/domains/carynm/check.php' not found or unable to stat
[Fri Jan 09 07:22:55.354656 2026] [php:error] [pid 94057] [client 47.128.227.19:0] script '/domains/carynm/phptest.php' not found or unable to stat
[Fri Jan 09 07:22:56.060488 2026] [php:error] [pid 94052] [client 47.128.227.19:0] script '/domains/carynm/diagnostic.php' not found or unable to stat
[Fri Jan 09 07:22:56.760468 2026] [php:error] [pid 94048] [client 47.128.227.19:0] script '/domains/carynm/serverinfo.php' not found or unable to stat
[Fri Jan 09 07:22:57.476210 2026] [php:error] [pid 94054] [client 47.128.227.19:0] script '/domains/carynm/phpversion.php' not found or unable to stat
[Fri Jan 09 07:22:58.223637 2026] [php:error] [pid 94035] [client 47.128.227.19:0] script '/domains/carynm/info3.php' not found or unable to stat
[Fri Jan 09 07:23:01.161338 2026] [php:error] [pid 94058] [client 54.169.175.127:0] script '/domains/egmaweb/server.php' not found or unable to stat
[Fri Jan 09 07:23:02.585837 2026] [php:error] [pid 94058] [client 54.169.175.127:0] script '/domains/egmaweb/php_version.php' not found or unable to stat
[Fri Jan 09 07:23:04.784453 2026] [php:error] [pid 94059] [client 54.169.175.127:0] script '/domains/egmaweb/pi.php' not found or unable to stat
[Fri Jan 09 07:23:07.373153 2026] [php:error] [pid 94057] [client 159.65.254.13:0] script '/domains/king1969/wp-login.php' not found or unable to stat
[Fri Jan 09 07:23:09.758617 2026] [php:error] [pid 94054] [client 54.169.175.127:0] script '/domains/egmaweb/php.php' not found or unable to stat
[Fri Jan 09 07:23:13.344018 2026] [php:error] [pid 94054] [client 54.169.175.127:0] script '/domains/egmaweb/i.php' not found or unable to stat
[Fri Jan 09 07:23:21.941241 2026] [php:error] [pid 94058] [client 54.169.175.127:0] script '/domains/egmaweb/configuration.php' not found or unable to stat
[Fri Jan 09 07:23:34.273069 2026] [php:error] [pid 94069] [client 178.62.105.220:0] script '/domains/awciii/0.php' not found or unable to stat
[Fri Jan 09 07:23:34.357153 2026] [php:error] [pid 94069] [client 178.62.105.220:0] script '/domains/awciii/wts.php' not found or unable to stat
[Fri Jan 09 07:23:34.441593 2026] [php:error] [pid 94069] [client 178.62.105.220:0] script '/domains/awciii/01.php' not found or unable to stat
[Fri Jan 09 07:23:34.524931 2026] [php:error] [pid 94069] [client 178.62.105.220:0] script '/domains/awciii/02.php' not found or unable to stat
[Fri Jan 09 07:23:34.608575 2026] [php:error] [pid 94069] [client 178.62.105.220:0] script '/domains/awciii/99.php' not found or unable to stat
[Fri Jan 09 07:23:34.692488 2026] [php:error] [pid 94069] [client 178.62.105.220:0] script '/domains/awciii/s1.php' not found or unable to stat
[Fri Jan 09 07:23:34.775164 2026] [php:error] [pid 94069] [client 178.62.105.220:0] script '/domains/awciii/s2.php' not found or unable to stat
[Fri Jan 09 07:23:34.860438 2026] [php:error] [pid 94069] [client 178.62.105.220:0] script '/domains/awciii/s3.php' not found or unable to stat
[Fri Jan 09 07:23:34.944143 2026] [php:error] [pid 94069] [client 178.62.105.220:0] script '/domains/awciii/s99.php' not found or unable to stat
[Fri Jan 09 07:23:35.027851 2026] [php:error] [pid 94069] [client 178.62.105.220:0] script '/domains/awciii/c99.php' not found or unable to stat
[Fri Jan 09 07:23:35.110967 2026] [php:error] [pid 94069] [client 178.62.105.220:0] script '/domains/awciii/al.php' not found or unable to stat
[Fri Jan 09 07:23:35.194250 2026] [php:error] [pid 94069] [client 178.62.105.220:0] script '/domains/awciii/dj.php' not found or unable to stat
[Fri Jan 09 07:23:35.277363 2026] [php:error] [pid 94069] [client 178.62.105.220:0] script '/domains/awciii/1x.php' not found or unable to stat
[Fri Jan 09 07:23:35.360617 2026] [php:error] [pid 94069] [client 178.62.105.220:0] script '/domains/awciii/jox.php' not found or unable to stat
[Fri Jan 09 07:23:35.443824 2026] [php:error] [pid 94069] [client 178.62.105.220:0] script '/domains/awciii/aa.php' not found or unable to stat
[Fri Jan 09 07:23:35.526872 2026] [php:error] [pid 94069] [client 178.62.105.220:0] script '/domains/awciii/ac.php' not found or unable to stat
[Fri Jan 09 07:23:35.611057 2026] [php:error] [pid 94069] [client 178.62.105.220:0] script '/domains/awciii/a1.php' not found or unable to stat
[Fri Jan 09 07:23:35.694519 2026] [php:error] [pid 94069] [client 178.62.105.220:0] script '/domains/awciii/alf.php' not found or unable to stat
[Fri Jan 09 07:23:35.778077 2026] [php:error] [pid 94069] [client 178.62.105.220:0] script '/domains/awciii/alfa.php' not found or unable to stat
[Fri Jan 09 07:23:35.945443 2026] [php:error] [pid 94069] [client 178.62.105.220:0] script '/domains/awciii/alfac.php' not found or unable to stat
[Fri Jan 09 07:23:36.031734 2026] [php:error] [pid 94069] [client 178.62.105.220:0] script '/domains/awciii/alfxx.php' not found or unable to stat
[Fri Jan 09 07:23:36.112168 2026] [php:error] [pid 94070] [client 54.169.175.127:0] script '/domains/egmaweb/debug.php' not found or unable to stat
[Fri Jan 09 07:23:36.114911 2026] [php:error] [pid 94069] [client 178.62.105.220:0] script '/domains/awciii/alfax.php' not found or unable to stat
[Fri Jan 09 07:23:36.198425 2026] [php:error] [pid 94069] [client 178.62.105.220:0] script '/domains/awciii/alfaxx.php' not found or unable to stat
[Fri Jan 09 07:23:36.282355 2026] [php:error] [pid 94069] [client 178.62.105.220:0] script '/domains/awciii/alpa.php' not found or unable to stat
[Fri Jan 09 07:23:36.367058 2026] [php:error] [pid 94069] [client 178.62.105.220:0] script '/domains/awciii/mydb.php' not found or unable to stat
[Fri Jan 09 07:23:36.450054 2026] [php:error] [pid 94069] [client 178.62.105.220:0] script '/domains/awciii/ex.php' not found or unable to stat
[Fri Jan 09 07:23:36.534178 2026] [php:error] [pid 94069] [client 178.62.105.220:0] script '/domains/awciii/zu.php' not found or unable to stat
[Fri Jan 09 07:23:36.617915 2026] [php:error] [pid 94069] [client 178.62.105.220:0] script '/domains/awciii/281.php' not found or unable to stat
[Fri Jan 09 07:23:36.702831 2026] [php:error] [pid 94069] [client 178.62.105.220:0] script '/domains/awciii/wp-aa.php' not found or unable to stat
[Fri Jan 09 07:23:36.786794 2026] [php:error] [pid 94069] [client 178.62.105.220:0] script '/domains/awciii/opet.php' not found or unable to stat
[Fri Jan 09 07:23:36.852867 2026] [php:error] [pid 94074] [client 54.169.175.127:0] script '/domains/egmaweb/info2.php' not found or unable to stat
[Fri Jan 09 07:23:36.869974 2026] [php:error] [pid 94069] [client 178.62.105.220:0] script '/domains/awciii/godsend.php' not found or unable to stat
[Fri Jan 09 07:23:36.955001 2026] [php:error] [pid 94069] [client 178.62.105.220:0] script '/domains/awciii/site.php' not found or unable to stat
[Fri Jan 09 07:23:37.122149 2026] [php:error] [pid 94069] [client 178.62.105.220:0] script '/domains/awciii/moderator.php' not found or unable to stat
[Fri Jan 09 07:23:37.209519 2026] [php:error] [pid 94069] [client 178.62.105.220:0] script '/domains/awciii/shinta.php' not found or unable to stat
[Fri Jan 09 07:23:37.294340 2026] [php:error] [pid 94069] [client 178.62.105.220:0] script '/domains/awciii/rawraas.php' not found or unable to stat
[Fri Jan 09 07:23:37.378668 2026] [php:error] [pid 94069] [client 178.62.105.220:0] script '/domains/awciii/fvnky.php' not found or unable to stat
[Fri Jan 09 07:23:37.461593 2026] [php:error] [pid 94069] [client 178.62.105.220:0] script '/domains/awciii/funky.php' not found or unable to stat
[Fri Jan 09 07:23:37.545313 2026] [php:error] [pid 94069] [client 178.62.105.220:0] script '/domains/awciii/fuck.php' not found or unable to stat
[Fri Jan 09 07:23:37.587367 2026] [php:error] [pid 94064] [client 54.169.175.127:0] script '/domains/egmaweb/info1.php' not found or unable to stat
[Fri Jan 09 07:23:37.631368 2026] [php:error] [pid 94069] [client 178.62.105.220:0] script '/domains/awciii/coba.php' not found or unable to stat
[Fri Jan 09 07:23:37.715355 2026] [php:error] [pid 94069] [client 178.62.105.220:0] script '/domains/awciii/png.php' not found or unable to stat
[Fri Jan 09 07:23:37.798207 2026] [php:error] [pid 94069] [client 178.62.105.220:0] script '/domains/awciii/casper.php' not found or unable to stat
[Fri Jan 09 07:23:37.881824 2026] [php:error] [pid 94069] [client 178.62.105.220:0] script '/domains/awciii/numberv2.php' not found or unable to stat
[Fri Jan 09 07:23:37.966092 2026] [php:error] [pid 94069] [client 178.62.105.220:0] script '/domains/awciii/wp-loads.php' not found or unable to stat
[Fri Jan 09 07:23:38.049923 2026] [php:error] [pid 94069] [client 178.62.105.220:0] script '/domains/awciii/wp-trackback.php' not found or unable to stat
[Fri Jan 09 07:23:38.330574 2026] [php:error] [pid 94074] [client 54.169.175.127:0] script '/domains/egmaweb/php_info.php' not found or unable to stat
[Fri Jan 09 07:23:38.383866 2026] [php:error] [pid 94069] [client 178.62.105.220:0] script '/domains/awciii/priv.php' not found or unable to stat
[Fri Jan 09 07:23:38.467130 2026] [php:error] [pid 94069] [client 178.62.105.220:0] script '/domains/awciii/antivirus.php' not found or unable to stat
[Fri Jan 09 07:23:38.550398 2026] [php:error] [pid 94069] [client 178.62.105.220:0] script '/domains/awciii/san.php' not found or unable to stat
[Fri Jan 09 07:23:38.633139 2026] [php:error] [pid 94069] [client 178.62.105.220:0] script '/domains/awciii/alfasetan.php' not found or unable to stat
[Fri Jan 09 07:23:39.142381 2026] [php:error] [pid 94069] [client 178.62.105.220:0] script '/domains/awciii/alp.php' not found or unable to stat
[Fri Jan 09 07:23:39.225635 2026] [php:error] [pid 94069] [client 178.62.105.220:0] script '/domains/awciii/readme.php' not found or unable to stat
[Fri Jan 09 07:23:39.310684 2026] [php:error] [pid 94069] [client 178.62.105.220:0] script '/domains/awciii/paranoidhax.php' not found or unable to stat
[Fri Jan 09 07:23:40.150539 2026] [php:error] [pid 94069] [client 178.62.105.220:0] script '/domains/awciii/searcher.php' not found or unable to stat
[Fri Jan 09 07:23:40.318912 2026] [php:error] [pid 94069] [client 178.62.105.220:0] script '/domains/awciii/accdoc.php' not found or unable to stat
[Fri Jan 09 07:23:40.401952 2026] [php:error] [pid 94069] [client 178.62.105.220:0] script '/domains/awciii/class-vendor.php' not found or unable to stat
[Fri Jan 09 07:23:40.484748 2026] [php:error] [pid 94069] [client 178.62.105.220:0] script '/domains/awciii/wp-navigate.php' not found or unable to stat
[Fri Jan 09 07:23:40.568125 2026] [php:error] [pid 94069] [client 178.62.105.220:0] script '/domains/awciii/sitemaps-xml.php' not found or unable to stat
[Fri Jan 09 07:23:40.651279 2026] [php:error] [pid 94069] [client 178.62.105.220:0] script '/domains/awciii/links-opml.php' not found or unable to stat
[Fri Jan 09 07:23:40.734182 2026] [php:error] [pid 94069] [client 178.62.105.220:0] script '/domains/awciii/language.php' not found or unable to stat
[Fri Jan 09 07:23:40.817760 2026] [php:error] [pid 94069] [client 178.62.105.220:0] script '/domains/awciii/default.php' not found or unable to stat
[Fri Jan 09 07:23:40.900922 2026] [php:error] [pid 94069] [client 178.62.105.220:0] script '/domains/awciii/fierza.php' not found or unable to stat
[Fri Jan 09 07:23:40.985441 2026] [php:error] [pid 94069] [client 178.62.105.220:0] script '/domains/awciii/header.php' not found or unable to stat
[Fri Jan 09 07:23:41.069806 2026] [php:error] [pid 94069] [client 178.62.105.220:0] script '/domains/awciii/makeasmtp.php' not found or unable to stat
[Fri Jan 09 07:23:41.906157 2026] [php:error] [pid 94069] [client 178.62.105.220:0] script '/domains/awciii/wrpoliksa.php' not found or unable to stat
[Fri Jan 09 07:23:41.989231 2026] [php:error] [pid 94069] [client 178.62.105.220:0] script '/domains/awciii/zone.php' not found or unable to stat
[Fri Jan 09 07:23:42.072659 2026] [php:error] [pid 94069] [client 178.62.105.220:0] script '/domains/awciii/sila.php' not found or unable to stat
[Fri Jan 09 07:23:42.157966 2026] [php:error] [pid 94069] [client 178.62.105.220:0] script '/domains/awciii/mad.php' not found or unable to stat
[Fri Jan 09 07:23:42.241801 2026] [php:error] [pid 94069] [client 178.62.105.220:0] script '/domains/awciii/gecko.php' not found or unable to stat
[Fri Jan 09 07:23:42.326864 2026] [php:error] [pid 94069] [client 178.62.105.220:0] script '/domains/awciii/fofi.php' not found or unable to stat
[Fri Jan 09 07:23:42.410294 2026] [php:error] [pid 94069] [client 178.62.105.220:0] script '/domains/awciii/swacy.php' not found or unable to stat
[Fri Jan 09 07:23:43.130242 2026] [php:error] [pid 94057] [client 178.62.105.220:0] script '/domains/awciii/nc4r3p1.php' not found or unable to stat
[Fri Jan 09 07:23:43.228075 2026] [php:error] [pid 94057] [client 178.62.105.220:0] script '/domains/awciii/scan.php' not found or unable to stat
[Fri Jan 09 07:23:43.320493 2026] [php:error] [pid 94057] [client 178.62.105.220:0] script '/domains/awciii/shellter.php' not found or unable to stat
[Fri Jan 09 07:23:43.412028 2026] [php:error] [pid 94057] [client 178.62.105.220:0] script '/domains/awciii/edit.php' not found or unable to stat
[Fri Jan 09 07:23:43.504419 2026] [php:error] [pid 94057] [client 178.62.105.220:0] script '/domains/awciii/edit.php' not found or unable to stat
[Fri Jan 09 07:23:43.595368 2026] [php:error] [pid 94057] [client 178.62.105.220:0] script '/domains/awciii/4ism3.php' not found or unable to stat
[Fri Jan 09 07:23:43.871826 2026] [php:error] [pid 94057] [client 178.62.105.220:0] script '/domains/awciii/class-wp-block-supports.php' not found or unable to stat
[Fri Jan 09 07:23:43.965034 2026] [php:error] [pid 94057] [client 178.62.105.220:0] script '/domains/awciii/blog-header.php' not found or unable to stat
[Fri Jan 09 07:23:44.240275 2026] [php:error] [pid 94057] [client 178.62.105.220:0] script '/domains/awciii/ciau.php' not found or unable to stat
[Fri Jan 09 07:23:46.637896 2026] [php:error] [pid 94057] [client 178.62.105.220:0] script '/domains/awciii/gecko.php' not found or unable to stat
[Fri Jan 09 07:23:46.913191 2026] [php:error] [pid 94057] [client 178.62.105.220:0] script '/domains/awciii/marijuana.php' not found or unable to stat
[Fri Jan 09 07:23:47.005203 2026] [php:error] [pid 94057] [client 178.62.105.220:0] script '/domains/awciii/pentes.php' not found or unable to stat
[Fri Jan 09 07:23:47.097912 2026] [php:error] [pid 94057] [client 178.62.105.220:0] script '/domains/awciii/pentester.php' not found or unable to stat
[Fri Jan 09 07:23:47.189589 2026] [php:error] [pid 94057] [client 178.62.105.220:0] script '/domains/awciii/anonsec.php' not found or unable to stat
[Fri Jan 09 07:23:47.373927 2026] [php:error] [pid 94057] [client 178.62.105.220:0] script '/domains/awciii/.anonsec.php' not found or unable to stat
[Fri Jan 09 07:23:47.560985 2026] [php:error] [pid 94057] [client 178.62.105.220:0] script '/domains/awciii/abbyp.php' not found or unable to stat
[Fri Jan 09 07:23:47.744849 2026] [php:error] [pid 94057] [client 178.62.105.220:0] script '/domains/awciii/abyp.php' not found or unable to stat
[Fri Jan 09 07:23:47.837097 2026] [php:error] [pid 94057] [client 178.62.105.220:0] script '/domains/awciii/.abyp.php' not found or unable to stat
[Fri Jan 09 07:23:48.022231 2026] [php:error] [pid 94057] [client 178.62.105.220:0] script '/domains/awciii/mini.php' not found or unable to stat
[Fri Jan 09 07:23:48.114610 2026] [php:error] [pid 94057] [client 178.62.105.220:0] script '/domains/awciii/mini_shell.php' not found or unable to stat
[Fri Jan 09 07:23:48.206132 2026] [php:error] [pid 94057] [client 178.62.105.220:0] script '/domains/awciii/Gel4y.php' not found or unable to stat
[Fri Jan 09 07:23:48.297858 2026] [php:error] [pid 94057] [client 178.62.105.220:0] script '/domains/awciii/.Gel4y.php' not found or unable to stat
[Fri Jan 09 07:23:48.481862 2026] [php:error] [pid 94057] [client 178.62.105.220:0] script '/domains/awciii/skeined.php' not found or unable to stat
[Fri Jan 09 07:23:48.576972 2026] [php:error] [pid 94057] [client 178.62.105.220:0] script '/domains/awciii/.skeined.php' not found or unable to stat
[Fri Jan 09 07:23:48.674403 2026] [php:error] [pid 94057] [client 178.62.105.220:0] script '/domains/awciii/pwn.php' not found or unable to stat
[Fri Jan 09 07:23:48.766228 2026] [php:error] [pid 94057] [client 178.62.105.220:0] script '/domains/awciii/bak.php' not found or unable to stat
[Fri Jan 09 07:23:48.858708 2026] [php:error] [pid 94057] [client 178.62.105.220:0] script '/domains/awciii/p0wny.php' not found or unable to stat
[Fri Jan 09 07:23:48.949973 2026] [php:error] [pid 94057] [client 178.62.105.220:0] script '/domains/awciii/adminnn.php' not found or unable to stat
[Fri Jan 09 07:23:49.041378 2026] [php:error] [pid 94057] [client 178.62.105.220:0] script '/domains/awciii/.pwn.php' not found or unable to stat
[Fri Jan 09 07:23:49.226209 2026] [php:error] [pid 94057] [client 178.62.105.220:0] script '/domains/awciii/.bak.php' not found or unable to stat
[Fri Jan 09 07:23:49.322021 2026] [php:error] [pid 94057] [client 178.62.105.220:0] script '/domains/awciii/.p0wny.php' not found or unable to stat
[Fri Jan 09 07:23:49.415106 2026] [php:error] [pid 94057] [client 178.62.105.220:0] script '/domains/awciii/0byt3m1n1.php' not found or unable to stat
[Fri Jan 09 07:23:49.506682 2026] [php:error] [pid 94057] [client 178.62.105.220:0] script '/domains/awciii/Wso.php' not found or unable to stat
[Fri Jan 09 07:23:49.600426 2026] [php:error] [pid 94057] [client 178.62.105.220:0] script '/domains/awciii/R57.php' not found or unable to stat
[Fri Jan 09 07:23:49.691980 2026] [php:error] [pid 94057] [client 178.62.105.220:0] script '/domains/awciii/C99.php' not found or unable to stat
[Fri Jan 09 07:23:49.786454 2026] [php:error] [pid 94057] [client 178.62.105.220:0] script '/domains/awciii/B374K.php' not found or unable to stat
[Fri Jan 09 07:23:49.882440 2026] [php:error] [pid 94057] [client 178.62.105.220:0] script '/domains/awciii/LazyShell.php' not found or unable to stat
[Fri Jan 09 07:23:49.974399 2026] [php:error] [pid 94057] [client 178.62.105.220:0] script '/domains/awciii/Sadrazam.php' not found or unable to stat
[Fri Jan 09 07:23:50.066199 2026] [php:error] [pid 94057] [client 178.62.105.220:0] script '/domains/awciii/simple.php' not found or unable to stat
[Fri Jan 09 07:23:50.157880 2026] [php:error] [pid 94057] [client 178.62.105.220:0] script '/domains/awciii/IndoXploit.php' not found or unable to stat
[Fri Jan 09 07:23:50.249579 2026] [php:error] [pid 94057] [client 178.62.105.220:0] script '/domains/awciii/Indosec.php' not found or unable to stat
[Fri Jan 09 07:23:50.341679 2026] [php:error] [pid 94057] [client 178.62.105.220:0] script '/domains/awciii/.Indosec.php' not found or unable to stat
[Fri Jan 09 07:23:50.434137 2026] [php:error] [pid 94057] [client 178.62.105.220:0] script '/domains/awciii/alfasdonat.php' not found or unable to stat
[Fri Jan 09 07:23:50.525678 2026] [php:error] [pid 94057] [client 178.62.105.220:0] script '/domains/awciii/dwqdonat.php' not found or unable to stat
[Fri Jan 09 07:23:50.617375 2026] [php:error] [pid 94057] [client 178.62.105.220:0] script '/domains/awciii/wp-blog-header.php' not found or unable to stat
[Fri Jan 09 07:23:50.708721 2026] [php:error] [pid 94057] [client 178.62.105.220:0] script '/domains/awciii/wp-crons.php' not found or unable to stat
[Fri Jan 09 07:23:50.800006 2026] [php:error] [pid 94057] [client 178.62.105.220:0] script '/domains/awciii/.wp-blog-header.php' not found or unable to stat
[Fri Jan 09 07:23:50.891730 2026] [php:error] [pid 94057] [client 178.62.105.220:0] script '/domains/awciii/.wp-crons.php' not found or unable to stat
[Fri Jan 09 07:23:50.985881 2026] [php:error] [pid 94057] [client 178.62.105.220:0] script '/domains/awciii/alfas.php' not found or unable to stat
[Fri Jan 09 07:23:51.079376 2026] [php:error] [pid 94057] [client 178.62.105.220:0] script '/domains/awciii/ite.php' not found or unable to stat
[Fri Jan 09 07:23:51.268214 2026] [php:error] [pid 94057] [client 178.62.105.220:0] script '/domains/awciii/lite-MAR.php' not found or unable to stat
[Fri Jan 09 07:23:51.360481 2026] [php:error] [pid 94057] [client 178.62.105.220:0] script '/domains/awciii/wol.php' not found or unable to stat
[Fri Jan 09 07:23:51.452586 2026] [php:error] [pid 94057] [client 178.62.105.220:0] script '/domains/awciii/admin.php' not found or unable to stat
[Fri Jan 09 07:23:51.544546 2026] [php:error] [pid 94057] [client 178.62.105.220:0] script '/domains/awciii/log.php' not found or unable to stat
[Fri Jan 09 07:23:51.728289 2026] [php:error] [pid 94057] [client 178.62.105.220:0] script '/domains/awciii/brovas.php' not found or unable to stat
[Fri Jan 09 07:23:51.820056 2026] [php:error] [pid 94057] [client 178.62.105.220:0] script '/domains/awciii/glock.php' not found or unable to stat
[Fri Jan 09 07:23:51.846640 2026] [php:error] [pid 94072] [client 54.169.175.127:0] script '/domains/egmaweb/testphp.php' not found or unable to stat
[Fri Jan 09 07:23:51.911486 2026] [php:error] [pid 94057] [client 178.62.105.220:0] script '/domains/awciii/sbpass.php' not found or unable to stat
[Fri Jan 09 07:23:52.002503 2026] [php:error] [pid 94057] [client 178.62.105.220:0] script '/domains/awciii/outline.php' not found or unable to stat
[Fri Jan 09 07:23:52.097111 2026] [php:error] [pid 94057] [client 178.62.105.220:0] script '/domains/awciii/fggg.php' not found or unable to stat
[Fri Jan 09 07:23:52.189809 2026] [php:error] [pid 94057] [client 178.62.105.220:0] script '/domains/awciii/scdc.php' not found or unable to stat
[Fri Jan 09 07:23:52.435103 2026] [php:error] [pid 94074] [client 178.62.105.220:0] script '/domains/awciii/wp-the1me.php' not found or unable to stat
[Fri Jan 09 07:23:52.518793 2026] [php:error] [pid 94074] [client 178.62.105.220:0] script '/domains/awciii/mah.php' not found or unable to stat
[Fri Jan 09 07:23:52.554105 2026] [php:error] [pid 94072] [client 54.169.175.127:0] script '/domains/egmaweb/infophp.php' not found or unable to stat
[Fri Jan 09 07:23:52.605487 2026] [php:error] [pid 94074] [client 178.62.105.220:0] script '/domains/awciii/ext.php' not found or unable to stat
[Fri Jan 09 07:23:52.689365 2026] [php:error] [pid 94074] [client 178.62.105.220:0] script '/domains/awciii/jp.php' not found or unable to stat
[Fri Jan 09 07:23:52.772626 2026] [php:error] [pid 94074] [client 178.62.105.220:0] script '/domains/awciii/content.php' not found or unable to stat
[Fri Jan 09 07:23:52.856449 2026] [php:error] [pid 94074] [client 178.62.105.220:0] script '/domains/awciii/wp-scripts.php' not found or unable to stat
[Fri Jan 09 07:23:52.940233 2026] [php:error] [pid 94074] [client 178.62.105.220:0] script '/domains/awciii/wp-l0gin.php' not found or unable to stat
[Fri Jan 09 07:23:53.023374 2026] [php:error] [pid 94074] [client 178.62.105.220:0] script '/domains/awciii/.zc.php' not found or unable to stat
[Fri Jan 09 07:23:53.109479 2026] [php:error] [pid 94074] [client 178.62.105.220:0] script '/domains/awciii/scanner.php' not found or unable to stat
[Fri Jan 09 07:23:53.194759 2026] [php:error] [pid 94074] [client 178.62.105.220:0] script '/domains/awciii/.rul.php' not found or unable to stat
[Fri Jan 09 07:23:53.265961 2026] [php:error] [pid 94057] [client 54.169.175.127:0] script '/domains/egmaweb/php-info.php' not found or unable to stat
[Fri Jan 09 07:23:53.279164 2026] [php:error] [pid 94074] [client 178.62.105.220:0] script '/domains/awciii/.wibu.php' not found or unable to stat
[Fri Jan 09 07:23:53.362627 2026] [php:error] [pid 94074] [client 178.62.105.220:0] script '/domains/awciii/lest.php' not found or unable to stat
[Fri Jan 09 07:23:53.446024 2026] [php:error] [pid 94074] [client 178.62.105.220:0] script '/domains/awciii/index.php' not found or unable to stat
[Fri Jan 09 07:23:53.529950 2026] [php:error] [pid 94074] [client 178.62.105.220:0] script '/domains/awciii/index1.php' not found or unable to stat
[Fri Jan 09 07:23:53.615628 2026] [php:error] [pid 94074] [client 178.62.105.220:0] script '/domains/awciii/index2.php' not found or unable to stat
[Fri Jan 09 07:23:53.699852 2026] [php:error] [pid 94074] [client 178.62.105.220:0] script '/domains/awciii/index4.php' not found or unable to stat
[Fri Jan 09 07:23:53.784265 2026] [php:error] [pid 94074] [client 178.62.105.220:0] script '/domains/awciii/terminal-root.php' not found or unable to stat
[Fri Jan 09 07:23:53.868985 2026] [php:error] [pid 94074] [client 178.62.105.220:0] script '/domains/awciii/lanciao.php' not found or unable to stat
[Fri Jan 09 07:23:53.952267 2026] [php:error] [pid 94064] [client 54.169.175.127:0] script '/domains/egmaweb/info_php.php' not found or unable to stat
[Fri Jan 09 07:23:53.953634 2026] [php:error] [pid 94074] [client 178.62.105.220:0] script '/domains/awciii/diare.php' not found or unable to stat
[Fri Jan 09 07:23:54.039900 2026] [php:error] [pid 94074] [client 178.62.105.220:0] script '/domains/awciii/crot.php' not found or unable to stat
[Fri Jan 09 07:23:54.123159 2026] [php:error] [pid 94074] [client 178.62.105.220:0] script '/domains/awciii/php19.php' not found or unable to stat
[Fri Jan 09 07:23:54.207286 2026] [php:error] [pid 94074] [client 178.62.105.220:0] script '/domains/awciii/sql.php' not found or unable to stat
[Fri Jan 09 07:23:54.458835 2026] [php:error] [pid 94074] [client 178.62.105.220:0] script '/domains/awciii/easytools.php' not found or unable to stat
[Fri Jan 09 07:23:54.544012 2026] [php:error] [pid 94074] [client 178.62.105.220:0] script '/domains/awciii/ddd.php' not found or unable to stat
[Fri Jan 09 07:23:54.688249 2026] [php:error] [pid 94071] [client 54.169.175.127:0] script '/domains/egmaweb/t.php' not found or unable to stat
[Fri Jan 09 07:23:55.395782 2026] [php:error] [pid 94057] [client 54.169.175.127:0] script '/domains/egmaweb/p.php' not found or unable to stat
[Fri Jan 09 07:23:55.630950 2026] [php:error] [pid 94074] [client 178.62.105.220:0] script '/domains/awciii/credits.php' not found or unable to stat
[Fri Jan 09 07:23:55.714425 2026] [php:error] [pid 94074] [client 178.62.105.220:0] script '/domains/awciii/customize.php' not found or unable to stat
[Fri Jan 09 07:23:55.799959 2026] [php:error] [pid 94074] [client 178.62.105.220:0] script '/domains/awciii/config.php' not found or unable to stat
[Fri Jan 09 07:23:55.885095 2026] [php:error] [pid 94074] [client 178.62.105.220:0] script '/domains/awciii/wp-blog-opml.php' not found or unable to stat
[Fri Jan 09 07:23:55.971728 2026] [php:error] [pid 94074] [client 178.62.105.220:0] script '/domains/awciii/edit-comments.php' not found or unable to stat
[Fri Jan 09 07:23:56.054666 2026] [php:error] [pid 94074] [client 178.62.105.220:0] script '/domains/awciii/edit.php' not found or unable to stat
[Fri Jan 09 07:23:56.102666 2026] [php:error] [pid 94076] [client 54.169.175.127:0] script '/domains/egmaweb/3.php' not found or unable to stat
[Fri Jan 09 07:23:56.137761 2026] [php:error] [pid 94074] [client 178.62.105.220:0] script '/domains/awciii/link.php' not found or unable to stat
[Fri Jan 09 07:23:56.226691 2026] [php:error] [pid 94074] [client 178.62.105.220:0] script '/domains/awciii/alb.php' not found or unable to stat
[Fri Jan 09 07:23:56.312196 2026] [php:error] [pid 94074] [client 178.62.105.220:0] script '/domains/awciii/nav-menus.php' not found or unable to stat
[Fri Jan 09 07:23:56.396104 2026] [php:error] [pid 94074] [client 178.62.105.220:0] script '/domains/awciii/network.php' not found or unable to stat
[Fri Jan 09 07:23:56.479406 2026] [php:error] [pid 94074] [client 178.62.105.220:0] script '/domains/awciii/options-discussion.php' not found or unable to stat
[Fri Jan 09 07:23:56.563376 2026] [php:error] [pid 94074] [client 178.62.105.220:0] script '/domains/awciii/users.php' not found or unable to stat
[Fri Jan 09 07:23:56.647729 2026] [php:error] [pid 94074] [client 178.62.105.220:0] script '/domains/awciii/wp-signup.php' not found or unable to stat
[Fri Jan 09 07:23:56.731209 2026] [php:error] [pid 94074] [client 178.62.105.220:0] script '/domains/awciii/options-general.php' not found or unable to stat
[Fri Jan 09 07:23:56.814717 2026] [php:error] [pid 94074] [client 178.62.105.220:0] script '/domains/awciii/checkbox.php' not found or unable to stat
[Fri Jan 09 07:23:56.824525 2026] [php:error] [pid 94071] [client 54.169.175.127:0] script '/domains/egmaweb/2.php' not found or unable to stat
[Fri Jan 09 07:23:56.897984 2026] [php:error] [pid 94074] [client 178.62.105.220:0] script '/domains/awciii/user-new.php' not found or unable to stat
[Fri Jan 09 07:23:56.981300 2026] [php:error] [pid 94074] [client 178.62.105.220:0] script '/domains/awciii/as.php' not found or unable to stat
[Fri Jan 09 07:23:57.148319 2026] [php:error] [pid 94074] [client 178.62.105.220:0] script '/domains/awciii/kiannn.php' not found or unable to stat
[Fri Jan 09 07:23:57.232350 2026] [php:error] [pid 94074] [client 178.62.105.220:0] script '/domains/awciii/PluginsHandling.inc.php' not found or unable to stat
[Fri Jan 09 07:23:57.316335 2026] [php:error] [pid 94074] [client 178.62.105.220:0] script '/domains/awciii/Options-Meta.php' not found or unable to stat
[Fri Jan 09 07:23:57.399985 2026] [php:error] [pid 94074] [client 178.62.105.220:0] script '/domains/awciii/wp-config.php' not found or unable to stat
[Fri Jan 09 07:23:57.483224 2026] [php:error] [pid 94074] [client 178.62.105.220:0] script '/domains/awciii/wolv2.php' not found or unable to stat
[Fri Jan 09 07:23:57.507730 2026] [php:error] [pid 94075] [client 54.169.175.127:0] script '/domains/egmaweb/1.php' not found or unable to stat
[Fri Jan 09 07:23:57.566470 2026] [php:error] [pid 94074] [client 178.62.105.220:0] script '/domains/awciii/adminer.php' not found or unable to stat
[Fri Jan 09 07:23:57.649970 2026] [php:error] [pid 94074] [client 178.62.105.220:0] script '/domains/awciii/303-Nothingx.php' not found or unable to stat
[Fri Jan 09 07:23:57.733703 2026] [php:error] [pid 94074] [client 178.62.105.220:0] script '/domains/awciii/nothingX.php' not found or unable to stat
[Fri Jan 09 07:23:57.817366 2026] [php:error] [pid 94074] [client 178.62.105.220:0] script '/domains/awciii/config.php' not found or unable to stat
[Fri Jan 09 07:23:57.901105 2026] [php:error] [pid 94074] [client 178.62.105.220:0] script '/domains/awciii/program.php' not found or unable to stat
[Fri Jan 09 07:23:57.983999 2026] [php:error] [pid 94074] [client 178.62.105.220:0] script '/domains/awciii/sc.php' not found or unable to stat
[Fri Jan 09 07:23:58.067677 2026] [php:error] [pid 94074] [client 178.62.105.220:0] script '/domains/awciii/.cache.php' not found or unable to stat
[Fri Jan 09 07:23:58.153583 2026] [php:error] [pid 94074] [client 178.62.105.220:0] script '/domains/awciii/.xmlrpc.php' not found or unable to stat
[Fri Jan 09 07:23:58.237710 2026] [php:error] [pid 94074] [client 178.62.105.220:0] script '/domains/awciii/.config.php' not found or unable to stat
[Fri Jan 09 07:23:58.244769 2026] [php:error] [pid 94076] [client 54.169.175.127:0] script '/domains/egmaweb/probe.php' not found or unable to stat
[Fri Jan 09 07:23:58.321005 2026] [php:error] [pid 94074] [client 178.62.105.220:0] script '/domains/awciii/boy.php' not found or unable to stat
[Fri Jan 09 07:23:58.405530 2026] [php:error] [pid 94074] [client 178.62.105.220:0] script '/domains/awciii/views.php' not found or unable to stat
[Fri Jan 09 07:23:58.489081 2026] [php:error] [pid 94074] [client 178.62.105.220:0] script '/domains/awciii/hoki.php' not found or unable to stat
[Fri Jan 09 07:23:58.574350 2026] [php:error] [pid 94074] [client 178.62.105.220:0] script '/domains/awciii/hid.php' not found or unable to stat
[Fri Jan 09 07:23:58.658227 2026] [php:error] [pid 94074] [client 178.62.105.220:0] script '/domains/awciii/sample.php' not found or unable to stat
[Fri Jan 09 07:23:58.741907 2026] [php:error] [pid 94074] [client 178.62.105.220:0] script '/domains/awciii/indexx.php' not found or unable to stat
[Fri Jan 09 07:23:58.825076 2026] [php:error] [pid 94074] [client 178.62.105.220:0] script '/domains/awciii/general.php' not found or unable to stat
[Fri Jan 09 07:23:58.909596 2026] [php:error] [pid 94074] [client 178.62.105.220:0] script '/domains/awciii/java.php' not found or unable to stat
[Fri Jan 09 07:23:58.922076 2026] [php:error] [pid 94071] [client 54.169.175.127:0] script '/domains/egmaweb/check.php' not found or unable to stat
[Fri Jan 09 07:23:58.995032 2026] [php:error] [pid 94074] [client 178.62.105.220:0] script '/domains/awciii/lite.php' not found or unable to stat
[Fri Jan 09 07:23:59.082343 2026] [php:error] [pid 94074] [client 178.62.105.220:0] script '/domains/awciii/.lite.php' not found or unable to stat
[Fri Jan 09 07:23:59.165335 2026] [php:error] [pid 94074] [client 178.62.105.220:0] script '/domains/awciii/javanese.php' not found or unable to stat
[Fri Jan 09 07:23:59.249081 2026] [php:error] [pid 94074] [client 178.62.105.220:0] script '/domains/awciii/seobarbar.php' not found or unable to stat
[Fri Jan 09 07:23:59.332536 2026] [php:error] [pid 94074] [client 178.62.105.220:0] script '/domains/awciii/php-function.php' not found or unable to stat
[Fri Jan 09 07:23:59.416372 2026] [php:error] [pid 94074] [client 178.62.105.220:0] script '/domains/awciii/sa.php' not found or unable to stat
[Fri Jan 09 07:23:59.500567 2026] [php:error] [pid 94074] [client 178.62.105.220:0] script '/domains/awciii/.hx0.php' not found or unable to stat
[Fri Jan 09 07:23:59.658673 2026] [php:error] [pid 94073] [client 54.169.175.127:0] script '/domains/egmaweb/phptest.php' not found or unable to stat
[Fri Jan 09 07:23:59.668968 2026] [php:error] [pid 94074] [client 178.62.105.220:0] script '/domains/awciii/seok.php' not found or unable to stat
[Fri Jan 09 07:23:59.753234 2026] [php:error] [pid 94074] [client 178.62.105.220:0] script '/domains/awciii/perkosa.php' not found or unable to stat
[Fri Jan 09 07:23:59.837069 2026] [php:error] [pid 94074] [client 178.62.105.220:0] script '/domains/awciii/postfs.php' not found or unable to stat
[Fri Jan 09 07:23:59.924788 2026] [php:error] [pid 94074] [client 178.62.105.220:0] script '/domains/awciii/votes.php' not found or unable to stat
[Fri Jan 09 07:24:00.008963 2026] [php:error] [pid 94074] [client 178.62.105.220:0] script '/domains/awciii/wp.php' not found or unable to stat
[Fri Jan 09 07:24:00.093340 2026] [php:error] [pid 94074] [client 178.62.105.220:0] script '/domains/awciii/kas.php' not found or unable to stat
[Fri Jan 09 07:24:00.178950 2026] [php:error] [pid 94074] [client 178.62.105.220:0] script '/domains/awciii/info.php' not found or unable to stat
[Fri Jan 09 07:24:00.263077 2026] [php:error] [pid 94074] [client 178.62.105.220:0] script '/domains/awciii/.info.php' not found or unable to stat
[Fri Jan 09 07:24:00.347497 2026] [php:error] [pid 94074] [client 178.62.105.220:0] script '/domains/awciii/alfa403.php' not found or unable to stat
[Fri Jan 09 07:24:00.402761 2026] [php:error] [pid 94058] [client 54.169.175.127:0] script '/domains/egmaweb/diagnostic.php' not found or unable to stat
[Fri Jan 09 07:24:00.431371 2026] [php:error] [pid 94074] [client 178.62.105.220:0] script '/domains/awciii/.alfa403.php' not found or unable to stat
[Fri Jan 09 07:24:00.516058 2026] [php:error] [pid 94074] [client 178.62.105.220:0] script '/domains/awciii/.index.php' not found or unable to stat
[Fri Jan 09 07:24:00.600496 2026] [php:error] [pid 94074] [client 178.62.105.220:0] script '/domains/awciii/.bypss.php' not found or unable to stat
[Fri Jan 09 07:24:00.684049 2026] [php:error] [pid 94074] [client 178.62.105.220:0] script '/domains/awciii/.byp.php' not found or unable to stat
[Fri Jan 09 07:24:00.768406 2026] [php:error] [pid 94074] [client 178.62.105.220:0] script '/domains/awciii/.bypp.php' not found or unable to stat
[Fri Jan 09 07:24:00.852762 2026] [php:error] [pid 94074] [client 178.62.105.220:0] script '/domains/awciii/.bypps.php' not found or unable to stat
[Fri Jan 09 07:24:01.096433 2026] [php:error] [pid 94075] [client 54.169.175.127:0] script '/domains/egmaweb/serverinfo.php' not found or unable to stat
[Fri Jan 09 07:24:01.105627 2026] [php:error] [pid 94076] [client 178.62.105.220:0] script '/domains/awciii/.bypass.php' not found or unable to stat
[Fri Jan 09 07:24:01.188598 2026] [php:error] [pid 94076] [client 178.62.105.220:0] script '/domains/awciii/lolalf.php' not found or unable to stat
[Fri Jan 09 07:24:01.272808 2026] [php:error] [pid 94076] [client 178.62.105.220:0] script '/domains/awciii/jembut.php' not found or unable to stat
[Fri Jan 09 07:24:01.357545 2026] [php:error] [pid 94076] [client 178.62.105.220:0] script '/domains/awciii/fileadmin.php' not found or unable to stat
[Fri Jan 09 07:24:01.443018 2026] [php:error] [pid 94076] [client 178.62.105.220:0] script '/domains/awciii/fileHandler.php' not found or unable to stat
[Fri Jan 09 07:24:01.811876 2026] [php:error] [pid 94058] [client 54.169.175.127:0] script '/domains/egmaweb/phpversion.php' not found or unable to stat
[Fri Jan 09 07:24:01.870098 2026] [php:error] [pid 94076] [client 178.62.105.220:0] script '/domains/awciii/filemanager.php' not found or unable to stat
[Fri Jan 09 07:24:02.036449 2026] [php:error] [pid 94076] [client 178.62.105.220:0] script '/domains/awciii/fileman.php' not found or unable to stat
[Fri Jan 09 07:24:02.120123 2026] [php:error] [pid 94076] [client 178.62.105.220:0] script '/domains/awciii/file.php' not found or unable to stat
[Fri Jan 09 07:24:02.378228 2026] [php:error] [pid 94076] [client 178.62.105.220:0] script '/domains/awciii/files.php' not found or unable to stat
[Fri Jan 09 07:24:02.524408 2026] [php:error] [pid 94074] [client 54.169.175.127:0] script '/domains/egmaweb/info3.php' not found or unable to stat
[Fri Jan 09 07:24:02.545537 2026] [php:error] [pid 94076] [client 178.62.105.220:0] script '/domains/awciii/fileuploader.php' not found or unable to stat
[Fri Jan 09 07:24:02.877005 2026] [php:error] [pid 94076] [client 178.62.105.220:0] script '/domains/awciii/fbi.php' not found or unable to stat
[Fri Jan 09 07:24:02.960538 2026] [php:error] [pid 94076] [client 178.62.105.220:0] script '/domains/awciii/fsh.php' not found or unable to stat
