[Fri Jan 09 07:32:13.634833 2026] [php:error] [pid 94162] [client 4.196.91.34:0] script '/domains/system_cancel/ahy66.php' not found or unable to stat
[Fri Jan 09 07:32:14.843577 2026] [php:error] [pid 94162] [client 4.196.91.34:0] script '/domains/system_cancel/xb.php' not found or unable to stat
[Fri Jan 09 07:32:15.499683 2026] [php:error] [pid 94162] [client 4.196.91.34:0] script '/domains/system_cancel/dbc.php' not found or unable to stat
[Fri Jan 09 07:32:15.725112 2026] [php:error] [pid 94162] [client 4.196.91.34:0] script '/domains/system_cancel/l10n.php' not found or unable to stat
[Fri Jan 09 07:32:15.925958 2026] [php:error] [pid 94162] [client 4.196.91.34:0] script '/domains/system_cancel/adin.php' not found or unable to stat
[Fri Jan 09 07:32:16.125921 2026] [php:error] [pid 94162] [client 4.196.91.34:0] script '/domains/system_cancel/ifm.php' not found or unable to stat
[Fri Jan 09 07:32:17.137274 2026] [php:error] [pid 94162] [client 4.196.91.34:0] script '/domains/system_cancel/az.php' not found or unable to stat
[Fri Jan 09 07:32:17.345617 2026] [php:error] [pid 94162] [client 4.196.91.34:0] script '/domains/system_cancel/x23.php' not found or unable to stat
[Fri Jan 09 07:32:17.546761 2026] [php:error] [pid 94162] [client 4.196.91.34:0] script '/domains/system_cancel/xz89.php' not found or unable to stat
[Fri Jan 09 07:32:19.817514 2026] [php:error] [pid 94162] [client 4.196.91.34:0] script '/domains/system_cancel/cwclass.php' not found or unable to stat
[Fri Jan 09 07:32:20.439903 2026] [php:error] [pid 94162] [client 4.196.91.34:0] script '/domains/system_cancel/ah24.php' not found or unable to stat
[Fri Jan 09 07:32:26.385880 2026] [php:error] [pid 94151] [client 4.196.91.34:0] script '/domains/system_cancel/atx.php' not found or unable to stat
[Fri Jan 09 07:32:28.103887 2026] [php:error] [pid 94164] [client 208.84.101.102:0] script '/domains/thuebner/xmlrpc.php' not found or unable to stat
[Fri Jan 09 07:32:28.322656 2026] [php:error] [pid 94151] [client 4.196.91.34:0] script '/domains/system_cancel/lte7.php' not found or unable to stat
[Fri Jan 09 07:32:28.525971 2026] [php:error] [pid 94151] [client 4.196.91.34:0] script '/domains/system_cancel/xa.php' not found or unable to stat
[Fri Jan 09 07:32:29.183111 2026] [php:error] [pid 94151] [client 4.196.91.34:0] script '/domains/system_cancel/xrp.php' not found or unable to stat
[Fri Jan 09 07:32:30.249904 2026] [php:error] [pid 94164] [client 4.196.91.34:0] script '/domains/system_cancel/horeg.php' not found or unable to stat
[Fri Jan 09 07:32:30.697707 2026] [php:error] [pid 94157] [client 45.148.10.158:0] script '/domains/system_default/info.php' not found or unable to stat
[Fri Jan 09 07:32:30.899408 2026] [php:error] [pid 94164] [client 4.196.91.34:0] script '/domains/system_cancel/thxt.php' not found or unable to stat
[Fri Jan 09 07:32:31.099050 2026] [php:error] [pid 94164] [client 4.196.91.34:0] script '/domains/system_cancel/tajj.php' not found or unable to stat
[Fri Jan 09 07:32:31.298426 2026] [php:error] [pid 94164] [client 4.196.91.34:0] script '/domains/system_cancel/lsd.php' not found or unable to stat
[Fri Jan 09 07:32:31.905954 2026] [php:error] [pid 94164] [client 4.196.91.34:0] script '/domains/system_cancel/ha.php' not found or unable to stat
[Fri Jan 09 07:32:32.783091 2026] [php:error] [pid 94157] [client 45.148.10.158:0] script '/domains/system_default/test.php' not found or unable to stat
[Fri Jan 09 07:32:32.996693 2026] [php:error] [pid 94164] [client 4.196.91.34:0] script '/domains/system_cancel/xcre1.php' not found or unable to stat
[Fri Jan 09 07:32:33.209406 2026] [php:error] [pid 94164] [client 4.196.91.34:0] script '/domains/system_cancel/d12.php' not found or unable to stat
[Fri Jan 09 07:32:33.479416 2026] [php:error] [pid 94164] [client 4.196.91.34:0] script '/domains/system_cancel/x0x.php' not found or unable to stat
[Fri Jan 09 07:32:34.666707 2026] [php:error] [pid 94164] [client 4.196.91.34:0] script '/domains/system_cancel/rtx.php' not found or unable to stat
[Fri Jan 09 07:32:34.773615 2026] [php:error] [pid 94157] [client 45.148.10.158:0] script '/domains/system_default/php.php' not found or unable to stat
[Fri Jan 09 07:32:35.790822 2026] [php:error] [pid 94164] [client 4.196.91.34:0] script '/domains/system_cancel/xse25.php' not found or unable to stat
[Fri Jan 09 07:32:37.028562 2026] [php:error] [pid 94164] [client 4.196.91.34:0] script '/domains/system_cancel/elp.php' not found or unable to stat
[Fri Jan 09 07:32:37.287540 2026] [php:error] [pid 94164] [client 4.196.91.34:0] script '/domains/system_cancel/ioxi-o1.php' not found or unable to stat
[Fri Jan 09 07:32:37.504519 2026] [php:error] [pid 94164] [client 4.196.91.34:0] script '/domains/system_cancel/xpass.php' not found or unable to stat
[Fri Jan 09 07:32:37.719969 2026] [php:error] [pid 94164] [client 4.196.91.34:0] script '/domains/system_cancel/x56.php' not found or unable to stat
[Fri Jan 09 07:32:37.729667 2026] [php:error] [pid 94157] [client 45.148.10.158:0] script '/domains/system_default/phpinfo.php' not found or unable to stat
[Fri Jan 09 07:32:37.919134 2026] [php:error] [pid 94164] [client 4.196.91.34:0] script '/domains/system_cancel/tx1.php' not found or unable to stat
[Fri Jan 09 07:32:38.543927 2026] [php:error] [pid 94164] [client 4.196.91.34:0] script '/domains/system_cancel/admin.php' not found or unable to stat
[Fri Jan 09 07:32:38.929627 2026] [php:error] [pid 94157] [client 45.148.10.158:0] script '/domains/system_default/i.php' not found or unable to stat
[Fri Jan 09 07:32:41.921080 2026] [php:error] [pid 94151] [client 45.148.10.158:0] script '/domains/system_default/test.php' not found or unable to stat
[Fri Jan 09 07:32:42.427123 2026] [php:error] [pid 94164] [client 4.196.91.34:0] script '/domains/system_cancel/thoms.php' not found or unable to stat
[Fri Jan 09 07:32:43.977530 2026] [php:error] [pid 94162] [client 45.148.10.158:0] script '/domains/system_default/php.php' not found or unable to stat
[Fri Jan 09 07:32:47.565581 2026] [php:error] [pid 94159] [client 45.148.10.158:0] script '/domains/system_default/i.php' not found or unable to stat
[Fri Jan 09 07:32:53.908039 2026] [php:error] [pid 94162] [client 45.148.10.158:0] script '/domains/biehlweb/phpinfo.php' not found or unable to stat
[Fri Jan 09 07:32:55.135294 2026] [php:error] [pid 94168] [client 208.84.101.251:0] script '/domains/jeffbell/xmlrpc.php' not found or unable to stat
[Fri Jan 09 07:32:55.289641 2026] [php:error] [pid 94151] [client 45.148.10.158:0] script '/domains/biehlweb/info.php' not found or unable to stat
[Fri Jan 09 07:32:58.497631 2026] [php:error] [pid 94157] [client 45.148.10.158:0] script '/domains/biehlweb/test.php' not found or unable to stat
[Fri Jan 09 07:32:59.275764 2026] [php:error] [pid 94166] [client 45.148.10.158:0] script '/domains/biehlweb/phpinfo.php' not found or unable to stat
[Fri Jan 09 07:33:00.786427 2026] [php:error] [pid 94159] [client 45.148.10.158:0] script '/domains/biehlweb/php.php' not found or unable to stat
[Fri Jan 09 07:33:01.371782 2026] [php:error] [pid 94160] [client 45.148.10.158:0] script '/domains/biehlweb/info.php' not found or unable to stat
[Fri Jan 09 07:33:01.728086 2026] [php:error] [pid 94159] [client 45.148.10.158:0] script '/domains/druckrey/phpinfo.php' not found or unable to stat
[Fri Jan 09 07:33:01.953943 2026] [php:error] [pid 94151] [client 45.148.10.158:0] script '/domains/system_default/wp-config.php.bak' not found or unable to stat
[Fri Jan 09 07:33:03.333633 2026] [php:error] [pid 94151] [client 45.148.10.158:0] script '/domains/biehlweb/test.php' not found or unable to stat
[Fri Jan 09 07:33:03.369356 2026] [php:error] [pid 94160] [client 45.148.10.158:0] script '/domains/druckrey/info.php' not found or unable to stat
[Fri Jan 09 07:33:03.858605 2026] [php:error] [pid 94176] [client 45.148.10.158:0] script '/domains/biehlweb/i.php' not found or unable to stat
[Fri Jan 09 07:33:04.930673 2026] [php:error] [pid 94160] [client 45.148.10.158:0] script '/domains/system_default/config.php.bak' not found or unable to stat
[Fri Jan 09 07:33:05.116791 2026] [php:error] [pid 94176] [client 45.148.10.158:0] script '/domains/biehlweb/php.php' not found or unable to stat
[Fri Jan 09 07:33:05.812339 2026] [php:error] [pid 94151] [client 45.148.10.158:0] script '/domains/druckrey/test.php' not found or unable to stat
[Fri Jan 09 07:33:07.979938 2026] [php:error] [pid 94176] [client 45.148.10.158:0] script '/domains/druckrey/php.php' not found or unable to stat
[Fri Jan 09 07:33:10.125212 2026] [php:error] [pid 94157] [client 45.148.10.158:0] script '/domains/biehlweb/i.php' not found or unable to stat
[Fri Jan 09 07:33:10.637244 2026] [php:error] [pid 94151] [client 45.148.10.158:0] script '/domains/system_default/wp-config.php.bak' not found or unable to stat
[Fri Jan 09 07:33:13.348592 2026] [php:error] [pid 94151] [client 45.148.10.158:0] script '/domains/druckrey/i.php' not found or unable to stat
[Fri Jan 09 07:33:15.269611 2026] [php:error] [pid 94151] [client 45.148.10.158:0] script '/domains/system_default/config.php.bak' not found or unable to stat
[Fri Jan 09 07:33:26.326728 2026] [php:error] [pid 94151] [client 45.148.10.158:0] script '/domains/system_default/configuration.php.bak' not found or unable to stat
[Fri Jan 09 07:33:27.288731 2026] [php:error] [pid 94157] [client 45.148.10.158:0] script '/domains/biehlweb/wp-config.php.bak' not found or unable to stat
[Fri Jan 09 07:33:31.694344 2026] [php:error] [pid 94157] [client 45.148.10.158:0] script '/domains/biehlweb/config.php.bak' not found or unable to stat
[Fri Jan 09 07:33:34.951350 2026] [php:error] [pid 94151] [client 45.148.10.158:0] script '/domains/system_default/configuration.php.bak' not found or unable to stat
[Fri Jan 09 07:33:36.106875 2026] [php:error] [pid 94168] [client 45.148.10.158:0] script '/domains/biehlweb/wp-config.php.bak' not found or unable to stat
[Fri Jan 09 07:33:39.383212 2026] [php:error] [pid 94157] [client 45.148.10.158:0] script '/domains/biehlweb/config.php.bak' not found or unable to stat
[Fri Jan 09 07:33:41.409143 2026] [php:error] [pid 94179] [client 45.148.10.158:0] script '/domains/druckrey/wp-config.php.bak' not found or unable to stat
[Fri Jan 09 07:33:50.660898 2026] [php:error] [pid 94181] [client 45.148.10.158:0] script '/domains/biehlweb/configuration.php.bak' not found or unable to stat
[Fri Jan 09 07:34:00.115718 2026] [php:error] [pid 94179] [client 45.148.10.158:0] script '/domains/biehlweb/configuration.php.bak' not found or unable to stat
[Fri Jan 09 07:34:09.803385 2026] [php:error] [pid 94181] [client 45.148.10.158:0] script '/domains/druckrey/configuration.php.bak' not found or unable to stat
[Fri Jan 09 07:34:53.437162 2026] [php:error] [pid 94194] [client 45.148.10.158:0] script '/domains/druckrey/info.php' not found or unable to stat
[Fri Jan 09 07:34:55.914570 2026] [php:error] [pid 94194] [client 45.148.10.158:0] script '/domains/druckrey/test.php' not found or unable to stat
[Fri Jan 09 07:34:57.119835 2026] [php:error] [pid 94188] [client 45.148.10.158:0] script '/domains/druckrey/php.php' not found or unable to stat
[Fri Jan 09 07:35:01.204401 2026] [php:error] [pid 94190] [client 45.148.10.158:0] script '/domains/druckrey/i.php' not found or unable to stat
[Fri Jan 09 07:35:12.702396 2026] [php:error] [pid 94197] [client 40.113.19.56:0] script '/domains/system_default/aa.php' not found or unable to stat
[Fri Jan 09 07:35:12.770178 2026] [php:error] [pid 94197] [client 40.113.19.56:0] script '/domains/system_default/av.php' not found or unable to stat
[Fri Jan 09 07:35:12.838164 2026] [php:error] [pid 94197] [client 40.113.19.56:0] script '/domains/system_default/adminfuns.php' not found or unable to stat
[Fri Jan 09 07:35:12.905984 2026] [php:error] [pid 94197] [client 40.113.19.56:0] script '/domains/system_default/1.php' not found or unable to stat
[Fri Jan 09 07:35:13.042789 2026] [php:error] [pid 94197] [client 40.113.19.56:0] script '/domains/system_default/admin.php' not found or unable to stat
[Fri Jan 09 07:35:13.110779 2026] [php:error] [pid 94197] [client 40.113.19.56:0] script '/domains/system_default/system.php' not found or unable to stat
[Fri Jan 09 07:35:13.178621 2026] [php:error] [pid 94197] [client 40.113.19.56:0] script '/domains/system_default/edit.php' not found or unable to stat
[Fri Jan 09 07:35:13.246501 2026] [php:error] [pid 94197] [client 40.113.19.56:0] script '/domains/system_default/inc.php' not found or unable to stat
[Fri Jan 09 07:35:13.314611 2026] [php:error] [pid 94197] [client 40.113.19.56:0] script '/domains/system_default/item.php' not found or unable to stat
[Fri Jan 09 07:35:13.450979 2026] [php:error] [pid 94197] [client 40.113.19.56:0] script '/domains/system_default/alfa.php' not found or unable to stat
[Fri Jan 09 07:35:13.518887 2026] [php:error] [pid 94197] [client 40.113.19.56:0] script '/domains/system_default/log.php' not found or unable to stat
[Fri Jan 09 07:35:13.599301 2026] [php:error] [pid 94197] [client 40.113.19.56:0] script '/domains/system_default/lock360.php' not found or unable to stat
[Fri Jan 09 07:35:13.670006 2026] [php:error] [pid 94197] [client 40.113.19.56:0] script '/domains/system_default/class.php' not found or unable to stat
[Fri Jan 09 07:35:13.805759 2026] [php:error] [pid 94197] [client 40.113.19.56:0] script '/domains/system_default/f.php' not found or unable to stat
[Fri Jan 09 07:35:13.941792 2026] [php:error] [pid 94197] [client 40.113.19.56:0] script '/domains/system_default/404.php' not found or unable to stat
[Fri Jan 09 07:35:14.009455 2026] [php:error] [pid 94197] [client 40.113.19.56:0] script '/domains/system_default/adminfuns.php' not found or unable to stat
[Fri Jan 09 07:35:14.145853 2026] [php:error] [pid 94197] [client 40.113.19.56:0] script '/domains/system_default/goods.php' not found or unable to stat
[Fri Jan 09 07:35:14.213844 2026] [php:error] [pid 94197] [client 40.113.19.56:0] script '/domains/system_default/hi.php' not found or unable to stat
[Fri Jan 09 07:35:14.282137 2026] [php:error] [pid 94197] [client 40.113.19.56:0] script '/domains/system_default/wp-l0gin.php' not found or unable to stat
[Fri Jan 09 07:35:14.419402 2026] [php:error] [pid 94197] [client 40.113.19.56:0] script '/domains/system_default/sadd5.php' not found or unable to stat
[Fri Jan 09 07:35:14.487323 2026] [php:error] [pid 94197] [client 40.113.19.56:0] script '/domains/system_default/xenium4.php' not found or unable to stat
[Fri Jan 09 07:35:14.555228 2026] [php:error] [pid 94197] [client 40.113.19.56:0] script '/domains/system_default/sadd5.php' not found or unable to stat
[Fri Jan 09 07:35:14.623213 2026] [php:error] [pid 94197] [client 40.113.19.56:0] script '/domains/system_default/file58.php' not found or unable to stat
[Fri Jan 09 07:35:14.690861 2026] [php:error] [pid 94197] [client 40.113.19.56:0] script '/domains/system_default/f5.php' not found or unable to stat
[Fri Jan 09 07:35:14.762347 2026] [php:error] [pid 94197] [client 40.113.19.56:0] script '/domains/system_default/ma.php' not found or unable to stat
[Fri Jan 09 07:35:14.830036 2026] [php:error] [pid 94197] [client 40.113.19.56:0] script '/domains/system_default/s1.php' not found or unable to stat
[Fri Jan 09 07:35:14.897858 2026] [php:error] [pid 94197] [client 40.113.19.56:0] script '/domains/system_default/xa.php' not found or unable to stat
[Fri Jan 09 07:35:14.965732 2026] [php:error] [pid 94197] [client 40.113.19.56:0] script '/domains/system_default/f8.php' not found or unable to stat
[Fri Jan 09 07:35:15.033810 2026] [php:error] [pid 94197] [client 40.113.19.56:0] script '/domains/system_default/flower2.php' not found or unable to stat
[Fri Jan 09 07:35:15.102110 2026] [php:error] [pid 94197] [client 40.113.19.56:0] script '/domains/system_default/000.php' not found or unable to stat
[Fri Jan 09 07:35:15.170010 2026] [php:error] [pid 94197] [client 40.113.19.56:0] script '/domains/system_default/xxxx.php' not found or unable to stat
[Fri Jan 09 07:35:15.238324 2026] [php:error] [pid 94197] [client 40.113.19.56:0] script '/domains/system_default/wen.php' not found or unable to stat
[Fri Jan 09 07:35:15.306464 2026] [php:error] [pid 94197] [client 40.113.19.56:0] script '/domains/system_default/ss1.php' not found or unable to stat
[Fri Jan 09 07:35:15.379047 2026] [php:error] [pid 94197] [client 40.113.19.56:0] script '/domains/system_default/shoyo.php' not found or unable to stat
[Fri Jan 09 07:35:15.447041 2026] [php:error] [pid 94197] [client 40.113.19.56:0] script '/domains/system_default/flower.php' not found or unable to stat
[Fri Jan 09 07:35:15.514827 2026] [php:error] [pid 94197] [client 40.113.19.56:0] script '/domains/system_default/adminfuns.php' not found or unable to stat
[Fri Jan 09 07:35:15.582608 2026] [php:error] [pid 94197] [client 40.113.19.56:0] script '/domains/system_default/file48.php' not found or unable to stat
[Fri Jan 09 07:35:15.650466 2026] [php:error] [pid 94197] [client 40.113.19.56:0] script '/domains/system_default/info.php' not found or unable to stat
[Fri Jan 09 07:35:15.718242 2026] [php:error] [pid 94197] [client 40.113.19.56:0] script '/domains/system_default/class9.php' not found or unable to stat
[Fri Jan 09 07:35:15.788221 2026] [php:error] [pid 94197] [client 40.113.19.56:0] script '/domains/system_default/bless11.php' not found or unable to stat
[Fri Jan 09 07:35:15.856974 2026] [php:error] [pid 94197] [client 40.113.19.56:0] script '/domains/system_default/class.php' not found or unable to stat
[Fri Jan 09 07:35:15.924788 2026] [php:error] [pid 94197] [client 40.113.19.56:0] script '/domains/system_default/bless5.php' not found or unable to stat
[Fri Jan 09 07:35:15.992700 2026] [php:error] [pid 94197] [client 40.113.19.56:0] script '/domains/system_default/lock360.php' not found or unable to stat
[Fri Jan 09 07:35:16.060447 2026] [php:error] [pid 94197] [client 40.113.19.56:0] script '/domains/system_default/f35.php' not found or unable to stat
[Fri Jan 09 07:35:16.128271 2026] [php:error] [pid 94197] [client 40.113.19.56:0] script '/domains/system_default/gg.php' not found or unable to stat
[Fri Jan 09 07:35:16.196225 2026] [php:error] [pid 94197] [client 40.113.19.56:0] script '/domains/system_default/ar.php' not found or unable to stat
[Fri Jan 09 07:35:16.264176 2026] [php:error] [pid 94197] [client 40.113.19.56:0] script '/domains/system_default/alfa.php' not found or unable to stat
[Fri Jan 09 07:35:16.333535 2026] [php:error] [pid 94197] [client 40.113.19.56:0] script '/domains/system_default/classwithtostring.php' not found or unable to stat
[Fri Jan 09 07:35:16.411837 2026] [php:error] [pid 94197] [client 40.113.19.56:0] script '/domains/system_default/abcd.php' not found or unable to stat
[Fri Jan 09 07:35:16.479926 2026] [php:error] [pid 94197] [client 40.113.19.56:0] script '/domains/system_default/admin.php' not found or unable to stat
[Fri Jan 09 07:35:16.547727 2026] [php:error] [pid 94197] [client 40.113.19.56:0] script '/domains/system_default/ioxi-o.php' not found or unable to stat
[Fri Jan 09 07:35:16.618452 2026] [php:error] [pid 94197] [client 40.113.19.56:0] script '/domains/system_default/css.php' not found or unable to stat
[Fri Jan 09 07:35:16.687185 2026] [php:error] [pid 94197] [client 40.113.19.56:0] script '/domains/system_default/222.php' not found or unable to stat
[Fri Jan 09 07:35:16.755456 2026] [php:error] [pid 94197] [client 40.113.19.56:0] script '/domains/system_default/class19.php' not found or unable to stat
[Fri Jan 09 07:35:16.827499 2026] [php:error] [pid 94197] [client 40.113.19.56:0] script '/domains/system_default/class20.php' not found or unable to stat
[Fri Jan 09 07:35:16.895658 2026] [php:error] [pid 94197] [client 40.113.19.56:0] script '/domains/system_default/admin.php' not found or unable to stat
[Fri Jan 09 07:35:16.963652 2026] [php:error] [pid 94197] [client 40.113.19.56:0] script '/domains/system_default/css.php' not found or unable to stat
[Fri Jan 09 07:35:17.035062 2026] [php:error] [pid 94197] [client 40.113.19.56:0] script '/domains/system_default/wsd.php' not found or unable to stat
[Fri Jan 09 07:35:17.103503 2026] [php:error] [pid 94197] [client 40.113.19.56:0] script '/domains/system_default/gtc.php' not found or unable to stat
[Fri Jan 09 07:35:17.182774 2026] [php:error] [pid 94197] [client 40.113.19.56:0] script '/domains/system_default/xtride.php' not found or unable to stat
[Fri Jan 09 07:35:17.251002 2026] [php:error] [pid 94197] [client 40.113.19.56:0] script '/domains/system_default/s11.php' not found or unable to stat
[Fri Jan 09 07:35:17.318980 2026] [php:error] [pid 94197] [client 40.113.19.56:0] script '/domains/system_default/goat.php' not found or unable to stat
[Fri Jan 09 07:35:17.386919 2026] [php:error] [pid 94197] [client 40.113.19.56:0] script '/domains/system_default/wsvvs.php' not found or unable to stat
[Fri Jan 09 07:35:17.454908 2026] [php:error] [pid 94197] [client 40.113.19.56:0] script '/domains/system_default/f6.php' not found or unable to stat
[Fri Jan 09 07:35:17.525245 2026] [php:error] [pid 94197] [client 40.113.19.56:0] script '/domains/system_default/lyy.php' not found or unable to stat
[Fri Jan 09 07:35:17.593239 2026] [php:error] [pid 94197] [client 40.113.19.56:0] script '/domains/system_default/galex.php' not found or unable to stat
[Fri Jan 09 07:35:17.660889 2026] [php:error] [pid 94197] [client 40.113.19.56:0] script '/domains/system_default/inputs.php' not found or unable to stat
[Fri Jan 09 07:35:17.737454 2026] [php:error] [pid 94197] [client 40.113.19.56:0] script '/domains/system_default/about.php' not found or unable to stat
[Fri Jan 09 07:35:17.805637 2026] [php:error] [pid 94197] [client 40.113.19.56:0] script '/domains/system_default/pp.php' not found or unable to stat
[Fri Jan 09 07:35:17.873976 2026] [php:error] [pid 94197] [client 40.113.19.56:0] script '/domains/system_default/files.php' not found or unable to stat
[Fri Jan 09 07:35:18.622928 2026] [php:error] [pid 94197] [client 40.113.19.56:0] script '/domains/system_default/ac.php' not found or unable to stat
[Fri Jan 09 07:35:18.691543 2026] [php:error] [pid 94197] [client 40.113.19.56:0] script '/domains/system_default/bel.php' not found or unable to stat
[Fri Jan 09 07:35:18.902395 2026] [php:error] [pid 94197] [client 40.113.19.56:0] script '/domains/system_default/shell20211028.php' not found or unable to stat
[Fri Jan 09 07:35:19.176595 2026] [php:error] [pid 94188] [client 40.113.19.56:0] script '/domains/system_default/bras.php' not found or unable to stat
[Fri Jan 09 07:35:19.244984 2026] [php:error] [pid 94188] [client 40.113.19.56:0] script '/domains/system_default/vv.php' not found or unable to stat
[Fri Jan 09 07:35:19.312607 2026] [php:error] [pid 94188] [client 40.113.19.56:0] script '/domains/system_default/xe.php' not found or unable to stat
[Fri Jan 09 07:35:19.381869 2026] [php:error] [pid 94188] [client 40.113.19.56:0] script '/domains/system_default/bipas.php' not found or unable to stat
[Fri Jan 09 07:35:19.450773 2026] [php:error] [pid 94188] [client 40.113.19.56:0] script '/domains/system_default/xb.php' not found or unable to stat
[Fri Jan 09 07:35:19.522836 2026] [php:error] [pid 94188] [client 40.113.19.56:0] script '/domains/system_default/cx.php' not found or unable to stat
[Fri Jan 09 07:35:19.599058 2026] [php:error] [pid 94188] [client 40.113.19.56:0] script '/domains/system_default/x.php' not found or unable to stat
[Fri Jan 09 07:35:19.666703 2026] [php:error] [pid 94188] [client 40.113.19.56:0] script '/domains/system_default/xx.php' not found or unable to stat
[Fri Jan 09 07:35:19.734628 2026] [php:error] [pid 94188] [client 40.113.19.56:0] script '/domains/system_default/0x0x.php' not found or unable to stat
[Fri Jan 09 07:35:19.802739 2026] [php:error] [pid 94188] [client 40.113.19.56:0] script '/domains/system_default/xrr.php' not found or unable to stat
[Fri Jan 09 07:35:19.870793 2026] [php:error] [pid 94188] [client 40.113.19.56:0] script '/domains/system_default/xtt.php' not found or unable to stat
[Fri Jan 09 07:35:19.940020 2026] [php:error] [pid 94188] [client 40.113.19.56:0] script '/domains/system_default/gi.php' not found or unable to stat
[Fri Jan 09 07:35:20.008116 2026] [php:error] [pid 94188] [client 40.113.19.56:0] script '/domains/system_default/nov.php' not found or unable to stat
[Fri Jan 09 07:35:20.075958 2026] [php:error] [pid 94188] [client 40.113.19.56:0] script '/domains/system_default/xo.php' not found or unable to stat
[Fri Jan 09 07:35:20.153531 2026] [php:error] [pid 94188] [client 40.113.19.56:0] script '/domains/system_default/new4.php' not found or unable to stat
[Fri Jan 09 07:35:20.221258 2026] [php:error] [pid 94188] [client 40.113.19.56:0] script '/domains/system_default/des.php' not found or unable to stat
[Fri Jan 09 07:35:20.290049 2026] [php:error] [pid 94188] [client 40.113.19.56:0] script '/domains/system_default/ext.php' not found or unable to stat
[Fri Jan 09 07:35:20.836583 2026] [php:error] [pid 94188] [client 40.113.19.56:0] script '/domains/system_default/ant.php' not found or unable to stat
[Fri Jan 09 07:35:20.919405 2026] [php:error] [pid 94188] [client 40.113.19.56:0] script '/domains/system_default/da222.php' not found or unable to stat
[Fri Jan 09 07:35:20.987188 2026] [php:error] [pid 94188] [client 40.113.19.56:0] script '/domains/system_default/gec.php' not found or unable to stat
[Fri Jan 09 07:35:21.055355 2026] [php:error] [pid 94188] [client 40.113.19.56:0] script '/domains/system_default/batmplus.php' not found or unable to stat
[Fri Jan 09 07:35:21.123436 2026] [php:error] [pid 94188] [client 40.113.19.56:0] script '/domains/system_default/file.php' not found or unable to stat
[Fri Jan 09 07:35:23.621001 2026] [php:error] [pid 94200] [client 45.148.10.158:0] script '/domains/druckrey/wp-config.php.bak' not found or unable to stat
[Fri Jan 09 07:35:25.971953 2026] [php:error] [pid 94194] [client 208.84.101.102:0] script '/domains/kandg-pc/xmlrpc.php' not found or unable to stat
[Fri Jan 09 07:35:27.666499 2026] [php:error] [pid 94187] [client 45.148.10.158:0] script '/domains/druckrey/config.php.bak' not found or unable to stat
[Fri Jan 09 07:35:43.914006 2026] [php:error] [pid 94194] [client 45.148.10.158:0] script '/domains/druckrey/configuration.php.bak' not found or unable to stat
[Fri Jan 09 07:36:16.115705 2026] [php:error] [pid 94201] [client 208.84.101.251:0] script '/domains/jrp.interport/xmlrpc.php' not found or unable to stat
[Fri Jan 09 07:36:36.370719 2026] [php:error] [pid 94208] [client 145.239.10.137:0] script '/domains/supolo/ss.php' not found or unable to stat, referer: http://supolo.com/ss.php
[Fri Jan 09 07:37:41.505703 2026] [php:error] [pid 94225] [client 45.148.10.158:0] script '/domains/viamonte3/phpinfo.php' not found or unable to stat
[Fri Jan 09 07:37:43.668828 2026] [php:error] [pid 94217] [client 45.148.10.158:0] script '/domains/viamonte3/info.php' not found or unable to stat
[Fri Jan 09 07:37:45.913398 2026] [php:error] [pid 94225] [client 45.148.10.158:0] script '/domains/viamonte3/test.php' not found or unable to stat
[Fri Jan 09 07:37:47.589524 2026] [php:error] [pid 94215] [client 45.148.10.158:0] script '/domains/viamonte3/php.php' not found or unable to stat
[Fri Jan 09 07:37:52.989399 2026] [php:error] [pid 94220] [client 45.148.10.158:0] script '/domains/viamonte3/i.php' not found or unable to stat
[Fri Jan 09 07:38:21.368905 2026] [php:error] [pid 94229] [client 45.148.10.158:0] script '/domains/viamonte3/wp-config.php.bak' not found or unable to stat
[Fri Jan 09 07:38:25.765841 2026] [php:error] [pid 94233] [client 45.148.10.158:0] script '/domains/viamonte3/config.php.bak' not found or unable to stat
[Fri Jan 09 07:38:59.188809 2026] [php:error] [pid 94231] [client 163.245.193.158:0] script '/domains/emsco1/about.php' not found or unable to stat
[Fri Jan 09 07:39:02.422850 2026] [php:error] [pid 94229] [client 163.245.193.158:0] script '/domains/emsco1/contact.php' not found or unable to stat
[Fri Jan 09 07:39:18.923557 2026] [php:error] [pid 94244] [client 163.245.193.158:0] script '/domains/emsco1/connect.php' not found or unable to stat
[Fri Jan 09 07:39:26.231712 2026] [php:error] [pid 94244] [client 45.148.10.158:0] script '/domains/viamonte3/phpinfo.php' not found or unable to stat
[Fri Jan 09 07:39:27.818432 2026] [php:error] [pid 94245] [client 45.148.10.158:0] script '/domains/viamonte3/info.php' not found or unable to stat
[Fri Jan 09 07:39:31.919521 2026] [php:error] [pid 94236] [client 45.148.10.158:0] script '/domains/viamonte3/php.php' not found or unable to stat
[Fri Jan 09 07:39:34.563979 2026] [php:error] [pid 94236] [client 45.148.10.158:0] script '/domains/viamonte3/i.php' not found or unable to stat
[Fri Jan 09 07:39:44.664944 2026] [php:error] [pid 94244] [client 145.239.10.137:0] script '/domains/covertcomic/404.php' not found or unable to stat, referer: http://www.covertcomic.com/404.php
[Fri Jan 09 07:39:57.628124 2026] [php:error] [pid 94248] [client 1.117.221.69:0] script '/domains/hofficer1/index.php' not found or unable to stat
[Fri Jan 09 07:39:59.863017 2026] [php:error] [pid 94248] [client 45.148.10.158:0] script '/domains/viamonte3/config.php.bak' not found or unable to stat
[Fri Jan 09 07:40:01.268164 2026] [php:error] [pid 94246] [client 1.117.221.69:0] script '/domains/hofficer1/index.php' not found or unable to stat
[Fri Jan 09 07:40:17.049120 2026] [php:error] [pid 94246] [client 45.148.10.158:0] script '/domains/viamonte3/configuration.php.bak' not found or unable to stat
[Fri Jan 09 07:41:48.254496 2026] [php:error] [pid 94263] [client 45.148.10.160:0] script '/domains/jaspen/phpinfo.php' not found or unable to stat
[Fri Jan 09 07:42:44.493741 2026] [php:error] [pid 94276] [client 45.148.10.160:0] script '/domains/jaspen/_phpinfo.php' not found or unable to stat
[Fri Jan 09 07:43:17.319716 2026] [authz_core:error] [pid 94295] [client 162.216.16.109:0] AH01630: client denied by server configuration: /
[Fri Jan 09 07:43:23.344913 2026] [authz_core:error] [pid 94318] [client 162.216.16.109:0] AH01630: client denied by server configuration: /
[Fri Jan 09 07:43:23.559861 2026] [php:error] [pid 94292] [client 162.216.16.109:0] script '/domains/biehlweb/login.php' not found or unable to stat
[Fri Jan 09 07:43:24.382891 2026] [php:error] [pid 94306] [client 162.216.16.109:0] script '/domains/biehlweb/login.php' not found or unable to stat
[Fri Jan 09 07:43:24.386782 2026] [cgi:error] [pid 94310] [client 162.216.16.109:0] AH02811: stderr from /domains/biehlweb/cgi-bin/info.cgi: script not found or unable to stat
[Fri Jan 09 07:43:24.491526 2026] [cgi:error] [pid 94290] [client 162.216.16.109:0] AH02811: stderr from /domains/biehlweb/cgi-bin/info.cgi: script not found or unable to stat
[Fri Jan 09 07:43:24.959182 2026] [cgi:error] [pid 94297] [client 162.216.16.109:0] AH02811: stderr from /domains/biehlweb/cgi-bin/param.cgi: script not found or unable to stat
[Fri Jan 09 07:43:25.115810 2026] [cgi:error] [pid 94306] [client 162.216.16.109:0] AH02811: stderr from /domains/biehlweb/cgi-bin/param.cgi: script not found or unable to stat
[Fri Jan 09 07:43:25.585751 2026] [cgi:error] [pid 94295] [client 162.216.16.109:0] AH02811: stderr from /domains/biehlweb/webportal.cgi: script not found or unable to stat
[Fri Jan 09 07:43:25.686932 2026] [cgi:error] [pid 94302] [client 162.216.16.109:0] AH02811: stderr from /domains/biehlweb/cgi-bin/authLogin.cgi: script not found or unable to stat
[Fri Jan 09 07:43:25.849103 2026] [cgi:error] [pid 94294] [client 162.216.16.109:0] AH02811: stderr from /domains/biehlweb/webportal.cgi: script not found or unable to stat
[Fri Jan 09 07:43:25.951425 2026] [cgi:error] [pid 94297] [client 162.216.16.109:0] AH02811: stderr from /domains/biehlweb/cgi-bin/authLogin.cgi: script not found or unable to stat
[Fri Jan 09 07:43:26.939743 2026] [cgi:error] [pid 94311] [client 162.216.16.109:0] AH02811: stderr from /domains/biehlweb/cgi-bin/meteobridge.cgi: script not found or unable to stat
[Fri Jan 09 07:43:27.093858 2026] [cgi:error] [pid 94292] [client 162.216.16.109:0] AH02811: stderr from /domains/biehlweb/cgi-bin/meteobridge.cgi: script not found or unable to stat
[Fri Jan 09 07:43:27.256808 2026] [cgi:error] [pid 94290] [client 162.216.16.109:0] AH02811: stderr from /domains/biehlweb/cgi-bin/getagent.cgi: script not found or unable to stat
[Fri Jan 09 07:43:27.408965 2026] [cgi:error] [pid 94294] [client 162.216.16.109:0] AH02811: stderr from /domains/biehlweb/cgi-bin/getagent.cgi: script not found or unable to stat
[Fri Jan 09 07:43:27.899398 2026] [authz_core:error] [pid 94305] [client 162.216.16.109:0] AH01630: client denied by server configuration: /
[Fri Jan 09 07:43:27.899594 2026] [authz_core:error] [pid 94308] [client 162.216.16.109:0] AH01630: client denied by server configuration: /
[Fri Jan 09 07:43:49.305631 2026] [php:error] [pid 94294] [client 194.163.150.79:0] script '/domains/system_suspended/wp-login.php' not found or unable to stat
[Fri Jan 09 07:43:50.573834 2026] [php:error] [pid 94295] [client 194.163.150.79:0] script '/domains/system_suspended/wp-login.php' not found or unable to stat
[Fri Jan 09 07:44:07.951982 2026] [php:error] [pid 94294] [client 45.148.10.160:0] script '/domains/jaspen/wp-config.php.bak' not found or unable to stat
[Fri Jan 09 07:44:08.087899 2026] [php:error] [pid 94294] [client 45.148.10.160:0] script '/domains/jaspen/info.php' not found or unable to stat
[Fri Jan 09 07:44:09.690524 2026] [php:error] [pid 94294] [client 45.148.10.160:0] script '/domains/jaspen/server_info.php' not found or unable to stat
[Fri Jan 09 07:44:09.806464 2026] [php:error] [pid 94294] [client 45.148.10.160:0] script '/domains/jaspen/app_dev.php' not found or unable to stat
[Fri Jan 09 07:44:09.916671 2026] [php:error] [pid 94294] [client 45.148.10.160:0] script '/domains/jaspen/test.php' not found or unable to stat
[Fri Jan 09 07:44:10.035730 2026] [access_compat:error] [pid 94294] [client 45.148.10.160:0] AH01797: client denied by server configuration: /domains/jaspen/server-info
[Fri Jan 09 07:44:10.160137 2026] [php:error] [pid 94294] [client 45.148.10.160:0] script '/domains/jaspen/server-info.php' not found or unable to stat
[Fri Jan 09 07:45:13.465012 2026] [php:error] [pid 42] [client 182.48.228.65:0] script '/domains/lover/xmlrpc.php' not found or unable to stat
[Fri Jan 09 07:45:42.891819 2026] [php:error] [pid 94271] [client 45.148.10.158:0] script '/domains/efusion1/phpinfo.php' not found or unable to stat
[Fri Jan 09 07:45:46.194406 2026] [php:error] [pid 99973] [client 45.148.10.158:0] script '/domains/efusion1/info.php' not found or unable to stat
[Fri Jan 09 07:45:54.939238 2026] [php:error] [pid 31] [client 45.148.10.158:0] script '/domains/efusion1/i.php' not found or unable to stat
[Fri Jan 09 07:46:28.096360 2026] [php:error] [pid 38] [client 45.148.10.158:0] script '/domains/efusion1/wp-config.php.bak' not found or unable to stat
[Fri Jan 09 07:46:33.097566 2026] [php:error] [pid 99973] [client 45.148.10.158:0] script '/domains/efusion1/config.php.bak' not found or unable to stat
[Fri Jan 09 07:46:58.995196 2026] [php:error] [pid 38] [client 45.148.10.158:0] script '/domains/efusion1/configuration.php.bak' not found or unable to stat
[Fri Jan 09 07:48:27.766872 2026] [php:error] [pid 101] [client 195.178.110.132:0] script '/domains/pauljbrock/wp-config.php' not found or unable to stat
[Fri Jan 09 07:48:27.844834 2026] [php:error] [pid 101] [client 195.178.110.132:0] script '/domains/pauljbrock/wp-config.php.old' not found or unable to stat
[Fri Jan 09 07:48:27.947232 2026] [php:error] [pid 101] [client 195.178.110.132:0] script '/domains/pauljbrock/config.php' not found or unable to stat
[Fri Jan 09 07:48:28.024945 2026] [php:error] [pid 101] [client 195.178.110.132:0] script '/domains/pauljbrock/config.php.bak' not found or unable to stat
[Fri Jan 09 07:48:44.786040 2026] [php:error] [pid 97] [client 20.89.194.119:0] script '/domains/resourceandeventweb/smklh.php' not found or unable to stat
[Fri Jan 09 07:48:44.950637 2026] [php:error] [pid 97] [client 20.89.194.119:0] script '/domains/resourceandeventweb/ws28.php' not found or unable to stat
[Fri Jan 09 07:48:45.115567 2026] [php:error] [pid 97] [client 20.89.194.119:0] script '/domains/resourceandeventweb/X7x.php' not found or unable to stat
[Fri Jan 09 07:48:45.280105 2026] [php:error] [pid 97] [client 20.89.194.119:0] script '/domains/resourceandeventweb/100.kb.php' not found or unable to stat
[Fri Jan 09 07:48:45.474598 2026] [php:error] [pid 97] [client 20.89.194.119:0] script '/domains/resourceandeventweb/new.php' not found or unable to stat
[Fri Jan 09 07:48:45.817629 2026] [php:error] [pid 97] [client 20.89.194.119:0] script '/domains/resourceandeventweb/num.php' not found or unable to stat
[Fri Jan 09 07:48:45.993503 2026] [php:error] [pid 97] [client 20.89.194.119:0] script '/domains/resourceandeventweb/re.php' not found or unable to stat
[Fri Jan 09 07:48:46.210487 2026] [php:error] [pid 97] [client 20.89.194.119:0] script '/domains/resourceandeventweb/ahax.php' not found or unable to stat
[Fri Jan 09 07:48:46.375888 2026] [php:error] [pid 97] [client 20.89.194.119:0] script '/domains/resourceandeventweb/new4.php' not found or unable to stat
[Fri Jan 09 07:48:46.551347 2026] [php:error] [pid 97] [client 20.89.194.119:0] script '/domains/resourceandeventweb/JPG.php' not found or unable to stat
[Fri Jan 09 07:48:46.717456 2026] [php:error] [pid 97] [client 20.89.194.119:0] script '/domains/resourceandeventweb/ws35.php' not found or unable to stat
[Fri Jan 09 07:48:46.882240 2026] [php:error] [pid 97] [client 20.89.194.119:0] script '/domains/resourceandeventweb/rzki.php' not found or unable to stat
[Fri Jan 09 07:48:47.732814 2026] [php:error] [pid 97] [client 20.89.194.119:0] script '/domains/resourceandeventweb/oysdxc.php' not found or unable to stat
[Fri Jan 09 07:48:47.897361 2026] [php:error] [pid 97] [client 20.89.194.119:0] script '/domains/resourceandeventweb/xopvne.php' not found or unable to stat
[Fri Jan 09 07:48:48.073482 2026] [php:error] [pid 97] [client 20.89.194.119:0] script '/domains/resourceandeventweb/moie.php' not found or unable to stat
[Fri Jan 09 07:48:48.237781 2026] [php:error] [pid 97] [client 20.89.194.119:0] script '/domains/resourceandeventweb/hilk.php' not found or unable to stat
[Fri Jan 09 07:48:48.402157 2026] [php:error] [pid 97] [client 20.89.194.119:0] script '/domains/resourceandeventweb/gm.php' not found or unable to stat
[Fri Jan 09 07:48:48.864805 2026] [php:error] [pid 97] [client 20.89.194.119:0] script '/domains/resourceandeventweb/iko.php' not found or unable to stat
[Fri Jan 09 07:48:49.049007 2026] [php:error] [pid 97] [client 20.89.194.119:0] script '/domains/resourceandeventweb/hlonk.php' not found or unable to stat
[Fri Jan 09 07:48:49.279488 2026] [php:error] [pid 97] [client 20.89.194.119:0] script '/domains/resourceandeventweb/sagym.php' not found or unable to stat
[Fri Jan 09 07:48:49.467266 2026] [php:error] [pid 97] [client 20.89.194.119:0] script '/domains/resourceandeventweb/qvaaq.php' not found or unable to stat
[Fri Jan 09 07:48:49.641360 2026] [php:error] [pid 97] [client 20.89.194.119:0] script '/domains/resourceandeventweb/content.php' not found or unable to stat
[Fri Jan 09 07:48:49.815477 2026] [php:error] [pid 97] [client 20.89.194.119:0] script '/domains/resourceandeventweb/gi.php' not found or unable to stat
[Fri Jan 09 07:48:49.980598 2026] [php:error] [pid 97] [client 20.89.194.119:0] script '/domains/resourceandeventweb/ccou.php' not found or unable to stat
[Fri Jan 09 07:48:50.145368 2026] [php:error] [pid 97] [client 20.89.194.119:0] script '/domains/resourceandeventweb/wp-freya.php' not found or unable to stat
[Fri Jan 09 07:48:50.616960 2026] [php:error] [pid 97] [client 20.89.194.119:0] script '/domains/resourceandeventweb/frg.php' not found or unable to stat
[Fri Jan 09 07:48:51.863814 2026] [php:error] [pid 110] [client 104.234.19.91:0] script '/domains/cccweb/txets.php' not found or unable to stat
[Fri Jan 09 07:48:51.865569 2026] [php:error] [pid 111] [client 104.234.19.94:0] script '/domains/system_cancel/txets.php' not found or unable to stat
[Fri Jan 09 07:48:51.867088 2026] [php:error] [pid 112] [client 216.24.219.79:0] script '/domains/aatweb/txets.php' not found or unable to stat
[Fri Jan 09 07:48:51.869390 2026] [php:error] [pid 113] [client 216.24.219.187:0] script '/domains/abtechsci/txets.php' not found or unable to stat
[Fri Jan 09 07:48:51.871075 2026] [php:error] [pid 115] [client 216.24.219.65:0] script '/domains/bruceweb/txets.php' not found or unable to stat
[Fri Jan 09 07:48:51.872224 2026] [php:error] [pid 114] [client 216.24.219.90:0] script '/domains/acagolf1/txets.php' not found or unable to stat
[Fri Jan 09 07:48:51.872824 2026] [php:error] [pid 116] [client 104.234.19.91:0] script '/domains/apunderkofler/txets.php' not found or unable to stat
[Fri Jan 09 07:48:51.873605 2026] [php:error] [pid 117] [client 216.24.219.98:0] script '/domains/system_suspended/txets.php' not found or unable to stat
[Fri Jan 09 07:48:52.915626 2026] [php:error] [pid 118] [client 216.24.219.63:0] script '/domains/amisol/txets.php' not found or unable to stat
[Fri Jan 09 07:48:52.920144 2026] [php:error] [pid 119] [client 216.24.219.99:0] script '/domains/brenties/txets.php' not found or unable to stat
[Fri Jan 09 07:48:52.923153 2026] [php:error] [pid 120] [client 216.24.219.63:0] script '/domains/system_suspended/txets.php' not found or unable to stat
[Fri Jan 09 07:48:52.926760 2026] [php:error] [pid 121] [client 216.24.219.83:0] script '/domains/rextrav/txets.php' not found or unable to stat
[Fri Jan 09 07:48:52.930718 2026] [php:error] [pid 122] [client 216.24.219.85:0] script '/domains/bfitpro2/txets.php' not found or unable to stat
[Fri Jan 09 07:48:52.930759 2026] [php:error] [pid 123] [client 216.24.219.79:0] script '/domains/astweb/txets.php' not found or unable to stat
[Fri Jan 09 07:48:52.932315 2026] [php:error] [pid 124] [client 216.24.219.187:0] script '/domains/system_suspended/txets.php' not found or unable to stat
[Fri Jan 09 07:48:52.935297 2026] [php:error] [pid 125] [client 216.24.219.82:0] script '/domains/biehlweb/txets.php' not found or unable to stat
[Fri Jan 09 07:48:52.935445 2026] [php:error] [pid 126] [client 216.24.219.107:0] script '/domains/brigadeweb/txets.php' not found or unable to stat
[Fri Jan 09 07:48:52.936110 2026] [php:error] [pid 128] [client 216.24.219.68:0] script '/domains/thuebner/txets.php' not found or unable to stat
[Fri Jan 09 07:48:52.936810 2026] [php:error] [pid 127] [client 216.24.219.188:0] script '/domains/braniff/txets.php' not found or unable to stat
[Fri Jan 09 07:48:52.939333 2026] [php:error] [pid 131] [client 216.24.219.82:0] script '/domains/byardrealestate/txets.php' not found or unable to stat
[Fri Jan 09 07:48:52.939468 2026] [php:error] [pid 130] [client 216.24.219.109:0] script '/domains/system_default/txets.php' not found or unable to stat
[Fri Jan 09 07:48:52.939475 2026] [php:error] [pid 129] [client 216.24.219.92:0] script '/domains/system_default/txets.php' not found or unable to stat
[Fri Jan 09 07:48:52.941058 2026] [php:error] [pid 133] [client 216.24.219.85:0] script '/domains/dcarlone/txets.php' not found or unable to stat
[Fri Jan 09 07:48:52.958457 2026] [php:error] [pid 132] [client 216.24.219.73:0] script '/domains/assetenhance/txets.php' not found or unable to stat, referer: http://assetenhancement.com/txets.php
[Fri Jan 09 07:48:53.974824 2026] [php:error] [pid 135] [client 216.24.219.84:0] script '/domains/ceonlinenews/txets.php' not found or unable to stat
[Fri Jan 09 07:48:53.977529 2026] [php:error] [pid 136] [client 216.24.219.62:0] script '/domains/system_cancel/txets.php' not found or unable to stat
[Fri Jan 09 07:48:53.984056 2026] [php:error] [pid 137] [client 216.24.219.84:0] script '/domains/conceptlabs1/txets.php' not found or unable to stat
[Fri Jan 09 07:48:53.992948 2026] [php:error] [pid 138] [client 216.24.219.76:0] script '/domains/gk3c/txets.php' not found or unable to stat
[Fri Jan 09 07:48:53.996766 2026] [php:error] [pid 139] [client 216.24.219.79:0] script '/domains/system_default/txets.php' not found or unable to stat
[Fri Jan 09 07:48:54.002634 2026] [php:error] [pid 140] [client 216.24.219.73:0] script '/domains/conservation1/txets.php' not found or unable to stat
[Fri Jan 09 07:48:54.019651 2026] [php:error] [pid 141] [client 216.24.219.90:0] script '/domains/covertcomic/txets.php' not found or unable to stat
[Fri Jan 09 07:48:54.023738 2026] [php:error] [pid 144] [client 104.234.19.96:0] script '/domains/nmksgroupweb/txets.php' not found or unable to stat
[Fri Jan 09 07:48:54.025461 2026] [php:error] [pid 143] [client 216.24.219.99:0] script '/domains/deltaele/txets.php' not found or unable to stat
[Fri Jan 09 07:48:54.032198 2026] [php:error] [pid 146] [client 216.24.219.70:0] script '/domains/pauljbrock/txets.php' not found or unable to stat
[Fri Jan 09 07:48:54.034002 2026] [php:error] [pid 147] [client 104.234.19.93:0] script '/domains/carynm/txets.php' not found or unable to stat
[Fri Jan 09 07:48:54.036437 2026] [php:error] [pid 148] [client 216.24.219.84:0] script '/domains/fairlane1/txets.php' not found or unable to stat
[Fri Jan 09 07:48:54.037654 2026] [php:error] [pid 149] [client 216.24.219.85:0] script '/domains/egmaweb/txets.php' not found or unable to stat
[Fri Jan 09 07:48:54.039183 2026] [php:error] [pid 150] [client 104.234.19.88:0] script '/domains/pauljbrock/txets.php' not found or unable to stat
[Fri Jan 09 07:48:54.041371 2026] [php:error] [pid 151] [client 216.24.219.73:0] script '/domains/drsuper/txets.php' not found or unable to stat
[Fri Jan 09 07:48:54.042836 2026] [php:error] [pid 152] [client 216.24.219.98:0] script '/domains/familyplayhouse2/txets.php' not found or unable to stat
[Fri Jan 09 07:48:54.043203 2026] [php:error] [pid 154] [client 216.24.219.73:0] script '/domains/ecernstelectric/txets.php' not found or unable to stat
[Fri Jan 09 07:48:54.044610 2026] [php:error] [pid 153] [client 216.24.219.82:0] script '/domains/domilici/txets.php' not found or unable to stat
[Fri Jan 09 07:48:54.044662 2026] [php:error] [pid 155] [client 216.24.219.70:0] script '/domains/fayemoran/txets.php' not found or unable to stat
[Fri Jan 09 07:48:54.046823 2026] [php:error] [pid 156] [client 216.24.219.70:0] script '/domains/fifibear/txets.php' not found or unable to stat
[Fri Jan 09 07:48:54.048745 2026] [php:error] [pid 157] [client 216.24.219.90:0] script '/domains/king1969/txets.php' not found or unable to stat
[Fri Jan 09 07:48:54.048923 2026] [php:error] [pid 159] [client 216.24.219.93:0] script '/domains/gohover/txets.php' not found or unable to stat
[Fri Jan 09 07:48:54.049271 2026] [php:error] [pid 160] [client 216.24.219.91:0] script '/domains/dcoffman/txets.php' not found or unable to stat
[Fri Jan 09 07:48:54.049350 2026] [php:error] [pid 158] [client 216.24.219.87:0] script '/domains/fdcarter/txets.php' not found or unable to stat
[Fri Jan 09 07:48:54.051104 2026] [php:error] [pid 162] [client 216.24.219.71:0] script '/domains/hand-hammerweb/txets.php' not found or unable to stat
[Fri Jan 09 07:48:54.051131 2026] [php:error] [pid 165] [client 216.24.219.65:0] script '/domains/system_default/txets.php' not found or unable to stat
[Fri Jan 09 07:48:54.052612 2026] [php:error] [pid 163] [client 216.24.219.188:0] script '/domains/hofficer1/txets.php' not found or unable to stat
[Fri Jan 09 07:48:54.053507 2026] [php:error] [pid 164] [client 216.24.219.74:0] script '/domains/hungariantasteweb/txets.php' not found or unable to stat
[Fri Jan 09 07:48:54.053752 2026] [php:error] [pid 161] [client 216.24.219.187:0] script '/domains/highlandlabs/txets.php' not found or unable to stat
[Fri Jan 09 07:48:54.243850 2026] [php:error] [pid 134] [client 216.24.219.65:0] script '/domains/homesbyaudrey1/txets.php' not found or unable to stat
[Fri Jan 09 07:48:54.268352 2026] [php:error] [pid 112] [client 216.24.219.84:0] script '/domains/hdickens.enteract/txets.php' not found or unable to stat
[Fri Jan 09 07:48:54.269025 2026] [php:error] [pid 117] [client 216.24.219.75:0] script '/domains/kandg-pc/txets.php' not found or unable to stat
[Fri Jan 09 07:48:54.277073 2026] [php:error] [pid 113] [client 216.24.219.75:0] script '/domains/system_suspended/txets.php' not found or unable to stat
[Fri Jan 09 07:48:54.277341 2026] [php:error] [pid 110] [client 216.24.219.78:0] script '/domains/hpveweb/txets.php' not found or unable to stat
[Fri Jan 09 07:48:54.277886 2026] [php:error] [pid 115] [client 104.234.19.93:0] script '/domains/fbardin/txets.php' not found or unable to stat
[Fri Jan 09 07:48:54.281796 2026] [php:error] [pid 116] [client 104.234.19.89:0] script '/domains/takie/txets.php' not found or unable to stat
[Fri Jan 09 07:48:54.282315 2026] [php:error] [pid 114] [client 216.24.219.63:0] script '/domains/system_default/txets.php' not found or unable to stat
[Fri Jan 09 07:48:54.291827 2026] [php:error] [pid 111] [client 216.24.219.85:0] script '/domains/system_default/txets.php' not found or unable to stat
[Fri Jan 09 07:48:54.607234 2026] [php:error] [pid 121] [client 216.24.219.64:0] script '/domains/lover/txets.php' not found or unable to stat
[Fri Jan 09 07:48:54.673123 2026] [php:error] [pid 118] [client 216.24.219.74:0] script '/domains/pookie.dnai/txets.php' not found or unable to stat
[Fri Jan 09 07:48:54.846953 2026] [php:error] [pid 122] [client 216.24.219.99:0] script '/domains/system_cancel/txets.php' not found or unable to stat
[Fri Jan 09 07:48:54.848500 2026] [php:error] [pid 119] [client 216.24.219.65:0] script '/domains/lover/txets.php' not found or unable to stat
