[Fri Jan 09 03:05:20.981355 2026] [php:error] [pid 39904] [client 35.91.247.158:0] script '/domains/resourceandeventweb/t.php' not found or unable to stat
[Fri Jan 09 03:05:21.334869 2026] [php:error] [pid 39915] [client 35.91.247.158:0] script '/domains/resourceandeventweb/p.php' not found or unable to stat
[Fri Jan 09 03:05:21.657312 2026] [php:error] [pid 39916] [client 35.91.247.158:0] script '/domains/resourceandeventweb/3.php' not found or unable to stat
[Fri Jan 09 03:05:21.972368 2026] [php:error] [pid 39891] [client 35.91.247.158:0] script '/domains/resourceandeventweb/2.php' not found or unable to stat
[Fri Jan 09 03:05:22.285248 2026] [php:error] [pid 39904] [client 35.91.247.158:0] script '/domains/resourceandeventweb/1.php' not found or unable to stat
[Fri Jan 09 03:05:22.611256 2026] [php:error] [pid 39915] [client 35.91.247.158:0] script '/domains/resourceandeventweb/probe.php' not found or unable to stat
[Fri Jan 09 03:05:22.909614 2026] [php:error] [pid 39916] [client 35.91.247.158:0] script '/domains/resourceandeventweb/check.php' not found or unable to stat
[Fri Jan 09 03:05:23.210084 2026] [php:error] [pid 39891] [client 35.91.247.158:0] script '/domains/resourceandeventweb/phptest.php' not found or unable to stat
[Fri Jan 09 03:05:24.503610 2026] [php:error] [pid 39918] [client 35.91.247.158:0] script '/domains/resourceandeventweb/diagnostic.php' not found or unable to stat
[Fri Jan 09 03:05:24.580477 2026] [php:error] [pid 39918] [client 35.247.243.240:0] script '/domains/rextrav/adminer-5.0.0.php' not found or unable to stat
[Fri Jan 09 03:05:25.255368 2026] [php:error] [pid 39916] [client 35.91.247.158:0] script '/domains/resourceandeventweb/serverinfo.php' not found or unable to stat
[Fri Jan 09 03:05:25.573299 2026] [php:error] [pid 39911] [client 35.91.247.158:0] script '/domains/resourceandeventweb/phpversion.php' not found or unable to stat
[Fri Jan 09 03:05:25.932880 2026] [php:error] [pid 39904] [client 35.91.247.158:0] script '/domains/resourceandeventweb/info3.php' not found or unable to stat
[Fri Jan 09 03:05:28.542564 2026] [core:crit] [pid 39867] (13)Permission denied: [client 52.203.152.231:0] AH00529: /domains/performancepartsinc/graphics/psd/.htaccess pcfg_openfile: unable to check htaccess file, ensure it is readable and that '/domains/performancepartsinc/graphics/psd/' is executable
[Fri Jan 09 03:05:33.093782 2026] [core:crit] [pid 39896] (13)Permission denied: [client 44.209.89.189:0] AH00529: /domains/performancepartsinc/graphics/psd/.htaccess pcfg_openfile: unable to check htaccess file, ensure it is readable and that '/domains/performancepartsinc/graphics/psd/' is executable
[Fri Jan 09 03:05:46.797070 2026] [php:error] [pid 39897] [client 101.0.38.226:0] script '/domains/fayemoran/xmlrpc.php' not found or unable to stat
[Fri Jan 09 03:06:01.090358 2026] [php:error] [pid 39891] [client 35.157.64.56:0] script '/domains/hpveweb/phpinfo.php' not found or unable to stat
[Fri Jan 09 03:06:01.955055 2026] [php:error] [pid 39919] [client 35.157.64.56:0] script '/domains/hpveweb/info.php' not found or unable to stat
[Fri Jan 09 03:06:03.358212 2026] [php:error] [pid 39891] [client 35.157.64.56:0] script '/domains/hpveweb/test.php' not found or unable to stat
[Fri Jan 09 03:06:15.802842 2026] [php:error] [pid 39923] [client 35.157.64.56:0] script '/domains/hpveweb/server.php' not found or unable to stat
[Fri Jan 09 03:06:16.349707 2026] [php:error] [pid 39891] [client 35.157.64.56:0] script '/domains/hpveweb/php_version.php' not found or unable to stat
[Fri Jan 09 03:06:17.184822 2026] [php:error] [pid 39891] [client 35.157.64.56:0] script '/domains/hpveweb/pi.php' not found or unable to stat
[Fri Jan 09 03:06:19.143237 2026] [php:error] [pid 39923] [client 35.157.64.56:0] script '/domains/hpveweb/php.php' not found or unable to stat
[Fri Jan 09 03:06:20.544237 2026] [php:error] [pid 39904] [client 35.157.64.56:0] script '/domains/hpveweb/i.php' not found or unable to stat
[Fri Jan 09 03:06:22.216338 2026] [php:error] [pid 39904] [client 159.65.254.13:0] script '/domains/dcoffman/wp-login.php' not found or unable to stat
[Fri Jan 09 03:06:23.998472 2026] [php:error] [pid 39904] [client 35.157.64.56:0] script '/domains/hpveweb/configuration.php' not found or unable to stat
[Fri Jan 09 03:06:29.725771 2026] [php:error] [pid 39933] [client 35.157.64.56:0] script '/domains/hpveweb/debug.php' not found or unable to stat
[Fri Jan 09 03:06:30.009276 2026] [php:error] [pid 39891] [client 35.157.64.56:0] script '/domains/hpveweb/info2.php' not found or unable to stat
[Fri Jan 09 03:06:30.276052 2026] [php:error] [pid 39933] [client 35.157.64.56:0] script '/domains/hpveweb/info1.php' not found or unable to stat
[Fri Jan 09 03:06:30.568712 2026] [php:error] [pid 39891] [client 35.157.64.56:0] script '/domains/hpveweb/php_info.php' not found or unable to stat
[Fri Jan 09 03:06:36.011392 2026] [php:error] [pid 39921] [client 35.157.64.56:0] script '/domains/hpveweb/testphp.php' not found or unable to stat
[Fri Jan 09 03:06:36.298904 2026] [php:error] [pid 39891] [client 35.157.64.56:0] script '/domains/hpveweb/infophp.php' not found or unable to stat
[Fri Jan 09 03:06:36.588211 2026] [php:error] [pid 39933] [client 35.157.64.56:0] script '/domains/hpveweb/php-info.php' not found or unable to stat
[Fri Jan 09 03:06:36.861344 2026] [php:error] [pid 39923] [client 35.157.64.56:0] script '/domains/hpveweb/info_php.php' not found or unable to stat
[Fri Jan 09 03:06:37.145972 2026] [php:error] [pid 39921] [client 35.157.64.56:0] script '/domains/hpveweb/t.php' not found or unable to stat
[Fri Jan 09 03:06:37.439347 2026] [php:error] [pid 39891] [client 35.157.64.56:0] script '/domains/hpveweb/p.php' not found or unable to stat
[Fri Jan 09 03:06:37.727055 2026] [php:error] [pid 39933] [client 35.157.64.56:0] script '/domains/hpveweb/3.php' not found or unable to stat
[Fri Jan 09 03:06:38.003697 2026] [php:error] [pid 39923] [client 35.157.64.56:0] script '/domains/hpveweb/2.php' not found or unable to stat
[Fri Jan 09 03:06:38.279502 2026] [php:error] [pid 39932] [client 35.157.64.56:0] script '/domains/hpveweb/1.php' not found or unable to stat
[Fri Jan 09 03:06:38.551055 2026] [php:error] [pid 39891] [client 35.157.64.56:0] script '/domains/hpveweb/probe.php' not found or unable to stat
[Fri Jan 09 03:06:38.838198 2026] [php:error] [pid 39904] [client 35.157.64.56:0] script '/domains/hpveweb/check.php' not found or unable to stat
[Fri Jan 09 03:06:39.106370 2026] [php:error] [pid 39933] [client 35.157.64.56:0] script '/domains/hpveweb/phptest.php' not found or unable to stat
[Fri Jan 09 03:06:39.389904 2026] [php:error] [pid 39923] [client 35.157.64.56:0] script '/domains/hpveweb/diagnostic.php' not found or unable to stat
[Fri Jan 09 03:06:39.672828 2026] [php:error] [pid 39932] [client 35.157.64.56:0] script '/domains/hpveweb/serverinfo.php' not found or unable to stat
[Fri Jan 09 03:06:39.964175 2026] [php:error] [pid 39891] [client 35.157.64.56:0] script '/domains/hpveweb/phpversion.php' not found or unable to stat
[Fri Jan 09 03:06:40.234978 2026] [php:error] [pid 39933] [client 35.157.64.56:0] script '/domains/hpveweb/info3.php' not found or unable to stat
[Fri Jan 09 03:06:56.282270 2026] [php:error] [pid 39923] [client 34.96.162.59:0] script '/domains/rextrav/adminer-4.7.7.php' not found or unable to stat
[Fri Jan 09 03:07:44.321434 2026] [authz_core:error] [pid 39944] [client 66.175.211.202:0] AH01630: client denied by server configuration: /
[Fri Jan 09 03:07:59.399372 2026] [authz_core:error] [pid 39943] [client 66.175.211.202:0] AH01630: client denied by server configuration: /
[Fri Jan 09 03:08:05.606271 2026] [php:error] [pid 39955] [client 34.96.162.54:0] script '/domains/rextrav/adminer-5.0.6.php' not found or unable to stat
[Fri Jan 09 03:08:11.215950 2026] [php:error] [pid 39957] [client 183.207.45.105:0] script '/domains/highlandlabs/supform.php' not found or unable to stat
[Fri Jan 09 03:08:26.633390 2026] [php:error] [pid 39954] [client 40.69.27.251:0] script '/domains/sjsachs/cgi-bin/index.php' not found or unable to stat
[Fri Jan 09 03:08:26.805655 2026] [php:error] [pid 39954] [client 40.69.27.251:0] script '/domains/sjsachs/aa.php' not found or unable to stat
[Fri Jan 09 03:08:26.875351 2026] [php:error] [pid 39954] [client 40.69.27.251:0] script '/domains/sjsachs/av.php' not found or unable to stat
[Fri Jan 09 03:08:26.945178 2026] [php:error] [pid 39954] [client 40.69.27.251:0] script '/domains/sjsachs/adminfuns.php' not found or unable to stat
[Fri Jan 09 03:08:27.014639 2026] [php:error] [pid 39954] [client 40.69.27.251:0] script '/domains/sjsachs/1.php' not found or unable to stat
[Fri Jan 09 03:08:27.159524 2026] [php:error] [pid 39954] [client 40.69.27.251:0] script '/domains/sjsachs/admin.php' not found or unable to stat
[Fri Jan 09 03:08:27.229243 2026] [php:error] [pid 39954] [client 40.69.27.251:0] script '/domains/sjsachs/system.php' not found or unable to stat
[Fri Jan 09 03:08:27.299432 2026] [php:error] [pid 39954] [client 40.69.27.251:0] script '/domains/sjsachs/edit.php' not found or unable to stat
[Fri Jan 09 03:08:27.368880 2026] [php:error] [pid 39954] [client 40.69.27.251:0] script '/domains/sjsachs/inc.php' not found or unable to stat
[Fri Jan 09 03:08:27.438319 2026] [php:error] [pid 39954] [client 40.69.27.251:0] script '/domains/sjsachs/item.php' not found or unable to stat
[Fri Jan 09 03:08:27.576748 2026] [php:error] [pid 39954] [client 40.69.27.251:0] script '/domains/sjsachs/alfa.php' not found or unable to stat
[Fri Jan 09 03:08:27.646761 2026] [php:error] [pid 39954] [client 40.69.27.251:0] script '/domains/sjsachs/log.php' not found or unable to stat
[Fri Jan 09 03:08:27.717016 2026] [php:error] [pid 39954] [client 40.69.27.251:0] script '/domains/sjsachs/lock360.php' not found or unable to stat
[Fri Jan 09 03:08:27.786333 2026] [php:error] [pid 39954] [client 40.69.27.251:0] script '/domains/sjsachs/class.php' not found or unable to stat
[Fri Jan 09 03:08:27.927292 2026] [php:error] [pid 39954] [client 40.69.27.251:0] script '/domains/sjsachs/f.php' not found or unable to stat
[Fri Jan 09 03:08:28.066271 2026] [php:error] [pid 39954] [client 40.69.27.251:0] script '/domains/sjsachs/404.php' not found or unable to stat
[Fri Jan 09 03:08:28.135150 2026] [php:error] [pid 39954] [client 40.69.27.251:0] script '/domains/sjsachs/adminfuns.php' not found or unable to stat
[Fri Jan 09 03:08:28.275134 2026] [php:error] [pid 39954] [client 40.69.27.251:0] script '/domains/sjsachs/goods.php' not found or unable to stat
[Fri Jan 09 03:08:28.344650 2026] [php:error] [pid 39954] [client 40.69.27.251:0] script '/domains/sjsachs/hi.php' not found or unable to stat
[Fri Jan 09 03:08:28.414244 2026] [php:error] [pid 39954] [client 40.69.27.251:0] script '/domains/sjsachs/wp-l0gin.php' not found or unable to stat
[Fri Jan 09 03:08:28.553135 2026] [php:error] [pid 39954] [client 40.69.27.251:0] script '/domains/sjsachs/sadd5.php' not found or unable to stat
[Fri Jan 09 03:08:28.622720 2026] [php:error] [pid 39954] [client 40.69.27.251:0] script '/domains/sjsachs/xenium4.php' not found or unable to stat
[Fri Jan 09 03:08:28.692378 2026] [php:error] [pid 39954] [client 40.69.27.251:0] script '/domains/sjsachs/sadd5.php' not found or unable to stat
[Fri Jan 09 03:08:28.762161 2026] [php:error] [pid 39954] [client 40.69.27.251:0] script '/domains/sjsachs/file58.php' not found or unable to stat
[Fri Jan 09 03:08:28.832855 2026] [php:error] [pid 39954] [client 40.69.27.251:0] script '/domains/sjsachs/f5.php' not found or unable to stat
[Fri Jan 09 03:08:28.902378 2026] [php:error] [pid 39954] [client 40.69.27.251:0] script '/domains/sjsachs/ma.php' not found or unable to stat
[Fri Jan 09 03:08:28.971591 2026] [php:error] [pid 39954] [client 40.69.27.251:0] script '/domains/sjsachs/s1.php' not found or unable to stat
[Fri Jan 09 03:08:29.041360 2026] [php:error] [pid 39954] [client 40.69.27.251:0] script '/domains/sjsachs/xa.php' not found or unable to stat
[Fri Jan 09 03:08:29.124187 2026] [php:error] [pid 39954] [client 40.69.27.251:0] script '/domains/sjsachs/f8.php' not found or unable to stat
[Fri Jan 09 03:08:29.193318 2026] [php:error] [pid 39954] [client 40.69.27.251:0] script '/domains/sjsachs/flower2.php' not found or unable to stat
[Fri Jan 09 03:08:29.262903 2026] [php:error] [pid 39954] [client 40.69.27.251:0] script '/domains/sjsachs/000.php' not found or unable to stat
[Fri Jan 09 03:08:29.332112 2026] [php:error] [pid 39954] [client 40.69.27.251:0] script '/domains/sjsachs/xxxx.php' not found or unable to stat
[Fri Jan 09 03:08:29.401300 2026] [php:error] [pid 39954] [client 40.69.27.251:0] script '/domains/sjsachs/wen.php' not found or unable to stat
[Fri Jan 09 03:08:29.471474 2026] [php:error] [pid 39954] [client 40.69.27.251:0] script '/domains/sjsachs/ss1.php' not found or unable to stat
[Fri Jan 09 03:08:29.540666 2026] [php:error] [pid 39954] [client 40.69.27.251:0] script '/domains/sjsachs/shoyo.php' not found or unable to stat
[Fri Jan 09 03:08:29.610025 2026] [php:error] [pid 39954] [client 40.69.27.251:0] script '/domains/sjsachs/flower.php' not found or unable to stat
[Fri Jan 09 03:08:29.679873 2026] [php:error] [pid 39954] [client 40.69.27.251:0] script '/domains/sjsachs/adminfuns.php' not found or unable to stat
[Fri Jan 09 03:08:29.749415 2026] [php:error] [pid 39954] [client 40.69.27.251:0] script '/domains/sjsachs/file48.php' not found or unable to stat
[Fri Jan 09 03:08:29.818762 2026] [php:error] [pid 39954] [client 40.69.27.251:0] script '/domains/sjsachs/info.php' not found or unable to stat
[Fri Jan 09 03:08:29.888828 2026] [php:error] [pid 39954] [client 40.69.27.251:0] script '/domains/sjsachs/class9.php' not found or unable to stat
[Fri Jan 09 03:08:29.959538 2026] [php:error] [pid 39954] [client 40.69.27.251:0] script '/domains/sjsachs/bless11.php' not found or unable to stat
[Fri Jan 09 03:08:30.029032 2026] [php:error] [pid 39954] [client 40.69.27.251:0] script '/domains/sjsachs/class.php' not found or unable to stat
[Fri Jan 09 03:08:30.098845 2026] [php:error] [pid 39954] [client 40.69.27.251:0] script '/domains/sjsachs/bless5.php' not found or unable to stat
[Fri Jan 09 03:08:30.170924 2026] [php:error] [pid 39954] [client 40.69.27.251:0] script '/domains/sjsachs/lock360.php' not found or unable to stat
[Fri Jan 09 03:08:30.240310 2026] [php:error] [pid 39954] [client 40.69.27.251:0] script '/domains/sjsachs/f35.php' not found or unable to stat
[Fri Jan 09 03:08:30.310702 2026] [php:error] [pid 39954] [client 40.69.27.251:0] script '/domains/sjsachs/gg.php' not found or unable to stat
[Fri Jan 09 03:08:30.388707 2026] [php:error] [pid 39954] [client 40.69.27.251:0] script '/domains/sjsachs/ar.php' not found or unable to stat
[Fri Jan 09 03:08:30.461867 2026] [php:error] [pid 39954] [client 40.69.27.251:0] script '/domains/sjsachs/alfa.php' not found or unable to stat
[Fri Jan 09 03:08:30.546244 2026] [php:error] [pid 39954] [client 40.69.27.251:0] script '/domains/sjsachs/classwithtostring.php' not found or unable to stat
[Fri Jan 09 03:08:30.616325 2026] [php:error] [pid 39954] [client 40.69.27.251:0] script '/domains/sjsachs/abcd.php' not found or unable to stat
[Fri Jan 09 03:08:30.685803 2026] [php:error] [pid 39954] [client 40.69.27.251:0] script '/domains/sjsachs/admin.php' not found or unable to stat
[Fri Jan 09 03:08:30.755717 2026] [php:error] [pid 39954] [client 40.69.27.251:0] script '/domains/sjsachs/ioxi-o.php' not found or unable to stat
[Fri Jan 09 03:08:30.827797 2026] [php:error] [pid 39954] [client 40.69.27.251:0] script '/domains/sjsachs/css.php' not found or unable to stat
[Fri Jan 09 03:08:30.898223 2026] [php:error] [pid 39954] [client 40.69.27.251:0] script '/domains/sjsachs/222.php' not found or unable to stat
[Fri Jan 09 03:08:30.969294 2026] [php:error] [pid 39954] [client 40.69.27.251:0] script '/domains/sjsachs/class19.php' not found or unable to stat
[Fri Jan 09 03:08:31.040252 2026] [php:error] [pid 39954] [client 40.69.27.251:0] script '/domains/sjsachs/class20.php' not found or unable to stat
[Fri Jan 09 03:08:31.110522 2026] [php:error] [pid 39954] [client 40.69.27.251:0] script '/domains/sjsachs/admin.php' not found or unable to stat
[Fri Jan 09 03:08:31.182023 2026] [php:error] [pid 39954] [client 40.69.27.251:0] script '/domains/sjsachs/css.php' not found or unable to stat
[Fri Jan 09 03:08:31.265136 2026] [php:error] [pid 39954] [client 40.69.27.251:0] script '/domains/sjsachs/wsd.php' not found or unable to stat
[Fri Jan 09 03:08:31.334635 2026] [php:error] [pid 39954] [client 40.69.27.251:0] script '/domains/sjsachs/gtc.php' not found or unable to stat
[Fri Jan 09 03:08:31.404484 2026] [php:error] [pid 39954] [client 40.69.27.251:0] script '/domains/sjsachs/xtride.php' not found or unable to stat
[Fri Jan 09 03:08:31.474081 2026] [php:error] [pid 39954] [client 40.69.27.251:0] script '/domains/sjsachs/s11.php' not found or unable to stat
[Fri Jan 09 03:08:31.543345 2026] [php:error] [pid 39954] [client 40.69.27.251:0] script '/domains/sjsachs/goat.php' not found or unable to stat
[Fri Jan 09 03:08:31.612738 2026] [php:error] [pid 39954] [client 40.69.27.251:0] script '/domains/sjsachs/wsvvs.php' not found or unable to stat
[Fri Jan 09 03:08:31.682609 2026] [php:error] [pid 39954] [client 40.69.27.251:0] script '/domains/sjsachs/f6.php' not found or unable to stat
[Fri Jan 09 03:08:31.752640 2026] [php:error] [pid 39954] [client 40.69.27.251:0] script '/domains/sjsachs/lyy.php' not found or unable to stat
[Fri Jan 09 03:08:31.822032 2026] [php:error] [pid 39954] [client 40.69.27.251:0] script '/domains/sjsachs/galex.php' not found or unable to stat
[Fri Jan 09 03:08:31.891911 2026] [php:error] [pid 39954] [client 40.69.27.251:0] script '/domains/sjsachs/inputs.php' not found or unable to stat
[Fri Jan 09 03:08:31.961978 2026] [php:error] [pid 39954] [client 40.69.27.251:0] script '/domains/sjsachs/about.php' not found or unable to stat
[Fri Jan 09 03:08:32.031371 2026] [php:error] [pid 39954] [client 40.69.27.251:0] script '/domains/sjsachs/pp.php' not found or unable to stat
[Fri Jan 09 03:08:32.100808 2026] [php:error] [pid 39954] [client 40.69.27.251:0] script '/domains/sjsachs/files.php' not found or unable to stat
[Fri Jan 09 03:08:32.863670 2026] [php:error] [pid 39954] [client 40.69.27.251:0] script '/domains/sjsachs/ac.php' not found or unable to stat
[Fri Jan 09 03:08:32.933029 2026] [php:error] [pid 39954] [client 40.69.27.251:0] script '/domains/sjsachs/bel.php' not found or unable to stat
[Fri Jan 09 03:08:33.141364 2026] [php:error] [pid 39954] [client 40.69.27.251:0] script '/domains/sjsachs/shell20211028.php' not found or unable to stat
[Fri Jan 09 03:08:33.424215 2026] [php:error] [pid 39957] [client 40.69.27.251:0] script '/domains/sjsachs/bras.php' not found or unable to stat
[Fri Jan 09 03:08:33.496101 2026] [php:error] [pid 39957] [client 40.69.27.251:0] script '/domains/sjsachs/vv.php' not found or unable to stat
[Fri Jan 09 03:08:33.565438 2026] [php:error] [pid 39957] [client 40.69.27.251:0] script '/domains/sjsachs/xe.php' not found or unable to stat
[Fri Jan 09 03:08:33.635027 2026] [php:error] [pid 39957] [client 40.69.27.251:0] script '/domains/sjsachs/bipas.php' not found or unable to stat
[Fri Jan 09 03:08:33.704291 2026] [php:error] [pid 39957] [client 40.69.27.251:0] script '/domains/sjsachs/xb.php' not found or unable to stat
[Fri Jan 09 03:08:33.773553 2026] [php:error] [pid 39957] [client 40.69.27.251:0] script '/domains/sjsachs/cx.php' not found or unable to stat
[Fri Jan 09 03:08:33.842927 2026] [php:error] [pid 39957] [client 40.69.27.251:0] script '/domains/sjsachs/x.php' not found or unable to stat
[Fri Jan 09 03:08:33.912486 2026] [php:error] [pid 39957] [client 40.69.27.251:0] script '/domains/sjsachs/xx.php' not found or unable to stat
[Fri Jan 09 03:08:33.981784 2026] [php:error] [pid 39957] [client 40.69.27.251:0] script '/domains/sjsachs/0x0x.php' not found or unable to stat
[Fri Jan 09 03:08:34.055317 2026] [php:error] [pid 39957] [client 40.69.27.251:0] script '/domains/sjsachs/xrr.php' not found or unable to stat
[Fri Jan 09 03:08:34.125649 2026] [php:error] [pid 39957] [client 40.69.27.251:0] script '/domains/sjsachs/xtt.php' not found or unable to stat
[Fri Jan 09 03:08:34.195023 2026] [php:error] [pid 39957] [client 40.69.27.251:0] script '/domains/sjsachs/gi.php' not found or unable to stat
[Fri Jan 09 03:08:34.264318 2026] [php:error] [pid 39957] [client 40.69.27.251:0] script '/domains/sjsachs/nov.php' not found or unable to stat
[Fri Jan 09 03:08:34.333544 2026] [php:error] [pid 39957] [client 40.69.27.251:0] script '/domains/sjsachs/xo.php' not found or unable to stat
[Fri Jan 09 03:08:34.402879 2026] [php:error] [pid 39957] [client 40.69.27.251:0] script '/domains/sjsachs/new4.php' not found or unable to stat
[Fri Jan 09 03:08:34.473217 2026] [php:error] [pid 39957] [client 40.69.27.251:0] script '/domains/sjsachs/des.php' not found or unable to stat
[Fri Jan 09 03:08:34.542617 2026] [php:error] [pid 39957] [client 40.69.27.251:0] script '/domains/sjsachs/ext.php' not found or unable to stat
[Fri Jan 09 03:08:35.097044 2026] [php:error] [pid 39957] [client 40.69.27.251:0] script '/domains/sjsachs/ant.php' not found or unable to stat
[Fri Jan 09 03:08:35.166624 2026] [php:error] [pid 39957] [client 40.69.27.251:0] script '/domains/sjsachs/da222.php' not found or unable to stat
[Fri Jan 09 03:08:35.236262 2026] [php:error] [pid 39957] [client 40.69.27.251:0] script '/domains/sjsachs/gec.php' not found or unable to stat
[Fri Jan 09 03:08:35.305814 2026] [php:error] [pid 39957] [client 40.69.27.251:0] script '/domains/sjsachs/batmplus.php' not found or unable to stat
[Fri Jan 09 03:08:35.375321 2026] [php:error] [pid 39957] [client 40.69.27.251:0] script '/domains/sjsachs/file.php' not found or unable to stat
[Fri Jan 09 03:09:14.729099 2026] [php:error] [pid 39968] [client 35.247.243.251:0] script '/domains/rextrav/adminer-5.0.4-en.php' not found or unable to stat
[Fri Jan 09 03:09:17.287453 2026] [php:error] [pid 39954] [client 195.178.110.132:0] script '/domains/ebon/wp-config.php' not found or unable to stat
[Fri Jan 09 03:09:17.371355 2026] [php:error] [pid 39954] [client 195.178.110.132:0] script '/domains/ebon/wp-config.php.old' not found or unable to stat
[Fri Jan 09 03:09:17.474696 2026] [php:error] [pid 39954] [client 195.178.110.132:0] script '/domains/ebon/config.php' not found or unable to stat
[Fri Jan 09 03:09:17.558438 2026] [php:error] [pid 39954] [client 195.178.110.132:0] script '/domains/ebon/config.php.bak' not found or unable to stat
[Fri Jan 09 03:09:54.019247 2026] [php:error] [pid 39972] [client 34.96.162.56:0] script '/domains/rextrav/adminer-4.7.1.php' not found or unable to stat
[Fri Jan 09 03:10:26.794097 2026] [php:error] [pid 39977] [client 34.96.162.50:0] script '/domains/rextrav/adminer-4.7.6.php' not found or unable to stat
[Fri Jan 09 03:10:45.128505 2026] [core:crit] [pid 39982] (13)Permission denied: [client 114.119.157.196:0] AH00529: /domains/dcarlone/test/web/.htaccess pcfg_openfile: unable to check htaccess file, ensure it is readable and that '/domains/dcarlone/test/web/' is executable, referer: http://www.carloneassociates.com/test/web/i.php/the-best-online-dating-profile-examples-for-females/
[Fri Jan 09 03:10:59.206583 2026] [php:error] [pid 39986] [client 195.178.110.132:0] script '/domains/king1969/wp-config.php' not found or unable to stat
[Fri Jan 09 03:10:59.289538 2026] [php:error] [pid 39986] [client 195.178.110.132:0] script '/domains/king1969/wp-config.php.old' not found or unable to stat
[Fri Jan 09 03:10:59.373154 2026] [php:error] [pid 39986] [client 195.178.110.132:0] script '/domains/king1969/config.php' not found or unable to stat
[Fri Jan 09 03:10:59.374931 2026] [authz_core:error] [pid 39958] [client 66.175.211.202:0] AH01630: client denied by server configuration: /
[Fri Jan 09 03:10:59.456122 2026] [php:error] [pid 39986] [client 195.178.110.132:0] script '/domains/king1969/config.php.bak' not found or unable to stat
[Fri Jan 09 03:11:03.453105 2026] [php:error] [pid 39982] [client 34.96.162.57:0] script '/domains/rextrav/__adm.php' not found or unable to stat
[Fri Jan 09 03:11:09.252876 2026] [authz_core:error] [pid 39982] [client 66.175.211.202:0] AH01630: client denied by server configuration: /
[Fri Jan 09 03:12:06.969931 2026] [php:error] [pid 39982] [client 35.247.243.244:0] script '/domains/rextrav/adminer-5.1.0-mysql-en.php' not found or unable to stat
[Fri Jan 09 03:12:34.706387 2026] [php:error] [pid 39998] [client 35.247.243.248:0] script '/domains/rextrav/unzipper.php' not found or unable to stat
[Fri Jan 09 03:12:39.911653 2026] [php:error] [pid 39986] [client 195.178.110.132:0] script '/domains/gohover/wp-config.php' not found or unable to stat
[Fri Jan 09 03:12:39.998816 2026] [php:error] [pid 39986] [client 195.178.110.132:0] script '/domains/gohover/wp-config.php.old' not found or unable to stat
[Fri Jan 09 03:12:40.091794 2026] [php:error] [pid 39986] [client 195.178.110.132:0] script '/domains/gohover/config.php' not found or unable to stat
[Fri Jan 09 03:12:40.182909 2026] [php:error] [pid 39986] [client 195.178.110.132:0] script '/domains/gohover/config.php.bak' not found or unable to stat
[Fri Jan 09 03:12:42.847520 2026] [php:error] [pid 40006] [client 195.178.110.132:0] script '/domains/king1969/wp-config.php' not found or unable to stat
[Fri Jan 09 03:12:43.103927 2026] [php:error] [pid 40006] [client 195.178.110.132:0] script '/domains/king1969/wp-config.php.old' not found or unable to stat
[Fri Jan 09 03:12:43.206407 2026] [php:error] [pid 40006] [client 195.178.110.132:0] script '/domains/king1969/config.php' not found or unable to stat
[Fri Jan 09 03:12:43.310876 2026] [php:error] [pid 40006] [client 195.178.110.132:0] script '/domains/king1969/config.php.bak' not found or unable to stat
[Fri Jan 09 03:13:54.327948 2026] [php:error] [pid 40013] [client 35.247.243.248:0] script '/domains/rextrav/adminer-4.8.1.php' not found or unable to stat
[Fri Jan 09 03:13:54.938577 2026] [php:error] [pid 40014] [client 45.148.10.158:0] script '/domains/efusion1/phpinfo.php' not found or unable to stat
[Fri Jan 09 03:13:56.553534 2026] [php:error] [pid 40013] [client 45.148.10.158:0] script '/domains/efusion1/info.php' not found or unable to stat
[Fri Jan 09 03:13:58.113105 2026] [php:error] [pid 40011] [client 45.148.10.158:0] script '/domains/efusion1/test.php' not found or unable to stat
[Fri Jan 09 03:14:00.490499 2026] [php:error] [pid 40013] [client 45.148.10.158:0] script '/domains/efusion1/php.php' not found or unable to stat
[Fri Jan 09 03:14:00.607164 2026] [php:error] [pid 40016] [client 35.247.243.248:0] script '/domains/rextrav/adminer-5.4.0-mysql-en.php' not found or unable to stat
[Fri Jan 09 03:14:04.213903 2026] [php:error] [pid 40016] [client 45.148.10.158:0] script '/domains/efusion1/i.php' not found or unable to stat
[Fri Jan 09 03:14:28.001812 2026] [php:error] [pid 45648] [client 45.148.10.158:0] script '/domains/efusion1/wp-config.php.bak' not found or unable to stat
[Fri Jan 09 03:14:32.052297 2026] [php:error] [pid 45651] [client 45.148.10.158:0] script '/domains/efusion1/config.php.bak' not found or unable to stat
[Fri Jan 09 03:14:52.744521 2026] [php:error] [pid 45651] [client 45.148.10.158:0] script '/domains/efusion1/configuration.php.bak' not found or unable to stat
[Fri Jan 09 03:15:13.137151 2026] [php:error] [pid 45648] [client 34.96.162.52:0] script '/domains/rextrav/adminer-5.4.1-mysql-en.php' not found or unable to stat
[Fri Jan 09 03:15:30.850219 2026] [php:error] [pid 45658] [client 45.148.10.158:0] script '/domains/efusion1/phpinfo.php' not found or unable to stat
[Fri Jan 09 03:15:34.345971 2026] [php:error] [pid 45660] [client 45.148.10.158:0] script '/domains/efusion1/test.php' not found or unable to stat
[Fri Jan 09 03:15:36.958394 2026] [php:error] [pid 45657] [client 45.148.10.158:0] script '/domains/efusion1/php.php' not found or unable to stat
[Fri Jan 09 03:15:37.474338 2026] [php:error] [pid 45666] [client 13.211.144.252:0] script '/domains/acagolf1/phpinfo.php' not found or unable to stat
[Fri Jan 09 03:15:39.322468 2026] [php:error] [pid 45660] [client 13.211.144.252:0] script '/domains/acagolf1/info.php' not found or unable to stat
[Fri Jan 09 03:15:40.053366 2026] [php:error] [pid 45651] [client 45.148.10.158:0] script '/domains/efusion1/i.php' not found or unable to stat
[Fri Jan 09 03:15:42.397889 2026] [php:error] [pid 45661] [client 13.211.144.252:0] script '/domains/acagolf1/test.php' not found or unable to stat
[Fri Jan 09 03:15:51.404699 2026] [php:error] [pid 45658] [client 34.96.162.50:0] script '/domains/rextrav/adminer-5.0.3-mysql-en.php' not found or unable to stat
[Fri Jan 09 03:15:59.584772 2026] [php:error] [pid 45657] [client 34.96.162.58:0] script '/domains/rextrav/adminer-5.4.1-mysql.php' not found or unable to stat
[Fri Jan 09 03:16:00.684453 2026] [php:error] [pid 45658] [client 45.148.10.158:0] script '/domains/efusion1/wp-config.php.bak' not found or unable to stat
[Fri Jan 09 03:16:00.736593 2026] [php:error] [pid 45660] [client 4.247.129.71:0] script '/domains/astrosfm/class-t.api.php' not found or unable to stat
[Fri Jan 09 03:16:00.931782 2026] [php:error] [pid 45660] [client 4.247.129.71:0] script '/domains/astrosfm/zwso.php' not found or unable to stat
[Fri Jan 09 03:16:01.339733 2026] [php:error] [pid 45660] [client 4.247.129.71:0] script '/domains/astrosfm/class19.php' not found or unable to stat
[Fri Jan 09 03:16:01.534326 2026] [php:error] [pid 45660] [client 4.247.129.71:0] script '/domains/astrosfm/class20.php' not found or unable to stat
[Fri Jan 09 03:16:03.575175 2026] [php:error] [pid 45660] [client 4.247.129.71:0] script '/domains/astrosfm/admin.php' not found or unable to stat
[Fri Jan 09 03:16:03.799375 2026] [php:error] [pid 45660] [client 4.247.129.71:0] script '/domains/astrosfm/randkeyword.php' not found or unable to stat
[Fri Jan 09 03:16:03.994692 2026] [php:error] [pid 45660] [client 4.247.129.71:0] script '/domains/astrosfm/fwe.php' not found or unable to stat
[Fri Jan 09 03:16:04.385549 2026] [php:error] [pid 45660] [client 4.247.129.71:0] script '/domains/astrosfm/g.php' not found or unable to stat
[Fri Jan 09 03:16:04.581043 2026] [php:error] [pid 45660] [client 4.247.129.71:0] script '/domains/astrosfm/tx1.php' not found or unable to stat
[Fri Jan 09 03:16:05.417892 2026] [php:error] [pid 45660] [client 4.247.129.71:0] script '/domains/astrosfm/xv.php' not found or unable to stat
[Fri Jan 09 03:16:05.625205 2026] [php:error] [pid 45660] [client 4.247.129.71:0] script '/domains/astrosfm/x56.php' not found or unable to stat
[Fri Jan 09 03:16:05.835252 2026] [php:error] [pid 45660] [client 4.247.129.71:0] script '/domains/astrosfm/htaccess.php' not found or unable to stat
[Fri Jan 09 03:16:06.030235 2026] [php:error] [pid 45660] [client 4.247.129.71:0] script '/domains/astrosfm/readme.php' not found or unable to stat
[Fri Jan 09 03:16:06.224987 2026] [php:error] [pid 45660] [client 4.247.129.71:0] script '/domains/astrosfm/x50.php' not found or unable to stat
[Fri Jan 09 03:16:06.420120 2026] [php:error] [pid 45660] [client 4.247.129.71:0] script '/domains/astrosfm/fv.php' not found or unable to stat
[Fri Jan 09 03:16:06.615440 2026] [php:error] [pid 45660] [client 4.247.129.71:0] script '/domains/astrosfm/file.php' not found or unable to stat
[Fri Jan 09 03:16:06.812972 2026] [php:error] [pid 45660] [client 4.247.129.71:0] script '/domains/astrosfm/lsd.php' not found or unable to stat
[Fri Jan 09 03:16:07.009103 2026] [php:error] [pid 45660] [client 4.247.129.71:0] script '/domains/astrosfm/as.php' not found or unable to stat
[Fri Jan 09 03:16:07.213668 2026] [php:error] [pid 45660] [client 4.247.129.71:0] script '/domains/astrosfm/wsd.php' not found or unable to stat
[Fri Jan 09 03:16:07.408422 2026] [php:error] [pid 45660] [client 4.247.129.71:0] script '/domains/astrosfm/gtc.php' not found or unable to stat
[Fri Jan 09 03:16:07.627920 2026] [php:error] [pid 45660] [client 4.247.129.71:0] script '/domains/astrosfm/atx.php' not found or unable to stat
[Fri Jan 09 03:16:07.822768 2026] [php:error] [pid 45660] [client 4.247.129.71:0] script '/domains/astrosfm/z60.php' not found or unable to stat
[Fri Jan 09 03:16:08.032920 2026] [php:error] [pid 45660] [client 4.247.129.71:0] script '/domains/astrosfm/403.php' not found or unable to stat
[Fri Jan 09 03:16:08.241713 2026] [php:error] [pid 45660] [client 4.247.129.71:0] script '/domains/astrosfm/m.php' not found or unable to stat
[Fri Jan 09 03:16:08.452271 2026] [php:error] [pid 45660] [client 4.247.129.71:0] script '/domains/astrosfm/themes.php' not found or unable to stat
[Fri Jan 09 03:16:09.049351 2026] [php:error] [pid 45660] [client 4.247.129.71:0] script '/domains/astrosfm/click.php' not found or unable to stat
[Fri Jan 09 03:16:09.260009 2026] [php:error] [pid 45660] [client 4.247.129.71:0] script '/domains/astrosfm/install.php' not found or unable to stat
[Fri Jan 09 03:16:09.446466 2026] [php:error] [pid 45657] [client 13.211.144.252:0] script '/domains/acagolf1/server.php' not found or unable to stat
[Fri Jan 09 03:16:09.473032 2026] [php:error] [pid 45660] [client 4.247.129.71:0] script '/domains/astrosfm/lv.php' not found or unable to stat
[Fri Jan 09 03:16:09.668361 2026] [php:error] [pid 45660] [client 4.247.129.71:0] script '/domains/astrosfm/simple.php' not found or unable to stat
[Fri Jan 09 03:16:09.863048 2026] [php:error] [pid 45660] [client 4.247.129.71:0] script '/domains/astrosfm/css.php' not found or unable to stat
[Fri Jan 09 03:16:10.059129 2026] [php:error] [pid 45660] [client 4.247.129.71:0] script '/domains/astrosfm/cong.php' not found or unable to stat
[Fri Jan 09 03:16:10.648119 2026] [php:error] [pid 45660] [client 4.247.129.71:0] script '/domains/astrosfm/cong.php' not found or unable to stat
[Fri Jan 09 03:16:10.784561 2026] [php:error] [pid 45657] [client 13.211.144.252:0] script '/domains/acagolf1/php_version.php' not found or unable to stat
[Fri Jan 09 03:16:10.843561 2026] [php:error] [pid 45660] [client 4.247.129.71:0] script '/domains/astrosfm/w.php' not found or unable to stat
[Fri Jan 09 03:16:11.073456 2026] [php:error] [pid 45660] [client 4.247.129.71:0] script '/domains/astrosfm/404.php' not found or unable to stat
[Fri Jan 09 03:16:11.298277 2026] [php:error] [pid 45660] [client 4.247.129.71:0] script '/domains/astrosfm/ioxi-o.php' not found or unable to stat
[Fri Jan 09 03:16:11.516013 2026] [php:error] [pid 45660] [client 4.247.129.71:0] script '/domains/astrosfm/0x.php' not found or unable to stat
[Fri Jan 09 03:16:11.710551 2026] [php:error] [pid 45660] [client 4.247.129.71:0] script '/domains/astrosfm/css.php' not found or unable to stat
[Fri Jan 09 03:16:11.905643 2026] [php:error] [pid 45660] [client 4.247.129.71:0] script '/domains/astrosfm/222.php' not found or unable to stat
[Fri Jan 09 03:16:12.324625 2026] [php:error] [pid 45660] [client 4.247.129.71:0] script '/domains/astrosfm/admin.php' not found or unable to stat
[Fri Jan 09 03:16:12.627277 2026] [php:error] [pid 45658] [client 13.211.144.252:0] script '/domains/acagolf1/pi.php' not found or unable to stat
[Fri Jan 09 03:16:13.083069 2026] [php:error] [pid 45660] [client 4.247.129.71:0] script '/domains/astrosfm/classwithtostring.php' not found or unable to stat
[Fri Jan 09 03:16:13.837521 2026] [php:error] [pid 45660] [client 4.247.129.71:0] script '/domains/astrosfm/abcd.php' not found or unable to stat
[Fri Jan 09 03:16:14.032507 2026] [php:error] [pid 45660] [client 4.247.129.71:0] script '/domains/astrosfm/autoload_classmap.php' not found or unable to stat
[Fri Jan 09 03:16:14.230084 2026] [php:error] [pid 45660] [client 4.247.129.71:0] script '/domains/astrosfm/inputs.php' not found or unable to stat
[Fri Jan 09 03:16:14.424972 2026] [php:error] [pid 45660] [client 4.247.129.71:0] script '/domains/astrosfm/about.php' not found or unable to stat
[Fri Jan 09 03:16:14.619714 2026] [php:error] [pid 45660] [client 4.247.129.71:0] script '/domains/astrosfm/alfa.php' not found or unable to stat
[Fri Jan 09 03:16:15.597622 2026] [php:error] [pid 45660] [client 4.247.129.71:0] script '/domains/astrosfm/manager.php' not found or unable to stat
[Fri Jan 09 03:16:16.125680 2026] [php:error] [pid 45660] [client 4.247.129.71:0] script '/domains/astrosfm/item.php' not found or unable to stat
[Fri Jan 09 03:16:16.763974 2026] [php:error] [pid 45668] [client 45.148.10.158:0] script '/domains/efusion1/configuration.php.bak' not found or unable to stat
[Fri Jan 09 03:16:16.831035 2026] [php:error] [pid 45660] [client 4.247.129.71:0] script '/domains/astrosfm/404.php' not found or unable to stat
[Fri Jan 09 03:16:16.919217 2026] [php:error] [pid 45669] [client 13.211.144.252:0] script '/domains/acagolf1/php.php' not found or unable to stat
[Fri Jan 09 03:16:17.045539 2026] [php:error] [pid 45660] [client 4.247.129.71:0] script '/domains/astrosfm/mail.php' not found or unable to stat
[Fri Jan 09 03:16:17.437382 2026] [php:error] [pid 45660] [client 4.247.129.71:0] script '/domains/astrosfm/sx.php' not found or unable to stat
[Fri Jan 09 03:16:17.864369 2026] [php:error] [pid 45660] [client 4.247.129.71:0] script '/domains/astrosfm/alfa.php' not found or unable to stat
[Fri Jan 09 03:16:18.078466 2026] [php:error] [pid 45660] [client 4.247.129.71:0] script '/domains/astrosfm/1.php' not found or unable to stat
[Fri Jan 09 03:16:18.322861 2026] [php:error] [pid 45660] [client 4.247.129.71:0] script '/domains/astrosfm/byp.php' not found or unable to stat
[Fri Jan 09 03:16:18.519329 2026] [php:error] [pid 45660] [client 4.247.129.71:0] script '/domains/astrosfm/wp-trackback.php' not found or unable to stat
[Fri Jan 09 03:16:19.593913 2026] [php:error] [pid 45660] [client 4.247.129.71:0] script '/domains/astrosfm/gmo.php' not found or unable to stat
[Fri Jan 09 03:16:19.984644 2026] [php:error] [pid 45660] [client 4.247.129.71:0] script '/domains/astrosfm/css/index.php' not found or unable to stat
[Fri Jan 09 03:16:19.991071 2026] [php:error] [pid 45668] [client 13.211.144.252:0] script '/domains/acagolf1/i.php' not found or unable to stat
[Fri Jan 09 03:16:21.984656 2026] [php:error] [pid 45660] [client 4.247.129.71:0] script '/domains/astrosfm/ww1.php' not found or unable to stat
[Fri Jan 09 03:16:23.933235 2026] [php:error] [pid 45667] [client 4.247.129.71:0] script '/domains/astrosfm/security.php' not found or unable to stat
[Fri Jan 09 03:16:26.519692 2026] [php:error] [pid 45667] [client 4.247.129.71:0] script '/domains/astrosfm/class.php' not found or unable to stat
[Fri Jan 09 03:16:26.715877 2026] [php:error] [pid 45667] [client 4.247.129.71:0] script '/domains/astrosfm/bless5.php' not found or unable to stat
[Fri Jan 09 03:16:27.311966 2026] [php:error] [pid 45667] [client 4.247.129.71:0] script '/domains/astrosfm/lock360.php' not found or unable to stat
[Fri Jan 09 03:16:27.373662 2026] [php:error] [pid 45661] [client 13.211.144.252:0] script '/domains/acagolf1/configuration.php' not found or unable to stat
[Fri Jan 09 03:16:27.507261 2026] [php:error] [pid 45667] [client 4.247.129.71:0] script '/domains/astrosfm/f35.php' not found or unable to stat
[Fri Jan 09 03:16:27.707290 2026] [php:error] [pid 45667] [client 4.247.129.71:0] script '/domains/astrosfm/ioxi-o1.php' not found or unable to stat
[Fri Jan 09 03:16:27.902754 2026] [php:error] [pid 45667] [client 4.247.129.71:0] script '/domains/astrosfm/juuuu.php' not found or unable to stat
[Fri Jan 09 03:16:28.111558 2026] [php:error] [pid 45667] [client 4.247.129.71:0] script '/domains/astrosfm/ha.php' not found or unable to stat
[Fri Jan 09 03:16:28.314864 2026] [php:error] [pid 45667] [client 4.247.129.71:0] script '/domains/astrosfm/gg.php' not found or unable to stat
[Fri Jan 09 03:16:28.539229 2026] [php:error] [pid 45667] [client 4.247.129.71:0] script '/domains/astrosfm/we2.php' not found or unable to stat
[Fri Jan 09 03:16:29.404401 2026] [php:error] [pid 45667] [client 4.247.129.71:0] script '/domains/astrosfm/04.php' not found or unable to stat
[Fri Jan 09 03:16:29.599693 2026] [php:error] [pid 45667] [client 4.247.129.71:0] script '/domains/astrosfm/333.php' not found or unable to stat
[Fri Jan 09 03:16:29.795077 2026] [php:error] [pid 45667] [client 4.247.129.71:0] script '/domains/astrosfm/520.php' not found or unable to stat
[Fri Jan 09 03:16:30.154118 2026] [php:error] [pid 45667] [client 4.247.129.71:0] script '/domains/astrosfm/ar.php' not found or unable to stat
[Fri Jan 09 03:16:30.351743 2026] [php:error] [pid 45667] [client 4.247.129.71:0] script '/domains/astrosfm/x.php' not found or unable to stat
[Fri Jan 09 03:16:30.548479 2026] [php:error] [pid 45667] [client 4.247.129.71:0] script '/domains/astrosfm/xx.php' not found or unable to stat
[Fri Jan 09 03:16:30.761831 2026] [php:error] [pid 45667] [client 4.247.129.71:0] script '/domains/astrosfm/gifclass4.php' not found or unable to stat
[Fri Jan 09 03:16:30.971742 2026] [php:error] [pid 45667] [client 4.247.129.71:0] script '/domains/astrosfm/2clas.php' not found or unable to stat
[Fri Jan 09 03:16:31.199870 2026] [php:error] [pid 45667] [client 4.247.129.71:0] script '/domains/astrosfm/ave.php' not found or unable to stat
[Fri Jan 09 03:16:31.395865 2026] [php:error] [pid 45667] [client 4.247.129.71:0] script '/domains/astrosfm/wrt.php' not found or unable to stat
[Fri Jan 09 03:16:31.614708 2026] [php:error] [pid 45667] [client 4.247.129.71:0] script '/domains/astrosfm/bibil.php' not found or unable to stat
[Fri Jan 09 03:16:31.817518 2026] [php:error] [pid 45667] [client 4.247.129.71:0] script '/domains/astrosfm/radio.php' not found or unable to stat
[Fri Jan 09 03:16:32.015450 2026] [php:error] [pid 45667] [client 4.247.129.71:0] script '/domains/astrosfm/files.php' not found or unable to stat
[Fri Jan 09 03:16:32.211226 2026] [php:error] [pid 45667] [client 4.247.129.71:0] script '/domains/astrosfm/file7.php' not found or unable to stat
[Fri Jan 09 03:16:32.406481 2026] [php:error] [pid 45667] [client 4.247.129.71:0] script '/domains/astrosfm/gifclass.php' not found or unable to stat
[Fri Jan 09 03:16:32.803986 2026] [php:error] [pid 45667] [client 4.247.129.71:0] script '/domains/astrosfm/nox.php' not found or unable to stat
[Fri Jan 09 03:16:32.999897 2026] [php:error] [pid 45667] [client 4.247.129.71:0] script '/domains/astrosfm/file48.php' not found or unable to stat
[Fri Jan 09 03:16:33.195087 2026] [php:error] [pid 45667] [client 4.247.129.71:0] script '/domains/astrosfm/info.php' not found or unable to stat
[Fri Jan 09 03:16:33.901596 2026] [php:error] [pid 45667] [client 4.247.129.71:0] script '/domains/astrosfm/class9.php' not found or unable to stat
[Fri Jan 09 03:16:34.096889 2026] [php:error] [pid 45667] [client 4.247.129.71:0] script '/domains/astrosfm/la.php' not found or unable to stat
[Fri Jan 09 03:16:34.292161 2026] [php:error] [pid 45667] [client 4.247.129.71:0] script '/domains/astrosfm/bless11.php' not found or unable to stat
[Fri Jan 09 03:16:34.487616 2026] [php:error] [pid 45667] [client 4.247.129.71:0] script '/domains/astrosfm/ccou.php' not found or unable to stat
[Fri Jan 09 03:16:34.683184 2026] [php:error] [pid 45667] [client 4.247.129.71:0] script '/domains/astrosfm/ton.php' not found or unable to stat
[Fri Jan 09 03:16:34.906778 2026] [php:error] [pid 45667] [client 4.247.129.71:0] script '/domains/astrosfm/403.php' not found or unable to stat
[Fri Jan 09 03:16:35.121539 2026] [php:error] [pid 45667] [client 4.247.129.71:0] script '/domains/astrosfm/file9.php' not found or unable to stat
[Fri Jan 09 03:16:35.336213 2026] [php:error] [pid 45667] [client 4.247.129.71:0] script '/domains/astrosfm/ac.php' not found or unable to stat
[Fri Jan 09 03:16:35.547069 2026] [php:error] [pid 45667] [client 4.247.129.71:0] script '/domains/astrosfm/new4.php' not found or unable to stat
[Fri Jan 09 03:16:35.752120 2026] [php:error] [pid 45667] [client 4.247.129.71:0] script '/domains/astrosfm/pop.php' not found or unable to stat
[Fri Jan 09 03:16:35.947954 2026] [php:error] [pid 45667] [client 4.247.129.71:0] script '/domains/astrosfm/az.php' not found or unable to stat
[Fri Jan 09 03:16:36.143409 2026] [php:error] [pid 45667] [client 4.247.129.71:0] script '/domains/astrosfm/xaz.php' not found or unable to stat
[Fri Jan 09 03:16:36.971165 2026] [php:error] [pid 45667] [client 4.247.129.71:0] script '/domains/astrosfm/up4.php' not found or unable to stat
[Fri Jan 09 03:16:37.168605 2026] [php:error] [pid 45667] [client 4.247.129.71:0] script '/domains/astrosfm/1aa.php' not found or unable to stat
[Fri Jan 09 03:16:37.364768 2026] [php:error] [pid 45667] [client 4.247.129.71:0] script '/domains/astrosfm/elp.php' not found or unable to stat
[Fri Jan 09 03:16:37.560424 2026] [php:error] [pid 45667] [client 4.247.129.71:0] script '/domains/astrosfm/wtz.php' not found or unable to stat
[Fri Jan 09 03:16:37.765506 2026] [php:error] [pid 45667] [client 4.247.129.71:0] script '/domains/astrosfm/galex.php' not found or unable to stat
[Fri Jan 09 03:16:37.985384 2026] [php:error] [pid 45667] [client 4.247.129.71:0] script '/domains/astrosfm/xb.php' not found or unable to stat
[Fri Jan 09 03:16:38.196704 2026] [php:error] [pid 45667] [client 4.247.129.71:0] script '/domains/astrosfm/ova.php' not found or unable to stat
[Fri Jan 09 03:16:38.394816 2026] [php:error] [pid 45667] [client 4.247.129.71:0] script '/domains/astrosfm/vx.php' not found or unable to stat
[Fri Jan 09 03:16:38.590049 2026] [php:error] [pid 45667] [client 4.247.129.71:0] script '/domains/astrosfm/rh.php' not found or unable to stat
[Fri Jan 09 03:16:39.685584 2026] [php:error] [pid 45668] [client 13.211.144.252:0] script '/domains/acagolf1/debug.php' not found or unable to stat
[Fri Jan 09 03:16:40.295628 2026] [php:error] [pid 39998] [client 13.211.144.252:0] script '/domains/acagolf1/info2.php' not found or unable to stat
[Fri Jan 09 03:16:40.905855 2026] [php:error] [pid 45669] [client 13.211.144.252:0] script '/domains/acagolf1/info1.php' not found or unable to stat
[Fri Jan 09 03:16:41.514902 2026] [php:error] [pid 45661] [client 13.211.144.252:0] script '/domains/acagolf1/php_info.php' not found or unable to stat
[Fri Jan 09 03:16:53.345243 2026] [php:error] [pid 45675] [client 13.211.144.252:0] script '/domains/acagolf1/testphp.php' not found or unable to stat
[Fri Jan 09 03:16:53.965336 2026] [php:error] [pid 45673] [client 13.211.144.252:0] script '/domains/acagolf1/infophp.php' not found or unable to stat
[Fri Jan 09 03:16:54.577770 2026] [php:error] [pid 45676] [client 13.211.144.252:0] script '/domains/acagolf1/php-info.php' not found or unable to stat
[Fri Jan 09 03:16:55.191112 2026] [php:error] [pid 45671] [client 13.211.144.252:0] script '/domains/acagolf1/info_php.php' not found or unable to stat
[Fri Jan 09 03:16:55.808156 2026] [php:error] [pid 45673] [client 13.211.144.252:0] script '/domains/acagolf1/t.php' not found or unable to stat
[Fri Jan 09 03:16:56.428177 2026] [php:error] [pid 39998] [client 13.211.144.252:0] script '/domains/acagolf1/p.php' not found or unable to stat
[Fri Jan 09 03:16:57.041513 2026] [php:error] [pid 45669] [client 13.211.144.252:0] script '/domains/acagolf1/3.php' not found or unable to stat
[Fri Jan 09 03:16:57.658280 2026] [php:error] [pid 45671] [client 13.211.144.252:0] script '/domains/acagolf1/2.php' not found or unable to stat
[Fri Jan 09 03:16:58.272062 2026] [php:error] [pid 45673] [client 13.211.144.252:0] script '/domains/acagolf1/1.php' not found or unable to stat
[Fri Jan 09 03:16:58.883210 2026] [php:error] [pid 39998] [client 13.211.144.252:0] script '/domains/acagolf1/probe.php' not found or unable to stat
[Fri Jan 09 03:16:59.493588 2026] [php:error] [pid 45676] [client 13.211.144.252:0] script '/domains/acagolf1/check.php' not found or unable to stat
[Fri Jan 09 03:17:00.102564 2026] [php:error] [pid 45673] [client 13.211.144.252:0] script '/domains/acagolf1/phptest.php' not found or unable to stat
[Fri Jan 09 03:17:00.714555 2026] [php:error] [pid 45669] [client 13.211.144.252:0] script '/domains/acagolf1/diagnostic.php' not found or unable to stat
[Fri Jan 09 03:17:01.331200 2026] [php:error] [pid 45671] [client 13.211.144.252:0] script '/domains/acagolf1/serverinfo.php' not found or unable to stat
[Fri Jan 09 03:17:01.949979 2026] [php:error] [pid 45668] [client 13.211.144.252:0] script '/domains/acagolf1/phpversion.php' not found or unable to stat
[Fri Jan 09 03:17:02.564638 2026] [php:error] [pid 45673] [client 13.211.144.252:0] script '/domains/acagolf1/info3.php' not found or unable to stat
[Fri Jan 09 03:17:04.492227 2026] [php:error] [pid 45660] [client 35.247.243.241:0] script '/domains/telacomp/adminer-5.1.1.php' not found or unable to stat
[Fri Jan 09 03:17:04.722540 2026] [php:error] [pid 45673] [client 35.247.243.243:0] script '/domains/smartny/adminer-5.0.6.php' not found or unable to stat
[Fri Jan 09 03:17:14.081962 2026] [php:error] [pid 45668] [client 35.247.243.243:0] script '/domains/telacomp/adminer-5.1.0-en.php' not found or unable to stat
[Fri Jan 09 03:17:14.287239 2026] [php:error] [pid 45673] [client 34.96.162.56:0] script '/domains/smartny/adminer-5.0.6-mysql.php' not found or unable to stat
[Fri Jan 09 03:17:23.475129 2026] [php:error] [pid 45660] [client 35.247.243.248:0] script '/domains/telacomp/adminer-4.7.1.php' not found or unable to stat
[Fri Jan 09 03:17:23.570152 2026] [php:error] [pid 45676] [client 34.96.162.53:0] script '/domains/smartny/adminer-4.6.0.php' not found or unable to stat
[Fri Jan 09 03:17:31.118295 2026] [php:error] [pid 45669] [client 52.169.206.229:0] script '/domains/lover/aa.php' not found or unable to stat
[Fri Jan 09 03:17:31.186633 2026] [php:error] [pid 45669] [client 52.169.206.229:0] script '/domains/lover/av.php' not found or unable to stat
