[Fri Jan 09 06:38:32.414550 2026] [php:error] [pid 82189] [client 4.230.25.164:0] script '/domains/pmifit/wp-configs.php' not found or unable to stat
[Fri Jan 09 06:38:32.436195 2026] [php:error] [pid 82195] [client 52.176.217.57:0] script '/domains/peterbmiller/x.php' not found or unable to stat
[Fri Jan 09 06:38:32.484062 2026] [php:error] [pid 82195] [client 52.176.217.57:0] script '/domains/peterbmiller/xx.php' not found or unable to stat
[Fri Jan 09 06:38:32.513267 2026] [php:error] [pid 82195] [client 52.176.217.57:0] script '/domains/peterbmiller/gifclass4.php' not found or unable to stat
[Fri Jan 09 06:38:32.555705 2026] [php:error] [pid 82195] [client 52.176.217.57:0] script '/domains/peterbmiller/2clas.php' not found or unable to stat
[Fri Jan 09 06:38:32.585192 2026] [php:error] [pid 82195] [client 52.176.217.57:0] script '/domains/peterbmiller/ave.php' not found or unable to stat
[Fri Jan 09 06:38:32.592541 2026] [php:error] [pid 82189] [client 4.230.25.164:0] script '/domains/pmifit/wp-help.php' not found or unable to stat
[Fri Jan 09 06:38:32.610421 2026] [php:error] [pid 82195] [client 52.176.217.57:0] script '/domains/peterbmiller/wrt.php' not found or unable to stat
[Fri Jan 09 06:38:32.637456 2026] [php:error] [pid 82195] [client 52.176.217.57:0] script '/domains/peterbmiller/bibil.php' not found or unable to stat
[Fri Jan 09 06:38:32.671412 2026] [php:error] [pid 82195] [client 52.176.217.57:0] script '/domains/peterbmiller/radio.php' not found or unable to stat
[Fri Jan 09 06:38:32.696555 2026] [php:error] [pid 82195] [client 52.176.217.57:0] script '/domains/peterbmiller/files.php' not found or unable to stat
[Fri Jan 09 06:38:32.722006 2026] [php:error] [pid 82195] [client 52.176.217.57:0] script '/domains/peterbmiller/file7.php' not found or unable to stat
[Fri Jan 09 06:38:32.770819 2026] [php:error] [pid 82189] [client 4.230.25.164:0] script '/domains/pmifit/xc.php' not found or unable to stat
[Fri Jan 09 06:38:32.772961 2026] [php:error] [pid 82195] [client 52.176.217.57:0] script '/domains/peterbmiller/gifclass.php' not found or unable to stat
[Fri Jan 09 06:38:32.830026 2026] [php:error] [pid 82195] [client 52.176.217.57:0] script '/domains/peterbmiller/nox.php' not found or unable to stat
[Fri Jan 09 06:38:32.884247 2026] [php:error] [pid 82195] [client 52.176.217.57:0] script '/domains/peterbmiller/file48.php' not found or unable to stat
[Fri Jan 09 06:38:33.126966 2026] [php:error] [pid 82189] [client 4.230.25.164:0] script '/domains/pmifit/files.php' not found or unable to stat
[Fri Jan 09 06:38:33.199003 2026] [php:error] [pid 82195] [client 52.176.217.57:0] script '/domains/peterbmiller/info.php' not found or unable to stat
[Fri Jan 09 06:38:33.230043 2026] [php:error] [pid 82195] [client 52.176.217.57:0] script '/domains/peterbmiller/class9.php' not found or unable to stat
[Fri Jan 09 06:38:33.308608 2026] [php:error] [pid 82189] [client 4.230.25.164:0] script '/domains/pmifit/hly.php' not found or unable to stat
[Fri Jan 09 06:38:33.487166 2026] [php:error] [pid 82189] [client 4.230.25.164:0] script '/domains/pmifit/text.php' not found or unable to stat
[Fri Jan 09 06:38:33.588526 2026] [php:error] [pid 82195] [client 52.176.217.57:0] script '/domains/peterbmiller/la.php' not found or unable to stat
[Fri Jan 09 06:38:33.613966 2026] [php:error] [pid 82195] [client 52.176.217.57:0] script '/domains/peterbmiller/bless11.php' not found or unable to stat
[Fri Jan 09 06:38:33.657754 2026] [php:error] [pid 82195] [client 52.176.217.57:0] script '/domains/peterbmiller/ccou.php' not found or unable to stat
[Fri Jan 09 06:38:33.683171 2026] [php:error] [pid 82189] [client 4.230.25.164:0] script '/domains/pmifit/item.php' not found or unable to stat
[Fri Jan 09 06:38:33.689929 2026] [php:error] [pid 82195] [client 52.176.217.57:0] script '/domains/peterbmiller/ton.php' not found or unable to stat
[Fri Jan 09 06:38:33.726192 2026] [php:error] [pid 82195] [client 52.176.217.57:0] script '/domains/peterbmiller/403.php' not found or unable to stat
[Fri Jan 09 06:38:33.753941 2026] [php:error] [pid 82195] [client 52.176.217.57:0] script '/domains/peterbmiller/file9.php' not found or unable to stat
[Fri Jan 09 06:38:33.795377 2026] [php:error] [pid 82195] [client 52.176.217.57:0] script '/domains/peterbmiller/ac.php' not found or unable to stat
[Fri Jan 09 06:38:33.831491 2026] [php:error] [pid 82195] [client 52.176.217.57:0] script '/domains/peterbmiller/new4.php' not found or unable to stat
[Fri Jan 09 06:38:33.857716 2026] [php:error] [pid 82195] [client 52.176.217.57:0] script '/domains/peterbmiller/pop.php' not found or unable to stat
[Fri Jan 09 06:38:33.861138 2026] [php:error] [pid 82189] [client 4.230.25.164:0] script '/domains/pmifit/install.php' not found or unable to stat
[Fri Jan 09 06:38:33.891904 2026] [php:error] [pid 82195] [client 52.176.217.57:0] script '/domains/peterbmiller/az.php' not found or unable to stat
[Fri Jan 09 06:38:33.916951 2026] [php:error] [pid 82195] [client 52.176.217.57:0] script '/domains/peterbmiller/xaz.php' not found or unable to stat
[Fri Jan 09 06:38:33.941918 2026] [php:error] [pid 82195] [client 52.176.217.57:0] script '/domains/peterbmiller/up4.php' not found or unable to stat
[Fri Jan 09 06:38:33.969431 2026] [php:error] [pid 82195] [client 52.176.217.57:0] script '/domains/peterbmiller/1aa.php' not found or unable to stat
[Fri Jan 09 06:38:33.995798 2026] [php:error] [pid 82195] [client 52.176.217.57:0] script '/domains/peterbmiller/elp.php' not found or unable to stat
[Fri Jan 09 06:38:34.021098 2026] [php:error] [pid 82195] [client 52.176.217.57:0] script '/domains/peterbmiller/wtz.php' not found or unable to stat
[Fri Jan 09 06:38:34.039030 2026] [php:error] [pid 82189] [client 4.230.25.164:0] script '/domains/pmifit/wp-conflg.php' not found or unable to stat
[Fri Jan 09 06:38:34.046190 2026] [php:error] [pid 82195] [client 52.176.217.57:0] script '/domains/peterbmiller/galex.php' not found or unable to stat
[Fri Jan 09 06:38:34.217403 2026] [php:error] [pid 82189] [client 4.230.25.164:0] script '/domains/pmifit/dropdown.php' not found or unable to stat
[Fri Jan 09 06:38:34.349417 2026] [php:error] [pid 82195] [client 52.176.217.57:0] script '/domains/peterbmiller/xb.php' not found or unable to stat
[Fri Jan 09 06:38:34.374729 2026] [php:error] [pid 82195] [client 52.176.217.57:0] script '/domains/peterbmiller/ova.php' not found or unable to stat
[Fri Jan 09 06:38:34.395684 2026] [php:error] [pid 82189] [client 4.230.25.164:0] script '/domains/pmifit/xp.php' not found or unable to stat
[Fri Jan 09 06:38:34.400239 2026] [php:error] [pid 82195] [client 52.176.217.57:0] script '/domains/peterbmiller/vx.php' not found or unable to stat
[Fri Jan 09 06:38:34.425289 2026] [php:error] [pid 82195] [client 52.176.217.57:0] script '/domains/peterbmiller/rh.php' not found or unable to stat
[Fri Jan 09 06:38:34.575919 2026] [php:error] [pid 82189] [client 4.230.25.164:0] script '/domains/pmifit/yes.php' not found or unable to stat
[Fri Jan 09 06:38:34.754000 2026] [php:error] [pid 82189] [client 4.230.25.164:0] script '/domains/pmifit/09fa6.php' not found or unable to stat
[Fri Jan 09 06:38:34.932387 2026] [php:error] [pid 82189] [client 4.230.25.164:0] script '/domains/pmifit/89.php' not found or unable to stat
[Fri Jan 09 06:38:35.111331 2026] [php:error] [pid 82189] [client 4.230.25.164:0] script '/domains/pmifit/has.php' not found or unable to stat
[Fri Jan 09 06:38:35.289560 2026] [php:error] [pid 82189] [client 4.230.25.164:0] script '/domains/pmifit/nax.php' not found or unable to stat
[Fri Jan 09 06:38:35.468211 2026] [php:error] [pid 82189] [client 4.230.25.164:0] script '/domains/pmifit/ooj.php' not found or unable to stat
[Fri Jan 09 06:38:35.646624 2026] [php:error] [pid 82189] [client 4.230.25.164:0] script '/domains/pmifit/orm.php' not found or unable to stat
[Fri Jan 09 06:38:35.824600 2026] [php:error] [pid 82189] [client 4.230.25.164:0] script '/domains/pmifit/yep.php' not found or unable to stat
[Fri Jan 09 06:38:36.003858 2026] [php:error] [pid 82189] [client 4.230.25.164:0] script '/domains/pmifit/x3.php' not found or unable to stat
[Fri Jan 09 06:38:36.182853 2026] [php:error] [pid 82189] [client 4.230.25.164:0] script '/domains/pmifit/6erg.php' not found or unable to stat
[Fri Jan 09 06:38:36.368518 2026] [php:error] [pid 82189] [client 4.230.25.164:0] script '/domains/pmifit/ggfi.php' not found or unable to stat
[Fri Jan 09 06:38:36.550660 2026] [php:error] [pid 82189] [client 4.230.25.164:0] script '/domains/pmifit/wrt.php' not found or unable to stat
[Fri Jan 09 06:38:36.736311 2026] [php:error] [pid 82189] [client 4.230.25.164:0] script '/domains/pmifit/jju.php' not found or unable to stat
[Fri Jan 09 06:38:36.914617 2026] [php:error] [pid 82189] [client 4.230.25.164:0] script '/domains/pmifit/rsnu.php' not found or unable to stat
[Fri Jan 09 06:38:37.092918 2026] [php:error] [pid 82189] [client 4.230.25.164:0] script '/domains/pmifit/lc.php' not found or unable to stat
[Fri Jan 09 06:38:37.271167 2026] [php:error] [pid 82189] [client 4.230.25.164:0] script '/domains/pmifit/gfile.php' not found or unable to stat
[Fri Jan 09 06:38:37.449970 2026] [php:error] [pid 82189] [client 4.230.25.164:0] script '/domains/pmifit/gold.php' not found or unable to stat
[Fri Jan 09 06:38:37.634450 2026] [php:error] [pid 82189] [client 4.230.25.164:0] script '/domains/pmifit/new.php' not found or unable to stat
[Fri Jan 09 06:38:37.812430 2026] [php:error] [pid 82189] [client 4.230.25.164:0] script '/domains/pmifit/aua.php' not found or unable to stat
[Fri Jan 09 06:38:37.995979 2026] [php:error] [pid 82189] [client 4.230.25.164:0] script '/domains/pmifit/great.php' not found or unable to stat
[Fri Jan 09 06:38:38.174336 2026] [php:error] [pid 82189] [client 4.230.25.164:0] script '/domains/pmifit/class9.php' not found or unable to stat
[Fri Jan 09 06:38:38.353424 2026] [php:error] [pid 82189] [client 4.230.25.164:0] script '/domains/pmifit/ot.php' not found or unable to stat
[Fri Jan 09 06:38:38.531810 2026] [php:error] [pid 82189] [client 4.230.25.164:0] script '/domains/pmifit/witmm.php' not found or unable to stat
[Fri Jan 09 06:38:38.710456 2026] [php:error] [pid 82189] [client 4.230.25.164:0] script '/domains/pmifit/ocxla.php' not found or unable to stat
[Fri Jan 09 06:38:38.880786 2026] [php:error] [pid 82189] [client 16.147.71.124:0] script '/domains/rainho/phpinfo.php' not found or unable to stat
[Fri Jan 09 06:38:39.089545 2026] [php:error] [pid 82189] [client 4.230.25.164:0] script '/domains/pmifit/tt.php' not found or unable to stat
[Fri Jan 09 06:38:39.275063 2026] [php:error] [pid 82189] [client 4.230.25.164:0] script '/domains/pmifit/resp.php' not found or unable to stat
[Fri Jan 09 06:38:39.454059 2026] [php:error] [pid 82189] [client 4.230.25.164:0] script '/domains/pmifit/100.kb.php' not found or unable to stat
[Fri Jan 09 06:38:39.633172 2026] [php:error] [pid 82189] [client 4.230.25.164:0] script '/domains/pmifit/wqqs.php' not found or unable to stat
[Fri Jan 09 06:38:39.808800 2026] [php:error] [pid 82197] [client 16.147.71.124:0] script '/domains/rainho/info.php' not found or unable to stat
[Fri Jan 09 06:38:39.824707 2026] [php:error] [pid 82189] [client 4.230.25.164:0] script '/domains/pmifit/zwq13.php' not found or unable to stat
[Fri Jan 09 06:38:40.005026 2026] [php:error] [pid 82189] [client 4.230.25.164:0] script '/domains/pmifit/rtx.php' not found or unable to stat
[Fri Jan 09 06:38:40.187004 2026] [php:error] [pid 82189] [client 4.230.25.164:0] script '/domains/pmifit/1index.php' not found or unable to stat
[Fri Jan 09 06:38:40.366071 2026] [php:error] [pid 82189] [client 4.230.25.164:0] script '/domains/pmifit/fs6.php' not found or unable to stat
[Fri Jan 09 06:38:40.544361 2026] [php:error] [pid 82189] [client 4.230.25.164:0] script '/domains/pmifit/clasa99.php' not found or unable to stat
[Fri Jan 09 06:38:40.722901 2026] [php:error] [pid 82189] [client 4.230.25.164:0] script '/domains/pmifit/fasx.php' not found or unable to stat
[Fri Jan 09 06:38:40.901250 2026] [php:error] [pid 82189] [client 4.230.25.164:0] script '/domains/pmifit/c4.php' not found or unable to stat
[Fri Jan 09 06:38:41.079868 2026] [php:error] [pid 82189] [client 4.230.25.164:0] script '/domains/pmifit/lock1.php' not found or unable to stat
[Fri Jan 09 06:38:41.348935 2026] [php:error] [pid 82197] [client 16.147.71.124:0] script '/domains/rainho/test.php' not found or unable to stat
[Fri Jan 09 06:38:41.984341 2026] [php:error] [pid 82189] [client 4.230.25.164:0] script '/domains/pmifit/lock11.php' not found or unable to stat
[Fri Jan 09 06:38:42.168834 2026] [php:error] [pid 82189] [client 4.230.25.164:0] script '/domains/pmifit/api137.php' not found or unable to stat
[Fri Jan 09 06:38:42.353278 2026] [php:error] [pid 82189] [client 4.230.25.164:0] script '/domains/pmifit/class629.php' not found or unable to stat
[Fri Jan 09 06:38:42.531404 2026] [php:error] [pid 82189] [client 4.230.25.164:0] script '/domains/pmifit/wp670.php' not found or unable to stat
[Fri Jan 09 06:38:42.709671 2026] [php:error] [pid 82189] [client 4.230.25.164:0] script '/domains/pmifit/v1.php' not found or unable to stat
[Fri Jan 09 06:38:42.888908 2026] [php:error] [pid 82189] [client 4.230.25.164:0] script '/domains/pmifit/xx.php' not found or unable to stat
[Fri Jan 09 06:38:43.246453 2026] [php:error] [pid 82189] [client 4.230.25.164:0] script '/domains/pmifit/skinmain.php' not found or unable to stat
[Fri Jan 09 06:38:43.603478 2026] [php:error] [pid 82189] [client 4.230.25.164:0] script '/domains/pmifit/orxnwdbb.php' not found or unable to stat
[Fri Jan 09 06:38:43.781697 2026] [php:error] [pid 82189] [client 4.230.25.164:0] script '/domains/pmifit/v3.php' not found or unable to stat
[Fri Jan 09 06:38:43.964622 2026] [php:error] [pid 82189] [client 4.230.25.164:0] script '/domains/pmifit/fs8.php' not found or unable to stat
[Fri Jan 09 06:38:44.499205 2026] [php:error] [pid 82189] [client 4.230.25.164:0] script '/domains/pmifit/adminer-4.5.0-mysql.php' not found or unable to stat
[Fri Jan 09 06:38:44.863230 2026] [php:error] [pid 82189] [client 4.230.25.164:0] script '/domains/pmifit/video.php' not found or unable to stat
[Fri Jan 09 06:38:45.047631 2026] [php:error] [pid 82189] [client 4.230.25.164:0] script '/domains/pmifit/scgi-bin.php' not found or unable to stat
[Fri Jan 09 06:38:45.226793 2026] [php:error] [pid 82189] [client 4.230.25.164:0] script '/domains/pmifit/finest09.php' not found or unable to stat
[Fri Jan 09 06:38:45.278639 2026] [php:error] [pid 82199] [client 45.148.10.158:0] script '/domains/bburke/phpinfo.php' not found or unable to stat
[Fri Jan 09 06:38:45.407207 2026] [php:error] [pid 82189] [client 4.230.25.164:0] script '/domains/pmifit/1100.php' not found or unable to stat
[Fri Jan 09 06:38:45.586943 2026] [php:error] [pid 82189] [client 4.230.25.164:0] script '/domains/pmifit/iov.php' not found or unable to stat
[Fri Jan 09 06:38:46.127765 2026] [php:error] [pid 82189] [client 4.230.25.164:0] script '/domains/pmifit/.well-known.php' not found or unable to stat
[Fri Jan 09 06:38:46.305799 2026] [php:error] [pid 82189] [client 4.230.25.164:0] script '/domains/pmifit/02.php' not found or unable to stat
[Fri Jan 09 06:38:46.484446 2026] [php:error] [pid 82189] [client 4.230.25.164:0] script '/domains/pmifit/13.php' not found or unable to stat
[Fri Jan 09 06:38:46.662865 2026] [php:error] [pid 82189] [client 4.230.25.164:0] script '/domains/pmifit/2024.php' not found or unable to stat
[Fri Jan 09 06:38:46.841189 2026] [php:error] [pid 82189] [client 4.230.25.164:0] script '/domains/pmifit/403.php' not found or unable to stat
[Fri Jan 09 06:38:47.019724 2026] [php:error] [pid 82189] [client 4.230.25.164:0] script '/domains/pmifit/Diff.php' not found or unable to stat
[Fri Jan 09 06:38:47.197861 2026] [php:error] [pid 82189] [client 4.230.25.164:0] script '/domains/pmifit/Engine.php' not found or unable to stat
[Fri Jan 09 06:38:47.288446 2026] [php:error] [pid 82164] [client 45.148.10.158:0] script '/domains/bburke/info.php' not found or unable to stat
[Fri Jan 09 06:38:47.376083 2026] [php:error] [pid 82189] [client 4.230.25.164:0] script '/domains/pmifit/ID3.php' not found or unable to stat
[Fri Jan 09 06:38:47.559291 2026] [php:error] [pid 82189] [client 4.230.25.164:0] script '/domains/pmifit/IXR.php' not found or unable to stat
[Fri Jan 09 06:38:47.744712 2026] [php:error] [pid 82189] [client 4.230.25.164:0] script '/domains/pmifit/SimplePie.php' not found or unable to stat
[Fri Jan 09 06:38:47.923056 2026] [php:error] [pid 82189] [client 4.230.25.164:0] script '/domains/pmifit/Text.php' not found or unable to stat
[Fri Jan 09 06:38:48.101287 2026] [php:error] [pid 82189] [client 4.230.25.164:0] script '/domains/pmifit/aahana.php' not found or unable to stat
[Fri Jan 09 06:38:48.280638 2026] [php:error] [pid 82189] [client 4.230.25.164:0] script '/domains/pmifit/ws35.php' not found or unable to stat
[Fri Jan 09 06:38:49.542442 2026] [php:error] [pid 82197] [client 45.148.10.158:0] script '/domains/bburke/test.php' not found or unable to stat
[Fri Jan 09 06:38:50.929549 2026] [php:error] [pid 82198] [client 45.148.10.158:0] script '/domains/bburke/php.php' not found or unable to stat
[Fri Jan 09 06:38:54.621051 2026] [php:error] [pid 82196] [client 45.148.10.158:0] script '/domains/bburke/i.php' not found or unable to stat
[Fri Jan 09 06:38:54.748641 2026] [php:error] [pid 82185] [client 16.147.71.124:0] script '/domains/rainho/server.php' not found or unable to stat
[Fri Jan 09 06:38:55.360027 2026] [php:error] [pid 82194] [client 16.147.71.124:0] script '/domains/rainho/php_version.php' not found or unable to stat
[Fri Jan 09 06:38:56.265482 2026] [php:error] [pid 82185] [client 16.147.71.124:0] script '/domains/rainho/pi.php' not found or unable to stat
[Fri Jan 09 06:38:59.374780 2026] [php:error] [pid 82203] [client 16.147.71.124:0] script '/domains/rainho/php.php' not found or unable to stat
[Fri Jan 09 06:39:00.937663 2026] [php:error] [pid 82205] [client 16.147.71.124:0] script '/domains/rainho/i.php' not found or unable to stat
[Fri Jan 09 06:39:04.966954 2026] [php:error] [pid 82210] [client 16.147.71.124:0] script '/domains/rainho/configuration.php' not found or unable to stat
[Fri Jan 09 06:39:11.052994 2026] [php:error] [pid 82198] [client 16.147.71.124:0] script '/domains/rainho/debug.php' not found or unable to stat
[Fri Jan 09 06:39:11.373730 2026] [php:error] [pid 82203] [client 16.147.71.124:0] script '/domains/rainho/info2.php' not found or unable to stat
[Fri Jan 09 06:39:11.681239 2026] [php:error] [pid 82194] [client 16.147.71.124:0] script '/domains/rainho/info1.php' not found or unable to stat
[Fri Jan 09 06:39:11.982720 2026] [php:error] [pid 82189] [client 16.147.71.124:0] script '/domains/rainho/php_info.php' not found or unable to stat
[Fri Jan 09 06:39:17.839716 2026] [php:error] [pid 82194] [client 16.147.71.124:0] script '/domains/rainho/testphp.php' not found or unable to stat
[Fri Jan 09 06:39:18.147794 2026] [php:error] [pid 82209] [client 16.147.71.124:0] script '/domains/rainho/infophp.php' not found or unable to stat
[Fri Jan 09 06:39:18.380306 2026] [php:error] [pid 82210] [client 45.148.10.158:0] script '/domains/bburke/wp-config.php.bak' not found or unable to stat
[Fri Jan 09 06:39:18.459456 2026] [php:error] [pid 82192] [client 16.147.71.124:0] script '/domains/rainho/php-info.php' not found or unable to stat
[Fri Jan 09 06:39:18.766879 2026] [php:error] [pid 82214] [client 16.147.71.124:0] script '/domains/rainho/info_php.php' not found or unable to stat
[Fri Jan 09 06:39:19.085542 2026] [php:error] [pid 82185] [client 16.147.71.124:0] script '/domains/rainho/t.php' not found or unable to stat
[Fri Jan 09 06:39:19.392605 2026] [php:error] [pid 82194] [client 16.147.71.124:0] script '/domains/rainho/p.php' not found or unable to stat
[Fri Jan 09 06:39:19.705082 2026] [php:error] [pid 82192] [client 16.147.71.124:0] script '/domains/rainho/3.php' not found or unable to stat
[Fri Jan 09 06:39:20.014903 2026] [php:error] [pid 82214] [client 16.147.71.124:0] script '/domains/rainho/2.php' not found or unable to stat
[Fri Jan 09 06:39:20.319450 2026] [php:error] [pid 82185] [client 16.147.71.124:0] script '/domains/rainho/1.php' not found or unable to stat
[Fri Jan 09 06:39:20.617392 2026] [php:error] [pid 82209] [client 16.147.71.124:0] script '/domains/rainho/probe.php' not found or unable to stat
[Fri Jan 09 06:39:20.935691 2026] [php:error] [pid 82192] [client 16.147.71.124:0] script '/domains/rainho/check.php' not found or unable to stat
[Fri Jan 09 06:39:20.961765 2026] [php:error] [pid 82214] [client 45.148.10.158:0] script '/domains/bburke/config.php.bak' not found or unable to stat
[Fri Jan 09 06:39:21.248099 2026] [php:error] [pid 82213] [client 16.147.71.124:0] script '/domains/rainho/phptest.php' not found or unable to stat
[Fri Jan 09 06:39:21.559765 2026] [php:error] [pid 82208] [client 16.147.71.124:0] script '/domains/rainho/diagnostic.php' not found or unable to stat
[Fri Jan 09 06:39:21.860583 2026] [php:error] [pid 82210] [client 16.147.71.124:0] script '/domains/rainho/serverinfo.php' not found or unable to stat
[Fri Jan 09 06:39:22.166581 2026] [php:error] [pid 82192] [client 16.147.71.124:0] script '/domains/rainho/phpversion.php' not found or unable to stat
[Fri Jan 09 06:39:22.475327 2026] [php:error] [pid 82208] [client 16.147.71.124:0] script '/domains/rainho/info3.php' not found or unable to stat
[Fri Jan 09 06:39:41.152447 2026] [php:error] [pid 82230] [client 45.148.10.158:0] script '/domains/bburke/configuration.php.bak' not found or unable to stat
[Fri Jan 09 06:39:43.543718 2026] [php:error] [pid 82218] [client 45.148.10.158:0] script '/domains/tcrlle/phpinfo.php' not found or unable to stat
[Fri Jan 09 06:39:45.569665 2026] [php:error] [pid 82219] [client 45.148.10.158:0] script '/domains/tcrlle/info.php' not found or unable to stat
[Fri Jan 09 06:39:47.133970 2026] [php:error] [pid 82227] [client 45.148.10.158:0] script '/domains/tcrlle/test.php' not found or unable to stat
[Fri Jan 09 06:39:48.743309 2026] [php:error] [pid 82218] [client 45.148.10.158:0] script '/domains/tcrlle/php.php' not found or unable to stat
[Fri Jan 09 06:39:52.279373 2026] [php:error] [pid 82210] [client 45.148.10.158:0] script '/domains/tcrlle/i.php' not found or unable to stat
[Fri Jan 09 06:39:53.575977 2026] [php:error] [pid 82223] [client 45.148.10.158:0] script '/domains/traceassoc/phpinfo.php' not found or unable to stat
[Fri Jan 09 06:39:55.376802 2026] [php:error] [pid 82192] [client 45.148.10.158:0] script '/domains/traceassoc/info.php' not found or unable to stat
[Fri Jan 09 06:39:58.085413 2026] [php:error] [pid 82185] [client 45.148.10.158:0] script '/domains/traceassoc/test.php' not found or unable to stat
[Fri Jan 09 06:40:00.244751 2026] [php:error] [pid 82192] [client 45.148.10.158:0] script '/domains/traceassoc/php.php' not found or unable to stat
[Fri Jan 09 06:40:04.641262 2026] [php:error] [pid 82192] [client 45.148.10.158:0] script '/domains/traceassoc/i.php' not found or unable to stat
[Fri Jan 09 06:40:16.297930 2026] [php:error] [pid 82223] [client 45.148.10.158:0] script '/domains/tcrlle/wp-config.php.bak' not found or unable to stat
[Fri Jan 09 06:40:19.681694 2026] [php:error] [pid 82225] [client 45.148.10.158:0] script '/domains/bburke/phpinfo.php' not found or unable to stat
[Fri Jan 09 06:40:21.150717 2026] [php:error] [pid 82210] [client 45.148.10.158:0] script '/domains/tcrlle/config.php.bak' not found or unable to stat
[Fri Jan 09 06:40:21.946976 2026] [php:error] [pid 82192] [client 45.148.10.158:0] script '/domains/bburke/info.php' not found or unable to stat
[Fri Jan 09 06:40:23.799932 2026] [php:error] [pid 82192] [client 45.148.10.158:0] script '/domains/bburke/test.php' not found or unable to stat
[Fri Jan 09 06:40:25.392884 2026] [php:error] [pid 82192] [client 45.148.10.158:0] script '/domains/bburke/php.php' not found or unable to stat
[Fri Jan 09 06:40:29.141880 2026] [php:error] [pid 82241] [client 45.148.10.158:0] script '/domains/bburke/i.php' not found or unable to stat
[Fri Jan 09 06:40:34.743790 2026] [php:error] [pid 82210] [client 45.148.10.158:0] script '/domains/traceassoc/wp-config.php.bak' not found or unable to stat
[Fri Jan 09 06:40:38.981584 2026] [php:error] [pid 82210] [client 45.148.10.158:0] script '/domains/traceassoc/config.php.bak' not found or unable to stat
[Fri Jan 09 06:40:39.245382 2026] [php:error] [pid 82223] [client 45.148.10.158:0] script '/domains/tcrlle/configuration.php.bak' not found or unable to stat
[Fri Jan 09 06:40:50.742224 2026] [php:error] [pid 82223] [client 45.148.10.158:0] script '/domains/bburke/wp-config.php.bak' not found or unable to stat
[Fri Jan 09 06:40:54.448846 2026] [php:error] [pid 82210] [client 45.148.10.158:0] script '/domains/bburke/config.php.bak' not found or unable to stat
[Fri Jan 09 06:41:01.264250 2026] [php:error] [pid 82247] [client 45.148.10.158:0] script '/domains/traceassoc/configuration.php.bak' not found or unable to stat
[Fri Jan 09 06:41:10.327285 2026] [php:error] [pid 82248] [client 45.148.10.158:0] script '/domains/bburke/configuration.php.bak' not found or unable to stat
[Fri Jan 09 06:41:34.731859 2026] [php:error] [pid 82251] [client 45.148.10.158:0] script '/domains/traceassoc/phpinfo.php' not found or unable to stat
[Fri Jan 09 06:41:36.341485 2026] [php:error] [pid 82253] [client 45.148.10.158:0] script '/domains/traceassoc/info.php' not found or unable to stat
[Fri Jan 09 06:41:37.904998 2026] [php:error] [pid 82192] [client 45.148.10.158:0] script '/domains/traceassoc/test.php' not found or unable to stat
[Fri Jan 09 06:41:39.491469 2026] [php:error] [pid 82240] [client 45.148.10.158:0] script '/domains/traceassoc/php.php' not found or unable to stat
[Fri Jan 09 06:41:42.403661 2026] [php:error] [pid 82246] [client 45.148.10.158:0] script '/domains/traceassoc/i.php' not found or unable to stat
[Fri Jan 09 06:41:45.589635 2026] [core:error] [pid 82254] [client 159.89.95.172:0] AH10244: invalid URI path (/../images/Art/tanga2.jpg), referer: http://viamontedesign.com/
[Fri Jan 09 06:41:49.506250 2026] [authz_core:error] [pid 82259] [client 162.216.16.109:0] AH01630: client denied by server configuration: /
[Fri Jan 09 06:41:55.533486 2026] [authz_core:error] [pid 82248] [client 162.216.16.109:0] AH01630: client denied by server configuration: /
[Fri Jan 09 06:41:55.712628 2026] [php:error] [pid 82253] [client 162.216.16.109:0] script '/domains/thewalshgroup/login.php' not found or unable to stat
[Fri Jan 09 06:41:55.713530 2026] [php:error] [pid 82248] [client 162.216.16.109:0] script '/domains/thewalshgroup/login.php' not found or unable to stat
[Fri Jan 09 06:41:58.029972 2026] [cgi:error] [pid 82240] [client 162.216.16.109:0] AH02811: stderr from /domains/thewalshgroup/webportal.cgi: script not found or unable to stat
[Fri Jan 09 06:41:58.131699 2026] [cgi:error] [pid 82261] [client 162.216.16.109:0] AH02811: stderr from /domains/thewalshgroup/webportal.cgi: script not found or unable to stat
[Fri Jan 09 06:42:00.319590 2026] [authz_core:error] [pid 82240] [client 162.216.16.109:0] AH01630: client denied by server configuration: /
[Fri Jan 09 06:42:00.319597 2026] [authz_core:error] [pid 82192] [client 162.216.16.109:0] AH01630: client denied by server configuration: /
[Fri Jan 09 06:42:03.577404 2026] [php:error] [pid 82257] [client 45.148.10.158:0] script '/domains/traceassoc/wp-config.php.bak' not found or unable to stat
[Fri Jan 09 06:42:07.019224 2026] [php:error] [pid 82262] [client 45.148.10.158:0] script '/domains/traceassoc/config.php.bak' not found or unable to stat
[Fri Jan 09 06:42:07.203695 2026] [php:error] [pid 82257] [client 142.248.80.123:0] script '/domains/braniff/xmlrpc.php' not found or unable to stat
[Fri Jan 09 06:42:22.010283 2026] [php:error] [pid 82257] [client 45.148.10.158:0] script '/domains/traceassoc/configuration.php.bak' not found or unable to stat
[Fri Jan 09 06:46:34.716401 2026] [php:error] [pid 87936] [client 45.148.10.158:0] script '/domains/jeffbell/phpinfo.php' not found or unable to stat
[Fri Jan 09 06:46:36.888226 2026] [php:error] [pid 87941] [client 45.148.10.158:0] script '/domains/jeffbell/info.php' not found or unable to stat
[Fri Jan 09 06:46:38.768264 2026] [php:error] [pid 82639] [client 45.148.10.158:0] script '/domains/jeffbell/test.php' not found or unable to stat
[Fri Jan 09 06:46:40.649794 2026] [php:error] [pid 87941] [client 45.148.10.158:0] script '/domains/jeffbell/php.php' not found or unable to stat
[Fri Jan 09 06:46:44.312280 2026] [php:error] [pid 87945] [client 45.148.10.158:0] script '/domains/jeffbell/i.php' not found or unable to stat
[Fri Jan 09 06:47:01.590263 2026] [php:error] [pid 87943] [client 45.148.10.158:0] script '/domains/jeffbell/wp-config.php.bak' not found or unable to stat
[Fri Jan 09 06:47:03.056295 2026] [php:error] [pid 87943] [client 38.148.248.140:0] script '/domains/markrose/1234.php' not found or unable to stat
[Fri Jan 09 06:47:04.230787 2026] [php:error] [pid 87936] [client 45.148.10.158:0] script '/domains/jeffbell/config.php.bak' not found or unable to stat
[Fri Jan 09 06:47:06.681268 2026] [php:error] [pid 87943] [client 100.48.93.217:0] script '/domains/oneylaw/phpinfo.php' not found or unable to stat
[Fri Jan 09 06:47:06.722099 2026] [php:error] [pid 87943] [client 100.48.93.217:0] script '/domains/oneylaw/info.php' not found or unable to stat
[Fri Jan 09 06:47:06.789651 2026] [php:error] [pid 87944] [client 100.48.93.217:0] script '/domains/oneylaw/test.php' not found or unable to stat
[Fri Jan 09 06:47:07.392364 2026] [php:error] [pid 87944] [client 100.48.93.217:0] script '/domains/oneylaw/server.php' not found or unable to stat
[Fri Jan 09 06:47:07.418389 2026] [php:error] [pid 87944] [client 100.48.93.217:0] script '/domains/oneylaw/php_version.php' not found or unable to stat
[Fri Jan 09 06:47:07.455745 2026] [php:error] [pid 87944] [client 100.48.93.217:0] script '/domains/oneylaw/pi.php' not found or unable to stat
[Fri Jan 09 06:47:07.567722 2026] [php:error] [pid 87936] [client 100.48.93.217:0] script '/domains/oneylaw/php.php' not found or unable to stat
[Fri Jan 09 06:47:07.633570 2026] [php:error] [pid 87944] [client 100.48.93.217:0] script '/domains/oneylaw/i.php' not found or unable to stat
[Fri Jan 09 06:47:07.794037 2026] [php:error] [pid 87944] [client 100.48.93.217:0] script '/domains/oneylaw/configuration.php' not found or unable to stat
[Fri Jan 09 06:47:08.057809 2026] [php:error] [pid 87943] [client 100.48.93.217:0] script '/domains/oneylaw/debug.php' not found or unable to stat
[Fri Jan 09 06:47:08.070391 2026] [php:error] [pid 87944] [client 100.48.93.217:0] script '/domains/oneylaw/info2.php' not found or unable to stat
[Fri Jan 09 06:47:08.082974 2026] [php:error] [pid 87936] [client 100.48.93.217:0] script '/domains/oneylaw/info1.php' not found or unable to stat
[Fri Jan 09 06:47:08.097976 2026] [php:error] [pid 87943] [client 100.48.93.217:0] script '/domains/oneylaw/php_info.php' not found or unable to stat
[Fri Jan 09 06:47:08.402801 2026] [php:error] [pid 87947] [client 100.48.93.217:0] script '/domains/oneylaw/testphp.php' not found or unable to stat
[Fri Jan 09 06:47:08.417938 2026] [php:error] [pid 87943] [client 100.48.93.217:0] script '/domains/oneylaw/infophp.php' not found or unable to stat
[Fri Jan 09 06:47:08.432801 2026] [php:error] [pid 87944] [client 100.48.93.217:0] script '/domains/oneylaw/php-info.php' not found or unable to stat
[Fri Jan 09 06:47:08.445858 2026] [php:error] [pid 87936] [client 100.48.93.217:0] script '/domains/oneylaw/info_php.php' not found or unable to stat
[Fri Jan 09 06:47:08.464607 2026] [php:error] [pid 87947] [client 100.48.93.217:0] script '/domains/oneylaw/t.php' not found or unable to stat
[Fri Jan 09 06:47:08.478929 2026] [php:error] [pid 87943] [client 100.48.93.217:0] script '/domains/oneylaw/p.php' not found or unable to stat
[Fri Jan 09 06:47:08.493768 2026] [php:error] [pid 87944] [client 100.48.93.217:0] script '/domains/oneylaw/3.php' not found or unable to stat
[Fri Jan 09 06:47:08.509414 2026] [php:error] [pid 87936] [client 100.48.93.217:0] script '/domains/oneylaw/2.php' not found or unable to stat
[Fri Jan 09 06:47:08.525522 2026] [php:error] [pid 87947] [client 100.48.93.217:0] script '/domains/oneylaw/1.php' not found or unable to stat
[Fri Jan 09 06:47:08.542614 2026] [php:error] [pid 87943] [client 100.48.93.217:0] script '/domains/oneylaw/probe.php' not found or unable to stat
[Fri Jan 09 06:47:08.557087 2026] [php:error] [pid 87944] [client 100.48.93.217:0] script '/domains/oneylaw/check.php' not found or unable to stat
[Fri Jan 09 06:47:08.573976 2026] [php:error] [pid 87936] [client 100.48.93.217:0] script '/domains/oneylaw/phptest.php' not found or unable to stat
[Fri Jan 09 06:47:08.595641 2026] [php:error] [pid 87947] [client 100.48.93.217:0] script '/domains/oneylaw/diagnostic.php' not found or unable to stat
[Fri Jan 09 06:47:08.612776 2026] [php:error] [pid 87943] [client 100.48.93.217:0] script '/domains/oneylaw/serverinfo.php' not found or unable to stat
[Fri Jan 09 06:47:08.627834 2026] [php:error] [pid 87944] [client 100.48.93.217:0] script '/domains/oneylaw/phpversion.php' not found or unable to stat
[Fri Jan 09 06:47:08.644825 2026] [php:error] [pid 87936] [client 100.48.93.217:0] script '/domains/oneylaw/info3.php' not found or unable to stat
[Fri Jan 09 06:47:21.027615 2026] [php:error] [pid 87941] [client 45.148.10.158:0] script '/domains/jeffbell/configuration.php.bak' not found or unable to stat
[Fri Jan 09 06:48:29.994444 2026] [php:error] [pid 87946] [client 45.148.10.158:0] script '/domains/samscars/phpinfo.php' not found or unable to stat
[Fri Jan 09 06:48:31.556830 2026] [php:error] [pid 87956] [client 45.148.10.158:0] script '/domains/samscars/info.php' not found or unable to stat
[Fri Jan 09 06:48:34.329900 2026] [php:error] [pid 87949] [client 45.148.10.158:0] script '/domains/samscars/test.php' not found or unable to stat
[Fri Jan 09 06:48:35.876685 2026] [php:error] [pid 87946] [client 45.148.10.158:0] script '/domains/samscars/php.php' not found or unable to stat
[Fri Jan 09 06:48:40.503032 2026] [php:error] [pid 87946] [client 45.148.10.158:0] script '/domains/samscars/i.php' not found or unable to stat
[Fri Jan 09 06:49:14.199857 2026] [php:error] [pid 87949] [client 45.148.10.158:0] script '/domains/samscars/wp-config.php.bak' not found or unable to stat
[Fri Jan 09 06:49:19.360041 2026] [php:error] [pid 87961] [client 45.148.10.158:0] script '/domains/samscars/config.php.bak' not found or unable to stat
[Fri Jan 09 06:49:40.363127 2026] [php:error] [pid 87965] [client 45.148.10.158:0] script '/domains/samscars/configuration.php.bak' not found or unable to stat
[Fri Jan 09 06:49:54.418151 2026] [php:error] [pid 87966] [client 20.184.191.246:0] script '/domains/brigadeweb/connector.php' not found or unable to stat
[Fri Jan 09 06:50:06.758958 2026] [core:crit] [pid 87963] (13)Permission denied: [client 23.21.148.226:0] AH00529: /domains/performancepartsinc/graphics/psd/.htaccess pcfg_openfile: unable to check htaccess file, ensure it is readable and that '/domains/performancepartsinc/graphics/psd/' is executable
[Fri Jan 09 06:50:11.332631 2026] [core:crit] [pid 87946] (13)Permission denied: [client 44.209.89.189:0] AH00529: /domains/performancepartsinc/graphics/psd/.htaccess pcfg_openfile: unable to check htaccess file, ensure it is readable and that '/domains/performancepartsinc/graphics/psd/' is executable
[Fri Jan 09 06:50:16.133510 2026] [php:error] [pid 87975] [client 45.148.10.158:0] script '/domains/samscars/phpinfo.php' not found or unable to stat
[Fri Jan 09 06:50:19.211163 2026] [php:error] [pid 87976] [client 208.84.101.102:0] script '/domains/rextrav/xmlrpc.php' not found or unable to stat
[Fri Jan 09 06:50:20.961596 2026] [php:error] [pid 87980] [client 45.148.10.158:0] script '/domains/samscars/test.php' not found or unable to stat
[Fri Jan 09 06:50:22.874857 2026] [php:error] [pid 87984] [client 45.148.10.158:0] script '/domains/samscars/php.php' not found or unable to stat
[Fri Jan 09 06:50:26.124049 2026] [php:error] [pid 87969] [client 45.148.10.158:0] script '/domains/samscars/i.php' not found or unable to stat
[Fri Jan 09 06:50:48.347588 2026] [php:error] [pid 87986] [client 45.148.10.158:0] script '/domains/samscars/wp-config.php.bak' not found or unable to stat
[Fri Jan 09 06:50:52.285198 2026] [php:error] [pid 87969] [client 45.148.10.158:0] script '/domains/samscars/config.php.bak' not found or unable to stat
[Fri Jan 09 06:51:09.037437 2026] [core:crit] [pid 88008] (13)Permission denied: [client 114.119.154.39:0] AH00529: /domains/dcarlone/test/web/.htaccess pcfg_openfile: unable to check htaccess file, ensure it is readable and that '/domains/dcarlone/test/web/' is executable, referer: http://www.carloneassociates.com/test/web/i.php/dating-in-league-city-texas/
[Fri Jan 09 06:51:11.248130 2026] [php:error] [pid 87994] [client 45.148.10.158:0] script '/domains/samscars/configuration.php.bak' not found or unable to stat
[Fri Jan 09 06:51:50.817186 2026] [php:error] [pid 87990] [client 208.84.101.102:0] script '/domains/fairlane1/xmlrpc.php' not found or unable to stat
[Fri Jan 09 06:51:52.359988 2026] [php:error] [pid 88006] [client 52.178.176.146:0] script '/domains/bburke/smklh.php' not found or unable to stat
[Fri Jan 09 06:51:52.427415 2026] [php:error] [pid 88006] [client 52.178.176.146:0] script '/domains/bburke/ws28.php' not found or unable to stat
[Fri Jan 09 06:51:52.495376 2026] [php:error] [pid 88006] [client 52.178.176.146:0] script '/domains/bburke/X7x.php' not found or unable to stat
[Fri Jan 09 06:51:52.563029 2026] [php:error] [pid 88006] [client 52.178.176.146:0] script '/domains/bburke/100.kb.php' not found or unable to stat
[Fri Jan 09 06:51:52.630616 2026] [php:error] [pid 88006] [client 52.178.176.146:0] script '/domains/bburke/new.php' not found or unable to stat
[Fri Jan 09 06:51:52.698609 2026] [php:error] [pid 88006] [client 52.178.176.146:0] script '/domains/bburke/num.php' not found or unable to stat
[Fri Jan 09 06:51:52.766295 2026] [php:error] [pid 88006] [client 52.178.176.146:0] script '/domains/bburke/re.php' not found or unable to stat
[Fri Jan 09 06:51:52.833865 2026] [php:error] [pid 88006] [client 52.178.176.146:0] script '/domains/bburke/ahax.php' not found or unable to stat
[Fri Jan 09 06:51:52.901310 2026] [php:error] [pid 88006] [client 52.178.176.146:0] script '/domains/bburke/new4.php' not found or unable to stat
[Fri Jan 09 06:51:52.969379 2026] [php:error] [pid 88006] [client 52.178.176.146:0] script '/domains/bburke/JPG.php' not found or unable to stat
[Fri Jan 09 06:51:53.044294 2026] [php:error] [pid 88006] [client 52.178.176.146:0] script '/domains/bburke/ws35.php' not found or unable to stat
[Fri Jan 09 06:51:53.122970 2026] [php:error] [pid 88006] [client 52.178.176.146:0] script '/domains/bburke/rzki.php' not found or unable to stat
[Fri Jan 09 06:51:53.190428 2026] [php:error] [pid 88006] [client 52.178.176.146:0] script '/domains/bburke/oysdxc.php' not found or unable to stat
[Fri Jan 09 06:51:53.258225 2026] [php:error] [pid 88006] [client 52.178.176.146:0] script '/domains/bburke/xopvne.php' not found or unable to stat
[Fri Jan 09 06:51:53.326072 2026] [php:error] [pid 88006] [client 52.178.176.146:0] script '/domains/bburke/moie.php' not found or unable to stat
[Fri Jan 09 06:51:53.393664 2026] [php:error] [pid 88006] [client 52.178.176.146:0] script '/domains/bburke/hilk.php' not found or unable to stat
[Fri Jan 09 06:51:53.461734 2026] [php:error] [pid 88006] [client 52.178.176.146:0] script '/domains/bburke/gm.php' not found or unable to stat
[Fri Jan 09 06:51:53.529584 2026] [php:error] [pid 88006] [client 52.178.176.146:0] script '/domains/bburke/iko.php' not found or unable to stat
[Fri Jan 09 06:51:53.597488 2026] [php:error] [pid 88006] [client 52.178.176.146:0] script '/domains/bburke/hlonk.php' not found or unable to stat
[Fri Jan 09 06:51:53.665404 2026] [php:error] [pid 88006] [client 52.178.176.146:0] script '/domains/bburke/sagym.php' not found or unable to stat
[Fri Jan 09 06:51:53.734358 2026] [php:error] [pid 88006] [client 52.178.176.146:0] script '/domains/bburke/qvaaq.php' not found or unable to stat
[Fri Jan 09 06:51:53.801947 2026] [php:error] [pid 88006] [client 52.178.176.146:0] script '/domains/bburke/content.php' not found or unable to stat
[Fri Jan 09 06:51:53.890356 2026] [php:error] [pid 88006] [client 52.178.176.146:0] script '/domains/bburke/gi.php' not found or unable to stat
[Fri Jan 09 06:51:53.967067 2026] [php:error] [pid 88006] [client 52.178.176.146:0] script '/domains/bburke/ccou.php' not found or unable to stat
[Fri Jan 09 06:51:54.034404 2026] [php:error] [pid 88006] [client 52.178.176.146:0] script '/domains/bburke/wp-freya.php' not found or unable to stat
[Fri Jan 09 06:51:54.103300 2026] [php:error] [pid 88006] [client 52.178.176.146:0] script '/domains/bburke/frg.php' not found or unable to stat
[Fri Jan 09 06:51:54.238663 2026] [php:error] [pid 88006] [client 52.178.176.146:0] script '/domains/bburke/hly.php' not found or unable to stat
[Fri Jan 09 06:51:54.310786 2026] [php:error] [pid 88006] [client 52.178.176.146:0] script '/domains/bburke/to.php' not found or unable to stat
[Fri Jan 09 06:51:54.378300 2026] [php:error] [pid 88006] [client 52.178.176.146:0] script '/domains/bburke/v2.php' not found or unable to stat
[Fri Jan 09 06:51:54.445634 2026] [php:error] [pid 88006] [client 52.178.176.146:0] script '/domains/bburke/class-.php' not found or unable to stat
[Fri Jan 09 06:51:54.513409 2026] [php:error] [pid 88006] [client 52.178.176.146:0] script '/domains/bburke/fso.php' not found or unable to stat
[Fri Jan 09 06:51:54.588057 2026] [php:error] [pid 88006] [client 52.178.176.146:0] script '/domains/bburke/nox.php' not found or unable to stat
[Fri Jan 09 06:51:54.655496 2026] [php:error] [pid 88006] [client 52.178.176.146:0] script '/domains/bburke/fdd2.php' not found or unable to stat
[Fri Jan 09 06:51:54.723066 2026] [php:error] [pid 88006] [client 52.178.176.146:0] script '/domains/bburke/aQw.php' not found or unable to stat
[Fri Jan 09 06:51:54.790954 2026] [php:error] [pid 88006] [client 52.178.176.146:0] script '/domains/bburke/rh.php' not found or unable to stat
[Fri Jan 09 06:51:54.858469 2026] [php:error] [pid 88006] [client 52.178.176.146:0] script '/domains/bburke/sto.php' not found or unable to stat
[Fri Jan 09 06:51:54.930379 2026] [php:error] [pid 88006] [client 52.178.176.146:0] script '/domains/bburke/bipas.php' not found or unable to stat
[Fri Jan 09 06:51:54.997702 2026] [php:error] [pid 88006] [client 52.178.176.146:0] script '/domains/bburke/xaz.php' not found or unable to stat
[Fri Jan 09 06:51:55.065174 2026] [php:error] [pid 88006] [client 52.178.176.146:0] script '/domains/bburke/conte.php' not found or unable to stat
[Fri Jan 09 06:51:55.140753 2026] [php:error] [pid 88006] [client 52.178.176.146:0] script '/domains/bburke/lopst.php' not found or unable to stat
[Fri Jan 09 06:51:55.208563 2026] [php:error] [pid 88006] [client 52.178.176.146:0] script '/domains/bburke/xv.php' not found or unable to stat
[Fri Jan 09 06:51:55.276107 2026] [php:error] [pid 88006] [client 52.178.176.146:0] script '/domains/bburke/ixj.php' not found or unable to stat
[Fri Jan 09 06:51:55.343757 2026] [php:error] [pid 88006] [client 52.178.176.146:0] script '/domains/bburke/nansa.php' not found or unable to stat
[Fri Jan 09 06:51:55.411731 2026] [php:error] [pid 88006] [client 52.178.176.146:0] script '/domains/bburke/gecko.php' not found or unable to stat
[Fri Jan 09 06:51:55.479514 2026] [php:error] [pid 88006] [client 52.178.176.146:0] script '/domains/bburke/blurbs.php' not found or unable to stat
[Fri Jan 09 06:51:55.546967 2026] [php:error] [pid 88006] [client 52.178.176.146:0] script '/domains/bburke/18299.php' not found or unable to stat
[Fri Jan 09 06:51:55.614678 2026] [php:error] [pid 88006] [client 52.178.176.146:0] script '/domains/bburke/wl.php' not found or unable to stat
[Fri Jan 09 06:51:55.683321 2026] [php:error] [pid 88006] [client 52.178.176.146:0] script '/domains/bburke/xsas.php' not found or unable to stat
[Fri Jan 09 06:51:55.752711 2026] [php:error] [pid 88006] [client 52.178.176.146:0] script '/domains/bburke/pn.php' not found or unable to stat
[Fri Jan 09 06:51:55.820779 2026] [php:error] [pid 88006] [client 52.178.176.146:0] script '/domains/bburke/x50.php' not found or unable to stat
[Fri Jan 09 06:51:55.888494 2026] [php:error] [pid 88006] [client 52.178.176.146:0] script '/domains/bburke/ant.php' not found or unable to stat
[Fri Jan 09 06:51:55.970428 2026] [php:error] [pid 88006] [client 52.178.176.146:0] script '/domains/bburke/show.php' not found or unable to stat
[Fri Jan 09 06:51:56.038234 2026] [php:error] [pid 88006] [client 52.178.176.146:0] script '/domains/bburke/cro.php' not found or unable to stat
[Fri Jan 09 06:51:56.107548 2026] [php:error] [pid 88006] [client 52.178.176.146:0] script '/domains/bburke/wo.php' not found or unable to stat
[Fri Jan 09 06:51:56.174981 2026] [php:error] [pid 88006] [client 52.178.176.146:0] script '/domains/bburke/shoyo.php' not found or unable to stat
[Fri Jan 09 06:51:56.242715 2026] [php:error] [pid 88006] [client 52.178.176.146:0] script '/domains/bburke/qqq.php' not found or unable to stat
[Fri Jan 09 06:51:56.309908 2026] [php:error] [pid 88006] [client 52.178.176.146:0] script '/domains/bburke/ccou.php' not found or unable to stat
[Fri Jan 09 06:51:56.377312 2026] [php:error] [pid 88006] [client 52.178.176.146:0] script '/domains/bburke/fz.php' not found or unable to stat
[Fri Jan 09 06:51:56.444752 2026] [php:error] [pid 88006] [client 52.178.176.146:0] script '/domains/bburke/congab.php' not found or unable to stat
[Fri Jan 09 06:51:56.515103 2026] [php:error] [pid 88006] [client 52.178.176.146:0] script '/domains/bburke/fv.php' not found or unable to stat
[Fri Jan 09 06:51:56.582521 2026] [php:error] [pid 88006] [client 52.178.176.146:0] script '/domains/bburke/X7x.php' not found or unable to stat
[Fri Jan 09 06:51:56.650388 2026] [php:error] [pid 88006] [client 52.178.176.146:0] script '/domains/bburke/xvent.php' not found or unable to stat
[Fri Jan 09 06:51:56.718026 2026] [php:error] [pid 88006] [client 52.178.176.146:0] script '/domains/bburke/zeu.php' not found or unable to stat
[Fri Jan 09 06:51:56.785526 2026] [php:error] [pid 88006] [client 52.178.176.146:0] script '/domains/bburke/jatuh.php' not found or unable to stat
[Fri Jan 09 06:51:56.853104 2026] [php:error] [pid 88006] [client 52.178.176.146:0] script '/domains/bburke/as.php' not found or unable to stat
[Fri Jan 09 06:51:56.920450 2026] [php:error] [pid 88006] [client 52.178.176.146:0] script '/domains/bburke/0o0.php' not found or unable to stat
[Fri Jan 09 06:51:56.987854 2026] [php:error] [pid 88006] [client 52.178.176.146:0] script '/domains/bburke/mans.php' not found or unable to stat
[Fri Jan 09 06:51:57.055490 2026] [php:error] [pid 88006] [client 52.178.176.146:0] script '/domains/bburke/info.php' not found or unable to stat
[Fri Jan 09 06:51:57.190161 2026] [php:error] [pid 88006] [client 52.178.176.146:0] script '/domains/bburke/efsd.php' not found or unable to stat
[Fri Jan 09 06:51:57.257439 2026] [php:error] [pid 88006] [client 52.178.176.146:0] script '/domains/bburke/w1w.php' not found or unable to stat
[Fri Jan 09 06:51:57.325361 2026] [php:error] [pid 88006] [client 52.178.176.146:0] script '/domains/bburke/up4.php' not found or unable to stat
[Fri Jan 09 06:51:57.396598 2026] [php:error] [pid 88006] [client 52.178.176.146:0] script '/domains/bburke/galex.php' not found or unable to stat
[Fri Jan 09 06:51:57.463979 2026] [php:error] [pid 88006] [client 52.178.176.146:0] script '/domains/bburke/file48.php' not found or unable to stat
[Fri Jan 09 06:51:57.537888 2026] [php:error] [pid 88006] [client 52.178.176.146:0] script '/domains/bburke/hans.php' not found or unable to stat
[Fri Jan 09 06:51:57.605555 2026] [php:error] [pid 88006] [client 52.178.176.146:0] script '/domains/bburke/kairolin.php' not found or unable to stat
[Fri Jan 09 06:51:57.673178 2026] [php:error] [pid 88006] [client 52.178.176.146:0] script '/domains/bburke/z60.php' not found or unable to stat
[Fri Jan 09 06:51:57.740563 2026] [php:error] [pid 88006] [client 52.178.176.146:0] script '/domains/bburke/9v6.php' not found or unable to stat
[Fri Jan 09 06:51:57.810793 2026] [php:error] [pid 88006] [client 52.178.176.146:0] script '/domains/bburke/ma.php' not found or unable to stat
[Fri Jan 09 06:51:57.878265 2026] [php:error] [pid 88006] [client 52.178.176.146:0] script '/domains/bburke/zozla.php' not found or unable to stat
[Fri Jan 09 06:51:57.947630 2026] [php:error] [pid 88006] [client 52.178.176.146:0] script '/domains/bburke/class9.php' not found or unable to stat
[Fri Jan 09 06:51:58.015815 2026] [php:error] [pid 88006] [client 52.178.176.146:0] script '/domains/bburke/ctex1.php' not found or unable to stat
[Fri Jan 09 06:51:58.083239 2026] [php:error] [pid 88006] [client 52.178.176.146:0] script '/domains/bburke/lts.php' not found or unable to stat
[Fri Jan 09 06:51:58.152179 2026] [php:error] [pid 88006] [client 52.178.176.146:0] script '/domains/bburke/mmm.php' not found or unable to stat
[Fri Jan 09 06:51:58.219688 2026] [php:error] [pid 88006] [client 52.178.176.146:0] script '/domains/bburke/Cok.php' not found or unable to stat
[Fri Jan 09 06:51:58.291857 2026] [php:error] [pid 88006] [client 52.178.176.146:0] script '/domains/bburke/lx.php' not found or unable to stat
[Fri Jan 09 06:51:58.360651 2026] [php:error] [pid 88006] [client 52.178.176.146:0] script '/domains/bburke/admiin.php' not found or unable to stat
